101.80.228.36 - - [23/Jul/2022:08:53:56 +0800] "GET /xingrg/all/function/internal_message.html?_=1658537632115&CODE_STATE=getMsg HTTP/1.1" 200 27
120.253.135.82 - - [23/Jul/2022:08:54:02 +0800] "GET /xingrg/all/function/internal_message.html?_=1658537763145&CODE_STATE=getMsg HTTP/1.1" 200 27
218.81.223.53 - - [23/Jul/2022:08:54:02 +0800] "GET /xingrg/kc/buy/cgsh_order_operate.html?command=get_materiel&rest_code=00146&code=00101008352&supplier_code=00100005&order_time=2022-07-23 HTTP/1.1" 200 412
101.83.223.227 - - [23/Jul/2022:08:54:03 +0800] "GET /xingrg/kc/buy/cgsh_order_operate.html?command=get_materiel&rest_code=00150&code=00101007072&supplier_code=00100096&order_time=2022-07-23 HTTP/1.1" 200 414
120.253.135.82 - - [23/Jul/2022:08:54:04 +0800] "GET /xingrg/check_reg.html?_=1658537448664 HTTP/1.1" 200 22
120.253.135.82 - - [23/Jul/2022:08:54:05 +0800] "GET /xingrg/all/function/internal_message.html?_=1658537449542&CODE_STATE=getMsg HTTP/1.1" 200 27
218.81.223.53 - - [23/Jul/2022:08:54:05 +0800] "GET /xingrg/all/function/internal_message.html?_=1658537663677&CODE_STATE=getMsg HTTP/1.1" 200 27
101.83.223.227 - - [23/Jul/2022:08:54:09 +0800] "GET /xingrg/all/function/internal_message.html?_=1658537645736&CODE_STATE=getMsg HTTP/1.1" 200 27
101.83.223.227 - - [23/Jul/2022:08:54:17 +0800] "GET /xingrg/kc/buy/cgsh_order_operate.html?command=get_materiel&rest_code=00150&code=00101007077&supplier_code=00100096&order_time=2022-07-23 HTTP/1.1" 200 415
180.175.103.110 - - [23/Jul/2022:08:54:35 +0800] "GET /xingrg/all/function/internal_message.html?_=1658537558181&CODE_STATE=getMsg HTTP/1.1" 200 27
114.83.219.182 - - [23/Jul/2022:08:54:42 +0800] "GET /xingrg/all/function/internal_message.html?_=1658537677574&CODE_STATE=getMsg HTTP/1.1" 200 27
180.169.147.146 - - [23/Jul/2022:08:54:47 +0800] "GET /xingrg/all/function/internal_message.html?_=1658537683600&CODE_STATE=getMsg HTTP/1.1" 302 -
101.83.223.227 - - [23/Jul/2022:08:54:47 +0800] "POST /xingrg/kc/buy/cgsh_order_operate.html HTTP/1.1" 200 37
114.86.187.244 - - [23/Jul/2022:08:54:47 +0800] "GET /xingrg/all/function/internal_message.html?_=1658537685664&CODE_STATE=getMsg HTTP/1.1" 200 27
101.83.223.227 - - [23/Jul/2022:08:54:50 +0800] "POST /xingrg/kc/buy/cgsh_order_operate.html HTTP/1.1" 200 12
101.83.223.227 - - [23/Jul/2022:08:54:53 +0800] "GET /xingrg/kc/buy/cgsh_order_info.html?code=212022072305837 HTTP/1.1" 200 62837
101.83.223.227 - - [23/Jul/2022:08:54:53 +0800] "GET /xingrg/javascript/easyui/themes/default/validatebox.css HTTP/1.1" 404 1104
101.83.223.227 - - [23/Jul/2022:08:54:54 +0800] "POST /xingrg/kc/buy/cgsh_order_operate.html HTTP/1.1" 200 8900
101.83.223.227 - - [23/Jul/2022:08:54:54 +0800] "GET /xingrg/kc/buy/cgsh_order_add.html HTTP/1.1" 200 67944
101.83.223.227 - - [23/Jul/2022:08:54:55 +0800] "POST /xingrg/kc/buy/cgsh_order_operate.html HTTP/1.1" 200 8245
101.83.223.227 - - [23/Jul/2022:08:54:55 +0800] "GET /xingrg/javascript/easyui/themes/default/validatebox.css HTTP/1.1" 404 1104
101.80.228.36 - - [23/Jul/2022:08:54:56 +0800] "GET /xingrg/all/function/internal_message.html?_=1658537692084&CODE_STATE=getMsg HTTP/1.1" 200 27
101.83.223.227 - - [23/Jul/2022:08:55:01 +0800] "GET /xingrg/kc/buy/cgsh_order_operate.html?command=get_materiel&rest_code=00150&code=00101011001&supplier_code=00100047&order_time=2022-07-23 HTTP/1.1" 200 423
120.253.135.82 - - [23/Jul/2022:08:55:02 +0800] "GET /xingrg/all/function/internal_message.html?_=1658537823168&CODE_STATE=getMsg HTTP/1.1" 200 27
120.253.135.82 - - [23/Jul/2022:08:55:05 +0800] "GET /xingrg/all/function/internal_message.html?_=1658537509554&CODE_STATE=getMsg HTTP/1.1" 200 27
218.81.223.53 - - [23/Jul/2022:08:55:06 +0800] "GET /xingrg/all/function/internal_message.html?_=1658537723700&CODE_STATE=getMsg HTTP/1.1" 200 27
101.83.223.227 - - [23/Jul/2022:08:55:08 +0800] "POST /xingrg/kc/buy/cgsh_order_operate.html HTTP/1.1" 200 37
114.86.187.244 - - [23/Jul/2022:08:55:10 +0800] "GET /xingrg/check_reg.html?_=1658537708147 HTTP/1.1" 200 22
101.83.223.227 - - [23/Jul/2022:08:55:10 +0800] "POST /xingrg/kc/buy/cgsh_order_operate.html HTTP/1.1" 200 2665
218.81.223.53 - - [23/Jul/2022:08:55:17 +0800] "GET /xingrg/kc/buy/cgsh_order_operate.html?command=get_materiel&rest_code=00146&code=00101008005&supplier_code=00100005&order_time=2022-07-23 HTTP/1.1" 200 429
180.175.103.110 - - [23/Jul/2022:08:55:35 +0800] "GET /xingrg/all/function/internal_message.html?_=1658537618166&CODE_STATE=getMsg HTTP/1.1" 200 27
114.83.219.182 - - [23/Jul/2022:08:55:42 +0800] "GET /xingrg/all/function/internal_message.html?_=1658537737589&CODE_STATE=getMsg HTTP/1.1" 200 27
120.253.135.82 - - [23/Jul/2022:08:55:42 +0800] "GET /xingrg/check_reg.html?_=1658537863533 HTTP/1.1" 200 22
180.169.147.146 - - [23/Jul/2022:08:55:47 +0800] "GET /xingrg/all/function/internal_message.html?_=1658537743602&CODE_STATE=getMsg HTTP/1.1" 302 -
114.86.187.244 - - [23/Jul/2022:08:55:47 +0800] "GET /xingrg/all/function/internal_message.html?_=1658537745636&CODE_STATE=getMsg HTTP/1.1" 200 27
180.175.103.110 - - [23/Jul/2022:08:55:48 +0800] "GET /xingrg/check_reg.html?_=1658537631356 HTTP/1.1" 200 22
101.80.228.36 - - [23/Jul/2022:08:55:56 +0800] "GET /xingrg/all/function/internal_message.html?_=1658537752069&CODE_STATE=getMsg HTTP/1.1" 200 27
120.253.135.82 - - [23/Jul/2022:08:56:02 +0800] "GET /xingrg/all/function/internal_message.html?_=1658537883170&CODE_STATE=getMsg HTTP/1.1" 200 27
120.253.135.82 - - [23/Jul/2022:08:56:05 +0800] "GET /xingrg/all/function/internal_message.html?_=1658537569571&CODE_STATE=getMsg HTTP/1.1" 200 27
218.81.223.53 - - [23/Jul/2022:08:56:06 +0800] "GET /xingrg/all/function/internal_message.html?_=1658537783705&CODE_STATE=getMsg HTTP/1.1" 200 27
101.83.223.227 - - [23/Jul/2022:08:56:09 +0800] "GET /xingrg/check_reg.html?_=1658537765738 HTTP/1.1" 200 22
101.83.223.227 - - [23/Jul/2022:08:56:09 +0800] "GET /xingrg/all/function/internal_message.html?_=1658537765742&CODE_STATE=getMsg HTTP/1.1" 200 27
180.175.103.110 - - [23/Jul/2022:08:56:35 +0800] "GET /xingrg/all/function/internal_message.html?_=1658537678145&CODE_STATE=getMsg HTTP/1.1" 200 27
114.83.219.182 - - [23/Jul/2022:08:56:42 +0800] "GET /xingrg/all/function/internal_message.html?_=1658537797582&CODE_STATE=getMsg HTTP/1.1" 200 27
114.83.219.182 - - [23/Jul/2022:08:56:42 +0800] "GET /xingrg/check_reg.html?_=1658537797593 HTTP/1.1" 200 22
218.81.223.53 - - [23/Jul/2022:08:56:44 +0800] "GET /xingrg/check_reg.html?_=1658537822002 HTTP/1.1" 200 22
218.81.223.53 - - [23/Jul/2022:08:56:46 +0800] "POST /xingrg/kc/buy/cgsh_order_operate.html HTTP/1.1" 200 2065
180.169.147.146 - - [23/Jul/2022:08:56:47 +0800] "GET /xingrg/all/function/internal_message.html?_=1658537803604&CODE_STATE=getMsg HTTP/1.1" 302 -
114.86.187.244 - - [23/Jul/2022:08:56:47 +0800] "GET /xingrg/all/function/internal_message.html?_=1658537805625&CODE_STATE=getMsg HTTP/1.1" 200 27
101.80.228.36 - - [23/Jul/2022:08:56:56 +0800] "GET /xingrg/all/function/internal_message.html?_=1658537812044&CODE_STATE=getMsg HTTP/1.1" 200 27
218.81.223.53 - - [23/Jul/2022:08:57:00 +0800] "GET /xingrg/kc/buy/cgsh_order_operate.html?command=get_materiel&rest_code=00146&code=00101008095&supplier_code=00100005&order_time=2022-07-23 HTTP/1.1" 200 428
120.253.135.82 - - [23/Jul/2022:08:57:02 +0800] "GET /xingrg/all/function/internal_message.html?_=1658537943183&CODE_STATE=getMsg HTTP/1.1" 200 27
116.224.123.211 - - [23/Jul/2022:08:57:04 +0800] "GET /xingrg/check_reg.html?_=1658537852330 HTTP/1.1" 200 22
120.253.135.82 - - [23/Jul/2022:08:57:05 +0800] "GET /xingrg/all/function/internal_message.html?_=1658537629688&CODE_STATE=getMsg HTTP/1.1" 200 27
218.81.223.53 - - [23/Jul/2022:08:57:06 +0800] "GET /xingrg/all/function/internal_message.html?_=1658537843717&CODE_STATE=getMsg HTTP/1.1" 200 27
101.83.223.227 - - [23/Jul/2022:08:57:09 +0800] "GET /xingrg/all/function/internal_message.html?_=1658537825728&CODE_STATE=getMsg HTTP/1.1" 200 27
218.81.223.53 - - [23/Jul/2022:08:57:13 +0800] "GET /xingrg/kc/buy/cgsh_order_operate.html?command=get_materiel&rest_code=00146&code=00101015032&supplier_code=00100005&order_time=2022-07-23 HTTP/1.1" 200 419
218.81.223.53 - - [23/Jul/2022:08:57:27 +0800] "GET /xingrg/kc/buy/cgsh_order_operate.html?command=get_materiel&rest_code=00146&code=00101015068&supplier_code=00100005&order_time=2022-07-23 HTTP/1.1" 200 412
180.175.103.110 - - [23/Jul/2022:08:57:35 +0800] "GET /xingrg/all/function/internal_message.html?_=1658537738130&CODE_STATE=getMsg HTTP/1.1" 200 27
114.83.219.182 - - [23/Jul/2022:08:57:42 +0800] "GET /xingrg/all/function/internal_message.html?_=1658537857595&CODE_STATE=getMsg HTTP/1.1" 200 27
101.80.228.36 - - [23/Jul/2022:08:57:42 +0800] "GET /xingrg/check_reg.html?_=1658537858280 HTTP/1.1" 200 22
180.169.147.146 - - [23/Jul/2022:08:57:47 +0800] "GET /xingrg/all/function/internal_message.html?_=1658537863606&CODE_STATE=getMsg HTTP/1.1" 302 -
114.86.187.244 - - [23/Jul/2022:08:57:47 +0800] "GET /xingrg/all/function/internal_message.html?_=1658537865602&CODE_STATE=getMsg HTTP/1.1" 200 27
101.80.228.36 - - [23/Jul/2022:08:57:56 +0800] "GET /xingrg/all/function/internal_message.html?_=1658537872017&CODE_STATE=getMsg HTTP/1.1" 200 27
120.253.135.82 - - [23/Jul/2022:08:58:02 +0800] "GET /xingrg/all/function/internal_message.html?_=1658538003210&CODE_STATE=getMsg HTTP/1.1" 200 27
120.253.135.82 - - [23/Jul/2022:08:58:05 +0800] "GET /xingrg/all/function/internal_message.html?_=1658537689705&CODE_STATE=getMsg HTTP/1.1" 200 27
218.81.223.53 - - [23/Jul/2022:08:58:06 +0800] "GET /xingrg/all/function/internal_message.html?_=1658537903731&CODE_STATE=getMsg HTTP/1.1" 200 27
101.83.223.227 - - [23/Jul/2022:08:58:09 +0800] "GET /xingrg/all/function/internal_message.html?_=1658537885714&CODE_STATE=getMsg HTTP/1.1" 200 27
218.81.223.53 - - [23/Jul/2022:08:58:21 +0800] "GET /xingrg/kc/buy/cgsh_order_operate.html?command=get_materiel&rest_code=00146&code=00101008113&supplier_code=00100005&order_time=2022-07-23 HTTP/1.1" 200 413
218.81.223.53 - - [23/Jul/2022:08:58:30 +0800] "POST /xingrg/kc/buy/cgsh_order_operate.html HTTP/1.1" 200 2065
180.175.103.110 - - [23/Jul/2022:08:58:35 +0800] "GET /xingrg/all/function/internal_message.html?_=1658537798120&CODE_STATE=getMsg HTTP/1.1" 200 27
114.83.219.182 - - [23/Jul/2022:08:58:42 +0800] "GET /xingrg/all/function/internal_message.html?_=1658537917601&CODE_STATE=getMsg HTTP/1.1" 200 27
218.81.223.53 - - [23/Jul/2022:08:58:45 +0800] "GET /xingrg/kc/buy/cgsh_order_operate.html?command=get_materiel&rest_code=00146&code=00101015107&supplier_code=00100005&order_time=2022-07-23 HTTP/1.1" 200 411
180.169.147.146 - - [23/Jul/2022:08:58:47 +0800] "GET /xingrg/all/function/internal_message.html?_=1658537923608&CODE_STATE=getMsg HTTP/1.1" 302 -
180.169.147.146 - - [23/Jul/2022:08:58:47 +0800] "GET /xingrg/check_reg.html?_=1658537923608 HTTP/1.1" 302 -
114.86.187.244 - - [23/Jul/2022:08:58:47 +0800] "GET /xingrg/all/function/internal_message.html?_=1658537925572&CODE_STATE=getMsg HTTP/1.1" 200 27
101.80.228.36 - - [23/Jul/2022:08:58:56 +0800] "GET /xingrg/all/function/internal_message.html?_=1658537932004&CODE_STATE=getMsg HTTP/1.1" 200 27
120.253.135.82 - - [23/Jul/2022:08:59:02 +0800] "GET /xingrg/all/function/internal_message.html?_=1658538063211&CODE_STATE=getMsg HTTP/1.1" 200 27
120.253.135.82 - - [23/Jul/2022:08:59:04 +0800] "GET /xingrg/check_reg.html?_=1658537748774 HTTP/1.1" 200 22
120.253.135.82 - - [23/Jul/2022:08:59:05 +0800] "GET /xingrg/all/function/internal_message.html?_=1658537749718&CODE_STATE=getMsg HTTP/1.1" 200 27
218.81.223.53 - - [23/Jul/2022:08:59:06 +0800] "GET /xingrg/all/function/internal_message.html?_=1658537963745&CODE_STATE=getMsg HTTP/1.1" 200 27
218.81.223.53 - - [23/Jul/2022:08:59:09 +0800] "GET /xingrg/kc/buy/cgsh_order_operate.html?command=get_materiel&rest_code=00146&code=00101008041&supplier_code=00100005&order_time=2022-07-23 HTTP/1.1" 200 408
101.83.223.227 - - [23/Jul/2022:08:59:09 +0800] "GET /xingrg/all/function/internal_message.html?_=1658537945702&CODE_STATE=getMsg HTTP/1.1" 200 27
114.86.187.244 - - [23/Jul/2022:08:59:16 +0800] "GET /xingrg/kc/buy/buy_main.html HTTP/1.1" 200 12412
114.86.187.244 - - [23/Jul/2022:08:59:16 +0800] "GET /xingrg/css/new_ie.css HTTP/1.1" 404 1036
218.81.223.53 - - [23/Jul/2022:08:59:21 +0800] "GET /xingrg/kc/buy/cgsh_order_operate.html?command=get_materiel&rest_code=00146&code=00101008067&supplier_code=00100005&order_time=2022-07-23 HTTP/1.1" 200 416
114.83.219.182 - - [23/Jul/2022:08:59:24 +0800] "GET /xingrg/javascript/jquery_tools/images/prev.gif HTTP/1.1" 404 1086
114.83.219.182 - - [23/Jul/2022:08:59:24 +0800] "GET /xingrg/javascript/jquery_tools/images/next.gif HTTP/1.1" 404 1086
218.81.223.53 - - [23/Jul/2022:08:59:34 +0800] "GET /xingrg/kc/buy/cgsh_order_operate.html?command=get_materiel&rest_code=00146&code=00101008283&supplier_code=00100005&order_time=2022-07-23 HTTP/1.1" 200 408
180.175.103.110 - - [23/Jul/2022:08:59:35 +0800] "GET /xingrg/all/function/internal_message.html?_=1658537858105&CODE_STATE=getMsg HTTP/1.1" 200 27
114.83.219.182 - - [23/Jul/2022:08:59:42 +0800] "GET /xingrg/all/function/internal_message.html?_=1658537977603&CODE_STATE=getMsg HTTP/1.1" 200 27
180.169.147.146 - - [23/Jul/2022:08:59:47 +0800] "GET /xingrg/all/function/internal_message.html?_=1658537983610&CODE_STATE=getMsg HTTP/1.1" 302 -
114.86.187.244 - - [23/Jul/2022:08:59:47 +0800] "GET /xingrg/all/function/internal_message.html?_=1658537985555&CODE_STATE=getMsg HTTP/1.1" 200 27
218.81.223.53 - - [23/Jul/2022:08:59:56 +0800] "GET /xingrg/kc/buy/cgsh_order_operate.html?command=get_materiel&rest_code=00146&code=00101008350&supplier_code=00100005&order_time=2022-07-23 HTTP/1.1" 200 425
101.80.228.36 - - [23/Jul/2022:08:59:56 +0800] "GET /xingrg/all/function/internal_message.html?_=1658537991974&CODE_STATE=getMsg HTTP/1.1" 200 27
120.253.135.82 - - [23/Jul/2022:09:00:02 +0800] "GET /xingrg/all/function/internal_message.html?_=1658538123238&CODE_STATE=getMsg HTTP/1.1" 200 27
218.81.223.53 - - [23/Jul/2022:09:00:02 +0800] "POST /xingrg/kc/buy/cgsh_order_operate.html HTTP/1.1" 200 2065
120.253.135.82 - - [23/Jul/2022:09:00:05 +0800] "GET /xingrg/all/function/internal_message.html?_=1658537809732&CODE_STATE=getMsg HTTP/1.1" 200 27
218.81.223.53 - - [23/Jul/2022:09:00:06 +0800] "GET /xingrg/all/function/internal_message.html?_=1658538023758&CODE_STATE=getMsg HTTP/1.1" 200 27
101.83.223.227 - - [23/Jul/2022:09:00:09 +0800] "GET /xingrg/all/function/internal_message.html?_=1658538005688&CODE_STATE=getMsg HTTP/1.1" 200 27
114.86.187.244 - - [23/Jul/2022:09:00:10 +0800] "GET /xingrg/check_reg.html?_=1658538008162 HTTP/1.1" 200 22
218.81.223.53 - - [23/Jul/2022:09:00:13 +0800] "GET /xingrg/kc/buy/cgsh_order_operate.html?command=get_materiel&rest_code=00146&code=00101008112&supplier_code=00100005&order_time=2022-07-23 HTTP/1.1" 200 412
114.83.219.182 - - [23/Jul/2022:09:00:34 +0800] "GET /xingrg/kc/buy/cgsh_order_operate.html?command=get_materiel&rest_code=00149&code=00101008323&supplier_code=00100005&order_time=2022-07-23 HTTP/1.1" 200 408
180.175.103.110 - - [23/Jul/2022:09:00:35 +0800] "GET /xingrg/all/function/internal_message.html?_=1658537918120&CODE_STATE=getMsg HTTP/1.1" 200 27
114.83.219.182 - - [23/Jul/2022:09:00:42 +0800] "GET /xingrg/all/function/internal_message.html?_=1658538037599&CODE_STATE=getMsg HTTP/1.1" 200 27
120.253.135.82 - - [23/Jul/2022:09:00:42 +0800] "GET /xingrg/check_reg.html?_=1658538163534 HTTP/1.1" 200 22
114.83.219.182 - - [23/Jul/2022:09:00:42 +0800] "GET /xingrg/kc/buy/cgsh_order_operate.html?command=get_materiel&rest_code=00149&code=00101008175&supplier_code=00100005&order_time=2022-07-23 HTTP/1.1" 200 412
180.169.147.146 - - [23/Jul/2022:09:00:47 +0800] "GET /xingrg/all/function/internal_message.html?_=1658538043612&CODE_STATE=getMsg HTTP/1.1" 302 -
114.86.187.244 - - [23/Jul/2022:09:00:47 +0800] "GET /xingrg/all/function/internal_message.html?_=1658538045528&CODE_STATE=getMsg HTTP/1.1" 200 27
180.175.103.110 - - [23/Jul/2022:09:00:48 +0800] "GET /xingrg/check_reg.html?_=1658537931376 HTTP/1.1" 200 22
114.83.219.182 - - [23/Jul/2022:09:00:49 +0800] "GET /xingrg/kc/buy/cgsh_order_operate.html?command=get_materiel&rest_code=00149&code=00101008176&supplier_code=00100005&order_time=2022-07-23 HTTP/1.1" 200 413
101.80.228.36 - - [23/Jul/2022:09:00:56 +0800] "GET /xingrg/all/function/internal_message.html?_=1658538051959&CODE_STATE=getMsg HTTP/1.1" 200 27
218.81.223.53 - - [23/Jul/2022:09:00:57 +0800] "GET /xingrg/kc/buy/cgsh_order_operate.html?command=get_materiel&rest_code=00146&code=00101008223&supplier_code=00100005&order_time=2022-07-23 HTTP/1.1" 200 412
120.253.135.82 - - [23/Jul/2022:09:01:02 +0800] "GET /xingrg/all/function/internal_message.html?_=1658538183254&CODE_STATE=getMsg HTTP/1.1" 200 27
120.253.135.82 - - [23/Jul/2022:09:01:05 +0800] "GET /xingrg/all/function/internal_message.html?_=1658537869746&CODE_STATE=getMsg HTTP/1.1" 200 27
218.81.223.53 - - [23/Jul/2022:09:01:06 +0800] "GET /xingrg/all/function/internal_message.html?_=1658538083772&CODE_STATE=getMsg HTTP/1.1" 200 27
101.83.223.227 - - [23/Jul/2022:09:01:09 +0800] "GET /xingrg/all/function/internal_message.html?_=1658538065685&CODE_STATE=getMsg HTTP/1.1" 200 27
101.83.223.227 - - [23/Jul/2022:09:01:09 +0800] "GET /xingrg/check_reg.html?_=1658538065771 HTTP/1.1" 200 22
218.81.223.53 - - [23/Jul/2022:09:01:14 +0800] "GET /xingrg/kc/buy/cgsh_order_operate.html?command=get_materiel&rest_code=00146&code=00101008049&supplier_code=00100005&order_time=2022-07-23 HTTP/1.1" 200 408
114.83.219.182 - - [23/Jul/2022:09:01:28 +0800] "GET /xingrg/kc/buy/cgsh_order_operate.html?command=get_materiel&rest_code=00149&code=00101008072&supplier_code=00100005&order_time=2022-07-23 HTTP/1.1" 200 408
218.81.223.53 - - [23/Jul/2022:09:01:33 +0800] "GET /xingrg/kc/buy/cgsh_order_operate.html?command=get_materiel&rest_code=00146&code=00101008286&supplier_code=00100005&order_time=2022-07-23 HTTP/1.1" 200 408
180.175.103.110 - - [23/Jul/2022:09:01:35 +0800] "GET /xingrg/all/function/internal_message.html?_=1658537978105&CODE_STATE=getMsg HTTP/1.1" 200 27
114.83.219.182 - - [23/Jul/2022:09:01:42 +0800] "GET /xingrg/all/function/internal_message.html?_=1658538097610&CODE_STATE=getMsg HTTP/1.1" 200 27
114.83.219.182 - - [23/Jul/2022:09:01:42 +0800] "GET /xingrg/check_reg.html?_=1658538097614 HTTP/1.1" 200 22
218.81.223.53 - - [23/Jul/2022:09:01:44 +0800] "GET /xingrg/check_reg.html?_=1658538122016 HTTP/1.1" 200 22
218.81.223.53 - - [23/Jul/2022:09:01:45 +0800] "GET /xingrg/kc/buy/cgsh_order_operate.html?command=get_materiel&rest_code=00146&code=00101008036&supplier_code=00100005&order_time=2022-07-23 HTTP/1.1" 200 408
180.169.147.146 - - [23/Jul/2022:09:01:47 +0800] "GET /xingrg/all/function/internal_message.html?_=1658538103628&CODE_STATE=getMsg HTTP/1.1" 302 -
114.86.187.244 - - [23/Jul/2022:09:01:47 +0800] "GET /xingrg/all/function/internal_message.html?_=1658538105513&CODE_STATE=getMsg HTTP/1.1" 200 27
218.81.223.53 - - [23/Jul/2022:09:01:47 +0800] "POST /xingrg/kc/buy/cgsh_order_operate.html HTTP/1.1" 200 2065
116.224.123.211 - - [23/Jul/2022:09:01:49 +0800] "GET /favicon.ico HTTP/1.1" 404 -
218.81.223.53 - - [23/Jul/2022:09:01:56 +0800] "GET /xingrg/kc/buy/cgsh_order_operate.html?command=get_materiel&rest_code=00146&code=00101009030&supplier_code=00100005&order_time=2022-07-23 HTTP/1.1" 200 413
101.80.228.36 - - [23/Jul/2022:09:01:56 +0800] "GET /xingrg/all/function/internal_message.html?_=1658538111945&CODE_STATE=getMsg HTTP/1.1" 200 27
120.253.135.82 - - [23/Jul/2022:09:02:02 +0800] "GET /xingrg/all/function/internal_message.html?_=1658538243267&CODE_STATE=getMsg HTTP/1.1" 200 27
116.224.123.211 - - [23/Jul/2022:09:02:04 +0800] "GET /xingrg/check_reg.html?_=1658538152315 HTTP/1.1" 200 22
120.253.135.82 - - [23/Jul/2022:09:02:05 +0800] "GET /xingrg/all/function/internal_message.html?_=1658537929867&CODE_STATE=getMsg HTTP/1.1" 200 27
218.81.223.53 - - [23/Jul/2022:09:02:06 +0800] "GET /xingrg/all/function/internal_message.html?_=1658538143786&CODE_STATE=getMsg HTTP/1.1" 200 27
101.83.223.227 - - [23/Jul/2022:09:02:09 +0800] "GET /xingrg/all/function/internal_message.html?_=1658538125664&CODE_STATE=getMsg HTTP/1.1" 200 27
116.224.123.211 - - [23/Jul/2022:09:02:34 +0800] "GET /favicon.ico HTTP/1.1" 404 -
116.224.123.211 - - [23/Jul/2022:09:02:34 +0800] "GET /favicon.ico HTTP/1.1" 404 -
180.175.103.110 - - [23/Jul/2022:09:02:35 +0800] "GET /xingrg/all/function/internal_message.html?_=1658538038094&CODE_STATE=getMsg HTTP/1.1" 200 27
116.224.123.211 - - [23/Jul/2022:09:02:36 +0800] "GET /favicon.ico HTTP/1.1" 404 -
218.81.223.53 - - [23/Jul/2022:09:02:41 +0800] "POST /xingrg/kc/buy/cgsh_order_operate.html HTTP/1.1" 200 37
114.83.219.182 - - [23/Jul/2022:09:02:42 +0800] "GET /xingrg/all/function/internal_message.html?_=1658538157615&CODE_STATE=getMsg HTTP/1.1" 200 27
101.80.228.36 - - [23/Jul/2022:09:02:42 +0800] "GET /xingrg/check_reg.html?_=1658538158290 HTTP/1.1" 200 22
218.81.223.53 - - [23/Jul/2022:09:02:43 +0800] "POST /xingrg/kc/buy/cgsh_order_operate.html HTTP/1.1" 200 37556
218.81.223.53 - - [23/Jul/2022:09:02:46 +0800] "GET /xingrg/kc/print/load_config.html?kc_code=cgsh HTTP/1.1" 200 1943
218.81.223.53 - - [23/Jul/2022:09:02:46 +0800] "GET /xingrg/kc/print/load_data.html?order_code=212022072305834&kc_code=cgsh&condition= HTTP/1.1" 200 13915
180.169.147.146 - - [23/Jul/2022:09:02:47 +0800] "GET /xingrg/all/function/internal_message.html?_=1658538163598&CODE_STATE=getMsg HTTP/1.1" 302 -
114.86.187.244 - - [23/Jul/2022:09:02:47 +0800] "GET /xingrg/all/function/internal_message.html?_=1658538165498&CODE_STATE=getMsg HTTP/1.1" 200 27
101.80.228.36 - - [23/Jul/2022:09:02:56 +0800] "GET /xingrg/all/function/internal_message.html?_=1658538171915&CODE_STATE=getMsg HTTP/1.1" 200 27
120.253.135.82 - - [23/Jul/2022:09:03:02 +0800] "GET /xingrg/all/function/internal_message.html?_=1658538303299&CODE_STATE=getMsg HTTP/1.1" 200 27
120.253.135.82 - - [23/Jul/2022:09:03:05 +0800] "GET /xingrg/all/function/internal_message.html?_=1658537989881&CODE_STATE=getMsg HTTP/1.1" 200 27
218.81.223.53 - - [23/Jul/2022:09:03:06 +0800] "GET /xingrg/all/function/internal_message.html?_=1658538203957&CODE_STATE=getMsg HTTP/1.1" 200 27
101.83.223.227 - - [23/Jul/2022:09:03:09 +0800] "GET /xingrg/all/function/internal_message.html?_=1658538185654&CODE_STATE=getMsg HTTP/1.1" 200 27
218.81.223.53 - - [23/Jul/2022:09:03:15 +0800] "GET /xingrg/kc/buy/cgsh_order_add.html HTTP/1.1" 200 67906
218.81.223.53 - - [23/Jul/2022:09:03:16 +0800] "POST /xingrg/kc/buy/cgsh_order_operate.html HTTP/1.1" 200 8245
218.81.223.53 - - [23/Jul/2022:09:03:16 +0800] "GET /xingrg/javascript/easyui/themes/default/validatebox.css HTTP/1.1" 404 1104
180.175.103.110 - - [23/Jul/2022:09:03:35 +0800] "GET /xingrg/all/function/internal_message.html?_=1658538098081&CODE_STATE=getMsg HTTP/1.1" 200 27
114.83.219.182 - - [23/Jul/2022:09:03:42 +0800] "GET /xingrg/all/function/internal_message.html?_=1658538217615&CODE_STATE=getMsg HTTP/1.1" 200 27
180.169.147.146 - - [23/Jul/2022:09:03:47 +0800] "GET /xingrg/all/function/internal_message.html?_=1658538223600&CODE_STATE=getMsg HTTP/1.1" 302 -
180.169.147.146 - - [23/Jul/2022:09:03:47 +0800] "GET /xingrg/check_reg.html?_=1658538223602 HTTP/1.1" 302 -
114.86.187.244 - - [23/Jul/2022:09:03:47 +0800] "GET /xingrg/all/function/internal_message.html?_=1658538225483&CODE_STATE=getMsg HTTP/1.1" 200 27
218.81.223.53 - - [23/Jul/2022:09:03:48 +0800] "GET /xingrg/kc/buy/cgsh_order_operate.html?command=get_materiel&rest_code=00146&code=00101012030&supplier_code=00100033&order_time=2022-07-23 HTTP/1.1" 200 432
101.80.228.36 - - [23/Jul/2022:09:03:56 +0800] "GET /xingrg/all/function/internal_message.html?_=1658538231901&CODE_STATE=getMsg HTTP/1.1" 200 27
120.253.135.82 - - [23/Jul/2022:09:04:02 +0800] "GET /xingrg/all/function/internal_message.html?_=1658538363310&CODE_STATE=getMsg HTTP/1.1" 200 27
120.253.135.82 - - [23/Jul/2022:09:04:04 +0800] "GET /xingrg/check_reg.html?_=1658538048894 HTTP/1.1" 200 22
120.253.135.82 - - [23/Jul/2022:09:04:05 +0800] "GET /xingrg/all/function/internal_message.html?_=1658538049894&CODE_STATE=getMsg HTTP/1.1" 200 27
218.81.223.53 - - [23/Jul/2022:09:04:05 +0800] "GET /xingrg/kc/buy/cgsh_order_operate.html?command=get_materiel&rest_code=00146&code=00101016080&supplier_code=00100033&order_time=2022-07-23 HTTP/1.1" 200 408
218.81.223.53 - - [23/Jul/2022:09:04:06 +0800] "GET /xingrg/all/function/internal_message.html?_=1658538263993&CODE_STATE=getMsg HTTP/1.1" 200 27
101.83.223.227 - - [23/Jul/2022:09:04:09 +0800] "GET /xingrg/all/function/internal_message.html?_=1658538245629&CODE_STATE=getMsg HTTP/1.1" 200 27
218.81.223.53 - - [23/Jul/2022:09:04:17 +0800] "GET /xingrg/kc/buy/cgsh_order_operate.html?command=get_materiel&rest_code=00146&code=00101016025&supplier_code=00100033&order_time=2022-07-23 HTTP/1.1" 200 408
218.81.223.53 - - [23/Jul/2022:09:04:34 +0800] "GET /xingrg/kc/buy/cgsh_order_operate.html?command=get_materiel&rest_code=00146&code=00101016105&supplier_code=00100033&order_time=2022-07-23 HTTP/1.1" 200 409
180.175.103.110 - - [23/Jul/2022:09:04:35 +0800] "GET /xingrg/all/function/internal_message.html?_=1658538158070&CODE_STATE=getMsg HTTP/1.1" 200 27
114.83.219.182 - - [23/Jul/2022:09:04:40 +0800] "GET /xingrg/kc/buy/cgsh_order_operate.html?command=get_materiel&rest_code=00149&code=00101008257&supplier_code=00100005&order_time=2022-07-23 HTTP/1.1" 200 433
114.83.219.182 - - [23/Jul/2022:09:04:42 +0800] "GET /xingrg/all/function/internal_message.html?_=1658538277625&CODE_STATE=getMsg HTTP/1.1" 200 27
180.169.147.146 - - [23/Jul/2022:09:04:47 +0800] "GET /xingrg/all/function/internal_message.html?_=1658538283602&CODE_STATE=getMsg HTTP/1.1" 302 -
114.86.187.244 - - [23/Jul/2022:09:04:47 +0800] "GET /xingrg/all/function/internal_message.html?_=1658538285468&CODE_STATE=getMsg HTTP/1.1" 200 27
218.81.223.53 - - [23/Jul/2022:09:04:47 +0800] "GET /xingrg/kc/buy/cgsh_order_operate.html?command=get_materiel&rest_code=00146&code=00101012003&supplier_code=00100033&order_time=2022-07-23 HTTP/1.1" 200 413
114.83.219.182 - - [23/Jul/2022:09:04:51 +0800] "GET /xingrg/kc/buy/cgsh_order_operate.html?command=get_materiel&rest_code=00149&code=00101008156&supplier_code=00100005&order_time=2022-07-23 HTTP/1.1" 200 414
101.80.228.36 - - [23/Jul/2022:09:04:56 +0800] "GET /xingrg/all/function/internal_message.html?_=1658538291886&CODE_STATE=getMsg HTTP/1.1" 200 27
114.83.219.182 - - [23/Jul/2022:09:05:00 +0800] "GET /xingrg/kc/buy/cgsh_order_operate.html?command=get_materiel&rest_code=00149&code=00101008331&supplier_code=00100005&order_time=2022-07-23 HTTP/1.1" 200 416
120.253.135.82 - - [23/Jul/2022:09:05:02 +0800] "GET /xingrg/all/function/internal_message.html?_=1658538423335&CODE_STATE=getMsg HTTP/1.1" 200 27
218.81.223.53 - - [23/Jul/2022:09:05:03 +0800] "POST /xingrg/kc/buy/cgsh_order_operate.html HTTP/1.1" 200 37
218.81.223.53 - - [23/Jul/2022:09:05:05 +0800] "POST /xingrg/kc/buy/cgsh_order_operate.html HTTP/1.1" 200 5013
120.253.135.82 - - [23/Jul/2022:09:05:05 +0800] "GET /xingrg/all/function/internal_message.html?_=1658538109909&CODE_STATE=getMsg HTTP/1.1" 200 27
218.81.223.53 - - [23/Jul/2022:09:05:06 +0800] "GET /xingrg/all/function/internal_message.html?_=1658538323998&CODE_STATE=getMsg HTTP/1.1" 200 27
218.81.223.53 - - [23/Jul/2022:09:05:08 +0800] "GET /xingrg/kc/print/load_data.html?order_code=212022072305839&kc_code=cgsh&condition= HTTP/1.1" 200 1605
101.83.223.227 - - [23/Jul/2022:09:05:09 +0800] "GET /xingrg/all/function/internal_message.html?_=1658538305621&CODE_STATE=getMsg HTTP/1.1" 200 27
114.86.187.244 - - [23/Jul/2022:09:05:10 +0800] "GET /xingrg/check_reg.html?_=1658538308154 HTTP/1.1" 200 22
114.83.219.182 - - [23/Jul/2022:09:05:14 +0800] "GET /xingrg/kc/buy/cgsh_order_operate.html?command=get_materiel&rest_code=00149&code=00101008350&supplier_code=00100005&order_time=2022-07-23 HTTP/1.1" 200 425
120.253.135.82 - - [23/Jul/2022:09:05:27 +0800] "POST /xingrg/kc/pszx/mdps_list_operate.html HTTP/1.1" 200 2804
120.253.135.82 - - [23/Jul/2022:09:05:34 +0800] "POST /xingrg/kc/pszx/mdps_list_operate.html HTTP/1.1" 200 626
120.253.135.82 - - [23/Jul/2022:09:05:34 +0800] "GET /xingrg/kc/pszx/mdps_order_info.html?code=312022072200361 HTTP/1.1" 200 23978
180.175.103.110 - - [23/Jul/2022:09:05:35 +0800] "GET /xingrg/all/function/internal_message.html?_=1658538218064&CODE_STATE=getMsg HTTP/1.1" 200 27
120.253.135.82 - - [23/Jul/2022:09:05:35 +0800] "POST /xingrg/kc/pszx/mdps_order_operate.html HTTP/1.1" 200 5322
120.253.135.82 - - [23/Jul/2022:09:05:35 +0800] "GET /xingrg/javascript/easyui/themes/default/validatebox.css HTTP/1.1" 404 1104
120.253.135.82 - - [23/Jul/2022:09:05:41 +0800] "POST /xingrg/kc/pszx/mdps_order_operate.html HTTP/1.1" 200 37
114.83.219.182 - - [23/Jul/2022:09:05:42 +0800] "GET /xingrg/all/function/internal_message.html?_=1658538337629&CODE_STATE=getMsg HTTP/1.1" 200 27
120.253.135.82 - - [23/Jul/2022:09:05:42 +0800] "GET /xingrg/check_reg.html?_=1658538463542 HTTP/1.1" 200 22
120.253.135.82 - - [23/Jul/2022:09:05:43 +0800] "POST /xingrg/kc/pszx/mdps_order_operate.html HTTP/1.1" 200 12
180.169.147.146 - - [23/Jul/2022:09:05:47 +0800] "GET /xingrg/all/function/internal_message.html?_=1658538343606&CODE_STATE=getMsg HTTP/1.1" 302 -
114.86.187.244 - - [23/Jul/2022:09:05:47 +0800] "GET /xingrg/all/function/internal_message.html?_=1658538345443&CODE_STATE=getMsg HTTP/1.1" 200 27
180.175.103.110 - - [23/Jul/2022:09:05:48 +0800] "GET /xingrg/check_reg.html?_=1658538231374 HTTP/1.1" 200 22
120.253.135.82 - - [23/Jul/2022:09:05:55 +0800] "GET /xingrg/kc/pszx/mdps_order_info.html?code=312022072200361 HTTP/1.1" 200 19638
120.253.135.82 - - [23/Jul/2022:09:05:55 +0800] "POST /xingrg/kc/pszx/mdps_order_operate.html HTTP/1.1" 200 3509
120.253.135.82 - - [23/Jul/2022:09:05:55 +0800] "GET /xingrg/javascript/easyui/themes/default/validatebox.css HTTP/1.1" 404 1104
101.80.228.36 - - [23/Jul/2022:09:05:56 +0800] "GET /xingrg/all/function/internal_message.html?_=1658538351872&CODE_STATE=getMsg HTTP/1.1" 200 27
120.253.135.82 - - [23/Jul/2022:09:05:56 +0800] "POST /xingrg/kc/pszx/mdps_list_operate.html HTTP/1.1" 200 2433
120.253.135.82 - - [23/Jul/2022:09:05:59 +0800] "POST /xingrg/kc/pszx/mdps_list_operate.html HTTP/1.1" 200 280
120.253.135.82 - - [23/Jul/2022:09:06:01 +0800] "GET /xingrg/kc/pszx/mdps_order_info.html?code=312022072200364 HTTP/1.1" 200 23978
120.253.135.82 - - [23/Jul/2022:09:06:01 +0800] "POST /xingrg/kc/pszx/mdps_order_operate.html HTTP/1.1" 200 2783
120.253.135.82 - - [23/Jul/2022:09:06:01 +0800] "GET /xingrg/javascript/easyui/themes/default/validatebox.css HTTP/1.1" 404 1104
120.253.135.82 - - [23/Jul/2022:09:06:02 +0800] "GET /xingrg/all/function/internal_message.html?_=1658538483337&CODE_STATE=getMsg HTTP/1.1" 200 27
120.253.135.82 - - [23/Jul/2022:09:06:06 +0800] "POST /xingrg/kc/pszx/mdps_order_operate.html HTTP/1.1" 200 37
218.81.223.53 - - [23/Jul/2022:09:06:06 +0800] "GET /xingrg/all/function/internal_message.html?_=1658538384205&CODE_STATE=getMsg HTTP/1.1" 200 27
120.253.135.82 - - [23/Jul/2022:09:06:07 +0800] "POST /xingrg/kc/pszx/mdps_order_operate.html HTTP/1.1" 200 12
120.253.135.82 - - [23/Jul/2022:09:06:09 +0800] "GET /xingrg/kc/pszx/mdps_order_info.html?code=312022072200364 HTTP/1.1" 200 19638
101.83.223.227 - - [23/Jul/2022:09:06:09 +0800] "GET /xingrg/all/function/internal_message.html?_=1658538365612&CODE_STATE=getMsg HTTP/1.1" 200 27
101.83.223.227 - - [23/Jul/2022:09:06:09 +0800] "GET /xingrg/check_reg.html?_=1658538365808 HTTP/1.1" 200 22
120.253.135.82 - - [23/Jul/2022:09:06:09 +0800] "POST /xingrg/kc/pszx/mdps_order_operate.html HTTP/1.1" 200 999
120.253.135.82 - - [23/Jul/2022:09:06:09 +0800] "GET /xingrg/javascript/easyui/themes/default/validatebox.css HTTP/1.1" 404 1104
120.253.135.82 - - [23/Jul/2022:09:06:10 +0800] "GET /xingrg/all/function/internal_message.html?_=1658538174556&CODE_STATE=getMsg HTTP/1.1" 200 27
120.253.135.82 - - [23/Jul/2022:09:06:18 +0800] "POST /xingrg/kc/pszx/mdps_list_operate.html HTTP/1.1" 200 2061
120.253.135.82 - - [23/Jul/2022:09:06:20 +0800] "POST /xingrg/kc/pszx/mdps_list_operate.html HTTP/1.1" 200 653
120.253.135.82 - - [23/Jul/2022:09:06:21 +0800] "GET /xingrg/kc/pszx/mdps_order_info.html?code=312022072200362 HTTP/1.1" 200 23978
120.253.135.82 - - [23/Jul/2022:09:06:21 +0800] "POST /xingrg/kc/pszx/mdps_order_operate.html HTTP/1.1" 200 4909
120.253.135.82 - - [23/Jul/2022:09:06:21 +0800] "GET /xingrg/javascript/easyui/themes/default/validatebox.css HTTP/1.1" 404 1104
120.253.135.82 - - [23/Jul/2022:09:06:25 +0800] "POST /xingrg/kc/pszx/mdps_order_operate.html HTTP/1.1" 200 37
120.253.135.82 - - [23/Jul/2022:09:06:27 +0800] "POST /xingrg/kc/pszx/mdps_order_operate.html HTTP/1.1" 200 12
180.175.103.110 - - [23/Jul/2022:09:06:35 +0800] "GET /xingrg/all/function/internal_message.html?_=1658538278043&CODE_STATE=getMsg HTTP/1.1" 200 27
114.83.219.182 - - [23/Jul/2022:09:06:42 +0800] "GET /xingrg/all/function/internal_message.html?_=1658538397617&CODE_STATE=getMsg HTTP/1.1" 200 27
114.83.219.182 - - [23/Jul/2022:09:06:42 +0800] "GET /xingrg/check_reg.html?_=1658538397628 HTTP/1.1" 200 22
218.81.223.53 - - [23/Jul/2022:09:06:44 +0800] "GET /xingrg/check_reg.html?_=1658538422015 HTTP/1.1" 200 22
120.253.135.82 - - [23/Jul/2022:09:06:46 +0800] "GET /xingrg/kc/pszx/mdps_order_info.html?code=312022072200362 HTTP/1.1" 200 19638
120.253.135.82 - - [23/Jul/2022:09:06:47 +0800] "POST /xingrg/kc/pszx/mdps_order_operate.html HTTP/1.1" 200 3110
120.253.135.82 - - [23/Jul/2022:09:06:47 +0800] "GET /xingrg/javascript/easyui/themes/default/validatebox.css HTTP/1.1" 404 1104
180.169.147.146 - - [23/Jul/2022:09:06:47 +0800] "GET /xingrg/all/function/internal_message.html?_=1658538403606&CODE_STATE=getMsg HTTP/1.1" 302 -
114.86.187.244 - - [23/Jul/2022:09:06:47 +0800] "GET /xingrg/all/function/internal_message.html?_=1658538405428&CODE_STATE=getMsg HTTP/1.1" 200 27
120.253.135.82 - - [23/Jul/2022:09:06:48 +0800] "POST /xingrg/kc/pszx/mdps_list_operate.html HTTP/1.1" 200 1690
120.253.135.82 - - [23/Jul/2022:09:06:50 +0800] "POST /xingrg/kc/pszx/mdps_list_operate.html HTTP/1.1" 200 201
120.253.135.82 - - [23/Jul/2022:09:06:52 +0800] "GET /xingrg/kc/pszx/mdqp_order_list.html?state=10 HTTP/1.1" 200 10217
120.253.135.82 - - [23/Jul/2022:09:06:52 +0800] "GET /xingrg/dwr/interface/AjaxReportQueryService.js HTTP/1.1" 200 13203
120.253.135.82 - - [23/Jul/2022:09:06:52 +0800] "GET /xingrg/dwr/interface/AjaxQqpsService.js HTTP/1.1" 200 16326
120.253.135.82 - - [23/Jul/2022:09:06:52 +0800] "GET /xingrg/dwr/engine.js HTTP/1.1" 200 43631
101.80.228.36 - - [23/Jul/2022:09:06:56 +0800] "GET /xingrg/all/function/internal_message.html?_=1658538411858&CODE_STATE=getMsg HTTP/1.1" 200 27
120.253.135.82 - - [23/Jul/2022:09:07:02 +0800] "GET /xingrg/all/function/internal_message.html?_=1658538543350&CODE_STATE=getMsg HTTP/1.1" 200 27
116.224.123.211 - - [23/Jul/2022:09:07:04 +0800] "GET /xingrg/check_reg.html?_=1658538452300 HTTP/1.1" 200 22
218.81.223.53 - - [23/Jul/2022:09:07:06 +0800] "GET /xingrg/all/function/internal_message.html?_=1658538444212&CODE_STATE=getMsg HTTP/1.1" 200 27
101.83.223.227 - - [23/Jul/2022:09:07:09 +0800] "GET /xingrg/all/function/internal_message.html?_=1658538425592&CODE_STATE=getMsg HTTP/1.1" 200 27
120.253.135.82 - - [23/Jul/2022:09:07:10 +0800] "GET /xingrg/all/function/internal_message.html?_=1658538234674&CODE_STATE=getMsg HTTP/1.1" 200 27
101.83.223.227 - - [23/Jul/2022:09:07:13 +0800] "GET /xingrg/kc/base/wldb_order_list.html HTTP/1.1" 200 19148
101.83.223.227 - - [23/Jul/2022:09:07:13 +0800] "POST /xingrg/kc/base/wldb_list_operate.html HTTP/1.1" 200 928
101.83.223.227 - - [23/Jul/2022:09:07:15 +0800] "GET /xingrg/kc/base/wldb_order_add.html HTTP/1.1" 200 30362
101.83.223.227 - - [23/Jul/2022:09:07:16 +0800] "GET /xingrg/all/common/auto_word.html?type=base&rest_code=00150 HTTP/1.1" 200 1799
101.83.223.227 - - [23/Jul/2022:09:07:16 +0800] "GET /xingrg/all/common/auto_word.html?type=base&rest_code=00150 HTTP/1.1" 200 1799
101.83.223.227 - - [23/Jul/2022:09:07:16 +0800] "POST /xingrg/kc/base/wldb_order_operate.html HTTP/1.1" 200 6806
101.83.223.227 - - [23/Jul/2022:09:07:16 +0800] "GET /xingrg/javascript/easyui/themes/default/validatebox.css HTTP/1.1" 404 1104
101.83.223.227 - - [23/Jul/2022:09:07:28 +0800] "GET /xingrg/kc/base/wldb_order_operate.html?command=get_materiel&rest_code=00150&base_code=0010446&code=00102001074 HTTP/1.1" 200 434
101.83.223.227 - - [23/Jul/2022:09:07:34 +0800] "GET /xingrg/kc/base/wldb_order_operate.html?command=get_materiel&rest_code=00150&base_code=0010446&code=00101017003 HTTP/1.1" 200 448
180.175.103.110 - - [23/Jul/2022:09:07:35 +0800] "GET /xingrg/all/function/internal_message.html?_=1658538338019&CODE_STATE=getMsg HTTP/1.1" 200 27
120.253.135.82 - - [23/Jul/2022:09:07:41 +0800] "GET /xingrg/kc/pszx/mdqp_order_list.html?state=10 HTTP/1.1" 200 10217
120.253.135.82 - - [23/Jul/2022:09:07:41 +0800] "GET /xingrg/css/blue.css HTTP/1.1" 304 -
120.253.135.82 - - [23/Jul/2022:09:07:41 +0800] "GET /xingrg/javascript/pic_change.js HTTP/1.1" 304 -
120.253.135.82 - - [23/Jul/2022:09:07:41 +0800] "GET /xingrg/dwr/interface/AjaxQqpsService.js HTTP/1.1" 200 16326
120.253.135.82 - - [23/Jul/2022:09:07:41 +0800] "GET /xingrg/dwr/interface/AjaxReportQueryService.js HTTP/1.1" 200 13203
120.253.135.82 - - [23/Jul/2022:09:07:41 +0800] "GET /xingrg/dwr/util.js HTTP/1.1" 304 -
120.253.135.82 - - [23/Jul/2022:09:07:41 +0800] "GET /xingrg/javascript/myfunction.js HTTP/1.1" 304 -
120.253.135.82 - - [23/Jul/2022:09:07:41 +0800] "GET /xingrg/javascript/Calendar.js HTTP/1.1" 304 -
120.253.135.82 - - [23/Jul/2022:09:07:41 +0800] "GET /xingrg/javascript/jquery_easy_ui/themes/default/easyui.css HTTP/1.1" 304 -
120.253.135.82 - - [23/Jul/2022:09:07:41 +0800] "GET /xingrg/dwr/engine.js HTTP/1.1" 200 43631
120.253.135.82 - - [23/Jul/2022:09:07:41 +0800] "GET /xingrg/javascript/jquery_easy_ui/themes/icon.css HTTP/1.1" 304 -
120.253.135.82 - - [23/Jul/2022:09:07:41 +0800] "GET /xingrg/javascript/jquery_easy_ui/themes/icons/check_new.png HTTP/1.1" 304 -
120.253.135.82 - - [23/Jul/2022:09:07:41 +0800] "GET /xingrg/javascript/jquery_easy_ui/themes/icons/uncheck_new.png HTTP/1.1" 304 -
120.253.135.82 - - [23/Jul/2022:09:07:41 +0800] "GET /xingrg/javascript/jquery_easy_ui/themes/icons/back_new.png HTTP/1.1" 304 -
120.253.135.82 - - [23/Jul/2022:09:07:41 +0800] "GET /favicon.ico HTTP/1.1" 404 -
114.83.219.182 - - [23/Jul/2022:09:07:42 +0800] "GET /xingrg/all/function/internal_message.html?_=1658538457637&CODE_STATE=getMsg HTTP/1.1" 200 27
101.80.228.36 - - [23/Jul/2022:09:07:42 +0800] "GET /xingrg/check_reg.html?_=1658538458280 HTTP/1.1" 200 22
101.83.223.227 - - [23/Jul/2022:09:07:43 +0800] "GET /xingrg/kc/base/wldb_order_operate.html?command=get_materiel&rest_code=00150&base_code=0010446&code=00102002028 HTTP/1.1" 200 468
120.253.135.82 - - [23/Jul/2022:09:07:44 +0800] "GET /xingrg/kc/pszx/mdqp_order_list.html?state=10 HTTP/1.1" 200 10217
120.253.135.82 - - [23/Jul/2022:09:07:44 +0800] "GET /xingrg/dwr/interface/AjaxReportQueryService.js HTTP/1.1" 200 13203
120.253.135.82 - - [23/Jul/2022:09:07:44 +0800] "GET /xingrg/dwr/interface/AjaxQqpsService.js HTTP/1.1" 200 16326
120.253.135.82 - - [23/Jul/2022:09:07:44 +0800] "GET /xingrg/dwr/engine.js HTTP/1.1" 200 43631
180.169.147.146 - - [23/Jul/2022:09:07:47 +0800] "GET /xingrg/all/function/internal_message.html?_=1658538463608&CODE_STATE=getMsg HTTP/1.1" 302 -
114.86.187.244 - - [23/Jul/2022:09:07:47 +0800] "GET /xingrg/all/function/internal_message.html?_=1658538465398&CODE_STATE=getMsg HTTP/1.1" 200 27
101.83.223.227 - - [23/Jul/2022:09:07:48 +0800] "POST /xingrg/kc/base/wldb_order_operate.html HTTP/1.1" 200 37
101.83.223.227 - - [23/Jul/2022:09:07:50 +0800] "POST /xingrg/kc/base/wldb_order_operate.html HTTP/1.1" 200 12
101.83.223.227 - - [23/Jul/2022:09:07:50 +0800] "POST /xingrg/kc/base/wldb_order_operate.html HTTP/1.1" 200 3178
101.83.223.227 - - [23/Jul/2022:09:07:51 +0800] "GET /xingrg/kc/base/wldb_order_info.html?code=422022072301434 HTTP/1.1" 200 26241
101.83.223.227 - - [23/Jul/2022:09:07:52 +0800] "GET /xingrg/javascript/easyui/themes/default/validatebox.css HTTP/1.1" 404 1104
101.83.223.227 - - [23/Jul/2022:09:07:52 +0800] "POST /xingrg/kc/base/wldb_order_operate.html HTTP/1.1" 200 1452
101.80.228.36 - - [23/Jul/2022:09:07:56 +0800] "GET /xingrg/all/function/internal_message.html?_=1658538471828&CODE_STATE=getMsg HTTP/1.1" 200 27
101.83.223.227 - - [23/Jul/2022:09:08:00 +0800] "GET /xingrg/kc/base/wldb_order_add.html HTTP/1.1" 200 30362
101.83.223.227 - - [23/Jul/2022:09:08:01 +0800] "POST /xingrg/kc/base/wldb_order_operate.html HTTP/1.1" 200 6806
101.83.223.227 - - [23/Jul/2022:09:08:01 +0800] "GET /xingrg/javascript/easyui/themes/default/validatebox.css HTTP/1.1" 404 1104
120.253.135.82 - - [23/Jul/2022:09:08:02 +0800] "GET /xingrg/all/function/internal_message.html?_=1658538603380&CODE_STATE=getMsg HTTP/1.1" 200 27
218.81.223.53 - - [23/Jul/2022:09:08:06 +0800] "GET /xingrg/all/function/internal_message.html?_=1658538504225&CODE_STATE=getMsg HTTP/1.1" 200 27
101.83.223.227 - - [23/Jul/2022:09:08:09 +0800] "GET /xingrg/kc/base/wldb_order_operate.html?command=get_materiel&rest_code=00150&base_code=0010446&code=00102004026 HTTP/1.1" 200 442
101.83.223.227 - - [23/Jul/2022:09:08:09 +0800] "GET /xingrg/all/function/internal_message.html?_=1658538485667&CODE_STATE=getMsg HTTP/1.1" 200 27
120.253.135.82 - - [23/Jul/2022:09:08:10 +0800] "GET /xingrg/all/function/internal_message.html?_=1658538294676&CODE_STATE=getMsg HTTP/1.1" 200 27
101.83.223.227 - - [23/Jul/2022:09:08:13 +0800] "POST /xingrg/kc/base/wldb_order_operate.html HTTP/1.1" 200 37
101.83.223.227 - - [23/Jul/2022:09:08:16 +0800] "POST /xingrg/kc/base/wldb_order_operate.html HTTP/1.1" 200 12
101.83.223.227 - - [23/Jul/2022:09:08:16 +0800] "POST /xingrg/kc/base/wldb_order_operate.html HTTP/1.1" 200 2189
101.83.223.227 - - [23/Jul/2022:09:08:19 +0800] "GET /xingrg/kc/base/wldb_order_info.html?code=422022072301435 HTTP/1.1" 200 26239
101.83.223.227 - - [23/Jul/2022:09:08:19 +0800] "GET /xingrg/javascript/easyui/themes/default/validatebox.css HTTP/1.1" 404 1104
101.83.223.227 - - [23/Jul/2022:09:08:19 +0800] "POST /xingrg/kc/base/wldb_order_operate.html HTTP/1.1" 200 484
101.83.223.227 - - [23/Jul/2022:09:08:22 +0800] "GET /xingrg/kc/base/wldb_order_add.html HTTP/1.1" 200 30362
101.83.223.227 - - [23/Jul/2022:09:08:22 +0800] "POST /xingrg/kc/base/wldb_order_operate.html HTTP/1.1" 200 6806
101.83.223.227 - - [23/Jul/2022:09:08:22 +0800] "GET /xingrg/javascript/easyui/themes/default/validatebox.css HTTP/1.1" 404 1104
218.81.223.53 - - [23/Jul/2022:09:08:28 +0800] "GET /xingrg/kc/buy/cgsh_order_add.html HTTP/1.1" 200 67906
218.81.223.53 - - [23/Jul/2022:09:08:28 +0800] "POST /xingrg/kc/buy/cgsh_order_operate.html HTTP/1.1" 200 8245
218.81.223.53 - - [23/Jul/2022:09:08:29 +0800] "GET /xingrg/javascript/easyui/themes/default/validatebox.css HTTP/1.1" 404 1104
101.83.223.227 - - [23/Jul/2022:09:08:31 +0800] "GET /xingrg/kc/base/wldb_order_operate.html?command=get_materiel&rest_code=00150&base_code=0010445&code=00101019258 HTTP/1.1" 200 483
180.175.103.110 - - [23/Jul/2022:09:08:35 +0800] "GET /xingrg/all/function/internal_message.html?_=1658538398008&CODE_STATE=getMsg HTTP/1.1" 200 27
101.83.223.227 - - [23/Jul/2022:09:08:36 +0800] "GET /xingrg/kc/base/wldb_order_operate.html?command=get_materiel&rest_code=00150&base_code=0010445&code=00101019400 HTTP/1.1" 200 463
101.83.223.227 - - [23/Jul/2022:09:08:39 +0800] "POST /xingrg/kc/base/wldb_order_operate.html HTTP/1.1" 200 37
101.83.223.227 - - [23/Jul/2022:09:08:42 +0800] "POST /xingrg/kc/base/wldb_order_operate.html HTTP/1.1" 200 12
101.83.223.227 - - [23/Jul/2022:09:08:42 +0800] "POST /xingrg/kc/base/wldb_order_operate.html HTTP/1.1" 200 2721
114.83.219.182 - - [23/Jul/2022:09:08:42 +0800] "GET /xingrg/all/function/internal_message.html?_=1658538517632&CODE_STATE=getMsg HTTP/1.1" 200 27
101.83.223.227 - - [23/Jul/2022:09:08:44 +0800] "GET /xingrg/kc/base/wldb_order_info.html?code=422022072301436 HTTP/1.1" 200 26240
101.83.223.227 - - [23/Jul/2022:09:08:45 +0800] "GET /xingrg/javascript/easyui/themes/default/validatebox.css HTTP/1.1" 404 1104
101.83.223.227 - - [23/Jul/2022:09:08:45 +0800] "POST /xingrg/kc/base/wldb_order_operate.html HTTP/1.1" 200 1004
180.169.147.146 - - [23/Jul/2022:09:08:47 +0800] "GET /xingrg/check_reg.html?_=1658538523610 HTTP/1.1" 302 -
114.86.187.244 - - [23/Jul/2022:09:08:47 +0800] "GET /xingrg/all/function/internal_message.html?_=1658538525367&CODE_STATE=getMsg HTTP/1.1" 200 27
180.169.147.146 - - [23/Jul/2022:09:08:47 +0800] "GET /xingrg/all/function/internal_message.html?_=1658538523612&CODE_STATE=getMsg HTTP/1.1" 302 -
101.83.223.227 - - [23/Jul/2022:09:08:47 +0800] "GET /xingrg/kc/base/wldb_order_add.html HTTP/1.1" 200 30362
101.83.223.227 - - [23/Jul/2022:09:08:47 +0800] "POST /xingrg/kc/base/wldb_order_operate.html HTTP/1.1" 200 6806
101.83.223.227 - - [23/Jul/2022:09:08:48 +0800] "GET /xingrg/javascript/easyui/themes/default/validatebox.css HTTP/1.1" 404 1104
101.83.223.227 - - [23/Jul/2022:09:08:56 +0800] "GET /xingrg/kc/base/wldb_order_operate.html?command=get_materiel&rest_code=00150&base_code=0010445&code=00101016074 HTTP/1.1" 200 458
101.80.228.36 - - [23/Jul/2022:09:08:56 +0800] "GET /xingrg/all/function/internal_message.html?_=1658538531800&CODE_STATE=getMsg HTTP/1.1" 200 27
218.81.223.53 - - [23/Jul/2022:09:08:59 +0800] "GET /xingrg/kc/buy/cgsh_order_operate.html?command=get_materiel&rest_code=00146&code=00101016134&supplier_code=00100012&order_time=2022-07-23 HTTP/1.1" 200 405
101.83.223.227 - - [23/Jul/2022:09:09:00 +0800] "POST /xingrg/kc/base/wldb_order_operate.html HTTP/1.1" 200 37
114.84.2.83 - - [23/Jul/2022:09:09:01 +0800] "GET /favicon.ico HTTP/1.1" 404 -
101.83.223.227 - - [23/Jul/2022:09:09:02 +0800] "POST /xingrg/kc/base/wldb_order_operate.html HTTP/1.1" 200 12
101.83.223.227 - - [23/Jul/2022:09:09:02 +0800] "POST /xingrg/kc/base/wldb_order_operate.html HTTP/1.1" 200 2201
120.253.135.82 - - [23/Jul/2022:09:09:02 +0800] "GET /xingrg/all/function/internal_message.html?_=1658538663393&CODE_STATE=getMsg HTTP/1.1" 200 27
120.253.135.82 - - [23/Jul/2022:09:09:04 +0800] "GET /xingrg/check_reg.html?_=1658538348890 HTTP/1.1" 200 22
114.84.2.83 - - [23/Jul/2022:09:09:05 +0800] "GET /xingrg/login.html HTTP/1.1" 200 7641
218.81.223.53 - - [23/Jul/2022:09:09:06 +0800] "GET /xingrg/all/function/internal_message.html?_=1658538564239&CODE_STATE=getMsg HTTP/1.1" 200 27
114.84.2.83 - - [23/Jul/2022:09:09:06 +0800] "GET /favicon.ico HTTP/1.1" 404 -
101.83.223.227 - - [23/Jul/2022:09:09:09 +0800] "GET /xingrg/kc/base/wldb_order_info.html?code=422022072301437 HTTP/1.1" 200 26238
101.83.223.227 - - [23/Jul/2022:09:09:09 +0800] "GET /xingrg/javascript/easyui/themes/default/validatebox.css HTTP/1.1" 404 1104
101.83.223.227 - - [23/Jul/2022:09:09:09 +0800] "GET /xingrg/all/function/internal_message.html?_=1658538545731&CODE_STATE=getMsg HTTP/1.1" 200 27
101.83.223.227 - - [23/Jul/2022:09:09:09 +0800] "POST /xingrg/kc/base/wldb_order_operate.html HTTP/1.1" 200 496
120.253.135.82 - - [23/Jul/2022:09:09:10 +0800] "GET /xingrg/all/function/internal_message.html?_=1658538354690&CODE_STATE=getMsg HTTP/1.1" 200 27
101.83.223.227 - - [23/Jul/2022:09:09:12 +0800] "GET /xingrg/kc/base/wldb_order_add.html HTTP/1.1" 200 30362
101.83.223.227 - - [23/Jul/2022:09:09:12 +0800] "POST /xingrg/kc/base/wldb_order_operate.html HTTP/1.1" 200 6806
101.83.223.227 - - [23/Jul/2022:09:09:12 +0800] "GET /xingrg/javascript/easyui/themes/default/validatebox.css HTTP/1.1" 404 1104
114.84.2.83 - - [23/Jul/2022:09:09:15 +0800] "POST /xingrg/login.do HTTP/1.1" 302 -
114.84.2.83 - - [23/Jul/2022:09:09:15 +0800] "GET /xingrg/index.html?sysBaseUrl=http%3A%2F%2F180.169.147.146%3A18081%2Fxingrg%2F&costTime=42×tamp=1658538555385 HTTP/1.1" 200 17173
114.84.2.83 - - [23/Jul/2022:09:09:15 +0800] "GET /favicon.ico HTTP/1.1" 404 -
114.84.2.83 - - [23/Jul/2022:09:09:16 +0800] "POST /xingrg/all/common/load_tree.html?tree=area_rest_tree_json&manage=1 HTTP/1.1" 200 342
114.84.2.83 - - [23/Jul/2022:09:09:16 +0800] "GET /xingrg/all/function/internal_message.html?_=1658538548741&CODE_STATE=count HTTP/1.1" 200 11
114.84.2.83 - - [23/Jul/2022:09:09:16 +0800] "POST /xingrg/load_menu.html HTTP/1.1" 200 5138
114.84.2.83 - - [23/Jul/2022:09:09:16 +0800] "GET /xingrg/check_reg.html?_=1658538548742 HTTP/1.1" 200 22
114.84.2.83 - - [23/Jul/2022:09:09:17 +0800] "GET /xingrg/kc/buy/buy_main.html HTTP/1.1" 200 12412
114.84.2.83 - - [23/Jul/2022:09:09:17 +0800] "GET /xingrg/css/new_ie.css HTTP/1.1" 404 1036
114.84.2.83 - - [23/Jul/2022:09:09:18 +0800] "GET /xingrg/images/yd/bt.gif HTTP/1.1" 404 1040
114.84.2.83 - - [23/Jul/2022:09:09:20 +0800] "GET /xingrg/kc/buy/cgsh_order_list.html HTTP/1.1" 200 52162
114.84.2.83 - - [23/Jul/2022:09:09:21 +0800] "POST /xingrg/kc/buy/cgsh_list_operate.html HTTP/1.1" 200 693
218.81.223.53 - - [23/Jul/2022:09:09:22 +0800] "GET /xingrg/kc/buy/cgsh_order_operate.html?command=get_materiel&rest_code=00146&code=00101013036&supplier_code=00100012&order_time=2022-07-23 HTTP/1.1" 200 409
101.83.223.227 - - [23/Jul/2022:09:09:23 +0800] "GET /xingrg/kc/base/wldb_order_operate.html?command=get_materiel&rest_code=00150&base_code=0010445&code=00101019430 HTTP/1.1" 200 477
114.84.2.83 - - [23/Jul/2022:09:09:24 +0800] "GET /xingrg/kc/buy/cgsh_order_add.html HTTP/1.1" 200 67900
114.84.2.83 - - [23/Jul/2022:09:09:24 +0800] "GET /xingrg/words/20220721182822_words.js HTTP/1.1" 304 -
114.84.2.83 - - [23/Jul/2022:09:09:24 +0800] "POST /xingrg/kc/buy/cgsh_order_operate.html HTTP/1.1" 200 8245
114.84.2.83 - - [23/Jul/2022:09:09:24 +0800] "GET /xingrg/all/common/auto_word.html?type=employee&rest_code=00111 HTTP/1.1" 200 155
