218.81.223.53 - - [23/Jul/2022:11:47:23 +0800] "GET /xingrg/all/function/internal_message.html?_=1658548061424&CODE_STATE=getMsg HTTP/1.1" 200 27
180.175.103.110 - - [23/Jul/2022:11:47:33 +0800] "GET /xingrg/all/function/internal_message.html?_=1658547935893&CODE_STATE=getMsg HTTP/1.1" 200 27
116.235.94.65 - - [23/Jul/2022:11:47:37 +0800] "GET /xingrg/all/function/internal_message.html?_=1658548238813&CODE_STATE=getMsg HTTP/1.1" 200 27
116.235.94.65 - - [23/Jul/2022:11:47:38 +0800] "GET /xingrg/check_reg.html?_=1658548238815 HTTP/1.1" 200 22
61.170.233.82 - - [23/Jul/2022:11:47:39 +0800] "POST /xingrg/kc/buy/cgsh_order_operate.html HTTP/1.1" 200 37
101.85.120.95 - - [23/Jul/2022:11:47:40 +0800] "GET /xingrg/all/function/internal_message.html?_=1658548056247&CODE_STATE=getMsg HTTP/1.1" 200 27
114.83.219.182 - - [23/Jul/2022:11:47:41 +0800] "GET /xingrg/all/function/internal_message.html?_=1658548056831&CODE_STATE=getMsg HTTP/1.1" 200 27
61.170.233.82 - - [23/Jul/2022:11:47:42 +0800] "POST /xingrg/kc/buy/cgsh_order_operate.html HTTP/1.1" 200 12
101.80.228.36 - - [23/Jul/2022:11:47:43 +0800] "GET /xingrg/check_reg.html?_=1658548058495 HTTP/1.1" 200 22
61.170.233.82 - - [23/Jul/2022:11:47:44 +0800] "GET /xingrg/kc/buy/cgsh_order_info.html?code=212022072305891 HTTP/1.1" 200 62841
61.170.233.82 - - [23/Jul/2022:11:47:44 +0800] "GET /xingrg/javascript/easyui/themes/default/validatebox.css HTTP/1.1" 404 1104
61.170.233.82 - - [23/Jul/2022:11:47:45 +0800] "POST /xingrg/kc/buy/cgsh_order_operate.html HTTP/1.1" 200 26048
114.86.187.244 - - [23/Jul/2022:11:47:46 +0800] "GET /xingrg/all/function/internal_message.html?_=1658548064680&CODE_STATE=getMsg HTTP/1.1" 200 27
61.170.233.82 - - [23/Jul/2022:11:47:47 +0800] "GET /xingrg/kc/print/load_data.html?order_code=212022072305891&kc_code=cgsh&condition= HTTP/1.1" 200 10374
180.169.147.146 - - [23/Jul/2022:11:47:47 +0800] "GET /xingrg/all/function/internal_message.html?_=1658548063612&CODE_STATE=getMsg HTTP/1.1" 302 -
101.83.223.227 - - [23/Jul/2022:11:47:51 +0800] "GET /xingrg/all/function/internal_message.html?_=1658548067800&CODE_STATE=getMsg HTTP/1.1" 200 27
101.80.228.36 - - [23/Jul/2022:11:47:53 +0800] "GET /xingrg/all/function/internal_message.html?_=1658548068558&CODE_STATE=getMsg HTTP/1.1" 200 27
116.224.123.211 - - [23/Jul/2022:11:47:53 +0800] "GET /xingrg/all/function/internal_message.html?_=1658548133511&CODE_STATE=getMsg HTTP/1.1" 200 27
61.170.233.82 - - [23/Jul/2022:11:47:55 +0800] "GET /xingrg/kc/buy/buy_main.html HTTP/1.1" 200 12412
61.170.233.82 - - [23/Jul/2022:11:47:55 +0800] "GET /xingrg/css/new_ie.css HTTP/1.1" 404 1036
61.170.233.82 - - [23/Jul/2022:11:47:56 +0800] "GET /xingrg/images/yd/bt.gif HTTP/1.1" 404 1040
61.170.233.82 - - [23/Jul/2022:11:47:57 +0800] "GET /xingrg/kc/buy/cgsh_order_list.html HTTP/1.1" 200 52162
61.170.233.82 - - [23/Jul/2022:11:47:59 +0800] "POST /xingrg/kc/buy/cgsh_list_operate.html HTTP/1.1" 200 1459
222.69.129.110 - - [23/Jul/2022:11:48:07 +0800] "GET /xingrg/all/function/internal_message.html?_=1658548135305&CODE_STATE=getMsg HTTP/1.1" 200 27
114.84.2.83 - - [23/Jul/2022:11:48:14 +0800] "GET /xingrg/all/function/internal_message.html?_=1658548086648&CODE_STATE=getMsg HTTP/1.1" 200 27
116.224.123.211 - - [23/Jul/2022:11:48:19 +0800] "POST /xingrg/services/DataTransmitService HTTP/1.1" 200 524
116.224.123.211 - - [23/Jul/2022:11:48:19 +0800] "POST /xingrg/services/DataTransmitService HTTP/1.1" 200 501
218.81.223.53 - - [23/Jul/2022:11:48:23 +0800] "GET /xingrg/all/function/internal_message.html?_=1658548121438&CODE_STATE=getMsg HTTP/1.1" 200 27
180.175.103.110 - - [23/Jul/2022:11:48:33 +0800] "GET /xingrg/all/function/internal_message.html?_=1658547995882&CODE_STATE=getMsg HTTP/1.1" 200 27
116.235.94.65 - - [23/Jul/2022:11:48:37 +0800] "GET /xingrg/all/function/internal_message.html?_=1658548298812&CODE_STATE=getMsg HTTP/1.1" 200 27
101.85.120.95 - - [23/Jul/2022:11:48:40 +0800] "GET /xingrg/all/function/internal_message.html?_=1658548116248&CODE_STATE=getMsg HTTP/1.1" 200 27
114.83.219.182 - - [23/Jul/2022:11:48:41 +0800] "GET /xingrg/all/function/internal_message.html?_=1658548116802&CODE_STATE=getMsg HTTP/1.1" 200 27
114.86.187.244 - - [23/Jul/2022:11:48:46 +0800] "GET /xingrg/all/function/internal_message.html?_=1658548124664&CODE_STATE=getMsg HTTP/1.1" 200 27
180.169.147.146 - - [23/Jul/2022:11:48:47 +0800] "GET /xingrg/check_reg.html?_=1658548123598 HTTP/1.1" 302 -
180.169.147.146 - - [23/Jul/2022:11:48:47 +0800] "GET /xingrg/all/function/internal_message.html?_=1658548123598&CODE_STATE=getMsg HTTP/1.1" 302 -
101.83.223.227 - - [23/Jul/2022:11:48:51 +0800] "GET /xingrg/all/function/internal_message.html?_=1658548127801&CODE_STATE=getMsg HTTP/1.1" 200 27
101.80.228.36 - - [23/Jul/2022:11:48:53 +0800] "GET /xingrg/all/function/internal_message.html?_=1658548128532&CODE_STATE=getMsg HTTP/1.1" 200 27
116.224.123.211 - - [23/Jul/2022:11:48:53 +0800] "GET /xingrg/all/function/internal_message.html?_=1658548193875&CODE_STATE=getMsg HTTP/1.1" 200 27
120.253.135.82 - - [23/Jul/2022:11:48:55 +0800] "GET /xingrg/check_reg.html?_=1658547938985 HTTP/1.1" 200 22
222.69.129.110 - - [23/Jul/2022:11:49:07 +0800] "GET /xingrg/all/function/internal_message.html?_=1658548195299&CODE_STATE=getMsg HTTP/1.1" 200 27
222.69.129.110 - - [23/Jul/2022:11:49:07 +0800] "GET /xingrg/check_reg.html?_=1658548195300 HTTP/1.1" 200 22
114.84.2.83 - - [23/Jul/2022:11:49:14 +0800] "GET /xingrg/all/function/internal_message.html?_=1658548146624&CODE_STATE=getMsg HTTP/1.1" 200 27
114.84.2.83 - - [23/Jul/2022:11:49:16 +0800] "GET /xingrg/check_reg.html?_=1658548148917 HTTP/1.1" 200 22
218.81.223.53 - - [23/Jul/2022:11:49:23 +0800] "GET /xingrg/all/function/internal_message.html?_=1658548181720&CODE_STATE=getMsg HTTP/1.1" 200 27
180.175.103.110 - - [23/Jul/2022:11:49:33 +0800] "GET /xingrg/all/function/internal_message.html?_=1658548055867&CODE_STATE=getMsg HTTP/1.1" 200 27
116.235.94.65 - - [23/Jul/2022:11:49:37 +0800] "GET /xingrg/all/function/internal_message.html?_=1658548358822&CODE_STATE=getMsg HTTP/1.1" 200 27
101.85.120.95 - - [23/Jul/2022:11:49:40 +0800] "GET /xingrg/all/function/internal_message.html?_=1658548176248&CODE_STATE=getMsg HTTP/1.1" 200 27
101.83.223.227 - - [23/Jul/2022:11:49:40 +0800] "POST /xingrg/kc/buy/cgsh_list_operate.html HTTP/1.1" 200 1778
114.83.219.182 - - [23/Jul/2022:11:49:41 +0800] "GET /xingrg/all/function/internal_message.html?_=1658548176793&CODE_STATE=getMsg HTTP/1.1" 200 27
101.83.223.227 - - [23/Jul/2022:11:49:41 +0800] "POST /xingrg/kc/buy/cgsh_list_operate.html HTTP/1.1" 200 573
101.83.223.227 - - [23/Jul/2022:11:49:43 +0800] "GET /xingrg/kc/buy/cgsh_order_info.html?code=212022072305890 HTTP/1.1" 200 67953
101.83.223.227 - - [23/Jul/2022:11:49:44 +0800] "GET /xingrg/javascript/easyui/themes/default/validatebox.css HTTP/1.1" 404 1104
101.83.223.227 - - [23/Jul/2022:11:49:44 +0800] "POST /xingrg/kc/buy/cgsh_order_operate.html HTTP/1.1" 200 30450
114.86.187.244 - - [23/Jul/2022:11:49:46 +0800] "GET /xingrg/all/function/internal_message.html?_=1658548184637&CODE_STATE=getMsg HTTP/1.1" 200 27
180.169.147.146 - - [23/Jul/2022:11:49:47 +0800] "GET /xingrg/all/function/internal_message.html?_=1658548183602&CODE_STATE=getMsg HTTP/1.1" 302 -
101.83.223.227 - - [23/Jul/2022:11:49:51 +0800] "GET /xingrg/all/function/internal_message.html?_=1658548187810&CODE_STATE=getMsg HTTP/1.1" 200 27
101.83.223.227 - - [23/Jul/2022:11:49:51 +0800] "GET /xingrg/check_reg.html?_=1658548187813 HTTP/1.1" 200 22
101.80.228.36 - - [23/Jul/2022:11:49:53 +0800] "GET /xingrg/all/function/internal_message.html?_=1658548188502&CODE_STATE=getMsg HTTP/1.1" 200 27
116.224.123.211 - - [23/Jul/2022:11:49:53 +0800] "GET /xingrg/all/function/internal_message.html?_=1658548253881&CODE_STATE=getMsg HTTP/1.1" 200 27
222.69.129.110 - - [23/Jul/2022:11:50:07 +0800] "GET /xingrg/all/function/internal_message.html?_=1658548255295&CODE_STATE=getMsg HTTP/1.1" 200 27
116.235.94.65 - - [23/Jul/2022:11:50:09 +0800] "POST /xingrg/services/DataTransmitService HTTP/1.1" 200 524
116.235.94.65 - - [23/Jul/2022:11:50:10 +0800] "POST /xingrg/services/DataTransmitService HTTP/1.1" 200 501
114.86.187.244 - - [23/Jul/2022:11:50:10 +0800] "GET /xingrg/check_reg.html?_=1658548208416 HTTP/1.1" 200 22
116.235.94.65 - - [23/Jul/2022:11:50:10 +0800] "POST /xingrg/services/DataTransmitService HTTP/1.1" 200 501
116.235.94.65 - - [23/Jul/2022:11:50:11 +0800] "POST /xingrg/services/DataTransmitService HTTP/1.1" 200 412
114.84.2.83 - - [23/Jul/2022:11:50:14 +0800] "GET /xingrg/all/function/internal_message.html?_=1658548206627&CODE_STATE=getMsg HTTP/1.1" 200 27
218.81.223.53 - - [23/Jul/2022:11:50:23 +0800] "GET /xingrg/all/function/internal_message.html?_=1658548241730&CODE_STATE=getMsg HTTP/1.1" 200 27
180.175.103.110 - - [23/Jul/2022:11:50:32 +0800] "GET /xingrg/all/function/internal_message.html?_=1658548115855&CODE_STATE=getMsg HTTP/1.1" 200 27
116.235.94.65 - - [23/Jul/2022:11:50:37 +0800] "GET /xingrg/all/function/internal_message.html?_=1658548418816&CODE_STATE=getMsg HTTP/1.1" 200 27
101.85.120.95 - - [23/Jul/2022:11:50:40 +0800] "GET /xingrg/all/function/internal_message.html?_=1658548236248&CODE_STATE=getMsg HTTP/1.1" 200 27
101.85.120.95 - - [23/Jul/2022:11:50:40 +0800] "GET /xingrg/check_reg.html?_=1658548236250 HTTP/1.1" 200 22
114.83.219.182 - - [23/Jul/2022:11:50:41 +0800] "GET /xingrg/all/function/internal_message.html?_=1658548236765&CODE_STATE=getMsg HTTP/1.1" 200 27
114.86.187.244 - - [23/Jul/2022:11:50:46 +0800] "GET /xingrg/all/function/internal_message.html?_=1658548244611&CODE_STATE=getMsg HTTP/1.1" 200 27
180.169.147.146 - - [23/Jul/2022:11:50:47 +0800] "GET /xingrg/all/function/internal_message.html?_=1658548243606&CODE_STATE=getMsg HTTP/1.1" 302 -
180.175.103.110 - - [23/Jul/2022:11:50:48 +0800] "GET /xingrg/check_reg.html?_=1658548131552 HTTP/1.1" 200 22
101.83.223.227 - - [23/Jul/2022:11:50:51 +0800] "GET /xingrg/all/function/internal_message.html?_=1658548247822&CODE_STATE=getMsg HTTP/1.1" 200 27
116.224.123.211 - - [23/Jul/2022:11:50:52 +0800] "GET /xingrg/check_reg.html?_=1658548312304 HTTP/1.1" 200 22
101.80.228.36 - - [23/Jul/2022:11:50:52 +0800] "GET /xingrg/all/function/internal_message.html?_=1658548248472&CODE_STATE=getMsg HTTP/1.1" 200 27
116.224.123.211 - - [23/Jul/2022:11:50:53 +0800] "GET /xingrg/all/function/internal_message.html?_=1658548313895&CODE_STATE=getMsg HTTP/1.1" 200 27
222.69.129.110 - - [23/Jul/2022:11:51:07 +0800] "GET /xingrg/all/function/internal_message.html?_=1658548315307&CODE_STATE=getMsg HTTP/1.1" 200 27
114.84.2.83 - - [23/Jul/2022:11:51:14 +0800] "GET /xingrg/all/function/internal_message.html?_=1658548266605&CODE_STATE=getMsg HTTP/1.1" 200 27
218.81.223.53 - - [23/Jul/2022:11:51:23 +0800] "GET /xingrg/all/function/internal_message.html?_=1658548302022&CODE_STATE=getMsg HTTP/1.1" 200 27
114.83.219.182 - - [23/Jul/2022:11:51:26 +0800] "GET /xingrg/kc/base/wldb_order_list.html HTTP/1.1" 200 19148
114.83.219.182 - - [23/Jul/2022:11:51:26 +0800] "POST /xingrg/kc/base/wldb_list_operate.html HTTP/1.1" 200 928
180.175.103.110 - - [23/Jul/2022:11:51:32 +0800] "GET /xingrg/all/function/internal_message.html?_=1658548175831&CODE_STATE=getMsg HTTP/1.1" 200 27
116.235.94.65 - - [23/Jul/2022:11:51:37 +0800] "GET /xingrg/all/function/internal_message.html?_=1658548478815&CODE_STATE=getMsg HTTP/1.1" 200 27
101.85.120.95 - - [23/Jul/2022:11:51:40 +0800] "GET /xingrg/all/function/internal_message.html?_=1658548296250&CODE_STATE=getMsg HTTP/1.1" 200 27
114.83.219.182 - - [23/Jul/2022:11:51:41 +0800] "GET /xingrg/all/function/internal_message.html?_=1658548296747&CODE_STATE=getMsg HTTP/1.1" 200 27
114.83.219.182 - - [23/Jul/2022:11:51:42 +0800] "GET /xingrg/check_reg.html?_=1658548298219 HTTP/1.1" 200 22
218.81.223.53 - - [23/Jul/2022:11:51:44 +0800] "GET /xingrg/check_reg.html?_=1658548322917 HTTP/1.1" 200 22
61.170.233.82 - - [23/Jul/2022:11:51:45 +0800] "GET /xingrg/check_reg.html?_=1658548303542 HTTP/1.1" 200 22
114.86.187.244 - - [23/Jul/2022:11:51:46 +0800] "GET /xingrg/all/function/internal_message.html?_=1658548304596&CODE_STATE=getMsg HTTP/1.1" 200 27
180.169.147.146 - - [23/Jul/2022:11:51:47 +0800] "GET /xingrg/all/function/internal_message.html?_=1658548303606&CODE_STATE=getMsg HTTP/1.1" 302 -
101.83.223.227 - - [23/Jul/2022:11:51:51 +0800] "GET /xingrg/all/function/internal_message.html?_=1658548307816&CODE_STATE=getMsg HTTP/1.1" 200 27
101.80.228.36 - - [23/Jul/2022:11:51:52 +0800] "GET /xingrg/all/function/internal_message.html?_=1658548308443&CODE_STATE=getMsg HTTP/1.1" 200 27
116.224.123.211 - - [23/Jul/2022:11:51:53 +0800] "GET /xingrg/all/function/internal_message.html?_=1658548373908&CODE_STATE=getMsg HTTP/1.1" 200 27
116.224.123.211 - - [23/Jul/2022:11:52:03 +0800] "GET /xingrg/check_reg.html?_=1658548351908 HTTP/1.1" 200 22
114.86.225.230 - - [23/Jul/2022:11:52:04 +0800] "POST /xingrg/services/DataTransmitService HTTP/1.1" 200 524
114.86.225.230 - - [23/Jul/2022:11:52:04 +0800] "POST /xingrg/services/DataTransmitService HTTP/1.1" 200 501
114.83.219.182 - - [23/Jul/2022:11:52:06 +0800] "GET /xingrg/kc/base/wldb_order_add.html HTTP/1.1" 200 30362
114.83.219.182 - - [23/Jul/2022:11:52:06 +0800] "POST /xingrg/kc/base/wldb_order_operate.html HTTP/1.1" 200 6806
114.83.219.182 - - [23/Jul/2022:11:52:06 +0800] "GET /xingrg/all/common/auto_word.html?type=base&rest_code=00149 HTTP/1.1" 200 1907
114.83.219.182 - - [23/Jul/2022:11:52:06 +0800] "GET /xingrg/all/common/auto_word.html?type=base&rest_code=00149 HTTP/1.1" 200 1907
114.83.219.182 - - [23/Jul/2022:11:52:06 +0800] "GET /xingrg/javascript/easyui/themes/default/validatebox.css HTTP/1.1" 404 1104
222.69.129.110 - - [23/Jul/2022:11:52:07 +0800] "GET /xingrg/all/function/internal_message.html?_=1658548375298&CODE_STATE=getMsg HTTP/1.1" 200 27
114.84.2.83 - - [23/Jul/2022:11:52:14 +0800] "GET /xingrg/all/function/internal_message.html?_=1658548326577&CODE_STATE=getMsg HTTP/1.1" 200 27
101.83.223.227 - - [23/Jul/2022:11:52:17 +0800] "GET /xingrg/kc/buy/cgsh_order_operate.html?command=get_materiel&rest_code=00150&code=00101008108&supplier_code=00100007&order_time=2022-07-23 HTTP/1.1" 200 412
218.81.223.53 - - [23/Jul/2022:11:52:23 +0800] "GET /xingrg/all/function/internal_message.html?_=1658548362022&CODE_STATE=getMsg HTTP/1.1" 200 27
114.83.219.182 - - [23/Jul/2022:11:52:28 +0800] "GET /xingrg/javascript/auto/indicator.gif HTTP/1.1" 404 1066
180.175.103.110 - - [23/Jul/2022:11:52:32 +0800] "GET /xingrg/all/function/internal_message.html?_=1658548235820&CODE_STATE=getMsg HTTP/1.1" 200 27
114.83.219.182 - - [23/Jul/2022:11:52:37 +0800] "GET /xingrg/javascript/jquery_tools/images/prev.gif HTTP/1.1" 404 1086
114.83.219.182 - - [23/Jul/2022:11:52:37 +0800] "GET /xingrg/javascript/jquery_tools/images/next.gif HTTP/1.1" 404 1086
116.235.94.65 - - [23/Jul/2022:11:52:37 +0800] "GET /xingrg/check_reg.html?_=1658548538817 HTTP/1.1" 200 22
116.235.94.65 - - [23/Jul/2022:11:52:38 +0800] "GET /xingrg/all/function/internal_message.html?_=1658548538818&CODE_STATE=getMsg HTTP/1.1" 200 27
101.85.120.95 - - [23/Jul/2022:11:52:40 +0800] "GET /xingrg/all/function/internal_message.html?_=1658548356250&CODE_STATE=getMsg HTTP/1.1" 200 27
114.83.219.182 - - [23/Jul/2022:11:52:41 +0800] "GET /xingrg/all/function/internal_message.html?_=1658548357108&CODE_STATE=getMsg HTTP/1.1" 200 27
101.80.228.36 - - [23/Jul/2022:11:52:42 +0800] "GET /xingrg/check_reg.html?_=1658548358475 HTTP/1.1" 200 22
114.86.187.244 - - [23/Jul/2022:11:52:46 +0800] "GET /xingrg/all/function/internal_message.html?_=1658548364566&CODE_STATE=getMsg HTTP/1.1" 200 27
180.169.147.146 - - [23/Jul/2022:11:52:47 +0800] "GET /xingrg/all/function/internal_message.html?_=1658548363608&CODE_STATE=getMsg HTTP/1.1" 302 -
101.83.223.227 - - [23/Jul/2022:11:52:51 +0800] "POST /xingrg/kc/buy/cgsh_order_operate.html HTTP/1.1" 200 37
101.80.228.36 - - [23/Jul/2022:11:52:52 +0800] "GET /xingrg/all/function/internal_message.html?_=1658548368414&CODE_STATE=getMsg HTTP/1.1" 200 27
116.224.123.211 - - [23/Jul/2022:11:52:53 +0800] "GET /xingrg/all/function/internal_message.html?_=1658548433923&CODE_STATE=getMsg HTTP/1.1" 200 27
101.83.223.227 - - [23/Jul/2022:11:52:54 +0800] "POST /xingrg/kc/buy/cgsh_order_operate.html HTTP/1.1" 200 12
114.83.219.182 - - [23/Jul/2022:11:52:59 +0800] "GET /xingrg/kc/base/wldb_order_operate.html?command=get_materiel&rest_code=00149&base_code=0010400&code=00101001135 HTTP/1.1" 200 435
101.83.223.227 - - [23/Jul/2022:11:53:07 +0800] "GET /xingrg/kc/buy/cgsh_order_info.html?code=212022072305890 HTTP/1.1" 200 62847
222.69.129.110 - - [23/Jul/2022:11:53:07 +0800] "GET /xingrg/all/function/internal_message.html?_=1658548435295&CODE_STATE=getMsg HTTP/1.1" 200 27
101.83.223.227 - - [23/Jul/2022:11:53:07 +0800] "GET /xingrg/javascript/easyui/themes/default/validatebox.css HTTP/1.1" 404 1104
101.83.223.227 - - [23/Jul/2022:11:53:08 +0800] "POST /xingrg/kc/buy/cgsh_order_operate.html HTTP/1.1" 200 28392
101.83.223.227 - - [23/Jul/2022:11:53:09 +0800] "GET /xingrg/kc/print/load_data.html?order_code=212022072305890&kc_code=cgsh&condition= HTTP/1.1" 200 11256
114.84.2.83 - - [23/Jul/2022:11:53:14 +0800] "GET /xingrg/all/function/internal_message.html?_=1658548386557&CODE_STATE=getMsg HTTP/1.1" 200 27
101.83.223.227 - - [23/Jul/2022:11:53:17 +0800] "POST /xingrg/kc/buy/cgsh_list_operate.html HTTP/1.1" 200 1461
101.83.223.227 - - [23/Jul/2022:11:53:18 +0800] "POST /xingrg/kc/buy/cgsh_list_operate.html HTTP/1.1" 200 582
101.83.223.227 - - [23/Jul/2022:11:53:19 +0800] "GET /xingrg/kc/buy/cgsh_order_info.html?code=212022072305860 HTTP/1.1" 200 67953
101.83.223.227 - - [23/Jul/2022:11:53:20 +0800] "GET /xingrg/javascript/easyui/themes/default/validatebox.css HTTP/1.1" 404 1104
101.83.223.227 - - [23/Jul/2022:11:53:20 +0800] "POST /xingrg/kc/buy/cgsh_order_operate.html HTTP/1.1" 200 6806
218.81.223.53 - - [23/Jul/2022:11:53:23 +0800] "GET /xingrg/all/function/internal_message.html?_=1658548422037&CODE_STATE=getMsg HTTP/1.1" 200 27
116.224.123.211 - - [23/Jul/2022:11:53:29 +0800] "GET /xingrg/kc/buy/cgsh_order_list.html HTTP/1.1" 200 52162
116.224.123.211 - - [23/Jul/2022:11:53:30 +0800] "POST /xingrg/kc/buy/cgsh_list_operate.html HTTP/1.1" 200 693
180.175.103.110 - - [23/Jul/2022:11:53:32 +0800] "GET /xingrg/all/function/internal_message.html?_=1658548295806&CODE_STATE=getMsg HTTP/1.1" 200 27
116.235.94.65 - - [23/Jul/2022:11:53:37 +0800] "GET /xingrg/all/function/internal_message.html?_=1658548598816&CODE_STATE=getMsg HTTP/1.1" 200 27
101.85.120.95 - - [23/Jul/2022:11:53:40 +0800] "GET /xingrg/all/function/internal_message.html?_=1658548416253&CODE_STATE=getMsg HTTP/1.1" 200 27
116.224.123.211 - - [23/Jul/2022:11:53:41 +0800] "GET /xingrg/kc/buy/cgsh_order_add.html HTTP/1.1" 200 67979
114.83.219.182 - - [23/Jul/2022:11:53:41 +0800] "GET /xingrg/all/function/internal_message.html?_=1658548417085&CODE_STATE=getMsg HTTP/1.1" 200 27
116.224.123.211 - - [23/Jul/2022:11:53:41 +0800] "GET /xingrg/javascript/easyui/themes/icons/copy_new.png HTTP/1.1" 304 -
116.224.123.211 - - [23/Jul/2022:11:53:41 +0800] "POST /xingrg/kc/buy/cgsh_order_operate.html HTTP/1.1" 200 8245
116.224.123.211 - - [23/Jul/2022:11:53:42 +0800] "GET /xingrg/all/common/auto_word.html?type=employee&rest_code=00102 HTTP/1.1" 200 189
116.224.123.211 - - [23/Jul/2022:11:53:42 +0800] "GET /xingrg/all/common/auto_word.html?type=employee&rest_code=00102 HTTP/1.1" 200 189
116.224.123.211 - - [23/Jul/2022:11:53:42 +0800] "GET /xingrg/javascript/easyui/themes/default/validatebox.css HTTP/1.1" 404 1104
116.224.123.211 - - [23/Jul/2022:11:53:44 +0800] "GET /xingrg/javascript/easyui/plugins/jquery.draggable.js HTTP/1.1" 304 -
116.224.123.211 - - [23/Jul/2022:11:53:44 +0800] "GET /xingrg/javascript/easyui/plugins/jquery.droppable.js HTTP/1.1" 304 -
116.224.123.211 - - [23/Jul/2022:11:53:44 +0800] "GET /xingrg/javascript/easyui/themes/default/tree.css HTTP/1.1" 404 1090
116.224.123.211 - - [23/Jul/2022:11:53:44 +0800] "GET /xingrg/javascript/easyui/plugins/jquery.tree.js HTTP/1.1" 304 -
116.224.123.211 - - [23/Jul/2022:11:53:44 +0800] "POST /xingrg/all/common/load_tree.html?tree=supplier_tree_json&isDelete=1 HTTP/1.1" 200 66956
114.86.187.244 - - [23/Jul/2022:11:53:46 +0800] "GET /xingrg/all/function/internal_message.html?_=1658548424535&CODE_STATE=getMsg HTTP/1.1" 200 27
116.224.123.211 - - [23/Jul/2022:11:53:47 +0800] "GET /xingrg/javascript/easyui/themes/default/images/tree_arrows.gif HTTP/1.1" 304 -
116.224.123.211 - - [23/Jul/2022:11:53:47 +0800] "GET /xingrg/javascript/easyui/themes/default/images/tree_folder_open.gif HTTP/1.1" 304 -
116.224.123.211 - - [23/Jul/2022:11:53:47 +0800] "GET /xingrg/javascript/easyui/themes/default/images/tree_file.gif HTTP/1.1" 304 -
116.224.123.211 - - [23/Jul/2022:11:53:47 +0800] "GET /xingrg/javascript/easyui/themes/default/images/tree_folder.gif HTTP/1.1" 304 -
180.169.147.146 - - [23/Jul/2022:11:53:47 +0800] "GET /xingrg/check_reg.html?_=1658548423612 HTTP/1.1" 302 -
180.169.147.146 - - [23/Jul/2022:11:53:47 +0800] "GET /xingrg/all/function/internal_message.html?_=1658548423614&CODE_STATE=getMsg HTTP/1.1" 302 -
101.83.223.227 - - [23/Jul/2022:11:53:51 +0800] "GET /xingrg/all/function/internal_message.html?_=1658548427830&CODE_STATE=getMsg HTTP/1.1" 200 27
101.80.228.36 - - [23/Jul/2022:11:53:52 +0800] "GET /xingrg/all/function/internal_message.html?_=1658548428400&CODE_STATE=getMsg HTTP/1.1" 200 27
116.224.123.211 - - [23/Jul/2022:11:53:53 +0800] "GET /xingrg/all/function/internal_message.html?_=1658548493938&CODE_STATE=getMsg HTTP/1.1" 200 27
120.253.135.82 - - [23/Jul/2022:11:53:55 +0800] "GET /xingrg/check_reg.html?_=1658548239616 HTTP/1.1" 200 22
116.224.123.211 - - [23/Jul/2022:11:54:05 +0800] "GET /xingrg/kc/buy/cgsh_order_operate.html?command=get_materiel&rest_code=00102&code=00101009124&supplier_code=00100424&order_time=2022-07-23 HTTP/1.1" 200 416
222.69.129.110 - - [23/Jul/2022:11:54:07 +0800] "GET /xingrg/all/function/internal_message.html?_=1658548495299&CODE_STATE=getMsg HTTP/1.1" 200 27
222.69.129.110 - - [23/Jul/2022:11:54:07 +0800] "GET /xingrg/check_reg.html?_=1658548495305 HTTP/1.1" 200 22
114.84.2.83 - - [23/Jul/2022:11:54:14 +0800] "GET /xingrg/all/function/internal_message.html?_=1658548446538&CODE_STATE=getMsg HTTP/1.1" 200 27
114.84.2.83 - - [23/Jul/2022:11:54:16 +0800] "GET /xingrg/check_reg.html?_=1658548448943 HTTP/1.1" 200 22
101.83.223.227 - - [23/Jul/2022:11:54:17 +0800] "POST /xingrg/kc/buy/cgsh_order_operate.html HTTP/1.1" 200 37
116.224.123.211 - - [23/Jul/2022:11:54:19 +0800] "GET /xingrg/kc/buy/cgsh_order_operate.html?command=get_materiel&rest_code=00102&code=00101009001&supplier_code=00100424&order_time=2022-07-23 HTTP/1.1" 200 416
101.83.223.227 - - [23/Jul/2022:11:54:21 +0800] "POST /xingrg/kc/buy/cgsh_order_operate.html HTTP/1.1" 200 12
101.83.223.227 - - [23/Jul/2022:11:54:22 +0800] "GET /xingrg/kc/buy/cgsh_order_info.html?code=212022072305860 HTTP/1.1" 200 62847
101.83.223.227 - - [23/Jul/2022:11:54:22 +0800] "GET /xingrg/javascript/easyui/themes/default/validatebox.css HTTP/1.1" 404 1104
101.83.223.227 - - [23/Jul/2022:11:54:23 +0800] "POST /xingrg/kc/buy/cgsh_order_operate.html HTTP/1.1" 200 4751
218.81.223.53 - - [23/Jul/2022:11:54:24 +0800] "GET /xingrg/all/function/internal_message.html?_=1658548482329&CODE_STATE=getMsg HTTP/1.1" 200 27
101.83.223.227 - - [23/Jul/2022:11:54:24 +0800] "GET /xingrg/kc/print/load_data.html?order_code=212022072305860&kc_code=cgsh&condition= HTTP/1.1" 200 2285
101.83.223.227 - - [23/Jul/2022:11:54:29 +0800] "POST /xingrg/kc/buy/cgsh_list_operate.html HTTP/1.1" 200 693
101.83.223.227 - - [23/Jul/2022:11:54:31 +0800] "POST /xingrg/all/user/operate.html HTTP/1.1" 200 36
101.83.223.227 - - [23/Jul/2022:11:54:32 +0800] "GET /xingrg/index.html?sysBaseUrl=http%3A%2F%2F180.169.147.146%3A18081%2Fxingrg%2F&costTime=38×tamp=1658537384307 HTTP/1.1" 200 17177
101.83.223.227 - - [23/Jul/2022:11:54:32 +0800] "GET /xingrg/javascript/jquery_easy_ui/themes/default/easyui.css HTTP/1.1" 304 -
101.83.223.227 - - [23/Jul/2022:11:54:32 +0800] "GET /xingrg/javascript/jquery_easy_ui/themes/icon.css HTTP/1.1" 304 -
101.83.223.227 - - [23/Jul/2022:11:54:32 +0800] "GET /xingrg/css/form.css HTTP/1.1" 304 -
101.83.223.227 - - [23/Jul/2022:11:54:32 +0800] "GET /xingrg/javascript/jquery-1.4.2.min.js HTTP/1.1" 304 -
101.83.223.227 - - [23/Jul/2022:11:54:32 +0800] "GET /xingrg/javascript/jquery_easy_ui/jquery.easyui.min.js HTTP/1.1" 304 -
101.83.223.227 - - [23/Jul/2022:11:54:32 +0800] "GET /xingrg/javascript/jquery_easy_ui/easyui-lang-zh_CN.js HTTP/1.1" 304 -
101.83.223.227 - - [23/Jul/2022:11:54:32 +0800] "GET /xingrg/javascript/jquery.form.js HTTP/1.1" 304 -
101.83.223.227 - - [23/Jul/2022:11:54:32 +0800] "GET /xingrg/javascript/jquery.utils.js HTTP/1.1" 304 -
101.83.223.227 - - [23/Jul/2022:11:54:32 +0800] "GET /xingrg/javascript/jquery.timers.js HTTP/1.1" 304 -
101.83.223.227 - - [23/Jul/2022:11:54:32 +0800] "GET /xingrg/images/blue/jxLogo.png HTTP/1.1" 304 -
101.83.223.227 - - [23/Jul/2022:11:54:32 +0800] "GET /xingrg/javascript/jquery_easy_ui/themes/icons/settle_new.png HTTP/1.1" 304 -
101.83.223.227 - - [23/Jul/2022:11:54:32 +0800] "GET /xingrg/images/blue/navBackgound.jpg HTTP/1.1" 304 -
101.83.223.227 - - [23/Jul/2022:11:54:32 +0800] "POST /xingrg/all/common/load_tree.html?tree=area_rest_tree_json&manage=1 HTTP/1.1" 200 476
101.83.223.227 - - [23/Jul/2022:11:54:32 +0800] "GET /xingrg/all/function/internal_message.html?_=1658548468989&CODE_STATE=count HTTP/1.1" 200 11
101.83.223.227 - - [23/Jul/2022:11:54:32 +0800] "GET /xingrg/check_reg.html?_=1658548468991 HTTP/1.1" 200 22
101.83.223.227 - - [23/Jul/2022:11:54:32 +0800] "GET /xingrg/javascript/jquery_easy_ui/themes/default/images/tabs_leftarrow.png HTTP/1.1" 304 -
101.83.223.227 - - [23/Jul/2022:11:54:32 +0800] "GET /xingrg/javascript/jquery_easy_ui/themes/default/images/panel_tool_collapse.gif HTTP/1.1" 304 -
101.83.223.227 - - [23/Jul/2022:11:54:32 +0800] "POST /xingrg/load_menu.html HTTP/1.1" 200 5138
101.83.223.227 - - [23/Jul/2022:11:54:32 +0800] "GET /xingrg/images/blue/pingpu.png HTTP/1.1" 304 -
101.83.223.227 - - [23/Jul/2022:11:54:32 +0800] "GET /xingrg/javascript/jquery_easy_ui/themes/default/images/tabs_rightarrow.png HTTP/1.1" 304 -
101.83.223.227 - - [23/Jul/2022:11:54:32 +0800] "GET /xingrg/javascript/jquery_easy_ui/themes/default/images/tree_folder_open.gif HTTP/1.1" 304 -
101.83.223.227 - - [23/Jul/2022:11:54:32 +0800] "GET /xingrg/javascript/jquery_easy_ui/themes/icons/search_new.png HTTP/1.1" 304 -
101.83.223.227 - - [23/Jul/2022:11:54:32 +0800] "GET /xingrg/javascript/jquery_easy_ui/themes/default/images/tree_folder.gif HTTP/1.1" 304 -
101.83.223.227 - - [23/Jul/2022:11:54:32 +0800] "GET /xingrg/javascript/jquery_easy_ui/themes/default/images/tree_arrows.gif HTTP/1.1" 304 -
101.83.223.227 - - [23/Jul/2022:11:54:32 +0800] "GET /xingrg/javascript/jquery_easy_ui/themes/icons/storage_new.png HTTP/1.1" 304 -
101.83.223.227 - - [23/Jul/2022:11:54:32 +0800] "GET /xingrg/javascript/jquery_easy_ui/themes/default/images/tree_file.gif HTTP/1.1" 304 -
101.83.223.227 - - [23/Jul/2022:11:54:32 +0800] "GET /xingrg/javascript/jquery_easy_ui/themes/icons/forms_new.png HTTP/1.1" 304 -
180.175.103.110 - - [23/Jul/2022:11:54:32 +0800] "GET /xingrg/all/function/internal_message.html?_=1658548355796&CODE_STATE=getMsg HTTP/1.1" 200 27
101.83.223.227 - - [23/Jul/2022:11:54:34 +0800] "GET /xingrg/kc/buy/cgsh_order_list.html HTTP/1.1" 200 52166
101.83.223.227 - - [23/Jul/2022:11:54:36 +0800] "POST /xingrg/kc/buy/cgsh_list_operate.html HTTP/1.1" 200 1772
116.235.94.65 - - [23/Jul/2022:11:54:38 +0800] "GET /xingrg/all/function/internal_message.html?_=1658548658824&CODE_STATE=getMsg HTTP/1.1" 200 27
101.83.223.227 - - [23/Jul/2022:11:54:38 +0800] "POST /xingrg/kc/buy/cgsh_list_operate.html HTTP/1.1" 200 569
116.224.123.211 - - [23/Jul/2022:11:54:39 +0800] "GET /xingrg/kc/buy/cgsh_order_operate.html?command=get_materiel&rest_code=00102&code=00101009112&supplier_code=00100424&order_time=2022-07-23 HTTP/1.1" 200 441
101.83.223.227 - - [23/Jul/2022:11:54:39 +0800] "GET /xingrg/kc/buy/cgsh_order_info.html?code=212022072305850 HTTP/1.1" 200 67551
101.83.223.227 - - [23/Jul/2022:11:54:39 +0800] "GET /xingrg/javascript/easyui/themes/default/validatebox.css HTTP/1.1" 404 1104
101.85.120.95 - - [23/Jul/2022:11:54:40 +0800] "GET /xingrg/all/function/internal_message.html?_=1658548476261&CODE_STATE=getMsg HTTP/1.1" 200 27
101.83.223.227 - - [23/Jul/2022:11:54:40 +0800] "POST /xingrg/kc/buy/cgsh_order_operate.html HTTP/1.1" 200 6851
114.83.219.182 - - [23/Jul/2022:11:54:41 +0800] "GET /xingrg/all/function/internal_message.html?_=1658548477068&CODE_STATE=getMsg HTTP/1.1" 200 27
114.86.187.244 - - [23/Jul/2022:11:54:46 +0800] "GET /xingrg/all/function/internal_message.html?_=1658548484516&CODE_STATE=getMsg HTTP/1.1" 200 27
180.169.147.146 - - [23/Jul/2022:11:54:47 +0800] "GET /xingrg/all/function/internal_message.html?_=1658548483600&CODE_STATE=getMsg HTTP/1.1" 302 -
101.80.228.36 - - [23/Jul/2022:11:54:52 +0800] "GET /xingrg/all/function/internal_message.html?_=1658548488370&CODE_STATE=getMsg HTTP/1.1" 200 27
116.224.123.211 - - [23/Jul/2022:11:54:53 +0800] "GET /xingrg/all/function/internal_message.html?_=1658548553949&CODE_STATE=getMsg HTTP/1.1" 200 27
222.69.129.110 - - [23/Jul/2022:11:55:07 +0800] "GET /xingrg/all/function/internal_message.html?_=1658548555297&CODE_STATE=getMsg HTTP/1.1" 200 27
114.86.187.244 - - [23/Jul/2022:11:55:10 +0800] "GET /xingrg/check_reg.html?_=1658548508445 HTTP/1.1" 200 22
114.84.2.83 - - [23/Jul/2022:11:55:14 +0800] "GET /xingrg/all/function/internal_message.html?_=1658548506521&CODE_STATE=getMsg HTTP/1.1" 200 27
114.83.219.182 - - [23/Jul/2022:11:55:20 +0800] "POST /xingrg/kc/base/wldb_order_operate.html HTTP/1.1" 200 37
114.83.219.182 - - [23/Jul/2022:11:55:21 +0800] "POST /xingrg/kc/base/wldb_order_operate.html HTTP/1.1" 200 2184
114.83.219.182 - - [23/Jul/2022:11:55:22 +0800] "GET /xingrg/kc/base/wldb_order_info.html?code=422022072301459 HTTP/1.1" 200 30374
114.83.219.182 - - [23/Jul/2022:11:55:22 +0800] "GET /xingrg/javascript/easyui/themes/default/validatebox.css HTTP/1.1" 404 1104
114.83.219.182 - - [23/Jul/2022:11:55:22 +0800] "POST /xingrg/kc/base/wldb_order_operate.html HTTP/1.1" 200 2184
218.81.223.53 - - [23/Jul/2022:11:55:24 +0800] "GET /xingrg/all/function/internal_message.html?_=1658548542345&CODE_STATE=getMsg HTTP/1.1" 200 27
114.83.219.182 - - [23/Jul/2022:11:55:26 +0800] "GET /xingrg/kc/base/wldb_order_add.html HTTP/1.1" 200 30362
114.83.219.182 - - [23/Jul/2022:11:55:26 +0800] "POST /xingrg/kc/base/wldb_order_operate.html HTTP/1.1" 200 6806
114.83.219.182 - - [23/Jul/2022:11:55:26 +0800] "GET /xingrg/javascript/easyui/themes/default/validatebox.css HTTP/1.1" 404 1104
101.83.223.227 - - [23/Jul/2022:11:55:32 +0800] "GET /xingrg/all/function/internal_message.html?_=1658548528992&CODE_STATE=getMsg HTTP/1.1" 200 27
180.175.103.110 - - [23/Jul/2022:11:55:32 +0800] "GET /xingrg/all/function/internal_message.html?_=1658548415806&CODE_STATE=getMsg HTTP/1.1" 200 27
101.83.223.227 - - [23/Jul/2022:11:55:35 +0800] "POST /xingrg/kc/buy/cgsh_order_operate.html HTTP/1.1" 200 37
114.83.219.182 - - [23/Jul/2022:11:55:37 +0800] "GET /xingrg/kc/base/wldb_order_operate.html?command=get_materiel&rest_code=00149&base_code=0010400&code=00101004065 HTTP/1.1" 200 435
116.224.123.211 - - [23/Jul/2022:11:55:37 +0800] "GET /xingrg/kc/buy/cgsh_order_operate.html?command=get_materiel&rest_code=00102&code=00101009016&supplier_code=00100424&order_time=2022-07-23 HTTP/1.1" 200 430
116.235.94.65 - - [23/Jul/2022:11:55:37 +0800] "GET /xingrg/all/function/internal_message.html?_=1658548718817&CODE_STATE=getMsg HTTP/1.1" 200 27
101.85.120.95 - - [23/Jul/2022:11:55:40 +0800] "GET /xingrg/check_reg.html?_=1658548536247 HTTP/1.1" 200 22
101.85.120.95 - - [23/Jul/2022:11:55:40 +0800] "GET /xingrg/all/function/internal_message.html?_=1658548536249&CODE_STATE=getMsg HTTP/1.1" 200 27
101.83.223.227 - - [23/Jul/2022:11:55:41 +0800] "POST /xingrg/kc/buy/cgsh_order_operate.html HTTP/1.1" 200 12
114.83.219.182 - - [23/Jul/2022:11:55:41 +0800] "GET /xingrg/all/function/internal_message.html?_=1658548537047&CODE_STATE=getMsg HTTP/1.1" 200 27
101.83.223.227 - - [23/Jul/2022:11:55:44 +0800] "GET /xingrg/kc/buy/cgsh_order_info.html?code=212022072305850 HTTP/1.1" 200 62445
101.83.223.227 - - [23/Jul/2022:11:55:44 +0800] "GET /xingrg/javascript/easyui/themes/default/validatebox.css HTTP/1.1" 404 1104
101.83.223.227 - - [23/Jul/2022:11:55:45 +0800] "POST /xingrg/kc/buy/cgsh_order_operate.html HTTP/1.1" 200 4795
114.86.187.244 - - [23/Jul/2022:11:55:46 +0800] "GET /xingrg/all/function/internal_message.html?_=1658548544515&CODE_STATE=getMsg HTTP/1.1" 200 27
101.83.223.227 - - [23/Jul/2022:11:55:46 +0800] "GET /xingrg/kc/print/load_data.html?order_code=212022072305850&kc_code=cgsh&condition= HTTP/1.1" 200 2315
180.169.147.146 - - [23/Jul/2022:11:55:47 +0800] "GET /xingrg/all/function/internal_message.html?_=1658548543602&CODE_STATE=getMsg HTTP/1.1" 302 -
116.224.123.211 - - [23/Jul/2022:11:55:47 +0800] "GET /xingrg/kc/buy/cgsh_order_operate.html?command=get_materiel&rest_code=00102&code=00101009013&supplier_code=00100424&order_time=2022-07-23 HTTP/1.1" 200 436
180.175.103.110 - - [23/Jul/2022:11:55:48 +0800] "GET /xingrg/check_reg.html?_=1658548431585 HTTP/1.1" 200 22
101.85.120.95 - - [23/Jul/2022:11:55:52 +0800] "GET /xingrg/javascript/jquery_easy_ui/themes/default/images/tabs_close.gif HTTP/1.1" 304 -
101.85.120.95 - - [23/Jul/2022:11:55:52 +0800] "GET /xingrg/css/base.css HTTP/1.1" 304 -
101.85.120.95 - - [23/Jul/2022:11:55:52 +0800] "GET /xingrg/javascript/auto/jquery.autocomplete.css HTTP/1.1" 304 -
101.85.120.95 - - [23/Jul/2022:11:55:52 +0800] "GET /xingrg/kc/base/yddb_order_list.html HTTP/1.1" 200 16754
101.85.120.95 - - [23/Jul/2022:11:55:52 +0800] "GET /xingrg/javascript/jquery_tools/fix.css HTTP/1.1" 304 -
101.85.120.95 - - [23/Jul/2022:11:55:52 +0800] "GET /xingrg/javascript/jquery_tools/table.css HTTP/1.1" 304 -
101.85.120.95 - - [23/Jul/2022:11:55:52 +0800] "GET /xingrg/javascript/jquery_tools/jquery.tools.min.js HTTP/1.1" 304 -
101.85.120.95 - - [23/Jul/2022:11:55:52 +0800] "GET /xingrg/javascript/jquery_tools/jquery.tools.extend.js HTTP/1.1" 304 -
101.85.120.95 - - [23/Jul/2022:11:55:52 +0800] "GET /xingrg/javascript/jquery_tools/jquery.tools.hotkey.js HTTP/1.1" 304 -
101.85.120.95 - - [23/Jul/2022:11:55:52 +0800] "GET /xingrg/css/site.css HTTP/1.1" 304 -
101.85.120.95 - - [23/Jul/2022:11:55:52 +0800] "GET /xingrg/javascript/jquery_tools/jquery.tools.table.js HTTP/1.1" 304 -
116.224.123.211 - - [23/Jul/2022:11:55:52 +0800] "GET /xingrg/check_reg.html?_=1658548612308 HTTP/1.1" 200 22
101.85.120.95 - - [23/Jul/2022:11:55:52 +0800] "GET /xingrg/javascript/jquery_tools/list_manager.js HTTP/1.1" 304 -
101.85.120.95 - - [23/Jul/2022:11:55:52 +0800] "GET /xingrg/javascript/auto/jquery.autocomplete.js HTTP/1.1" 304 -
101.85.120.95 - - [23/Jul/2022:11:55:52 +0800] "GET /xingrg/javascript/easyui/easyloader.js HTTP/1.1" 304 -
101.85.120.95 - - [23/Jul/2022:11:55:52 +0800] "GET /xingrg/javascript/jquery.cookie.js HTTP/1.1" 304 -
101.85.120.95 - - [23/Jul/2022:11:55:52 +0800] "GET /xingrg/javascript/print/LodopFuncs.js HTTP/1.1" 304 -
101.85.120.95 - - [23/Jul/2022:11:55:52 +0800] "GET /xingrg/javascript/easyui/themes/icon.css HTTP/1.1" 304 -
101.85.120.95 - - [23/Jul/2022:11:55:52 +0800] "GET /xingrg/javascript/easyui/themes/default/easyui.css HTTP/1.1" 304 -
101.85.120.95 - - [23/Jul/2022:11:55:52 +0800] "GET /xingrg/javascript/jquery_tools/datebox.css HTTP/1.1" 304 -
101.80.228.36 - - [23/Jul/2022:11:55:52 +0800] "GET /xingrg/all/function/internal_message.html?_=1658548548349&CODE_STATE=getMsg HTTP/1.1" 200 27
101.85.120.95 - - [23/Jul/2022:11:55:52 +0800] "GET /xingrg/javascript/easyui/themes/icons/edit_add_new.png HTTP/1.1" 304 -
101.85.120.95 - - [23/Jul/2022:11:55:52 +0800] "GET /xingrg/javascript/easyui/themes/icons/field_new.png HTTP/1.1" 304 -
101.85.120.95 - - [23/Jul/2022:11:55:52 +0800] "GET /xingrg/javascript/easyui/themes/icons/import_new.png HTTP/1.1" 304 -
101.85.120.95 - - [23/Jul/2022:11:55:53 +0800] "GET /xingrg/javascript/easyui/plugins/jquery.parser.js HTTP/1.1" 304 -
101.85.120.95 - - [23/Jul/2022:11:55:53 +0800] "GET /xingrg/images/control/ajaxLoader.gif HTTP/1.1" 304 -
101.85.120.95 - - [23/Jul/2022:11:55:53 +0800] "POST /xingrg/kc/base/yddb_list_operate.html HTTP/1.1" 200 636
116.224.123.211 - - [23/Jul/2022:11:55:53 +0800] "GET /xingrg/all/function/internal_message.html?_=1658548613963&CODE_STATE=getMsg HTTP/1.1" 200 27
101.80.228.36 - - [23/Jul/2022:11:55:54 +0800] "GET /xingrg/kc/report/report_main.html HTTP/1.1" 200 7340
101.83.223.227 - - [23/Jul/2022:11:55:55 +0800] "POST /xingrg/kc/buy/cgsh_list_operate.html HTTP/1.1" 200 564
101.85.120.95 - - [23/Jul/2022:11:55:55 +0800] "POST /xingrg/kc/base/yddb_list_operate.html HTTP/1.1" 200 4384
101.83.223.227 - - [23/Jul/2022:11:55:56 +0800] "GET /xingrg/kc/buy/cgsh_order_info.html?code=212022072305853 HTTP/1.1" 200 67551
101.83.223.227 - - [23/Jul/2022:11:55:56 +0800] "GET /xingrg/javascript/easyui/themes/default/validatebox.css HTTP/1.1" 404 1104
101.85.120.95 - - [23/Jul/2022:11:55:56 +0800] "POST /xingrg/kc/base/yddb_list_operate.html HTTP/1.1" 200 4384
101.80.228.36 - - [23/Jul/2022:11:55:56 +0800] "GET /xingrg/kc/base/kc_stocks.html HTTP/1.1" 200 16443
101.80.228.36 - - [23/Jul/2022:11:55:57 +0800] "GET /xingrg/javascript/easyui/themes/default/tree.css HTTP/1.1" 404 1090
101.83.223.227 - - [23/Jul/2022:11:55:57 +0800] "POST /xingrg/kc/buy/cgsh_order_operate.html HTTP/1.1" 200 18853
101.80.228.36 - - [23/Jul/2022:11:55:57 +0800] "POST /xingrg/all/common/load_tree.html?tree=materiel_sort_tree_json HTTP/1.1" 200 9388
116.224.123.211 - - [23/Jul/2022:11:55:57 +0800] "GET /xingrg/kc/buy/cgsh_order_operate.html?command=get_materiel&rest_code=00102&code=00101009021&supplier_code=00100424&order_time=2022-07-23 HTTP/1.1" 200 416
114.83.219.182 - - [23/Jul/2022:11:56:04 +0800] "GET /xingrg/kc/base/wldb_order_operate.html?command=get_materiel&rest_code=00149&base_code=0010400&code=00101010616 HTTP/1.1" 200 431
222.69.129.110 - - [23/Jul/2022:11:56:07 +0800] "GET /xingrg/all/function/internal_message.html?_=1658548615305&CODE_STATE=getMsg HTTP/1.1" 200 27
114.84.2.83 - - [23/Jul/2022:11:56:14 +0800] "GET /xingrg/all/function/internal_message.html?_=1658548566495&CODE_STATE=getMsg HTTP/1.1" 200 27
101.80.228.36 - - [23/Jul/2022:11:56:14 +0800] "POST /xingrg/kc/base/stock_operate.html HTTP/1.1" 200 765
101.80.228.36 - - [23/Jul/2022:11:56:16 +0800] "POST /xingrg/kc/base/stock_operate.html HTTP/1.1" 200 765
218.81.223.53 - - [23/Jul/2022:11:56:24 +0800] "GET /xingrg/all/function/internal_message.html?_=1658548602630&CODE_STATE=getMsg HTTP/1.1" 200 27
101.80.228.36 - - [23/Jul/2022:11:56:25 +0800] "POST /xingrg/kc/base/stock_operate.html HTTP/1.1" 200 3905
101.83.223.227 - - [23/Jul/2022:11:56:32 +0800] "GET /xingrg/all/function/internal_message.html?_=1658548588999&CODE_STATE=getMsg HTTP/1.1" 200 27
180.175.103.110 - - [23/Jul/2022:11:56:32 +0800] "GET /xingrg/all/function/internal_message.html?_=1658548475784&CODE_STATE=getMsg HTTP/1.1" 200 27
114.83.219.182 - - [23/Jul/2022:11:56:36 +0800] "POST /xingrg/kc/base/wldb_order_operate.html HTTP/1.1" 200 37
114.83.219.182 - - [23/Jul/2022:11:56:37 +0800] "POST /xingrg/kc/base/wldb_order_operate.html HTTP/1.1" 200 2654
116.235.94.65 - - [23/Jul/2022:11:56:37 +0800] "GET /xingrg/all/function/internal_message.html?_=1658548778812&CODE_STATE=getMsg HTTP/1.1" 200 27
114.83.219.182 - - [23/Jul/2022:11:56:38 +0800] "GET /xingrg/kc/base/wldb_order_info.html?code=422022072301460 HTTP/1.1" 200 30374
114.83.219.182 - - [23/Jul/2022:11:56:38 +0800] "GET /xingrg/javascript/easyui/themes/default/validatebox.css HTTP/1.1" 404 1104
114.83.219.182 - - [23/Jul/2022:11:56:38 +0800] "POST /xingrg/kc/base/wldb_order_operate.html HTTP/1.1" 200 2654
101.85.120.95 - - [23/Jul/2022:11:56:40 +0800] "GET /xingrg/all/function/internal_message.html?_=1658548596270&CODE_STATE=getMsg HTTP/1.1" 200 27
114.83.219.182 - - [23/Jul/2022:11:56:41 +0800] "GET /xingrg/all/function/internal_message.html?_=1658548597030&CODE_STATE=getMsg HTTP/1.1" 200 27
114.83.219.182 - - [23/Jul/2022:11:56:42 +0800] "GET /xingrg/check_reg.html?_=1658548598230 HTTP/1.1" 200 22
218.81.223.53 - - [23/Jul/2022:11:56:44 +0800] "GET /xingrg/check_reg.html?_=1658548622923 HTTP/1.1" 200 22
61.170.233.82 - - [23/Jul/2022:11:56:45 +0800] "GET /xingrg/check_reg.html?_=1658548603515 HTTP/1.1" 200 22
114.86.187.244 - - [23/Jul/2022:11:56:46 +0800] "GET /xingrg/all/function/internal_message.html?_=1658548604500&CODE_STATE=getMsg HTTP/1.1" 200 27
180.169.147.146 - - [23/Jul/2022:11:56:47 +0800] "GET /xingrg/all/function/internal_message.html?_=1658548603604&CODE_STATE=getMsg HTTP/1.1" 302 -
101.80.228.36 - - [23/Jul/2022:11:56:52 +0800] "GET /xingrg/all/function/internal_message.html?_=1658548608322&CODE_STATE=getMsg HTTP/1.1" 200 27
114.83.219.182 - - [23/Jul/2022:11:56:53 +0800] "GET /xingrg/kc/base/wldb_order_add.html HTTP/1.1" 200 30362
114.83.219.182 - - [23/Jul/2022:11:56:53 +0800] "POST /xingrg/kc/base/wldb_order_operate.html HTTP/1.1" 200 6806
114.83.219.182 - - [23/Jul/2022:11:56:53 +0800] "GET /xingrg/javascript/easyui/themes/default/validatebox.css HTTP/1.1" 404 1104
116.224.123.211 - - [23/Jul/2022:11:56:53 +0800] "GET /xingrg/all/function/internal_message.html?_=1658548673977&CODE_STATE=getMsg HTTP/1.1" 200 27
116.224.123.211 - - [23/Jul/2022:11:57:03 +0800] "GET /xingrg/check_reg.html?_=1658548651893 HTTP/1.1" 200 22
222.69.129.110 - - [23/Jul/2022:11:57:07 +0800] "GET /xingrg/all/function/internal_message.html?_=1658548675300&CODE_STATE=getMsg HTTP/1.1" 200 27
101.83.223.227 - - [23/Jul/2022:11:57:12 +0800] "GET /xingrg/javascript/auto/indicator.gif HTTP/1.1" 404 1066
114.83.219.182 - - [23/Jul/2022:11:57:12 +0800] "GET /xingrg/kc/base/wldb_order_operate.html?command=get_materiel&rest_code=00149&base_code=0010395&code=00102002992 HTTP/1.1" 200 435
101.80.228.36 - - [23/Jul/2022:11:57:13 +0800] "POST /xingrg/kc/base/stock_operate.html HTTP/1.1" 200 765
114.84.2.83 - - [23/Jul/2022:11:57:14 +0800] "GET /xingrg/all/function/internal_message.html?_=1658548626466&CODE_STATE=getMsg HTTP/1.1" 200 27
101.80.228.36 - - [23/Jul/2022:11:57:16 +0800] "POST /xingrg/all/common/load_combo.html?type=base HTTP/1.1" 200 3321
101.83.223.227 - - [23/Jul/2022:11:57:16 +0800] "GET /xingrg/kc/buy/cgsh_order_operate.html?command=get_materiel&rest_code=00151&code=00101008213&supplier_code=00100007&order_time=2022-07-23 HTTP/1.1" 200 428
101.80.228.36 - - [23/Jul/2022:11:57:19 +0800] "POST /xingrg/kc/base/stock_operate.html HTTP/1.1" 200 765
114.83.219.182 - - [23/Jul/2022:11:57:20 +0800] "GET /xingrg/kc/base/wldb_order_operate.html?command=get_materiel&rest_code=00149&base_code=0010395&code=00102002448 HTTP/1.1" 200 440
218.81.223.53 - - [23/Jul/2022:11:57:24 +0800] "GET /xingrg/all/function/internal_message.html?_=1658548662636&CODE_STATE=getMsg HTTP/1.1" 200 27
101.80.228.36 - - [23/Jul/2022:11:57:24 +0800] "POST /xingrg/kc/base/stock_operate.html HTTP/1.1" 200 765
101.80.228.36 - - [23/Jul/2022:11:57:25 +0800] "POST /xingrg/kc/base/stock_operate.html HTTP/1.1" 200 765
101.83.223.227 - - [23/Jul/2022:11:57:25 +0800] "GET /xingrg/kc/buy/cgsh_order_operate.html?command=get_materiel&rest_code=00151&code=00101008069&supplier_code=00100007&order_time=2022-07-23 HTTP/1.1" 200 412
101.80.228.36 - - [23/Jul/2022:11:57:25 +0800] "POST /xingrg/kc/base/stock_operate.html HTTP/1.1" 200 765
101.83.223.227 - - [23/Jul/2022:11:57:32 +0800] "GET /xingrg/all/function/internal_message.html?_=1658548649039&CODE_STATE=getMsg HTTP/1.1" 200 27
180.175.103.110 - - [23/Jul/2022:11:57:32 +0800] "GET /xingrg/all/function/internal_message.html?_=1658548535770&CODE_STATE=getMsg HTTP/1.1" 200 27
116.235.94.65 - - [23/Jul/2022:11:57:38 +0800] "GET /xingrg/check_reg.html?_=1658548838825 HTTP/1.1" 200 22
116.235.94.65 - - [23/Jul/2022:11:57:38 +0800] "GET /xingrg/all/function/internal_message.html?_=1658548838824&CODE_STATE=getMsg HTTP/1.1" 200 27
101.83.223.227 - - [23/Jul/2022:11:57:38 +0800] "POST /xingrg/kc/buy/cgsh_order_operate.html HTTP/1.1" 200 37
101.85.120.95 - - [23/Jul/2022:11:57:40 +0800] "GET /xingrg/all/function/internal_message.html?_=1658548656270&CODE_STATE=getMsg HTTP/1.1" 200 27
101.83.223.227 - - [23/Jul/2022:11:57:41 +0800] "POST /xingrg/kc/buy/cgsh_order_operate.html HTTP/1.1" 200 12
114.83.219.182 - - [23/Jul/2022:11:57:41 +0800] "GET /xingrg/all/function/internal_message.html?_=1658548657009&CODE_STATE=getMsg HTTP/1.1" 200 27
101.80.228.36 - - [23/Jul/2022:11:57:42 +0800] "GET /xingrg/check_reg.html?_=1658548658449 HTTP/1.1" 200 22
101.83.223.227 - - [23/Jul/2022:11:57:45 +0800] "GET /xingrg/kc/buy/cgsh_order_info.html?code=212022072305853 HTTP/1.1" 200 62445
101.83.223.227 - - [23/Jul/2022:11:57:46 +0800] "GET /xingrg/javascript/easyui/themes/default/validatebox.css HTTP/1.1" 404 1104
114.86.187.244 - - [23/Jul/2022:11:57:46 +0800] "GET /xingrg/all/function/internal_message.html?_=1658548664485&CODE_STATE=getMsg HTTP/1.1" 200 27
101.83.223.227 - - [23/Jul/2022:11:57:46 +0800] "POST /xingrg/kc/buy/cgsh_order_operate.html HTTP/1.1" 200 17380
180.169.147.146 - - [23/Jul/2022:11:57:47 +0800] "GET /xingrg/all/function/internal_message.html?_=1658548663606&CODE_STATE=getMsg HTTP/1.1" 302 -
101.83.223.227 - - [23/Jul/2022:11:57:48 +0800] "GET /xingrg/kc/print/load_data.html?order_code=212022072305853&kc_code=cgsh&condition= HTTP/1.1" 200 7222
101.80.228.36 - - [23/Jul/2022:11:57:52 +0800] "GET /xingrg/all/function/internal_message.html?_=1658548668301&CODE_STATE=getMsg HTTP/1.1" 200 27
116.224.123.211 - - [23/Jul/2022:11:57:53 +0800] "GET /xingrg/all/function/internal_message.html?_=1658548733990&CODE_STATE=getMsg HTTP/1.1" 200 27
222.69.129.110 - - [23/Jul/2022:11:58:07 +0800] "GET /xingrg/all/function/internal_message.html?_=1658548735304&CODE_STATE=getMsg HTTP/1.1" 200 27
101.83.223.227 - - [23/Jul/2022:11:58:10 +0800] "POST /xingrg/kc/buy/cgsh_list_operate.html HTTP/1.1" 200 693
114.84.2.83 - - [23/Jul/2022:11:58:13 +0800] "GET /xingrg/all/function/internal_message.html?_=1658548686449&CODE_STATE=getMsg HTTP/1.1" 200 27
218.81.223.53 - - [23/Jul/2022:11:58:24 +0800] "GET /xingrg/all/function/internal_message.html?_=1658548722652&CODE_STATE=getMsg HTTP/1.1" 200 27
114.83.219.182 - - [23/Jul/2022:11:58:24 +0800] "GET /xingrg/kc/base/wldb_order_operate.html?command=get_materiel&rest_code=00149&base_code=0010395&code=00102002315 HTTP/1.1" 200 461
101.83.223.227 - - [23/Jul/2022:11:58:32 +0800] "GET /xingrg/all/function/internal_message.html?_=1658548709026&CODE_STATE=getMsg HTTP/1.1" 200 27
180.175.103.110 - - [23/Jul/2022:11:58:32 +0800] "GET /xingrg/all/function/internal_message.html?_=1658548595759&CODE_STATE=getMsg HTTP/1.1" 200 27
114.83.219.182 - - [23/Jul/2022:11:58:34 +0800] "GET /xingrg/kc/base/wldb_order_operate.html?command=get_materiel&rest_code=00149&base_code=0010395&code=00102002204 HTTP/1.1" 200 447
116.235.94.65 - - [23/Jul/2022:11:58:37 +0800] "GET /xingrg/all/function/internal_message.html?_=1658548898813&CODE_STATE=getMsg HTTP/1.1" 200 27
101.85.120.95 - - [23/Jul/2022:11:58:40 +0800] "GET /xingrg/all/function/internal_message.html?_=1658548716269&CODE_STATE=getMsg HTTP/1.1" 200 27
114.83.219.182 - - [23/Jul/2022:11:58:41 +0800] "GET /xingrg/all/function/internal_message.html?_=1658548716998&CODE_STATE=getMsg HTTP/1.1" 200 27
114.83.219.182 - - [23/Jul/2022:11:58:42 +0800] "GET /xingrg/kc/base/wldb_order_operate.html?command=get_materiel&rest_code=00149&base_code=0010395&code=00102004026 HTTP/1.1" 200 444
114.86.187.244 - - [23/Jul/2022:11:58:46 +0800] "GET /xingrg/all/function/internal_message.html?_=1658548724455&CODE_STATE=getMsg HTTP/1.1" 200 27
180.169.147.146 - - [23/Jul/2022:11:58:47 +0800] "GET /xingrg/all/function/internal_message.html?_=1658548723606&CODE_STATE=getMsg HTTP/1.1" 302 -
180.169.147.146 - - [23/Jul/2022:11:58:47 +0800] "GET /xingrg/check_reg.html?_=1658548723608 HTTP/1.1" 302 -
114.83.219.182 - - [23/Jul/2022:11:58:48 +0800] "GET /xingrg/kc/base/wldb_order_operate.html?command=get_materiel&rest_code=00149&base_code=0010395&code=00102004018 HTTP/1.1" 200 443
101.80.228.36 - - [23/Jul/2022:11:58:52 +0800] "GET /xingrg/all/function/internal_message.html?_=1658548728272&CODE_STATE=getMsg HTTP/1.1" 200 27
120.253.135.82 - - [23/Jul/2022:11:58:55 +0800] "GET /xingrg/check_reg.html?_=1658548539624 HTTP/1.1" 200 22
114.83.219.182 - - [23/Jul/2022:11:58:59 +0800] "GET /xingrg/kc/base/wldb_order_operate.html?command=get_materiel&rest_code=00149&base_code=0010395&code=00102001110 HTTP/1.1" 200 446
116.224.123.211 - - [23/Jul/2022:11:58:59 +0800] "GET /xingrg/all/function/internal_message.html?_=1658548799619&CODE_STATE=getMsg HTTP/1.1" 200 27
116.224.123.211 - - [23/Jul/2022:11:59:01 +0800] "POST /xingrg/kc/buy/cgsh_order_operate.html HTTP/1.1" 200 37
222.69.129.110 - - [23/Jul/2022:11:59:07 +0800] "GET /xingrg/all/function/internal_message.html?_=1658548795299&CODE_STATE=getMsg HTTP/1.1" 200 27
222.69.129.110 - - [23/Jul/2022:11:59:07 +0800] "GET /xingrg/check_reg.html?_=1658548795302 HTTP/1.1" 200 22
114.83.219.182 - - [23/Jul/2022:11:59:08 +0800] "GET /xingrg/kc/base/wldb_order_operate.html?command=get_materiel&rest_code=00149&base_code=0010395&code=00102001128 HTTP/1.1" 200 428
116.224.123.211 - - [23/Jul/2022:11:59:08 +0800] "POST /xingrg/kc/buy/cgsh_order_operate.html HTTP/1.1" 200 12
116.224.123.211 - - [23/Jul/2022:11:59:10 +0800] "GET /xingrg/kc/buy/cgsh_order_info.html?code=212022072305894 HTTP/1.1" 200 62880
116.224.123.211 - - [23/Jul/2022:11:59:11 +0800] "GET /xingrg/javascript/easyui/themes/default/validatebox.css HTTP/1.1" 404 1104
116.224.123.211 - - [23/Jul/2022:11:59:12 +0800] "POST /xingrg/kc/buy/cgsh_order_operate.html HTTP/1.1" 200 4196
