101.83.223.227 - - [23/Jul/2022:10:22:29 +0800] "GET /xingrg/check_reg.html?_=1658542945820 HTTP/1.1" 200 22
180.175.103.110 - - [23/Jul/2022:10:22:34 +0800] "GET /xingrg/all/function/internal_message.html?_=1658542837175&CODE_STATE=getMsg HTTP/1.1" 200 27
116.235.94.65 - - [23/Jul/2022:10:22:37 +0800] "GET /xingrg/all/function/internal_message.html?_=1658543138746&CODE_STATE=getMsg HTTP/1.1" 200 27
116.235.94.65 - - [23/Jul/2022:10:22:37 +0800] "GET /xingrg/check_reg.html?_=1658543138747 HTTP/1.1" 200 22
101.85.120.95 - - [23/Jul/2022:10:22:40 +0800] "GET /xingrg/all/function/internal_message.html?_=1658542956151&CODE_STATE=getMsg HTTP/1.1" 200 27
114.86.225.230 - - [23/Jul/2022:10:22:42 +0800] "POST /xingrg/login.do HTTP/1.1" 302 -
114.86.225.230 - - [23/Jul/2022:10:22:42 +0800] "GET /xingrg/javascript/jquery_easy_ui/themes/icon.css HTTP/1.1" 200 3949
114.86.225.230 - - [23/Jul/2022:10:22:42 +0800] "GET /xingrg/index.html?sysBaseUrl=http%3A%2F%2F180.169.147.146%3A18081%2Fxingrg%2F&costTime=52×tamp=1658542962417 HTTP/1.1" 200 17173
114.86.225.230 - - [23/Jul/2022:10:22:42 +0800] "GET /xingrg/javascript/jquery_easy_ui/themes/default/easyui.css HTTP/1.1" 200 26500
114.86.225.230 - - [23/Jul/2022:10:22:42 +0800] "GET /xingrg/css/form.css HTTP/1.1" 200 893
114.86.225.230 - - [23/Jul/2022:10:22:42 +0800] "GET /favicon.ico HTTP/1.1" 404 -
114.86.225.230 - - [23/Jul/2022:10:22:42 +0800] "GET /xingrg/javascript/jquery_easy_ui/jquery.easyui.min.js HTTP/1.1" 200 213662
114.86.225.230 - - [23/Jul/2022:10:22:42 +0800] "GET /xingrg/javascript/jquery-1.4.2.min.js HTTP/1.1" 200 72205
114.83.219.182 - - [23/Jul/2022:10:22:42 +0800] "GET /xingrg/all/function/internal_message.html?_=1658542957887&CODE_STATE=getMsg HTTP/1.1" 200 27
114.86.225.230 - - [23/Jul/2022:10:22:42 +0800] "GET /xingrg/javascript/jquery_easy_ui/easyui-lang-zh_CN.js HTTP/1.1" 200 1900
114.86.225.230 - - [23/Jul/2022:10:22:42 +0800] "GET /xingrg/javascript/jquery.form.js HTTP/1.1" 200 23110
114.86.225.230 - - [23/Jul/2022:10:22:42 +0800] "GET /xingrg/javascript/jquery.utils.js HTTP/1.1" 200 11805
114.86.225.230 - - [23/Jul/2022:10:22:42 +0800] "GET /xingrg/javascript/jquery.timers.js HTTP/1.1" 200 3532
114.86.225.230 - - [23/Jul/2022:10:22:42 +0800] "GET /xingrg/javascript/jquery_easy_ui/themes/icons/settle_new.png HTTP/1.1" 200 826
114.86.225.230 - - [23/Jul/2022:10:22:42 +0800] "GET /xingrg/images/blue/navBackgound.jpg HTTP/1.1" 200 12378
114.86.225.230 - - [23/Jul/2022:10:22:42 +0800] "POST /xingrg/all/common/load_tree.html?tree=area_rest_tree_json&manage=1 HTTP/1.1" 200 470
101.80.228.36 - - [23/Jul/2022:10:22:42 +0800] "GET /xingrg/check_reg.html?_=1658542958287 HTTP/1.1" 200 22
114.86.225.230 - - [23/Jul/2022:10:22:42 +0800] "GET /xingrg/all/function/internal_message.html?_=1658542959023&CODE_STATE=count HTTP/1.1" 200 11
114.86.225.230 - - [23/Jul/2022:10:22:42 +0800] "GET /xingrg/check_reg.html?_=1658542959024 HTTP/1.1" 200 22
114.86.225.230 - - [23/Jul/2022:10:22:42 +0800] "GET /xingrg/images/blue/pingpu.png HTTP/1.1" 200 231
114.86.225.230 - - [23/Jul/2022:10:22:42 +0800] "GET /xingrg/javascript/jquery_easy_ui/themes/default/images/tabs_leftarrow.png HTTP/1.1" 200 389
114.86.225.230 - - [23/Jul/2022:10:22:42 +0800] "GET /xingrg/javascript/jquery_easy_ui/themes/default/images/tabs_rightarrow.png HTTP/1.1" 200 395
114.86.225.230 - - [23/Jul/2022:10:22:42 +0800] "GET /xingrg/javascript/jquery_easy_ui/themes/default/images/panel_tool_collapse.gif HTTP/1.1" 200 246
114.86.225.230 - - [23/Jul/2022:10:22:42 +0800] "POST /xingrg/load_menu.html HTTP/1.1" 200 5138
114.86.225.230 - - [23/Jul/2022:10:22:42 +0800] "GET /xingrg/javascript/jquery_easy_ui/themes/icons/search_new.png HTTP/1.1" 200 586
114.86.225.230 - - [23/Jul/2022:10:22:42 +0800] "GET /xingrg/javascript/jquery_easy_ui/themes/default/images/tree_arrows.gif HTTP/1.1" 200 1043
114.86.225.230 - - [23/Jul/2022:10:22:42 +0800] "GET /xingrg/javascript/jquery_easy_ui/themes/default/images/tree_folder_open.gif HTTP/1.1" 200 956
114.86.225.230 - - [23/Jul/2022:10:22:42 +0800] "GET /xingrg/javascript/jquery_easy_ui/themes/icons/forms_new.png HTTP/1.1" 200 350
114.86.225.230 - - [23/Jul/2022:10:22:42 +0800] "GET /xingrg/javascript/jquery_easy_ui/themes/default/images/tree_file.gif HTTP/1.1" 200 118
114.86.225.230 - - [23/Jul/2022:10:22:42 +0800] "GET /xingrg/javascript/jquery_easy_ui/themes/default/images/tree_folder.gif HTTP/1.1" 200 952
114.86.225.230 - - [23/Jul/2022:10:22:42 +0800] "GET /xingrg/javascript/jquery_easy_ui/themes/icons/storage_new.png HTTP/1.1" 200 853
114.86.225.230 - - [23/Jul/2022:10:22:44 +0800] "GET /xingrg/javascript/jquery_easy_ui/themes/default/images/tabs_active.png HTTP/1.1" 200 2894
114.86.225.230 - - [23/Jul/2022:10:22:45 +0800] "GET /xingrg/javascript/jquery_easy_ui/themes/default/images/tabs_close.gif HTTP/1.1" 200 829
114.86.225.230 - - [23/Jul/2022:10:22:45 +0800] "GET /xingrg/kc/buy/buy_main.html HTTP/1.1" 200 12412
114.86.225.230 - - [23/Jul/2022:10:22:45 +0800] "GET /xingrg/css/new_ie.css HTTP/1.1" 404 1036
114.86.225.230 - - [23/Jul/2022:10:22:45 +0800] "GET /xingrg/javascript/pic_change.js HTTP/1.1" 200 4739
114.86.225.230 - - [23/Jul/2022:10:22:45 +0800] "GET /xingrg/javascript/ToolTips.js HTTP/1.1" 200 5615
114.86.225.230 - - [23/Jul/2022:10:22:45 +0800] "GET /xingrg/javascript/jquery_ui/jquery-ui.min.js HTTP/1.1" 200 186181
114.86.225.230 - - [23/Jul/2022:10:22:45 +0800] "GET /xingrg/images/blue/button/cgshd.gif HTTP/1.1" 200 2618
114.86.225.230 - - [23/Jul/2022:10:22:45 +0800] "GET /xingrg/images/blue/button/cgxqd.gif HTTP/1.1" 200 2619
114.86.225.230 - - [23/Jul/2022:10:22:45 +0800] "GET /xingrg/images/blue/button/cgydd.gif HTTP/1.1" 200 2712
114.86.225.230 - - [23/Jul/2022:10:22:45 +0800] "GET /xingrg/css/blue.css HTTP/1.1" 200 15949
114.86.225.230 - - [23/Jul/2022:10:22:45 +0800] "GET /xingrg/images/blue/button/kc.gif HTTP/1.1" 200 2160
114.86.225.230 - - [23/Jul/2022:10:22:45 +0800] "GET /xingrg/images/blue/button/ckthd.gif HTTP/1.1" 200 2045
114.86.225.230 - - [23/Jul/2022:10:22:45 +0800] "GET /xingrg/images/blue/pic_form2.gif HTTP/1.1" 200 1853
114.86.225.230 - - [23/Jul/2022:10:22:45 +0800] "GET /xingrg/javascript/jquery_ui/themes/humanity/humanity.css HTTP/1.1" 200 27801
114.86.225.230 - - [23/Jul/2022:10:22:45 +0800] "GET /xingrg/javascript/myfunction.js HTTP/1.1" 200 24559
114.86.225.230 - - [23/Jul/2022:10:22:45 +0800] "GET /xingrg/images/blue/button/cgfkd.gif HTTP/1.1" 200 2075
114.86.225.230 - - [23/Jul/2022:10:22:45 +0800] "GET /xingrg/images/blue/bg_dotted.jpg HTTP/1.1" 200 319
114.86.225.230 - - [23/Jul/2022:10:22:45 +0800] "GET /xingrg/javascript/jquery_ui/themes/humanity/images/ui-bg_inset-soft_100_f4f0ec_1x100.png HTTP/1.1" 200 141
114.86.225.230 - - [23/Jul/2022:10:22:45 +0800] "GET /xingrg/images/blue/button/down_ah.jpg HTTP/1.1" 200 1732
114.86.225.230 - - [23/Jul/2022:10:22:45 +0800] "GET /xingrg/images/blue/button/right_ah.jpg HTTP/1.1" 200 1744
114.86.225.230 - - [23/Jul/2022:10:22:45 +0800] "GET /xingrg/javascript/jquery_ui/themes/humanity/images/ui-iconsnew.jpg HTTP/1.1" 200 337
114.86.225.230 - - [23/Jul/2022:10:22:45 +0800] "GET /xingrg/javascript/jquery_ui/themes/humanity/images/ui-bg_glass_70_ede4d4_1x400.png HTTP/1.1" 200 161
114.86.225.230 - - [23/Jul/2022:10:22:45 +0800] "GET /xingrg/javascript/jquery_ui/themes/humanity/images/ui-icons_c47a23_256x240.png HTTP/1.1" 200 5355
114.86.225.230 - - [23/Jul/2022:10:22:45 +0800] "GET /xingrg/javascript/jquery_ui/themes/humanity/images/ui-icons_ffffff_256x240.png HTTP/1.1" 200 4369
114.86.225.230 - - [23/Jul/2022:10:22:46 +0800] "GET /xingrg/images/yd/bt.gif HTTP/1.1" 404 1040
114.86.187.244 - - [23/Jul/2022:10:22:46 +0800] "GET /xingrg/all/function/internal_message.html?_=1658542964208&CODE_STATE=getMsg HTTP/1.1" 200 27
114.86.225.230 - - [23/Jul/2022:10:22:46 +0800] "GET /xingrg/css/base.css HTTP/1.1" 200 2811
114.86.225.230 - - [23/Jul/2022:10:22:46 +0800] "GET /xingrg/javascript/jquery_tools/datebox.css HTTP/1.1" 200 2597
114.86.225.230 - - [23/Jul/2022:10:22:46 +0800] "GET /xingrg/css/site.css HTTP/1.1" 200 7541
114.86.225.230 - - [23/Jul/2022:10:22:46 +0800] "GET /xingrg/javascript/easyui/themes/icon.css HTTP/1.1" 200 4483
114.86.225.230 - - [23/Jul/2022:10:22:46 +0800] "GET /xingrg/javascript/jquery_tools/fix.css HTTP/1.1" 200 1702
114.86.225.230 - - [23/Jul/2022:10:22:46 +0800] "GET /xingrg/javascript/auto/jquery.autocomplete.css HTTP/1.1" 200 587
114.86.225.230 - - [23/Jul/2022:10:22:46 +0800] "GET /xingrg/javascript/jquery_tools/table.css HTTP/1.1" 200 1032
114.86.225.230 - - [23/Jul/2022:10:22:46 +0800] "GET /xingrg/javascript/jquery_tools/jquery.tools.min.js HTTP/1.1" 200 138801
114.86.225.230 - - [23/Jul/2022:10:22:46 +0800] "GET /xingrg/javascript/jquery_tools/jquery.tools.hotkey.js HTTP/1.1" 200 3242
114.86.225.230 - - [23/Jul/2022:10:22:46 +0800] "GET /xingrg/kc/buy/cgsh_order_list.html HTTP/1.1" 200 52162
114.86.225.230 - - [23/Jul/2022:10:22:46 +0800] "GET /xingrg/javascript/jquery_tools/jquery.tools.extend.js HTTP/1.1" 200 15385
114.86.225.230 - - [23/Jul/2022:10:22:46 +0800] "GET /xingrg/javascript/easyui/themes/default/easyui.css HTTP/1.1" 200 30432
114.86.225.230 - - [23/Jul/2022:10:22:46 +0800] "GET /xingrg/javascript/jquery_tools/list_manager.js HTTP/1.1" 200 3652
114.86.225.230 - - [23/Jul/2022:10:22:46 +0800] "GET /xingrg/javascript/jquery_tools/jquery.tools.table.js HTTP/1.1" 200 6994
114.86.225.230 - - [23/Jul/2022:10:22:46 +0800] "GET /xingrg/javascript/jquery.cookie.js HTTP/1.1" 200 5513
114.86.225.230 - - [23/Jul/2022:10:22:46 +0800] "GET /xingrg/javascript/easyui/easyloader.js HTTP/1.1" 200 5975
114.86.225.230 - - [23/Jul/2022:10:22:46 +0800] "GET /xingrg/javascript/print/LodopFuncs.js HTTP/1.1" 200 5121
114.86.225.230 - - [23/Jul/2022:10:22:46 +0800] "GET /xingrg/javascript/auto/jquery.autocomplete.js HTTP/1.1" 200 21624
114.86.225.230 - - [23/Jul/2022:10:22:47 +0800] "GET /xingrg/javascript/easyui/themes/icons/field_new.png HTTP/1.1" 200 1097
114.86.225.230 - - [23/Jul/2022:10:22:47 +0800] "GET /xingrg/javascript/easyui/themes/icons/edit_add_new.png HTTP/1.1" 200 2997
114.86.225.230 - - [23/Jul/2022:10:22:47 +0800] "GET /xingrg/javascript/easyui/themes/icons/cance_new.png HTTP/1.1" 200 3986
114.86.225.230 - - [23/Jul/2022:10:22:47 +0800] "GET /xingrg/javascript/easyui/themes/icons/import_new.png HTTP/1.1" 200 1247
114.86.225.230 - - [23/Jul/2022:10:22:47 +0800] "GET /xingrg/javascript/easyui/themes/icons/check_new.png HTTP/1.1" 200 3224
114.86.225.230 - - [23/Jul/2022:10:22:47 +0800] "GET /xingrg/javascript/easyui/plugins/jquery.parser.js HTTP/1.1" 200 1142
114.86.225.230 - - [23/Jul/2022:10:22:47 +0800] "GET /xingrg/images/control/ajaxLoader.gif HTTP/1.1" 200 4659
180.169.147.146 - - [23/Jul/2022:10:22:47 +0800] "GET /xingrg/all/function/internal_message.html?_=1658542963612&CODE_STATE=getMsg HTTP/1.1" 302 -
114.86.225.230 - - [23/Jul/2022:10:22:49 +0800] "POST /xingrg/kc/buy/cgsh_list_operate.html HTTP/1.1" 200 4598
101.80.228.36 - - [23/Jul/2022:10:22:54 +0800] "GET /xingrg/all/function/internal_message.html?_=1658542970367&CODE_STATE=getMsg HTTP/1.1" 200 27
114.86.225.230 - - [23/Jul/2022:10:22:55 +0800] "GET /xingrg/javascript/jquery_tools/images/next.gif HTTP/1.1" 404 1086
114.86.225.230 - - [23/Jul/2022:10:22:55 +0800] "GET /xingrg/javascript/jquery_tools/images/prev.gif HTTP/1.1" 404 1086
180.162.109.37 - - [23/Jul/2022:10:23:04 +0800] "GET /xingrg/all/function/internal_message.html?_=1658542183370&CODE_STATE=getMsg HTTP/1.1" 200 27
114.86.225.230 - - [23/Jul/2022:10:23:05 +0800] "GET /xingrg/javascript/auto/indicator.gif HTTP/1.1" 404 1066
114.86.225.230 - - [23/Jul/2022:10:23:11 +0800] "POST /xingrg/kc/buy/cgsh_list_operate.html HTTP/1.1" 200 4393
218.81.223.53 - - [23/Jul/2022:10:23:13 +0800] "GET /xingrg/all/function/internal_message.html?_=1658543011096&CODE_STATE=getMsg HTTP/1.1" 200 27
114.84.2.83 - - [23/Jul/2022:10:23:15 +0800] "GET /xingrg/all/function/internal_message.html?_=1658542988220&CODE_STATE=getMsg HTTP/1.1" 200 27
114.86.225.230 - - [23/Jul/2022:10:23:19 +0800] "POST /xingrg/kc/buy/cgsh_list_operate.html HTTP/1.1" 200 5121
61.170.233.82 - - [23/Jul/2022:10:23:25 +0800] "GET /xingrg/all/function/internal_message.html?_=1658543004115&CODE_STATE=getMsg HTTP/1.1" 200 27
180.175.103.110 - - [23/Jul/2022:10:23:34 +0800] "GET /xingrg/all/function/internal_message.html?_=1658542897162&CODE_STATE=getMsg HTTP/1.1" 200 27
116.235.94.65 - - [23/Jul/2022:10:23:37 +0800] "GET /xingrg/all/function/internal_message.html?_=1658543198747&CODE_STATE=getMsg HTTP/1.1" 200 27
114.86.187.244 - - [23/Jul/2022:10:23:38 +0800] "GET /xingrg/index.html?sysBaseUrl=http%3A%2F%2F180.169.147.146%3A18081%2Fxingrg%2F&costTime=44×tamp=1622098168715 HTTP/1.1" 302 -
114.86.187.244 - - [23/Jul/2022:10:23:38 +0800] "GET /xingrg/login.html HTTP/1.1" 200 7641
114.86.187.244 - - [23/Jul/2022:10:23:38 +0800] "GET /favicon.ico HTTP/1.1" 404 -
101.85.120.95 - - [23/Jul/2022:10:23:40 +0800] "GET /xingrg/all/function/internal_message.html?_=1658543016151&CODE_STATE=getMsg HTTP/1.1" 200 27
114.86.187.244 - - [23/Jul/2022:10:23:40 +0800] "POST /xingrg/login.do HTTP/1.1" 302 -
114.86.187.244 - - [23/Jul/2022:10:23:40 +0800] "GET /xingrg/index.html?sysBaseUrl=http%3A%2F%2F180.169.147.146%3A18081%2Fxingrg%2F&costTime=64×tamp=1658543020676 HTTP/1.1" 200 17179
114.86.187.244 - - [23/Jul/2022:10:23:40 +0800] "GET /favicon.ico HTTP/1.1" 404 -
114.86.187.244 - - [23/Jul/2022:10:23:40 +0800] "POST /xingrg/all/common/load_tree.html?tree=area_rest_tree_json&manage=1 HTTP/1.1" 200 351
114.86.187.244 - - [23/Jul/2022:10:23:40 +0800] "GET /xingrg/all/function/internal_message.html?_=1658543025321&CODE_STATE=count HTTP/1.1" 200 11
114.86.187.244 - - [23/Jul/2022:10:23:40 +0800] "POST /xingrg/load_menu.html HTTP/1.1" 200 5138
114.86.187.244 - - [23/Jul/2022:10:23:40 +0800] "GET /xingrg/check_reg.html?_=1658543025323 HTTP/1.1" 200 22
114.83.219.182 - - [23/Jul/2022:10:23:42 +0800] "GET /xingrg/all/function/internal_message.html?_=1658543017908&CODE_STATE=getMsg HTTP/1.1" 200 27
114.86.225.230 - - [23/Jul/2022:10:23:42 +0800] "GET /xingrg/all/function/internal_message.html?_=1658543019027&CODE_STATE=getMsg HTTP/1.1" 200 27
114.86.187.244 - - [23/Jul/2022:10:23:46 +0800] "GET /xingrg/all/function/internal_message.html?_=1658543024193&CODE_STATE=getMsg HTTP/1.1" 200 27
180.169.147.146 - - [23/Jul/2022:10:23:47 +0800] "GET /xingrg/check_reg.html?_=1658543023598 HTTP/1.1" 302 -
180.169.147.146 - - [23/Jul/2022:10:23:47 +0800] "GET /xingrg/all/function/internal_message.html?_=1658543023598&CODE_STATE=getMsg HTTP/1.1" 302 -
101.80.228.36 - - [23/Jul/2022:10:23:48 +0800] "POST /xingrg/kc/base/yddb_list_operate.html HTTP/1.1" 200 636
101.80.228.36 - - [23/Jul/2022:10:23:50 +0800] "POST /xingrg/kc/base/yddb_list_operate.html HTTP/1.1" 200 2160
101.80.228.36 - - [23/Jul/2022:10:23:54 +0800] "POST /xingrg/kc/base/yddb_list_operate.html HTTP/1.1" 200 636
101.80.228.36 - - [23/Jul/2022:10:23:54 +0800] "GET /xingrg/all/function/internal_message.html?_=1658543030343&CODE_STATE=getMsg HTTP/1.1" 200 27
101.80.228.36 - - [23/Jul/2022:10:23:54 +0800] "POST /xingrg/kc/base/yddb_list_operate.html HTTP/1.1" 200 636
101.80.228.36 - - [23/Jul/2022:10:23:59 +0800] "GET /favicon.ico HTTP/1.1" 404 -
114.86.187.244 - - [23/Jul/2022:10:24:02 +0800] "GET /xingrg/logout.do HTTP/1.1" 302 -
114.86.187.244 - - [23/Jul/2022:10:24:02 +0800] "GET /xingrg/login.html?sysBaseUrl=http%3A%2F%2F180.169.147.146%3A18081%2Fxingrg%2F&costTime=3×tamp=1658543042604 HTTP/1.1" 200 7641
114.86.187.244 - - [23/Jul/2022:10:24:02 +0800] "GET /favicon.ico HTTP/1.1" 404 -
180.162.109.37 - - [23/Jul/2022:10:24:04 +0800] "GET /xingrg/all/function/internal_message.html?_=1658542243355&CODE_STATE=getMsg HTTP/1.1" 200 27
114.86.225.230 - - [23/Jul/2022:10:24:05 +0800] "POST /xingrg/kc/buy/cgsh_list_operate.html HTTP/1.1" 200 568
114.86.187.244 - - [23/Jul/2022:10:24:08 +0800] "POST /xingrg/login.do HTTP/1.1" 302 -
114.86.187.244 - - [23/Jul/2022:10:24:08 +0800] "GET /xingrg/index.html?sysBaseUrl=http%3A%2F%2F180.169.147.146%3A18081%2Fxingrg%2F&costTime=60×tamp=1658543048232 HTTP/1.1" 200 17419
114.86.187.244 - - [23/Jul/2022:10:24:08 +0800] "POST /xingrg/all/common/load_tree.html?tree=area_rest_tree_json&manage=1 HTTP/1.1" 200 3472
114.86.187.244 - - [23/Jul/2022:10:24:08 +0800] "GET /xingrg/all/function/internal_message.html?_=1658543052789&CODE_STATE=count HTTP/1.1" 200 11
114.86.187.244 - - [23/Jul/2022:10:24:08 +0800] "GET /favicon.ico HTTP/1.1" 404 -
114.86.187.244 - - [23/Jul/2022:10:24:08 +0800] "GET /xingrg/check_reg.html?_=1658543052789 HTTP/1.1" 200 22
114.86.187.244 - - [23/Jul/2022:10:24:08 +0800] "POST /xingrg/load_menu.html HTTP/1.1" 200 9959
114.86.187.244 - - [23/Jul/2022:10:24:08 +0800] "GET /xingrg/javascript/jquery_easy_ui/themes/default/images/panel_tool_expand.gif HTTP/1.1" 304 -
114.86.187.244 - - [23/Jul/2022:10:24:08 +0800] "GET /xingrg/javascript/jquery_easy_ui/themes/icons/checkout_new.png HTTP/1.1" 304 -
114.86.187.244 - - [23/Jul/2022:10:24:08 +0800] "GET /xingrg/javascript/jquery_easy_ui/themes/icons/setting_new.png HTTP/1.1" 304 -
114.86.187.244 - - [23/Jul/2022:10:24:08 +0800] "GET /xingrg/javascript/jquery_easy_ui/themes/icons/systemset_new.png HTTP/1.1" 304 -
114.86.225.230 - - [23/Jul/2022:10:24:10 +0800] "GET /xingrg/kc/buy/cgsh_order_info.html?code=212022051600936 HTTP/1.1" 200 62929
114.86.225.230 - - [23/Jul/2022:10:24:10 +0800] "GET /xingrg/javascript/jquery_tools/order_manager.js HTTP/1.1" 200 11183
114.86.225.230 - - [23/Jul/2022:10:24:10 +0800] "GET /xingrg/javascript/convert.js HTTP/1.1" 200 1239
114.86.225.230 - - [23/Jul/2022:10:24:10 +0800] "GET /xingrg/javascript/json2.js HTTP/1.1" 200 11259
114.86.225.230 - - [23/Jul/2022:10:24:10 +0800] "GET /xingrg/javascript/print/kc_print.js HTTP/1.1" 200 11415
114.86.225.230 - - [23/Jul/2022:10:24:10 +0800] "GET /xingrg/words/20220721182822_words.js HTTP/1.1" 200 906676
114.86.225.230 - - [23/Jul/2022:10:24:10 +0800] "GET /xingrg/javascript/easyui/themes/icons/print.png HTTP/1.1" 200 1057
114.86.225.230 - - [23/Jul/2022:10:24:10 +0800] "GET /xingrg/javascript/easyui/themes/icons/copy_new.png HTTP/1.1" 200 815
114.86.225.230 - - [23/Jul/2022:10:24:10 +0800] "GET /xingrg/javascript/easyui/themes/default/images/menu_downarrow.png HTTP/1.1" 200 173
114.86.225.230 - - [23/Jul/2022:10:24:10 +0800] "GET /xingrg/javascript/easyui/themes/icons/cancel.png HTTP/1.1" 200 1133
114.86.225.230 - - [23/Jul/2022:10:24:10 +0800] "GET /xingrg/javascript/easyui/themes/default/validatebox.css HTTP/1.1" 404 1104
114.86.225.230 - - [23/Jul/2022:10:24:10 +0800] "GET /xingrg/javascript/easyui/plugins/jquery.validatebox.js HTTP/1.1" 200 6103
114.86.225.230 - - [23/Jul/2022:10:24:10 +0800] "GET /xingrg/javascript/easyui/plugins/jquery.numberbox.js HTTP/1.1" 200 5213
101.80.228.36 - - [23/Jul/2022:10:24:11 +0800] "GET /xingrg/kc/base/wldb_order_list.html HTTP/1.1" 200 19148
114.86.225.230 - - [23/Jul/2022:10:24:11 +0800] "POST /xingrg/kc/buy/cgsh_order_operate.html HTTP/1.1" 200 3573
114.86.187.244 - - [23/Jul/2022:10:24:11 +0800] "POST /xingrg/load_menu.html HTTP/1.1" 200 9242
114.86.225.230 - - [23/Jul/2022:10:24:11 +0800] "GET /xingrg/javascript/easyui/themes/icons/edit_remove.png HTTP/1.1" 200 625
114.86.225.230 - - [23/Jul/2022:10:24:12 +0800] "GET /xingrg/javascript/easyui/themes/default/images/button_plain_hover.png HTTP/1.1" 200 144
101.80.228.36 - - [23/Jul/2022:10:24:12 +0800] "POST /xingrg/kc/base/wldb_list_operate.html HTTP/1.1" 200 928
114.86.187.244 - - [23/Jul/2022:10:24:13 +0800] "GET /xingrg/all/report/report_query.html?fileName=dma/new_5.0/menu/menu_hz_all.xml HTTP/1.1" 200 51795
114.86.187.244 - - [23/Jul/2022:10:24:13 +0800] "GET /xingrg/dwr/interface/AjaxReportQueryService.js HTTP/1.1" 200 13203
114.86.187.244 - - [23/Jul/2022:10:24:13 +0800] "GET /xingrg/dwr/engine.js HTTP/1.1" 200 43631
114.86.187.244 - - [23/Jul/2022:10:24:13 +0800] "POST /xingrg/dwr/call/plaincall/AjaxReportQueryService.getFixDate.dwr HTTP/1.1" 200 111
114.86.187.244 - - [23/Jul/2022:10:24:13 +0800] "POST /xingrg/all/common/load_tree.html?tree=area_station_tree_json&manage=1 HTTP/1.1" 200 3364
218.81.223.53 - - [23/Jul/2022:10:24:13 +0800] "GET /xingrg/all/function/internal_message.html?_=1658543071376&CODE_STATE=getMsg HTTP/1.1" 200 27
114.86.187.244 - - [23/Jul/2022:10:24:15 +0800] "GET /xingrg/all/report/report_query.html?fileName=dma/new_5.0/yingye/order_list.xml HTTP/1.1" 200 55281
114.86.187.244 - - [23/Jul/2022:10:24:15 +0800] "GET /xingrg/dwr/interface/AjaxReportQueryService.js HTTP/1.1" 200 13203
114.86.187.244 - - [23/Jul/2022:10:24:15 +0800] "GET /xingrg/dwr/engine.js HTTP/1.1" 200 43631
114.86.187.244 - - [23/Jul/2022:10:24:15 +0800] "POST /xingrg/dwr/call/plaincall/AjaxReportQueryService.getFixDate.dwr HTTP/1.1" 200 111
114.86.187.244 - - [23/Jul/2022:10:24:15 +0800] "POST /xingrg/all/common/load_tree.html?tree=area_station_tree_json&manage=1 HTTP/1.1" 200 3364
114.86.187.244 - - [23/Jul/2022:10:24:15 +0800] "POST /xingrg/dwr/call/plaincall/AjaxReportQueryService.getInitString.dwr HTTP/1.1" 200 76
114.84.2.83 - - [23/Jul/2022:10:24:15 +0800] "GET /xingrg/all/function/internal_message.html?_=1658543048205&CODE_STATE=getMsg HTTP/1.1" 200 27
114.86.187.244 - - [23/Jul/2022:10:24:15 +0800] "GET /xingrg/javascript/jquery_easy_ui/themes/icons/manage.png HTTP/1.1" 304 -
101.80.228.36 - - [23/Jul/2022:10:24:15 +0800] "GET /xingrg/kc/base/wldb_order_add.html HTTP/1.1" 200 30362
101.80.228.36 - - [23/Jul/2022:10:24:16 +0800] "GET /xingrg/words/20220721182822_words.js HTTP/1.1" 304 -
114.84.2.83 - - [23/Jul/2022:10:24:16 +0800] "GET /xingrg/check_reg.html?_=1658543048832 HTTP/1.1" 200 22
101.80.228.36 - - [23/Jul/2022:10:24:16 +0800] "POST /xingrg/kc/base/wldb_order_operate.html HTTP/1.1" 200 6806
101.80.228.36 - - [23/Jul/2022:10:24:16 +0800] "GET /xingrg/all/common/auto_word.html?type=base&rest_code=00156 HTTP/1.1" 200 1857
101.80.228.36 - - [23/Jul/2022:10:24:16 +0800] "GET /xingrg/all/common/auto_word.html?type=base&rest_code=00156 HTTP/1.1" 200 1857
101.80.228.36 - - [23/Jul/2022:10:24:16 +0800] "GET /xingrg/javascript/easyui/themes/default/validatebox.css HTTP/1.1" 404 1104
180.162.109.37 - - [23/Jul/2022:10:24:20 +0800] "GET /xingrg/javascript/jquery_easy_ui/themes/default/images/button_plain_hover.png HTTP/1.1" 304 -
114.86.225.230 - - [23/Jul/2022:10:24:21 +0800] "POST /xingrg/kc/buy/cgsh_list_operate.html HTTP/1.1" 200 559
180.162.109.37 - - [23/Jul/2022:10:24:25 +0800] "POST /xingrg/dwr/call/plaincall/AjaxYddbService.saveOrder.dwr HTTP/1.1" 200 78
114.83.219.182 - - [23/Jul/2022:10:24:25 +0800] "GET /xingrg/kc/buy/cgsh_order_operate.html?command=get_materiel&rest_code=00149&code=00102001051&supplier_code=00100073&order_time=2022-07-23 HTTP/1.1" 200 436
61.170.233.82 - - [23/Jul/2022:10:24:25 +0800] "GET /xingrg/all/function/internal_message.html?_=1658543064115&CODE_STATE=getMsg HTTP/1.1" 200 27
101.80.228.36 - - [23/Jul/2022:10:24:28 +0800] "GET /xingrg/kc/base/wldb_order_operate.html?command=get_materiel&rest_code=00156&base_code=0010779&code=00101019133 HTTP/1.1" 200 480
180.162.109.37 - - [23/Jul/2022:10:24:31 +0800] "POST /xingrg/dwr/call/plaincall/AjaxYddbService.objCheckOrder.dwr HTTP/1.1" 200 78
114.86.187.244 - - [23/Jul/2022:10:24:31 +0800] "POST /xingrg/dwr/call/plaincall/AjaxReportQueryService.queryInitializeString.dwr HTTP/1.1" 200 253
180.162.109.37 - - [23/Jul/2022:10:24:32 +0800] "GET /xingrg/kc/base/yddb_order_info.html?code=482022070800044 HTTP/1.1" 200 29907
180.162.109.37 - - [23/Jul/2022:10:24:32 +0800] "GET /xingrg/dwr/interface/AjaxComOrderService.js HTTP/1.1" 200 18264
180.162.109.37 - - [23/Jul/2022:10:24:32 +0800] "GET /xingrg/dwr/interface/AjaxYddbService.js HTTP/1.1" 200 13201
180.162.109.37 - - [23/Jul/2022:10:24:32 +0800] "GET /xingrg/dwr/engine.js HTTP/1.1" 200 43631
180.162.109.37 - - [23/Jul/2022:10:24:32 +0800] "POST /xingrg/dwr/call/plaincall/AjaxYddbService.loadMaterielItems.dwr HTTP/1.1" 200 6563
114.86.187.244 - - [23/Jul/2022:10:24:33 +0800] "POST /xingrg/dwr/call/plaincall/AjaxReportQueryService.refreshCache.dwr HTTP/1.1" 200 78
114.86.187.244 - - [23/Jul/2022:10:24:33 +0800] "POST /xingrg/all/report/load_report_page.html HTTP/1.1" 200 153186
114.86.187.244 - - [23/Jul/2022:10:24:33 +0800] "GET /xingrg/servlets/image?cache=0.9063897502243291&image=px HTTP/1.1" 200 807
180.175.103.110 - - [23/Jul/2022:10:24:34 +0800] "GET /xingrg/all/function/internal_message.html?_=1658542957149&CODE_STATE=getMsg HTTP/1.1" 200 27
116.235.94.65 - - [23/Jul/2022:10:24:37 +0800] "GET /xingrg/all/function/internal_message.html?_=1658543258744&CODE_STATE=getMsg HTTP/1.1" 200 27
101.80.228.36 - - [23/Jul/2022:10:24:37 +0800] "GET /xingrg/kc/base/wldb_order_operate.html?command=get_materiel&rest_code=00156&base_code=0010779&code=00101019600 HTTP/1.1" 200 440
101.85.120.95 - - [23/Jul/2022:10:24:40 +0800] "GET /xingrg/all/function/internal_message.html?_=1658543076149&CODE_STATE=getMsg HTTP/1.1" 200 27
101.80.228.36 - - [23/Jul/2022:10:24:42 +0800] "GET /xingrg/kc/base/wldb_order_operate.html?command=get_materiel&rest_code=00156&base_code=0010779&code=00101019113 HTTP/1.1" 200 444
114.83.219.182 - - [23/Jul/2022:10:24:42 +0800] "GET /xingrg/all/function/internal_message.html?_=1658543077901&CODE_STATE=getMsg HTTP/1.1" 200 27
114.86.225.230 - - [23/Jul/2022:10:24:42 +0800] "GET /xingrg/all/function/internal_message.html?_=1658543079033&CODE_STATE=getMsg HTTP/1.1" 200 27
114.83.219.182 - - [23/Jul/2022:10:24:43 +0800] "POST /xingrg/kc/buy/cgsh_order_operate.html HTTP/1.1" 200 37
180.162.109.37 - - [23/Jul/2022:10:24:45 +0800] "POST /xingrg/kc/base/yddb_list_operate.html HTTP/1.1" 200 615
180.162.109.37 - - [23/Jul/2022:10:24:45 +0800] "GET /xingrg/kc/base/yddb_order_info.html?code=482022071100057 HTTP/1.1" 200 29784
180.162.109.37 - - [23/Jul/2022:10:24:45 +0800] "GET /xingrg/dwr/interface/AjaxYddbService.js HTTP/1.1" 200 13201
180.162.109.37 - - [23/Jul/2022:10:24:45 +0800] "GET /xingrg/dwr/interface/AjaxComOrderService.js HTTP/1.1" 200 18264
180.162.109.37 - - [23/Jul/2022:10:24:45 +0800] "GET /xingrg/dwr/engine.js HTTP/1.1" 200 43631
180.162.109.37 - - [23/Jul/2022:10:24:45 +0800] "POST /xingrg/dwr/call/plaincall/AjaxYddbService.loadMaterielItems.dwr HTTP/1.1" 200 6945
114.86.187.244 - - [23/Jul/2022:10:24:46 +0800] "GET /xingrg/all/function/internal_message.html?_=1658543084177&CODE_STATE=getMsg HTTP/1.1" 200 27
180.169.147.146 - - [23/Jul/2022:10:24:47 +0800] "GET /xingrg/all/function/internal_message.html?_=1658543083600&CODE_STATE=getMsg HTTP/1.1" 302 -
101.80.228.36 - - [23/Jul/2022:10:24:51 +0800] "GET /xingrg/kc/base/wldb_order_operate.html?command=get_materiel&rest_code=00156&base_code=0010779&code=00101013223 HTTP/1.1" 200 432
120.253.135.82 - - [23/Jul/2022:10:24:51 +0800] "GET /xingrg/check_reg.html?_=1658542895972 HTTP/1.1" 200 22
114.83.219.182 - - [23/Jul/2022:10:24:53 +0800] "POST /xingrg/kc/buy/cgsh_order_operate.html HTTP/1.1" 200 12
101.80.228.36 - - [23/Jul/2022:10:24:54 +0800] "GET /xingrg/all/function/internal_message.html?_=1658543090317&CODE_STATE=getMsg HTTP/1.1" 200 27
101.80.228.36 - - [23/Jul/2022:10:24:57 +0800] "GET /xingrg/kc/base/wldb_order_operate.html?command=get_materiel&rest_code=00156&base_code=0010779&code=00101013154 HTTP/1.1" 200 457
114.83.219.182 - - [23/Jul/2022:10:24:59 +0800] "GET /xingrg/kc/buy/cgsh_order_info.html?code=212022072305867 HTTP/1.1" 200 62937
114.83.219.182 - - [23/Jul/2022:10:25:00 +0800] "GET /xingrg/javascript/easyui/themes/default/validatebox.css HTTP/1.1" 404 1104
114.83.219.182 - - [23/Jul/2022:10:25:00 +0800] "POST /xingrg/kc/buy/cgsh_order_operate.html HTTP/1.1" 200 617
114.83.219.182 - - [23/Jul/2022:10:25:02 +0800] "GET /xingrg/kc/print/load_data.html?order_code=212022072305867&kc_code=cgsh&condition= HTTP/1.1" 200 770
114.86.225.230 - - [23/Jul/2022:10:25:03 +0800] "POST /xingrg/kc/buy/cgsh_list_operate.html HTTP/1.1" 200 569
101.80.228.36 - - [23/Jul/2022:10:25:03 +0800] "GET /xingrg/kc/base/wldb_order_operate.html?command=get_materiel&rest_code=00156&base_code=0010779&code=00101013018 HTTP/1.1" 200 430
180.162.109.37 - - [23/Jul/2022:10:25:04 +0800] "GET /xingrg/all/function/internal_message.html?_=1658542303344&CODE_STATE=getMsg HTTP/1.1" 200 27
114.86.225.230 - - [23/Jul/2022:10:25:06 +0800] "GET /xingrg/kc/buy/cgsh_order_info.html?code=212022031303590 HTTP/1.1" 200 62929
114.86.225.230 - - [23/Jul/2022:10:25:06 +0800] "GET /xingrg/javascript/easyui/themes/default/validatebox.css HTTP/1.1" 404 1104
114.86.225.230 - - [23/Jul/2022:10:25:07 +0800] "POST /xingrg/kc/buy/cgsh_order_operate.html HTTP/1.1" 200 14221
114.86.187.244 - - [23/Jul/2022:10:25:08 +0800] "GET /xingrg/all/function/internal_message.html?_=1658543112796&CODE_STATE=getMsg HTTP/1.1" 200 27
114.86.187.244 - - [23/Jul/2022:10:25:10 +0800] "GET /xingrg/check_reg.html?_=1658543108283 HTTP/1.1" 200 22
114.83.219.182 - - [23/Jul/2022:10:25:10 +0800] "GET /xingrg/kc/buy/cgsh_order_add.html HTTP/1.1" 200 68032
114.83.219.182 - - [23/Jul/2022:10:25:10 +0800] "POST /xingrg/kc/buy/cgsh_order_operate.html HTTP/1.1" 200 8245
114.83.219.182 - - [23/Jul/2022:10:25:10 +0800] "GET /xingrg/javascript/easyui/themes/default/validatebox.css HTTP/1.1" 404 1104
101.80.228.36 - - [23/Jul/2022:10:25:13 +0800] "GET /xingrg/kc/base/wldb_order_operate.html?command=get_materiel&rest_code=00156&base_code=0010779&code=00101019427 HTTP/1.1" 200 446
218.81.223.53 - - [23/Jul/2022:10:25:13 +0800] "GET /xingrg/all/function/internal_message.html?_=1658543131388&CODE_STATE=getMsg HTTP/1.1" 200 27
114.86.225.230 - - [23/Jul/2022:10:25:13 +0800] "POST /xingrg/kc/buy/cgsh_list_operate.html HTTP/1.1" 200 5121
114.84.2.83 - - [23/Jul/2022:10:25:15 +0800] "GET /xingrg/all/function/internal_message.html?_=1658543108178&CODE_STATE=getMsg HTTP/1.1" 200 27
101.80.228.36 - - [23/Jul/2022:10:25:21 +0800] "GET /xingrg/kc/base/wldb_order_operate.html?command=get_materiel&rest_code=00156&base_code=0010779&code=00101019833 HTTP/1.1" 200 428
61.170.233.82 - - [23/Jul/2022:10:25:25 +0800] "GET /xingrg/all/function/internal_message.html?_=1658543124115&CODE_STATE=getMsg HTTP/1.1" 200 27
101.80.228.36 - - [23/Jul/2022:10:25:32 +0800] "GET /xingrg/kc/report/report_main.html HTTP/1.1" 200 7340
180.175.103.110 - - [23/Jul/2022:10:25:34 +0800] "GET /xingrg/all/function/internal_message.html?_=1658543017136&CODE_STATE=getMsg HTTP/1.1" 200 27
180.162.109.37 - - [23/Jul/2022:10:25:34 +0800] "POST /xingrg/dwr/call/plaincall/AjaxYddbService.saveOrder.dwr HTTP/1.1" 200 78
101.80.228.36 - - [23/Jul/2022:10:25:34 +0800] "GET /xingrg/kc/base/kc_stocks.html HTTP/1.1" 200 16443
101.80.228.36 - - [23/Jul/2022:10:25:34 +0800] "GET /xingrg/javascript/easyui/themes/default/tree.css HTTP/1.1" 404 1090
101.80.228.36 - - [23/Jul/2022:10:25:35 +0800] "POST /xingrg/all/common/load_tree.html?tree=materiel_sort_tree_json HTTP/1.1" 200 9388
116.235.94.65 - - [23/Jul/2022:10:25:37 +0800] "GET /xingrg/all/function/internal_message.html?_=1658543318743&CODE_STATE=getMsg HTTP/1.1" 200 27
101.85.120.95 - - [23/Jul/2022:10:25:40 +0800] "GET /xingrg/all/function/internal_message.html?_=1658543136145&CODE_STATE=getMsg HTTP/1.1" 200 27
101.85.120.95 - - [23/Jul/2022:10:25:40 +0800] "GET /xingrg/check_reg.html?_=1658543136148 HTTP/1.1" 200 22
101.80.228.36 - - [23/Jul/2022:10:25:40 +0800] "POST /xingrg/kc/base/stock_operate.html HTTP/1.1" 200 3918
180.162.109.37 - - [23/Jul/2022:10:25:41 +0800] "POST /xingrg/dwr/call/plaincall/AjaxYddbService.objCheckOrder.dwr HTTP/1.1" 200 78
114.83.219.182 - - [23/Jul/2022:10:25:41 +0800] "GET /xingrg/kc/buy/cgsh_order_operate.html?command=get_materiel&rest_code=00149&code=00101009001&supplier_code=00100201&order_time=2022-07-23 HTTP/1.1" 200 416
180.162.109.37 - - [23/Jul/2022:10:25:41 +0800] "GET /xingrg/kc/base/yddb_order_info.html?code=482022071100057 HTTP/1.1" 200 29907
180.162.109.37 - - [23/Jul/2022:10:25:41 +0800] "GET /xingrg/dwr/interface/AjaxYddbService.js HTTP/1.1" 200 13201
180.162.109.37 - - [23/Jul/2022:10:25:41 +0800] "GET /xingrg/dwr/interface/AjaxComOrderService.js HTTP/1.1" 200 18264
180.162.109.37 - - [23/Jul/2022:10:25:42 +0800] "GET /xingrg/dwr/engine.js HTTP/1.1" 200 43631
180.162.109.37 - - [23/Jul/2022:10:25:42 +0800] "POST /xingrg/dwr/call/plaincall/AjaxYddbService.loadMaterielItems.dwr HTTP/1.1" 200 6945
114.83.219.182 - - [23/Jul/2022:10:25:42 +0800] "GET /xingrg/all/function/internal_message.html?_=1658543137913&CODE_STATE=getMsg HTTP/1.1" 200 27
114.86.225.230 - - [23/Jul/2022:10:25:42 +0800] "GET /xingrg/all/function/internal_message.html?_=1658543139043&CODE_STATE=getMsg HTTP/1.1" 200 27
114.86.187.244 - - [23/Jul/2022:10:25:46 +0800] "GET /xingrg/all/function/internal_message.html?_=1658543144151&CODE_STATE=getMsg HTTP/1.1" 200 27
180.169.147.146 - - [23/Jul/2022:10:25:47 +0800] "GET /xingrg/all/function/internal_message.html?_=1658543143604&CODE_STATE=getMsg HTTP/1.1" 302 -
101.80.228.36 - - [23/Jul/2022:10:25:47 +0800] "POST /xingrg/all/common/load_combo.html?type=base HTTP/1.1" 200 3321
101.80.228.36 - - [23/Jul/2022:10:25:47 +0800] "GET /xingrg/css/images/panel_loading.gif HTTP/1.1" 200 1737
180.175.103.110 - - [23/Jul/2022:10:25:48 +0800] "GET /xingrg/check_reg.html?_=1658543031465 HTTP/1.1" 200 22
101.80.228.36 - - [23/Jul/2022:10:25:49 +0800] "POST /xingrg/kc/base/stock_operate.html HTTP/1.1" 200 2231
101.80.228.36 - - [23/Jul/2022:10:25:54 +0800] "GET /xingrg/all/function/internal_message.html?_=1658543150293&CODE_STATE=getMsg HTTP/1.1" 200 27
101.80.228.36 - - [23/Jul/2022:10:25:59 +0800] "GET /xingrg/kc/base/wldb_order_add.html HTTP/1.1" 200 30362
101.80.228.36 - - [23/Jul/2022:10:25:59 +0800] "POST /xingrg/kc/base/wldb_order_operate.html HTTP/1.1" 200 6806
101.80.228.36 - - [23/Jul/2022:10:25:59 +0800] "GET /xingrg/javascript/easyui/themes/default/validatebox.css HTTP/1.1" 404 1104
180.162.109.37 - - [23/Jul/2022:10:26:04 +0800] "GET /xingrg/all/function/internal_message.html?_=1658542363327&CODE_STATE=getMsg HTTP/1.1" 200 27
180.162.109.37 - - [23/Jul/2022:10:26:05 +0800] "GET /xingrg/check_reg.html?_=1658542363967 HTTP/1.1" 200 22
180.162.109.37 - - [23/Jul/2022:10:26:05 +0800] "POST /xingrg/kc/base/yddb_list_operate.html HTTP/1.1" 200 577
180.162.109.37 - - [23/Jul/2022:10:26:05 +0800] "GET /xingrg/kc/base/yddb_order_info.html?code=482022071400067 HTTP/1.1" 200 29784
180.162.109.37 - - [23/Jul/2022:10:26:05 +0800] "GET /xingrg/dwr/interface/AjaxComOrderService.js HTTP/1.1" 200 18264
180.162.109.37 - - [23/Jul/2022:10:26:05 +0800] "GET /xingrg/dwr/interface/AjaxYddbService.js HTTP/1.1" 200 13201
180.162.109.37 - - [23/Jul/2022:10:26:05 +0800] "GET /xingrg/dwr/engine.js HTTP/1.1" 200 43631
180.162.109.37 - - [23/Jul/2022:10:26:05 +0800] "POST /xingrg/dwr/call/plaincall/AjaxYddbService.loadMaterielItems.dwr HTTP/1.1" 200 4746
114.86.187.244 - - [23/Jul/2022:10:26:08 +0800] "GET /xingrg/all/function/internal_message.html?_=1658543172797&CODE_STATE=getMsg HTTP/1.1" 200 27
218.81.223.53 - - [23/Jul/2022:10:26:13 +0800] "GET /xingrg/all/function/internal_message.html?_=1658543191668&CODE_STATE=getMsg HTTP/1.1" 200 27
114.86.225.230 - - [23/Jul/2022:10:26:15 +0800] "POST /xingrg/kc/buy/cgsh_list_operate.html HTTP/1.1" 200 6330
114.84.2.83 - - [23/Jul/2022:10:26:15 +0800] "GET /xingrg/all/function/internal_message.html?_=1658543168148&CODE_STATE=getMsg HTTP/1.1" 200 27
61.170.233.82 - - [23/Jul/2022:10:26:25 +0800] "GET /xingrg/check_reg.html?_=1658543184142 HTTP/1.1" 200 22
61.170.233.82 - - [23/Jul/2022:10:26:25 +0800] "GET /xingrg/all/function/internal_message.html?_=1658543184144&CODE_STATE=getMsg HTTP/1.1" 200 27
114.83.219.182 - - [23/Jul/2022:10:26:31 +0800] "GET /xingrg/kc/buy/cgsh_order_operate.html?command=get_materiel&rest_code=00149&code=00101009062&supplier_code=00100201&order_time=2022-07-23 HTTP/1.1" 200 412
180.175.103.110 - - [23/Jul/2022:10:26:34 +0800] "GET /xingrg/all/function/internal_message.html?_=1658543077114&CODE_STATE=getMsg HTTP/1.1" 200 27
116.235.94.65 - - [23/Jul/2022:10:26:37 +0800] "GET /xingrg/all/function/internal_message.html?_=1658543378752&CODE_STATE=getMsg HTTP/1.1" 200 27
101.85.120.95 - - [23/Jul/2022:10:26:40 +0800] "GET /xingrg/all/function/internal_message.html?_=1658543196148&CODE_STATE=getMsg HTTP/1.1" 200 27
114.83.219.182 - - [23/Jul/2022:10:26:42 +0800] "GET /xingrg/all/function/internal_message.html?_=1658543197917&CODE_STATE=getMsg HTTP/1.1" 200 27
114.83.219.182 - - [23/Jul/2022:10:26:42 +0800] "GET /xingrg/check_reg.html?_=1658543197921 HTTP/1.1" 200 22
114.86.225.230 - - [23/Jul/2022:10:26:42 +0800] "GET /xingrg/all/function/internal_message.html?_=1658543199036&CODE_STATE=getMsg HTTP/1.1" 200 27
114.83.219.182 - - [23/Jul/2022:10:26:44 +0800] "GET /xingrg/kc/buy/cgsh_order_operate.html?command=get_materiel&rest_code=00149&code=00101009059&supplier_code=00100201&order_time=2022-07-23 HTTP/1.1" 200 409
218.81.223.53 - - [23/Jul/2022:10:26:44 +0800] "GET /xingrg/check_reg.html?_=1658543222824 HTTP/1.1" 200 22
114.86.187.244 - - [23/Jul/2022:10:26:46 +0800] "GET /xingrg/all/function/internal_message.html?_=1658543204135&CODE_STATE=getMsg HTTP/1.1" 200 27
180.169.147.146 - - [23/Jul/2022:10:26:47 +0800] "GET /xingrg/all/function/internal_message.html?_=1658543203606&CODE_STATE=getMsg HTTP/1.1" 302 -
101.80.228.36 - - [23/Jul/2022:10:26:51 +0800] "GET /xingrg/kc/base/wldb_order_operate.html?command=get_materiel&rest_code=00156&base_code=0010779&code=00101019066 HTTP/1.1" 200 454
180.162.109.37 - - [23/Jul/2022:10:26:51 +0800] "POST /xingrg/dwr/call/plaincall/AjaxYddbService.saveOrder.dwr HTTP/1.1" 200 78
101.80.228.36 - - [23/Jul/2022:10:26:54 +0800] "GET /xingrg/all/function/internal_message.html?_=1658543210270&CODE_STATE=getMsg HTTP/1.1" 200 27
180.162.109.37 - - [23/Jul/2022:10:26:56 +0800] "POST /xingrg/dwr/call/plaincall/AjaxYddbService.objCheckOrder.dwr HTTP/1.1" 200 78
180.162.109.37 - - [23/Jul/2022:10:26:57 +0800] "GET /xingrg/kc/base/yddb_order_info.html?code=482022071400067 HTTP/1.1" 200 29907
180.162.109.37 - - [23/Jul/2022:10:26:57 +0800] "GET /xingrg/dwr/interface/AjaxYddbService.js HTTP/1.1" 200 13201
180.162.109.37 - - [23/Jul/2022:10:26:57 +0800] "GET /xingrg/dwr/interface/AjaxComOrderService.js HTTP/1.1" 200 18264
180.162.109.37 - - [23/Jul/2022:10:26:57 +0800] "GET /xingrg/dwr/engine.js HTTP/1.1" 200 43631
180.162.109.37 - - [23/Jul/2022:10:26:57 +0800] "POST /xingrg/dwr/call/plaincall/AjaxYddbService.loadMaterielItems.dwr HTTP/1.1" 200 4746
101.80.228.36 - - [23/Jul/2022:10:27:02 +0800] "POST /xingrg/kc/base/wldb_order_operate.html HTTP/1.1" 200 37
101.80.228.36 - - [23/Jul/2022:10:27:03 +0800] "POST /xingrg/kc/base/wldb_order_operate.html HTTP/1.1" 200 5105
101.80.228.36 - - [23/Jul/2022:10:27:03 +0800] "GET /xingrg/kc/base/wldb_order_info.html?code=422022072301440 HTTP/1.1" 200 30377
116.224.123.211 - - [23/Jul/2022:10:27:04 +0800] "GET /xingrg/check_reg.html?_=1658543252098 HTTP/1.1" 200 22
101.80.228.36 - - [23/Jul/2022:10:27:04 +0800] "GET /xingrg/javascript/easyui/themes/default/validatebox.css HTTP/1.1" 404 1104
180.162.109.37 - - [23/Jul/2022:10:27:04 +0800] "GET /xingrg/all/function/internal_message.html?_=1658542423285&CODE_STATE=getMsg HTTP/1.1" 200 27
101.80.228.36 - - [23/Jul/2022:10:27:04 +0800] "POST /xingrg/kc/base/wldb_order_operate.html HTTP/1.1" 200 5105
114.86.187.244 - - [23/Jul/2022:10:27:08 +0800] "GET /xingrg/all/function/internal_message.html?_=1658543232798&CODE_STATE=getMsg HTTP/1.1" 200 27
180.162.109.37 - - [23/Jul/2022:10:27:08 +0800] "POST /xingrg/kc/base/yddb_list_operate.html HTTP/1.1" 200 599
180.162.109.37 - - [23/Jul/2022:10:27:09 +0800] "GET /xingrg/kc/base/yddb_order_info.html?code=482022071700082 HTTP/1.1" 200 29784
180.162.109.37 - - [23/Jul/2022:10:27:09 +0800] "GET /xingrg/dwr/interface/AjaxYddbService.js HTTP/1.1" 200 13201
180.162.109.37 - - [23/Jul/2022:10:27:09 +0800] "GET /xingrg/dwr/interface/AjaxComOrderService.js HTTP/1.1" 200 18264
180.162.109.37 - - [23/Jul/2022:10:27:09 +0800] "GET /xingrg/dwr/engine.js HTTP/1.1" 200 43631
180.162.109.37 - - [23/Jul/2022:10:27:09 +0800] "POST /xingrg/dwr/call/plaincall/AjaxYddbService.loadMaterielItems.dwr HTTP/1.1" 200 5905
101.80.228.36 - - [23/Jul/2022:10:27:12 +0800] "POST /xingrg/kc/base/wldb_order_operate.html HTTP/1.1" 200 37
218.81.223.53 - - [23/Jul/2022:10:27:13 +0800] "GET /xingrg/all/function/internal_message.html?_=1658543251680&CODE_STATE=getMsg HTTP/1.1" 200 27
101.80.228.36 - - [23/Jul/2022:10:27:14 +0800] "POST /xingrg/kc/base/wldb_order_operate.html HTTP/1.1" 200 12
101.80.228.36 - - [23/Jul/2022:10:27:15 +0800] "POST /xingrg/kc/base/wldb_order_operate.html HTTP/1.1" 200 5105
114.84.2.83 - - [23/Jul/2022:10:27:15 +0800] "GET /xingrg/all/function/internal_message.html?_=1658543228131&CODE_STATE=getMsg HTTP/1.1" 200 27
116.235.94.65 - - [23/Jul/2022:10:27:16 +0800] "GET /favicon.ico HTTP/1.1" 404 -
101.80.228.36 - - [23/Jul/2022:10:27:16 +0800] "GET /xingrg/kc/base/wldb_order_info.html?code=422022072301440 HTTP/1.1" 200 26241
101.80.228.36 - - [23/Jul/2022:10:27:17 +0800] "GET /xingrg/javascript/easyui/themes/default/validatebox.css HTTP/1.1" 404 1104
101.80.228.36 - - [23/Jul/2022:10:27:17 +0800] "POST /xingrg/kc/base/wldb_order_operate.html HTTP/1.1" 200 3335
101.80.228.36 - - [23/Jul/2022:10:27:19 +0800] "GET /xingrg/kc/base/wldb_order_add.html HTTP/1.1" 200 30362
101.80.228.36 - - [23/Jul/2022:10:27:19 +0800] "POST /xingrg/kc/base/wldb_order_operate.html HTTP/1.1" 200 6806
101.80.228.36 - - [23/Jul/2022:10:27:19 +0800] "GET /xingrg/javascript/easyui/themes/default/validatebox.css HTTP/1.1" 404 1104
61.170.233.82 - - [23/Jul/2022:10:27:25 +0800] "GET /xingrg/all/function/internal_message.html?_=1658543244144&CODE_STATE=getMsg HTTP/1.1" 200 27
180.162.109.37 - - [23/Jul/2022:10:27:28 +0800] "POST /xingrg/dwr/call/plaincall/AjaxYddbService.saveOrder.dwr HTTP/1.1" 200 78
180.162.109.37 - - [23/Jul/2022:10:27:32 +0800] "POST /xingrg/dwr/call/plaincall/AjaxYddbService.objCheckOrder.dwr HTTP/1.1" 200 78
180.162.109.37 - - [23/Jul/2022:10:27:33 +0800] "GET /xingrg/kc/base/yddb_order_info.html?code=482022071700082 HTTP/1.1" 200 29907
180.162.109.37 - - [23/Jul/2022:10:27:33 +0800] "GET /xingrg/dwr/interface/AjaxYddbService.js HTTP/1.1" 200 13201
180.162.109.37 - - [23/Jul/2022:10:27:33 +0800] "GET /xingrg/dwr/interface/AjaxComOrderService.js HTTP/1.1" 200 18264
180.162.109.37 - - [23/Jul/2022:10:27:33 +0800] "GET /xingrg/dwr/engine.js HTTP/1.1" 200 43631
180.162.109.37 - - [23/Jul/2022:10:27:33 +0800] "POST /xingrg/dwr/call/plaincall/AjaxYddbService.loadMaterielItems.dwr HTTP/1.1" 200 5905
180.175.103.110 - - [23/Jul/2022:10:27:34 +0800] "GET /xingrg/all/function/internal_message.html?_=1658543137101&CODE_STATE=getMsg HTTP/1.1" 200 27
116.235.94.65 - - [23/Jul/2022:10:27:37 +0800] "GET /xingrg/check_reg.html?_=1658543438752 HTTP/1.1" 200 22
116.235.94.65 - - [23/Jul/2022:10:27:37 +0800] "GET /xingrg/all/function/internal_message.html?_=1658543438754&CODE_STATE=getMsg HTTP/1.1" 200 27
180.162.109.37 - - [23/Jul/2022:10:27:38 +0800] "POST /xingrg/kc/base/yddb_list_operate.html HTTP/1.1" 200 612
180.162.109.37 - - [23/Jul/2022:10:27:39 +0800] "GET /xingrg/kc/base/yddb_order_info.html?code=482022072000096 HTTP/1.1" 200 29784
180.162.109.37 - - [23/Jul/2022:10:27:39 +0800] "GET /xingrg/dwr/interface/AjaxYddbService.js HTTP/1.1" 200 13201
180.162.109.37 - - [23/Jul/2022:10:27:39 +0800] "GET /xingrg/dwr/interface/AjaxComOrderService.js HTTP/1.1" 200 18264
180.162.109.37 - - [23/Jul/2022:10:27:39 +0800] "GET /xingrg/dwr/engine.js HTTP/1.1" 200 43631
180.162.109.37 - - [23/Jul/2022:10:27:39 +0800] "POST /xingrg/dwr/call/plaincall/AjaxYddbService.loadMaterielItems.dwr HTTP/1.1" 200 6898
101.85.120.95 - - [23/Jul/2022:10:27:40 +0800] "GET /xingrg/all/function/internal_message.html?_=1658543256149&CODE_STATE=getMsg HTTP/1.1" 200 27
114.83.219.182 - - [23/Jul/2022:10:27:42 +0800] "GET /xingrg/all/function/internal_message.html?_=1658543257916&CODE_STATE=getMsg HTTP/1.1" 200 27
114.86.225.230 - - [23/Jul/2022:10:27:42 +0800] "GET /xingrg/check_reg.html?_=1658543259044 HTTP/1.1" 200 22
114.86.225.230 - - [23/Jul/2022:10:27:42 +0800] "GET /xingrg/all/function/internal_message.html?_=1658543259052&CODE_STATE=getMsg HTTP/1.1" 200 27
101.80.228.36 - - [23/Jul/2022:10:27:43 +0800] "GET /xingrg/check_reg.html?_=1658543258739 HTTP/1.1" 200 22
101.80.228.36 - - [23/Jul/2022:10:27:45 +0800] "GET /xingrg/kc/base/wldb_order_operate.html?command=get_materiel&rest_code=00156&base_code=0010780&code=00102001084 HTTP/1.1" 200 432
114.86.187.244 - - [23/Jul/2022:10:27:46 +0800] "GET /xingrg/all/function/internal_message.html?_=1658543264111&CODE_STATE=getMsg HTTP/1.1" 200 27
180.169.147.146 - - [23/Jul/2022:10:27:47 +0800] "GET /xingrg/all/function/internal_message.html?_=1658543263606&CODE_STATE=getMsg HTTP/1.1" 302 -
114.83.219.182 - - [23/Jul/2022:10:27:49 +0800] "GET /xingrg/kc/buy/cgsh_order_operate.html?command=get_materiel&rest_code=00149&code=00101009118&supplier_code=00100201&order_time=2022-07-23 HTTP/1.1" 200 405
101.80.228.36 - - [23/Jul/2022:10:27:54 +0800] "GET /xingrg/all/function/internal_message.html?_=1658543270270&CODE_STATE=getMsg HTTP/1.1" 200 27
180.162.109.37 - - [23/Jul/2022:10:28:00 +0800] "POST /xingrg/dwr/call/plaincall/AjaxYddbService.saveOrder.dwr HTTP/1.1" 200 78
114.83.219.182 - - [23/Jul/2022:10:28:03 +0800] "POST /xingrg/kc/buy/cgsh_order_operate.html HTTP/1.1" 200 37
180.162.109.37 - - [23/Jul/2022:10:28:04 +0800] "GET /xingrg/all/function/internal_message.html?_=1658542483284&CODE_STATE=getMsg HTTP/1.1" 200 27
180.162.109.37 - - [23/Jul/2022:10:28:06 +0800] "POST /xingrg/dwr/call/plaincall/AjaxYddbService.objCheckOrder.dwr HTTP/1.1" 200 78
180.162.109.37 - - [23/Jul/2022:10:28:07 +0800] "GET /xingrg/kc/base/yddb_order_info.html?code=482022072000096 HTTP/1.1" 200 29907
180.162.109.37 - - [23/Jul/2022:10:28:07 +0800] "GET /xingrg/dwr/interface/AjaxYddbService.js HTTP/1.1" 200 13201
180.162.109.37 - - [23/Jul/2022:10:28:07 +0800] "GET /xingrg/dwr/interface/AjaxComOrderService.js HTTP/1.1" 200 18264
180.162.109.37 - - [23/Jul/2022:10:28:07 +0800] "GET /xingrg/dwr/engine.js HTTP/1.1" 200 43631
180.162.109.37 - - [23/Jul/2022:10:28:07 +0800] "POST /xingrg/dwr/call/plaincall/AjaxYddbService.loadMaterielItems.dwr HTTP/1.1" 200 6898
114.86.187.244 - - [23/Jul/2022:10:28:08 +0800] "GET /xingrg/all/function/internal_message.html?_=1658543292798&CODE_STATE=getMsg HTTP/1.1" 200 27
114.83.219.182 - - [23/Jul/2022:10:28:10 +0800] "POST /xingrg/kc/buy/cgsh_order_operate.html HTTP/1.1" 200 12
180.162.109.37 - - [23/Jul/2022:10:28:11 +0800] "POST /xingrg/kc/base/yddb_list_operate.html HTTP/1.1" 200 3462
101.80.228.36 - - [23/Jul/2022:10:28:13 +0800] "GET /xingrg/kc/base/wldb_order_operate.html?command=get_materiel&rest_code=00156&base_code=0010780&code=00102002315 HTTP/1.1" 200 461
218.81.223.53 - - [23/Jul/2022:10:28:13 +0800] "GET /xingrg/all/function/internal_message.html?_=1658543311693&CODE_STATE=getMsg HTTP/1.1" 200 27
114.83.219.182 - - [23/Jul/2022:10:28:14 +0800] "GET /xingrg/kc/buy/cgsh_order_info.html?code=212022072305868 HTTP/1.1" 200 62935
114.83.219.182 - - [23/Jul/2022:10:28:14 +0800] "GET /xingrg/javascript/easyui/themes/default/validatebox.css HTTP/1.1" 404 1104
114.83.219.182 - - [23/Jul/2022:10:28:15 +0800] "POST /xingrg/kc/buy/cgsh_order_operate.html HTTP/1.1" 200 2973
114.84.2.83 - - [23/Jul/2022:10:28:15 +0800] "GET /xingrg/all/function/internal_message.html?_=1658543288114&CODE_STATE=getMsg HTTP/1.1" 200 27
180.162.109.37 - - [23/Jul/2022:10:28:17 +0800] "POST /xingrg/kc/base/yddb_list_operate.html HTTP/1.1" 200 599
180.162.109.37 - - [23/Jul/2022:10:28:17 +0800] "GET /xingrg/kc/base/yddb_order_info.html?code=482022071700082 HTTP/1.1" 200 29907
180.162.109.37 - - [23/Jul/2022:10:28:17 +0800] "GET /xingrg/dwr/interface/AjaxYddbService.js HTTP/1.1" 200 13201
180.162.109.37 - - [23/Jul/2022:10:28:17 +0800] "GET /xingrg/dwr/interface/AjaxComOrderService.js HTTP/1.1" 200 18264
180.162.109.37 - - [23/Jul/2022:10:28:17 +0800] "GET /xingrg/dwr/engine.js HTTP/1.1" 200 43631
180.162.109.37 - - [23/Jul/2022:10:28:17 +0800] "POST /xingrg/dwr/call/plaincall/AjaxYddbService.loadMaterielItems.dwr HTTP/1.1" 200 5905
114.83.219.182 - - [23/Jul/2022:10:28:18 +0800] "GET /xingrg/kc/print/load_data.html?order_code=212022072305868&kc_code=cgsh&condition= HTTP/1.1" 200 1611
180.162.109.37 - - [23/Jul/2022:10:28:21 +0800] "POST /xingrg/kc/base/yddb_list_operate.html HTTP/1.1" 200 577
180.162.109.37 - - [23/Jul/2022:10:28:21 +0800] "GET /xingrg/kc/base/yddb_order_info.html?code=482022071400067 HTTP/1.1" 200 29907
180.162.109.37 - - [23/Jul/2022:10:28:21 +0800] "GET /xingrg/dwr/interface/AjaxComOrderService.js HTTP/1.1" 200 18264
180.162.109.37 - - [23/Jul/2022:10:28:21 +0800] "GET /xingrg/dwr/interface/AjaxYddbService.js HTTP/1.1" 200 13201
180.162.109.37 - - [23/Jul/2022:10:28:21 +0800] "GET /xingrg/dwr/engine.js HTTP/1.1" 200 43631
180.162.109.37 - - [23/Jul/2022:10:28:21 +0800] "POST /xingrg/dwr/call/plaincall/AjaxYddbService.loadMaterielItems.dwr HTTP/1.1" 200 4746
101.80.228.36 - - [23/Jul/2022:10:28:25 +0800] "GET /xingrg/kc/base/wldb_order_operate.html?command=get_materiel&rest_code=00156&base_code=0010780&code=00102004005 HTTP/1.1" 200 431
61.170.233.82 - - [23/Jul/2022:10:28:25 +0800] "GET /xingrg/all/function/internal_message.html?_=1658543304145&CODE_STATE=getMsg HTTP/1.1" 200 27
180.175.103.110 - - [23/Jul/2022:10:28:34 +0800] "GET /xingrg/all/function/internal_message.html?_=1658543197093&CODE_STATE=getMsg HTTP/1.1" 200 27
101.80.228.36 - - [23/Jul/2022:10:28:34 +0800] "GET /xingrg/kc/base/wldb_order_operate.html?command=get_materiel&rest_code=00156&base_code=0010780&code=00102004006 HTTP/1.1" 200 442
116.235.94.65 - - [23/Jul/2022:10:28:37 +0800] "GET /xingrg/all/function/internal_message.html?_=1658543498756&CODE_STATE=getMsg HTTP/1.1" 200 27
