114.84.2.83 - - [23/Jul/2022:09:29:34 +0800] "GET /xingrg/kc/buy/cgsh_order_operate.html?command=get_materiel&rest_code=00111&code=00101009112&supplier_code=00100005&order_time=2022-07-23 HTTP/1.1" 200 441
101.83.223.227 - - [23/Jul/2022:09:29:35 +0800] "GET /xingrg/kc/buy/cgsh_order_operate.html?command=get_materiel&rest_code=00151&code=00101008221&supplier_code=00100007&order_time=2022-07-23 HTTP/1.1" 200 412
116.235.94.65 - - [23/Jul/2022:09:29:37 +0800] "GET /xingrg/all/function/internal_message.html?_=1658539958730&CODE_STATE=getMsg HTTP/1.1" 200 27
101.83.223.227 - - [23/Jul/2022:09:29:41 +0800] "GET /xingrg/kc/buy/cgsh_order_operate.html?command=get_materiel&rest_code=00151&code=00101008223&supplier_code=00100007&order_time=2022-07-23 HTTP/1.1" 200 412
61.170.233.82 - - [23/Jul/2022:09:29:41 +0800] "GET /xingrg/kc/buy/cgsh_order_operate.html?command=get_materiel&rest_code=00106&code=00101016105&supplier_code=00100032&order_time=2022-07-23 HTTP/1.1" 200 411
114.83.219.182 - - [23/Jul/2022:09:29:42 +0800] "GET /xingrg/all/function/internal_message.html?_=1658539777714&CODE_STATE=getMsg HTTP/1.1" 200 27
116.224.123.211 - - [23/Jul/2022:09:29:42 +0800] "GET /xingrg/all/function/internal_message.html?_=1658539842058&CODE_STATE=getMsg HTTP/1.1" 200 27
180.162.109.37 - - [23/Jul/2022:09:29:46 +0800] "GET /favicon.ico HTTP/1.1" 404 -
101.83.223.227 - - [23/Jul/2022:09:29:46 +0800] "GET /xingrg/all/function/internal_message.html?_=1658539782418&CODE_STATE=getMsg HTTP/1.1" 200 27
101.83.223.227 - - [23/Jul/2022:09:29:46 +0800] "GET /xingrg/check_reg.html?_=1658539782411 HTTP/1.1" 200 22
180.175.103.110 - - [23/Jul/2022:09:29:46 +0800] "GET /xingrg/kc/buy/cgsh_order_operate.html?command=get_materiel&rest_code=00105&code=00101008264&supplier_code=00100203&order_time=2022-07-23 HTTP/1.1" 200 428
114.86.187.244 - - [23/Jul/2022:09:29:47 +0800] "GET /xingrg/all/function/internal_message.html?_=1658539784996&CODE_STATE=getMsg HTTP/1.1" 200 27
180.169.147.146 - - [23/Jul/2022:09:29:47 +0800] "GET /xingrg/all/function/internal_message.html?_=1658539783602&CODE_STATE=getMsg HTTP/1.1" 302 -
101.83.223.227 - - [23/Jul/2022:09:29:47 +0800] "GET /xingrg/kc/buy/cgsh_order_operate.html?command=get_materiel&rest_code=00151&code=00101008343&supplier_code=00100007&order_time=2022-07-23 HTTP/1.1" 200 413
61.170.233.82 - - [23/Jul/2022:09:29:54 +0800] "POST /xingrg/kc/buy/cgsh_order_operate.html HTTP/1.1" 200 37
101.80.228.36 - - [23/Jul/2022:09:29:55 +0800] "GET /xingrg/all/function/internal_message.html?_=1658539791396&CODE_STATE=getMsg HTTP/1.1" 200 27
101.83.223.227 - - [23/Jul/2022:09:29:56 +0800] "GET /xingrg/kc/buy/cgsh_order_operate.html?command=get_materiel&rest_code=00151&code=00101008441&supplier_code=00100007&order_time=2022-07-23 HTTP/1.1" 200 420
61.170.233.82 - - [23/Jul/2022:09:29:58 +0800] "POST /xingrg/kc/buy/cgsh_order_operate.html HTTP/1.1" 200 5011
114.84.2.83 - - [23/Jul/2022:09:30:00 +0800] "GET /xingrg/kc/buy/cgsh_order_operate.html?command=get_materiel&rest_code=00111&code=00101009107&supplier_code=00100005&order_time=2022-07-23 HTTP/1.1" 200 409
61.170.233.82 - - [23/Jul/2022:09:30:00 +0800] "GET /xingrg/kc/buy/cgsh_order_add.html HTTP/1.1" 200 67938
61.170.233.82 - - [23/Jul/2022:09:30:01 +0800] "POST /xingrg/kc/buy/cgsh_order_operate.html HTTP/1.1" 200 8245
61.170.233.82 - - [23/Jul/2022:09:30:01 +0800] "GET /xingrg/javascript/easyui/themes/default/validatebox.css HTTP/1.1" 404 1104
101.83.223.227 - - [23/Jul/2022:09:30:01 +0800] "GET /xingrg/kc/buy/cgsh_order_operate.html?command=get_materiel&rest_code=00151&code=00101008150&supplier_code=00100007&order_time=2022-07-23 HTTP/1.1" 200 408
120.253.135.82 - - [23/Jul/2022:09:30:02 +0800] "GET /xingrg/all/function/internal_message.html?_=1658539923832&CODE_STATE=getMsg HTTP/1.1" 200 27
61.170.233.82 - - [23/Jul/2022:09:30:03 +0800] "GET /xingrg/all/function/internal_message.html?_=1658539801717&CODE_STATE=getMsg HTTP/1.1" 200 27
61.170.233.82 - - [23/Jul/2022:09:30:03 +0800] "GET /xingrg/javascript/easyui/themes/default/tree.css HTTP/1.1" 404 1090
61.170.233.82 - - [23/Jul/2022:09:30:03 +0800] "POST /xingrg/all/common/load_tree.html?tree=supplier_tree_json&isDelete=1 HTTP/1.1" 200 66956
218.81.223.53 - - [23/Jul/2022:09:30:07 +0800] "GET /xingrg/all/function/internal_message.html?_=1658539825258&CODE_STATE=getMsg HTTP/1.1" 200 27
101.83.223.227 - - [23/Jul/2022:09:30:07 +0800] "GET /xingrg/kc/buy/cgsh_order_operate.html?command=get_materiel&rest_code=00151&code=00101008264&supplier_code=00100007&order_time=2022-07-23 HTTP/1.1" 200 428
114.86.187.244 - - [23/Jul/2022:09:30:10 +0800] "GET /xingrg/check_reg.html?_=1658539808211 HTTP/1.1" 200 22
120.253.135.82 - - [23/Jul/2022:09:30:11 +0800] "GET /xingrg/all/function/internal_message.html?_=1658539615865&CODE_STATE=getMsg HTTP/1.1" 200 27
101.83.223.227 - - [23/Jul/2022:09:30:14 +0800] "GET /xingrg/kc/buy/cgsh_order_operate.html?command=get_materiel&rest_code=00151&code=00101008344&supplier_code=00100007&order_time=2022-07-23 HTTP/1.1" 200 412
114.84.2.83 - - [23/Jul/2022:09:30:16 +0800] "GET /xingrg/all/function/internal_message.html?_=1658539808826&CODE_STATE=getMsg HTTP/1.1" 200 27
101.83.223.227 - - [23/Jul/2022:09:30:20 +0800] "GET /xingrg/kc/buy/cgsh_order_operate.html?command=get_materiel&rest_code=00151&code=00101008098&supplier_code=00100007&order_time=2022-07-23 HTTP/1.1" 200 412
101.83.223.227 - - [23/Jul/2022:09:30:25 +0800] "GET /xingrg/kc/buy/cgsh_order_operate.html?command=get_materiel&rest_code=00151&code=00101008371&supplier_code=00100007&order_time=2022-07-23 HTTP/1.1" 200 412
61.170.233.82 - - [23/Jul/2022:09:30:25 +0800] "GET /xingrg/kc/buy/cgsh_order_operate.html?command=get_materiel&rest_code=00106&code=00101007076&supplier_code=00100002&order_time=2022-07-23 HTTP/1.1" 200 410
27.115.124.45 - - [23/Jul/2022:09:30:30 +0800] "GET /xingrg/dma/mobile/column_pie.html HTTP/1.1" 200 10229
27.115.124.38 - - [23/Jul/2022:09:30:30 +0800] "GET /xingrg/dma/mobile/column_pie.html HTTP/1.1" 200 10229
27.115.124.38 - - [23/Jul/2022:09:30:30 +0800] "GET /xingrg/javascript/mobile/mobile.css HTTP/1.1" 200 347
27.115.124.38 - - [23/Jul/2022:09:30:30 +0800] "GET /xingrg/javascript/mobile/jquery.mobile-1.3.2.min.css HTTP/1.1" 200 94670
27.115.124.38 - - [23/Jul/2022:09:30:30 +0800] "GET /xingrg/javascript/mobile/js/highcharts.js HTTP/1.1" 200 134656
27.115.124.45 - - [23/Jul/2022:09:30:30 +0800] "GET /xingrg/javascript/mobile/mobiscroll/mobiscroll.custom-2.6.2.min.css HTTP/1.1" 200 38004
27.115.124.45 - - [23/Jul/2022:09:30:30 +0800] "GET /xingrg/javascript/mobile/js/modules/exporting.js HTTP/1.1" 200 7123
27.115.124.45 - - [23/Jul/2022:09:30:30 +0800] "GET /xingrg/javascript/mobile/mobile-common.js HTTP/1.1" 200 1484
27.115.124.45 - - [23/Jul/2022:09:30:30 +0800] "GET /xingrg/javascript/mobile/jquery-1.8.3.min.js HTTP/1.1" 200 93637
27.115.124.6 - - [23/Jul/2022:09:30:30 +0800] "GET /xingrg/javascript/mobile/mobiscroll/mobiscroll.custom-2.6.2.min.js HTTP/1.1" 200 43737
27.115.124.6 - - [23/Jul/2022:09:30:30 +0800] "GET /xingrg/javascript/convert.js HTTP/1.1" 200 1239
27.115.124.6 - - [23/Jul/2022:09:30:30 +0800] "GET /xingrg/javascript/mobile/jquery.mobile-1.3.2.min.js HTTP/1.1" 200 145396
27.115.124.6 - - [23/Jul/2022:09:30:30 +0800] "GET /xingrg/javascript/mobile/images/ajax-loader.gif HTTP/1.1" 200 7825
101.83.223.227 - - [23/Jul/2022:09:30:30 +0800] "GET /xingrg/kc/buy/cgsh_order_operate.html?command=get_materiel&rest_code=00151&code=00101008300&supplier_code=00100007&order_time=2022-07-23 HTTP/1.1" 200 427
27.115.124.6 - - [23/Jul/2022:09:30:30 +0800] "GET /xingrg/javascript/mobile/images/icons-18-white.png HTTP/1.1" 200 1988
27.115.124.6 - - [23/Jul/2022:09:30:30 +0800] "POST /xingrg/dma/mobile/report_query.html HTTP/1.1" 200 2
114.84.2.83 - - [23/Jul/2022:09:30:33 +0800] "GET /xingrg/kc/buy/cgsh_order_operate.html?command=get_materiel&rest_code=00111&code=00101015046&supplier_code=00100005&order_time=2022-07-23 HTTP/1.1" 200 412
180.175.103.110 - - [23/Jul/2022:09:30:34 +0800] "GET /xingrg/all/function/internal_message.html?_=1658539717969&CODE_STATE=getMsg HTTP/1.1" 200 27
101.83.223.227 - - [23/Jul/2022:09:30:36 +0800] "GET /xingrg/kc/buy/cgsh_order_operate.html?command=get_materiel&rest_code=00151&code=00101008286&supplier_code=00100007&order_time=2022-07-23 HTTP/1.1" 200 408
116.235.94.65 - - [23/Jul/2022:09:30:37 +0800] "GET /xingrg/all/function/internal_message.html?_=1658540018728&CODE_STATE=getMsg HTTP/1.1" 200 27
180.163.220.3 - - [23/Jul/2022:09:30:38 +0800] "GET /xingrg/index_mobile.html HTTP/1.1" 200 6990
180.163.220.66 - - [23/Jul/2022:09:30:38 +0800] "GET /xingrg/index_mobile.html HTTP/1.1" 200 6990
101.83.223.227 - - [23/Jul/2022:09:30:41 +0800] "GET /xingrg/kc/buy/cgsh_order_operate.html?command=get_materiel&rest_code=00151&code=00101008356&supplier_code=00100007&order_time=2022-07-23 HTTP/1.1" 200 408
114.84.2.83 - - [23/Jul/2022:09:30:41 +0800] "GET /xingrg/kc/buy/cgsh_order_operate.html?command=get_materiel&rest_code=00111&code=00101008418&supplier_code=00100005&order_time=2022-07-23 HTTP/1.1" 200 413
101.83.223.227 - - [23/Jul/2022:09:30:42 +0800] "POST /xingrg/kc/buy/cgsh_order_operate.html HTTP/1.1" 200 2065
114.83.219.182 - - [23/Jul/2022:09:30:42 +0800] "GET /xingrg/all/function/internal_message.html?_=1658539837711&CODE_STATE=getMsg HTTP/1.1" 200 27
116.224.123.211 - - [23/Jul/2022:09:30:42 +0800] "GET /xingrg/all/function/internal_message.html?_=1658539902175&CODE_STATE=getMsg HTTP/1.1" 200 27
120.253.135.82 - - [23/Jul/2022:09:30:42 +0800] "GET /xingrg/check_reg.html?_=1658539963569 HTTP/1.1" 200 22
42.236.10.114 - - [23/Jul/2022:09:30:44 +0800] "GET /xingrg HTTP/1.1" 302 -
42.236.10.114 - - [23/Jul/2022:09:30:44 +0800] "GET /xingrg HTTP/1.1" 302 -
42.236.10.114 - - [23/Jul/2022:09:30:44 +0800] "GET /xingrg/ HTTP/1.1" 200 292
42.236.10.114 - - [23/Jul/2022:09:30:44 +0800] "GET /xingrg/index.html HTTP/1.1" 302 -
42.236.10.114 - - [23/Jul/2022:09:30:44 +0800] "GET /xingrg/login.html HTTP/1.1" 200 2139
42.236.10.114 - - [23/Jul/2022:09:30:44 +0800] "GET /xingrg/javascript/mobile/jquery.mobile-1.3.2.min.css HTTP/1.1" 200 94670
42.236.10.106 - - [23/Jul/2022:09:30:44 +0800] "GET /xingrg/javascript/mobile/jquery-1.8.3.min.js HTTP/1.1" 200 93637
42.236.10.114 - - [23/Jul/2022:09:30:44 +0800] "GET /xingrg/javascript/mobile/jquery.mobile-1.3.2.min.js HTTP/1.1" 200 145396
42.236.10.114 - - [23/Jul/2022:09:30:45 +0800] "GET /xingrg/javascript/mobile/images/ajax-loader.gif HTTP/1.1" 200 7825
27.115.124.45 - - [23/Jul/2022:09:30:45 +0800] "GET /xingrg/index_mobile.html HTTP/1.1" 200 6990
27.115.124.45 - - [23/Jul/2022:09:30:45 +0800] "GET /xingrg/index_mobile.html HTTP/1.1" 200 6990
27.115.124.6 - - [23/Jul/2022:09:30:45 +0800] "GET /xingrg/javascript/mobile/jquery.mobile-1.3.2.min.css HTTP/1.1" 200 94670
27.115.124.38 - - [23/Jul/2022:09:30:45 +0800] "GET /xingrg/javascript/mobile/jquery-1.8.3.min.js HTTP/1.1" 200 93637
27.115.124.45 - - [23/Jul/2022:09:30:45 +0800] "GET /xingrg/javascript/mobile/mobile.css HTTP/1.1" 200 347
27.115.124.45 - - [23/Jul/2022:09:30:45 +0800] "GET /xingrg/javascript/mobile/jquery.mobile-1.3.2.min.js HTTP/1.1" 200 145396
27.115.124.6 - - [23/Jul/2022:09:30:45 +0800] "GET /xingrg/javascript/mobile/mobiscroll/mobiscroll.custom-2.6.2.min.js HTTP/1.1" 200 43737
27.115.124.45 - - [23/Jul/2022:09:30:45 +0800] "GET /xingrg/javascript/mobile/mobiscroll/mobiscroll.custom-2.6.2.min.css HTTP/1.1" 200 38004
27.115.124.38 - - [23/Jul/2022:09:30:45 +0800] "GET /xingrg/javascript/convert.js HTTP/1.1" 200 1239
101.83.223.227 - - [23/Jul/2022:09:30:46 +0800] "GET /xingrg/all/function/internal_message.html?_=1658539842426&CODE_STATE=getMsg HTTP/1.1" 200 27
114.86.187.244 - - [23/Jul/2022:09:30:47 +0800] "GET /xingrg/all/function/internal_message.html?_=1658539844967&CODE_STATE=getMsg HTTP/1.1" 200 27
180.169.147.146 - - [23/Jul/2022:09:30:47 +0800] "GET /xingrg/all/function/internal_message.html?_=1658539843606&CODE_STATE=getMsg HTTP/1.1" 302 -
180.175.103.110 - - [23/Jul/2022:09:30:48 +0800] "GET /xingrg/check_reg.html?_=1658539731410 HTTP/1.1" 200 22
180.175.103.110 - - [23/Jul/2022:09:30:48 +0800] "GET /xingrg/kc/buy/cgsh_order_operate.html?command=get_materiel&rest_code=00105&code=00101008336&supplier_code=00100203&order_time=2022-07-23 HTTP/1.1" 200 412
101.83.223.227 - - [23/Jul/2022:09:30:49 +0800] "GET /xingrg/kc/buy/cgsh_order_operate.html?command=get_materiel&rest_code=00151&code=00101008004&supplier_code=00100007&order_time=2022-07-23 HTTP/1.1" 200 416
114.84.2.83 - - [23/Jul/2022:09:30:50 +0800] "GET /xingrg/kc/buy/cgsh_order_operate.html?command=get_materiel&rest_code=00111&code=00101008223&supplier_code=00100005&order_time=2022-07-23 HTTP/1.1" 200 412
61.170.233.82 - - [23/Jul/2022:09:30:53 +0800] "GET /xingrg/kc/buy/cgsh_order_operate.html?command=get_materiel&rest_code=00106&code=00101007081&supplier_code=00100002&order_time=2022-07-23 HTTP/1.1" 200 415
101.80.228.36 - - [23/Jul/2022:09:30:55 +0800] "GET /xingrg/all/function/internal_message.html?_=1658539851382&CODE_STATE=getMsg HTTP/1.1" 200 27
101.83.223.227 - - [23/Jul/2022:09:30:56 +0800] "GET /xingrg/kc/buy/cgsh_order_operate.html?command=get_materiel&rest_code=00151&code=00101016025&supplier_code=00100007&order_time=2022-07-23 HTTP/1.1" 200 408
180.162.109.37 - - [23/Jul/2022:09:30:59 +0800] "GET /xingrg HTTP/1.1" 302 -
180.162.109.37 - - [23/Jul/2022:09:30:59 +0800] "GET /xingrg/ HTTP/1.1" 304 -
180.162.109.37 - - [23/Jul/2022:09:31:00 +0800] "GET /favicon.ico HTTP/1.1" 404 -
180.162.109.37 - - [23/Jul/2022:09:31:00 +0800] "GET /xingrg/index.html HTTP/1.1" 302 -
180.162.109.37 - - [23/Jul/2022:09:31:00 +0800] "GET /xingrg/login.html HTTP/1.1" 200 7641
180.162.109.37 - - [23/Jul/2022:09:31:00 +0800] "GET /xingrg/images/blue/jxLogo.png HTTP/1.1" 304 -
180.162.109.37 - - [23/Jul/2022:09:31:00 +0800] "GET /xingrg/images/blue/login_bg.png HTTP/1.1" 304 -
180.162.109.37 - - [23/Jul/2022:09:31:00 +0800] "GET /xingrg/images/blue/hj.png HTTP/1.1" 304 -
180.162.109.37 - - [23/Jul/2022:09:31:00 +0800] "GET /xingrg/images/blue/srbg.png HTTP/1.1" 304 -
180.162.109.37 - - [23/Jul/2022:09:31:00 +0800] "GET /favicon.ico HTTP/1.1" 404 -
120.253.135.82 - - [23/Jul/2022:09:31:02 +0800] "GET /xingrg/all/function/internal_message.html?_=1658539983832&CODE_STATE=getMsg HTTP/1.1" 200 27
114.84.2.83 - - [23/Jul/2022:09:31:02 +0800] "POST /xingrg/kc/buy/cgsh_order_operate.html HTTP/1.1" 200 2065
61.170.233.82 - - [23/Jul/2022:09:31:03 +0800] "GET /xingrg/all/function/internal_message.html?_=1658539861702&CODE_STATE=getMsg HTTP/1.1" 200 27
101.83.223.227 - - [23/Jul/2022:09:31:03 +0800] "GET /xingrg/kc/buy/cgsh_order_operate.html?command=get_materiel&rest_code=00151&code=00101008017&supplier_code=00100007&order_time=2022-07-23 HTTP/1.1" 200 416
180.162.109.37 - - [23/Jul/2022:09:31:03 +0800] "POST /xingrg/login.do HTTP/1.1" 302 -
180.162.109.37 - - [23/Jul/2022:09:31:03 +0800] "GET /xingrg/index.html?sysBaseUrl=http%3A%2F%2F180.169.147.146%3A18081%2Fxingrg%2F&costTime=98×tamp=1658539863473 HTTP/1.1" 200 17179
180.162.109.37 - - [23/Jul/2022:09:31:03 +0800] "GET /xingrg/javascript/jquery_easy_ui/themes/default/easyui.css HTTP/1.1" 304 -
180.162.109.37 - - [23/Jul/2022:09:31:03 +0800] "GET /xingrg/javascript/jquery_easy_ui/themes/icon.css HTTP/1.1" 304 -
180.162.109.37 - - [23/Jul/2022:09:31:03 +0800] "GET /xingrg/css/form.css HTTP/1.1" 304 -
180.162.109.37 - - [23/Jul/2022:09:31:03 +0800] "GET /xingrg/javascript/jquery-1.4.2.min.js HTTP/1.1" 304 -
180.162.109.37 - - [23/Jul/2022:09:31:03 +0800] "GET /xingrg/javascript/jquery_easy_ui/jquery.easyui.min.js HTTP/1.1" 304 -
180.162.109.37 - - [23/Jul/2022:09:31:03 +0800] "GET /xingrg/javascript/jquery_easy_ui/easyui-lang-zh_CN.js HTTP/1.1" 304 -
180.162.109.37 - - [23/Jul/2022:09:31:03 +0800] "GET /xingrg/javascript/jquery.form.js HTTP/1.1" 304 -
180.162.109.37 - - [23/Jul/2022:09:31:03 +0800] "GET /xingrg/javascript/jquery.timers.js HTTP/1.1" 304 -
180.162.109.37 - - [23/Jul/2022:09:31:03 +0800] "GET /xingrg/javascript/jquery.utils.js HTTP/1.1" 304 -
180.162.109.37 - - [23/Jul/2022:09:31:04 +0800] "GET /favicon.ico HTTP/1.1" 404 -
180.162.109.37 - - [23/Jul/2022:09:31:04 +0800] "GET /xingrg/javascript/jquery_easy_ui/themes/icons/settle_new.png HTTP/1.1" 304 -
180.162.109.37 - - [23/Jul/2022:09:31:04 +0800] "GET /xingrg/images/blue/navBackgound.jpg HTTP/1.1" 304 -
180.162.109.37 - - [23/Jul/2022:09:31:04 +0800] "POST /xingrg/all/common/load_tree.html?tree=area_rest_tree_json&manage=1 HTTP/1.1" 200 351
180.162.109.37 - - [23/Jul/2022:09:31:04 +0800] "GET /xingrg/all/function/internal_message.html?_=1658539063894&CODE_STATE=count HTTP/1.1" 200 11
180.162.109.37 - - [23/Jul/2022:09:31:04 +0800] "GET /xingrg/check_reg.html?_=1658539063895 HTTP/1.1" 200 22
180.162.109.37 - - [23/Jul/2022:09:31:04 +0800] "GET /xingrg/images/blue/pingpu.png HTTP/1.1" 304 -
180.162.109.37 - - [23/Jul/2022:09:31:05 +0800] "GET /xingrg/javascript/jquery_easy_ui/themes/default/images/tabs_leftarrow.png HTTP/1.1" 304 -
180.162.109.37 - - [23/Jul/2022:09:31:05 +0800] "GET /xingrg/javascript/jquery_easy_ui/themes/default/images/tabs_rightarrow.png HTTP/1.1" 304 -
180.162.109.37 - - [23/Jul/2022:09:31:05 +0800] "GET /xingrg/javascript/jquery_easy_ui/themes/default/images/panel_tool_collapse.gif HTTP/1.1" 304 -
180.162.109.37 - - [23/Jul/2022:09:31:05 +0800] "POST /xingrg/load_menu.html HTTP/1.1" 200 5138
180.162.109.37 - - [23/Jul/2022:09:31:05 +0800] "GET /xingrg/javascript/jquery_easy_ui/themes/default/images/tree_arrows.gif HTTP/1.1" 304 -
180.162.109.37 - - [23/Jul/2022:09:31:05 +0800] "GET /xingrg/javascript/jquery_easy_ui/themes/default/images/tree_folder_open.gif HTTP/1.1" 304 -
180.162.109.37 - - [23/Jul/2022:09:31:05 +0800] "GET /xingrg/javascript/jquery_easy_ui/themes/icons/search_new.png HTTP/1.1" 304 -
180.162.109.37 - - [23/Jul/2022:09:31:05 +0800] "GET /xingrg/javascript/jquery_easy_ui/themes/default/images/tree_folder.gif HTTP/1.1" 304 -
180.162.109.37 - - [23/Jul/2022:09:31:05 +0800] "GET /xingrg/javascript/jquery_easy_ui/themes/icons/storage_new.png HTTP/1.1" 304 -
180.162.109.37 - - [23/Jul/2022:09:31:05 +0800] "GET /xingrg/javascript/jquery_easy_ui/themes/default/images/tree_file.gif HTTP/1.1" 304 -
180.162.109.37 - - [23/Jul/2022:09:31:05 +0800] "GET /xingrg/javascript/jquery_easy_ui/themes/icons/forms_new.png HTTP/1.1" 304 -
61.170.233.82 - - [23/Jul/2022:09:31:06 +0800] "GET /xingrg/kc/buy/cgsh_order_operate.html?command=get_materiel&rest_code=00106&code=00101007049&supplier_code=00100002&order_time=2022-07-23 HTTP/1.1" 200 426
218.81.223.53 - - [23/Jul/2022:09:31:07 +0800] "GET /xingrg/all/function/internal_message.html?_=1658539885272&CODE_STATE=getMsg HTTP/1.1" 200 27
101.83.223.227 - - [23/Jul/2022:09:31:08 +0800] "GET /xingrg/kc/buy/cgsh_order_operate.html?command=get_materiel&rest_code=00151&code=00101008362&supplier_code=00100007&order_time=2022-07-23 HTTP/1.1" 200 408
114.84.2.83 - - [23/Jul/2022:09:31:08 +0800] "GET /xingrg/kc/buy/cgsh_order_operate.html?command=get_materiel&rest_code=00111&code=00101008236&supplier_code=00100005&order_time=2022-07-23 HTTP/1.1" 200 432
120.253.135.82 - - [23/Jul/2022:09:31:11 +0800] "GET /xingrg/all/function/internal_message.html?_=1658539676000&CODE_STATE=getMsg HTTP/1.1" 200 27
101.83.223.227 - - [23/Jul/2022:09:31:14 +0800] "GET /xingrg/kc/buy/cgsh_order_operate.html?command=get_materiel&rest_code=00151&code=00101008005&supplier_code=00100007&order_time=2022-07-23 HTTP/1.1" 200 429
114.84.2.83 - - [23/Jul/2022:09:31:16 +0800] "GET /xingrg/all/function/internal_message.html?_=1658539869159&CODE_STATE=getMsg HTTP/1.1" 200 27
101.83.223.227 - - [23/Jul/2022:09:31:16 +0800] "POST /xingrg/kc/buy/cgsh_order_operate.html HTTP/1.1" 200 2065
180.162.109.37 - - [23/Jul/2022:09:31:20 +0800] "GET /xingrg/javascript/jquery_easy_ui/themes/default/images/tabs_close.gif HTTP/1.1" 304 -
180.162.109.37 - - [23/Jul/2022:09:31:20 +0800] "GET /xingrg/kc/mdqp/qp_main.html HTTP/1.1" 200 10633
180.162.109.37 - - [23/Jul/2022:09:31:20 +0800] "GET /xingrg/css/blue.css HTTP/1.1" 304 -
180.162.109.37 - - [23/Jul/2022:09:31:20 +0800] "GET /xingrg/javascript/jquery_ui/themes/humanity/humanity.css HTTP/1.1" 304 -
180.162.109.37 - - [23/Jul/2022:09:31:20 +0800] "GET /xingrg/javascript/pic_change.js HTTP/1.1" 304 -
180.162.109.37 - - [23/Jul/2022:09:31:20 +0800] "GET /xingrg/javascript/ToolTips.js HTTP/1.1" 304 -
180.162.109.37 - - [23/Jul/2022:09:31:20 +0800] "GET /xingrg/javascript/myfunction.js HTTP/1.1" 304 -
114.84.2.83 - - [23/Jul/2022:09:31:20 +0800] "GET /xingrg/kc/buy/cgsh_order_operate.html?command=get_materiel&rest_code=00111&code=00101008674&supplier_code=00100005&order_time=2022-07-23 HTTP/1.1" 200 398
180.162.109.37 - - [23/Jul/2022:09:31:20 +0800] "GET /xingrg/javascript/jquery_ui/jquery-ui.min.js HTTP/1.1" 304 -
180.162.109.37 - - [23/Jul/2022:09:31:20 +0800] "GET /xingrg/images/blue/button/cgxqd.gif HTTP/1.1" 304 -
180.162.109.37 - - [23/Jul/2022:09:31:20 +0800] "GET /xingrg/images/blue/button/qqpsd.gif HTTP/1.1" 304 -
180.162.109.37 - - [23/Jul/2022:09:31:20 +0800] "GET /xingrg/images/blue/button/pszx.gif HTTP/1.1" 304 -
180.162.109.37 - - [23/Jul/2022:09:31:20 +0800] "GET /xingrg/images/blue/button/psshd.gif HTTP/1.1" 304 -
180.162.109.37 - - [23/Jul/2022:09:31:20 +0800] "GET /xingrg/images/blue/pic_form2.gif HTTP/1.1" 304 -
180.162.109.37 - - [23/Jul/2022:09:31:20 +0800] "GET /xingrg/javascript/jquery_ui/themes/humanity/images/ui-bg_inset-soft_100_f4f0ec_1x100.png HTTP/1.1" 304 -
180.162.109.37 - - [23/Jul/2022:09:31:20 +0800] "GET /xingrg/images/blue/bg_dotted.jpg HTTP/1.1" 304 -
180.162.109.37 - - [23/Jul/2022:09:31:20 +0800] "GET /xingrg/images/blue/button/right_ah.jpg HTTP/1.1" 304 -
180.162.109.37 - - [23/Jul/2022:09:31:20 +0800] "GET /xingrg/images/blue/button/down_ah.jpg HTTP/1.1" 304 -
180.162.109.37 - - [23/Jul/2022:09:31:20 +0800] "GET /xingrg/javascript/jquery_ui/themes/humanity/images/ui-iconsnew.jpg HTTP/1.1" 304 -
180.162.109.37 - - [23/Jul/2022:09:31:20 +0800] "GET /xingrg/javascript/jquery_ui/themes/humanity/images/ui-icons_c47a23_256x240.png HTTP/1.1" 304 -
180.162.109.37 - - [23/Jul/2022:09:31:20 +0800] "GET /xingrg/javascript/jquery_ui/themes/humanity/images/ui-icons_ffffff_256x240.png HTTP/1.1" 304 -
180.162.109.37 - - [23/Jul/2022:09:31:20 +0800] "GET /xingrg/javascript/jquery_ui/themes/humanity/images/ui-bg_glass_70_ede4d4_1x400.png HTTP/1.1" 304 -
180.162.109.37 - - [23/Jul/2022:09:31:20 +0800] "GET /xingrg/images/yd/bt.gif HTTP/1.1" 404 1040
180.162.109.37 - - [23/Jul/2022:09:31:21 +0800] "GET /xingrg/kc/mdqp/pssh_order_list.html HTTP/1.1" 200 16911
180.162.109.37 - - [23/Jul/2022:09:31:21 +0800] "GET /xingrg/css/base.css HTTP/1.1" 304 -
180.162.109.37 - - [23/Jul/2022:09:31:21 +0800] "GET /xingrg/css/site.css HTTP/1.1" 304 -
180.162.109.37 - - [23/Jul/2022:09:31:21 +0800] "GET /xingrg/javascript/jquery_tools/datebox.css HTTP/1.1" 304 -
180.162.109.37 - - [23/Jul/2022:09:31:21 +0800] "GET /xingrg/javascript/easyui/themes/default/easyui.css HTTP/1.1" 304 -
180.162.109.37 - - [23/Jul/2022:09:31:21 +0800] "GET /xingrg/javascript/easyui/themes/icon.css HTTP/1.1" 304 -
180.162.109.37 - - [23/Jul/2022:09:31:21 +0800] "GET /xingrg/javascript/auto/jquery.autocomplete.css HTTP/1.1" 304 -
180.162.109.37 - - [23/Jul/2022:09:31:21 +0800] "GET /xingrg/javascript/jquery_tools/fix.css HTTP/1.1" 304 -
180.162.109.37 - - [23/Jul/2022:09:31:21 +0800] "GET /xingrg/javascript/jquery_tools/table.css HTTP/1.1" 304 -
180.162.109.37 - - [23/Jul/2022:09:31:21 +0800] "GET /xingrg/javascript/jquery_tools/jquery.tools.min.js HTTP/1.1" 304 -
180.162.109.37 - - [23/Jul/2022:09:31:21 +0800] "GET /xingrg/javascript/jquery_tools/jquery.tools.extend.js HTTP/1.1" 304 -
180.162.109.37 - - [23/Jul/2022:09:31:21 +0800] "GET /xingrg/javascript/jquery_tools/jquery.tools.hotkey.js HTTP/1.1" 304 -
180.162.109.37 - - [23/Jul/2022:09:31:21 +0800] "GET /xingrg/javascript/jquery_tools/list_manager.js HTTP/1.1" 304 -
180.162.109.37 - - [23/Jul/2022:09:31:21 +0800] "GET /xingrg/javascript/jquery_tools/jquery.tools.table.js HTTP/1.1" 304 -
180.162.109.37 - - [23/Jul/2022:09:31:21 +0800] "GET /xingrg/javascript/auto/jquery.autocomplete.js HTTP/1.1" 304 -
180.162.109.37 - - [23/Jul/2022:09:31:21 +0800] "GET /xingrg/javascript/easyui/easyloader.js HTTP/1.1" 304 -
180.162.109.37 - - [23/Jul/2022:09:31:21 +0800] "GET /xingrg/javascript/jquery.cookie.js HTTP/1.1" 304 -
180.162.109.37 - - [23/Jul/2022:09:31:21 +0800] "GET /xingrg/javascript/easyui/themes/icons/field_new.png HTTP/1.1" 304 -
180.162.109.37 - - [23/Jul/2022:09:31:21 +0800] "GET /xingrg/javascript/easyui/plugins/jquery.parser.js HTTP/1.1" 304 -
180.162.109.37 - - [23/Jul/2022:09:31:21 +0800] "GET /xingrg/images/control/ajaxLoader.gif HTTP/1.1" 304 -
180.162.109.37 - - [23/Jul/2022:09:31:22 +0800] "POST /xingrg/kc/mdqp/pssh_list_operate.html HTTP/1.1" 200 5367
61.170.233.82 - - [23/Jul/2022:09:31:22 +0800] "POST /xingrg/kc/buy/cgsh_order_operate.html HTTP/1.1" 200 37
101.83.223.227 - - [23/Jul/2022:09:31:22 +0800] "GET /xingrg/kc/buy/cgsh_order_operate.html?command=get_materiel&rest_code=00151&code=00101008131&supplier_code=00100007&order_time=2022-07-23 HTTP/1.1" 200 408
61.170.233.82 - - [23/Jul/2022:09:31:24 +0800] "POST /xingrg/kc/buy/cgsh_order_operate.html HTTP/1.1" 200 3836
180.162.109.37 - - [23/Jul/2022:09:31:24 +0800] "POST /xingrg/kc/mdqp/pssh_list_operate.html HTTP/1.1" 200 453
180.162.109.37 - - [23/Jul/2022:09:31:25 +0800] "GET /xingrg/kc/mdqp/pssh_order_info.html?code=312022070700134 HTTP/1.1" 200 17301
180.162.109.37 - - [23/Jul/2022:09:31:25 +0800] "GET /xingrg/javascript/jquery_tools/jquery-1.4.2.min.js HTTP/1.1" 404 1094
180.162.109.37 - - [23/Jul/2022:09:31:25 +0800] "GET /xingrg/javascript/jquery_tools/order_manager.js HTTP/1.1" 304 -
180.162.109.37 - - [23/Jul/2022:09:31:25 +0800] "GET /xingrg/javascript/convert.js HTTP/1.1" 304 -
180.162.109.37 - - [23/Jul/2022:09:31:25 +0800] "GET /xingrg/javascript/json2.js HTTP/1.1" 304 -
180.162.109.37 - - [23/Jul/2022:09:31:25 +0800] "GET /xingrg/javascript/print/kc_print.js HTTP/1.1" 304 -
180.162.109.37 - - [23/Jul/2022:09:31:25 +0800] "GET /xingrg/javascript/print/LodopFuncs.js HTTP/1.1" 304 -
180.162.109.37 - - [23/Jul/2022:09:31:25 +0800] "GET /xingrg/words/20220721182822_words.js HTTP/1.1" 200 906676
180.162.109.37 - - [23/Jul/2022:09:31:25 +0800] "GET /xingrg/javascript/easyui/themes/icons/back_new.png HTTP/1.1" 304 -
180.162.109.37 - - [23/Jul/2022:09:31:25 +0800] "GET /xingrg/javascript/easyui/themes/default/images/menu_downarrow.png HTTP/1.1" 304 -
180.162.109.37 - - [23/Jul/2022:09:31:25 +0800] "GET /xingrg/javascript/easyui/themes/icons/print.png HTTP/1.1" 304 -
180.162.109.37 - - [23/Jul/2022:09:31:25 +0800] "GET /xingrg/javascript/easyui/themes/icons/check_new.png HTTP/1.1" 304 -
180.162.109.37 - - [23/Jul/2022:09:31:25 +0800] "GET /xingrg/javascript/easyui/themes/icons/ok.png HTTP/1.1" 304 -
180.162.109.37 - - [23/Jul/2022:09:31:25 +0800] "GET /xingrg/javascript/easyui/themes/icons/cance_new.png HTTP/1.1" 304 -
180.162.109.37 - - [23/Jul/2022:09:31:25 +0800] "POST /xingrg/kc/mdqp/pssh_order_operate.html HTTP/1.1" 200 1574
180.162.109.37 - - [23/Jul/2022:09:31:25 +0800] "GET /xingrg/all/common/auto_word.html?type=base&rest_code=00143&rest_code=00143 HTTP/1.1" 200 673
180.162.109.37 - - [23/Jul/2022:09:31:25 +0800] "GET /xingrg/javascript/easyui/themes/default/validatebox.css HTTP/1.1" 404 1104
180.162.109.37 - - [23/Jul/2022:09:31:25 +0800] "GET /xingrg/all/common/auto_word.html?type=employee&rest_code=00143 HTTP/1.1" 200 55
180.162.109.37 - - [23/Jul/2022:09:31:25 +0800] "GET /xingrg/javascript/easyui/plugins/jquery.validatebox.js HTTP/1.1" 304 -
180.162.109.37 - - [23/Jul/2022:09:31:26 +0800] "GET /xingrg/javascript/easyui/plugins/jquery.numberbox.js HTTP/1.1" 304 -
114.84.2.83 - - [23/Jul/2022:09:31:27 +0800] "GET /xingrg/kc/buy/cgsh_order_operate.html?command=get_materiel&rest_code=00111&code=00101008095&supplier_code=00100005&order_time=2022-07-23 HTTP/1.1" 200 428
61.170.233.82 - - [23/Jul/2022:09:31:28 +0800] "GET /xingrg/kc/buy/cgsh_order_add.html HTTP/1.1" 200 67938
61.170.233.82 - - [23/Jul/2022:09:31:28 +0800] "POST /xingrg/kc/buy/cgsh_order_operate.html HTTP/1.1" 200 8245
61.170.233.82 - - [23/Jul/2022:09:31:28 +0800] "GET /xingrg/javascript/easyui/themes/default/validatebox.css HTTP/1.1" 404 1104
61.170.233.82 - - [23/Jul/2022:09:31:30 +0800] "GET /xingrg/javascript/easyui/themes/default/tree.css HTTP/1.1" 404 1090
61.170.233.82 - - [23/Jul/2022:09:31:30 +0800] "POST /xingrg/all/common/load_tree.html?tree=supplier_tree_json&isDelete=1 HTTP/1.1" 200 66956
101.83.223.227 - - [23/Jul/2022:09:31:31 +0800] "GET /xingrg/kc/buy/cgsh_order_operate.html?command=get_materiel&rest_code=00151&code=00101008132&supplier_code=00100007&order_time=2022-07-23 HTTP/1.1" 200 424
180.162.109.37 - - [23/Jul/2022:09:31:33 +0800] "GET /xingrg/css/images/panel_loading.gif HTTP/1.1" 304 -
180.162.109.37 - - [23/Jul/2022:09:31:33 +0800] "POST /xingrg/all/common/load_combo.html?type=employee HTTP/1.1" 200 101
180.175.103.110 - - [23/Jul/2022:09:31:34 +0800] "GET /xingrg/all/function/internal_message.html?_=1658539777945&CODE_STATE=getMsg HTTP/1.1" 200 27
114.84.2.83 - - [23/Jul/2022:09:31:35 +0800] "GET /xingrg/kc/buy/cgsh_order_operate.html?command=get_materiel&rest_code=00111&code=00101008041&supplier_code=00100005&order_time=2022-07-23 HTTP/1.1" 200 408
180.162.109.37 - - [23/Jul/2022:09:31:37 +0800] "GET /xingrg/javascript/easyui/themes/default/images/button_plain_hover.png HTTP/1.1" 304 -
116.235.94.65 - - [23/Jul/2022:09:31:37 +0800] "GET /xingrg/all/function/internal_message.html?_=1658540078730&CODE_STATE=getMsg HTTP/1.1" 200 27
180.162.109.37 - - [23/Jul/2022:09:31:40 +0800] "POST /xingrg/kc/mdqp/pssh_order_operate.html HTTP/1.1" 200 37
180.162.109.37 - - [23/Jul/2022:09:31:41 +0800] "POST /xingrg/kc/mdqp/pssh_order_operate.html HTTP/1.1" 200 1574
114.83.219.182 - - [23/Jul/2022:09:31:42 +0800] "GET /xingrg/check_reg.html?_=1658539897704 HTTP/1.1" 200 22
114.83.219.182 - - [23/Jul/2022:09:31:42 +0800] "GET /xingrg/all/function/internal_message.html?_=1658539897709&CODE_STATE=getMsg HTTP/1.1" 200 27
116.224.123.211 - - [23/Jul/2022:09:31:42 +0800] "GET /xingrg/all/function/internal_message.html?_=1658539962285&CODE_STATE=getMsg HTTP/1.1" 200 27
218.81.223.53 - - [23/Jul/2022:09:31:44 +0800] "GET /xingrg/check_reg.html?_=1658539922259 HTTP/1.1" 200 22
114.84.2.83 - - [23/Jul/2022:09:31:44 +0800] "GET /xingrg/kc/buy/cgsh_order_operate.html?command=get_materiel&rest_code=00111&code=00101015026&supplier_code=00100005&order_time=2022-07-23 HTTP/1.1" 200 412
101.83.223.227 - - [23/Jul/2022:09:31:46 +0800] "GET /xingrg/all/function/internal_message.html?_=1658539902464&CODE_STATE=getMsg HTTP/1.1" 200 27
114.86.187.244 - - [23/Jul/2022:09:31:47 +0800] "GET /xingrg/all/function/internal_message.html?_=1658539904952&CODE_STATE=getMsg HTTP/1.1" 200 27
180.169.147.146 - - [23/Jul/2022:09:31:47 +0800] "GET /xingrg/all/function/internal_message.html?_=1658539903608&CODE_STATE=getMsg HTTP/1.1" 302 -
180.175.103.110 - - [23/Jul/2022:09:31:47 +0800] "GET /xingrg/kc/buy/cgsh_order_operate.html?command=get_materiel&rest_code=00105&code=00101008558&supplier_code=00100203&order_time=2022-07-23 HTTP/1.1" 200 409
114.84.2.83 - - [23/Jul/2022:09:31:53 +0800] "POST /xingrg/kc/buy/cgsh_order_operate.html HTTP/1.1" 200 2065
101.80.228.36 - - [23/Jul/2022:09:31:55 +0800] "GET /xingrg/all/function/internal_message.html?_=1658539911368&CODE_STATE=getMsg HTTP/1.1" 200 27
120.253.135.82 - - [23/Jul/2022:09:32:02 +0800] "GET /xingrg/all/function/internal_message.html?_=1658540043845&CODE_STATE=getMsg HTTP/1.1" 200 27
61.170.233.82 - - [23/Jul/2022:09:32:03 +0800] "GET /xingrg/all/function/internal_message.html?_=1658539921699&CODE_STATE=getMsg HTTP/1.1" 200 27
116.224.123.211 - - [23/Jul/2022:09:32:04 +0800] "GET /xingrg/check_reg.html?_=1658539952239 HTTP/1.1" 200 22
61.170.233.82 - - [23/Jul/2022:09:32:04 +0800] "GET /xingrg/kc/buy/cgsh_order_operate.html?command=get_materiel&rest_code=00106&code=00101006113&supplier_code=00100015&order_time=2022-07-23 HTTP/1.1" 200 413
114.84.2.83 - - [23/Jul/2022:09:32:04 +0800] "GET /xingrg/kc/buy/cgsh_order_operate.html?command=get_materiel&rest_code=00111&code=00101020138&supplier_code=00100005&order_time=2022-07-23 HTTP/1.1" 200 426
180.162.109.37 - - [23/Jul/2022:09:32:06 +0800] "POST /xingrg/kc/mdqp/pssh_order_operate.html HTTP/1.1" 200 37
180.162.109.37 - - [23/Jul/2022:09:32:07 +0800] "POST /xingrg/kc/mdqp/pssh_order_operate.html HTTP/1.1" 200 12
218.81.223.53 - - [23/Jul/2022:09:32:07 +0800] "GET /xingrg/all/function/internal_message.html?_=1658539945285&CODE_STATE=getMsg HTTP/1.1" 200 27
101.83.223.227 - - [23/Jul/2022:09:32:08 +0800] "POST /xingrg/kc/buy/cgsh_order_operate.html HTTP/1.1" 200 37
180.162.109.37 - - [23/Jul/2022:09:32:08 +0800] "GET /xingrg/kc/mdqp/pssh_order_info.html?code=312022070700134 HTTP/1.1" 200 14394
180.162.109.37 - - [23/Jul/2022:09:32:08 +0800] "GET /xingrg/javascript/jquery_tools/jquery-1.4.2.min.js HTTP/1.1" 404 1094
180.162.109.37 - - [23/Jul/2022:09:32:08 +0800] "GET /xingrg/javascript/easyui/themes/icons/uncheck_new.png HTTP/1.1" 304 -
180.162.109.37 - - [23/Jul/2022:09:32:08 +0800] "GET /xingrg/javascript/easyui/themes/default/validatebox.css HTTP/1.1" 404 1104
180.162.109.37 - - [23/Jul/2022:09:32:09 +0800] "POST /xingrg/kc/mdqp/pssh_order_operate.html HTTP/1.1" 200 1574
101.83.223.227 - - [23/Jul/2022:09:32:10 +0800] "POST /xingrg/kc/buy/cgsh_order_operate.html HTTP/1.1" 200 18264
120.253.135.82 - - [23/Jul/2022:09:32:11 +0800] "GET /xingrg/all/function/internal_message.html?_=1658539736001&CODE_STATE=getMsg HTTP/1.1" 200 27
114.84.2.83 - - [23/Jul/2022:09:32:15 +0800] "GET /xingrg/kc/buy/cgsh_order_operate.html?command=get_materiel&rest_code=00111&code=00101008137&supplier_code=00100005&order_time=2022-07-23 HTTP/1.1" 200 408
180.162.109.37 - - [23/Jul/2022:09:32:16 +0800] "GET /xingrg/kc/print/load_config.html?kc_code=pssh HTTP/1.1" 200 2291
180.162.109.37 - - [23/Jul/2022:09:32:16 +0800] "GET /xingrg/kc/print/load_data.html?order_code=312022070700134&kc_code=pssh&condition= HTTP/1.1" 200 1012
114.84.2.83 - - [23/Jul/2022:09:32:16 +0800] "GET /xingrg/all/function/internal_message.html?_=1658539929164&CODE_STATE=getMsg HTTP/1.1" 200 27
101.83.223.227 - - [23/Jul/2022:09:32:17 +0800] "GET /xingrg/kc/buy/cgsh_order_operate.html?command=get_materiel&rest_code=00151&code=00101015006&supplier_code=00100007&order_time=2022-07-23 HTTP/1.1" 200 412
101.83.223.227 - - [23/Jul/2022:09:32:28 +0800] "POST /xingrg/kc/buy/cgsh_order_operate.html HTTP/1.1" 200 37
101.83.223.227 - - [23/Jul/2022:09:32:29 +0800] "POST /xingrg/kc/buy/cgsh_order_operate.html HTTP/1.1" 200 18854
101.83.223.227 - - [23/Jul/2022:09:32:30 +0800] "GET /xingrg/kc/buy/cgsh_order_list.html HTTP/1.1" 200 52166
61.170.233.82 - - [23/Jul/2022:09:32:31 +0800] "GET /xingrg/kc/buy/cgsh_order_operate.html?command=get_materiel&rest_code=00106&code=00101006062&supplier_code=00100015&order_time=2022-07-23 HTTP/1.1" 200 411
101.83.223.227 - - [23/Jul/2022:09:32:32 +0800] "POST /xingrg/kc/buy/cgsh_list_operate.html HTTP/1.1" 200 1772
101.83.223.227 - - [23/Jul/2022:09:32:34 +0800] "POST /xingrg/kc/buy/cgsh_list_operate.html HTTP/1.1" 200 570
180.175.103.110 - - [23/Jul/2022:09:32:34 +0800] "GET /xingrg/all/function/internal_message.html?_=1658539837917&CODE_STATE=getMsg HTTP/1.1" 200 27
101.83.223.227 - - [23/Jul/2022:09:32:35 +0800] "GET /xingrg/kc/buy/cgsh_order_info.html?code=212022072305850 HTTP/1.1" 200 67551
101.83.223.227 - - [23/Jul/2022:09:32:36 +0800] "GET /xingrg/javascript/easyui/themes/default/validatebox.css HTTP/1.1" 404 1104
101.83.223.227 - - [23/Jul/2022:09:32:36 +0800] "POST /xingrg/kc/buy/cgsh_order_operate.html HTTP/1.1" 200 6264
116.235.94.65 - - [23/Jul/2022:09:32:37 +0800] "GET /xingrg/check_reg.html?_=1658540138729 HTTP/1.1" 200 22
116.235.94.65 - - [23/Jul/2022:09:32:37 +0800] "GET /xingrg/all/function/internal_message.html?_=1658540138730&CODE_STATE=getMsg HTTP/1.1" 200 27
114.83.219.182 - - [23/Jul/2022:09:32:42 +0800] "GET /xingrg/all/function/internal_message.html?_=1658539957709&CODE_STATE=getMsg HTTP/1.1" 200 27
116.224.123.211 - - [23/Jul/2022:09:32:42 +0800] "GET /xingrg/check_reg.html?_=1658540021927 HTTP/1.1" 200 22
101.80.228.36 - - [23/Jul/2022:09:32:42 +0800] "GET /xingrg/check_reg.html?_=1658539958276 HTTP/1.1" 200 22
116.224.123.211 - - [23/Jul/2022:09:32:42 +0800] "GET /xingrg/all/function/internal_message.html?_=1658540022389&CODE_STATE=getMsg HTTP/1.1" 200 27
101.83.223.227 - - [23/Jul/2022:09:32:43 +0800] "GET /xingrg/kc/buy/cgsh_order_operate.html?command=get_materiel&rest_code=00151&code=00101009051&supplier_code=00100424&order_time=2022-07-23 HTTP/1.1" 200 408
101.83.223.227 - - [23/Jul/2022:09:32:46 +0800] "GET /xingrg/all/function/internal_message.html?_=1658539962437&CODE_STATE=getMsg HTTP/1.1" 200 27
114.86.187.244 - - [23/Jul/2022:09:32:47 +0800] "GET /xingrg/all/function/internal_message.html?_=1658539964923&CODE_STATE=getMsg HTTP/1.1" 200 27
180.169.147.146 - - [23/Jul/2022:09:32:47 +0800] "GET /xingrg/all/function/internal_message.html?_=1658539963610&CODE_STATE=getMsg HTTP/1.1" 302 -
101.83.223.227 - - [23/Jul/2022:09:32:51 +0800] "POST /xingrg/kc/buy/cgsh_order_operate.html HTTP/1.1" 200 37
101.83.223.227 - - [23/Jul/2022:09:32:52 +0800] "POST /xingrg/kc/buy/cgsh_order_operate.html HTTP/1.1" 200 6851
101.80.228.36 - - [23/Jul/2022:09:32:55 +0800] "GET /xingrg/all/function/internal_message.html?_=1658539971340&CODE_STATE=getMsg HTTP/1.1" 200 27
61.170.233.82 - - [23/Jul/2022:09:32:57 +0800] "GET /xingrg/kc/buy/cgsh_order_operate.html?command=get_materiel&rest_code=00106&code=00101006133&supplier_code=00100015&order_time=2022-07-23 HTTP/1.1" 200 429
120.253.135.82 - - [23/Jul/2022:09:33:02 +0800] "GET /xingrg/all/function/internal_message.html?_=1658540103873&CODE_STATE=getMsg HTTP/1.1" 200 27
61.170.233.82 - - [23/Jul/2022:09:33:03 +0800] "GET /xingrg/check_reg.html?_=1658539981703 HTTP/1.1" 200 22
61.170.233.82 - - [23/Jul/2022:09:33:03 +0800] "GET /xingrg/all/function/internal_message.html?_=1658539981706&CODE_STATE=getMsg HTTP/1.1" 200 27
180.162.109.37 - - [23/Jul/2022:09:33:04 +0800] "GET /xingrg/all/function/internal_message.html?_=1658539183901&CODE_STATE=getMsg HTTP/1.1" 200 27
218.81.223.53 - - [23/Jul/2022:09:33:07 +0800] "GET /xingrg/all/function/internal_message.html?_=1658540005298&CODE_STATE=getMsg HTTP/1.1" 200 27
180.162.109.37 - - [23/Jul/2022:09:33:09 +0800] "GET /xingrg/javascript/jquery_easy_ui/themes/default/images/tabs_active.png HTTP/1.1" 304 -
120.253.135.82 - - [23/Jul/2022:09:33:11 +0800] "GET /xingrg/all/function/internal_message.html?_=1658539796157&CODE_STATE=getMsg HTTP/1.1" 200 27
180.162.109.37 - - [23/Jul/2022:09:33:13 +0800] "POST /xingrg/kc/mdqp/pssh_list_operate.html HTTP/1.1" 200 790
61.170.233.82 - - [23/Jul/2022:09:33:13 +0800] "GET /xingrg/kc/buy/cgsh_order_operate.html?command=get_materiel&rest_code=00106&code=00101006065&supplier_code=00100015&order_time=2022-07-23 HTTP/1.1" 200 425
180.162.109.37 - - [23/Jul/2022:09:33:14 +0800] "GET /xingrg/kc/mdqp/pssh_order_info.html?code=312022070700135 HTTP/1.1" 200 17301
180.162.109.37 - - [23/Jul/2022:09:33:14 +0800] "GET /xingrg/javascript/jquery_tools/jquery-1.4.2.min.js HTTP/1.1" 404 1094
180.162.109.37 - - [23/Jul/2022:09:33:14 +0800] "GET /xingrg/javascript/easyui/themes/default/validatebox.css HTTP/1.1" 404 1104
180.162.109.37 - - [23/Jul/2022:09:33:14 +0800] "POST /xingrg/kc/mdqp/pssh_order_operate.html HTTP/1.1" 200 7375
114.84.2.83 - - [23/Jul/2022:09:33:16 +0800] "GET /xingrg/all/function/internal_message.html?_=1658539989140&CODE_STATE=getMsg HTTP/1.1" 200 27
180.162.109.37 - - [23/Jul/2022:09:33:17 +0800] "POST /xingrg/all/common/load_combo.html?type=employee HTTP/1.1" 200 101
116.224.123.211 - - [23/Jul/2022:09:33:27 +0800] "POST /xingrg/kc/buy/cgsh_list_operate.html HTTP/1.1" 200 5033
61.170.233.82 - - [23/Jul/2022:09:33:28 +0800] "GET /xingrg/kc/buy/cgsh_order_operate.html?command=get_materiel&rest_code=00106&code=00101006109&supplier_code=00100015&order_time=2022-07-23 HTTP/1.1" 200 424
180.175.103.110 - - [23/Jul/2022:09:33:28 +0800] "GET /xingrg/kc/buy/cgsh_order_operate.html?command=get_materiel&rest_code=00105&code=00101008230&supplier_code=00100203&order_time=2022-07-23 HTTP/1.1" 200 408
218.81.223.53 - - [23/Jul/2022:09:33:31 +0800] "GET /favicon.ico HTTP/1.1" 404 -
180.175.103.110 - - [23/Jul/2022:09:33:34 +0800] "GET /xingrg/all/function/internal_message.html?_=1658539897896&CODE_STATE=getMsg HTTP/1.1" 200 27
116.235.94.65 - - [23/Jul/2022:09:33:37 +0800] "GET /xingrg/all/function/internal_message.html?_=1658540198729&CODE_STATE=getMsg HTTP/1.1" 200 27
114.83.219.182 - - [23/Jul/2022:09:33:42 +0800] "GET /xingrg/all/function/internal_message.html?_=1658540017727&CODE_STATE=getMsg HTTP/1.1" 200 27
116.224.123.211 - - [23/Jul/2022:09:33:42 +0800] "GET /xingrg/all/function/internal_message.html?_=1658540082609&CODE_STATE=getMsg HTTP/1.1" 200 27
101.83.223.227 - - [23/Jul/2022:09:33:46 +0800] "GET /xingrg/all/function/internal_message.html?_=1658540022426&CODE_STATE=getMsg HTTP/1.1" 200 27
114.86.187.244 - - [23/Jul/2022:09:33:47 +0800] "GET /xingrg/all/function/internal_message.html?_=1658540024903&CODE_STATE=getMsg HTTP/1.1" 200 27
180.169.147.146 - - [23/Jul/2022:09:33:47 +0800] "GET /xingrg/check_reg.html?_=1658540023598 HTTP/1.1" 302 -
180.169.147.146 - - [23/Jul/2022:09:33:47 +0800] "GET /xingrg/all/function/internal_message.html?_=1658540023600&CODE_STATE=getMsg HTTP/1.1" 302 -
101.80.228.36 - - [23/Jul/2022:09:33:55 +0800] "GET /xingrg/all/function/internal_message.html?_=1658540031326&CODE_STATE=getMsg HTTP/1.1" 200 27
120.253.135.82 - - [23/Jul/2022:09:34:02 +0800] "GET /xingrg/all/function/internal_message.html?_=1658540163888&CODE_STATE=getMsg HTTP/1.1" 200 27
61.170.233.82 - - [23/Jul/2022:09:34:03 +0800] "GET /xingrg/all/function/internal_message.html?_=1658540041701&CODE_STATE=getMsg HTTP/1.1" 200 27
180.175.103.110 - - [23/Jul/2022:09:34:04 +0800] "GET /xingrg/kc/buy/cgsh_order_operate.html?command=get_materiel&rest_code=00105&code=00101008131&supplier_code=00100203&order_time=2022-07-23 HTTP/1.1" 200 408
180.162.109.37 - - [23/Jul/2022:09:34:04 +0800] "GET /xingrg/all/function/internal_message.html?_=1658539243889&CODE_STATE=getMsg HTTP/1.1" 200 27
120.253.135.82 - - [23/Jul/2022:09:34:05 +0800] "GET /xingrg/check_reg.html?_=1658539849506 HTTP/1.1" 200 22
218.81.223.53 - - [23/Jul/2022:09:34:07 +0800] "GET /xingrg/all/function/internal_message.html?_=1658540065580&CODE_STATE=getMsg HTTP/1.1" 200 27
61.170.233.82 - - [23/Jul/2022:09:34:10 +0800] "GET /xingrg/kc/buy/cgsh_order_operate.html?command=get_materiel&rest_code=00106&code=00101006056&supplier_code=00100015&order_time=2022-07-23 HTTP/1.1" 200 430
120.253.135.82 - - [23/Jul/2022:09:34:11 +0800] "GET /xingrg/all/function/internal_message.html?_=1658539856168&CODE_STATE=getMsg HTTP/1.1" 200 27
114.84.2.83 - - [23/Jul/2022:09:34:16 +0800] "GET /xingrg/check_reg.html?_=1658540048777 HTTP/1.1" 200 22
114.84.2.83 - - [23/Jul/2022:09:34:16 +0800] "GET /xingrg/all/function/internal_message.html?_=1658540049122&CODE_STATE=getMsg HTTP/1.1" 200 27
61.170.233.82 - - [23/Jul/2022:09:34:27 +0800] "POST /xingrg/kc/buy/cgsh_order_operate.html HTTP/1.1" 200 37
114.83.219.182 - - [23/Jul/2022:09:34:29 +0800] "GET /xingrg/kc/buy/cgsh_order_operate.html?command=get_materiel&rest_code=00149&code=00101008312&supplier_code=00100005&order_time=2022-07-23 HTTP/1.1" 200 412
61.170.233.82 - - [23/Jul/2022:09:34:29 +0800] "POST /xingrg/kc/buy/cgsh_order_operate.html HTTP/1.1" 200 5614
180.175.103.110 - - [23/Jul/2022:09:34:34 +0800] "GET /xingrg/all/function/internal_message.html?_=1658539957874&CODE_STATE=getMsg HTTP/1.1" 200 27
116.235.94.65 - - [23/Jul/2022:09:34:37 +0800] "GET /xingrg/all/function/internal_message.html?_=1658540258728&CODE_STATE=getMsg HTTP/1.1" 200 27
114.84.2.83 - - [23/Jul/2022:09:34:38 +0800] "POST /xingrg/kc/buy/cgsh_order_operate.html HTTP/1.1" 200 37
114.84.2.83 - - [23/Jul/2022:09:34:41 +0800] "POST /xingrg/kc/buy/cgsh_order_operate.html HTTP/1.1" 200 27522
114.83.219.182 - - [23/Jul/2022:09:34:42 +0800] "GET /xingrg/all/function/internal_message.html?_=1658540077736&CODE_STATE=getMsg HTTP/1.1" 200 27
116.224.123.211 - - [23/Jul/2022:09:34:42 +0800] "GET /xingrg/all/function/internal_message.html?_=1658540142610&CODE_STATE=getMsg HTTP/1.1" 200 27
114.83.219.182 - - [23/Jul/2022:09:34:44 +0800] "GET /xingrg/kc/buy/cgsh_order_operate.html?command=get_materiel&rest_code=00149&code=00101008357&supplier_code=00100005&order_time=2022-07-23 HTTP/1.1" 200 408
114.84.2.83 - - [23/Jul/2022:09:34:44 +0800] "GET /xingrg/kc/print/load_data.html?order_code=212022072305855&kc_code=cgsh&condition= HTTP/1.1" 200 10129
101.83.223.227 - - [23/Jul/2022:09:34:46 +0800] "GET /xingrg/all/function/internal_message.html?_=1658540082431&CODE_STATE=getMsg HTTP/1.1" 200 27
101.83.223.227 - - [23/Jul/2022:09:34:46 +0800] "GET /xingrg/check_reg.html?_=1658540082448 HTTP/1.1" 200 22
114.86.187.244 - - [23/Jul/2022:09:34:47 +0800] "GET /xingrg/all/function/internal_message.html?_=1658540084890&CODE_STATE=getMsg HTTP/1.1" 200 27
180.175.103.110 - - [23/Jul/2022:09:34:47 +0800] "GET /xingrg/kc/buy/cgsh_order_operate.html?command=get_materiel&rest_code=00105&code=00101008352&supplier_code=00100203&order_time=2022-07-23 HTTP/1.1" 200 412
180.169.147.146 - - [23/Jul/2022:09:34:47 +0800] "GET /xingrg/all/function/internal_message.html?_=1658540083602&CODE_STATE=getMsg HTTP/1.1" 302 -
114.84.2.83 - - [23/Jul/2022:09:34:52 +0800] "GET /xingrg/kc/buy/cgsh_order_add.html HTTP/1.1" 200 67900
114.84.2.83 - - [23/Jul/2022:09:34:52 +0800] "POST /xingrg/kc/buy/cgsh_order_operate.html HTTP/1.1" 200 8245
114.84.2.83 - - [23/Jul/2022:09:34:52 +0800] "GET /xingrg/javascript/easyui/themes/default/validatebox.css HTTP/1.1" 404 1104
101.80.228.36 - - [23/Jul/2022:09:34:55 +0800] "GET /xingrg/all/function/internal_message.html?_=1658540091310&CODE_STATE=getMsg HTTP/1.1" 200 27
114.84.2.83 - - [23/Jul/2022:09:35:02 +0800] "GET /xingrg/kc/buy/cgsh_order_operate.html?command=get_materiel&rest_code=00111&code=00101002027&supplier_code=00100199&order_time=2022-07-23 HTTP/1.1" 200 435
120.253.135.82 - - [23/Jul/2022:09:35:03 +0800] "GET /xingrg/all/function/internal_message.html?_=1658540223920&CODE_STATE=getMsg HTTP/1.1" 200 27
61.170.233.82 - - [23/Jul/2022:09:35:03 +0800] "GET /xingrg/all/function/internal_message.html?_=1658540101709&CODE_STATE=getMsg HTTP/1.1" 200 27
180.162.109.37 - - [23/Jul/2022:09:35:04 +0800] "GET /xingrg/all/function/internal_message.html?_=1658539303861&CODE_STATE=getMsg HTTP/1.1" 200 27
180.175.103.110 - - [23/Jul/2022:09:35:05 +0800] "GET /xingrg/kc/buy/cgsh_order_operate.html?command=get_materiel&rest_code=00105&code=00101008353&supplier_code=00100203&order_time=2022-07-23 HTTP/1.1" 200 424
180.162.109.37 - - [23/Jul/2022:09:35:06 +0800] "POST /xingrg/kc/mdqp/pssh_order_operate.html HTTP/1.1" 200 37
218.81.223.53 - - [23/Jul/2022:09:35:07 +0800] "GET /xingrg/all/function/internal_message.html?_=1658540125591&CODE_STATE=getMsg HTTP/1.1" 200 27
114.86.187.244 - - [23/Jul/2022:09:35:10 +0800] "GET /xingrg/check_reg.html?_=1658540108200 HTTP/1.1" 200 22
180.162.109.37 - - [23/Jul/2022:09:35:10 +0800] "POST /xingrg/kc/mdqp/pssh_order_operate.html HTTP/1.1" 200 7375
120.253.135.82 - - [23/Jul/2022:09:35:11 +0800] "GET /xingrg/all/function/internal_message.html?_=1658539916182&CODE_STATE=getMsg HTTP/1.1" 200 27
114.84.2.83 - - [23/Jul/2022:09:35:16 +0800] "GET /xingrg/all/function/internal_message.html?_=1658540109099&CODE_STATE=getMsg HTTP/1.1" 200 27
114.84.2.83 - - [23/Jul/2022:09:35:19 +0800] "GET /xingrg/kc/buy/cgsh_order_operate.html?command=get_materiel&rest_code=00111&code=00101002006&supplier_code=00100199&order_time=2022-07-23 HTTP/1.1" 200 414
180.162.109.37 - - [23/Jul/2022:09:35:29 +0800] "POST /xingrg/kc/mdqp/pssh_order_operate.html HTTP/1.1" 200 37
180.175.103.110 - - [23/Jul/2022:09:35:30 +0800] "GET /xingrg/kc/buy/cgsh_order_operate.html?command=get_materiel&rest_code=00105&code=00101008185&supplier_code=00100203&order_time=2022-07-23 HTTP/1.1" 200 408
180.162.109.37 - - [23/Jul/2022:09:35:30 +0800] "POST /xingrg/kc/mdqp/pssh_order_operate.html HTTP/1.1" 200 12
180.162.109.37 - - [23/Jul/2022:09:35:32 +0800] "GET /xingrg/kc/mdqp/pssh_order_info.html?code=312022070700135 HTTP/1.1" 200 14394
180.162.109.37 - - [23/Jul/2022:09:35:32 +0800] "GET /xingrg/javascript/jquery_tools/jquery-1.4.2.min.js HTTP/1.1" 404 1094
180.162.109.37 - - [23/Jul/2022:09:35:32 +0800] "POST /xingrg/kc/mdqp/pssh_order_operate.html HTTP/1.1" 200 7375
180.162.109.37 - - [23/Jul/2022:09:35:32 +0800] "GET /xingrg/javascript/easyui/themes/default/validatebox.css HTTP/1.1" 404 1104
180.175.103.110 - - [23/Jul/2022:09:35:34 +0800] "GET /xingrg/all/function/internal_message.html?_=1658540017856&CODE_STATE=getMsg HTTP/1.1" 200 27
180.162.109.37 - - [23/Jul/2022:09:35:35 +0800] "GET /xingrg/kc/print/load_data.html?order_code=312022070700135&kc_code=pssh&condition= HTTP/1.1" 200 3024
116.235.94.65 - - [23/Jul/2022:09:35:37 +0800] "GET /xingrg/all/function/internal_message.html?_=1658540318725&CODE_STATE=getMsg HTTP/1.1" 200 27
114.83.219.182 - - [23/Jul/2022:09:35:42 +0800] "GET /xingrg/all/function/internal_message.html?_=1658540137734&CODE_STATE=getMsg HTTP/1.1" 200 27
114.84.2.83 - - [23/Jul/2022:09:35:42 +0800] "POST /xingrg/kc/buy/cgsh_order_operate.html HTTP/1.1" 200 37
120.253.135.82 - - [23/Jul/2022:09:35:42 +0800] "GET /xingrg/check_reg.html?_=1658540263577 HTTP/1.1" 200 22
116.224.123.211 - - [23/Jul/2022:09:35:43 +0800] "GET /xingrg/all/function/internal_message.html?_=1658540202720&CODE_STATE=getMsg HTTP/1.1" 200 27
