180.175.103.110 - - [23/Jul/2022:11:26:23 +0800] "POST /xingrg/kc/mdqp/pssh_order_operate.html HTTP/1.1" 200 6329
180.175.103.110 - - [23/Jul/2022:11:26:23 +0800] "GET /xingrg/javascript/easyui/themes/default/validatebox.css HTTP/1.1" 404 1104
101.83.223.227 - - [23/Jul/2022:11:26:25 +0800] "GET /xingrg/kc/buy/cgsh_order_operate.html?command=get_materiel&rest_code=00150&code=00101008246&supplier_code=00100007&order_time=2022-07-23 HTTP/1.1" 200 427
180.175.103.110 - - [23/Jul/2022:11:26:29 +0800] "POST /xingrg/all/common/load_combo.html?type=employee HTTP/1.1" 200 356
61.170.233.82 - - [23/Jul/2022:11:26:32 +0800] "GET /xingrg/kc/buy/cgsh_order_operate.html?command=get_materiel&rest_code=00106&code=00101008061&supplier_code=00100007&order_time=2022-07-23 HTTP/1.1" 200 422
101.83.223.227 - - [23/Jul/2022:11:26:33 +0800] "GET /xingrg/kc/buy/cgsh_order_operate.html?command=get_materiel&rest_code=00150&code=00101008126&supplier_code=00100007&order_time=2022-07-23 HTTP/1.1" 200 412
180.175.103.110 - - [23/Jul/2022:11:26:33 +0800] "GET /xingrg/all/function/internal_message.html?_=1658546676214&CODE_STATE=getMsg HTTP/1.1" 200 27
116.235.94.65 - - [23/Jul/2022:11:26:37 +0800] "GET /xingrg/all/function/internal_message.html?_=1658546978804&CODE_STATE=getMsg HTTP/1.1" 200 27
101.85.120.95 - - [23/Jul/2022:11:26:40 +0800] "GET /xingrg/all/function/internal_message.html?_=1658546796233&CODE_STATE=getMsg HTTP/1.1" 200 27
114.83.219.182 - - [23/Jul/2022:11:26:41 +0800] "GET /xingrg/all/function/internal_message.html?_=1658546797181&CODE_STATE=getMsg HTTP/1.1" 200 27
114.83.219.182 - - [23/Jul/2022:11:26:42 +0800] "GET /xingrg/check_reg.html?_=1658546798120 HTTP/1.1" 200 22
218.81.223.53 - - [23/Jul/2022:11:26:44 +0800] "GET /xingrg/check_reg.html?_=1658546822885 HTTP/1.1" 200 22
61.170.233.82 - - [23/Jul/2022:11:26:45 +0800] "GET /xingrg/check_reg.html?_=1658546803604 HTTP/1.1" 200 22
114.86.187.244 - - [23/Jul/2022:11:26:47 +0800] "GET /xingrg/all/function/internal_message.html?_=1658546805094&CODE_STATE=getMsg HTTP/1.1" 200 27
180.169.147.146 - - [23/Jul/2022:11:26:47 +0800] "GET /xingrg/all/function/internal_message.html?_=1658546803606&CODE_STATE=getMsg HTTP/1.1" 302 -
101.83.223.227 - - [23/Jul/2022:11:26:48 +0800] "POST /xingrg/kc/buy/cgsh_order_operate.html HTTP/1.1" 200 2065
116.224.123.211 - - [23/Jul/2022:11:26:51 +0800] "GET /xingrg/all/function/internal_message.html?_=1658546871869&CODE_STATE=getMsg HTTP/1.1" 200 27
101.80.228.36 - - [23/Jul/2022:11:26:53 +0800] "GET /xingrg/all/function/internal_message.html?_=1658546809020&CODE_STATE=getMsg HTTP/1.1" 200 27
61.170.233.82 - - [23/Jul/2022:11:26:55 +0800] "GET /xingrg/kc/buy/cgsh_order_operate.html?command=get_materiel&rest_code=00106&code=00101008588&supplier_code=00100007&order_time=2022-07-23 HTTP/1.1" 200 406
101.83.223.227 - - [23/Jul/2022:11:26:55 +0800] "GET /xingrg/kc/buy/cgsh_order_operate.html?command=get_materiel&rest_code=00150&code=00101008323&supplier_code=00100007&order_time=2022-07-23 HTTP/1.1" 200 408
116.224.123.211 - - [23/Jul/2022:11:27:03 +0800] "GET /xingrg/check_reg.html?_=1658546851970 HTTP/1.1" 200 22
180.162.109.37 - - [23/Jul/2022:11:27:04 +0800] "GET /xingrg/all/function/internal_message.html?_=1658546022967&CODE_STATE=getMsg HTTP/1.1" 200 27
101.83.223.227 - - [23/Jul/2022:11:27:04 +0800] "GET /xingrg/kc/buy/cgsh_order_operate.html?command=get_materiel&rest_code=00150&code=00101008350&supplier_code=00100007&order_time=2022-07-23 HTTP/1.1" 200 425
222.69.129.110 - - [23/Jul/2022:11:27:07 +0800] "GET /xingrg/all/function/internal_message.html?_=1658546875291&CODE_STATE=getMsg HTTP/1.1" 200 27
101.83.223.227 - - [23/Jul/2022:11:27:10 +0800] "GET /xingrg/kc/buy/cgsh_order_operate.html?command=get_materiel&rest_code=00150&code=00101008223&supplier_code=00100007&order_time=2022-07-23 HTTP/1.1" 200 412
180.175.103.110 - - [23/Jul/2022:11:27:13 +0800] "POST /xingrg/kc/mdqp/pssh_order_operate.html HTTP/1.1" 200 37
180.175.103.110 - - [23/Jul/2022:11:27:14 +0800] "POST /xingrg/kc/mdqp/pssh_order_operate.html HTTP/1.1" 200 12
114.84.2.83 - - [23/Jul/2022:11:27:14 +0800] "GET /xingrg/all/function/internal_message.html?_=1658546827101&CODE_STATE=getMsg HTTP/1.1" 200 27
61.170.233.82 - - [23/Jul/2022:11:27:15 +0800] "GET /xingrg/kc/buy/cgsh_order_operate.html?command=get_materiel&rest_code=00106&code=00101009030&supplier_code=00100007&order_time=2022-07-23 HTTP/1.1" 200 413
180.175.103.110 - - [23/Jul/2022:11:27:15 +0800] "GET /xingrg/kc/mdqp/pssh_order_info.html?code=312022072100340 HTTP/1.1" 200 14386
180.175.103.110 - - [23/Jul/2022:11:27:15 +0800] "GET /xingrg/javascript/jquery_tools/jquery-1.4.2.min.js HTTP/1.1" 404 1094
180.175.103.110 - - [23/Jul/2022:11:27:16 +0800] "GET /xingrg/javascript/easyui/themes/default/validatebox.css HTTP/1.1" 404 1104
180.175.103.110 - - [23/Jul/2022:11:27:16 +0800] "POST /xingrg/kc/mdqp/pssh_order_operate.html HTTP/1.1" 200 6329
101.83.223.227 - - [23/Jul/2022:11:27:17 +0800] "GET /xingrg/kc/buy/cgsh_order_operate.html?command=get_materiel&rest_code=00150&code=00101008114&supplier_code=00100007&order_time=2022-07-23 HTTP/1.1" 200 412
218.81.223.53 - - [23/Jul/2022:11:27:20 +0800] "GET /xingrg/all/function/internal_message.html?_=1658546859000&CODE_STATE=getMsg HTTP/1.1" 200 27
180.175.103.110 - - [23/Jul/2022:11:27:22 +0800] "GET /xingrg/kc/print/load_data.html?order_code=312022072100340&kc_code=pssh&condition= HTTP/1.1" 200 2637
101.83.223.227 - - [23/Jul/2022:11:27:24 +0800] "GET /xingrg/kc/buy/cgsh_order_operate.html?command=get_materiel&rest_code=00150&code=00101008061&supplier_code=00100007&order_time=2022-07-23 HTTP/1.1" 200 422
101.83.223.227 - - [23/Jul/2022:11:27:28 +0800] "POST /xingrg/kc/buy/cgsh_order_operate.html HTTP/1.1" 200 2065
180.175.103.110 - - [23/Jul/2022:11:27:33 +0800] "GET /xingrg/all/function/internal_message.html?_=1658546736187&CODE_STATE=getMsg HTTP/1.1" 200 27
101.83.223.227 - - [23/Jul/2022:11:27:33 +0800] "GET /xingrg/kc/buy/cgsh_order_operate.html?command=get_materiel&rest_code=00150&code=00101008041&supplier_code=00100007&order_time=2022-07-23 HTTP/1.1" 200 408
116.235.94.65 - - [23/Jul/2022:11:27:37 +0800] "GET /xingrg/check_reg.html?_=1658547038803 HTTP/1.1" 200 22
116.235.94.65 - - [23/Jul/2022:11:27:38 +0800] "GET /xingrg/all/function/internal_message.html?_=1658547038804&CODE_STATE=getMsg HTTP/1.1" 200 27
101.85.120.95 - - [23/Jul/2022:11:27:40 +0800] "GET /xingrg/all/function/internal_message.html?_=1658546856234&CODE_STATE=getMsg HTTP/1.1" 200 27
101.83.223.227 - - [23/Jul/2022:11:27:41 +0800] "GET /xingrg/kc/buy/cgsh_order_operate.html?command=get_materiel&rest_code=00150&code=00101008168&supplier_code=00100007&order_time=2022-07-23 HTTP/1.1" 200 413
114.83.219.182 - - [23/Jul/2022:11:27:41 +0800] "GET /xingrg/all/function/internal_message.html?_=1658546857153&CODE_STATE=getMsg HTTP/1.1" 200 27
101.80.228.36 - - [23/Jul/2022:11:27:43 +0800] "GET /xingrg/check_reg.html?_=1658546858584 HTTP/1.1" 200 22
101.83.223.227 - - [23/Jul/2022:11:27:47 +0800] "GET /xingrg/kc/buy/cgsh_order_operate.html?command=get_materiel&rest_code=00150&code=00101008236&supplier_code=00100007&order_time=2022-07-23 HTTP/1.1" 200 432
114.86.187.244 - - [23/Jul/2022:11:27:47 +0800] "GET /xingrg/all/function/internal_message.html?_=1658546865080&CODE_STATE=getMsg HTTP/1.1" 200 27
180.169.147.146 - - [23/Jul/2022:11:27:47 +0800] "GET /xingrg/all/function/internal_message.html?_=1658546863608&CODE_STATE=getMsg HTTP/1.1" 302 -
116.224.123.211 - - [23/Jul/2022:11:27:51 +0800] "GET /xingrg/all/function/internal_message.html?_=1658546931883&CODE_STATE=getMsg HTTP/1.1" 200 27
101.80.228.36 - - [23/Jul/2022:11:27:53 +0800] "GET /xingrg/all/function/internal_message.html?_=1658546868991&CODE_STATE=getMsg HTTP/1.1" 200 27
61.170.233.82 - - [23/Jul/2022:11:28:00 +0800] "POST /xingrg/kc/buy/cgsh_order_operate.html HTTP/1.1" 200 64
101.83.223.227 - - [23/Jul/2022:11:28:02 +0800] "POST /xingrg/kc/buy/cgsh_order_operate.html HTTP/1.1" 200 37
180.162.109.37 - - [23/Jul/2022:11:28:04 +0800] "GET /xingrg/all/function/internal_message.html?_=1658546082953&CODE_STATE=getMsg HTTP/1.1" 200 27
222.69.129.110 - - [23/Jul/2022:11:28:07 +0800] "GET /xingrg/all/function/internal_message.html?_=1658546935299&CODE_STATE=getMsg HTTP/1.1" 200 27
61.170.233.82 - - [23/Jul/2022:11:28:07 +0800] "POST /xingrg/kc/buy/cgsh_order_operate.html HTTP/1.1" 200 37
101.83.223.227 - - [23/Jul/2022:11:28:08 +0800] "POST /xingrg/kc/buy/cgsh_order_operate.html HTTP/1.1" 200 30450
180.175.103.110 - - [23/Jul/2022:11:28:08 +0800] "GET /xingrg/kc/mdqp/pssh_order_list.html?isBack=1 HTTP/1.1" 200 17903
180.175.103.110 - - [23/Jul/2022:11:28:09 +0800] "POST /xingrg/kc/mdqp/pssh_list_operate.html HTTP/1.1" 200 5401
61.170.233.82 - - [23/Jul/2022:11:28:10 +0800] "POST /xingrg/kc/buy/cgsh_order_operate.html HTTP/1.1" 200 28103
101.83.223.227 - - [23/Jul/2022:11:28:11 +0800] "POST /xingrg/kc/buy/cgsh_list_operate.html HTTP/1.1" 200 1779
101.83.223.227 - - [23/Jul/2022:11:28:13 +0800] "POST /xingrg/kc/buy/cgsh_list_operate.html HTTP/1.1" 200 582
180.175.103.110 - - [23/Jul/2022:11:28:14 +0800] "POST /xingrg/kc/mdqp/pssh_list_operate.html HTTP/1.1" 200 268
180.175.103.110 - - [23/Jul/2022:11:28:14 +0800] "POST /xingrg/kc/mdqp/pssh_list_operate.html HTTP/1.1" 200 2200
180.175.103.110 - - [23/Jul/2022:11:28:14 +0800] "GET /xingrg/kc/mdqp/pssh_order_info.html?code=312022071800311 HTTP/1.1" 200 17276
101.83.223.227 - - [23/Jul/2022:11:28:14 +0800] "GET /xingrg/kc/buy/cgsh_order_info.html?code=212022072305860 HTTP/1.1" 200 67953
114.84.2.83 - - [23/Jul/2022:11:28:14 +0800] "GET /xingrg/all/function/internal_message.html?_=1658546887110&CODE_STATE=getMsg HTTP/1.1" 200 27
180.175.103.110 - - [23/Jul/2022:11:28:14 +0800] "GET /xingrg/javascript/jquery_tools/jquery-1.4.2.min.js HTTP/1.1" 404 1094
180.175.103.110 - - [23/Jul/2022:11:28:14 +0800] "POST /xingrg/kc/mdqp/pssh_order_operate.html HTTP/1.1" 200 552
180.175.103.110 - - [23/Jul/2022:11:28:15 +0800] "GET /xingrg/javascript/easyui/themes/default/validatebox.css HTTP/1.1" 404 1104
101.83.223.227 - - [23/Jul/2022:11:28:15 +0800] "GET /xingrg/javascript/easyui/themes/default/validatebox.css HTTP/1.1" 404 1104
101.83.223.227 - - [23/Jul/2022:11:28:15 +0800] "POST /xingrg/kc/buy/cgsh_order_operate.html HTTP/1.1" 200 6805
218.81.223.53 - - [23/Jul/2022:11:28:20 +0800] "GET /xingrg/all/function/internal_message.html?_=1658546919015&CODE_STATE=getMsg HTTP/1.1" 200 27
180.175.103.110 - - [23/Jul/2022:11:28:25 +0800] "POST /xingrg/all/common/load_combo.html?type=base&rest_code=00105 HTTP/1.1" 200 3409
180.175.103.110 - - [23/Jul/2022:11:28:33 +0800] "GET /xingrg/all/function/internal_message.html?_=1658546796195&CODE_STATE=getMsg HTTP/1.1" 200 27
101.83.223.227 - - [23/Jul/2022:11:28:35 +0800] "POST /xingrg/kc/buy/cgsh_order_operate.html HTTP/1.1" 200 37
116.235.94.65 - - [23/Jul/2022:11:28:37 +0800] "GET /xingrg/all/function/internal_message.html?_=1658547098803&CODE_STATE=getMsg HTTP/1.1" 200 27
101.85.120.95 - - [23/Jul/2022:11:28:40 +0800] "GET /xingrg/all/function/internal_message.html?_=1658546916234&CODE_STATE=getMsg HTTP/1.1" 200 27
114.83.219.182 - - [23/Jul/2022:11:28:41 +0800] "GET /xingrg/all/function/internal_message.html?_=1658546917139&CODE_STATE=getMsg HTTP/1.1" 200 27
180.175.103.110 - - [23/Jul/2022:11:28:43 +0800] "POST /xingrg/kc/mdqp/pssh_order_operate.html HTTP/1.1" 200 37
180.175.103.110 - - [23/Jul/2022:11:28:44 +0800] "POST /xingrg/kc/mdqp/pssh_order_operate.html HTTP/1.1" 200 12
180.175.103.110 - - [23/Jul/2022:11:28:45 +0800] "GET /xingrg/kc/mdqp/pssh_order_info.html?code=312022071800311 HTTP/1.1" 200 14396
180.175.103.110 - - [23/Jul/2022:11:28:45 +0800] "GET /xingrg/javascript/jquery_tools/jquery-1.4.2.min.js HTTP/1.1" 404 1094
101.83.223.227 - - [23/Jul/2022:11:28:45 +0800] "POST /xingrg/kc/buy/cgsh_order_operate.html HTTP/1.1" 200 6806
180.175.103.110 - - [23/Jul/2022:11:28:45 +0800] "POST /xingrg/kc/mdqp/pssh_order_operate.html HTTP/1.1" 200 552
180.175.103.110 - - [23/Jul/2022:11:28:45 +0800] "GET /xingrg/javascript/easyui/themes/default/validatebox.css HTTP/1.1" 404 1104
114.86.187.244 - - [23/Jul/2022:11:28:47 +0800] "GET /xingrg/all/function/internal_message.html?_=1658546925066&CODE_STATE=getMsg HTTP/1.1" 200 27
180.169.147.146 - - [23/Jul/2022:11:28:47 +0800] "GET /xingrg/check_reg.html?_=1658546923614 HTTP/1.1" 302 -
180.169.147.146 - - [23/Jul/2022:11:28:47 +0800] "GET /xingrg/all/function/internal_message.html?_=1658546923616&CODE_STATE=getMsg HTTP/1.1" 302 -
61.170.233.82 - - [23/Jul/2022:11:28:48 +0800] "GET /xingrg/kc/buy/cgsh_order_add.html HTTP/1.1" 200 67938
61.170.233.82 - - [23/Jul/2022:11:28:49 +0800] "POST /xingrg/kc/buy/cgsh_order_operate.html HTTP/1.1" 200 8245
61.170.233.82 - - [23/Jul/2022:11:28:49 +0800] "GET /xingrg/javascript/easyui/themes/default/validatebox.css HTTP/1.1" 404 1104
180.175.103.110 - - [23/Jul/2022:11:28:51 +0800] "GET /xingrg/kc/print/load_data.html?order_code=312022071800311&kc_code=pssh&condition= HTTP/1.1" 200 692
61.170.233.82 - - [23/Jul/2022:11:28:51 +0800] "GET /xingrg/javascript/easyui/themes/default/tree.css HTTP/1.1" 404 1090
61.170.233.82 - - [23/Jul/2022:11:28:51 +0800] "POST /xingrg/all/common/load_tree.html?tree=supplier_tree_json&isDelete=1 HTTP/1.1" 200 66956
116.224.123.211 - - [23/Jul/2022:11:28:52 +0800] "GET /xingrg/all/function/internal_message.html?_=1658546992289&CODE_STATE=getMsg HTTP/1.1" 200 27
101.80.228.36 - - [23/Jul/2022:11:28:53 +0800] "GET /xingrg/all/function/internal_message.html?_=1658546928976&CODE_STATE=getMsg HTTP/1.1" 200 27
120.253.135.82 - - [23/Jul/2022:11:28:54 +0800] "GET /xingrg/check_reg.html?_=1658546738532 HTTP/1.1" 200 22
101.83.223.227 - - [23/Jul/2022:11:28:54 +0800] "GET /xingrg/check_reg.html?_=1658546930740 HTTP/1.1" 200 22
101.83.223.227 - - [23/Jul/2022:11:28:59 +0800] "GET /xingrg/kc/base/wldb_order_list.html HTTP/1.1" 200 19148
101.83.223.227 - - [23/Jul/2022:11:29:00 +0800] "POST /xingrg/kc/base/wldb_list_operate.html HTTP/1.1" 200 928
101.83.223.227 - - [23/Jul/2022:11:29:00 +0800] "GET /xingrg/kc/base/wldb_order_add.html HTTP/1.1" 200 30362
101.83.223.227 - - [23/Jul/2022:11:29:01 +0800] "POST /xingrg/kc/base/wldb_order_operate.html HTTP/1.1" 200 6806
101.83.223.227 - - [23/Jul/2022:11:29:01 +0800] "GET /xingrg/javascript/easyui/themes/default/validatebox.css HTTP/1.1" 404 1104
180.162.109.37 - - [23/Jul/2022:11:29:04 +0800] "GET /xingrg/all/function/internal_message.html?_=1658546142952&CODE_STATE=getMsg HTTP/1.1" 200 27
222.69.129.110 - - [23/Jul/2022:11:29:07 +0800] "GET /xingrg/check_reg.html?_=1658546995289 HTTP/1.1" 200 22
222.69.129.110 - - [23/Jul/2022:11:29:07 +0800] "GET /xingrg/all/function/internal_message.html?_=1658546995293&CODE_STATE=getMsg HTTP/1.1" 200 27
101.83.223.227 - - [23/Jul/2022:11:29:09 +0800] "GET /xingrg/kc/base/wldb_order_operate.html?command=get_materiel&rest_code=00150&base_code=0010446&code=00102002521 HTTP/1.1" 200 430
61.170.233.82 - - [23/Jul/2022:11:29:11 +0800] "GET /xingrg/kc/buy/cgsh_order_operate.html?command=get_materiel&rest_code=00106&code=00101001013&supplier_code=00100313&order_time=2022-07-23 HTTP/1.1" 200 434
101.83.223.227 - - [23/Jul/2022:11:29:14 +0800] "GET /xingrg/kc/base/wldb_order_operate.html?command=get_materiel&rest_code=00150&base_code=0010446&code=00102002116 HTTP/1.1" 200 434
114.84.2.83 - - [23/Jul/2022:11:29:14 +0800] "GET /xingrg/all/function/internal_message.html?_=1658546947080&CODE_STATE=getMsg HTTP/1.1" 200 27
114.84.2.83 - - [23/Jul/2022:11:29:16 +0800] "GET /xingrg/check_reg.html?_=1658546948909 HTTP/1.1" 200 22
101.83.223.227 - - [23/Jul/2022:11:29:18 +0800] "GET /xingrg/kc/base/wldb_order_operate.html?command=get_materiel&rest_code=00150&base_code=0010446&code=00102002391 HTTP/1.1" 200 435
180.175.103.110 - - [23/Jul/2022:11:29:18 +0800] "GET /xingrg/kc/mdqp/pssh_order_list.html?isBack=1 HTTP/1.1" 200 17903
180.175.103.110 - - [23/Jul/2022:11:29:19 +0800] "POST /xingrg/kc/mdqp/pssh_list_operate.html HTTP/1.1" 200 5437
218.81.223.53 - - [23/Jul/2022:11:29:21 +0800] "GET /xingrg/all/function/internal_message.html?_=1658546979296&CODE_STATE=getMsg HTTP/1.1" 200 27
101.83.223.227 - - [23/Jul/2022:11:29:23 +0800] "POST /xingrg/kc/base/wldb_order_operate.html HTTP/1.1" 200 37
101.83.223.227 - - [23/Jul/2022:11:29:25 +0800] "POST /xingrg/kc/base/wldb_order_operate.html HTTP/1.1" 200 12
101.83.223.227 - - [23/Jul/2022:11:29:25 +0800] "POST /xingrg/kc/base/wldb_order_operate.html HTTP/1.1" 200 3122
180.175.103.110 - - [23/Jul/2022:11:29:25 +0800] "POST /xingrg/kc/mdqp/pssh_list_operate.html HTTP/1.1" 200 763
180.175.103.110 - - [23/Jul/2022:11:29:26 +0800] "POST /xingrg/kc/mdqp/pssh_list_operate.html HTTP/1.1" 200 2200
180.175.103.110 - - [23/Jul/2022:11:29:26 +0800] "GET /xingrg/kc/mdqp/pssh_order_info.html?code=312022072100341 HTTP/1.1" 200 17293
180.175.103.110 - - [23/Jul/2022:11:29:26 +0800] "GET /xingrg/javascript/jquery_tools/jquery-1.4.2.min.js HTTP/1.1" 404 1094
180.175.103.110 - - [23/Jul/2022:11:29:26 +0800] "POST /xingrg/kc/mdqp/pssh_order_operate.html HTTP/1.1" 200 3173
180.175.103.110 - - [23/Jul/2022:11:29:26 +0800] "GET /xingrg/javascript/easyui/themes/default/validatebox.css HTTP/1.1" 404 1104
101.83.223.227 - - [23/Jul/2022:11:29:30 +0800] "GET /xingrg/kc/base/wldb_order_info.html?code=422022072301454 HTTP/1.1" 200 26242
101.83.223.227 - - [23/Jul/2022:11:29:30 +0800] "GET /xingrg/javascript/easyui/themes/default/validatebox.css HTTP/1.1" 404 1104
101.83.223.227 - - [23/Jul/2022:11:29:30 +0800] "POST /xingrg/kc/base/wldb_order_operate.html HTTP/1.1" 200 1397
101.83.223.227 - - [23/Jul/2022:11:29:32 +0800] "GET /xingrg/kc/base/wldb_order_add.html HTTP/1.1" 200 30362
101.83.223.227 - - [23/Jul/2022:11:29:32 +0800] "POST /xingrg/kc/base/wldb_order_operate.html HTTP/1.1" 200 6806
101.83.223.227 - - [23/Jul/2022:11:29:32 +0800] "GET /xingrg/javascript/easyui/themes/default/validatebox.css HTTP/1.1" 404 1104
180.175.103.110 - - [23/Jul/2022:11:29:33 +0800] "GET /xingrg/all/function/internal_message.html?_=1658546856172&CODE_STATE=getMsg HTTP/1.1" 200 27
61.170.233.82 - - [23/Jul/2022:11:29:35 +0800] "GET /xingrg/kc/buy/cgsh_order_operate.html?command=get_materiel&rest_code=00106&code=00101001135&supplier_code=00100313&order_time=2022-07-23 HTTP/1.1" 200 435
116.235.94.65 - - [23/Jul/2022:11:29:37 +0800] "GET /xingrg/all/function/internal_message.html?_=1658547158801&CODE_STATE=getMsg HTTP/1.1" 200 27
101.85.120.95 - - [23/Jul/2022:11:29:40 +0800] "GET /xingrg/all/function/internal_message.html?_=1658546976233&CODE_STATE=getMsg HTTP/1.1" 200 27
114.83.219.182 - - [23/Jul/2022:11:29:41 +0800] "GET /xingrg/all/function/internal_message.html?_=1658546977149&CODE_STATE=getMsg HTTP/1.1" 200 27
114.86.187.244 - - [23/Jul/2022:11:29:47 +0800] "GET /xingrg/all/function/internal_message.html?_=1658546985051&CODE_STATE=getMsg HTTP/1.1" 200 27
180.169.147.146 - - [23/Jul/2022:11:29:47 +0800] "GET /xingrg/all/function/internal_message.html?_=1658546983602&CODE_STATE=getMsg HTTP/1.1" 302 -
180.175.103.110 - - [23/Jul/2022:11:29:50 +0800] "POST /xingrg/all/common/load_combo.html?type=employee HTTP/1.1" 200 356
61.170.233.82 - - [23/Jul/2022:11:29:52 +0800] "GET /xingrg/kc/buy/cgsh_order_operate.html?command=get_materiel&rest_code=00106&code=00101001016&supplier_code=00100313&order_time=2022-07-23 HTTP/1.1" 200 433
116.224.123.211 - - [23/Jul/2022:11:29:52 +0800] "GET /xingrg/all/function/internal_message.html?_=1658547052300&CODE_STATE=getMsg HTTP/1.1" 200 27
101.80.228.36 - - [23/Jul/2022:11:29:53 +0800] "GET /xingrg/all/function/internal_message.html?_=1658546988962&CODE_STATE=getMsg HTTP/1.1" 200 27
180.175.103.110 - - [23/Jul/2022:11:29:58 +0800] "POST /xingrg/kc/mdqp/pssh_order_operate.html HTTP/1.1" 200 37
180.175.103.110 - - [23/Jul/2022:11:29:58 +0800] "POST /xingrg/kc/mdqp/pssh_order_operate.html HTTP/1.1" 200 12
180.175.103.110 - - [23/Jul/2022:11:30:03 +0800] "GET /xingrg/kc/mdqp/pssh_order_info.html?code=312022072100341 HTTP/1.1" 200 14382
180.175.103.110 - - [23/Jul/2022:11:30:03 +0800] "GET /xingrg/javascript/jquery_tools/jquery-1.4.2.min.js HTTP/1.1" 404 1094
180.175.103.110 - - [23/Jul/2022:11:30:03 +0800] "POST /xingrg/kc/mdqp/pssh_order_operate.html HTTP/1.1" 200 3173
180.175.103.110 - - [23/Jul/2022:11:30:03 +0800] "GET /xingrg/javascript/easyui/themes/default/validatebox.css HTTP/1.1" 404 1104
180.162.109.37 - - [23/Jul/2022:11:30:04 +0800] "GET /xingrg/all/function/internal_message.html?_=1658546202937&CODE_STATE=getMsg HTTP/1.1" 200 27
101.83.223.227 - - [23/Jul/2022:11:30:05 +0800] "POST /xingrg/kc/base/wldb_order_operate.html HTTP/1.1" 200 37
61.170.233.82 - - [23/Jul/2022:11:30:07 +0800] "GET /xingrg/kc/buy/cgsh_order_operate.html?command=get_materiel&rest_code=00106&code=00101001096&supplier_code=00100313&order_time=2022-07-23 HTTP/1.1" 200 413
180.175.103.110 - - [23/Jul/2022:11:30:07 +0800] "GET /xingrg/kc/print/load_data.html?order_code=312022072100341&kc_code=pssh&condition= HTTP/1.1" 200 1562
222.69.129.110 - - [23/Jul/2022:11:30:07 +0800] "GET /xingrg/all/function/internal_message.html?_=1658547055300&CODE_STATE=getMsg HTTP/1.1" 200 27
101.83.223.227 - - [23/Jul/2022:11:30:07 +0800] "POST /xingrg/kc/base/wldb_order_operate.html HTTP/1.1" 200 12
101.83.223.227 - - [23/Jul/2022:11:30:07 +0800] "POST /xingrg/kc/base/wldb_order_operate.html HTTP/1.1" 200 2218
114.86.187.244 - - [23/Jul/2022:11:30:10 +0800] "GET /xingrg/check_reg.html?_=1658547008390 HTTP/1.1" 200 22
101.83.223.227 - - [23/Jul/2022:11:30:12 +0800] "GET /xingrg/kc/base/wldb_order_info.html?code=422022072301455 HTTP/1.1" 200 26241
101.83.223.227 - - [23/Jul/2022:11:30:13 +0800] "GET /xingrg/javascript/easyui/themes/default/validatebox.css HTTP/1.1" 404 1104
101.83.223.227 - - [23/Jul/2022:11:30:13 +0800] "POST /xingrg/kc/base/wldb_order_operate.html HTTP/1.1" 200 512
114.84.2.83 - - [23/Jul/2022:11:30:14 +0800] "GET /xingrg/all/function/internal_message.html?_=1658547007059&CODE_STATE=getMsg HTTP/1.1" 200 27
101.83.223.227 - - [23/Jul/2022:11:30:16 +0800] "POST /xingrg/all/user/operate.html HTTP/1.1" 200 36
101.83.223.227 - - [23/Jul/2022:11:30:17 +0800] "GET /xingrg/index.html?sysBaseUrl=http%3A%2F%2F180.169.147.146%3A18081%2Fxingrg%2F&costTime=38×tamp=1658537384307 HTTP/1.1" 200 17177
101.83.223.227 - - [23/Jul/2022:11:30:17 +0800] "GET /xingrg/javascript/jquery_easy_ui/themes/default/easyui.css HTTP/1.1" 304 -
101.83.223.227 - - [23/Jul/2022:11:30:17 +0800] "GET /xingrg/javascript/jquery_easy_ui/themes/icon.css HTTP/1.1" 304 -
101.83.223.227 - - [23/Jul/2022:11:30:17 +0800] "GET /xingrg/css/form.css HTTP/1.1" 304 -
101.83.223.227 - - [23/Jul/2022:11:30:17 +0800] "GET /xingrg/javascript/jquery-1.4.2.min.js HTTP/1.1" 304 -
101.83.223.227 - - [23/Jul/2022:11:30:17 +0800] "GET /xingrg/javascript/jquery_easy_ui/jquery.easyui.min.js HTTP/1.1" 304 -
101.83.223.227 - - [23/Jul/2022:11:30:17 +0800] "GET /xingrg/javascript/jquery_easy_ui/easyui-lang-zh_CN.js HTTP/1.1" 304 -
101.83.223.227 - - [23/Jul/2022:11:30:17 +0800] "GET /xingrg/javascript/jquery.form.js HTTP/1.1" 304 -
101.83.223.227 - - [23/Jul/2022:11:30:17 +0800] "GET /xingrg/javascript/jquery.utils.js HTTP/1.1" 304 -
101.83.223.227 - - [23/Jul/2022:11:30:17 +0800] "GET /xingrg/javascript/jquery.timers.js HTTP/1.1" 304 -
101.83.223.227 - - [23/Jul/2022:11:30:17 +0800] "GET /xingrg/images/blue/jxLogo.png HTTP/1.1" 304 -
101.83.223.227 - - [23/Jul/2022:11:30:17 +0800] "GET /xingrg/javascript/jquery_easy_ui/themes/icons/settle_new.png HTTP/1.1" 304 -
101.83.223.227 - - [23/Jul/2022:11:30:17 +0800] "GET /xingrg/images/blue/navBackgound.jpg HTTP/1.1" 304 -
101.83.223.227 - - [23/Jul/2022:11:30:17 +0800] "POST /xingrg/all/common/load_tree.html?tree=area_rest_tree_json&manage=1 HTTP/1.1" 200 476
101.83.223.227 - - [23/Jul/2022:11:30:17 +0800] "GET /xingrg/all/function/internal_message.html?_=1658547013607&CODE_STATE=count HTTP/1.1" 200 11
101.83.223.227 - - [23/Jul/2022:11:30:17 +0800] "GET /xingrg/check_reg.html?_=1658547013607 HTTP/1.1" 200 22
101.83.223.227 - - [23/Jul/2022:11:30:17 +0800] "GET /xingrg/javascript/jquery_easy_ui/themes/default/images/tabs_leftarrow.png HTTP/1.1" 304 -
101.83.223.227 - - [23/Jul/2022:11:30:17 +0800] "POST /xingrg/load_menu.html HTTP/1.1" 200 5138
101.83.223.227 - - [23/Jul/2022:11:30:17 +0800] "GET /xingrg/images/blue/pingpu.png HTTP/1.1" 304 -
101.83.223.227 - - [23/Jul/2022:11:30:17 +0800] "GET /xingrg/javascript/jquery_easy_ui/themes/default/images/panel_tool_collapse.gif HTTP/1.1" 304 -
101.83.223.227 - - [23/Jul/2022:11:30:17 +0800] "GET /xingrg/javascript/jquery_easy_ui/themes/default/images/tabs_rightarrow.png HTTP/1.1" 304 -
101.83.223.227 - - [23/Jul/2022:11:30:17 +0800] "GET /xingrg/javascript/jquery_easy_ui/themes/default/images/tree_file.gif HTTP/1.1" 304 -
101.83.223.227 - - [23/Jul/2022:11:30:17 +0800] "GET /xingrg/javascript/jquery_easy_ui/themes/default/images/tree_folder_open.gif HTTP/1.1" 304 -
101.83.223.227 - - [23/Jul/2022:11:30:17 +0800] "GET /xingrg/javascript/jquery_easy_ui/themes/icons/forms_new.png HTTP/1.1" 304 -
101.83.223.227 - - [23/Jul/2022:11:30:17 +0800] "GET /xingrg/javascript/jquery_easy_ui/themes/icons/search_new.png HTTP/1.1" 304 -
101.83.223.227 - - [23/Jul/2022:11:30:17 +0800] "GET /xingrg/javascript/jquery_easy_ui/themes/default/images/tree_arrows.gif HTTP/1.1" 304 -
101.83.223.227 - - [23/Jul/2022:11:30:17 +0800] "GET /xingrg/javascript/jquery_easy_ui/themes/icons/storage_new.png HTTP/1.1" 304 -
101.83.223.227 - - [23/Jul/2022:11:30:17 +0800] "GET /xingrg/javascript/jquery_easy_ui/themes/default/images/tree_folder.gif HTTP/1.1" 304 -
101.83.223.227 - - [23/Jul/2022:11:30:19 +0800] "GET /xingrg/kc/buy/cgsh_order_list.html HTTP/1.1" 200 52166
218.81.223.53 - - [23/Jul/2022:11:30:21 +0800] "GET /xingrg/all/function/internal_message.html?_=1658547039307&CODE_STATE=getMsg HTTP/1.1" 200 27
61.170.233.82 - - [23/Jul/2022:11:30:21 +0800] "GET /xingrg/kc/buy/cgsh_order_operate.html?command=get_materiel&rest_code=00106&code=00101001164&supplier_code=00100313&order_time=2022-07-23 HTTP/1.1" 200 411
101.83.223.227 - - [23/Jul/2022:11:30:21 +0800] "POST /xingrg/kc/buy/cgsh_list_operate.html HTTP/1.1" 200 1772
101.83.223.227 - - [23/Jul/2022:11:30:24 +0800] "POST /xingrg/kc/buy/cgsh_list_operate.html HTTP/1.1" 200 570
101.83.223.227 - - [23/Jul/2022:11:30:24 +0800] "GET /xingrg/kc/buy/cgsh_order_info.html?code=212022072305850 HTTP/1.1" 200 67551
101.83.223.227 - - [23/Jul/2022:11:30:25 +0800] "GET /xingrg/javascript/easyui/themes/default/validatebox.css HTTP/1.1" 404 1104
101.83.223.227 - - [23/Jul/2022:11:30:25 +0800] "POST /xingrg/kc/buy/cgsh_order_operate.html HTTP/1.1" 200 6851
180.175.103.110 - - [23/Jul/2022:11:30:33 +0800] "GET /xingrg/all/function/internal_message.html?_=1658546916170&CODE_STATE=getMsg HTTP/1.1" 200 27
116.235.94.65 - - [23/Jul/2022:11:30:37 +0800] "GET /xingrg/all/function/internal_message.html?_=1658547218800&CODE_STATE=getMsg HTTP/1.1" 200 27
101.85.120.95 - - [23/Jul/2022:11:30:40 +0800] "GET /xingrg/check_reg.html?_=1658547036234 HTTP/1.1" 200 22
101.85.120.95 - - [23/Jul/2022:11:30:40 +0800] "GET /xingrg/all/function/internal_message.html?_=1658547036237&CODE_STATE=getMsg HTTP/1.1" 200 27
114.83.219.182 - - [23/Jul/2022:11:30:41 +0800] "GET /xingrg/all/function/internal_message.html?_=1658547037120&CODE_STATE=getMsg HTTP/1.1" 200 27
180.175.103.110 - - [23/Jul/2022:11:30:42 +0800] "GET /xingrg/kc/mdqp/pssh_order_list.html?isBack=1 HTTP/1.1" 200 17903
180.175.103.110 - - [23/Jul/2022:11:30:42 +0800] "POST /xingrg/kc/mdqp/pssh_list_operate.html HTTP/1.1" 200 5462
61.170.233.82 - - [23/Jul/2022:11:30:42 +0800] "GET /xingrg/kc/buy/cgsh_order_operate.html?command=get_materiel&rest_code=00106&code=00101001138&supplier_code=00100313&order_time=2022-07-23 HTTP/1.1" 200 413
101.83.223.227 - - [23/Jul/2022:11:30:46 +0800] "POST /xingrg/kc/buy/cgsh_order_operate.html HTTP/1.1" 200 37
114.86.187.244 - - [23/Jul/2022:11:30:47 +0800] "GET /xingrg/all/function/internal_message.html?_=1658547045022&CODE_STATE=getMsg HTTP/1.1" 200 27
180.169.147.146 - - [23/Jul/2022:11:30:47 +0800] "GET /xingrg/all/function/internal_message.html?_=1658547043604&CODE_STATE=getMsg HTTP/1.1" 302 -
180.175.103.110 - - [23/Jul/2022:11:30:47 +0800] "POST /xingrg/kc/mdqp/pssh_list_operate.html HTTP/1.1" 200 267
101.83.223.227 - - [23/Jul/2022:11:30:47 +0800] "POST /xingrg/kc/buy/cgsh_order_operate.html HTTP/1.1" 200 6851
180.175.103.110 - - [23/Jul/2022:11:30:47 +0800] "POST /xingrg/kc/mdqp/pssh_list_operate.html HTTP/1.1" 200 2200
180.175.103.110 - - [23/Jul/2022:11:30:47 +0800] "GET /xingrg/kc/mdqp/pssh_order_info.html?code=312022072100354 HTTP/1.1" 200 17244
180.175.103.110 - - [23/Jul/2022:11:30:48 +0800] "GET /xingrg/javascript/jquery_tools/jquery-1.4.2.min.js HTTP/1.1" 404 1094
180.175.103.110 - - [23/Jul/2022:11:30:48 +0800] "POST /xingrg/kc/mdqp/pssh_order_operate.html HTTP/1.1" 200 538
180.175.103.110 - - [23/Jul/2022:11:30:48 +0800] "GET /xingrg/javascript/easyui/themes/default/validatebox.css HTTP/1.1" 404 1104
180.175.103.110 - - [23/Jul/2022:11:30:48 +0800] "GET /xingrg/check_reg.html?_=1658546931539 HTTP/1.1" 200 22
116.224.123.211 - - [23/Jul/2022:11:30:50 +0800] "GET /xingrg/check_reg.html?_=1658547111003 HTTP/1.1" 200 22
101.83.223.227 - - [23/Jul/2022:11:30:50 +0800] "POST /xingrg/kc/buy/cgsh_list_operate.html HTTP/1.1" 200 565
116.224.123.211 - - [23/Jul/2022:11:30:52 +0800] "GET /xingrg/all/function/internal_message.html?_=1658547112313&CODE_STATE=getMsg HTTP/1.1" 200 27
101.80.228.36 - - [23/Jul/2022:11:30:53 +0800] "GET /xingrg/all/function/internal_message.html?_=1658547048948&CODE_STATE=getMsg HTTP/1.1" 200 27
180.175.103.110 - - [23/Jul/2022:11:30:55 +0800] "POST /xingrg/kc/mdqp/pssh_list_operate.html HTTP/1.1" 200 2200
101.83.223.227 - - [23/Jul/2022:11:30:57 +0800] "GET /xingrg/kc/buy/cgsh_order_info.html?code=212022072305853 HTTP/1.1" 200 67551
101.83.223.227 - - [23/Jul/2022:11:30:57 +0800] "GET /xingrg/javascript/easyui/themes/default/validatebox.css HTTP/1.1" 404 1104
101.83.223.227 - - [23/Jul/2022:11:30:58 +0800] "POST /xingrg/kc/buy/cgsh_order_operate.html HTTP/1.1" 200 18854
61.170.233.82 - - [23/Jul/2022:11:31:03 +0800] "GET /xingrg/kc/buy/cgsh_order_operate.html?command=get_materiel&rest_code=00106&code=00101005024&supplier_code=00100313&order_time=2022-07-23 HTTP/1.1" 200 411
180.162.109.37 - - [23/Jul/2022:11:31:04 +0800] "GET /xingrg/all/function/internal_message.html?_=1658546262922&CODE_STATE=getMsg HTTP/1.1" 200 27
180.162.109.37 - - [23/Jul/2022:11:31:05 +0800] "GET /xingrg/check_reg.html?_=1658546264045 HTTP/1.1" 200 22
222.69.129.110 - - [23/Jul/2022:11:31:07 +0800] "GET /xingrg/all/function/internal_message.html?_=1658547115294&CODE_STATE=getMsg HTTP/1.1" 200 27
180.175.103.110 - - [23/Jul/2022:11:31:09 +0800] "GET /xingrg/kc/base/base_main.html HTTP/1.1" 200 12142
180.175.103.110 - - [23/Jul/2022:11:31:11 +0800] "GET /xingrg/kc/base/wldb_order_list.html HTTP/1.1" 200 19142
180.175.103.110 - - [23/Jul/2022:11:31:11 +0800] "POST /xingrg/kc/base/wldb_list_operate.html HTTP/1.1" 200 928
180.175.103.110 - - [23/Jul/2022:11:31:13 +0800] "GET /xingrg/kc/base/wldb_order_add.html HTTP/1.1" 200 30356
180.175.103.110 - - [23/Jul/2022:11:31:14 +0800] "POST /xingrg/kc/base/wldb_order_operate.html HTTP/1.1" 200 6806
180.175.103.110 - - [23/Jul/2022:11:31:14 +0800] "GET /xingrg/all/common/auto_word.html?type=base&rest_code=00105 HTTP/1.1" 200 1907
180.175.103.110 - - [23/Jul/2022:11:31:14 +0800] "GET /xingrg/all/common/auto_word.html?type=base&rest_code=00105 HTTP/1.1" 200 1907
180.175.103.110 - - [23/Jul/2022:11:31:14 +0800] "GET /xingrg/javascript/easyui/themes/default/validatebox.css HTTP/1.1" 404 1104
114.84.2.83 - - [23/Jul/2022:11:31:14 +0800] "GET /xingrg/all/function/internal_message.html?_=1658547067038&CODE_STATE=getMsg HTTP/1.1" 200 27
101.83.223.227 - - [23/Jul/2022:11:31:17 +0800] "GET /xingrg/all/function/internal_message.html?_=1658547073625&CODE_STATE=getMsg HTTP/1.1" 200 27
180.175.103.110 - - [23/Jul/2022:11:31:18 +0800] "GET /xingrg/javascript/auto/indicator.gif HTTP/1.1" 404 1066
218.81.223.53 - - [23/Jul/2022:11:31:21 +0800] "GET /xingrg/all/function/internal_message.html?_=1658547099587&CODE_STATE=getMsg HTTP/1.1" 200 27
180.175.103.110 - - [23/Jul/2022:11:31:33 +0800] "GET /xingrg/all/function/internal_message.html?_=1658546976151&CODE_STATE=getMsg HTTP/1.1" 200 27
61.170.233.82 - - [23/Jul/2022:11:31:33 +0800] "GET /xingrg/kc/buy/cgsh_order_operate.html?command=get_materiel&rest_code=00106&code=00102026001&supplier_code=00100313&order_time=2022-07-23 HTTP/1.1" 200 409
116.235.94.65 - - [23/Jul/2022:11:31:37 +0800] "GET /xingrg/all/function/internal_message.html?_=1658547278798&CODE_STATE=getMsg HTTP/1.1" 200 27
101.85.120.95 - - [23/Jul/2022:11:31:40 +0800] "GET /xingrg/all/function/internal_message.html?_=1658547096222&CODE_STATE=getMsg HTTP/1.1" 200 27
114.83.219.182 - - [23/Jul/2022:11:31:41 +0800] "GET /xingrg/all/function/internal_message.html?_=1658547097103&CODE_STATE=getMsg HTTP/1.1" 200 27
114.83.219.182 - - [23/Jul/2022:11:31:42 +0800] "GET /xingrg/check_reg.html?_=1658547098148 HTTP/1.1" 200 22
218.81.223.53 - - [23/Jul/2022:11:31:44 +0800] "GET /xingrg/check_reg.html?_=1658547122895 HTTP/1.1" 200 22
61.170.233.82 - - [23/Jul/2022:11:31:45 +0800] "GET /xingrg/check_reg.html?_=1658547103598 HTTP/1.1" 200 22
114.86.187.244 - - [23/Jul/2022:11:31:47 +0800] "GET /xingrg/all/function/internal_message.html?_=1658547105006&CODE_STATE=getMsg HTTP/1.1" 200 27
180.169.147.146 - - [23/Jul/2022:11:31:47 +0800] "GET /xingrg/all/function/internal_message.html?_=1658547103606&CODE_STATE=getMsg HTTP/1.1" 302 -
116.224.123.211 - - [23/Jul/2022:11:31:52 +0800] "GET /xingrg/all/function/internal_message.html?_=1658547172327&CODE_STATE=getMsg HTTP/1.1" 200 27
101.80.228.36 - - [23/Jul/2022:11:31:53 +0800] "GET /xingrg/all/function/internal_message.html?_=1658547108933&CODE_STATE=getMsg HTTP/1.1" 200 27
180.175.103.110 - - [23/Jul/2022:11:31:57 +0800] "GET /xingrg/kc/base/wldb_order_operate.html?command=get_materiel&rest_code=00105&base_code=0010514&code=00101019202 HTTP/1.1" 200 463
116.224.123.211 - - [23/Jul/2022:11:32:03 +0800] "GET /xingrg/check_reg.html?_=1658547151955 HTTP/1.1" 200 22
180.162.109.37 - - [23/Jul/2022:11:32:04 +0800] "GET /xingrg/all/function/internal_message.html?_=1658546322907&CODE_STATE=getMsg HTTP/1.1" 200 27
222.69.129.110 - - [23/Jul/2022:11:32:07 +0800] "GET /xingrg/all/function/internal_message.html?_=1658547175298&CODE_STATE=getMsg HTTP/1.1" 200 27
180.175.103.110 - - [23/Jul/2022:11:32:10 +0800] "POST /xingrg/kc/base/wldb_order_operate.html HTTP/1.1" 200 37
180.175.103.110 - - [23/Jul/2022:11:32:10 +0800] "POST /xingrg/kc/base/wldb_order_operate.html HTTP/1.1" 200 2205
180.175.103.110 - - [23/Jul/2022:11:32:11 +0800] "GET /xingrg/kc/base/wldb_order_info.html?code=422022072301456 HTTP/1.1" 200 30363
180.175.103.110 - - [23/Jul/2022:11:32:12 +0800] "GET /xingrg/javascript/easyui/themes/default/validatebox.css HTTP/1.1" 404 1104
180.175.103.110 - - [23/Jul/2022:11:32:12 +0800] "POST /xingrg/kc/base/wldb_order_operate.html HTTP/1.1" 200 2205
114.84.2.83 - - [23/Jul/2022:11:32:14 +0800] "GET /xingrg/all/function/internal_message.html?_=1658547127011&CODE_STATE=getMsg HTTP/1.1" 200 27
180.175.103.110 - - [23/Jul/2022:11:32:17 +0800] "GET /xingrg/kc/base/wldb_order_add.html HTTP/1.1" 200 30356
101.83.223.227 - - [23/Jul/2022:11:32:17 +0800] "GET /xingrg/all/function/internal_message.html?_=1658547133613&CODE_STATE=getMsg HTTP/1.1" 200 27
180.175.103.110 - - [23/Jul/2022:11:32:17 +0800] "POST /xingrg/kc/base/wldb_order_operate.html HTTP/1.1" 200 6806
180.175.103.110 - - [23/Jul/2022:11:32:17 +0800] "GET /xingrg/javascript/easyui/themes/default/validatebox.css HTTP/1.1" 404 1104
218.81.223.53 - - [23/Jul/2022:11:32:21 +0800] "GET /xingrg/all/function/internal_message.html?_=1658547159599&CODE_STATE=getMsg HTTP/1.1" 200 27
180.175.103.110 - - [23/Jul/2022:11:32:33 +0800] "GET /xingrg/all/function/internal_message.html?_=1658547036121&CODE_STATE=getMsg HTTP/1.1" 200 27
116.235.94.65 - - [23/Jul/2022:11:32:37 +0800] "GET /xingrg/check_reg.html?_=1658547338797 HTTP/1.1" 200 22
116.235.94.65 - - [23/Jul/2022:11:32:37 +0800] "GET /xingrg/all/function/internal_message.html?_=1658547338796&CODE_STATE=getMsg HTTP/1.1" 200 27
101.85.120.95 - - [23/Jul/2022:11:32:40 +0800] "GET /xingrg/all/function/internal_message.html?_=1658547156221&CODE_STATE=getMsg HTTP/1.1" 200 27
114.83.219.182 - - [23/Jul/2022:11:32:41 +0800] "GET /xingrg/all/function/internal_message.html?_=1658547157087&CODE_STATE=getMsg HTTP/1.1" 200 27
101.80.228.36 - - [23/Jul/2022:11:32:43 +0800] "GET /xingrg/check_reg.html?_=1658547158561 HTTP/1.1" 200 22
180.175.103.110 - - [23/Jul/2022:11:32:44 +0800] "GET /xingrg/kc/base/wldb_order_operate.html?command=get_materiel&rest_code=00105&base_code=0010514&code=00101010053 HTTP/1.1" 200 437
114.86.187.244 - - [23/Jul/2022:11:32:47 +0800] "GET /xingrg/all/function/internal_message.html?_=1658547164992&CODE_STATE=getMsg HTTP/1.1" 200 27
180.169.147.146 - - [23/Jul/2022:11:32:47 +0800] "GET /xingrg/all/function/internal_message.html?_=1658547163606&CODE_STATE=getMsg HTTP/1.1" 302 -
101.83.223.227 - - [23/Jul/2022:11:32:47 +0800] "POST /xingrg/kc/buy/cgsh_order_operate.html HTTP/1.1" 200 37
61.170.233.82 - - [23/Jul/2022:11:32:48 +0800] "GET /xingrg/kc/buy/cgsh_order_operate.html?command=get_materiel&rest_code=00106&code=00101016057&supplier_code=00100313&order_time=2022-07-23 HTTP/1.1" 200 408
101.83.223.227 - - [23/Jul/2022:11:32:49 +0800] "POST /xingrg/kc/buy/cgsh_order_operate.html HTTP/1.1" 200 18853
116.224.123.211 - - [23/Jul/2022:11:32:52 +0800] "GET /xingrg/all/function/internal_message.html?_=1658547232344&CODE_STATE=getMsg HTTP/1.1" 200 27
101.80.228.36 - - [23/Jul/2022:11:32:53 +0800] "GET /xingrg/all/function/internal_message.html?_=1658547168906&CODE_STATE=getMsg HTTP/1.1" 200 27
180.162.109.37 - - [23/Jul/2022:11:33:04 +0800] "GET /xingrg/all/function/internal_message.html?_=1658546382932&CODE_STATE=getMsg HTTP/1.1" 200 27
222.69.129.110 - - [23/Jul/2022:11:33:07 +0800] "GET /xingrg/all/function/internal_message.html?_=1658547235311&CODE_STATE=getMsg HTTP/1.1" 200 27
180.175.103.110 - - [23/Jul/2022:11:33:11 +0800] "POST /xingrg/kc/base/wldb_order_operate.html HTTP/1.1" 200 37
180.175.103.110 - - [23/Jul/2022:11:33:12 +0800] "POST /xingrg/kc/base/wldb_order_operate.html HTTP/1.1" 200 2185
180.175.103.110 - - [23/Jul/2022:11:33:13 +0800] "GET /xingrg/kc/base/wldb_order_info.html?code=422022072301457 HTTP/1.1" 200 30364
180.175.103.110 - - [23/Jul/2022:11:33:13 +0800] "GET /xingrg/javascript/easyui/themes/default/validatebox.css HTTP/1.1" 404 1104
180.175.103.110 - - [23/Jul/2022:11:33:13 +0800] "POST /xingrg/kc/base/wldb_order_operate.html HTTP/1.1" 200 2185
114.84.2.83 - - [23/Jul/2022:11:33:14 +0800] "GET /xingrg/all/function/internal_message.html?_=1658547186991&CODE_STATE=getMsg HTTP/1.1" 200 27
101.83.223.227 - - [23/Jul/2022:11:33:17 +0800] "GET /xingrg/all/function/internal_message.html?_=1658547193628&CODE_STATE=getMsg HTTP/1.1" 200 27
180.175.103.110 - - [23/Jul/2022:11:33:21 +0800] "GET /xingrg/kc/base/wldb_order_add.html HTTP/1.1" 200 30356
180.175.103.110 - - [23/Jul/2022:11:33:21 +0800] "POST /xingrg/kc/base/wldb_order_operate.html HTTP/1.1" 200 6806
180.175.103.110 - - [23/Jul/2022:11:33:21 +0800] "GET /xingrg/javascript/easyui/themes/default/validatebox.css HTTP/1.1" 404 1104
218.81.223.53 - - [23/Jul/2022:11:33:21 +0800] "GET /xingrg/all/function/internal_message.html?_=1658547219612&CODE_STATE=getMsg HTTP/1.1" 200 27
61.170.233.82 - - [23/Jul/2022:11:33:27 +0800] "POST /xingrg/kc/buy/cgsh_order_operate.html HTTP/1.1" 200 37
61.170.233.82 - - [23/Jul/2022:11:33:29 +0800] "POST /xingrg/kc/buy/cgsh_order_operate.html HTTP/1.1" 200 7408
180.175.103.110 - - [23/Jul/2022:11:33:33 +0800] "GET /xingrg/all/function/internal_message.html?_=1658547096108&CODE_STATE=getMsg HTTP/1.1" 200 27
116.235.94.65 - - [23/Jul/2022:11:33:37 +0800] "GET /xingrg/all/function/internal_message.html?_=1658547398795&CODE_STATE=getMsg HTTP/1.1" 200 27
101.85.120.95 - - [23/Jul/2022:11:33:40 +0800] "GET /xingrg/all/function/internal_message.html?_=1658547216222&CODE_STATE=getMsg HTTP/1.1" 200 27
114.83.219.182 - - [23/Jul/2022:11:33:41 +0800] "GET /xingrg/all/function/internal_message.html?_=1658547217073&CODE_STATE=getMsg HTTP/1.1" 200 27
114.86.187.244 - - [23/Jul/2022:11:33:47 +0800] "GET /xingrg/all/function/internal_message.html?_=1658547224977&CODE_STATE=getMsg HTTP/1.1" 200 27
180.169.147.146 - - [23/Jul/2022:11:33:47 +0800] "GET /xingrg/all/function/internal_message.html?_=1658547223608&CODE_STATE=getMsg HTTP/1.1" 302 -
180.169.147.146 - - [23/Jul/2022:11:33:47 +0800] "GET /xingrg/check_reg.html?_=1658547223610 HTTP/1.1" 302 -
180.175.103.110 - - [23/Jul/2022:11:33:48 +0800] "GET /xingrg/kc/base/wldb_order_operate.html?command=get_materiel&rest_code=00105&base_code=0010514&code=00101013205 HTTP/1.1" 200 441
116.224.123.211 - - [23/Jul/2022:11:33:52 +0800] "GET /xingrg/all/function/internal_message.html?_=1658547292667&CODE_STATE=getMsg HTTP/1.1" 200 27
101.80.228.36 - - [23/Jul/2022:11:33:53 +0800] "GET /xingrg/all/function/internal_message.html?_=1658547228877&CODE_STATE=getMsg HTTP/1.1" 200 27
120.253.135.82 - - [23/Jul/2022:11:33:54 +0800] "GET /xingrg/check_reg.html?_=1658547038548 HTTP/1.1" 200 22
180.162.109.37 - - [23/Jul/2022:11:34:04 +0800] "GET /xingrg/all/function/internal_message.html?_=1658546442932&CODE_STATE=getMsg HTTP/1.1" 200 27
222.69.129.110 - - [23/Jul/2022:11:34:07 +0800] "GET /xingrg/check_reg.html?_=1658547295306 HTTP/1.1" 200 22
222.69.129.110 - - [23/Jul/2022:11:34:07 +0800] "GET /xingrg/all/function/internal_message.html?_=1658547295310&CODE_STATE=getMsg HTTP/1.1" 200 27
180.175.103.110 - - [23/Jul/2022:11:34:09 +0800] "POST /xingrg/kc/base/wldb_order_operate.html HTTP/1.1" 200 37
180.175.103.110 - - [23/Jul/2022:11:34:09 +0800] "POST /xingrg/kc/base/wldb_order_operate.html HTTP/1.1" 200 2185
180.175.103.110 - - [23/Jul/2022:11:34:10 +0800] "GET /xingrg/kc/base/wldb_order_info.html?code=422022072301458 HTTP/1.1" 200 30368
180.175.103.110 - - [23/Jul/2022:11:34:10 +0800] "GET /xingrg/javascript/easyui/themes/default/validatebox.css HTTP/1.1" 404 1104
180.175.103.110 - - [23/Jul/2022:11:34:11 +0800] "POST /xingrg/kc/base/wldb_order_operate.html HTTP/1.1" 200 2185
114.84.2.83 - - [23/Jul/2022:11:34:14 +0800] "GET /xingrg/all/function/internal_message.html?_=1658547246973&CODE_STATE=getMsg HTTP/1.1" 200 27
61.170.233.82 - - [23/Jul/2022:11:34:14 +0800] "POST /xingrg/kc/buy/cgsh_order_operate.html HTTP/1.1" 200 37
61.170.233.82 - - [23/Jul/2022:11:34:16 +0800] "POST /xingrg/kc/buy/cgsh_order_operate.html HTTP/1.1" 200 7408
114.84.2.83 - - [23/Jul/2022:11:34:16 +0800] "GET /xingrg/check_reg.html?_=1658547248907 HTTP/1.1" 200 22
101.83.223.227 - - [23/Jul/2022:11:34:17 +0800] "GET /xingrg/all/function/internal_message.html?_=1658547253625&CODE_STATE=getMsg HTTP/1.1" 200 27
61.170.233.82 - - [23/Jul/2022:11:34:18 +0800] "GET /xingrg/kc/buy/buy_main.html HTTP/1.1" 200 12412
61.170.233.82 - - [23/Jul/2022:11:34:18 +0800] "GET /xingrg/css/new_ie.css HTTP/1.1" 404 1036
218.81.223.53 - - [23/Jul/2022:11:34:21 +0800] "GET /xingrg/all/function/internal_message.html?_=1658547279892&CODE_STATE=getMsg HTTP/1.1" 200 27
116.230.110.48 - - [23/Jul/2022:11:34:27 +0800] "POST /xingrg/services/DataTransmitService HTTP/1.1" 200 524
116.230.110.48 - - [23/Jul/2022:11:34:27 +0800] "POST /xingrg/services/DataTransmitService HTTP/1.1" 200 501
116.230.110.48 - - [23/Jul/2022:11:34:28 +0800] "POST /xingrg/services/DataTransmitService HTTP/1.1" 200 501
116.230.110.48 - - [23/Jul/2022:11:34:28 +0800] "POST /xingrg/services/DataTransmitService HTTP/1.1" 200 501
116.230.110.48 - - [23/Jul/2022:11:34:28 +0800] "POST /xingrg/services/DataTransmitService HTTP/1.1" 200 501
116.230.110.48 - - [23/Jul/2022:11:34:28 +0800] "POST /xingrg/services/DataTransmitService HTTP/1.1" 200 501
116.230.110.48 - - [23/Jul/2022:11:34:28 +0800] "POST /xingrg/services/DataTransmitService HTTP/1.1" 200 412
180.175.103.110 - - [23/Jul/2022:11:34:33 +0800] "GET /xingrg/all/function/internal_message.html?_=1658547156094&CODE_STATE=getMsg HTTP/1.1" 200 27
116.235.94.65 - - [23/Jul/2022:11:34:37 +0800] "GET /xingrg/all/function/internal_message.html?_=1658547458809&CODE_STATE=getMsg HTTP/1.1" 200 27
101.85.120.95 - - [23/Jul/2022:11:34:40 +0800] "GET /xingrg/all/function/internal_message.html?_=1658547276221&CODE_STATE=getMsg HTTP/1.1" 200 27
114.83.219.182 - - [23/Jul/2022:11:34:41 +0800] "GET /xingrg/all/function/internal_message.html?_=1658547277060&CODE_STATE=getMsg HTTP/1.1" 200 27
101.83.223.227 - - [23/Jul/2022:11:34:44 +0800] "GET /xingrg/kc/mdqp/pssh_order_list.html HTTP/1.1" 200 17412
101.83.223.227 - - [23/Jul/2022:11:34:44 +0800] "POST /xingrg/kc/mdqp/pssh_list_operate.html HTTP/1.1" 200 5425
114.86.187.244 - - [23/Jul/2022:11:34:47 +0800] "GET /xingrg/all/function/internal_message.html?_=1658547284946&CODE_STATE=getMsg HTTP/1.1" 200 27
180.169.147.146 - - [23/Jul/2022:11:34:47 +0800] "GET /xingrg/all/function/internal_message.html?_=1658547283612&CODE_STATE=getMsg HTTP/1.1" 302 -
101.83.223.227 - - [23/Jul/2022:11:34:50 +0800] "POST /xingrg/all/user/operate.html HTTP/1.1" 200 36
101.83.223.227 - - [23/Jul/2022:11:34:51 +0800] "GET /xingrg/index.html?sysBaseUrl=http%3A%2F%2F180.169.147.146%3A18081%2Fxingrg%2F&costTime=38×tamp=1658537384307 HTTP/1.1" 200 17179
101.83.223.227 - - [23/Jul/2022:11:34:51 +0800] "GET /xingrg/javascript/jquery_easy_ui/themes/default/easyui.css HTTP/1.1" 304 -
101.83.223.227 - - [23/Jul/2022:11:34:51 +0800] "GET /xingrg/javascript/jquery_easy_ui/themes/icon.css HTTP/1.1" 304 -
101.83.223.227 - - [23/Jul/2022:11:34:51 +0800] "GET /xingrg/css/form.css HTTP/1.1" 304 -
101.83.223.227 - - [23/Jul/2022:11:34:51 +0800] "GET /xingrg/javascript/jquery-1.4.2.min.js HTTP/1.1" 304 -
101.83.223.227 - - [23/Jul/2022:11:34:51 +0800] "GET /xingrg/javascript/jquery_easy_ui/jquery.easyui.min.js HTTP/1.1" 304 -
101.83.223.227 - - [23/Jul/2022:11:34:51 +0800] "GET /xingrg/javascript/jquery_easy_ui/easyui-lang-zh_CN.js HTTP/1.1" 304 -
101.83.223.227 - - [23/Jul/2022:11:34:51 +0800] "GET /xingrg/javascript/jquery.form.js HTTP/1.1" 304 -
101.83.223.227 - - [23/Jul/2022:11:34:51 +0800] "GET /xingrg/javascript/jquery.utils.js HTTP/1.1" 304 -
101.83.223.227 - - [23/Jul/2022:11:34:51 +0800] "GET /xingrg/javascript/jquery.timers.js HTTP/1.1" 304 -
101.83.223.227 - - [23/Jul/2022:11:34:51 +0800] "GET /xingrg/images/blue/jxLogo.png HTTP/1.1" 304 -
101.83.223.227 - - [23/Jul/2022:11:34:51 +0800] "GET /xingrg/javascript/jquery_easy_ui/themes/icons/settle_new.png HTTP/1.1" 304 -
101.83.223.227 - - [23/Jul/2022:11:34:51 +0800] "GET /xingrg/images/blue/navBackgound.jpg HTTP/1.1" 304 -
101.83.223.227 - - [23/Jul/2022:11:34:51 +0800] "POST /xingrg/all/common/load_tree.html?tree=area_rest_tree_json&manage=1 HTTP/1.1" 200 476
101.83.223.227 - - [23/Jul/2022:11:34:51 +0800] "GET /xingrg/all/function/internal_message.html?_=1658547287723&CODE_STATE=count HTTP/1.1" 200 11
101.83.223.227 - - [23/Jul/2022:11:34:51 +0800] "GET /xingrg/check_reg.html?_=1658547287723 HTTP/1.1" 200 22
101.83.223.227 - - [23/Jul/2022:11:34:51 +0800] "GET /xingrg/images/blue/pingpu.png HTTP/1.1" 304 -
101.83.223.227 - - [23/Jul/2022:11:34:51 +0800] "POST /xingrg/load_menu.html HTTP/1.1" 200 5138
101.83.223.227 - - [23/Jul/2022:11:34:51 +0800] "GET /xingrg/javascript/jquery_easy_ui/themes/default/images/panel_tool_collapse.gif HTTP/1.1" 304 -
101.83.223.227 - - [23/Jul/2022:11:34:51 +0800] "GET /xingrg/javascript/jquery_easy_ui/themes/default/images/tabs_rightarrow.png HTTP/1.1" 304 -
101.83.223.227 - - [23/Jul/2022:11:34:51 +0800] "GET /xingrg/javascript/jquery_easy_ui/themes/default/images/tabs_leftarrow.png HTTP/1.1" 304 -
101.83.223.227 - - [23/Jul/2022:11:34:51 +0800] "GET /xingrg/javascript/jquery_easy_ui/themes/icons/search_new.png HTTP/1.1" 304 -
101.83.223.227 - - [23/Jul/2022:11:34:51 +0800] "GET /xingrg/javascript/jquery_easy_ui/themes/default/images/tree_file.gif HTTP/1.1" 304 -
101.83.223.227 - - [23/Jul/2022:11:34:51 +0800] "GET /xingrg/javascript/jquery_easy_ui/themes/default/images/tree_arrows.gif HTTP/1.1" 304 -
101.83.223.227 - - [23/Jul/2022:11:34:51 +0800] "GET /xingrg/javascript/jquery_easy_ui/themes/default/images/tree_folder.gif HTTP/1.1" 304 -
101.83.223.227 - - [23/Jul/2022:11:34:51 +0800] "GET /xingrg/javascript/jquery_easy_ui/themes/icons/storage_new.png HTTP/1.1" 304 -
101.83.223.227 - - [23/Jul/2022:11:34:51 +0800] "GET /xingrg/javascript/jquery_easy_ui/themes/default/images/tree_folder_open.gif HTTP/1.1" 304 -
101.83.223.227 - - [23/Jul/2022:11:34:51 +0800] "GET /xingrg/javascript/jquery_easy_ui/themes/icons/forms_new.png HTTP/1.1" 304 -
116.224.123.211 - - [23/Jul/2022:11:34:52 +0800] "GET /xingrg/all/function/internal_message.html?_=1658547352680&CODE_STATE=getMsg HTTP/1.1" 200 27
101.80.228.36 - - [23/Jul/2022:11:34:53 +0800] "GET /xingrg/all/function/internal_message.html?_=1658547288863&CODE_STATE=getMsg HTTP/1.1" 200 27
101.83.223.227 - - [23/Jul/2022:11:34:54 +0800] "GET /xingrg/kc/mdqp/pssh_order_list.html HTTP/1.1" 200 17819
101.83.223.227 - - [23/Jul/2022:11:34:54 +0800] "POST /xingrg/kc/mdqp/pssh_list_operate.html HTTP/1.1" 200 5377
101.83.223.227 - - [23/Jul/2022:11:34:56 +0800] "POST /xingrg/kc/mdqp/pssh_list_operate.html HTTP/1.1" 200 364
101.83.223.227 - - [23/Jul/2022:11:34:57 +0800] "GET /xingrg/kc/mdqp/pssh_order_info.html?code=312022072300395 HTTP/1.1" 200 17272
101.83.223.227 - - [23/Jul/2022:11:34:57 +0800] "GET /xingrg/javascript/jquery_tools/jquery-1.4.2.min.js HTTP/1.1" 404 1094
101.83.223.227 - - [23/Jul/2022:11:34:57 +0800] "GET /xingrg/javascript/easyui/themes/default/validatebox.css HTTP/1.1" 404 1104
