101.85.120.95 - - [23/Jul/2022:10:28:40 +0800] "GET /xingrg/all/function/internal_message.html?_=1658543316150&CODE_STATE=getMsg HTTP/1.1" 200 27
114.83.219.182 - - [23/Jul/2022:10:28:42 +0800] "GET /xingrg/all/function/internal_message.html?_=1658543317921&CODE_STATE=getMsg HTTP/1.1" 200 27
114.86.225.230 - - [23/Jul/2022:10:28:42 +0800] "GET /xingrg/all/function/internal_message.html?_=1658543319036&CODE_STATE=getMsg HTTP/1.1" 200 27
101.80.228.36 - - [23/Jul/2022:10:28:42 +0800] "GET /xingrg/kc/base/wldb_order_operate.html?command=get_materiel&rest_code=00156&base_code=0010780&code=00102002448 HTTP/1.1" 200 440
114.86.187.244 - - [23/Jul/2022:10:28:46 +0800] "GET /xingrg/all/function/internal_message.html?_=1658543324096&CODE_STATE=getMsg HTTP/1.1" 200 27
180.169.147.146 - - [23/Jul/2022:10:28:47 +0800] "GET /xingrg/check_reg.html?_=1658543323608 HTTP/1.1" 302 -
180.169.147.146 - - [23/Jul/2022:10:28:47 +0800] "GET /xingrg/all/function/internal_message.html?_=1658543323610&CODE_STATE=getMsg HTTP/1.1" 302 -
101.80.228.36 - - [23/Jul/2022:10:28:54 +0800] "GET /xingrg/all/function/internal_message.html?_=1658543330275&CODE_STATE=getMsg HTTP/1.1" 200 27
101.80.228.36 - - [23/Jul/2022:10:28:58 +0800] "GET /xingrg/kc/base/wldb_order_operate.html?command=get_materiel&rest_code=00156&base_code=0010780&code=00102002610 HTTP/1.1" 200 444
114.83.219.182 - - [23/Jul/2022:10:29:03 +0800] "GET /xingrg/kc/buy/cgsh_order_add.html HTTP/1.1" 200 68032
114.83.219.182 - - [23/Jul/2022:10:29:03 +0800] "POST /xingrg/kc/buy/cgsh_order_operate.html HTTP/1.1" 200 8245
114.83.219.182 - - [23/Jul/2022:10:29:03 +0800] "GET /xingrg/javascript/easyui/themes/default/validatebox.css HTTP/1.1" 404 1104
180.162.109.37 - - [23/Jul/2022:10:29:04 +0800] "GET /xingrg/all/function/internal_message.html?_=1658542543257&CODE_STATE=getMsg HTTP/1.1" 200 27
114.86.187.244 - - [23/Jul/2022:10:29:08 +0800] "GET /xingrg/check_reg.html?_=1658543352797 HTTP/1.1" 200 22
114.86.187.244 - - [23/Jul/2022:10:29:08 +0800] "GET /xingrg/all/function/internal_message.html?_=1658543352799&CODE_STATE=getMsg HTTP/1.1" 200 27
101.80.228.36 - - [23/Jul/2022:10:29:10 +0800] "POST /xingrg/kc/base/wldb_order_operate.html HTTP/1.1" 200 37
101.80.228.36 - - [23/Jul/2022:10:29:13 +0800] "POST /xingrg/kc/base/wldb_order_operate.html HTTP/1.1" 200 12
101.80.228.36 - - [23/Jul/2022:10:29:13 +0800] "POST /xingrg/kc/base/wldb_order_operate.html HTTP/1.1" 200 4119
101.80.228.36 - - [23/Jul/2022:10:29:13 +0800] "GET /xingrg/kc/base/wldb_order_info.html?code=422022072301441 HTTP/1.1" 200 26240
114.83.219.182 - - [23/Jul/2022:10:29:13 +0800] "GET /xingrg/kc/buy/cgsh_order_operate.html?command=get_materiel&rest_code=00149&code=00101001140&supplier_code=00100039&order_time=2022-07-23 HTTP/1.1" 200 431
101.80.228.36 - - [23/Jul/2022:10:29:13 +0800] "GET /xingrg/javascript/easyui/themes/default/validatebox.css HTTP/1.1" 404 1104
101.80.228.36 - - [23/Jul/2022:10:29:14 +0800] "POST /xingrg/kc/base/wldb_order_operate.html HTTP/1.1" 200 2370
218.81.223.53 - - [23/Jul/2022:10:29:14 +0800] "GET /xingrg/all/function/internal_message.html?_=1658543371986&CODE_STATE=getMsg HTTP/1.1" 200 27
114.84.2.83 - - [23/Jul/2022:10:29:15 +0800] "GET /xingrg/all/function/internal_message.html?_=1658543348099&CODE_STATE=getMsg HTTP/1.1" 200 27
114.84.2.83 - - [23/Jul/2022:10:29:16 +0800] "GET /xingrg/check_reg.html?_=1658543348834 HTTP/1.1" 200 22
101.80.228.36 - - [23/Jul/2022:10:29:16 +0800] "GET /xingrg/kc/base/wldb_order_add.html HTTP/1.1" 200 30362
101.80.228.36 - - [23/Jul/2022:10:29:16 +0800] "POST /xingrg/kc/base/wldb_order_operate.html HTTP/1.1" 200 6806
101.80.228.36 - - [23/Jul/2022:10:29:16 +0800] "GET /xingrg/javascript/easyui/themes/default/validatebox.css HTTP/1.1" 404 1104
61.170.233.82 - - [23/Jul/2022:10:29:25 +0800] "GET /xingrg/all/function/internal_message.html?_=1658543364145&CODE_STATE=getMsg HTTP/1.1" 200 27
114.83.219.182 - - [23/Jul/2022:10:29:26 +0800] "GET /xingrg/kc/buy/cgsh_order_operate.html?command=get_materiel&rest_code=00149&code=00101002041&supplier_code=00100039&order_time=2022-07-23 HTTP/1.1" 200 411
180.175.103.110 - - [23/Jul/2022:10:29:34 +0800] "GET /xingrg/all/function/internal_message.html?_=1658543257079&CODE_STATE=getMsg HTTP/1.1" 200 27
101.80.228.36 - - [23/Jul/2022:10:29:34 +0800] "GET /xingrg/kc/base/wldb_order_operate.html?command=get_materiel&rest_code=00156&base_code=0010779&code=00101019695 HTTP/1.1" 200 461
116.235.94.65 - - [23/Jul/2022:10:29:37 +0800] "GET /xingrg/all/function/internal_message.html?_=1658543558755&CODE_STATE=getMsg HTTP/1.1" 200 27
101.85.120.95 - - [23/Jul/2022:10:29:40 +0800] "GET /xingrg/all/function/internal_message.html?_=1658543376149&CODE_STATE=getMsg HTTP/1.1" 200 27
114.83.219.182 - - [23/Jul/2022:10:29:40 +0800] "GET /xingrg/kc/buy/cgsh_order_operate.html?command=get_materiel&rest_code=00149&code=00101002027&supplier_code=00100039&order_time=2022-07-23 HTTP/1.1" 200 435
114.83.219.182 - - [23/Jul/2022:10:29:42 +0800] "GET /xingrg/all/function/internal_message.html?_=1658543377918&CODE_STATE=getMsg HTTP/1.1" 200 27
114.86.225.230 - - [23/Jul/2022:10:29:42 +0800] "GET /xingrg/all/function/internal_message.html?_=1658543379033&CODE_STATE=getMsg HTTP/1.1" 200 27
114.86.187.244 - - [23/Jul/2022:10:29:46 +0800] "GET /xingrg/all/function/internal_message.html?_=1658543384107&CODE_STATE=getMsg HTTP/1.1" 200 27
180.162.109.37 - - [23/Jul/2022:10:29:47 +0800] "GET /xingrg/kc/buy/buy_main.html HTTP/1.1" 200 12412
180.162.109.37 - - [23/Jul/2022:10:29:47 +0800] "GET /xingrg/css/new_ie.css HTTP/1.1" 404 1036
180.169.147.146 - - [23/Jul/2022:10:29:47 +0800] "GET /xingrg/all/function/internal_message.html?_=1658543383612&CODE_STATE=getMsg HTTP/1.1" 302 -
101.80.228.36 - - [23/Jul/2022:10:29:47 +0800] "GET /xingrg/kc/base/wldb_order_operate.html?command=get_materiel&rest_code=00156&base_code=0010779&code=00101019187 HTTP/1.1" 200 479
180.162.109.37 - - [23/Jul/2022:10:29:47 +0800] "GET /xingrg/images/yd/bt.gif HTTP/1.1" 404 1040
180.162.109.37 - - [23/Jul/2022:10:29:48 +0800] "GET /xingrg/kc/buy/cgsh_order_list.html HTTP/1.1" 200 52168
180.162.109.37 - - [23/Jul/2022:10:29:49 +0800] "POST /xingrg/kc/buy/cgsh_list_operate.html HTTP/1.1" 200 693
180.162.109.37 - - [23/Jul/2022:10:29:51 +0800] "GET /xingrg/kc/buy/cgsh_order_add.html HTTP/1.1" 200 67025
180.162.109.37 - - [23/Jul/2022:10:29:51 +0800] "POST /xingrg/kc/buy/cgsh_order_operate.html HTTP/1.1" 200 8245
180.162.109.37 - - [23/Jul/2022:10:29:51 +0800] "GET /xingrg/javascript/easyui/themes/default/validatebox.css HTTP/1.1" 404 1104
120.253.135.82 - - [23/Jul/2022:10:29:51 +0800] "GET /xingrg/check_reg.html?_=1658543195977 HTTP/1.1" 200 22
114.83.219.182 - - [23/Jul/2022:10:29:52 +0800] "GET /xingrg/kc/buy/cgsh_order_operate.html?command=get_materiel&rest_code=00149&code=00101003025&supplier_code=00100039&order_time=2022-07-23 HTTP/1.1" 200 409
101.80.228.36 - - [23/Jul/2022:10:29:54 +0800] "GET /xingrg/all/function/internal_message.html?_=1658543390275&CODE_STATE=getMsg HTTP/1.1" 200 27
101.80.228.36 - - [23/Jul/2022:10:29:55 +0800] "GET /xingrg/kc/base/wldb_order_operate.html?command=get_materiel&rest_code=00156&base_code=0010779&code=00101019253 HTTP/1.1" 200 482
101.80.228.36 - - [23/Jul/2022:10:30:03 +0800] "GET /xingrg/kc/base/wldb_order_operate.html?command=get_materiel&rest_code=00156&base_code=0010779&code=00101019391 HTTP/1.1" 200 484
180.162.109.37 - - [23/Jul/2022:10:30:04 +0800] "GET /xingrg/all/function/internal_message.html?_=1658542603268&CODE_STATE=getMsg HTTP/1.1" 200 27
114.88.155.189 - - [23/Jul/2022:10:30:05 +0800] "GET /favicon.ico HTTP/1.1" 404 -
114.83.219.182 - - [23/Jul/2022:10:30:07 +0800] "GET /xingrg/kc/buy/cgsh_order_operate.html?command=get_materiel&rest_code=00149&code=00101001010&supplier_code=00100039&order_time=2022-07-23 HTTP/1.1" 200 427
114.86.187.244 - - [23/Jul/2022:10:30:08 +0800] "GET /xingrg/all/function/internal_message.html?_=1658543412799&CODE_STATE=getMsg HTTP/1.1" 200 27
114.86.187.244 - - [23/Jul/2022:10:30:10 +0800] "GET /xingrg/check_reg.html?_=1658543408304 HTTP/1.1" 200 22
101.80.228.36 - - [23/Jul/2022:10:30:11 +0800] "GET /xingrg/kc/base/wldb_order_operate.html?command=get_materiel&rest_code=00156&base_code=0010779&code=00101019222 HTTP/1.1" 200 454
114.88.155.189 - - [23/Jul/2022:10:30:12 +0800] "GET /xingrg/login.html HTTP/1.1" 200 7641
114.88.155.189 - - [23/Jul/2022:10:30:13 +0800] "GET /favicon.ico HTTP/1.1" 404 -
218.81.223.53 - - [23/Jul/2022:10:30:14 +0800] "GET /xingrg/all/function/internal_message.html?_=1658543432002&CODE_STATE=getMsg HTTP/1.1" 200 27
114.88.155.189 - - [23/Jul/2022:10:30:14 +0800] "POST /xingrg/login.do HTTP/1.1" 302 -
114.88.155.189 - - [23/Jul/2022:10:30:14 +0800] "GET /xingrg/index.html?sysBaseUrl=http%3A%2F%2F180.169.147.146%3A18081%2Fxingrg%2F&costTime=42×tamp=1658543414588 HTTP/1.1" 200 17179
114.88.155.189 - - [23/Jul/2022:10:30:14 +0800] "GET /favicon.ico HTTP/1.1" 404 -
114.88.155.189 - - [23/Jul/2022:10:30:14 +0800] "POST /xingrg/all/common/load_tree.html?tree=area_rest_tree_json&manage=1 HTTP/1.1" 200 351
114.88.155.189 - - [23/Jul/2022:10:30:14 +0800] "POST /xingrg/load_menu.html HTTP/1.1" 200 5138
114.88.155.189 - - [23/Jul/2022:10:30:14 +0800] "GET /xingrg/check_reg.html?_=1658543102224 HTTP/1.1" 200 22
114.88.155.189 - - [23/Jul/2022:10:30:14 +0800] "GET /xingrg/all/function/internal_message.html?_=1658543102223&CODE_STATE=count HTTP/1.1" 200 11
114.84.2.83 - - [23/Jul/2022:10:30:15 +0800] "GET /xingrg/all/function/internal_message.html?_=1658543408070&CODE_STATE=getMsg HTTP/1.1" 200 27
114.88.155.189 - - [23/Jul/2022:10:30:17 +0800] "GET /xingrg/kc/buy/buy_main.html HTTP/1.1" 200 12412
114.88.155.189 - - [23/Jul/2022:10:30:17 +0800] "GET /xingrg/css/new_ie.css HTTP/1.1" 404 1036
114.88.155.189 - - [23/Jul/2022:10:30:17 +0800] "GET /xingrg/images/yd/bt.gif HTTP/1.1" 404 1040
114.88.155.189 - - [23/Jul/2022:10:30:18 +0800] "GET /xingrg/kc/buy/cgsh_order_list.html HTTP/1.1" 200 52168
101.80.228.36 - - [23/Jul/2022:10:30:18 +0800] "GET /xingrg/kc/base/wldb_order_operate.html?command=get_materiel&rest_code=00156&base_code=0010779&code=00101018006 HTTP/1.1" 200 443
114.88.155.189 - - [23/Jul/2022:10:30:19 +0800] "POST /xingrg/kc/buy/cgsh_list_operate.html HTTP/1.1" 200 693
114.88.155.189 - - [23/Jul/2022:10:30:20 +0800] "GET /xingrg/kc/buy/cgsh_order_add.html HTTP/1.1" 200 67944
114.88.155.189 - - [23/Jul/2022:10:30:20 +0800] "GET /xingrg/words/20220721182822_words.js HTTP/1.1" 304 -
114.88.155.189 - - [23/Jul/2022:10:30:21 +0800] "GET /xingrg/all/common/auto_word.html?type=employee&rest_code=00141 HTTP/1.1" 200 201
114.88.155.189 - - [23/Jul/2022:10:30:21 +0800] "GET /xingrg/javascript/easyui/themes/default/validatebox.css HTTP/1.1" 404 1104
114.88.155.189 - - [23/Jul/2022:10:30:21 +0800] "POST /xingrg/kc/buy/cgsh_order_operate.html HTTP/1.1" 200 8245
114.88.155.189 - - [23/Jul/2022:10:30:21 +0800] "GET /xingrg/all/common/auto_word.html?type=employee&rest_code=00141 HTTP/1.1" 200 201
180.162.109.37 - - [23/Jul/2022:10:30:21 +0800] "GET /xingrg/javascript/easyui/themes/default/tree.css HTTP/1.1" 404 1090
180.162.109.37 - - [23/Jul/2022:10:30:21 +0800] "POST /xingrg/all/common/load_tree.html?tree=supplier_tree_json&isDelete=1 HTTP/1.1" 200 66956
114.88.155.189 - - [23/Jul/2022:10:30:22 +0800] "GET /xingrg/javascript/auto/indicator.gif HTTP/1.1" 404 1066
61.170.233.82 - - [23/Jul/2022:10:30:25 +0800] "GET /xingrg/all/function/internal_message.html?_=1658543424146&CODE_STATE=getMsg HTTP/1.1" 200 27
114.88.155.189 - - [23/Jul/2022:10:30:30 +0800] "GET /xingrg/javascript/jquery_tools/images/prev.gif HTTP/1.1" 404 1086
114.88.155.189 - - [23/Jul/2022:10:30:30 +0800] "GET /xingrg/javascript/jquery_tools/images/next.gif HTTP/1.1" 404 1086
180.162.109.37 - - [23/Jul/2022:10:30:30 +0800] "GET /xingrg/javascript/jquery_tools/images/prev.gif HTTP/1.1" 404 1086
180.162.109.37 - - [23/Jul/2022:10:30:30 +0800] "GET /xingrg/javascript/jquery_tools/images/next.gif HTTP/1.1" 404 1086
180.175.103.110 - - [23/Jul/2022:10:30:34 +0800] "GET /xingrg/all/function/internal_message.html?_=1658543317067&CODE_STATE=getMsg HTTP/1.1" 200 27
101.80.228.36 - - [23/Jul/2022:10:30:34 +0800] "GET /xingrg/kc/base/wldb_order_operate.html?command=get_materiel&rest_code=00156&base_code=0010779&code=00101019811 HTTP/1.1" 200 439
114.88.155.189 - - [23/Jul/2022:10:30:37 +0800] "GET /xingrg/kc/buy/cgsh_order_operate.html?command=get_materiel&rest_code=00141&code=00101001010&supplier_code=00100040&order_time=2022-07-23 HTTP/1.1" 200 425
116.235.94.65 - - [23/Jul/2022:10:30:37 +0800] "GET /xingrg/all/function/internal_message.html?_=1658543618753&CODE_STATE=getMsg HTTP/1.1" 200 27
101.85.120.95 - - [23/Jul/2022:10:30:40 +0800] "GET /xingrg/check_reg.html?_=1658543436148 HTTP/1.1" 200 22
101.85.120.95 - - [23/Jul/2022:10:30:40 +0800] "GET /xingrg/all/function/internal_message.html?_=1658543436151&CODE_STATE=getMsg HTTP/1.1" 200 27
114.83.219.182 - - [23/Jul/2022:10:30:42 +0800] "GET /xingrg/all/function/internal_message.html?_=1658543437930&CODE_STATE=getMsg HTTP/1.1" 200 27
114.86.225.230 - - [23/Jul/2022:10:30:42 +0800] "GET /xingrg/all/function/internal_message.html?_=1658543439035&CODE_STATE=getMsg HTTP/1.1" 200 27
114.86.187.244 - - [23/Jul/2022:10:30:46 +0800] "GET /xingrg/all/function/internal_message.html?_=1658543444077&CODE_STATE=getMsg HTTP/1.1" 200 27
180.169.147.146 - - [23/Jul/2022:10:30:47 +0800] "GET /xingrg/all/function/internal_message.html?_=1658543443612&CODE_STATE=getMsg HTTP/1.1" 302 -
180.175.103.110 - - [23/Jul/2022:10:30:48 +0800] "GET /xingrg/check_reg.html?_=1658543331472 HTTP/1.1" 200 22
114.88.155.189 - - [23/Jul/2022:10:30:49 +0800] "POST /xingrg/kc/buy/cgsh_order_operate.html HTTP/1.1" 200 37
114.88.155.189 - - [23/Jul/2022:10:30:54 +0800] "POST /xingrg/kc/buy/cgsh_order_operate.html HTTP/1.1" 200 12
101.80.228.36 - - [23/Jul/2022:10:30:54 +0800] "GET /xingrg/kc/base/wldb_order_operate.html?command=get_materiel&rest_code=00156&base_code=0010779&code=00101019258 HTTP/1.1" 200 483
101.80.228.36 - - [23/Jul/2022:10:30:54 +0800] "GET /xingrg/all/function/internal_message.html?_=1658543450230&CODE_STATE=getMsg HTTP/1.1" 200 27
114.88.155.189 - - [23/Jul/2022:10:30:55 +0800] "GET /xingrg/kc/buy/cgsh_order_info.html?code=212022072305869 HTTP/1.1" 200 62847
180.162.109.37 - - [23/Jul/2022:10:30:55 +0800] "GET /xingrg/javascript/auto/indicator.gif HTTP/1.1" 404 1066
114.88.155.189 - - [23/Jul/2022:10:30:56 +0800] "GET /xingrg/javascript/easyui/themes/default/validatebox.css HTTP/1.1" 404 1104
114.88.155.189 - - [23/Jul/2022:10:30:56 +0800] "POST /xingrg/kc/buy/cgsh_order_operate.html HTTP/1.1" 200 604
114.88.155.189 - - [23/Jul/2022:10:30:57 +0800] "GET /xingrg/kc/print/load_config.html?kc_code=cgsh HTTP/1.1" 200 1943
114.88.155.189 - - [23/Jul/2022:10:30:58 +0800] "GET /xingrg/kc/print/load_data.html?order_code=212022072305869&kc_code=cgsh&condition= HTTP/1.1" 200 782
101.80.228.36 - - [23/Jul/2022:10:31:00 +0800] "GET /xingrg/kc/base/wldb_order_operate.html?command=get_materiel&rest_code=00156&base_code=0010779&code=00101019185 HTTP/1.1" 200 467
114.83.219.182 - - [23/Jul/2022:10:31:02 +0800] "POST /xingrg/kc/buy/cgsh_order_operate.html HTTP/1.1" 200 37
114.88.155.189 - - [23/Jul/2022:10:31:02 +0800] "GET /xingrg/kc/buy/cgsh_order_add.html HTTP/1.1" 200 67944
180.162.109.37 - - [23/Jul/2022:10:31:02 +0800] "GET /xingrg/kc/buy/cgsh_order_operate.html?command=get_materiel&rest_code=00143&code=00101011005&supplier_code=00100311&order_time=2022-07-10 HTTP/1.1" 200 425
114.88.155.189 - - [23/Jul/2022:10:31:02 +0800] "POST /xingrg/kc/buy/cgsh_order_operate.html HTTP/1.1" 200 8245
114.88.155.189 - - [23/Jul/2022:10:31:02 +0800] "GET /xingrg/javascript/easyui/themes/default/validatebox.css HTTP/1.1" 404 1104
180.162.109.37 - - [23/Jul/2022:10:31:04 +0800] "GET /xingrg/all/function/internal_message.html?_=1658542663255&CODE_STATE=getMsg HTTP/1.1" 200 27
180.162.109.37 - - [23/Jul/2022:10:31:05 +0800] "GET /xingrg/check_reg.html?_=1658542663972 HTTP/1.1" 200 22
114.83.219.182 - - [23/Jul/2022:10:31:06 +0800] "POST /xingrg/kc/buy/cgsh_order_operate.html HTTP/1.1" 200 12
101.80.228.36 - - [23/Jul/2022:10:31:07 +0800] "GET /xingrg/kc/base/wldb_order_operate.html?command=get_materiel&rest_code=00156&base_code=0010779&code=00101016076 HTTP/1.1" 200 476
114.86.187.244 - - [23/Jul/2022:10:31:08 +0800] "GET /xingrg/all/function/internal_message.html?_=1658543472799&CODE_STATE=getMsg HTTP/1.1" 200 27
114.83.219.182 - - [23/Jul/2022:10:31:13 +0800] "GET /xingrg/kc/buy/cgsh_order_info.html?code=212022072305870 HTTP/1.1" 200 62935
114.83.219.182 - - [23/Jul/2022:10:31:13 +0800] "GET /xingrg/javascript/easyui/themes/default/validatebox.css HTTP/1.1" 404 1104
114.83.219.182 - - [23/Jul/2022:10:31:14 +0800] "POST /xingrg/kc/buy/cgsh_order_operate.html HTTP/1.1" 200 2981
218.81.223.53 - - [23/Jul/2022:10:31:14 +0800] "GET /xingrg/all/function/internal_message.html?_=1658543492293&CODE_STATE=getMsg HTTP/1.1" 200 27
114.88.155.189 - - [23/Jul/2022:10:31:14 +0800] "GET /xingrg/all/function/internal_message.html?_=1658543162238&CODE_STATE=getMsg HTTP/1.1" 200 27
114.84.2.83 - - [23/Jul/2022:10:31:15 +0800] "GET /xingrg/all/function/internal_message.html?_=1658543468054&CODE_STATE=getMsg HTTP/1.1" 200 27
114.88.155.189 - - [23/Jul/2022:10:31:16 +0800] "GET /xingrg/kc/buy/cgsh_order_operate.html?command=get_materiel&rest_code=00141&code=00101016057&supplier_code=00100036&order_time=2022-07-23 HTTP/1.1" 200 408
101.80.228.36 - - [23/Jul/2022:10:31:20 +0800] "GET /xingrg/kc/base/wldb_order_operate.html?command=get_materiel&rest_code=00156&base_code=0010779&code=00101019175 HTTP/1.1" 200 439
61.170.233.82 - - [23/Jul/2022:10:31:25 +0800] "GET /xingrg/check_reg.html?_=1658543484147 HTTP/1.1" 200 22
61.170.233.82 - - [23/Jul/2022:10:31:25 +0800] "GET /xingrg/all/function/internal_message.html?_=1658543484149&CODE_STATE=getMsg HTTP/1.1" 200 27
114.88.155.189 - - [23/Jul/2022:10:31:25 +0800] "GET /xingrg/kc/buy/cgsh_order_operate.html?command=get_materiel&rest_code=00141&code=00101009118&supplier_code=00100036&order_time=2022-07-23 HTTP/1.1" 200 406
101.80.228.36 - - [23/Jul/2022:10:31:32 +0800] "GET /xingrg/kc/base/wldb_order_operate.html?command=get_materiel&rest_code=00156&base_code=0010779&code=00101016044 HTTP/1.1" 200 463
180.175.103.110 - - [23/Jul/2022:10:31:34 +0800] "GET /xingrg/all/function/internal_message.html?_=1658543377052&CODE_STATE=getMsg HTTP/1.1" 200 27
101.80.228.36 - - [23/Jul/2022:10:31:37 +0800] "GET /xingrg/kc/base/wldb_order_operate.html?command=get_materiel&rest_code=00156&base_code=0010779&code=00101016043 HTTP/1.1" 200 458
114.83.219.182 - - [23/Jul/2022:10:31:37 +0800] "GET /xingrg/kc/print/load_data.html?order_code=212022072305870&kc_code=cgsh&condition= HTTP/1.1" 200 1632
116.235.94.65 - - [23/Jul/2022:10:31:37 +0800] "GET /xingrg/all/function/internal_message.html?_=1658543678751&CODE_STATE=getMsg HTTP/1.1" 200 27
114.88.155.189 - - [23/Jul/2022:10:31:39 +0800] "GET /xingrg/kc/buy/cgsh_order_operate.html?command=get_materiel&rest_code=00141&code=00101016105&supplier_code=00100036&order_time=2022-07-23 HTTP/1.1" 200 409
101.85.120.95 - - [23/Jul/2022:10:31:40 +0800] "GET /xingrg/all/function/internal_message.html?_=1658543496150&CODE_STATE=getMsg HTTP/1.1" 200 27
114.83.219.182 - - [23/Jul/2022:10:31:42 +0800] "GET /xingrg/all/function/internal_message.html?_=1658543497927&CODE_STATE=getMsg HTTP/1.1" 200 27
114.83.219.182 - - [23/Jul/2022:10:31:42 +0800] "GET /xingrg/check_reg.html?_=1658543497931 HTTP/1.1" 200 22
114.86.225.230 - - [23/Jul/2022:10:31:42 +0800] "GET /xingrg/all/function/internal_message.html?_=1658543499054&CODE_STATE=getMsg HTTP/1.1" 200 27
101.80.228.36 - - [23/Jul/2022:10:31:42 +0800] "GET /xingrg/kc/base/wldb_order_operate.html?command=get_materiel&rest_code=00156&base_code=0010779&code=00101016125 HTTP/1.1" 200 460
218.81.223.53 - - [23/Jul/2022:10:31:44 +0800] "GET /xingrg/check_reg.html?_=1658543522826 HTTP/1.1" 200 22
114.86.187.244 - - [23/Jul/2022:10:31:46 +0800] "GET /xingrg/all/function/internal_message.html?_=1658543504062&CODE_STATE=getMsg HTTP/1.1" 200 27
180.169.147.146 - - [23/Jul/2022:10:31:47 +0800] "GET /xingrg/all/function/internal_message.html?_=1658543503598&CODE_STATE=getMsg HTTP/1.1" 302 -
114.88.155.189 - - [23/Jul/2022:10:31:50 +0800] "POST /xingrg/kc/buy/cgsh_order_operate.html HTTP/1.1" 200 37
180.162.109.37 - - [23/Jul/2022:10:31:51 +0800] "GET /xingrg/kc/buy/cgsh_order_operate.html?command=get_materiel&rest_code=00143&code=00101011002&supplier_code=00100311&order_time=2022-07-10 HTTP/1.1" 200 427
114.86.225.230 - - [23/Jul/2022:10:31:52 +0800] "POST /xingrg/kc/buy/cgsh_list_operate.html HTTP/1.1" 200 5121
101.80.228.36 - - [23/Jul/2022:10:31:54 +0800] "GET /xingrg/all/function/internal_message.html?_=1658543510209&CODE_STATE=getMsg HTTP/1.1" 200 27
114.88.155.189 - - [23/Jul/2022:10:31:55 +0800] "POST /xingrg/kc/buy/cgsh_order_operate.html HTTP/1.1" 200 12
101.80.228.36 - - [23/Jul/2022:10:31:56 +0800] "GET /xingrg/kc/base/wldb_order_operate.html?command=get_materiel&rest_code=00156&base_code=0010779&code=00101016029 HTTP/1.1" 200 460
114.88.155.189 - - [23/Jul/2022:10:31:56 +0800] "GET /xingrg/kc/buy/cgsh_order_info.html?code=212022072305871 HTTP/1.1" 200 62849
114.88.155.189 - - [23/Jul/2022:10:31:57 +0800] "GET /xingrg/javascript/easyui/themes/default/validatebox.css HTTP/1.1" 404 1104
114.88.155.189 - - [23/Jul/2022:10:31:57 +0800] "POST /xingrg/kc/buy/cgsh_order_operate.html HTTP/1.1" 200 1771
114.88.155.189 - - [23/Jul/2022:10:31:59 +0800] "GET /xingrg/kc/print/load_data.html?order_code=212022072305871&kc_code=cgsh&condition= HTTP/1.1" 200 1212
114.88.155.189 - - [23/Jul/2022:10:32:03 +0800] "GET /xingrg/kc/buy/cgsh_order_add.html HTTP/1.1" 200 67944
114.88.155.189 - - [23/Jul/2022:10:32:03 +0800] "POST /xingrg/kc/buy/cgsh_order_operate.html HTTP/1.1" 200 8245
114.88.155.189 - - [23/Jul/2022:10:32:03 +0800] "GET /xingrg/javascript/easyui/themes/default/validatebox.css HTTP/1.1" 404 1104
116.224.123.211 - - [23/Jul/2022:10:32:04 +0800] "GET /xingrg/check_reg.html?_=1658543552098 HTTP/1.1" 200 22
180.162.109.37 - - [23/Jul/2022:10:32:04 +0800] "GET /xingrg/all/function/internal_message.html?_=1658542723241&CODE_STATE=getMsg HTTP/1.1" 200 27
101.80.228.36 - - [23/Jul/2022:10:32:05 +0800] "GET /xingrg/kc/base/wldb_order_operate.html?command=get_materiel&rest_code=00156&base_code=0010779&code=00101019313 HTTP/1.1" 200 455
114.86.187.244 - - [23/Jul/2022:10:32:08 +0800] "GET /xingrg/all/function/internal_message.html?_=1658543532799&CODE_STATE=getMsg HTTP/1.1" 200 27
218.81.223.53 - - [23/Jul/2022:10:32:14 +0800] "GET /xingrg/all/function/internal_message.html?_=1658543552293&CODE_STATE=getMsg HTTP/1.1" 200 27
114.88.155.189 - - [23/Jul/2022:10:32:14 +0800] "GET /xingrg/all/function/internal_message.html?_=1658543222232&CODE_STATE=getMsg HTTP/1.1" 200 27
114.84.2.83 - - [23/Jul/2022:10:32:15 +0800] "GET /xingrg/all/function/internal_message.html?_=1658543528039&CODE_STATE=getMsg HTTP/1.1" 200 27
114.88.155.189 - - [23/Jul/2022:10:32:15 +0800] "GET /xingrg/kc/buy/cgsh_order_operate.html?command=get_materiel&rest_code=00141&code=00101006006&supplier_code=00100012&order_time=2022-07-23 HTTP/1.1" 200 409
101.80.228.36 - - [23/Jul/2022:10:32:17 +0800] "GET /xingrg/kc/base/wldb_order_operate.html?command=get_materiel&rest_code=00156&base_code=0010779&code=00101013084 HTTP/1.1" 200 428
61.170.233.82 - - [23/Jul/2022:10:32:25 +0800] "GET /xingrg/all/function/internal_message.html?_=1658543544150&CODE_STATE=getMsg HTTP/1.1" 200 27
114.88.155.189 - - [23/Jul/2022:10:32:28 +0800] "GET /xingrg/kc/buy/cgsh_order_operate.html?command=get_materiel&rest_code=00141&code=00101006109&supplier_code=00100012&order_time=2022-07-23 HTTP/1.1" 200 424
116.230.110.48 - - [23/Jul/2022:10:32:32 +0800] "GET /favicon.ico HTTP/1.1" 404 -
180.175.103.110 - - [23/Jul/2022:10:32:34 +0800] "GET /xingrg/all/function/internal_message.html?_=1658543437031&CODE_STATE=getMsg HTTP/1.1" 200 27
116.235.94.65 - - [23/Jul/2022:10:32:37 +0800] "GET /xingrg/all/function/internal_message.html?_=1658543738750&CODE_STATE=getMsg HTTP/1.1" 200 27
116.235.94.65 - - [23/Jul/2022:10:32:37 +0800] "GET /xingrg/check_reg.html?_=1658543738751 HTTP/1.1" 200 22
101.85.120.95 - - [23/Jul/2022:10:32:40 +0800] "GET /xingrg/all/function/internal_message.html?_=1658543556151&CODE_STATE=getMsg HTTP/1.1" 200 27
114.88.155.189 - - [23/Jul/2022:10:32:41 +0800] "GET /xingrg/kc/buy/cgsh_order_operate.html?command=get_materiel&rest_code=00141&code=00101006111&supplier_code=00100012&order_time=2022-07-23 HTTP/1.1" 200 409
114.83.219.182 - - [23/Jul/2022:10:32:42 +0800] "GET /xingrg/all/function/internal_message.html?_=1658543557930&CODE_STATE=getMsg HTTP/1.1" 200 27
114.86.225.230 - - [23/Jul/2022:10:32:42 +0800] "GET /xingrg/check_reg.html?_=1658543559032 HTTP/1.1" 200 22
114.86.225.230 - - [23/Jul/2022:10:32:42 +0800] "GET /xingrg/all/function/internal_message.html?_=1658543559040&CODE_STATE=getMsg HTTP/1.1" 200 27
101.80.228.36 - - [23/Jul/2022:10:32:43 +0800] "GET /xingrg/check_reg.html?_=1658543558759 HTTP/1.1" 200 22
114.86.187.244 - - [23/Jul/2022:10:32:46 +0800] "GET /xingrg/all/function/internal_message.html?_=1658543564046&CODE_STATE=getMsg HTTP/1.1" 200 27
180.169.147.146 - - [23/Jul/2022:10:32:47 +0800] "GET /xingrg/all/function/internal_message.html?_=1658543563600&CODE_STATE=getMsg HTTP/1.1" 302 -
114.88.155.189 - - [23/Jul/2022:10:32:51 +0800] "GET /xingrg/kc/buy/cgsh_order_operate.html?command=get_materiel&rest_code=00141&code=00101006193&supplier_code=00100012&order_time=2022-07-23 HTTP/1.1" 200 425
101.80.228.36 - - [23/Jul/2022:10:32:52 +0800] "GET /xingrg/kc/base/wldb_order_operate.html?command=get_materiel&rest_code=00156&base_code=0010779&code=00101016040 HTTP/1.1" 200 457
101.80.228.36 - - [23/Jul/2022:10:32:54 +0800] "GET /xingrg/all/function/internal_message.html?_=1658543570187&CODE_STATE=getMsg HTTP/1.1" 200 27
180.162.109.37 - - [23/Jul/2022:10:33:04 +0800] "GET /xingrg/all/function/internal_message.html?_=1658542783222&CODE_STATE=getMsg HTTP/1.1" 200 27
114.88.155.189 - - [23/Jul/2022:10:33:06 +0800] "GET /xingrg/kc/buy/cgsh_order_operate.html?command=get_materiel&rest_code=00141&code=00101006133&supplier_code=00100012&order_time=2022-07-23 HTTP/1.1" 200 429
101.80.228.36 - - [23/Jul/2022:10:33:06 +0800] "POST /xingrg/kc/base/wldb_order_operate.html HTTP/1.1" 200 37
101.80.228.36 - - [23/Jul/2022:10:33:06 +0800] "POST /xingrg/kc/base/wldb_order_operate.html HTTP/1.1" 200 9658
114.86.187.244 - - [23/Jul/2022:10:33:08 +0800] "GET /xingrg/all/function/internal_message.html?_=1658543592799&CODE_STATE=getMsg HTTP/1.1" 200 27
101.80.228.36 - - [23/Jul/2022:10:33:09 +0800] "GET /xingrg/kc/base/wldb_order_info.html?code=422022072301442 HTTP/1.1" 200 30377
101.80.228.36 - - [23/Jul/2022:10:33:10 +0800] "GET /xingrg/javascript/easyui/themes/default/validatebox.css HTTP/1.1" 404 1104
101.80.228.36 - - [23/Jul/2022:10:33:10 +0800] "POST /xingrg/kc/base/wldb_order_operate.html HTTP/1.1" 200 9658
218.81.223.53 - - [23/Jul/2022:10:33:14 +0800] "GET /xingrg/all/function/internal_message.html?_=1658543612307&CODE_STATE=getMsg HTTP/1.1" 200 27
114.88.155.189 - - [23/Jul/2022:10:33:14 +0800] "GET /xingrg/all/function/internal_message.html?_=1658543282232&CODE_STATE=getMsg HTTP/1.1" 200 27
114.84.2.83 - - [23/Jul/2022:10:33:15 +0800] "GET /xingrg/all/function/internal_message.html?_=1658543588023&CODE_STATE=getMsg HTTP/1.1" 200 27
114.88.155.189 - - [23/Jul/2022:10:33:16 +0800] "GET /xingrg/kc/buy/cgsh_order_operate.html?command=get_materiel&rest_code=00141&code=00101006055&supplier_code=00100012&order_time=2022-07-23 HTTP/1.1" 200 424
222.69.129.110 - - [23/Jul/2022:10:33:17 +0800] "GET /xingrg/login.html HTTP/1.1" 200 7641
222.69.129.110 - - [23/Jul/2022:10:33:17 +0800] "GET /xingrg/images/blue/jxLogo.png HTTP/1.1" 200 6156
222.69.129.110 - - [23/Jul/2022:10:33:17 +0800] "GET /xingrg/images/blue/login_bg.png HTTP/1.1" 200 22101
222.69.129.110 - - [23/Jul/2022:10:33:17 +0800] "GET /xingrg/images/blue/hj.png HTTP/1.1" 200 1014
222.69.129.110 - - [23/Jul/2022:10:33:17 +0800] "GET /xingrg/images/blue/srbg.png HTTP/1.1" 200 138
222.69.129.110 - - [23/Jul/2022:10:33:18 +0800] "GET /favicon.ico HTTP/1.1" 404 -
180.162.109.37 - - [23/Jul/2022:10:33:20 +0800] "GET /xingrg/kc/buy/cgsh_order_operate.html?command=get_materiel&rest_code=00143&code=00101008417&supplier_code=00100311&order_time=2022-07-10 HTTP/1.1" 200 428
222.69.129.110 - - [23/Jul/2022:10:33:20 +0800] "POST /xingrg/login.do HTTP/1.1" 302 -
222.69.129.110 - - [23/Jul/2022:10:33:20 +0800] "GET /xingrg/index.html?sysBaseUrl=http%3A%2F%2F180.169.147.146%3A18081%2Fxingrg%2F&costTime=46×tamp=1658543600331 HTTP/1.1" 200 17179
222.69.129.110 - - [23/Jul/2022:10:33:20 +0800] "GET /xingrg/javascript/jquery_easy_ui/themes/icon.css HTTP/1.1" 200 3949
222.69.129.110 - - [23/Jul/2022:10:33:20 +0800] "GET /xingrg/javascript/jquery-1.4.2.min.js HTTP/1.1" 200 72205
222.69.129.110 - - [23/Jul/2022:10:33:20 +0800] "GET /xingrg/javascript/jquery_easy_ui/jquery.easyui.min.js HTTP/1.1" 200 213662
222.69.129.110 - - [23/Jul/2022:10:33:20 +0800] "GET /xingrg/javascript/jquery_easy_ui/themes/default/easyui.css HTTP/1.1" 200 26500
222.69.129.110 - - [23/Jul/2022:10:33:20 +0800] "GET /xingrg/javascript/jquery.timers.js HTTP/1.1" 200 3532
222.69.129.110 - - [23/Jul/2022:10:33:20 +0800] "GET /xingrg/css/form.css HTTP/1.1" 200 893
222.69.129.110 - - [23/Jul/2022:10:33:20 +0800] "GET /xingrg/javascript/jquery_easy_ui/easyui-lang-zh_CN.js HTTP/1.1" 200 1900
222.69.129.110 - - [23/Jul/2022:10:33:20 +0800] "GET /xingrg/javascript/jquery.form.js HTTP/1.1" 200 23110
222.69.129.110 - - [23/Jul/2022:10:33:20 +0800] "GET /favicon.ico HTTP/1.1" 404 -
222.69.129.110 - - [23/Jul/2022:10:33:20 +0800] "GET /xingrg/javascript/jquery_easy_ui/themes/icons/settle_new.png HTTP/1.1" 200 826
222.69.129.110 - - [23/Jul/2022:10:33:20 +0800] "GET /xingrg/images/blue/navBackgound.jpg HTTP/1.1" 200 12378
222.69.129.110 - - [23/Jul/2022:10:33:20 +0800] "POST /xingrg/all/common/load_tree.html?tree=area_rest_tree_json&manage=1 HTTP/1.1" 200 351
222.69.129.110 - - [23/Jul/2022:10:33:20 +0800] "GET /xingrg/all/function/internal_message.html?_=1658543648267&CODE_STATE=count HTTP/1.1" 200 11
222.69.129.110 - - [23/Jul/2022:10:33:20 +0800] "GET /xingrg/check_reg.html?_=1658543648268 HTTP/1.1" 200 22
222.69.129.110 - - [23/Jul/2022:10:33:20 +0800] "GET /xingrg/images/blue/pingpu.png HTTP/1.1" 200 231
222.69.129.110 - - [23/Jul/2022:10:33:20 +0800] "GET /xingrg/javascript/jquery_easy_ui/themes/default/images/tabs_leftarrow.png HTTP/1.1" 200 389
222.69.129.110 - - [23/Jul/2022:10:33:20 +0800] "GET /xingrg/javascript/jquery_easy_ui/themes/default/images/tabs_rightarrow.png HTTP/1.1" 200 395
222.69.129.110 - - [23/Jul/2022:10:33:20 +0800] "GET /xingrg/javascript/jquery_easy_ui/themes/default/images/panel_tool_collapse.gif HTTP/1.1" 200 246
222.69.129.110 - - [23/Jul/2022:10:33:20 +0800] "POST /xingrg/load_menu.html HTTP/1.1" 200 5138
222.69.129.110 - - [23/Jul/2022:10:33:20 +0800] "GET /xingrg/javascript/jquery_easy_ui/themes/default/images/tree_arrows.gif HTTP/1.1" 200 1043
222.69.129.110 - - [23/Jul/2022:10:33:20 +0800] "GET /xingrg/javascript/jquery_easy_ui/themes/default/images/tree_folder_open.gif HTTP/1.1" 200 956
222.69.129.110 - - [23/Jul/2022:10:33:20 +0800] "GET /xingrg/javascript/jquery_easy_ui/themes/icons/search_new.png HTTP/1.1" 200 586
222.69.129.110 - - [23/Jul/2022:10:33:20 +0800] "GET /xingrg/javascript/jquery_easy_ui/themes/default/images/tree_folder.gif HTTP/1.1" 200 952
222.69.129.110 - - [23/Jul/2022:10:33:20 +0800] "GET /xingrg/javascript/jquery_easy_ui/themes/icons/storage_new.png HTTP/1.1" 200 853
222.69.129.110 - - [23/Jul/2022:10:33:20 +0800] "GET /xingrg/javascript/jquery_easy_ui/themes/icons/forms_new.png HTTP/1.1" 200 350
222.69.129.110 - - [23/Jul/2022:10:33:20 +0800] "GET /xingrg/javascript/jquery_easy_ui/themes/default/images/tree_file.gif HTTP/1.1" 200 118
61.170.233.82 - - [23/Jul/2022:10:33:25 +0800] "GET /xingrg/all/function/internal_message.html?_=1658543604149&CODE_STATE=getMsg HTTP/1.1" 200 27
101.80.228.36 - - [23/Jul/2022:10:33:30 +0800] "GET /xingrg/kc/base/wldb_order_add.html HTTP/1.1" 200 30362
101.80.228.36 - - [23/Jul/2022:10:33:30 +0800] "POST /xingrg/kc/base/wldb_order_operate.html HTTP/1.1" 200 6806
101.80.228.36 - - [23/Jul/2022:10:33:30 +0800] "GET /xingrg/javascript/easyui/themes/default/validatebox.css HTTP/1.1" 404 1104
114.88.155.189 - - [23/Jul/2022:10:33:30 +0800] "GET /xingrg/kc/buy/cgsh_order_operate.html?command=get_materiel&rest_code=00141&code=00101006065&supplier_code=00100012&order_time=2022-07-23 HTTP/1.1" 200 424
180.175.103.110 - - [23/Jul/2022:10:33:34 +0800] "GET /xingrg/all/function/internal_message.html?_=1658543497017&CODE_STATE=getMsg HTTP/1.1" 200 27
116.235.94.65 - - [23/Jul/2022:10:33:37 +0800] "GET /xingrg/all/function/internal_message.html?_=1658543798776&CODE_STATE=getMsg HTTP/1.1" 200 27
114.88.155.189 - - [23/Jul/2022:10:33:39 +0800] "POST /xingrg/kc/buy/cgsh_order_operate.html HTTP/1.1" 200 37
101.85.120.95 - - [23/Jul/2022:10:33:40 +0800] "GET /xingrg/all/function/internal_message.html?_=1658543616150&CODE_STATE=getMsg HTTP/1.1" 200 27
114.83.219.182 - - [23/Jul/2022:10:33:42 +0800] "GET /xingrg/all/function/internal_message.html?_=1658543617938&CODE_STATE=getMsg HTTP/1.1" 200 27
114.86.225.230 - - [23/Jul/2022:10:33:42 +0800] "GET /xingrg/all/function/internal_message.html?_=1658543619041&CODE_STATE=getMsg HTTP/1.1" 200 27
114.88.155.189 - - [23/Jul/2022:10:33:43 +0800] "POST /xingrg/kc/buy/cgsh_order_operate.html HTTP/1.1" 200 12
114.88.155.189 - - [23/Jul/2022:10:33:44 +0800] "GET /xingrg/kc/buy/cgsh_order_info.html?code=212022072305872 HTTP/1.1" 200 62847
114.88.155.189 - - [23/Jul/2022:10:33:44 +0800] "GET /xingrg/javascript/easyui/themes/default/validatebox.css HTTP/1.1" 404 1104
114.88.155.189 - - [23/Jul/2022:10:33:45 +0800] "POST /xingrg/kc/buy/cgsh_order_operate.html HTTP/1.1" 200 4139
114.86.187.244 - - [23/Jul/2022:10:33:46 +0800] "GET /xingrg/all/function/internal_message.html?_=1658543624017&CODE_STATE=getMsg HTTP/1.1" 200 27
114.88.155.189 - - [23/Jul/2022:10:33:46 +0800] "GET /xingrg/kc/print/load_data.html?order_code=212022072305872&kc_code=cgsh&condition= HTTP/1.1" 200 2132
180.169.147.146 - - [23/Jul/2022:10:33:47 +0800] "GET /xingrg/all/function/internal_message.html?_=1658543623602&CODE_STATE=getMsg HTTP/1.1" 302 -
180.169.147.146 - - [23/Jul/2022:10:33:47 +0800] "GET /xingrg/check_reg.html?_=1658543623604 HTTP/1.1" 302 -
101.80.228.36 - - [23/Jul/2022:10:33:50 +0800] "GET /xingrg/kc/base/wldb_order_operate.html?command=get_materiel&rest_code=00156&base_code=0010781&code=00101014054 HTTP/1.1" 200 436
114.88.155.189 - - [23/Jul/2022:10:33:51 +0800] "GET /xingrg/kc/buy/cgsh_order_add.html HTTP/1.1" 200 67944
114.88.155.189 - - [23/Jul/2022:10:33:51 +0800] "POST /xingrg/kc/buy/cgsh_order_operate.html HTTP/1.1" 200 8245
114.86.225.230 - - [23/Jul/2022:10:33:51 +0800] "POST /xingrg/kc/buy/cgsh_list_operate.html HTTP/1.1" 200 559
114.88.155.189 - - [23/Jul/2022:10:33:51 +0800] "GET /xingrg/javascript/easyui/themes/default/validatebox.css HTTP/1.1" 404 1104
114.86.225.230 - - [23/Jul/2022:10:33:52 +0800] "GET /xingrg/kc/buy/cgsh_order_info.html?code=212022031303590 HTTP/1.1" 200 62929
114.86.225.230 - - [23/Jul/2022:10:33:52 +0800] "GET /xingrg/javascript/easyui/themes/default/validatebox.css HTTP/1.1" 404 1104
114.86.225.230 - - [23/Jul/2022:10:33:53 +0800] "POST /xingrg/kc/buy/cgsh_order_operate.html HTTP/1.1" 200 14221
101.80.228.36 - - [23/Jul/2022:10:33:54 +0800] "GET /xingrg/all/function/internal_message.html?_=1658543630158&CODE_STATE=getMsg HTTP/1.1" 200 27
180.162.109.37 - - [23/Jul/2022:10:33:58 +0800] "POST /xingrg/kc/buy/cgsh_order_operate.html HTTP/1.1" 200 37
180.162.109.37 - - [23/Jul/2022:10:34:00 +0800] "POST /xingrg/kc/buy/cgsh_order_operate.html HTTP/1.1" 200 3847
114.86.225.230 - - [23/Jul/2022:10:34:01 +0800] "POST /xingrg/kc/buy/cgsh_list_operate.html HTTP/1.1" 200 5121
101.80.228.36 - - [23/Jul/2022:10:34:01 +0800] "POST /xingrg/kc/base/wldb_order_operate.html HTTP/1.1" 200 37
114.88.155.189 - - [23/Jul/2022:10:34:03 +0800] "GET /xingrg/kc/buy/cgsh_order_operate.html?command=get_materiel&rest_code=00141&code=00101008112&supplier_code=00100007&order_time=2022-07-23 HTTP/1.1" 200 412
101.80.228.36 - - [23/Jul/2022:10:34:04 +0800] "POST /xingrg/kc/base/wldb_order_operate.html HTTP/1.1" 200 12
101.80.228.36 - - [23/Jul/2022:10:34:04 +0800] "POST /xingrg/kc/base/wldb_order_operate.html HTTP/1.1" 200 2184
101.80.228.36 - - [23/Jul/2022:10:34:05 +0800] "GET /xingrg/kc/base/wldb_order_info.html?code=422022072301443 HTTP/1.1" 200 26242
101.80.228.36 - - [23/Jul/2022:10:34:06 +0800] "GET /xingrg/javascript/easyui/themes/default/validatebox.css HTTP/1.1" 404 1104
101.80.228.36 - - [23/Jul/2022:10:34:06 +0800] "POST /xingrg/kc/base/wldb_order_operate.html HTTP/1.1" 200 479
180.162.109.37 - - [23/Jul/2022:10:34:06 +0800] "POST /xingrg/kc/buy/cgsh_order_operate.html HTTP/1.1" 200 37
114.86.187.244 - - [23/Jul/2022:10:34:08 +0800] "GET /xingrg/check_reg.html?_=1658543652799 HTTP/1.1" 200 22
114.86.187.244 - - [23/Jul/2022:10:34:08 +0800] "GET /xingrg/all/function/internal_message.html?_=1658543652802&CODE_STATE=getMsg HTTP/1.1" 200 27
101.80.228.36 - - [23/Jul/2022:10:34:08 +0800] "GET /xingrg/kc/base/wldb_order_add.html HTTP/1.1" 200 30362
101.80.228.36 - - [23/Jul/2022:10:34:09 +0800] "POST /xingrg/kc/base/wldb_order_operate.html HTTP/1.1" 200 6806
101.80.228.36 - - [23/Jul/2022:10:34:09 +0800] "GET /xingrg/javascript/easyui/themes/default/validatebox.css HTTP/1.1" 404 1104
180.162.109.37 - - [23/Jul/2022:10:34:12 +0800] "POST /xingrg/kc/buy/cgsh_order_operate.html HTTP/1.1" 200 12
180.162.109.37 - - [23/Jul/2022:10:34:13 +0800] "GET /xingrg/kc/buy/cgsh_order_info.html?code=212022072305873 HTTP/1.1" 200 61932
114.88.155.189 - - [23/Jul/2022:10:34:13 +0800] "GET /xingrg/kc/buy/cgsh_order_operate.html?command=get_materiel&rest_code=00141&code=00101008185&supplier_code=00100007&order_time=2022-07-23 HTTP/1.1" 200 408
180.162.109.37 - - [23/Jul/2022:10:34:13 +0800] "GET /xingrg/javascript/easyui/themes/default/validatebox.css HTTP/1.1" 404 1104
180.162.109.37 - - [23/Jul/2022:10:34:14 +0800] "POST /xingrg/kc/buy/cgsh_order_operate.html HTTP/1.1" 200 1797
218.81.223.53 - - [23/Jul/2022:10:34:14 +0800] "GET /xingrg/all/function/internal_message.html?_=1658543672611&CODE_STATE=getMsg HTTP/1.1" 200 27
114.88.155.189 - - [23/Jul/2022:10:34:14 +0800] "GET /xingrg/all/function/internal_message.html?_=1658543342247&CODE_STATE=getMsg HTTP/1.1" 200 27
114.84.2.83 - - [23/Jul/2022:10:34:15 +0800] "GET /xingrg/all/function/internal_message.html?_=1658543648008&CODE_STATE=getMsg HTTP/1.1" 200 27
114.84.2.83 - - [23/Jul/2022:10:34:16 +0800] "GET /xingrg/check_reg.html?_=1658543648835 HTTP/1.1" 200 22
180.162.109.37 - - [23/Jul/2022:10:34:17 +0800] "GET /xingrg/kc/print/load_data.html?order_code=212022072305873&kc_code=cgsh&condition= HTTP/1.1" 200 1173
114.88.155.189 - - [23/Jul/2022:10:34:20 +0800] "GET /xingrg/kc/buy/cgsh_order_operate.html?command=get_materiel&rest_code=00141&code=00101008354&supplier_code=00100007&order_time=2022-07-23 HTTP/1.1" 200 412
222.69.129.110 - - [23/Jul/2022:10:34:20 +0800] "GET /xingrg/all/function/internal_message.html?_=1658543708288&CODE_STATE=getMsg HTTP/1.1" 200 27
101.80.228.36 - - [23/Jul/2022:10:34:20 +0800] "GET /xingrg/kc/base/wldb_order_operate.html?command=get_materiel&rest_code=00156&base_code=0010780&code=00102002321 HTTP/1.1" 200 447
61.170.233.82 - - [23/Jul/2022:10:34:25 +0800] "GET /xingrg/all/function/internal_message.html?_=1658543664150&CODE_STATE=getMsg HTTP/1.1" 200 27
101.80.228.36 - - [23/Jul/2022:10:34:29 +0800] "POST /xingrg/kc/base/wldb_order_operate.html HTTP/1.1" 200 37
114.88.155.189 - - [23/Jul/2022:10:34:30 +0800] "GET /xingrg/kc/buy/cgsh_order_operate.html?command=get_materiel&rest_code=00141&code=00101008038&supplier_code=00100007&order_time=2022-07-23 HTTP/1.1" 200 412
101.80.228.36 - - [23/Jul/2022:10:34:31 +0800] "POST /xingrg/kc/base/wldb_order_operate.html HTTP/1.1" 200 12
101.80.228.36 - - [23/Jul/2022:10:34:32 +0800] "POST /xingrg/kc/base/wldb_order_operate.html HTTP/1.1" 200 2195
101.80.228.36 - - [23/Jul/2022:10:34:33 +0800] "GET /xingrg/kc/base/wldb_order_info.html?code=422022072301444 HTTP/1.1" 200 26239
101.80.228.36 - - [23/Jul/2022:10:34:33 +0800] "GET /xingrg/javascript/easyui/themes/default/validatebox.css HTTP/1.1" 404 1104
101.80.228.36 - - [23/Jul/2022:10:34:34 +0800] "POST /xingrg/kc/base/wldb_order_operate.html HTTP/1.1" 200 489
180.175.103.110 - - [23/Jul/2022:10:34:34 +0800] "GET /xingrg/all/function/internal_message.html?_=1658543557004&CODE_STATE=getMsg HTTP/1.1" 200 27
101.80.228.36 - - [23/Jul/2022:10:34:36 +0800] "GET /xingrg/kc/base/wldb_order_add.html HTTP/1.1" 200 30362
101.80.228.36 - - [23/Jul/2022:10:34:36 +0800] "POST /xingrg/kc/base/wldb_order_operate.html HTTP/1.1" 200 6806
101.80.228.36 - - [23/Jul/2022:10:34:36 +0800] "GET /xingrg/javascript/easyui/themes/default/validatebox.css HTTP/1.1" 404 1104
116.235.94.65 - - [23/Jul/2022:10:34:37 +0800] "GET /xingrg/all/function/internal_message.html?_=1658543858773&CODE_STATE=getMsg HTTP/1.1" 200 27
114.88.155.189 - - [23/Jul/2022:10:34:38 +0800] "GET /xingrg/kc/buy/cgsh_order_operate.html?command=get_materiel&rest_code=00141&code=00101008163&supplier_code=00100007&order_time=2022-07-23 HTTP/1.1" 200 424
101.85.120.95 - - [23/Jul/2022:10:34:40 +0800] "GET /xingrg/all/function/internal_message.html?_=1658543676151&CODE_STATE=getMsg HTTP/1.1" 200 27
114.83.219.182 - - [23/Jul/2022:10:34:42 +0800] "GET /xingrg/all/function/internal_message.html?_=1658543677942&CODE_STATE=getMsg HTTP/1.1" 200 27
114.86.225.230 - - [23/Jul/2022:10:34:42 +0800] "GET /xingrg/all/function/internal_message.html?_=1658543679059&CODE_STATE=getMsg HTTP/1.1" 200 27
114.86.187.244 - - [23/Jul/2022:10:34:46 +0800] "GET /xingrg/all/function/internal_message.html?_=1658543684002&CODE_STATE=getMsg HTTP/1.1" 200 27
114.88.155.189 - - [23/Jul/2022:10:34:46 +0800] "GET /xingrg/kc/buy/cgsh_order_operate.html?command=get_materiel&rest_code=00141&code=00101008355&supplier_code=00100007&order_time=2022-07-23 HTTP/1.1" 200 408
180.169.147.146 - - [23/Jul/2022:10:34:47 +0800] "GET /xingrg/all/function/internal_message.html?_=1658543683604&CODE_STATE=getMsg HTTP/1.1" 302 -
114.88.155.189 - - [23/Jul/2022:10:34:53 +0800] "GET /xingrg/kc/buy/cgsh_order_operate.html?command=get_materiel&rest_code=00141&code=00101008264&supplier_code=00100007&order_time=2022-07-23 HTTP/1.1" 200 428
101.80.228.36 - - [23/Jul/2022:10:34:54 +0800] "GET /xingrg/all/function/internal_message.html?_=1658543690137&CODE_STATE=getMsg HTTP/1.1" 200 27
114.88.155.189 - - [23/Jul/2022:10:35:01 +0800] "GET /xingrg/kc/buy/cgsh_order_operate.html?command=get_materiel&rest_code=00141&code=00101008137&supplier_code=00100007&order_time=2022-07-23 HTTP/1.1" 200 408
180.162.109.37 - - [23/Jul/2022:10:35:04 +0800] "GET /xingrg/all/function/internal_message.html?_=1658542903232&CODE_STATE=getMsg HTTP/1.1" 200 27
114.88.155.189 - - [23/Jul/2022:10:35:08 +0800] "GET /xingrg/kc/buy/cgsh_order_operate.html?command=get_materiel&rest_code=00141&code=00101008079&supplier_code=00100007&order_time=2022-07-23 HTTP/1.1" 200 416
101.80.228.36 - - [23/Jul/2022:10:35:09 +0800] "GET /xingrg/kc/base/wldb_order_operate.html?command=get_materiel&rest_code=00156&base_code=0010779&code=00101020275 HTTP/1.1" 200 434
114.86.187.244 - - [23/Jul/2022:10:35:10 +0800] "GET /xingrg/check_reg.html?_=1658543708309 HTTP/1.1" 200 22
218.81.223.53 - - [23/Jul/2022:10:35:14 +0800] "GET /xingrg/all/function/internal_message.html?_=1658543732615&CODE_STATE=getMsg HTTP/1.1" 200 27
114.88.155.189 - - [23/Jul/2022:10:35:14 +0800] "GET /xingrg/check_reg.html?_=1658543402239 HTTP/1.1" 200 22
114.88.155.189 - - [23/Jul/2022:10:35:14 +0800] "GET /xingrg/all/function/internal_message.html?_=1658543402241&CODE_STATE=getMsg HTTP/1.1" 200 27
114.84.2.83 - - [23/Jul/2022:10:35:15 +0800] "GET /xingrg/all/function/internal_message.html?_=1658543707992&CODE_STATE=getMsg HTTP/1.1" 200 27
114.88.155.189 - - [23/Jul/2022:10:35:16 +0800] "GET /xingrg/kc/buy/cgsh_order_operate.html?command=get_materiel&rest_code=00141&code=00101008077&supplier_code=00100007&order_time=2022-07-23 HTTP/1.1" 200 416
114.83.219.182 - - [23/Jul/2022:10:35:18 +0800] "GET /xingrg/kc/buy/cgsh_order_add.html HTTP/1.1" 200 68032
114.83.219.182 - - [23/Jul/2022:10:35:18 +0800] "POST /xingrg/kc/buy/cgsh_order_operate.html HTTP/1.1" 200 8245
114.83.219.182 - - [23/Jul/2022:10:35:18 +0800] "GET /xingrg/javascript/easyui/themes/default/validatebox.css HTTP/1.1" 404 1104
114.88.155.189 - - [23/Jul/2022:10:35:25 +0800] "GET /xingrg/kc/buy/cgsh_order_operate.html?command=get_materiel&rest_code=00141&code=00101008357&supplier_code=00100007&order_time=2022-07-23 HTTP/1.1" 200 408
61.170.233.82 - - [23/Jul/2022:10:35:25 +0800] "GET /xingrg/all/function/internal_message.html?_=1658543724136&CODE_STATE=getMsg HTTP/1.1" 200 27
114.86.225.230 - - [23/Jul/2022:10:35:29 +0800] "POST /xingrg/kc/buy/cgsh_list_operate.html HTTP/1.1" 200 6330
114.88.155.189 - - [23/Jul/2022:10:35:33 +0800] "GET /xingrg/kc/buy/cgsh_order_operate.html?command=get_materiel&rest_code=00141&code=00101008286&supplier_code=00100007&order_time=2022-07-23 HTTP/1.1" 200 408
180.175.103.110 - - [23/Jul/2022:10:35:34 +0800] "GET /xingrg/all/function/internal_message.html?_=1658543616991&CODE_STATE=getMsg HTTP/1.1" 200 27
116.235.94.65 - - [23/Jul/2022:10:35:37 +0800] "GET /xingrg/all/function/internal_message.html?_=1658543918771&CODE_STATE=getMsg HTTP/1.1" 200 27
101.85.120.95 - - [23/Jul/2022:10:35:40 +0800] "GET /xingrg/check_reg.html?_=1658543736151 HTTP/1.1" 200 22
101.85.120.95 - - [23/Jul/2022:10:35:40 +0800] "GET /xingrg/all/function/internal_message.html?_=1658543736153&CODE_STATE=getMsg HTTP/1.1" 200 27
114.88.155.189 - - [23/Jul/2022:10:35:41 +0800] "GET /xingrg/kc/buy/cgsh_order_operate.html?command=get_materiel&rest_code=00141&code=00101008131&supplier_code=00100007&order_time=2022-07-23 HTTP/1.1" 200 408
114.83.219.182 - - [23/Jul/2022:10:35:42 +0800] "GET /xingrg/all/function/internal_message.html?_=1658543737941&CODE_STATE=getMsg HTTP/1.1" 200 27
114.86.225.230 - - [23/Jul/2022:10:35:42 +0800] "GET /xingrg/all/function/internal_message.html?_=1658543739059&CODE_STATE=getMsg HTTP/1.1" 200 27
114.86.187.244 - - [23/Jul/2022:10:35:46 +0800] "GET /xingrg/all/function/internal_message.html?_=1658543743974&CODE_STATE=getMsg HTTP/1.1" 200 27
180.169.147.146 - - [23/Jul/2022:10:35:47 +0800] "GET /xingrg/all/function/internal_message.html?_=1658543743606&CODE_STATE=getMsg HTTP/1.1" 302 -
180.175.103.110 - - [23/Jul/2022:10:35:48 +0800] "GET /xingrg/check_reg.html?_=1658543631477 HTTP/1.1" 200 22
114.88.155.189 - - [23/Jul/2022:10:35:49 +0800] "GET /xingrg/kc/buy/cgsh_order_operate.html?command=get_materiel&rest_code=00141&code=00101008353&supplier_code=00100007&order_time=2022-07-23 HTTP/1.1" 200 424
101.80.228.36 - - [23/Jul/2022:10:35:49 +0800] "POST /xingrg/kc/base/wldb_order_operate.html HTTP/1.1" 200 37
180.162.109.37 - - [23/Jul/2022:10:35:50 +0800] "GET /xingrg/kc/buy/cgsh_order_add.html HTTP/1.1" 200 67025
180.162.109.37 - - [23/Jul/2022:10:35:50 +0800] "POST /xingrg/kc/buy/cgsh_order_operate.html HTTP/1.1" 200 8245
180.162.109.37 - - [23/Jul/2022:10:35:50 +0800] "GET /xingrg/javascript/easyui/themes/default/validatebox.css HTTP/1.1" 404 1104
101.80.228.36 - - [23/Jul/2022:10:35:51 +0800] "POST /xingrg/kc/base/wldb_order_operate.html HTTP/1.1" 200 12
101.80.228.36 - - [23/Jul/2022:10:35:51 +0800] "POST /xingrg/kc/base/wldb_order_operate.html HTTP/1.1" 200 2184
180.162.109.37 - - [23/Jul/2022:10:35:51 +0800] "GET /xingrg/javascript/easyui/themes/default/tree.css HTTP/1.1" 404 1090
180.162.109.37 - - [23/Jul/2022:10:35:51 +0800] "POST /xingrg/all/common/load_tree.html?tree=supplier_tree_json&isDelete=1 HTTP/1.1" 200 66956
101.80.228.36 - - [23/Jul/2022:10:35:52 +0800] "GET /xingrg/kc/base/wldb_order_info.html?code=422022072301445 HTTP/1.1" 200 26240
101.80.228.36 - - [23/Jul/2022:10:35:53 +0800] "GET /xingrg/javascript/easyui/themes/default/validatebox.css HTTP/1.1" 404 1104
101.80.228.36 - - [23/Jul/2022:10:35:53 +0800] "POST /xingrg/kc/base/wldb_order_operate.html HTTP/1.1" 200 478
101.80.228.36 - - [23/Jul/2022:10:35:54 +0800] "GET /xingrg/all/function/internal_message.html?_=1658543750110&CODE_STATE=getMsg HTTP/1.1" 200 27
101.80.228.36 - - [23/Jul/2022:10:35:56 +0800] "GET /xingrg/kc/base/wldb_order_add.html HTTP/1.1" 200 30362
101.80.228.36 - - [23/Jul/2022:10:35:56 +0800] "POST /xingrg/kc/base/wldb_order_operate.html HTTP/1.1" 200 6806
101.80.228.36 - - [23/Jul/2022:10:35:56 +0800] "GET /xingrg/javascript/easyui/themes/default/validatebox.css HTTP/1.1" 404 1104
114.88.155.189 - - [23/Jul/2022:10:35:58 +0800] "GET /xingrg/kc/buy/cgsh_order_operate.html?command=get_materiel&rest_code=00141&code=00101008283&supplier_code=00100007&order_time=2022-07-23 HTTP/1.1" 200 408
180.162.109.37 - - [23/Jul/2022:10:36:04 +0800] "GET /xingrg/all/function/internal_message.html?_=1658542963219&CODE_STATE=getMsg HTTP/1.1" 200 27
180.162.109.37 - - [23/Jul/2022:10:36:05 +0800] "GET /xingrg/check_reg.html?_=1658542963984 HTTP/1.1" 200 22
114.88.155.189 - - [23/Jul/2022:10:36:06 +0800] "GET /xingrg/kc/buy/cgsh_order_operate.html?command=get_materiel&rest_code=00141&code=00101008173&supplier_code=00100007&order_time=2022-07-23 HTTP/1.1" 200 413
114.88.155.189 - - [23/Jul/2022:10:36:14 +0800] "GET /xingrg/all/function/internal_message.html?_=1658543462279&CODE_STATE=getMsg HTTP/1.1" 200 27
218.81.223.53 - - [23/Jul/2022:10:36:15 +0800] "GET /xingrg/all/function/internal_message.html?_=1658543792920&CODE_STATE=getMsg HTTP/1.1" 200 27
