218.81.223.53 - - [23/Jul/2022:08:40:38 +0800] "GET /xingrg/kc/buy/cgsh_order_operate.html?command=get_materiel&rest_code=00146&code=00101008003&supplier_code=00100005&order_time=2022-07-23 HTTP/1.1" 200 424
114.83.219.182 - - [23/Jul/2022:08:40:42 +0800] "GET /xingrg/all/function/internal_message.html?_=1658536837536&CODE_STATE=getMsg HTTP/1.1" 200 27
120.253.135.82 - - [23/Jul/2022:08:40:42 +0800] "GET /xingrg/check_reg.html?_=1658536963518 HTTP/1.1" 200 22
120.253.135.82 - - [23/Jul/2022:08:40:45 +0800] "POST /xingrg/kc/pszx/mdps_order_operate.html HTTP/1.1" 200 37
120.253.135.82 - - [23/Jul/2022:08:40:46 +0800] "GET /xingrg/kc/pszx/mdps_order_info.html?code=312022072300394 HTTP/1.1" 200 23978
120.253.135.82 - - [23/Jul/2022:08:40:47 +0800] "POST /xingrg/kc/pszx/mdps_order_operate.html HTTP/1.1" 200 2277
120.253.135.82 - - [23/Jul/2022:08:40:47 +0800] "GET /xingrg/javascript/easyui/themes/default/validatebox.css HTTP/1.1" 404 1104
180.169.147.146 - - [23/Jul/2022:08:40:47 +0800] "GET /xingrg/all/function/internal_message.html?_=1658536843608&CODE_STATE=getMsg HTTP/1.1" 302 -
114.86.187.244 - - [23/Jul/2022:08:40:48 +0800] "GET /xingrg/all/function/internal_message.html?_=1658536845942&CODE_STATE=getMsg HTTP/1.1" 200 27
180.175.103.110 - - [23/Jul/2022:08:40:48 +0800] "GET /xingrg/check_reg.html?_=1658536731330 HTTP/1.1" 200 22
120.253.135.82 - - [23/Jul/2022:08:40:50 +0800] "POST /xingrg/kc/pszx/mdps_order_operate.html HTTP/1.1" 200 37
120.253.135.82 - - [23/Jul/2022:08:40:51 +0800] "GET /xingrg/kc/pszx/mdps_order_info.html?code=312022072300394 HTTP/1.1" 200 23978
120.253.135.82 - - [23/Jul/2022:08:40:51 +0800] "POST /xingrg/kc/pszx/mdps_order_operate.html HTTP/1.1" 200 2277
120.253.135.82 - - [23/Jul/2022:08:40:51 +0800] "GET /xingrg/javascript/easyui/themes/default/validatebox.css HTTP/1.1" 404 1104
120.253.135.82 - - [23/Jul/2022:08:40:54 +0800] "GET /xingrg/kc/pszx/mdps_order_info.html?code=312022072300394 HTTP/1.1" 200 23978
120.253.135.82 - - [23/Jul/2022:08:40:55 +0800] "POST /xingrg/kc/pszx/mdps_order_operate.html HTTP/1.1" 200 2277
120.253.135.82 - - [23/Jul/2022:08:40:55 +0800] "GET /xingrg/javascript/easyui/themes/default/validatebox.css HTTP/1.1" 404 1104
101.80.228.36 - - [23/Jul/2022:08:40:56 +0800] "GET /xingrg/all/function/internal_message.html?_=1658536852404&CODE_STATE=getMsg HTTP/1.1" 200 27
120.253.135.82 - - [23/Jul/2022:08:40:57 +0800] "POST /xingrg/kc/pszx/mdps_list_operate.html HTTP/1.1" 200 2795
101.83.223.227 - - [23/Jul/2022:08:40:59 +0800] "GET /xingrg/check_reg.html?_=1658536855636 HTTP/1.1" 302 -
120.253.135.82 - - [23/Jul/2022:08:40:59 +0800] "POST /xingrg/kc/pszx/mdps_list_operate.html HTTP/1.1" 200 202
120.253.135.82 - - [23/Jul/2022:08:41:00 +0800] "GET /xingrg/kc/pszx/mdps_order_info.html?code=312022072300394 HTTP/1.1" 200 23978
120.253.135.82 - - [23/Jul/2022:08:41:01 +0800] "POST /xingrg/kc/pszx/mdps_order_operate.html HTTP/1.1" 200 2277
120.253.135.82 - - [23/Jul/2022:08:41:01 +0800] "GET /xingrg/javascript/easyui/themes/default/validatebox.css HTTP/1.1" 404 1104
120.253.135.82 - - [23/Jul/2022:08:41:01 +0800] "GET /xingrg/all/function/internal_message.html?_=1658536982887&CODE_STATE=getMsg HTTP/1.1" 200 27
120.253.135.82 - - [23/Jul/2022:08:41:04 +0800] "GET /xingrg/kc/print/load_config.html?kc_code=mdps HTTP/1.1" 200 2390
120.253.135.82 - - [23/Jul/2022:08:41:04 +0800] "GET /xingrg/kc/print/load_data.html?order_code=312022072300394&kc_code=mdps&condition= HTTP/1.1" 200 667
218.81.223.53 - - [23/Jul/2022:08:41:04 +0800] "GET /xingrg/all/function/internal_message.html?_=1658536881831&CODE_STATE=getMsg HTTP/1.1" 200 27
120.253.135.82 - - [23/Jul/2022:08:41:04 +0800] "GET /xingrg/all/function/internal_message.html?_=1658536669268&CODE_STATE=getMsg HTTP/1.1" 200 27
120.253.135.82 - - [23/Jul/2022:08:41:11 +0800] "POST /xingrg/kc/pszx/mdps_list_operate.html HTTP/1.1" 200 2795
120.253.135.82 - - [23/Jul/2022:08:41:13 +0800] "GET /xingrg/kc/pszx/mdps_order_add.html HTTP/1.1" 200 29076
120.253.135.82 - - [23/Jul/2022:08:41:14 +0800] "POST /xingrg/kc/pszx/mdps_order_operate.html HTTP/1.1" 200 7126
120.253.135.82 - - [23/Jul/2022:08:41:14 +0800] "GET /xingrg/javascript/easyui/themes/default/validatebox.css HTTP/1.1" 404 1104
218.81.223.53 - - [23/Jul/2022:08:41:15 +0800] "GET /xingrg/kc/buy/cgsh_order_operate.html?command=get_materiel&rest_code=00146&code=00101008264&supplier_code=00100005&order_time=2022-07-23 HTTP/1.1" 200 428
120.253.135.82 - - [23/Jul/2022:08:41:26 +0800] "POST /xingrg/all/common/load_combo.html?type=base HTTP/1.1" 200 1169
218.81.223.53 - - [23/Jul/2022:08:41:27 +0800] "GET /xingrg/kc/buy/cgsh_order_operate.html?command=get_materiel&rest_code=00146&code=00101008357&supplier_code=00100005&order_time=2022-07-23 HTTP/1.1" 200 408
120.253.135.82 - - [23/Jul/2022:08:41:33 +0800] "GET /xingrg/kc/pszx/mdps_order_operate.html?command=get_materiel&pszx_code=00101&rest_code=00150&base_code=0010246&code=00101020351 HTTP/1.1" 200 455
120.253.135.82 - - [23/Jul/2022:08:41:34 +0800] "POST /xingrg/all/common/load_select.html HTTP/1.1" 200 25
180.175.103.110 - - [23/Jul/2022:08:41:35 +0800] "GET /xingrg/all/function/internal_message.html?_=1658536778309&CODE_STATE=getMsg HTTP/1.1" 200 27
120.253.135.82 - - [23/Jul/2022:08:41:36 +0800] "GET /xingrg/kc/pszx/mdps_order_operate.html?command=get_materiel_price&pszx_code=00101&rest_code=00150&base_code=0010246&code=00101020351&unit_code=00100040&order_time=2022-07-23 HTTP/1.1" 200 35
120.253.135.82 - - [23/Jul/2022:08:41:38 +0800] "GET /xingrg/kc/pszx/mdps_order_operate.html?command=get_materiel_price&pszx_code=00101&rest_code=00150&base_code=0010246&code=00101020351&unit_code=00100041&order_time=2022-07-23 HTTP/1.1" 200 35
218.81.223.53 - - [23/Jul/2022:08:41:40 +0800] "GET /xingrg/kc/buy/cgsh_order_operate.html?command=get_materiel&rest_code=00146&code=00101008131&supplier_code=00100005&order_time=2022-07-23 HTTP/1.1" 200 408
114.83.219.182 - - [23/Jul/2022:08:41:42 +0800] "GET /xingrg/check_reg.html?_=1658536897539 HTTP/1.1" 200 22
114.83.219.182 - - [23/Jul/2022:08:41:42 +0800] "GET /xingrg/all/function/internal_message.html?_=1658536897544&CODE_STATE=getMsg HTTP/1.1" 200 27
218.81.223.53 - - [23/Jul/2022:08:41:44 +0800] "GET /xingrg/check_reg.html?_=1658536921986 HTTP/1.1" 200 22
180.169.147.146 - - [23/Jul/2022:08:41:47 +0800] "GET /xingrg/all/function/internal_message.html?_=1658536903612&CODE_STATE=getMsg HTTP/1.1" 302 -
120.253.135.82 - - [23/Jul/2022:08:41:47 +0800] "GET /xingrg/kc/pszx/mdps_order_operate.html?command=get_materiel&pszx_code=00101&rest_code=00150&base_code=0010246&code=00101020266 HTTP/1.1" 200 467
114.86.187.244 - - [23/Jul/2022:08:41:48 +0800] "GET /xingrg/all/function/internal_message.html?_=1658536905929&CODE_STATE=getMsg HTTP/1.1" 200 27
120.253.135.82 - - [23/Jul/2022:08:41:50 +0800] "POST /xingrg/all/common/load_select.html HTTP/1.1" 200 25
120.253.135.82 - - [23/Jul/2022:08:41:51 +0800] "GET /xingrg/kc/pszx/mdps_order_operate.html?command=get_materiel_price&pszx_code=00101&rest_code=00150&base_code=0010246&code=00101020266&unit_code=00100562&order_time=2022-07-23 HTTP/1.1" 200 34
218.81.223.53 - - [23/Jul/2022:08:41:51 +0800] "GET /xingrg/kc/buy/cgsh_order_operate.html?command=get_materiel&rest_code=00146&code=00101008296&supplier_code=00100005&order_time=2022-07-23 HTTP/1.1" 200 416
180.175.103.110 - - [23/Jul/2022:08:41:52 +0800] "GET /xingrg/kc/buy/buy_main.html HTTP/1.1" 200 12412
180.175.103.110 - - [23/Jul/2022:08:41:52 +0800] "GET /xingrg/css/new_ie.css HTTP/1.1" 404 1036
180.175.103.110 - - [23/Jul/2022:08:41:53 +0800] "GET /xingrg/images/yd/bt.gif HTTP/1.1" 404 1040
180.175.103.110 - - [23/Jul/2022:08:41:54 +0800] "GET /xingrg/kc/buy/cgsh_order_list.html HTTP/1.1" 200 52162
180.175.103.110 - - [23/Jul/2022:08:41:55 +0800] "POST /xingrg/kc/buy/cgsh_list_operate.html HTTP/1.1" 200 693
101.80.228.36 - - [23/Jul/2022:08:41:56 +0800] "GET /xingrg/all/function/internal_message.html?_=1658536912403&CODE_STATE=getMsg HTTP/1.1" 200 27
120.253.135.82 - - [23/Jul/2022:08:41:57 +0800] "POST /xingrg/kc/pszx/mdps_order_operate.html HTTP/1.1" 200 37
120.253.135.82 - - [23/Jul/2022:08:41:58 +0800] "GET /xingrg/kc/pszx/mdps_order_info.html?code=312022072300395 HTTP/1.1" 200 23978
120.253.135.82 - - [23/Jul/2022:08:41:59 +0800] "POST /xingrg/kc/pszx/mdps_order_operate.html HTTP/1.1" 200 2793
120.253.135.82 - - [23/Jul/2022:08:41:59 +0800] "GET /xingrg/javascript/easyui/themes/default/validatebox.css HTTP/1.1" 404 1104
120.253.135.82 - - [23/Jul/2022:08:42:01 +0800] "GET /xingrg/kc/print/load_data.html?order_code=312022072300395&kc_code=mdps&condition= HTTP/1.1" 200 959
218.81.223.53 - - [23/Jul/2022:08:42:01 +0800] "GET /xingrg/kc/buy/cgsh_order_operate.html?command=get_materiel&rest_code=00146&code=00101008213&supplier_code=00100005&order_time=2022-07-23 HTTP/1.1" 200 428
120.253.135.82 - - [23/Jul/2022:08:42:01 +0800] "GET /xingrg/all/function/internal_message.html?_=1658537042902&CODE_STATE=getMsg HTTP/1.1" 200 27
218.81.223.53 - - [23/Jul/2022:08:42:04 +0800] "GET /xingrg/all/function/internal_message.html?_=1658536941858&CODE_STATE=getMsg HTTP/1.1" 200 27
116.224.123.211 - - [23/Jul/2022:08:42:04 +0800] "GET /xingrg/check_reg.html?_=1658536952343 HTTP/1.1" 200 22
120.253.135.82 - - [23/Jul/2022:08:42:04 +0800] "GET /xingrg/all/function/internal_message.html?_=1658536729284&CODE_STATE=getMsg HTTP/1.1" 200 27
180.175.103.110 - - [23/Jul/2022:08:42:05 +0800] "GET /xingrg/kc/buy/cgsh_order_add.html HTTP/1.1" 200 68026
180.175.103.110 - - [23/Jul/2022:08:42:05 +0800] "GET /xingrg/words/20220721182822_words.js HTTP/1.1" 304 -
180.175.103.110 - - [23/Jul/2022:08:42:06 +0800] "GET /xingrg/all/common/auto_word.html?type=employee&rest_code=00105 HTTP/1.1" 200 193
180.175.103.110 - - [23/Jul/2022:08:42:06 +0800] "POST /xingrg/kc/buy/cgsh_order_operate.html HTTP/1.1" 200 8245
180.175.103.110 - - [23/Jul/2022:08:42:06 +0800] "GET /xingrg/javascript/easyui/themes/default/validatebox.css HTTP/1.1" 404 1104
180.175.103.110 - - [23/Jul/2022:08:42:06 +0800] "GET /xingrg/all/common/auto_word.html?type=employee&rest_code=00105 HTTP/1.1" 200 193
180.175.103.110 - - [23/Jul/2022:08:42:08 +0800] "GET /xingrg/javascript/auto/indicator.gif HTTP/1.1" 404 1066
120.253.135.82 - - [23/Jul/2022:08:42:10 +0800] "POST /xingrg/kc/pszx/mdps_list_operate.html HTTP/1.1" 200 2795
218.81.223.53 - - [23/Jul/2022:08:42:12 +0800] "GET /xingrg/kc/buy/cgsh_order_operate.html?command=get_materiel&rest_code=00146&code=00101008353&supplier_code=00100005&order_time=2022-07-23 HTTP/1.1" 200 424
218.81.223.53 - - [23/Jul/2022:08:42:15 +0800] "POST /xingrg/kc/buy/cgsh_order_operate.html HTTP/1.1" 200 2065
120.253.135.82 - - [23/Jul/2022:08:42:21 +0800] "POST /xingrg/kc/pszx/mdps_list_operate.html HTTP/1.1" 200 3179
120.253.135.82 - - [23/Jul/2022:08:42:22 +0800] "POST /xingrg/kc/pszx/mdps_list_operate.html HTTP/1.1" 200 290
218.81.223.53 - - [23/Jul/2022:08:42:23 +0800] "GET /xingrg/kc/buy/cgsh_order_operate.html?command=get_materiel&rest_code=00146&code=00101008323&supplier_code=00100005&order_time=2022-07-23 HTTP/1.1" 200 408
180.175.103.110 - - [23/Jul/2022:08:42:31 +0800] "GET /xingrg/kc/buy/cgsh_order_operate.html?command=get_materiel&rest_code=00105&code=00101012033&supplier_code=00100034&order_time=2022-07-23 HTTP/1.1" 200 426
180.175.103.110 - - [23/Jul/2022:08:42:35 +0800] "GET /xingrg/all/function/internal_message.html?_=1658536838363&CODE_STATE=getMsg HTTP/1.1" 200 27
218.81.223.53 - - [23/Jul/2022:08:42:35 +0800] "GET /xingrg/kc/buy/cgsh_order_operate.html?command=get_materiel&rest_code=00146&code=00101008415&supplier_code=00100005&order_time=2022-07-23 HTTP/1.1" 200 412
114.83.219.182 - - [23/Jul/2022:08:42:42 +0800] "GET /xingrg/all/function/internal_message.html?_=1658536957532&CODE_STATE=getMsg HTTP/1.1" 200 27
101.80.228.36 - - [23/Jul/2022:08:42:42 +0800] "GET /xingrg/check_reg.html?_=1658536958280 HTTP/1.1" 200 22
180.169.147.146 - - [23/Jul/2022:08:42:47 +0800] "GET /xingrg/all/function/internal_message.html?_=1658536963598&CODE_STATE=getMsg HTTP/1.1" 302 -
114.86.187.244 - - [23/Jul/2022:08:42:47 +0800] "GET /xingrg/all/function/internal_message.html?_=1658536965901&CODE_STATE=getMsg HTTP/1.1" 200 27
218.81.223.53 - - [23/Jul/2022:08:42:53 +0800] "GET /xingrg/kc/buy/cgsh_order_operate.html?command=get_materiel&rest_code=00146&code=00101008265&supplier_code=00100005&order_time=2022-07-23 HTTP/1.1" 200 409
101.80.228.36 - - [23/Jul/2022:08:42:56 +0800] "GET /xingrg/all/function/internal_message.html?_=1658536972359&CODE_STATE=getMsg HTTP/1.1" 200 27
180.175.103.110 - - [23/Jul/2022:08:42:58 +0800] "GET /xingrg/kc/buy/cgsh_order_operate.html?command=get_materiel&rest_code=00105&code=00101012051&supplier_code=00100034&order_time=2022-07-23 HTTP/1.1" 200 408
120.253.135.82 - - [23/Jul/2022:08:43:01 +0800] "GET /xingrg/all/function/internal_message.html?_=1658537102932&CODE_STATE=getMsg HTTP/1.1" 200 27
218.81.223.53 - - [23/Jul/2022:08:43:04 +0800] "GET /xingrg/all/function/internal_message.html?_=1658537001874&CODE_STATE=getMsg HTTP/1.1" 200 27
120.253.135.82 - - [23/Jul/2022:08:43:04 +0800] "GET /xingrg/all/function/internal_message.html?_=1658536789298&CODE_STATE=getMsg HTTP/1.1" 200 27
218.81.223.53 - - [23/Jul/2022:08:43:06 +0800] "GET /xingrg/kc/buy/cgsh_order_operate.html?command=get_materiel&rest_code=00146&code=00101008403&supplier_code=00100005&order_time=2022-07-23 HTTP/1.1" 200 412
218.81.223.53 - - [23/Jul/2022:08:43:20 +0800] "GET /xingrg/kc/buy/cgsh_order_operate.html?command=get_materiel&rest_code=00146&code=00101008156&supplier_code=00100005&order_time=2022-07-23 HTTP/1.1" 200 416
218.81.223.53 - - [23/Jul/2022:08:43:34 +0800] "POST /xingrg/kc/buy/cgsh_order_operate.html HTTP/1.1" 200 2065
180.175.103.110 - - [23/Jul/2022:08:43:35 +0800] "GET /xingrg/all/function/internal_message.html?_=1658536898349&CODE_STATE=getMsg HTTP/1.1" 200 27
218.81.223.53 - - [23/Jul/2022:08:43:41 +0800] "GET /xingrg/kc/buy/cgsh_order_operate.html?command=get_materiel&rest_code=00146&code=00101008331&supplier_code=00100005&order_time=2022-07-23 HTTP/1.1" 200 416
114.83.219.182 - - [23/Jul/2022:08:43:42 +0800] "GET /xingrg/all/function/internal_message.html?_=1658537017533&CODE_STATE=getMsg HTTP/1.1" 200 27
180.169.147.146 - - [23/Jul/2022:08:43:47 +0800] "GET /xingrg/all/function/internal_message.html?_=1658537023600&CODE_STATE=getMsg HTTP/1.1" 302 -
180.169.147.146 - - [23/Jul/2022:08:43:47 +0800] "GET /xingrg/check_reg.html?_=1658537023602 HTTP/1.1" 302 -
114.86.187.244 - - [23/Jul/2022:08:43:47 +0800] "GET /xingrg/all/function/internal_message.html?_=1658537025872&CODE_STATE=getMsg HTTP/1.1" 200 27
218.81.223.53 - - [23/Jul/2022:08:43:52 +0800] "GET /xingrg/kc/buy/cgsh_order_operate.html?command=get_materiel&rest_code=00146&code=00101008244&supplier_code=00100005&order_time=2022-07-23 HTTP/1.1" 200 424
101.80.228.36 - - [23/Jul/2022:08:43:56 +0800] "GET /xingrg/all/function/internal_message.html?_=1658537032345&CODE_STATE=getMsg HTTP/1.1" 200 27
180.175.103.110 - - [23/Jul/2022:08:43:58 +0800] "GET /xingrg/kc/buy/cgsh_order_operate.html?command=get_materiel&rest_code=00105&code=00101016057&supplier_code=00100034&order_time=2022-07-23 HTTP/1.1" 200 408
120.253.135.82 - - [23/Jul/2022:08:44:01 +0800] "GET /xingrg/all/function/internal_message.html?_=1658537162945&CODE_STATE=getMsg HTTP/1.1" 200 27
120.253.135.82 - - [23/Jul/2022:08:44:04 +0800] "GET /xingrg/check_reg.html?_=1658536848547 HTTP/1.1" 200 22
218.81.223.53 - - [23/Jul/2022:08:44:04 +0800] "GET /xingrg/all/function/internal_message.html?_=1658537061887&CODE_STATE=getMsg HTTP/1.1" 200 27
120.253.135.82 - - [23/Jul/2022:08:44:04 +0800] "GET /xingrg/all/function/internal_message.html?_=1658536849312&CODE_STATE=getMsg HTTP/1.1" 200 27
180.175.103.110 - - [23/Jul/2022:08:44:16 +0800] "POST /xingrg/kc/buy/cgsh_order_operate.html HTTP/1.1" 200 37
218.81.223.53 - - [23/Jul/2022:08:44:18 +0800] "GET /xingrg/kc/buy/cgsh_order_operate.html?command=get_materiel&rest_code=00146&code=00101008185&supplier_code=00100005&order_time=2022-07-23 HTTP/1.1" 200 408
180.175.103.110 - - [23/Jul/2022:08:44:18 +0800] "POST /xingrg/kc/buy/cgsh_order_operate.html HTTP/1.1" 200 3844
180.175.103.110 - - [23/Jul/2022:08:44:20 +0800] "GET /xingrg/kc/print/load_config.html?kc_code=cgsh HTTP/1.1" 200 1943
180.175.103.110 - - [23/Jul/2022:08:44:21 +0800] "GET /xingrg/kc/print/load_data.html?order_code=212022072305833&kc_code=cgsh&condition= HTTP/1.1" 200 1172
180.175.103.110 - - [23/Jul/2022:08:44:35 +0800] "GET /xingrg/all/function/internal_message.html?_=1658536958323&CODE_STATE=getMsg HTTP/1.1" 200 27
114.83.219.182 - - [23/Jul/2022:08:44:42 +0800] "GET /xingrg/all/function/internal_message.html?_=1658537077535&CODE_STATE=getMsg HTTP/1.1" 200 27
218.81.223.53 - - [23/Jul/2022:08:44:42 +0800] "GET /xingrg/kc/buy/cgsh_order_operate.html?command=get_materiel&rest_code=00146&code=00101008010&supplier_code=00100005&order_time=2022-07-23 HTTP/1.1" 200 412
180.169.147.146 - - [23/Jul/2022:08:44:47 +0800] "GET /xingrg/all/function/internal_message.html?_=1658537083604&CODE_STATE=getMsg HTTP/1.1" 302 -
114.86.187.244 - - [23/Jul/2022:08:44:47 +0800] "GET /xingrg/all/function/internal_message.html?_=1658537085858&CODE_STATE=getMsg HTTP/1.1" 200 27
218.81.223.53 - - [23/Jul/2022:08:44:52 +0800] "GET /xingrg/kc/buy/cgsh_order_operate.html?command=get_materiel&rest_code=00146&code=00101008096&supplier_code=00100005&order_time=2022-07-23 HTTP/1.1" 200 413
218.81.223.53 - - [23/Jul/2022:08:44:55 +0800] "POST /xingrg/kc/buy/cgsh_order_operate.html HTTP/1.1" 200 2065
101.80.228.36 - - [23/Jul/2022:08:44:56 +0800] "GET /xingrg/all/function/internal_message.html?_=1658537092315&CODE_STATE=getMsg HTTP/1.1" 200 27
120.253.135.82 - - [23/Jul/2022:08:45:02 +0800] "GET /xingrg/all/function/internal_message.html?_=1658537222972&CODE_STATE=getMsg HTTP/1.1" 200 27
218.81.223.53 - - [23/Jul/2022:08:45:04 +0800] "GET /xingrg/all/function/internal_message.html?_=1658537121901&CODE_STATE=getMsg HTTP/1.1" 200 27
218.81.223.53 - - [23/Jul/2022:08:45:04 +0800] "GET /xingrg/kc/buy/cgsh_order_operate.html?command=get_materiel&rest_code=00146&code=00101008038&supplier_code=00100005&order_time=2022-07-23 HTTP/1.1" 200 412
114.83.219.182 - - [23/Jul/2022:08:45:04 +0800] "GET /xingrg/javascript/jquery_easy_ui/themes/default/images/tabs_active.png HTTP/1.1" 200 2894
120.253.135.82 - - [23/Jul/2022:08:45:04 +0800] "GET /xingrg/all/function/internal_message.html?_=1658536909325&CODE_STATE=getMsg HTTP/1.1" 200 27
114.83.219.182 - - [23/Jul/2022:08:45:07 +0800] "GET /xingrg/kc/mdqp/psth_order_list1.html HTTP/1.1" 200 17927
114.83.219.182 - - [23/Jul/2022:08:45:07 +0800] "GET /xingrg/javascript/jquery_tools/list_manager.js HTTP/1.1" 200 3652
114.83.219.182 - - [23/Jul/2022:08:45:08 +0800] "GET /xingrg/javascript/easyui/themes/icons/field_new.png HTTP/1.1" 200 1097
114.83.219.182 - - [23/Jul/2022:08:45:08 +0800] "GET /xingrg/javascript/easyui/themes/icons/edit_add_new.png HTTP/1.1" 200 2997
114.83.219.182 - - [23/Jul/2022:08:45:08 +0800] "GET /xingrg/javascript/easyui/themes/icons/uncheck_new.png HTTP/1.1" 200 3197
114.83.219.182 - - [23/Jul/2022:08:45:08 +0800] "GET /xingrg/javascript/easyui/themes/icons/cance_new.png HTTP/1.1" 200 3986
114.83.219.182 - - [23/Jul/2022:08:45:08 +0800] "GET /xingrg/javascript/easyui/themes/icons/check_new.png HTTP/1.1" 200 3224
114.83.219.182 - - [23/Jul/2022:08:45:08 +0800] "GET /xingrg/images/control/ajaxLoader.gif HTTP/1.1" 200 4659
114.83.219.182 - - [23/Jul/2022:08:45:08 +0800] "POST /xingrg/kc/mdqp/psth_list_operate.html HTTP/1.1" 200 749
114.83.219.182 - - [23/Jul/2022:08:45:09 +0800] "GET /xingrg/kc/mdqp/pssh_order_list.html HTTP/1.1" 200 17903
114.83.219.182 - - [23/Jul/2022:08:45:09 +0800] "POST /xingrg/kc/mdqp/pssh_list_operate.html HTTP/1.1" 200 5352
114.86.187.244 - - [23/Jul/2022:08:45:10 +0800] "GET /xingrg/check_reg.html?_=1658537108124 HTTP/1.1" 200 22
114.83.219.182 - - [23/Jul/2022:08:45:11 +0800] "POST /xingrg/kc/mdqp/pssh_list_operate.html HTTP/1.1" 200 257
218.81.223.53 - - [23/Jul/2022:08:45:17 +0800] "GET /xingrg/kc/buy/cgsh_order_operate.html?command=get_materiel&rest_code=00146&code=00101008355&supplier_code=00100005&order_time=2022-07-23 HTTP/1.1" 200 408
114.83.219.182 - - [23/Jul/2022:08:45:18 +0800] "POST /xingrg/kc/mdqp/pssh_list_operate.html HTTP/1.1" 200 770
114.83.219.182 - - [23/Jul/2022:08:45:23 +0800] "GET /xingrg/kc/mdqp/pssh_order_info.html?code=312022072100355 HTTP/1.1" 200 17279
114.83.219.182 - - [23/Jul/2022:08:45:23 +0800] "GET /xingrg/javascript/jquery_tools/jquery-1.4.2.min.js HTTP/1.1" 404 1094
114.83.219.182 - - [23/Jul/2022:08:45:24 +0800] "GET /xingrg/javascript/easyui/themes/icons/back_new.png HTTP/1.1" 200 3414
114.83.219.182 - - [23/Jul/2022:08:45:24 +0800] "POST /xingrg/kc/mdqp/pssh_order_operate.html HTTP/1.1" 200 3659
114.83.219.182 - - [23/Jul/2022:08:45:24 +0800] "GET /xingrg/all/common/auto_word.html?type=base&rest_code=00149&rest_code=00149 HTTP/1.1" 200 1907
114.83.219.182 - - [23/Jul/2022:08:45:24 +0800] "GET /xingrg/javascript/easyui/themes/default/validatebox.css HTTP/1.1" 404 1104
114.83.219.182 - - [23/Jul/2022:08:45:24 +0800] "GET /xingrg/all/common/auto_word.html?type=employee&rest_code=00149 HTTP/1.1" 200 197
218.81.223.53 - - [23/Jul/2022:08:45:29 +0800] "GET /xingrg/kc/buy/cgsh_order_operate.html?command=get_materiel&rest_code=00146&code=00101008004&supplier_code=00100005&order_time=2022-07-23 HTTP/1.1" 200 416
180.175.103.110 - - [23/Jul/2022:08:45:35 +0800] "GET /xingrg/all/function/internal_message.html?_=1658537018302&CODE_STATE=getMsg HTTP/1.1" 200 27
180.175.103.110 - - [23/Jul/2022:08:45:40 +0800] "GET /xingrg/kc/buy/cgsh_order_add.html HTTP/1.1" 200 68026
180.175.103.110 - - [23/Jul/2022:08:45:41 +0800] "POST /xingrg/kc/buy/cgsh_order_operate.html HTTP/1.1" 200 8245
180.175.103.110 - - [23/Jul/2022:08:45:41 +0800] "GET /xingrg/javascript/easyui/themes/default/validatebox.css HTTP/1.1" 404 1104
114.83.219.182 - - [23/Jul/2022:08:45:42 +0800] "GET /xingrg/all/function/internal_message.html?_=1658537137551&CODE_STATE=getMsg HTTP/1.1" 200 27
120.253.135.82 - - [23/Jul/2022:08:45:42 +0800] "GET /xingrg/check_reg.html?_=1658537263523 HTTP/1.1" 200 22
180.169.147.146 - - [23/Jul/2022:08:45:47 +0800] "GET /xingrg/all/function/internal_message.html?_=1658537143606&CODE_STATE=getMsg HTTP/1.1" 302 -
114.86.187.244 - - [23/Jul/2022:08:45:47 +0800] "GET /xingrg/all/function/internal_message.html?_=1658537145835&CODE_STATE=getMsg HTTP/1.1" 200 27
180.175.103.110 - - [23/Jul/2022:08:45:48 +0800] "GET /xingrg/check_reg.html?_=1658537031353 HTTP/1.1" 200 22
218.81.223.53 - - [23/Jul/2022:08:45:54 +0800] "GET /xingrg/kc/buy/cgsh_order_operate.html?command=get_materiel&rest_code=00146&code=00101008439&supplier_code=00100005&order_time=2022-07-23 HTTP/1.1" 200 412
101.80.228.36 - - [23/Jul/2022:08:45:56 +0800] "GET /xingrg/all/function/internal_message.html?_=1658537152286&CODE_STATE=getMsg HTTP/1.1" 200 27
218.81.223.53 - - [23/Jul/2022:08:45:59 +0800] "POST /xingrg/kc/buy/cgsh_order_operate.html HTTP/1.1" 200 2065
101.83.223.227 - - [23/Jul/2022:08:45:59 +0800] "GET /xingrg/check_reg.html?_=1658537155642 HTTP/1.1" 302 -
120.253.135.82 - - [23/Jul/2022:08:46:02 +0800] "GET /xingrg/all/function/internal_message.html?_=1658537282987&CODE_STATE=getMsg HTTP/1.1" 200 27
180.175.103.110 - - [23/Jul/2022:08:46:02 +0800] "GET /xingrg/kc/buy/cgsh_order_operate.html?command=get_materiel&rest_code=00105&code=00101011005&supplier_code=00100052&order_time=2022-07-23 HTTP/1.1" 200 425
120.253.135.82 - - [23/Jul/2022:08:46:04 +0800] "GET /xingrg/all/function/internal_message.html?_=1658536969340&CODE_STATE=getMsg HTTP/1.1" 200 27
218.81.223.53 - - [23/Jul/2022:08:46:05 +0800] "GET /xingrg/all/function/internal_message.html?_=1658537183225&CODE_STATE=getMsg HTTP/1.1" 200 27
218.81.223.53 - - [23/Jul/2022:08:46:07 +0800] "POST /xingrg/kc/buy/cgsh_order_operate.html HTTP/1.1" 200 37
218.81.223.53 - - [23/Jul/2022:08:46:10 +0800] "POST /xingrg/kc/buy/cgsh_order_operate.html HTTP/1.1" 200 22202
180.175.103.110 - - [23/Jul/2022:08:46:20 +0800] "POST /xingrg/kc/buy/cgsh_order_operate.html HTTP/1.1" 200 37
180.175.103.110 - - [23/Jul/2022:08:46:23 +0800] "POST /xingrg/kc/buy/cgsh_order_operate.html HTTP/1.1" 200 2659
180.175.103.110 - - [23/Jul/2022:08:46:25 +0800] "GET /xingrg/kc/print/load_data.html?order_code=212022072305835&kc_code=cgsh&condition= HTTP/1.1" 200 720
180.175.103.110 - - [23/Jul/2022:08:46:35 +0800] "GET /xingrg/all/function/internal_message.html?_=1658537078291&CODE_STATE=getMsg HTTP/1.1" 200 27
180.175.103.110 - - [23/Jul/2022:08:46:36 +0800] "POST /xingrg/services/DataTransmitService HTTP/1.1" 200 524
114.83.219.182 - - [23/Jul/2022:08:46:42 +0800] "GET /xingrg/all/function/internal_message.html?_=1658537197554&CODE_STATE=getMsg HTTP/1.1" 200 27
114.83.219.182 - - [23/Jul/2022:08:46:42 +0800] "GET /xingrg/check_reg.html?_=1658537197558 HTTP/1.1" 200 22
114.83.219.182 - - [23/Jul/2022:08:46:43 +0800] "GET /xingrg/javascript/easyui/themes/default/images/button_plain_hover.png HTTP/1.1" 200 144
218.81.223.53 - - [23/Jul/2022:08:46:44 +0800] "GET /xingrg/check_reg.html?_=1658537222000 HTTP/1.1" 200 22
180.169.147.146 - - [23/Jul/2022:08:46:47 +0800] "GET /xingrg/all/function/internal_message.html?_=1658537203608&CODE_STATE=getMsg HTTP/1.1" 302 -
114.86.187.244 - - [23/Jul/2022:08:46:47 +0800] "GET /xingrg/all/function/internal_message.html?_=1658537205810&CODE_STATE=getMsg HTTP/1.1" 200 27
114.83.219.182 - - [23/Jul/2022:08:46:50 +0800] "GET /xingrg/kc/buy/cgsh_order_list.html HTTP/1.1" 200 52168
114.83.219.182 - - [23/Jul/2022:08:46:50 +0800] "GET /xingrg/kc/buy/cgsh_order_list.html HTTP/1.1" 200 52168
114.83.219.182 - - [23/Jul/2022:08:46:50 +0800] "GET /xingrg/javascript/easyui/themes/icons/import_new.png HTTP/1.1" 200 1247
114.83.219.182 - - [23/Jul/2022:08:46:50 +0800] "GET /favicon.ico HTTP/1.1" 404 -
114.83.219.182 - - [23/Jul/2022:08:46:51 +0800] "POST /xingrg/kc/buy/cgsh_list_operate.html HTTP/1.1" 200 693
114.83.219.182 - - [23/Jul/2022:08:46:51 +0800] "POST /xingrg/kc/buy/cgsh_list_operate.html HTTP/1.1" 200 693
114.83.219.182 - - [23/Jul/2022:08:46:53 +0800] "GET /xingrg/kc/buy/cgsh_order_add.html HTTP/1.1" 200 68032
114.83.219.182 - - [23/Jul/2022:08:46:53 +0800] "GET /xingrg/javascript/easyui/themes/default/validatebox.css HTTP/1.1" 404 1104
114.83.219.182 - - [23/Jul/2022:08:46:53 +0800] "POST /xingrg/kc/buy/cgsh_order_operate.html HTTP/1.1" 200 8245
114.83.219.182 - - [23/Jul/2022:08:46:54 +0800] "GET /xingrg/javascript/easyui/themes/icons/edit_remove.png HTTP/1.1" 200 625
101.80.228.36 - - [23/Jul/2022:08:46:56 +0800] "GET /xingrg/all/function/internal_message.html?_=1658537212257&CODE_STATE=getMsg HTTP/1.1" 200 27
120.253.135.82 - - [23/Jul/2022:08:47:02 +0800] "GET /xingrg/all/function/internal_message.html?_=1658537343001&CODE_STATE=getMsg HTTP/1.1" 200 27
114.83.219.182 - - [23/Jul/2022:08:47:02 +0800] "GET /xingrg/javascript/auto/indicator.gif HTTP/1.1" 404 1066
116.224.123.211 - - [23/Jul/2022:08:47:04 +0800] "GET /xingrg/check_reg.html?_=1658537252328 HTTP/1.1" 200 22
120.253.135.82 - - [23/Jul/2022:08:47:04 +0800] "GET /xingrg/all/function/internal_message.html?_=1658537029352&CODE_STATE=getMsg HTTP/1.1" 200 27
218.81.223.53 - - [23/Jul/2022:08:47:05 +0800] "GET /xingrg/all/function/internal_message.html?_=1658537243254&CODE_STATE=getMsg HTTP/1.1" 200 27
180.175.103.110 - - [23/Jul/2022:08:47:35 +0800] "GET /xingrg/all/function/internal_message.html?_=1658537138279&CODE_STATE=getMsg HTTP/1.1" 200 27
114.83.219.182 - - [23/Jul/2022:08:47:42 +0800] "GET /xingrg/all/function/internal_message.html?_=1658537257560&CODE_STATE=getMsg HTTP/1.1" 200 27
101.80.228.36 - - [23/Jul/2022:08:47:42 +0800] "GET /xingrg/check_reg.html?_=1658537258290 HTTP/1.1" 200 22
180.169.147.146 - - [23/Jul/2022:08:47:47 +0800] "GET /xingrg/all/function/internal_message.html?_=1658537263608&CODE_STATE=getMsg HTTP/1.1" 302 -
114.86.187.244 - - [23/Jul/2022:08:47:47 +0800] "GET /xingrg/all/function/internal_message.html?_=1658537265781&CODE_STATE=getMsg HTTP/1.1" 200 27
101.80.228.36 - - [23/Jul/2022:08:47:56 +0800] "GET /xingrg/all/function/internal_message.html?_=1658537272228&CODE_STATE=getMsg HTTP/1.1" 200 27
120.253.135.82 - - [23/Jul/2022:08:48:02 +0800] "GET /xingrg/all/function/internal_message.html?_=1658537403028&CODE_STATE=getMsg HTTP/1.1" 200 27
120.253.135.82 - - [23/Jul/2022:08:48:04 +0800] "GET /xingrg/all/function/internal_message.html?_=1658537089365&CODE_STATE=getMsg HTTP/1.1" 200 27
218.81.223.53 - - [23/Jul/2022:08:48:05 +0800] "GET /xingrg/all/function/internal_message.html?_=1658537303267&CODE_STATE=getMsg HTTP/1.1" 200 27
116.224.123.211 - - [23/Jul/2022:08:48:18 +0800] "POST /xingrg/services/DataTransmitService HTTP/1.1" 200 524
180.175.103.110 - - [23/Jul/2022:08:48:35 +0800] "GET /xingrg/all/function/internal_message.html?_=1658537198268&CODE_STATE=getMsg HTTP/1.1" 200 27
114.83.219.182 - - [23/Jul/2022:08:48:42 +0800] "GET /xingrg/all/function/internal_message.html?_=1658537317560&CODE_STATE=getMsg HTTP/1.1" 200 27
180.169.147.146 - - [23/Jul/2022:08:48:47 +0800] "GET /xingrg/check_reg.html?_=1658537323614 HTTP/1.1" 302 -
180.169.147.146 - - [23/Jul/2022:08:48:47 +0800] "GET /xingrg/all/function/internal_message.html?_=1658537323614&CODE_STATE=getMsg HTTP/1.1" 302 -
114.86.187.244 - - [23/Jul/2022:08:48:47 +0800] "GET /xingrg/all/function/internal_message.html?_=1658537325751&CODE_STATE=getMsg HTTP/1.1" 200 27
101.80.228.36 - - [23/Jul/2022:08:48:56 +0800] "GET /xingrg/all/function/internal_message.html?_=1658537332214&CODE_STATE=getMsg HTTP/1.1" 200 27
120.253.135.82 - - [23/Jul/2022:08:49:02 +0800] "GET /xingrg/all/function/internal_message.html?_=1658537463043&CODE_STATE=getMsg HTTP/1.1" 200 27
120.253.135.82 - - [23/Jul/2022:08:49:04 +0800] "GET /xingrg/check_reg.html?_=1658537148552 HTTP/1.1" 200 22
120.253.135.82 - - [23/Jul/2022:08:49:05 +0800] "GET /xingrg/all/function/internal_message.html?_=1658537149380&CODE_STATE=getMsg HTTP/1.1" 200 27
218.81.223.53 - - [23/Jul/2022:08:49:06 +0800] "GET /xingrg/all/function/internal_message.html?_=1658537363413&CODE_STATE=getMsg HTTP/1.1" 200 27
180.175.103.110 - - [23/Jul/2022:08:49:35 +0800] "GET /xingrg/all/function/internal_message.html?_=1658537258253&CODE_STATE=getMsg HTTP/1.1" 200 27
114.83.219.182 - - [23/Jul/2022:08:49:42 +0800] "GET /xingrg/all/function/internal_message.html?_=1658537377560&CODE_STATE=getMsg HTTP/1.1" 200 27
101.83.223.227 - - [23/Jul/2022:08:49:42 +0800] "GET /xingrg/kc/buy/cgsh_order_list.html HTTP/1.1" 302 -
101.83.223.227 - - [23/Jul/2022:08:49:42 +0800] "GET /xingrg/login.html HTTP/1.1" 200 7641
101.83.223.227 - - [23/Jul/2022:08:49:42 +0800] "GET /xingrg/login.html HTTP/1.1" 200 7641
101.83.223.227 - - [23/Jul/2022:08:49:42 +0800] "GET /favicon.ico HTTP/1.1" 404 -
101.83.223.227 - - [23/Jul/2022:08:49:44 +0800] "POST /xingrg/login.do HTTP/1.1" 302 -
101.83.223.227 - - [23/Jul/2022:08:49:44 +0800] "GET /xingrg/index.html?sysBaseUrl=http%3A%2F%2F180.169.147.146%3A18081%2Fxingrg%2F&costTime=38×tamp=1658537384307 HTTP/1.1" 200 17177
101.83.223.227 - - [23/Jul/2022:08:49:44 +0800] "GET /favicon.ico HTTP/1.1" 404 -
101.83.223.227 - - [23/Jul/2022:08:49:44 +0800] "POST /xingrg/all/common/load_tree.html?tree=area_rest_tree_json&manage=1 HTTP/1.1" 200 476
101.83.223.227 - - [23/Jul/2022:08:49:44 +0800] "GET /xingrg/check_reg.html?_=1658537380815 HTTP/1.1" 200 22
101.83.223.227 - - [23/Jul/2022:08:49:44 +0800] "POST /xingrg/load_menu.html HTTP/1.1" 200 5138
101.83.223.227 - - [23/Jul/2022:08:49:44 +0800] "GET /xingrg/all/function/internal_message.html?_=1658537380813&CODE_STATE=count HTTP/1.1" 200 11
101.83.223.227 - - [23/Jul/2022:08:49:47 +0800] "GET /xingrg/kc/buy/cgsh_order_list.html HTTP/1.1" 200 52166
180.169.147.146 - - [23/Jul/2022:08:49:47 +0800] "GET /xingrg/all/function/internal_message.html?_=1658537383602&CODE_STATE=getMsg HTTP/1.1" 302 -
114.86.187.244 - - [23/Jul/2022:08:49:47 +0800] "GET /xingrg/all/function/internal_message.html?_=1658537385745&CODE_STATE=getMsg HTTP/1.1" 200 27
101.83.223.227 - - [23/Jul/2022:08:49:48 +0800] "POST /xingrg/kc/buy/cgsh_list_operate.html HTTP/1.1" 200 693
101.83.223.227 - - [23/Jul/2022:08:49:49 +0800] "GET /xingrg/kc/buy/cgsh_order_add.html HTTP/1.1" 200 67542
101.83.223.227 - - [23/Jul/2022:08:49:49 +0800] "GET /xingrg/words/20220721182822_words.js HTTP/1.1" 304 -
101.83.223.227 - - [23/Jul/2022:08:49:49 +0800] "POST /xingrg/kc/buy/cgsh_order_operate.html HTTP/1.1" 200 8245
101.83.223.227 - - [23/Jul/2022:08:49:49 +0800] "GET /xingrg/all/common/auto_word.html?type=employee&rest_code=00151 HTTP/1.1" 200 293
101.83.223.227 - - [23/Jul/2022:08:49:49 +0800] "GET /xingrg/all/common/auto_word.html?type=employee&rest_code=00151 HTTP/1.1" 200 293
101.83.223.227 - - [23/Jul/2022:08:49:49 +0800] "GET /xingrg/javascript/easyui/themes/default/validatebox.css HTTP/1.1" 404 1104
101.83.223.227 - - [23/Jul/2022:08:49:51 +0800] "GET /xingrg/javascript/auto/indicator.gif HTTP/1.1" 404 1066
101.80.228.36 - - [23/Jul/2022:08:49:56 +0800] "GET /xingrg/all/function/internal_message.html?_=1658537392199&CODE_STATE=getMsg HTTP/1.1" 200 27
101.83.223.227 - - [23/Jul/2022:08:49:59 +0800] "GET /xingrg/kc/buy/cgsh_order_operate.html?command=get_materiel&rest_code=00151&code=00101012019&supplier_code=00100096&order_time=2022-07-23 HTTP/1.1" 200 412
120.253.135.82 - - [23/Jul/2022:08:50:02 +0800] "GET /xingrg/all/function/internal_message.html?_=1658537523072&CODE_STATE=getMsg HTTP/1.1" 200 27
120.253.135.82 - - [23/Jul/2022:08:50:05 +0800] "GET /xingrg/all/function/internal_message.html?_=1658537209392&CODE_STATE=getMsg HTTP/1.1" 200 27
218.81.223.53 - - [23/Jul/2022:08:50:05 +0800] "GET /xingrg/all/function/internal_message.html?_=1658537423421&CODE_STATE=getMsg HTTP/1.1" 200 27
116.235.94.65 - - [23/Jul/2022:08:50:09 +0800] "POST /xingrg/services/DataTransmitService HTTP/1.1" 200 524
101.83.223.227 - - [23/Jul/2022:08:50:10 +0800] "GET /xingrg/kc/buy/cgsh_order_operate.html?command=get_materiel&rest_code=00151&code=00101001075&supplier_code=00100096&order_time=2022-07-23 HTTP/1.1" 200 411
114.86.187.244 - - [23/Jul/2022:08:50:10 +0800] "GET /xingrg/check_reg.html?_=1658537408119 HTTP/1.1" 200 22
101.83.223.227 - - [23/Jul/2022:08:50:20 +0800] "GET /xingrg/kc/buy/cgsh_order_operate.html?command=get_materiel&rest_code=00151&code=00101006109&supplier_code=00100096&order_time=2022-07-23 HTTP/1.1" 200 425
101.83.223.227 - - [23/Jul/2022:08:50:30 +0800] "GET /xingrg/kc/buy/cgsh_order_operate.html?command=get_materiel&rest_code=00151&code=00101006013&supplier_code=00100096&order_time=2022-07-23 HTTP/1.1" 200 411
180.175.103.110 - - [23/Jul/2022:08:50:35 +0800] "GET /xingrg/all/function/internal_message.html?_=1658537318242&CODE_STATE=getMsg HTTP/1.1" 200 27
101.83.223.227 - - [23/Jul/2022:08:50:39 +0800] "GET /xingrg/kc/buy/cgsh_order_operate.html?command=get_materiel&rest_code=00151&code=00101006178&supplier_code=00100096&order_time=2022-07-23 HTTP/1.1" 200 409
114.83.219.182 - - [23/Jul/2022:08:50:42 +0800] "GET /xingrg/all/function/internal_message.html?_=1658537437569&CODE_STATE=getMsg HTTP/1.1" 200 27
120.253.135.82 - - [23/Jul/2022:08:50:42 +0800] "GET /xingrg/check_reg.html?_=1658537563526 HTTP/1.1" 200 22
101.83.223.227 - - [23/Jul/2022:08:50:44 +0800] "GET /xingrg/all/function/internal_message.html?_=1658537440821&CODE_STATE=getMsg HTTP/1.1" 200 27
180.169.147.146 - - [23/Jul/2022:08:50:47 +0800] "GET /xingrg/all/function/internal_message.html?_=1658537443602&CODE_STATE=getMsg HTTP/1.1" 302 -
114.86.187.244 - - [23/Jul/2022:08:50:47 +0800] "GET /xingrg/all/function/internal_message.html?_=1658537445719&CODE_STATE=getMsg HTTP/1.1" 200 27
180.175.103.110 - - [23/Jul/2022:08:50:48 +0800] "GET /xingrg/check_reg.html?_=1658537331358 HTTP/1.1" 200 22
101.83.223.227 - - [23/Jul/2022:08:50:54 +0800] "POST /xingrg/kc/buy/cgsh_order_operate.html HTTP/1.1" 200 37
101.80.228.36 - - [23/Jul/2022:08:50:56 +0800] "GET /xingrg/all/function/internal_message.html?_=1658537452184&CODE_STATE=getMsg HTTP/1.1" 200 27
101.83.223.227 - - [23/Jul/2022:08:50:58 +0800] "POST /xingrg/kc/buy/cgsh_order_operate.html HTTP/1.1" 200 12
101.83.223.227 - - [23/Jul/2022:08:50:59 +0800] "GET /xingrg/kc/buy/cgsh_order_info.html?code=212022072305836 HTTP/1.1" 200 62435
101.83.223.227 - - [23/Jul/2022:08:50:59 +0800] "GET /xingrg/javascript/easyui/themes/default/validatebox.css HTTP/1.1" 404 1104
101.83.223.227 - - [23/Jul/2022:08:51:00 +0800] "POST /xingrg/kc/buy/cgsh_order_operate.html HTTP/1.1" 200 3011
101.83.223.227 - - [23/Jul/2022:08:51:01 +0800] "GET /xingrg/kc/print/load_config.html?kc_code=cgsh HTTP/1.1" 200 1943
101.83.223.227 - - [23/Jul/2022:08:51:01 +0800] "GET /xingrg/kc/print/load_data.html?order_code=212022072305836&kc_code=cgsh&condition= HTTP/1.1" 200 1614
120.253.135.82 - - [23/Jul/2022:08:51:02 +0800] "GET /xingrg/all/function/internal_message.html?_=1658537583085&CODE_STATE=getMsg HTTP/1.1" 200 27
120.253.135.82 - - [23/Jul/2022:08:51:05 +0800] "GET /xingrg/all/function/internal_message.html?_=1658537269407&CODE_STATE=getMsg HTTP/1.1" 200 27
218.81.223.53 - - [23/Jul/2022:08:51:05 +0800] "GET /xingrg/all/function/internal_message.html?_=1658537483547&CODE_STATE=getMsg HTTP/1.1" 200 27
101.83.223.227 - - [23/Jul/2022:08:51:09 +0800] "POST /xingrg/all/user/operate.html HTTP/1.1" 200 36
101.83.223.227 - - [23/Jul/2022:08:51:09 +0800] "GET /xingrg/index.html?sysBaseUrl=http%3A%2F%2F180.169.147.146%3A18081%2Fxingrg%2F&costTime=38×tamp=1658537384307 HTTP/1.1" 200 17179
101.83.223.227 - - [23/Jul/2022:08:51:09 +0800] "GET /xingrg/javascript/jquery_easy_ui/themes/default/easyui.css HTTP/1.1" 304 -
101.83.223.227 - - [23/Jul/2022:08:51:09 +0800] "GET /xingrg/javascript/jquery_easy_ui/themes/icon.css HTTP/1.1" 304 -
101.83.223.227 - - [23/Jul/2022:08:51:09 +0800] "GET /xingrg/css/form.css HTTP/1.1" 304 -
101.83.223.227 - - [23/Jul/2022:08:51:09 +0800] "GET /xingrg/javascript/jquery-1.4.2.min.js HTTP/1.1" 304 -
101.83.223.227 - - [23/Jul/2022:08:51:09 +0800] "GET /xingrg/javascript/jquery_easy_ui/jquery.easyui.min.js HTTP/1.1" 304 -
101.83.223.227 - - [23/Jul/2022:08:51:09 +0800] "GET /xingrg/javascript/jquery_easy_ui/easyui-lang-zh_CN.js HTTP/1.1" 304 -
101.83.223.227 - - [23/Jul/2022:08:51:09 +0800] "GET /xingrg/javascript/jquery.form.js HTTP/1.1" 304 -
101.83.223.227 - - [23/Jul/2022:08:51:09 +0800] "GET /xingrg/javascript/jquery.utils.js HTTP/1.1" 304 -
101.83.223.227 - - [23/Jul/2022:08:51:09 +0800] "GET /xingrg/javascript/jquery.timers.js HTTP/1.1" 304 -
101.83.223.227 - - [23/Jul/2022:08:51:09 +0800] "GET /xingrg/images/blue/jxLogo.png HTTP/1.1" 304 -
101.83.223.227 - - [23/Jul/2022:08:51:09 +0800] "GET /xingrg/javascript/jquery_easy_ui/themes/icons/settle_new.png HTTP/1.1" 304 -
101.83.223.227 - - [23/Jul/2022:08:51:09 +0800] "GET /xingrg/images/blue/navBackgound.jpg HTTP/1.1" 304 -
101.83.223.227 - - [23/Jul/2022:08:51:09 +0800] "POST /xingrg/all/common/load_tree.html?tree=area_rest_tree_json&manage=1 HTTP/1.1" 200 476
101.83.223.227 - - [23/Jul/2022:08:51:09 +0800] "GET /xingrg/all/function/internal_message.html?_=1658537465707&CODE_STATE=count HTTP/1.1" 200 11
101.83.223.227 - - [23/Jul/2022:08:51:09 +0800] "GET /xingrg/check_reg.html?_=1658537465707 HTTP/1.1" 200 22
101.83.223.227 - - [23/Jul/2022:08:51:09 +0800] "GET /xingrg/images/blue/pingpu.png HTTP/1.1" 304 -
101.83.223.227 - - [23/Jul/2022:08:51:09 +0800] "POST /xingrg/load_menu.html HTTP/1.1" 200 5138
101.83.223.227 - - [23/Jul/2022:08:51:09 +0800] "GET /xingrg/javascript/jquery_easy_ui/themes/default/images/tabs_rightarrow.png HTTP/1.1" 304 -
101.83.223.227 - - [23/Jul/2022:08:51:09 +0800] "GET /xingrg/javascript/jquery_easy_ui/themes/default/images/tabs_leftarrow.png HTTP/1.1" 304 -
101.83.223.227 - - [23/Jul/2022:08:51:09 +0800] "GET /xingrg/javascript/jquery_easy_ui/themes/default/images/panel_tool_collapse.gif HTTP/1.1" 304 -
101.83.223.227 - - [23/Jul/2022:08:51:09 +0800] "GET /xingrg/javascript/jquery_easy_ui/themes/default/images/tree_folder_open.gif HTTP/1.1" 304 -
101.83.223.227 - - [23/Jul/2022:08:51:09 +0800] "GET /xingrg/javascript/jquery_easy_ui/themes/default/images/tree_folder.gif HTTP/1.1" 304 -
101.83.223.227 - - [23/Jul/2022:08:51:09 +0800] "GET /xingrg/javascript/jquery_easy_ui/themes/default/images/tree_arrows.gif HTTP/1.1" 304 -
101.83.223.227 - - [23/Jul/2022:08:51:09 +0800] "GET /xingrg/javascript/jquery_easy_ui/themes/icons/forms_new.png HTTP/1.1" 304 -
101.83.223.227 - - [23/Jul/2022:08:51:09 +0800] "GET /xingrg/javascript/jquery_easy_ui/themes/icons/storage_new.png HTTP/1.1" 304 -
101.83.223.227 - - [23/Jul/2022:08:51:09 +0800] "GET /xingrg/javascript/jquery_easy_ui/themes/default/images/tree_file.gif HTTP/1.1" 304 -
101.83.223.227 - - [23/Jul/2022:08:51:09 +0800] "GET /xingrg/javascript/jquery_easy_ui/themes/icons/search_new.png HTTP/1.1" 304 -
101.83.223.227 - - [23/Jul/2022:08:51:11 +0800] "GET /xingrg/kc/buy/cgsh_order_list.html HTTP/1.1" 200 52168
101.83.223.227 - - [23/Jul/2022:08:51:12 +0800] "POST /xingrg/kc/buy/cgsh_list_operate.html HTTP/1.1" 200 693
101.83.223.227 - - [23/Jul/2022:08:51:13 +0800] "GET /xingrg/kc/buy/cgsh_order_add.html HTTP/1.1" 200 67944
101.83.223.227 - - [23/Jul/2022:08:51:13 +0800] "POST /xingrg/kc/buy/cgsh_order_operate.html HTTP/1.1" 200 8245
101.83.223.227 - - [23/Jul/2022:08:51:13 +0800] "GET /xingrg/all/common/auto_word.html?type=employee&rest_code=00150 HTTP/1.1" 200 159
101.83.223.227 - - [23/Jul/2022:08:51:13 +0800] "GET /xingrg/javascript/easyui/themes/default/validatebox.css HTTP/1.1" 404 1104
101.83.223.227 - - [23/Jul/2022:08:51:13 +0800] "GET /xingrg/all/common/auto_word.html?type=employee&rest_code=00150 HTTP/1.1" 200 159
101.83.223.227 - - [23/Jul/2022:08:51:15 +0800] "GET /xingrg/javascript/auto/indicator.gif HTTP/1.1" 404 1066
101.83.223.227 - - [23/Jul/2022:08:51:22 +0800] "GET /xingrg/kc/buy/cgsh_order_operate.html?command=get_materiel&rest_code=00150&code=00101012039&supplier_code=00100096&order_time=2022-07-23 HTTP/1.1" 200 408
180.175.103.110 - - [23/Jul/2022:08:51:35 +0800] "GET /xingrg/all/function/internal_message.html?_=1658537378228&CODE_STATE=getMsg HTTP/1.1" 200 27
114.83.219.182 - - [23/Jul/2022:08:51:42 +0800] "GET /xingrg/all/function/internal_message.html?_=1658537497568&CODE_STATE=getMsg HTTP/1.1" 200 27
114.83.219.182 - - [23/Jul/2022:08:51:42 +0800] "GET /xingrg/check_reg.html?_=1658537497573 HTTP/1.1" 200 22
218.81.223.53 - - [23/Jul/2022:08:51:44 +0800] "GET /xingrg/check_reg.html?_=1658537521996 HTTP/1.1" 200 22
180.169.147.146 - - [23/Jul/2022:08:51:47 +0800] "GET /xingrg/all/function/internal_message.html?_=1658537503604&CODE_STATE=getMsg HTTP/1.1" 302 -
114.86.187.244 - - [23/Jul/2022:08:51:47 +0800] "GET /xingrg/all/function/internal_message.html?_=1658537505694&CODE_STATE=getMsg HTTP/1.1" 200 27
101.83.223.227 - - [23/Jul/2022:08:51:48 +0800] "GET /xingrg/kc/buy/cgsh_order_operate.html?command=get_materiel&rest_code=00150&code=00101016025&supplier_code=00100096&order_time=2022-07-23 HTTP/1.1" 200 408
101.83.223.227 - - [23/Jul/2022:08:51:55 +0800] "GET /xingrg/kc/buy/cgsh_order_operate.html?command=get_materiel&rest_code=00150&code=00101012033&supplier_code=00100096&order_time=2022-07-23 HTTP/1.1" 200 426
101.80.228.36 - - [23/Jul/2022:08:51:56 +0800] "GET /xingrg/all/function/internal_message.html?_=1658537512154&CODE_STATE=getMsg HTTP/1.1" 200 27
120.253.135.82 - - [23/Jul/2022:08:52:02 +0800] "GET /xingrg/all/function/internal_message.html?_=1658537643099&CODE_STATE=getMsg HTTP/1.1" 200 27
114.86.225.230 - - [23/Jul/2022:08:52:03 +0800] "POST /xingrg/services/DataTransmitService HTTP/1.1" 200 524
218.81.223.53 - - [23/Jul/2022:08:52:04 +0800] "POST /xingrg/services/DataTransmitService HTTP/1.1" 200 524
116.224.123.211 - - [23/Jul/2022:08:52:04 +0800] "GET /xingrg/check_reg.html?_=1658537552346 HTTP/1.1" 200 22
218.81.223.53 - - [23/Jul/2022:08:52:05 +0800] "POST /xingrg/services/DataTransmitService HTTP/1.1" 200 412
120.253.135.82 - - [23/Jul/2022:08:52:05 +0800] "GET /xingrg/all/function/internal_message.html?_=1658537329521&CODE_STATE=getMsg HTTP/1.1" 200 27
101.83.223.227 - - [23/Jul/2022:08:52:05 +0800] "GET /xingrg/kc/buy/cgsh_order_operate.html?command=get_materiel&rest_code=00150&code=00101001010&supplier_code=00100096&order_time=2022-07-23 HTTP/1.1" 200 427
218.81.223.53 - - [23/Jul/2022:08:52:05 +0800] "GET /xingrg/all/function/internal_message.html?_=1658537543556&CODE_STATE=getMsg HTTP/1.1" 200 27
114.84.2.83 - - [23/Jul/2022:08:52:06 +0800] "POST /xingrg/services/DataTransmitService HTTP/1.1" 200 524
101.83.223.227 - - [23/Jul/2022:08:52:09 +0800] "GET /xingrg/all/function/internal_message.html?_=1658537525775&CODE_STATE=getMsg HTTP/1.1" 200 27
101.83.223.227 - - [23/Jul/2022:08:52:18 +0800] "GET /xingrg/kc/buy/cgsh_order_operate.html?command=get_materiel&rest_code=00150&code=00101006062&supplier_code=00100096&order_time=2022-07-23 HTTP/1.1" 200 411
101.83.223.227 - - [23/Jul/2022:08:52:27 +0800] "GET /xingrg/kc/buy/cgsh_order_operate.html?command=get_materiel&rest_code=00150&code=00101006109&supplier_code=00100096&order_time=2022-07-23 HTTP/1.1" 200 426
218.81.223.53 - - [23/Jul/2022:08:52:28 +0800] "GET /xingrg/kc/buy/cgsh_order_operate.html?command=get_materiel&rest_code=00146&code=00101008137&supplier_code=00100005&order_time=2022-07-23 HTTP/1.1" 200 408
180.175.103.110 - - [23/Jul/2022:08:52:35 +0800] "GET /xingrg/all/function/internal_message.html?_=1658537438217&CODE_STATE=getMsg HTTP/1.1" 200 27
101.83.223.227 - - [23/Jul/2022:08:52:38 +0800] "GET /xingrg/kc/buy/cgsh_order_operate.html?command=get_materiel&rest_code=00150&code=00101006055&supplier_code=00100096&order_time=2022-07-23 HTTP/1.1" 200 426
114.83.219.182 - - [23/Jul/2022:08:52:42 +0800] "GET /xingrg/all/function/internal_message.html?_=1658537557571&CODE_STATE=getMsg HTTP/1.1" 200 27
101.80.228.36 - - [23/Jul/2022:08:52:42 +0800] "GET /xingrg/check_reg.html?_=1658537558282 HTTP/1.1" 200 22
218.81.223.53 - - [23/Jul/2022:08:52:43 +0800] "GET /xingrg/kc/buy/cgsh_order_operate.html?command=get_materiel&rest_code=00146&code=00101008360&supplier_code=00100005&order_time=2022-07-23 HTTP/1.1" 200 412
180.169.147.146 - - [23/Jul/2022:08:52:47 +0800] "GET /xingrg/all/function/internal_message.html?_=1658537563608&CODE_STATE=getMsg HTTP/1.1" 302 -
114.86.187.244 - - [23/Jul/2022:08:52:47 +0800] "GET /xingrg/all/function/internal_message.html?_=1658537565695&CODE_STATE=getMsg HTTP/1.1" 200 27
101.83.223.227 - - [23/Jul/2022:08:52:48 +0800] "GET /xingrg/kc/buy/cgsh_order_operate.html?command=get_materiel&rest_code=00150&code=00101006065&supplier_code=00100096&order_time=2022-07-23 HTTP/1.1" 200 424
101.80.228.36 - - [23/Jul/2022:08:52:56 +0800] "GET /xingrg/all/function/internal_message.html?_=1658537572128&CODE_STATE=getMsg HTTP/1.1" 200 27
101.83.223.227 - - [23/Jul/2022:08:52:57 +0800] "GET /xingrg/kc/buy/cgsh_order_operate.html?command=get_materiel&rest_code=00150&code=00101006111&supplier_code=00100096&order_time=2022-07-23 HTTP/1.1" 200 411
218.81.223.53 - - [23/Jul/2022:08:53:01 +0800] "GET /xingrg/kc/buy/cgsh_order_operate.html?command=get_materiel&rest_code=00146&code=00101008196&supplier_code=00100005&order_time=2022-07-23 HTTP/1.1" 200 416
120.253.135.82 - - [23/Jul/2022:08:53:02 +0800] "GET /xingrg/all/function/internal_message.html?_=1658537703130&CODE_STATE=getMsg HTTP/1.1" 200 27
120.253.135.82 - - [23/Jul/2022:08:53:05 +0800] "GET /xingrg/all/function/internal_message.html?_=1658537389527&CODE_STATE=getMsg HTTP/1.1" 200 27
218.81.223.53 - - [23/Jul/2022:08:53:05 +0800] "GET /xingrg/all/function/internal_message.html?_=1658537603569&CODE_STATE=getMsg HTTP/1.1" 200 27
101.83.223.227 - - [23/Jul/2022:08:53:08 +0800] "GET /xingrg/kc/buy/cgsh_order_operate.html?command=get_materiel&rest_code=00150&code=00101007061&supplier_code=00100096&order_time=2022-07-23 HTTP/1.1" 200 425
101.83.223.227 - - [23/Jul/2022:08:53:09 +0800] "GET /xingrg/all/function/internal_message.html?_=1658537585755&CODE_STATE=getMsg HTTP/1.1" 200 27
218.81.223.53 - - [23/Jul/2022:08:53:19 +0800] "GET /xingrg/kc/buy/cgsh_order_operate.html?command=get_materiel&rest_code=00146&code=00101008136&supplier_code=00100005&order_time=2022-07-23 HTTP/1.1" 200 412
101.83.223.227 - - [23/Jul/2022:08:53:20 +0800] "GET /xingrg/kc/buy/cgsh_order_operate.html?command=get_materiel&rest_code=00150&code=00101007006&supplier_code=00100096&order_time=2022-07-23 HTTP/1.1" 200 414
218.81.223.53 - - [23/Jul/2022:08:53:25 +0800] "POST /xingrg/kc/buy/cgsh_order_operate.html HTTP/1.1" 200 2065
180.175.103.110 - - [23/Jul/2022:08:53:35 +0800] "GET /xingrg/all/function/internal_message.html?_=1658537498192&CODE_STATE=getMsg HTTP/1.1" 200 27
114.83.219.182 - - [23/Jul/2022:08:53:42 +0800] "GET /xingrg/all/function/internal_message.html?_=1658537617570&CODE_STATE=getMsg HTTP/1.1" 200 27
101.83.223.227 - - [23/Jul/2022:08:53:43 +0800] "GET /xingrg/kc/buy/cgsh_order_operate.html?command=get_materiel&rest_code=00150&code=00101007049&supplier_code=00100096&order_time=2022-07-23 HTTP/1.1" 200 424
218.81.223.53 - - [23/Jul/2022:08:53:47 +0800] "GET /xingrg/kc/buy/cgsh_order_operate.html?command=get_materiel&rest_code=00146&code=00101008318&supplier_code=00100005&order_time=2022-07-23 HTTP/1.1" 200 408
180.169.147.146 - - [23/Jul/2022:08:53:47 +0800] "GET /xingrg/all/function/internal_message.html?_=1658537623614&CODE_STATE=getMsg HTTP/1.1" 302 -
180.169.147.146 - - [23/Jul/2022:08:53:47 +0800] "GET /xingrg/check_reg.html?_=1658537623614 HTTP/1.1" 302 -
114.86.187.244 - - [23/Jul/2022:08:53:47 +0800] "GET /xingrg/all/function/internal_message.html?_=1658537625680&CODE_STATE=getMsg HTTP/1.1" 200 27
101.83.223.227 - - [23/Jul/2022:08:53:54 +0800] "GET /xingrg/kc/buy/cgsh_order_operate.html?command=get_materiel&rest_code=00150&code=00101007091&supplier_code=00100096&order_time=2022-07-23 HTTP/1.1" 200 413
