101.80.228.36 - - [22/Jul/2022:11:23:20 +0800] "GET /xingrg/all/function/internal_message.html?_=1658460197379&CODE_STATE=getMsg HTTP/1.1" 200 27
101.85.120.95 - - [22/Jul/2022:11:23:24 +0800] "GET /xingrg/all/function/internal_message.html?_=1658460198912&CODE_STATE=getMsg HTTP/1.1" 200 27
114.83.219.182 - - [22/Jul/2022:11:23:24 +0800] "GET /xingrg/all/function/internal_message.html?_=1658460201574&CODE_STATE=getMsg HTTP/1.1" 200 27
114.83.219.182 - - [22/Jul/2022:11:23:26 +0800] "GET /xingrg/check_reg.html?_=1658460202919 HTTP/1.1" 200 22
218.81.223.53 - - [22/Jul/2022:11:23:27 +0800] "GET /xingrg/all/function/internal_message.html?_=1658460222487&CODE_STATE=getMsg HTTP/1.1" 200 27
180.169.147.146 - - [22/Jul/2022:11:23:30 +0800] "GET /xingrg/all/function/internal_message.html?_=1658460205854&CODE_STATE=getMsg HTTP/1.1" 200 27
101.80.228.36 - - [22/Jul/2022:11:23:32 +0800] "GET /xingrg/kc/buy/cgsh_order_operate.html?command=get_materiel&rest_code=00156&code=00101008126&supplier_code=00100006&order_time=2022-07-22 HTTP/1.1" 200 412
120.253.135.82 - - [22/Jul/2022:11:23:33 +0800] "POST /xingrg/kc/buy/cgsh_list_operate.html HTTP/1.1" 200 2203
120.253.135.82 - - [22/Jul/2022:11:23:34 +0800] "GET /xingrg/all/function/internal_message.html?_=1658460207959&CODE_STATE=getMsg HTTP/1.1" 200 27
116.237.76.126 - - [22/Jul/2022:11:23:35 +0800] "GET /xingrg/all/function/internal_message.html?_=1658460214223&CODE_STATE=getMsg HTTP/1.1" 200 27
180.175.103.110 - - [22/Jul/2022:11:23:35 +0800] "GET /xingrg/kc/base/wldb_order_add.html HTTP/1.1" 200 30356
180.175.103.110 - - [22/Jul/2022:11:23:36 +0800] "POST /xingrg/kc/base/wldb_order_operate.html HTTP/1.1" 200 6806
180.175.103.110 - - [22/Jul/2022:11:23:36 +0800] "GET /xingrg/javascript/easyui/themes/default/validatebox.css HTTP/1.1" 404 1104
114.86.229.145 - - [22/Jul/2022:11:23:36 +0800] "GET /xingrg/all/function/internal_message.html?_=1658460213765&CODE_STATE=getMsg HTTP/1.1" 200 27
114.88.155.189 - - [22/Jul/2022:11:23:42 +0800] "GET /xingrg/all/function/internal_message.html?_=1658459910794&CODE_STATE=getMsg HTTP/1.1" 200 27
180.175.103.110 - - [22/Jul/2022:11:23:45 +0800] "GET /xingrg/all/function/internal_message.html?_=1658460109878&CODE_STATE=getMsg HTTP/1.1" 200 27
180.169.147.146 - - [22/Jul/2022:11:23:46 +0800] "GET /xingrg/all/function/internal_message.html?_=1658460221602&CODE_STATE=getMsg HTTP/1.1" 200 27
180.169.147.146 - - [22/Jul/2022:11:23:46 +0800] "GET /xingrg/check_reg.html?_=1658460221604 HTTP/1.1" 200 22
101.80.228.36 - - [22/Jul/2022:11:23:48 +0800] "GET /xingrg/kc/buy/cgsh_order_operate.html?command=get_materiel&rest_code=00156&code=00101008321&supplier_code=00100006&order_time=2022-07-22 HTTP/1.1" 200 412
116.224.123.211 - - [22/Jul/2022:11:23:55 +0800] "GET /xingrg/check_reg.html?_=1658460295572 HTTP/1.1" 200 22
114.84.2.83 - - [22/Jul/2022:11:23:56 +0800] "GET /xingrg/all/function/internal_message.html?_=1658460230353&CODE_STATE=getMsg HTTP/1.1" 200 27
180.169.147.146 - - [22/Jul/2022:11:23:56 +0800] "GET /xingrg/all/function/internal_message.html?_=1658460229645&CODE_STATE=getMsg HTTP/1.1" 200 27
180.175.103.110 - - [22/Jul/2022:11:23:56 +0800] "GET /xingrg/kc/base/wldb_order_operate.html?command=get_materiel&rest_code=00105&base_code=0010507&code=00101019018 HTTP/1.1" 200 465
180.169.147.146 - - [22/Jul/2022:11:23:57 +0800] "GET /xingrg/check_reg.html?_=1658460230145 HTTP/1.1" 200 22
116.224.123.211 - - [22/Jul/2022:11:23:58 +0800] "GET /xingrg/all/function/internal_message.html?_=1658460298891&CODE_STATE=getMsg HTTP/1.1" 200 27
101.80.228.36 - - [22/Jul/2022:11:24:03 +0800] "GET /xingrg/kc/buy/cgsh_order_operate.html?command=get_materiel&rest_code=00156&code=00101008087&supplier_code=00100006&order_time=2022-07-22 HTTP/1.1" 200 412
120.253.135.82 - - [22/Jul/2022:11:24:13 +0800] "POST /xingrg/kc/buy/cgsh_list_operate.html HTTP/1.1" 200 1931
101.80.228.36 - - [22/Jul/2022:11:24:14 +0800] "GET /xingrg/kc/buy/cgsh_order_operate.html?command=get_materiel&rest_code=00156&code=00101008228&supplier_code=00100006&order_time=2022-07-22 HTTP/1.1" 200 416
101.83.223.227 - - [22/Jul/2022:11:24:14 +0800] "GET /xingrg/all/function/internal_message.html?_=1658460251725&CODE_STATE=getMsg HTTP/1.1" 200 27
180.175.103.110 - - [22/Jul/2022:11:24:14 +0800] "POST /xingrg/kc/base/wldb_order_operate.html HTTP/1.1" 200 37
180.175.103.110 - - [22/Jul/2022:11:24:14 +0800] "POST /xingrg/kc/base/wldb_order_operate.html HTTP/1.1" 200 2695
180.175.103.110 - - [22/Jul/2022:11:24:15 +0800] "GET /xingrg/kc/base/wldb_order_info.html?code=422022072201388 HTTP/1.1" 200 30369
180.175.103.110 - - [22/Jul/2022:11:24:15 +0800] "GET /xingrg/javascript/easyui/themes/default/validatebox.css HTTP/1.1" 404 1104
180.175.103.110 - - [22/Jul/2022:11:24:16 +0800] "POST /xingrg/kc/base/wldb_order_operate.html HTTP/1.1" 200 2695
114.86.187.244 - - [22/Jul/2022:11:24:17 +0800] "GET /xingrg/all/function/internal_message.html?_=1658460261679&CODE_STATE=getMsg HTTP/1.1" 200 27
101.80.228.36 - - [22/Jul/2022:11:24:20 +0800] "GET /xingrg/all/function/internal_message.html?_=1658460257374&CODE_STATE=getMsg HTTP/1.1" 200 27
101.85.120.95 - - [22/Jul/2022:11:24:24 +0800] "GET /xingrg/all/function/internal_message.html?_=1658460258912&CODE_STATE=getMsg HTTP/1.1" 200 27
114.83.219.182 - - [22/Jul/2022:11:24:24 +0800] "GET /xingrg/all/function/internal_message.html?_=1658460261545&CODE_STATE=getMsg HTTP/1.1" 200 27
218.81.223.53 - - [22/Jul/2022:11:24:28 +0800] "GET /xingrg/all/function/internal_message.html?_=1658460282720&CODE_STATE=getMsg HTTP/1.1" 200 27
180.169.147.146 - - [22/Jul/2022:11:24:30 +0800] "GET /xingrg/all/function/internal_message.html?_=1658460265842&CODE_STATE=getMsg HTTP/1.1" 200 27
180.169.147.146 - - [22/Jul/2022:11:24:30 +0800] "GET /xingrg/check_reg.html?_=1658460265848 HTTP/1.1" 200 22
114.84.2.83 - - [22/Jul/2022:11:24:31 +0800] "POST /xingrg/services/DataTransmitService HTTP/1.1" 200 524
101.80.228.36 - - [22/Jul/2022:11:24:32 +0800] "GET /xingrg/kc/buy/cgsh_order_operate.html?command=get_materiel&rest_code=00156&code=00102010745&supplier_code=00100006&order_time=2022-07-22 HTTP/1.1" 200 408
120.253.135.82 - - [22/Jul/2022:11:24:34 +0800] "GET /xingrg/all/function/internal_message.html?_=1658460267956&CODE_STATE=getMsg HTTP/1.1" 200 27
116.237.76.126 - - [22/Jul/2022:11:24:35 +0800] "GET /xingrg/all/function/internal_message.html?_=1658460274207&CODE_STATE=getMsg HTTP/1.1" 200 27
114.86.229.145 - - [22/Jul/2022:11:24:36 +0800] "GET /xingrg/all/function/internal_message.html?_=1658460273765&CODE_STATE=getMsg HTTP/1.1" 200 27
120.253.135.82 - - [22/Jul/2022:11:24:37 +0800] "POST /xingrg/all/user/operate.html HTTP/1.1" 200 36
120.253.135.82 - - [22/Jul/2022:11:24:38 +0800] "GET /xingrg/index.html?sysBaseUrl=http%3A%2F%2F180.169.147.146%3A18081%2Fxingrg%2F&costTime=41×tamp=1658458602249 HTTP/1.1" 200 17179
120.253.135.82 - - [22/Jul/2022:11:24:38 +0800] "GET /xingrg/javascript/jquery_easy_ui/themes/default/easyui.css HTTP/1.1" 304 -
120.253.135.82 - - [22/Jul/2022:11:24:38 +0800] "GET /xingrg/javascript/jquery_easy_ui/themes/icon.css HTTP/1.1" 304 -
120.253.135.82 - - [22/Jul/2022:11:24:38 +0800] "GET /xingrg/css/form.css HTTP/1.1" 304 -
120.253.135.82 - - [22/Jul/2022:11:24:38 +0800] "GET /xingrg/javascript/jquery-1.4.2.min.js HTTP/1.1" 304 -
120.253.135.82 - - [22/Jul/2022:11:24:38 +0800] "GET /xingrg/javascript/jquery_easy_ui/jquery.easyui.min.js HTTP/1.1" 304 -
120.253.135.82 - - [22/Jul/2022:11:24:38 +0800] "GET /xingrg/javascript/jquery_easy_ui/easyui-lang-zh_CN.js HTTP/1.1" 304 -
120.253.135.82 - - [22/Jul/2022:11:24:38 +0800] "GET /xingrg/javascript/jquery.form.js HTTP/1.1" 304 -
120.253.135.82 - - [22/Jul/2022:11:24:38 +0800] "GET /xingrg/javascript/jquery.utils.js HTTP/1.1" 304 -
120.253.135.82 - - [22/Jul/2022:11:24:38 +0800] "GET /xingrg/javascript/jquery.timers.js HTTP/1.1" 304 -
120.253.135.82 - - [22/Jul/2022:11:24:38 +0800] "GET /xingrg/images/blue/jxLogo.png HTTP/1.1" 304 -
120.253.135.82 - - [22/Jul/2022:11:24:38 +0800] "GET /xingrg/images/blue/navBackgound.jpg HTTP/1.1" 304 -
120.253.135.82 - - [22/Jul/2022:11:24:38 +0800] "GET /xingrg/javascript/jquery_easy_ui/themes/icons/settle_new.png HTTP/1.1" 304 -
120.253.135.82 - - [22/Jul/2022:11:24:38 +0800] "POST /xingrg/all/common/load_tree.html?tree=area_rest_tree_json&manage=1 HTTP/1.1" 200 3472
120.253.135.82 - - [22/Jul/2022:11:24:38 +0800] "GET /xingrg/all/function/internal_message.html?_=1658460271488&CODE_STATE=count HTTP/1.1" 200 11
120.253.135.82 - - [22/Jul/2022:11:24:38 +0800] "POST /xingrg/load_menu.html HTTP/1.1" 200 5138
120.253.135.82 - - [22/Jul/2022:11:24:38 +0800] "GET /xingrg/check_reg.html?_=1658460271489 HTTP/1.1" 200 22
120.253.135.82 - - [22/Jul/2022:11:24:38 +0800] "GET /xingrg/javascript/jquery_easy_ui/themes/default/images/panel_tool_collapse.gif HTTP/1.1" 304 -
120.253.135.82 - - [22/Jul/2022:11:24:38 +0800] "GET /xingrg/images/blue/pingpu.png HTTP/1.1" 304 -
120.253.135.82 - - [22/Jul/2022:11:24:38 +0800] "GET /xingrg/javascript/jquery_easy_ui/themes/default/images/tree_file.gif HTTP/1.1" 304 -
120.253.135.82 - - [22/Jul/2022:11:24:38 +0800] "GET /xingrg/javascript/jquery_easy_ui/themes/icons/search_new.png HTTP/1.1" 304 -
120.253.135.82 - - [22/Jul/2022:11:24:38 +0800] "GET /xingrg/javascript/jquery_easy_ui/themes/default/images/tree_folder_open.gif HTTP/1.1" 304 -
120.253.135.82 - - [22/Jul/2022:11:24:38 +0800] "GET /xingrg/javascript/jquery_easy_ui/themes/default/images/tree_arrows.gif HTTP/1.1" 304 -
120.253.135.82 - - [22/Jul/2022:11:24:38 +0800] "GET /xingrg/javascript/jquery_easy_ui/themes/icons/storage_new.png HTTP/1.1" 304 -
120.253.135.82 - - [22/Jul/2022:11:24:38 +0800] "GET /xingrg/javascript/jquery_easy_ui/themes/default/images/tree_folder.gif HTTP/1.1" 304 -
120.253.135.82 - - [22/Jul/2022:11:24:38 +0800] "GET /xingrg/javascript/jquery_easy_ui/themes/default/images/tabs_rightarrow.png HTTP/1.1" 304 -
120.253.135.82 - - [22/Jul/2022:11:24:38 +0800] "GET /xingrg/javascript/jquery_easy_ui/themes/default/images/tabs_leftarrow.png HTTP/1.1" 304 -
120.253.135.82 - - [22/Jul/2022:11:24:38 +0800] "GET /xingrg/javascript/jquery_easy_ui/themes/icons/forms_new.png HTTP/1.1" 304 -
114.88.155.189 - - [22/Jul/2022:11:24:42 +0800] "GET /xingrg/all/function/internal_message.html?_=1658459970772&CODE_STATE=getMsg HTTP/1.1" 200 27
120.253.135.82 - - [22/Jul/2022:11:24:42 +0800] "GET /xingrg/kc/buy/cgsh_order_list.html HTTP/1.1" 200 52168
120.253.135.82 - - [22/Jul/2022:11:24:43 +0800] "POST /xingrg/kc/buy/cgsh_list_operate.html HTTP/1.1" 200 634
180.175.103.110 - - [22/Jul/2022:11:24:45 +0800] "GET /xingrg/all/function/internal_message.html?_=1658460169870&CODE_STATE=getMsg HTTP/1.1" 200 27
180.169.147.146 - - [22/Jul/2022:11:24:46 +0800] "GET /xingrg/all/function/internal_message.html?_=1658460281604&CODE_STATE=getMsg HTTP/1.1" 200 27
120.253.135.82 - - [22/Jul/2022:11:24:49 +0800] "GET /xingrg/javascript/auto/indicator.gif HTTP/1.1" 404 1066
120.253.135.82 - - [22/Jul/2022:11:24:54 +0800] "POST /xingrg/kc/buy/cgsh_list_operate.html HTTP/1.1" 200 6813
114.84.2.83 - - [22/Jul/2022:11:24:56 +0800] "GET /xingrg/all/function/internal_message.html?_=1658460290322&CODE_STATE=getMsg HTTP/1.1" 200 27
180.169.147.146 - - [22/Jul/2022:11:24:56 +0800] "GET /xingrg/all/function/internal_message.html?_=1658460289629&CODE_STATE=getMsg HTTP/1.1" 200 27
120.253.135.82 - - [22/Jul/2022:11:24:57 +0800] "POST /xingrg/kc/buy/cgsh_list_operate.html HTTP/1.1" 200 617
114.84.2.83 - - [22/Jul/2022:11:24:58 +0800] "GET /xingrg/check_reg.html?_=1658460291837 HTTP/1.1" 200 22
116.224.123.211 - - [22/Jul/2022:11:24:58 +0800] "GET /xingrg/all/function/internal_message.html?_=1658460358894&CODE_STATE=getMsg HTTP/1.1" 200 27
116.237.76.126 - - [22/Jul/2022:11:24:58 +0800] "POST /xingrg/kc/buy/cgsh_order_operate.html HTTP/1.1" 200 37
116.237.76.126 - - [22/Jul/2022:11:25:00 +0800] "POST /xingrg/kc/buy/cgsh_order_operate.html HTTP/1.1" 200 22202
120.253.135.82 - - [22/Jul/2022:11:25:02 +0800] "POST /xingrg/kc/buy/cgsh_list_operate.html HTTP/1.1" 200 585
180.175.103.110 - - [22/Jul/2022:11:25:03 +0800] "GET /xingrg/kc/base/wldb_order_add.html HTTP/1.1" 200 30356
180.175.103.110 - - [22/Jul/2022:11:25:03 +0800] "POST /xingrg/kc/base/wldb_order_operate.html HTTP/1.1" 200 6806
180.175.103.110 - - [22/Jul/2022:11:25:03 +0800] "GET /xingrg/javascript/easyui/themes/default/validatebox.css HTTP/1.1" 404 1104
116.224.123.211 - - [22/Jul/2022:11:25:10 +0800] "POST /xingrg/kc/buy/cgsh_list_operate.html HTTP/1.1" 200 4439
116.224.123.211 - - [22/Jul/2022:11:25:11 +0800] "GET /xingrg/kc/base/wldb_order_list.html HTTP/1.1" 200 19142
116.224.123.211 - - [22/Jul/2022:11:25:12 +0800] "POST /xingrg/kc/base/wldb_list_operate.html HTTP/1.1" 200 928
116.224.123.211 - - [22/Jul/2022:11:25:13 +0800] "GET /xingrg/kc/base/wldb_order_add.html HTTP/1.1" 200 30352
116.224.123.211 - - [22/Jul/2022:11:25:13 +0800] "POST /xingrg/kc/base/wldb_order_operate.html HTTP/1.1" 200 6806
218.81.223.53 - - [22/Jul/2022:11:25:13 +0800] "GET /xingrg/check_reg.html?_=1658460328600 HTTP/1.1" 200 22
116.224.123.211 - - [22/Jul/2022:11:25:14 +0800] "GET /xingrg/all/common/auto_word.html?type=base&rest_code=00102 HTTP/1.1" 200 1857
116.224.123.211 - - [22/Jul/2022:11:25:14 +0800] "GET /xingrg/all/common/auto_word.html?type=base&rest_code=00102 HTTP/1.1" 200 1857
101.83.223.227 - - [22/Jul/2022:11:25:14 +0800] "GET /xingrg/all/function/internal_message.html?_=1658460311726&CODE_STATE=getMsg HTTP/1.1" 200 27
116.224.123.211 - - [22/Jul/2022:11:25:14 +0800] "GET /xingrg/javascript/easyui/themes/default/validatebox.css HTTP/1.1" 404 1104
114.86.187.244 - - [22/Jul/2022:11:25:17 +0800] "GET /xingrg/all/function/internal_message.html?_=1658460321678&CODE_STATE=getMsg HTTP/1.1" 200 27
101.80.228.36 - - [22/Jul/2022:11:25:20 +0800] "GET /xingrg/all/function/internal_message.html?_=1658460317348&CODE_STATE=getMsg HTTP/1.1" 200 27
101.85.120.95 - - [22/Jul/2022:11:25:24 +0800] "GET /xingrg/all/function/internal_message.html?_=1658460318913&CODE_STATE=getMsg HTTP/1.1" 200 27
114.83.219.182 - - [22/Jul/2022:11:25:24 +0800] "GET /xingrg/all/function/internal_message.html?_=1658460321529&CODE_STATE=getMsg HTTP/1.1" 200 27
218.81.223.53 - - [22/Jul/2022:11:25:28 +0800] "GET /xingrg/all/function/internal_message.html?_=1658460342733&CODE_STATE=getMsg HTTP/1.1" 200 27
180.169.147.146 - - [22/Jul/2022:11:25:30 +0800] "GET /xingrg/all/function/internal_message.html?_=1658460325868&CODE_STATE=getMsg HTTP/1.1" 200 27
101.80.228.36 - - [22/Jul/2022:11:25:33 +0800] "POST /xingrg/kc/buy/cgsh_order_operate.html HTTP/1.1" 200 2065
116.237.76.126 - - [22/Jul/2022:11:25:35 +0800] "GET /xingrg/all/function/internal_message.html?_=1658460334185&CODE_STATE=getMsg HTTP/1.1" 200 27
114.86.229.145 - - [22/Jul/2022:11:25:36 +0800] "GET /xingrg/check_reg.html?_=1658460333766 HTTP/1.1" 200 22
114.86.229.145 - - [22/Jul/2022:11:25:37 +0800] "GET /xingrg/all/function/internal_message.html?_=1658460333768&CODE_STATE=getMsg HTTP/1.1" 200 27
120.253.135.82 - - [22/Jul/2022:11:25:38 +0800] "GET /xingrg/all/function/internal_message.html?_=1658460331496&CODE_STATE=getMsg HTTP/1.1" 200 27
101.80.228.36 - - [22/Jul/2022:11:25:40 +0800] "GET /xingrg/kc/buy/cgsh_order_operate.html?command=get_materiel&rest_code=00156&code=00102014011&supplier_code=00100006&order_time=2022-07-22 HTTP/1.1" 200 408
114.88.155.189 - - [22/Jul/2022:11:25:42 +0800] "GET /xingrg/all/function/internal_message.html?_=1658460030750&CODE_STATE=getMsg HTTP/1.1" 200 27
114.88.155.189 - - [22/Jul/2022:11:25:42 +0800] "GET /xingrg/check_reg.html?_=1658460031358 HTTP/1.1" 200 22
180.175.103.110 - - [22/Jul/2022:11:25:45 +0800] "GET /xingrg/all/function/internal_message.html?_=1658460229866&CODE_STATE=getMsg HTTP/1.1" 200 27
180.175.103.110 - - [22/Jul/2022:11:25:45 +0800] "GET /xingrg/check_reg.html?_=1658460229869 HTTP/1.1" 200 22
180.169.147.146 - - [22/Jul/2022:11:25:46 +0800] "GET /xingrg/all/function/internal_message.html?_=1658460341606&CODE_STATE=getMsg HTTP/1.1" 200 27
101.80.228.36 - - [22/Jul/2022:11:25:49 +0800] "GET /xingrg/kc/buy/cgsh_order_operate.html?command=get_materiel&rest_code=00156&code=00101008089&supplier_code=00100006&order_time=2022-07-22 HTTP/1.1" 200 408
114.84.2.83 - - [22/Jul/2022:11:25:56 +0800] "GET /xingrg/all/function/internal_message.html?_=1658460350292&CODE_STATE=getMsg HTTP/1.1" 200 27
180.169.147.146 - - [22/Jul/2022:11:25:56 +0800] "GET /xingrg/all/function/internal_message.html?_=1658460349613&CODE_STATE=getMsg HTTP/1.1" 200 27
116.224.123.211 - - [22/Jul/2022:11:25:58 +0800] "GET /xingrg/all/function/internal_message.html?_=1658460419171&CODE_STATE=getMsg HTTP/1.1" 200 27
101.80.228.36 - - [22/Jul/2022:11:26:05 +0800] "GET /xingrg/kc/buy/cgsh_order_operate.html?command=get_materiel&rest_code=00156&code=00101008558&supplier_code=00100006&order_time=2022-07-22 HTTP/1.1" 200 409
120.253.135.82 - - [22/Jul/2022:11:26:05 +0800] "GET /xingrg/kc/buy/cgsh_order_info.html?code=212022061001085 HTTP/1.1" 200 62833
120.253.135.82 - - [22/Jul/2022:11:26:06 +0800] "GET /xingrg/javascript/easyui/themes/default/validatebox.css HTTP/1.1" 404 1104
120.253.135.82 - - [22/Jul/2022:11:26:06 +0800] "POST /xingrg/kc/buy/cgsh_order_operate.html HTTP/1.1" 200 3577
180.175.103.110 - - [22/Jul/2022:11:26:14 +0800] "GET /xingrg/kc/base/wldb_order_operate.html?command=get_materiel&rest_code=00105&base_code=0010507&code=00101012077 HTTP/1.1" 200 436
101.83.223.227 - - [22/Jul/2022:11:26:14 +0800] "GET /xingrg/all/function/internal_message.html?_=1658460371744&CODE_STATE=getMsg HTTP/1.1" 200 27
114.86.187.244 - - [22/Jul/2022:11:26:17 +0800] "GET /xingrg/all/function/internal_message.html?_=1658460381677&CODE_STATE=getMsg HTTP/1.1" 200 27
114.86.187.244 - - [22/Jul/2022:11:26:18 +0800] "GET /xingrg/check_reg.html?_=1658460381679 HTTP/1.1" 200 22
101.80.228.36 - - [22/Jul/2022:11:26:19 +0800] "GET /xingrg/kc/buy/cgsh_order_operate.html?command=get_materiel&rest_code=00156&code=00101008633&supplier_code=00100006&order_time=2022-07-22 HTTP/1.1" 200 414
101.80.228.36 - - [22/Jul/2022:11:26:20 +0800] "GET /xingrg/all/function/internal_message.html?_=1658460377330&CODE_STATE=getMsg HTTP/1.1" 200 27
101.85.120.95 - - [22/Jul/2022:11:26:24 +0800] "GET /xingrg/check_reg.html?_=1658460378914 HTTP/1.1" 200 22
101.85.120.95 - - [22/Jul/2022:11:26:24 +0800] "GET /xingrg/all/function/internal_message.html?_=1658460378916&CODE_STATE=getMsg HTTP/1.1" 200 27
114.83.219.182 - - [22/Jul/2022:11:26:24 +0800] "GET /xingrg/all/function/internal_message.html?_=1658460381512&CODE_STATE=getMsg HTTP/1.1" 200 27
180.175.103.110 - - [22/Jul/2022:11:26:27 +0800] "GET /xingrg/kc/base/wldb_order_operate.html?command=get_materiel&rest_code=00105&base_code=0010507&code=00101013052 HTTP/1.1" 200 440
218.81.223.53 - - [22/Jul/2022:11:26:28 +0800] "GET /xingrg/all/function/internal_message.html?_=1658460402747&CODE_STATE=getMsg HTTP/1.1" 200 27
180.169.147.146 - - [22/Jul/2022:11:26:30 +0800] "GET /xingrg/all/function/internal_message.html?_=1658460385842&CODE_STATE=getMsg HTTP/1.1" 200 27
116.237.76.126 - - [22/Jul/2022:11:26:35 +0800] "GET /xingrg/all/function/internal_message.html?_=1658460394155&CODE_STATE=getMsg HTTP/1.1" 200 27
180.175.103.110 - - [22/Jul/2022:11:26:35 +0800] "POST /xingrg/kc/base/wldb_order_operate.html HTTP/1.1" 200 37
180.175.103.110 - - [22/Jul/2022:11:26:36 +0800] "POST /xingrg/kc/base/wldb_order_operate.html HTTP/1.1" 200 2664
114.86.229.145 - - [22/Jul/2022:11:26:36 +0800] "GET /xingrg/all/function/internal_message.html?_=1658460393753&CODE_STATE=getMsg HTTP/1.1" 200 27
180.175.103.110 - - [22/Jul/2022:11:26:37 +0800] "GET /xingrg/kc/base/wldb_order_info.html?code=422022072201389 HTTP/1.1" 200 30372
180.175.103.110 - - [22/Jul/2022:11:26:37 +0800] "GET /xingrg/javascript/easyui/themes/default/validatebox.css HTTP/1.1" 404 1104
180.175.103.110 - - [22/Jul/2022:11:26:37 +0800] "POST /xingrg/kc/base/wldb_order_operate.html HTTP/1.1" 200 2664
120.253.135.82 - - [22/Jul/2022:11:26:38 +0800] "GET /xingrg/all/function/internal_message.html?_=1658460391489&CODE_STATE=getMsg HTTP/1.1" 200 27
180.169.147.146 - - [22/Jul/2022:11:26:41 +0800] "POST /xingrg/kc/buy/cgsh_order_operate.html HTTP/1.1" 200 37
114.88.155.189 - - [22/Jul/2022:11:26:42 +0800] "GET /xingrg/all/function/internal_message.html?_=1658460090725&CODE_STATE=getMsg HTTP/1.1" 200 27
180.175.103.110 - - [22/Jul/2022:11:26:45 +0800] "GET /xingrg/all/function/internal_message.html?_=1658460289923&CODE_STATE=getMsg HTTP/1.1" 200 27
180.169.147.146 - - [22/Jul/2022:11:26:46 +0800] "GET /xingrg/all/function/internal_message.html?_=1658460401608&CODE_STATE=getMsg HTTP/1.1" 200 27
116.237.76.126 - - [22/Jul/2022:11:26:48 +0800] "POST /xingrg/kc/buy/cgsh_order_operate.html HTTP/1.1" 200 37
180.175.103.110 - - [22/Jul/2022:11:26:48 +0800] "POST /xingrg/kc/base/wldb_order_operate.html HTTP/1.1" 200 37
180.175.103.110 - - [22/Jul/2022:11:26:49 +0800] "POST /xingrg/kc/base/wldb_order_operate.html HTTP/1.1" 200 2664
180.175.103.110 - - [22/Jul/2022:11:26:49 +0800] "GET /xingrg/kc/base/wldb_order_info.html?code=422022072201389 HTTP/1.1" 200 30372
180.175.103.110 - - [22/Jul/2022:11:26:50 +0800] "GET /xingrg/javascript/easyui/themes/default/validatebox.css HTTP/1.1" 404 1104
180.175.103.110 - - [22/Jul/2022:11:26:50 +0800] "POST /xingrg/kc/base/wldb_order_operate.html HTTP/1.1" 200 2664
116.237.76.126 - - [22/Jul/2022:11:26:52 +0800] "POST /xingrg/kc/buy/cgsh_order_operate.html HTTP/1.1" 200 12
101.80.228.36 - - [22/Jul/2022:11:26:53 +0800] "GET /xingrg/kc/buy/cgsh_order_operate.html?command=get_materiel&rest_code=00156&code=00101009134&supplier_code=00100006&order_time=2022-07-22 HTTP/1.1" 200 414
116.237.76.126 - - [22/Jul/2022:11:26:53 +0800] "GET /xingrg/kc/buy/cgsh_order_info.html?code=212022072205568 HTTP/1.1" 200 62841
116.237.76.126 - - [22/Jul/2022:11:26:54 +0800] "GET /xingrg/javascript/easyui/themes/default/validatebox.css HTTP/1.1" 404 1104
116.237.76.126 - - [22/Jul/2022:11:26:54 +0800] "POST /xingrg/kc/buy/cgsh_order_operate.html HTTP/1.1" 200 20146
180.175.103.110 - - [22/Jul/2022:11:26:55 +0800] "GET /xingrg/kc/base/wldb_order_add.html HTTP/1.1" 200 30356
180.175.103.110 - - [22/Jul/2022:11:26:56 +0800] "POST /xingrg/kc/base/wldb_order_operate.html HTTP/1.1" 200 6806
180.175.103.110 - - [22/Jul/2022:11:26:56 +0800] "GET /xingrg/javascript/easyui/themes/default/validatebox.css HTTP/1.1" 404 1104
114.84.2.83 - - [22/Jul/2022:11:26:56 +0800] "GET /xingrg/all/function/internal_message.html?_=1658460410277&CODE_STATE=getMsg HTTP/1.1" 200 27
116.237.76.126 - - [22/Jul/2022:11:26:57 +0800] "GET /xingrg/kc/print/load_data.html?order_code=212022072205568&kc_code=cgsh&condition= HTTP/1.1" 200 8137
116.224.123.211 - - [22/Jul/2022:11:26:58 +0800] "GET /xingrg/all/function/internal_message.html?_=1658460479186&CODE_STATE=getMsg HTTP/1.1" 200 27
101.80.228.36 - - [22/Jul/2022:11:27:08 +0800] "GET /xingrg/kc/buy/cgsh_order_operate.html?command=get_materiel&rest_code=00156&code=00102014090&supplier_code=00100006&order_time=2022-07-22 HTTP/1.1" 200 408
101.83.223.227 - - [22/Jul/2022:11:27:14 +0800] "GET /xingrg/all/function/internal_message.html?_=1658460431751&CODE_STATE=getMsg HTTP/1.1" 200 27
101.83.223.227 - - [22/Jul/2022:11:27:14 +0800] "GET /xingrg/check_reg.html?_=1658460431753 HTTP/1.1" 200 22
116.237.76.126 - - [22/Jul/2022:11:27:17 +0800] "GET /xingrg/kc/buy/buy_main.html HTTP/1.1" 200 12412
116.237.76.126 - - [22/Jul/2022:11:27:17 +0800] "GET /xingrg/css/new_ie.css HTTP/1.1" 404 1036
114.86.187.244 - - [22/Jul/2022:11:27:17 +0800] "GET /xingrg/all/function/internal_message.html?_=1658460441679&CODE_STATE=getMsg HTTP/1.1" 200 27
116.237.76.126 - - [22/Jul/2022:11:27:19 +0800] "GET /xingrg/kc/buy/buy_main.html HTTP/1.1" 200 12412
116.237.76.126 - - [22/Jul/2022:11:27:19 +0800] "GET /xingrg/css/new_ie.css HTTP/1.1" 404 1036
101.80.228.36 - - [22/Jul/2022:11:27:20 +0800] "GET /xingrg/kc/buy/cgsh_order_operate.html?command=get_materiel&rest_code=00156&code=00101009025&supplier_code=00100006&order_time=2022-07-22 HTTP/1.1" 200 409
101.80.228.36 - - [22/Jul/2022:11:27:20 +0800] "GET /xingrg/all/function/internal_message.html?_=1658460437316&CODE_STATE=getMsg HTTP/1.1" 200 27
116.237.76.126 - - [22/Jul/2022:11:27:21 +0800] "GET /xingrg/images/yd/bt.gif HTTP/1.1" 404 1040
116.237.76.126 - - [22/Jul/2022:11:27:21 +0800] "GET /xingrg/kc/buy/cgsh_order_list.html HTTP/1.1" 200 52162
116.237.76.126 - - [22/Jul/2022:11:27:22 +0800] "POST /xingrg/kc/buy/cgsh_list_operate.html HTTP/1.1" 200 634
101.80.228.36 - - [22/Jul/2022:11:27:22 +0800] "POST /xingrg/kc/buy/cgsh_order_operate.html HTTP/1.1" 200 2065
101.85.120.95 - - [22/Jul/2022:11:27:24 +0800] "GET /xingrg/all/function/internal_message.html?_=1658460438915&CODE_STATE=getMsg HTTP/1.1" 200 27
114.83.219.182 - - [22/Jul/2022:11:27:24 +0800] "GET /xingrg/all/function/internal_message.html?_=1658460441483&CODE_STATE=getMsg HTTP/1.1" 200 27
116.237.76.126 - - [22/Jul/2022:11:27:25 +0800] "GET /xingrg/kc/buy/buy_main.html HTTP/1.1" 200 12412
116.237.76.126 - - [22/Jul/2022:11:27:25 +0800] "GET /xingrg/css/new_ie.css HTTP/1.1" 404 1036
116.237.76.126 - - [22/Jul/2022:11:27:26 +0800] "GET /xingrg/images/yd/bt.gif HTTP/1.1" 404 1040
116.237.76.126 - - [22/Jul/2022:11:27:26 +0800] "GET /xingrg/kc/buy/cgsh_order_list.html HTTP/1.1" 200 52162
116.237.76.126 - - [22/Jul/2022:11:27:27 +0800] "POST /xingrg/kc/buy/cgsh_list_operate.html HTTP/1.1" 200 634
218.81.223.53 - - [22/Jul/2022:11:27:28 +0800] "GET /xingrg/all/function/internal_message.html?_=1658460462954&CODE_STATE=getMsg HTTP/1.1" 200 27
101.80.228.36 - - [22/Jul/2022:11:27:28 +0800] "GET /xingrg/kc/buy/cgsh_order_operate.html?command=get_materiel&rest_code=00156&code=00101009124&supplier_code=00100006&order_time=2022-07-22 HTTP/1.1" 200 417
180.169.147.146 - - [22/Jul/2022:11:27:30 +0800] "GET /xingrg/all/function/internal_message.html?_=1658460445855&CODE_STATE=getMsg HTTP/1.1" 200 27
116.237.76.126 - - [22/Jul/2022:11:27:35 +0800] "GET /xingrg/check_reg.html?_=1658460454053 HTTP/1.1" 200 22
116.237.76.126 - - [22/Jul/2022:11:27:35 +0800] "GET /xingrg/all/function/internal_message.html?_=1658460454149&CODE_STATE=getMsg HTTP/1.1" 200 27
114.86.229.145 - - [22/Jul/2022:11:27:36 +0800] "GET /xingrg/all/function/internal_message.html?_=1658460453753&CODE_STATE=getMsg HTTP/1.1" 200 27
101.80.228.36 - - [22/Jul/2022:11:27:41 +0800] "GET /xingrg/check_reg.html?_=1658460458289 HTTP/1.1" 200 22
114.88.155.189 - - [22/Jul/2022:11:27:42 +0800] "GET /xingrg/all/function/internal_message.html?_=1658460150697&CODE_STATE=getMsg HTTP/1.1" 200 27
180.175.103.110 - - [22/Jul/2022:11:27:45 +0800] "GET /xingrg/all/function/internal_message.html?_=1658460349893&CODE_STATE=getMsg HTTP/1.1" 200 27
180.169.147.146 - - [22/Jul/2022:11:27:46 +0800] "GET /xingrg/all/function/internal_message.html?_=1658460461612&CODE_STATE=getMsg HTTP/1.1" 200 27
114.86.187.244 - - [22/Jul/2022:11:27:51 +0800] "GET /xingrg/check_reg.html?_=1658460469509 HTTP/1.1" 200 22
114.84.2.83 - - [22/Jul/2022:11:27:56 +0800] "GET /xingrg/all/function/internal_message.html?_=1658460470263&CODE_STATE=getMsg HTTP/1.1" 200 27
116.224.123.211 - - [22/Jul/2022:11:27:59 +0800] "GET /xingrg/all/function/internal_message.html?_=1658460539452&CODE_STATE=getMsg HTTP/1.1" 200 27
101.80.228.36 - - [22/Jul/2022:11:28:13 +0800] "POST /xingrg/kc/buy/cgsh_order_operate.html HTTP/1.1" 200 37
101.83.223.227 - - [22/Jul/2022:11:28:14 +0800] "GET /xingrg/all/function/internal_message.html?_=1658460491754&CODE_STATE=getMsg HTTP/1.1" 200 27
101.80.228.36 - - [22/Jul/2022:11:28:16 +0800] "POST /xingrg/kc/buy/cgsh_order_operate.html HTTP/1.1" 200 22743
114.86.187.244 - - [22/Jul/2022:11:28:17 +0800] "GET /xingrg/all/function/internal_message.html?_=1658460501679&CODE_STATE=getMsg HTTP/1.1" 200 27
101.80.228.36 - - [22/Jul/2022:11:28:20 +0800] "GET /xingrg/kc/print/load_config.html?kc_code=cgsh HTTP/1.1" 200 1943
101.80.228.36 - - [22/Jul/2022:11:28:20 +0800] "GET /xingrg/kc/print/load_data.html?order_code=212022072205570&kc_code=cgsh&condition= HTTP/1.1" 200 8283
101.80.228.36 - - [22/Jul/2022:11:28:22 +0800] "GET /xingrg/all/function/internal_message.html?_=1658460499027&CODE_STATE=getMsg HTTP/1.1" 200 27
101.85.120.95 - - [22/Jul/2022:11:28:24 +0800] "GET /xingrg/all/function/internal_message.html?_=1658460498914&CODE_STATE=getMsg HTTP/1.1" 200 27
114.83.219.182 - - [22/Jul/2022:11:28:24 +0800] "GET /xingrg/all/function/internal_message.html?_=1658460501492&CODE_STATE=getMsg HTTP/1.1" 200 27
114.83.219.182 - - [22/Jul/2022:11:28:26 +0800] "GET /xingrg/check_reg.html?_=1658460502929 HTTP/1.1" 200 22
218.81.223.53 - - [22/Jul/2022:11:28:28 +0800] "GET /xingrg/all/function/internal_message.html?_=1658460522960&CODE_STATE=getMsg HTTP/1.1" 200 27
180.169.147.146 - - [22/Jul/2022:11:28:30 +0800] "GET /xingrg/all/function/internal_message.html?_=1658460505860&CODE_STATE=getMsg HTTP/1.1" 200 27
116.237.76.126 - - [22/Jul/2022:11:28:35 +0800] "GET /xingrg/all/function/internal_message.html?_=1658460514134&CODE_STATE=getMsg HTTP/1.1" 200 27
114.86.229.145 - - [22/Jul/2022:11:28:36 +0800] "GET /xingrg/all/function/internal_message.html?_=1658460513753&CODE_STATE=getMsg HTTP/1.1" 200 27
180.169.147.146 - - [22/Jul/2022:11:28:41 +0800] "POST /xingrg/kc/buy/cgsh_order_operate.html HTTP/1.1" 200 10950
114.88.155.189 - - [22/Jul/2022:11:28:42 +0800] "GET /xingrg/all/function/internal_message.html?_=1658460210674&CODE_STATE=getMsg HTTP/1.1" 200 27
180.169.147.146 - - [22/Jul/2022:11:28:44 +0800] "GET /xingrg/kc/buy/cgsh_order_add.html HTTP/1.1" 200 67947
180.169.147.146 - - [22/Jul/2022:11:28:44 +0800] "POST /xingrg/kc/buy/cgsh_order_operate.html HTTP/1.1" 200 8245
180.169.147.146 - - [22/Jul/2022:11:28:44 +0800] "GET /xingrg/javascript/easyui/themes/default/validatebox.css HTTP/1.1" 404 1104
180.175.103.110 - - [22/Jul/2022:11:28:45 +0800] "GET /xingrg/all/function/internal_message.html?_=1658460409869&CODE_STATE=getMsg HTTP/1.1" 200 27
101.80.228.36 - - [22/Jul/2022:11:28:46 +0800] "GET /xingrg/kc/buy/cgsh_order_add.html HTTP/1.1" 200 67991
180.169.147.146 - - [22/Jul/2022:11:28:46 +0800] "GET /xingrg/check_reg.html?_=1658460521600 HTTP/1.1" 200 22
180.169.147.146 - - [22/Jul/2022:11:28:46 +0800] "GET /xingrg/all/function/internal_message.html?_=1658460521600&CODE_STATE=getMsg HTTP/1.1" 200 27
101.80.228.36 - - [22/Jul/2022:11:28:46 +0800] "POST /xingrg/kc/buy/cgsh_order_operate.html HTTP/1.1" 200 8245
101.80.228.36 - - [22/Jul/2022:11:28:46 +0800] "GET /xingrg/javascript/easyui/themes/default/validatebox.css HTTP/1.1" 404 1104
180.169.147.146 - - [22/Jul/2022:11:28:48 +0800] "POST /xingrg/kc/buy/cgsh_list_operate.html HTTP/1.1" 200 3876
116.224.123.211 - - [22/Jul/2022:11:28:55 +0800] "GET /xingrg/check_reg.html?_=1658460595581 HTTP/1.1" 200 22
114.84.2.83 - - [22/Jul/2022:11:28:56 +0800] "GET /xingrg/all/function/internal_message.html?_=1658460530232&CODE_STATE=getMsg HTTP/1.1" 200 27
180.169.147.146 - - [22/Jul/2022:11:28:56 +0800] "GET /xingrg/all/function/internal_message.html?_=1658460529635&CODE_STATE=getMsg HTTP/1.1" 200 27
180.169.147.146 - - [22/Jul/2022:11:28:57 +0800] "GET /xingrg/check_reg.html?_=1658460530165 HTTP/1.1" 200 22
116.224.123.211 - - [22/Jul/2022:11:28:59 +0800] "GET /xingrg/all/function/internal_message.html?_=1658460599462&CODE_STATE=getMsg HTTP/1.1" 200 27
101.80.228.36 - - [22/Jul/2022:11:28:59 +0800] "GET /xingrg/kc/buy/cgsh_order_operate.html?command=get_materiel&rest_code=00156&code=00102010649&supplier_code=00100012&order_time=2022-07-22 HTTP/1.1" 200 408
101.80.228.36 - - [22/Jul/2022:11:29:06 +0800] "GET /xingrg/kc/buy/cgsh_order_operate.html?command=get_materiel&rest_code=00156&code=00101006124&supplier_code=00100012&order_time=2022-07-22 HTTP/1.1" 200 409
101.83.223.227 - - [22/Jul/2022:11:29:14 +0800] "GET /xingrg/all/function/internal_message.html?_=1658460551755&CODE_STATE=getMsg HTTP/1.1" 200 27
116.224.123.211 - - [22/Jul/2022:11:29:17 +0800] "POST /xingrg/all/common/load_combo.html?type=base HTTP/1.1" 200 3321
114.86.187.244 - - [22/Jul/2022:11:29:17 +0800] "GET /xingrg/all/function/internal_message.html?_=1658460561678&CODE_STATE=getMsg HTTP/1.1" 200 27
101.80.228.36 - - [22/Jul/2022:11:29:19 +0800] "GET /xingrg/kc/buy/cgsh_order_operate.html?command=get_materiel&rest_code=00156&code=00101006193&supplier_code=00100012&order_time=2022-07-22 HTTP/1.1" 200 425
116.224.123.211 - - [22/Jul/2022:11:29:21 +0800] "POST /xingrg/all/common/load_combo.html?type=base HTTP/1.1" 200 3321
180.169.147.146 - - [22/Jul/2022:11:29:22 +0800] "POST /xingrg/kc/buy/cgsh_list_operate.html HTTP/1.1" 200 199
101.80.228.36 - - [22/Jul/2022:11:29:22 +0800] "GET /xingrg/all/function/internal_message.html?_=1658460559004&CODE_STATE=getMsg HTTP/1.1" 200 27
101.85.120.95 - - [22/Jul/2022:11:29:24 +0800] "GET /xingrg/all/function/internal_message.html?_=1658460558915&CODE_STATE=getMsg HTTP/1.1" 200 27
114.83.219.182 - - [22/Jul/2022:11:29:24 +0800] "GET /xingrg/all/function/internal_message.html?_=1658460561476&CODE_STATE=getMsg HTTP/1.1" 200 27
180.169.147.146 - - [22/Jul/2022:11:29:24 +0800] "POST /xingrg/kc/buy/cgsh_list_operate.html HTTP/1.1" 200 205
180.169.147.146 - - [22/Jul/2022:11:29:25 +0800] "POST /xingrg/kc/buy/cgsh_list_operate.html HTTP/1.1" 200 566
180.169.147.146 - - [22/Jul/2022:11:29:26 +0800] "GET /xingrg/kc/buy/cgsh_order_info.html?code=212022072205569 HTTP/1.1" 200 67956
180.169.147.146 - - [22/Jul/2022:11:29:26 +0800] "GET /xingrg/javascript/easyui/themes/default/validatebox.css HTTP/1.1" 404 1104
180.169.147.146 - - [22/Jul/2022:11:29:27 +0800] "POST /xingrg/kc/buy/cgsh_order_operate.html HTTP/1.1" 200 10950
218.81.223.53 - - [22/Jul/2022:11:29:28 +0800] "GET /xingrg/all/function/internal_message.html?_=1658460583187&CODE_STATE=getMsg HTTP/1.1" 200 27
180.169.147.146 - - [22/Jul/2022:11:29:30 +0800] "GET /xingrg/check_reg.html?_=1658460565876 HTTP/1.1" 200 22
180.169.147.146 - - [22/Jul/2022:11:29:30 +0800] "GET /xingrg/all/function/internal_message.html?_=1658460565879&CODE_STATE=getMsg HTTP/1.1" 200 27
116.224.123.211 - - [22/Jul/2022:11:29:33 +0800] "GET /xingrg/kc/base/wldb_order_operate.html?command=get_materiel&rest_code=00102&base_code=0010476&code=00101019056 HTTP/1.1" 200 477
116.237.76.126 - - [22/Jul/2022:11:29:35 +0800] "GET /xingrg/all/function/internal_message.html?_=1658460574120&CODE_STATE=getMsg HTTP/1.1" 200 27
101.80.228.36 - - [22/Jul/2022:11:29:36 +0800] "GET /xingrg/kc/buy/cgsh_order_operate.html?command=get_materiel&rest_code=00156&code=00101019940&supplier_code=00100012&order_time=2022-07-22 HTTP/1.1" 200 395
114.86.229.145 - - [22/Jul/2022:11:29:36 +0800] "GET /xingrg/all/function/internal_message.html?_=1658460573753&CODE_STATE=getMsg HTTP/1.1" 200 27
114.88.155.189 - - [22/Jul/2022:11:29:42 +0800] "GET /xingrg/all/function/internal_message.html?_=1658460270647&CODE_STATE=getMsg HTTP/1.1" 200 27
101.80.228.36 - - [22/Jul/2022:11:29:42 +0800] "GET /xingrg/kc/buy/cgsh_order_operate.html?command=get_materiel&rest_code=00156&code=00101012019&supplier_code=00100012&order_time=2022-07-22 HTTP/1.1" 200 412
116.224.123.211 - - [22/Jul/2022:11:29:42 +0800] "GET /xingrg/kc/base/wldb_order_operate.html?command=get_materiel&rest_code=00102&base_code=0010476&code=00101019527 HTTP/1.1" 200 474
180.175.103.110 - - [22/Jul/2022:11:29:45 +0800] "GET /xingrg/all/function/internal_message.html?_=1658460469867&CODE_STATE=getMsg HTTP/1.1" 200 27
180.169.147.146 - - [22/Jul/2022:11:29:46 +0800] "GET /xingrg/all/function/internal_message.html?_=1658460581602&CODE_STATE=getMsg HTTP/1.1" 200 27
116.224.123.211 - - [22/Jul/2022:11:29:49 +0800] "GET /xingrg/kc/base/wldb_order_operate.html?command=get_materiel&rest_code=00102&base_code=0010476&code=00101019249 HTTP/1.1" 200 469
101.80.228.36 - - [22/Jul/2022:11:29:55 +0800] "GET /xingrg/kc/buy/cgsh_order_operate.html?command=get_materiel&rest_code=00156&code=00101011001&supplier_code=00100012&order_time=2022-07-22 HTTP/1.1" 200 423
116.224.123.211 - - [22/Jul/2022:11:29:55 +0800] "POST /xingrg/kc/base/wldb_order_operate.html HTTP/1.1" 200 37
114.84.2.83 - - [22/Jul/2022:11:29:56 +0800] "GET /xingrg/all/function/internal_message.html?_=1658460590216&CODE_STATE=getMsg HTTP/1.1" 200 27
180.169.147.146 - - [22/Jul/2022:11:29:56 +0800] "GET /xingrg/all/function/internal_message.html?_=1658460589603&CODE_STATE=getMsg HTTP/1.1" 200 27
116.224.123.211 - - [22/Jul/2022:11:29:57 +0800] "POST /xingrg/kc/base/wldb_order_operate.html HTTP/1.1" 200 12
116.224.123.211 - - [22/Jul/2022:11:29:57 +0800] "POST /xingrg/kc/base/wldb_order_operate.html HTTP/1.1" 200 3219
114.84.2.83 - - [22/Jul/2022:11:29:58 +0800] "GET /xingrg/check_reg.html?_=1658460591841 HTTP/1.1" 200 22
116.224.123.211 - - [22/Jul/2022:11:30:00 +0800] "GET /xingrg/kc/base/wldb_order_info.html?code=422022072201390 HTTP/1.1" 200 26230
116.224.123.211 - - [22/Jul/2022:11:30:01 +0800] "POST /xingrg/kc/base/wldb_order_operate.html HTTP/1.1" 200 1493
116.224.123.211 - - [22/Jul/2022:11:30:01 +0800] "GET /xingrg/all/function/internal_message.html?_=1658460662226&CODE_STATE=getMsg HTTP/1.1" 200 27
116.224.123.211 - - [22/Jul/2022:11:30:02 +0800] "GET /xingrg/javascript/easyui/themes/default/validatebox.css HTTP/1.1" 404 1104
116.224.123.211 - - [22/Jul/2022:11:30:05 +0800] "GET /xingrg/kc/base/wldb_order_add.html HTTP/1.1" 200 30352
116.224.123.211 - - [22/Jul/2022:11:30:06 +0800] "POST /xingrg/kc/base/wldb_order_operate.html HTTP/1.1" 200 6806
116.224.123.211 - - [22/Jul/2022:11:30:06 +0800] "GET /xingrg/javascript/easyui/themes/default/validatebox.css HTTP/1.1" 404 1104
116.224.123.211 - - [22/Jul/2022:11:30:07 +0800] "POST /xingrg/all/common/load_combo.html?type=base HTTP/1.1" 200 3321
101.80.228.36 - - [22/Jul/2022:11:30:07 +0800] "GET /xingrg/kc/buy/cgsh_order_operate.html?command=get_materiel&rest_code=00156&code=00101016051&supplier_code=00100012&order_time=2022-07-22 HTTP/1.1" 200 408
116.224.123.211 - - [22/Jul/2022:11:30:10 +0800] "POST /xingrg/all/common/load_combo.html?type=base HTTP/1.1" 200 3321
218.81.223.53 - - [22/Jul/2022:11:30:13 +0800] "GET /xingrg/check_reg.html?_=1658460628610 HTTP/1.1" 200 22
101.83.223.227 - - [22/Jul/2022:11:30:14 +0800] "GET /xingrg/all/function/internal_message.html?_=1658460611756&CODE_STATE=getMsg HTTP/1.1" 200 27
116.224.123.211 - - [22/Jul/2022:11:30:15 +0800] "GET /xingrg/kc/base/wldb_order_operate.html?command=get_materiel&rest_code=00102&base_code=0010476&code=00101019391 HTTP/1.1" 200 485
114.86.187.244 - - [22/Jul/2022:11:30:17 +0800] "GET /xingrg/all/function/internal_message.html?_=1658460621678&CODE_STATE=getMsg HTTP/1.1" 200 27
101.80.228.36 - - [22/Jul/2022:11:30:22 +0800] "GET /xingrg/all/function/internal_message.html?_=1658460618980&CODE_STATE=getMsg HTTP/1.1" 200 27
116.224.123.211 - - [22/Jul/2022:11:30:22 +0800] "GET /xingrg/kc/base/wldb_order_operate.html?command=get_materiel&rest_code=00102&base_code=0010476&code=00101019306 HTTP/1.1" 200 477
101.85.120.95 - - [22/Jul/2022:11:30:24 +0800] "GET /xingrg/all/function/internal_message.html?_=1658460618911&CODE_STATE=getMsg HTTP/1.1" 200 27
114.83.219.182 - - [22/Jul/2022:11:30:24 +0800] "GET /xingrg/all/function/internal_message.html?_=1658460621451&CODE_STATE=getMsg HTTP/1.1" 200 27
218.81.223.53 - - [22/Jul/2022:11:30:28 +0800] "GET /xingrg/all/function/internal_message.html?_=1658460643191&CODE_STATE=getMsg HTTP/1.1" 200 27
116.224.123.211 - - [22/Jul/2022:11:30:30 +0800] "GET /xingrg/kc/base/wldb_order_operate.html?command=get_materiel&rest_code=00102&base_code=0010476&code=00101019536 HTTP/1.1" 200 471
180.169.147.146 - - [22/Jul/2022:11:30:30 +0800] "GET /xingrg/all/function/internal_message.html?_=1658460625858&CODE_STATE=getMsg HTTP/1.1" 200 27
116.237.76.126 - - [22/Jul/2022:11:30:35 +0800] "GET /xingrg/all/function/internal_message.html?_=1658460634106&CODE_STATE=getMsg HTTP/1.1" 200 27
114.86.229.145 - - [22/Jul/2022:11:30:36 +0800] "GET /xingrg/all/function/internal_message.html?_=1658460633754&CODE_STATE=getMsg HTTP/1.1" 200 27
114.86.229.145 - - [22/Jul/2022:11:30:36 +0800] "GET /xingrg/check_reg.html?_=1658460633757 HTTP/1.1" 200 22
116.224.123.211 - - [22/Jul/2022:11:30:36 +0800] "GET /xingrg/kc/base/wldb_order_operate.html?command=get_materiel&rest_code=00102&base_code=0010476&code=00101013018 HTTP/1.1" 200 430
114.88.155.189 - - [22/Jul/2022:11:30:42 +0800] "GET /xingrg/all/function/internal_message.html?_=1658460330653&CODE_STATE=getMsg HTTP/1.1" 200 27
114.88.155.189 - - [22/Jul/2022:11:30:42 +0800] "GET /xingrg/check_reg.html?_=1658460331393 HTTP/1.1" 200 22
116.224.123.211 - - [22/Jul/2022:11:30:45 +0800] "GET /xingrg/kc/base/wldb_order_operate.html?command=get_materiel&rest_code=00102&base_code=0010476&code=00101013081 HTTP/1.1" 200 430
180.175.103.110 - - [22/Jul/2022:11:30:45 +0800] "GET /xingrg/all/function/internal_message.html?_=1658460529864&CODE_STATE=getMsg HTTP/1.1" 200 27
180.175.103.110 - - [22/Jul/2022:11:30:45 +0800] "GET /xingrg/check_reg.html?_=1658460529867 HTTP/1.1" 200 22
180.169.147.146 - - [22/Jul/2022:11:30:46 +0800] "GET /xingrg/all/function/internal_message.html?_=1658460641604&CODE_STATE=getMsg HTTP/1.1" 200 27
101.85.120.95 - - [22/Jul/2022:11:30:48 +0800] "GET /xingrg/javascript/jquery_easy_ui/themes/default/images/tabs_close.gif HTTP/1.1" 304 -
101.85.120.95 - - [22/Jul/2022:11:30:48 +0800] "GET /xingrg/kc/buy/cgsh_order_list.html HTTP/1.1" 200 52168
101.85.120.95 - - [22/Jul/2022:11:30:48 +0800] "GET /xingrg/javascript/jquery_tools/fix.css HTTP/1.1" 304 -
101.85.120.95 - - [22/Jul/2022:11:30:48 +0800] "GET /xingrg/javascript/easyui/themes/default/easyui.css HTTP/1.1" 304 -
101.85.120.95 - - [22/Jul/2022:11:30:48 +0800] "GET /xingrg/javascript/auto/jquery.autocomplete.css HTTP/1.1" 304 -
101.85.120.95 - - [22/Jul/2022:11:30:48 +0800] "GET /xingrg/javascript/jquery_tools/table.css HTTP/1.1" 304 -
101.85.120.95 - - [22/Jul/2022:11:30:48 +0800] "GET /xingrg/javascript/jquery_tools/jquery.tools.min.js HTTP/1.1" 304 -
101.85.120.95 - - [22/Jul/2022:11:30:48 +0800] "GET /xingrg/javascript/jquery_tools/jquery.tools.extend.js HTTP/1.1" 304 -
101.85.120.95 - - [22/Jul/2022:11:30:48 +0800] "GET /xingrg/javascript/jquery_tools/jquery.tools.hotkey.js HTTP/1.1" 304 -
101.85.120.95 - - [22/Jul/2022:11:30:48 +0800] "GET /xingrg/css/site.css HTTP/1.1" 304 -
101.85.120.95 - - [22/Jul/2022:11:30:48 +0800] "GET /xingrg/javascript/jquery_tools/jquery.tools.table.js HTTP/1.1" 304 -
101.85.120.95 - - [22/Jul/2022:11:30:48 +0800] "GET /xingrg/javascript/jquery_tools/list_manager.js HTTP/1.1" 304 -
101.85.120.95 - - [22/Jul/2022:11:30:48 +0800] "GET /xingrg/javascript/auto/jquery.autocomplete.js HTTP/1.1" 304 -
101.85.120.95 - - [22/Jul/2022:11:30:48 +0800] "GET /xingrg/javascript/easyui/easyloader.js HTTP/1.1" 304 -
101.85.120.95 - - [22/Jul/2022:11:30:48 +0800] "GET /xingrg/javascript/jquery.cookie.js HTTP/1.1" 304 -
101.85.120.95 - - [22/Jul/2022:11:30:48 +0800] "GET /xingrg/javascript/print/LodopFuncs.js HTTP/1.1" 304 -
101.85.120.95 - - [22/Jul/2022:11:30:48 +0800] "GET /xingrg/css/base.css HTTP/1.1" 304 -
101.85.120.95 - - [22/Jul/2022:11:30:48 +0800] "GET /xingrg/javascript/jquery_tools/datebox.css HTTP/1.1" 304 -
101.85.120.95 - - [22/Jul/2022:11:30:48 +0800] "GET /xingrg/javascript/easyui/themes/icon.css HTTP/1.1" 304 -
101.85.120.95 - - [22/Jul/2022:11:30:49 +0800] "GET /xingrg/javascript/easyui/themes/icons/cance_new.png HTTP/1.1" 304 -
101.85.120.95 - - [22/Jul/2022:11:30:49 +0800] "GET /xingrg/javascript/easyui/themes/icons/edit_add_new.png HTTP/1.1" 304 -
101.85.120.95 - - [22/Jul/2022:11:30:49 +0800] "GET /xingrg/javascript/easyui/themes/icons/check_new.png HTTP/1.1" 304 -
101.85.120.95 - - [22/Jul/2022:11:30:49 +0800] "GET /xingrg/javascript/easyui/themes/icons/field_new.png HTTP/1.1" 304 -
101.85.120.95 - - [22/Jul/2022:11:30:49 +0800] "GET /xingrg/javascript/easyui/themes/icons/import_new.png HTTP/1.1" 304 -
101.85.120.95 - - [22/Jul/2022:11:30:49 +0800] "GET /xingrg/javascript/easyui/plugins/jquery.parser.js HTTP/1.1" 304 -
101.85.120.95 - - [22/Jul/2022:11:30:49 +0800] "GET /xingrg/images/control/ajaxLoader.gif HTTP/1.1" 304 -
101.85.120.95 - - [22/Jul/2022:11:30:51 +0800] "POST /xingrg/kc/buy/cgsh_list_operate.html HTTP/1.1" 200 3058
101.85.120.95 - - [22/Jul/2022:11:30:53 +0800] "GET /xingrg/javascript/easyui/themes/default/images/button_plain_hover.png HTTP/1.1" 304 -
101.85.120.95 - - [22/Jul/2022:11:30:54 +0800] "GET /xingrg/javascript/pic_change.js HTTP/1.1" 304 -
101.85.120.95 - - [22/Jul/2022:11:30:54 +0800] "GET /xingrg/javascript/jquery_tools/order_manager.js HTTP/1.1" 304 -
101.85.120.95 - - [22/Jul/2022:11:30:54 +0800] "GET /xingrg/javascript/print/kc_print.js HTTP/1.1" 304 -
101.85.120.95 - - [22/Jul/2022:11:30:54 +0800] "GET /xingrg/javascript/json2.js HTTP/1.1" 304 -
101.85.120.95 - - [22/Jul/2022:11:30:54 +0800] "GET /xingrg/javascript/convert.js HTTP/1.1" 304 -
101.85.120.95 - - [22/Jul/2022:11:30:54 +0800] "GET /xingrg/kc/buy/cgsh_order_add.html HTTP/1.1" 200 67063
101.85.120.95 - - [22/Jul/2022:11:30:54 +0800] "GET /xingrg/words/20220721182822_words.js HTTP/1.1" 200 906676
101.85.120.95 - - [22/Jul/2022:11:30:54 +0800] "GET /xingrg/javascript/easyui/themes/icons/copy_new.png HTTP/1.1" 304 -
101.85.120.95 - - [22/Jul/2022:11:30:54 +0800] "GET /xingrg/javascript/easyui/themes/icons/template_new.png HTTP/1.1" 304 -
101.85.120.95 - - [22/Jul/2022:11:30:54 +0800] "GET /xingrg/javascript/easyui/themes/icons/ok.png HTTP/1.1" 304 -
101.85.120.95 - - [22/Jul/2022:11:30:54 +0800] "GET /xingrg/javascript/easyui/themes/default/images/menu_downarrow.png HTTP/1.1" 304 -
101.85.120.95 - - [22/Jul/2022:11:30:54 +0800] "GET /xingrg/javascript/easyui/themes/icons/print.png HTTP/1.1" 304 -
101.85.120.95 - - [22/Jul/2022:11:30:54 +0800] "GET /xingrg/javascript/easyui/themes/icons/cancel.png HTTP/1.1" 304 -
101.85.120.95 - - [22/Jul/2022:11:30:55 +0800] "GET /xingrg/all/common/auto_word.html?type=employee&rest_code=00142 HTTP/1.1" 200 105
101.85.120.95 - - [22/Jul/2022:11:30:55 +0800] "GET /xingrg/javascript/easyui/themes/default/validatebox.css HTTP/1.1" 404 1104
101.85.120.95 - - [22/Jul/2022:11:30:55 +0800] "GET /xingrg/javascript/easyui/plugins/jquery.validatebox.js HTTP/1.1" 304 -
101.85.120.95 - - [22/Jul/2022:11:30:55 +0800] "GET /xingrg/all/common/auto_word.html?type=employee&rest_code=00142 HTTP/1.1" 200 105
101.85.120.95 - - [22/Jul/2022:11:30:55 +0800] "GET /xingrg/javascript/easyui/plugins/jquery.numberbox.js HTTP/1.1" 304 -
101.85.120.95 - - [22/Jul/2022:11:30:55 +0800] "POST /xingrg/kc/buy/cgsh_order_operate.html HTTP/1.1" 200 8245
101.85.120.95 - - [22/Jul/2022:11:30:55 +0800] "GET /xingrg/javascript/easyui/themes/icons/edit_remove.png HTTP/1.1" 304 -
114.84.2.83 - - [22/Jul/2022:11:30:56 +0800] "GET /xingrg/all/function/internal_message.html?_=1658460650188&CODE_STATE=getMsg HTTP/1.1" 200 27
180.169.147.146 - - [22/Jul/2022:11:30:56 +0800] "GET /xingrg/all/function/internal_message.html?_=1658460649579&CODE_STATE=getMsg HTTP/1.1" 200 27
101.85.120.95 - - [22/Jul/2022:11:30:57 +0800] "GET /xingrg/javascript/auto/indicator.gif HTTP/1.1" 404 1066
116.224.123.211 - - [22/Jul/2022:11:31:02 +0800] "GET /xingrg/all/function/internal_message.html?_=1658460722553&CODE_STATE=getMsg HTTP/1.1" 200 27
180.175.103.110 - - [22/Jul/2022:11:31:02 +0800] "GET /xingrg/kc/base/wldb_order_operate.html?command=get_materiel&rest_code=00105&base_code=0010507&code=00101019376 HTTP/1.1" 200 476
101.85.120.95 - - [22/Jul/2022:11:31:04 +0800] "GET /xingrg/javascript/jquery_tools/images/prev.gif HTTP/1.1" 404 1086
101.85.120.95 - - [22/Jul/2022:11:31:04 +0800] "GET /xingrg/javascript/jquery_tools/images/next.gif HTTP/1.1" 404 1086
101.83.223.227 - - [22/Jul/2022:11:31:14 +0800] "GET /xingrg/all/function/internal_message.html?_=1658460671784&CODE_STATE=getMsg HTTP/1.1" 200 27
114.86.187.244 - - [22/Jul/2022:11:31:17 +0800] "GET /xingrg/all/function/internal_message.html?_=1658460681677&CODE_STATE=getMsg HTTP/1.1" 200 27
114.86.187.244 - - [22/Jul/2022:11:31:18 +0800] "GET /xingrg/check_reg.html?_=1658460681679 HTTP/1.1" 200 22
101.85.120.95 - - [22/Jul/2022:11:31:20 +0800] "GET /xingrg/kc/buy/cgsh_order_operate.html?command=get_materiel&rest_code=00142&code=00101011001&supplier_code=00100311&order_time=2022-07-20 HTTP/1.1" 200 423
101.80.228.36 - - [22/Jul/2022:11:31:22 +0800] "GET /xingrg/all/function/internal_message.html?_=1658460678964&CODE_STATE=getMsg HTTP/1.1" 200 27
101.85.120.95 - - [22/Jul/2022:11:31:24 +0800] "GET /xingrg/all/function/internal_message.html?_=1658460678932&CODE_STATE=getMsg HTTP/1.1" 200 27
101.85.120.95 - - [22/Jul/2022:11:31:24 +0800] "GET /xingrg/check_reg.html?_=1658460678935 HTTP/1.1" 200 22
114.83.219.182 - - [22/Jul/2022:11:31:24 +0800] "GET /xingrg/all/function/internal_message.html?_=1658460681436&CODE_STATE=getMsg HTTP/1.1" 200 27
180.175.103.110 - - [22/Jul/2022:11:31:26 +0800] "POST /xingrg/kc/base/wldb_order_operate.html HTTP/1.1" 200 37
180.175.103.110 - - [22/Jul/2022:11:31:27 +0800] "POST /xingrg/kc/base/wldb_order_operate.html HTTP/1.1" 200 2218
180.175.103.110 - - [22/Jul/2022:11:31:28 +0800] "GET /xingrg/kc/base/wldb_order_info.html?code=422022072201391 HTTP/1.1" 200 30370
180.175.103.110 - - [22/Jul/2022:11:31:28 +0800] "GET /xingrg/javascript/easyui/themes/default/validatebox.css HTTP/1.1" 404 1104
218.81.223.53 - - [22/Jul/2022:11:31:28 +0800] "GET /xingrg/all/function/internal_message.html?_=1658460703205&CODE_STATE=getMsg HTTP/1.1" 200 27
180.175.103.110 - - [22/Jul/2022:11:31:28 +0800] "POST /xingrg/kc/base/wldb_order_operate.html HTTP/1.1" 200 2218
180.169.147.146 - - [22/Jul/2022:11:31:30 +0800] "GET /xingrg/all/function/internal_message.html?_=1658460685854&CODE_STATE=getMsg HTTP/1.1" 200 27
101.80.228.36 - - [22/Jul/2022:11:31:32 +0800] "GET /xingrg/kc/buy/cgsh_order_operate.html?command=get_materiel&rest_code=00156&code=00101011004&supplier_code=00100012&order_time=2022-07-22 HTTP/1.1" 200 412
