180.175.103.110 - - [22/Jul/2022:10:22:45 +0800] "GET /xingrg/all/function/internal_message.html?_=1658456449929&CODE_STATE=getMsg HTTP/1.1" 200 27
180.169.147.146 - - [22/Jul/2022:10:22:45 +0800] "GET /xingrg/all/function/internal_message.html?_=1658456561610&CODE_STATE=getMsg HTTP/1.1" 200 27
114.86.187.244 - - [22/Jul/2022:10:22:51 +0800] "GET /xingrg/check_reg.html?_=1658456569695 HTTP/1.1" 200 22
114.84.2.83 - - [22/Jul/2022:10:22:57 +0800] "GET /xingrg/all/function/internal_message.html?_=1658456571330&CODE_STATE=getMsg HTTP/1.1" 200 27
114.84.2.83 - - [22/Jul/2022:10:23:10 +0800] "GET /xingrg/all/function/internal_message.html?_=1658456593345&CODE_STATE=getMsg HTTP/1.1" 200 27
101.83.223.227 - - [22/Jul/2022:10:23:13 +0800] "GET /xingrg/all/function/internal_message.html?_=1658456591388&CODE_STATE=getMsg HTTP/1.1" 200 27
27.149.62.69 - - [22/Jul/2022:10:23:14 +0800] "GET /xingrg/login_supplier.html?uc_sm=1 HTTP/1.1" 200 3208
27.149.62.69 - - [22/Jul/2022:10:23:14 +0800] "GET /xingrg/login_supplier.html HTTP/1.1" 200 3208
27.149.62.69 - - [22/Jul/2022:10:23:15 +0800] "GET /favicon.ico HTTP/1.1" 404 -
27.149.62.69 - - [22/Jul/2022:10:23:18 +0800] "POST /xingrg/login_supplier.html HTTP/1.1" 302 -
27.149.62.69 - - [22/Jul/2022:10:23:19 +0800] "GET /xingrg/supplier_index.html?sysBaseUrl=http%3A%2F%2F180.169.147.146%3A18081%2Fxingrg%2F&costTime=12×tamp=1658456598818 HTTP/1.1" 200 9061
116.237.76.126 - - [22/Jul/2022:10:23:21 +0800] "GET /xingrg/all/function/internal_message.html?_=1658456600735&CODE_STATE=getMsg HTTP/1.1" 200 27
101.80.228.36 - - [22/Jul/2022:10:23:22 +0800] "GET /xingrg/all/function/internal_message.html?_=1658456598699&CODE_STATE=getMsg HTTP/1.1" 200 27
218.81.223.53 - - [22/Jul/2022:10:23:22 +0800] "GET /xingrg/all/function/internal_message.html?_=1658456617071&CODE_STATE=getMsg HTTP/1.1" 200 27
101.85.120.95 - - [22/Jul/2022:10:23:24 +0800] "GET /xingrg/all/function/internal_message.html?_=1658456598810&CODE_STATE=getMsg HTTP/1.1" 200 27
114.83.219.182 - - [22/Jul/2022:10:23:25 +0800] "GET /xingrg/check_reg.html?_=1658456602196 HTTP/1.1" 200 22
114.83.219.182 - - [22/Jul/2022:10:23:25 +0800] "GET /xingrg/all/function/internal_message.html?_=1658456602199&CODE_STATE=getMsg HTTP/1.1" 200 27
27.149.62.69 - - [22/Jul/2022:10:23:26 +0800] "GET /xingrg/supplier/cgsh_order_list.html HTTP/1.1" 200 10896
27.149.62.69 - - [22/Jul/2022:10:23:28 +0800] "POST /xingrg/supplier/cgsh_list_operate.html HTTP/1.1" 200 4527
27.149.62.69 - - [22/Jul/2022:10:23:35 +0800] "GET /xingrg/javascript/jquery_tools/images/prev.gif HTTP/1.1" 404 1086
27.149.62.69 - - [22/Jul/2022:10:23:35 +0800] "GET /xingrg/javascript/jquery_tools/images/next.gif HTTP/1.1" 404 1086
180.175.103.110 - - [22/Jul/2022:10:23:45 +0800] "GET /xingrg/all/function/internal_message.html?_=1658456509917&CODE_STATE=getMsg HTTP/1.1" 200 27
180.169.147.146 - - [22/Jul/2022:10:23:45 +0800] "GET /xingrg/check_reg.html?_=1658456621614 HTTP/1.1" 200 22
180.169.147.146 - - [22/Jul/2022:10:23:46 +0800] "GET /xingrg/all/function/internal_message.html?_=1658456621614&CODE_STATE=getMsg HTTP/1.1" 200 27
27.149.62.69 - - [22/Jul/2022:10:23:52 +0800] "POST /xingrg/supplier/cgsh_list_operate.html HTTP/1.1" 200 4037
114.84.2.83 - - [22/Jul/2022:10:23:57 +0800] "GET /xingrg/all/function/internal_message.html?_=1658456631315&CODE_STATE=getMsg HTTP/1.1" 200 27
114.84.2.83 - - [22/Jul/2022:10:24:10 +0800] "GET /xingrg/check_reg.html?_=1658456653348 HTTP/1.1" 200 22
114.84.2.83 - - [22/Jul/2022:10:24:10 +0800] "GET /xingrg/all/function/internal_message.html?_=1658456653346&CODE_STATE=getMsg HTTP/1.1" 200 27
101.83.223.227 - - [22/Jul/2022:10:24:13 +0800] "GET /xingrg/all/function/internal_message.html?_=1658456651405&CODE_STATE=getMsg HTTP/1.1" 200 27
116.237.76.126 - - [22/Jul/2022:10:24:21 +0800] "GET /xingrg/all/function/internal_message.html?_=1658456660735&CODE_STATE=getMsg HTTP/1.1" 200 27
101.80.228.36 - - [22/Jul/2022:10:24:22 +0800] "GET /xingrg/all/function/internal_message.html?_=1658456658683&CODE_STATE=getMsg HTTP/1.1" 200 27
218.81.223.53 - - [22/Jul/2022:10:24:22 +0800] "GET /xingrg/all/function/internal_message.html?_=1658456677287&CODE_STATE=getMsg HTTP/1.1" 200 27
101.85.120.95 - - [22/Jul/2022:10:24:24 +0800] "GET /xingrg/all/function/internal_message.html?_=1658456658810&CODE_STATE=getMsg HTTP/1.1" 200 27
114.83.219.182 - - [22/Jul/2022:10:24:25 +0800] "GET /xingrg/all/function/internal_message.html?_=1658456662197&CODE_STATE=getMsg HTTP/1.1" 200 27
180.175.103.110 - - [22/Jul/2022:10:24:45 +0800] "GET /xingrg/all/function/internal_message.html?_=1658456569902&CODE_STATE=getMsg HTTP/1.1" 200 27
180.169.147.146 - - [22/Jul/2022:10:24:45 +0800] "GET /xingrg/all/function/internal_message.html?_=1658456681600&CODE_STATE=getMsg HTTP/1.1" 200 27
114.84.2.83 - - [22/Jul/2022:10:24:57 +0800] "GET /xingrg/all/function/internal_message.html?_=1658456691301&CODE_STATE=getMsg HTTP/1.1" 200 27
114.84.2.83 - - [22/Jul/2022:10:24:57 +0800] "GET /xingrg/check_reg.html?_=1658456691756 HTTP/1.1" 200 22
114.84.2.83 - - [22/Jul/2022:10:25:10 +0800] "GET /xingrg/all/function/internal_message.html?_=1658456713346&CODE_STATE=getMsg HTTP/1.1" 200 27
218.81.223.53 - - [22/Jul/2022:10:25:13 +0800] "GET /xingrg/check_reg.html?_=1658456727989 HTTP/1.1" 200 22
101.83.223.227 - - [22/Jul/2022:10:25:13 +0800] "GET /xingrg/all/function/internal_message.html?_=1658456711405&CODE_STATE=getMsg HTTP/1.1" 200 27
116.237.76.126 - - [22/Jul/2022:10:25:21 +0800] "GET /xingrg/all/function/internal_message.html?_=1658456720734&CODE_STATE=getMsg HTTP/1.1" 200 27
101.80.228.36 - - [22/Jul/2022:10:25:22 +0800] "GET /xingrg/all/function/internal_message.html?_=1658456718668&CODE_STATE=getMsg HTTP/1.1" 200 27
218.81.223.53 - - [22/Jul/2022:10:25:22 +0800] "GET /xingrg/all/function/internal_message.html?_=1658456737300&CODE_STATE=getMsg HTTP/1.1" 200 27
101.85.120.95 - - [22/Jul/2022:10:25:24 +0800] "GET /xingrg/all/function/internal_message.html?_=1658456718809&CODE_STATE=getMsg HTTP/1.1" 200 27
114.83.219.182 - - [22/Jul/2022:10:25:25 +0800] "GET /xingrg/all/function/internal_message.html?_=1658456722200&CODE_STATE=getMsg HTTP/1.1" 200 27
114.83.219.182 - - [22/Jul/2022:10:25:41 +0800] "GET /xingrg/kc/buy/cgsh_order_operate.html?command=get_materiel&rest_code=00149&code=00102013003&supplier_code=00100075&order_time=2022-07-06 HTTP/1.1" 200 410
180.175.103.110 - - [22/Jul/2022:10:25:45 +0800] "GET /xingrg/all/function/internal_message.html?_=1658456629891&CODE_STATE=getMsg HTTP/1.1" 200 27
180.175.103.110 - - [22/Jul/2022:10:25:45 +0800] "GET /xingrg/check_reg.html?_=1658456629941 HTTP/1.1" 200 22
180.169.147.146 - - [22/Jul/2022:10:25:45 +0800] "GET /xingrg/all/function/internal_message.html?_=1658456741602&CODE_STATE=getMsg HTTP/1.1" 200 27
114.84.2.83 - - [22/Jul/2022:10:25:57 +0800] "GET /xingrg/all/function/internal_message.html?_=1658456751272&CODE_STATE=getMsg HTTP/1.1" 200 27
114.83.219.182 - - [22/Jul/2022:10:26:01 +0800] "GET /xingrg/kc/buy/cgsh_order_operate.html?command=get_materiel&rest_code=00149&code=00102002766&supplier_code=00100075&order_time=2022-07-06 HTTP/1.1" 200 410
114.84.2.83 - - [22/Jul/2022:10:26:10 +0800] "GET /xingrg/all/function/internal_message.html?_=1658456773347&CODE_STATE=getMsg HTTP/1.1" 200 27
114.83.219.182 - - [22/Jul/2022:10:26:12 +0800] "GET /xingrg/kc/buy/cgsh_order_operate.html?command=get_materiel&rest_code=00149&code=00102002080&supplier_code=00100075&order_time=2022-07-06 HTTP/1.1" 200 409
101.83.223.227 - - [22/Jul/2022:10:26:13 +0800] "GET /xingrg/all/function/internal_message.html?_=1658456771416&CODE_STATE=getMsg HTTP/1.1" 200 27
116.224.123.211 - - [22/Jul/2022:10:26:17 +0800] "POST /xingrg/services/DataTransmitService HTTP/1.1" 200 524
116.224.123.211 - - [22/Jul/2022:10:26:17 +0800] "POST /xingrg/services/DataTransmitService HTTP/1.1" 200 2487
116.224.123.211 - - [22/Jul/2022:10:26:18 +0800] "POST /xingrg/services/DataTransmitService HTTP/1.1" 200 192659
116.237.76.126 - - [22/Jul/2022:10:26:21 +0800] "GET /xingrg/all/function/internal_message.html?_=1658456780733&CODE_STATE=getMsg HTTP/1.1" 200 27
101.80.228.36 - - [22/Jul/2022:10:26:22 +0800] "GET /xingrg/all/function/internal_message.html?_=1658456778654&CODE_STATE=getMsg HTTP/1.1" 200 27
218.81.223.53 - - [22/Jul/2022:10:26:22 +0800] "GET /xingrg/all/function/internal_message.html?_=1658456797313&CODE_STATE=getMsg HTTP/1.1" 200 27
101.85.120.95 - - [22/Jul/2022:10:26:24 +0800] "GET /xingrg/check_reg.html?_=1658456778811 HTTP/1.1" 200 22
101.85.120.95 - - [22/Jul/2022:10:26:24 +0800] "GET /xingrg/all/function/internal_message.html?_=1658456778810&CODE_STATE=getMsg HTTP/1.1" 200 27
114.83.219.182 - - [22/Jul/2022:10:26:25 +0800] "GET /xingrg/all/function/internal_message.html?_=1658456782199&CODE_STATE=getMsg HTTP/1.1" 200 27
114.83.219.182 - - [22/Jul/2022:10:26:26 +0800] "POST /xingrg/kc/buy/cgsh_order_operate.html HTTP/1.1" 200 37
114.83.219.182 - - [22/Jul/2022:10:26:31 +0800] "POST /xingrg/kc/buy/cgsh_order_operate.html HTTP/1.1" 200 12
114.83.219.182 - - [22/Jul/2022:10:26:37 +0800] "GET /xingrg/kc/buy/cgsh_order_info.html?code=212022072205537 HTTP/1.1" 200 62939
114.83.219.182 - - [22/Jul/2022:10:26:37 +0800] "GET /xingrg/words/20220721182822_words.js HTTP/1.1" 304 -
114.83.219.182 - - [22/Jul/2022:10:26:37 +0800] "GET /xingrg/javascript/easyui/themes/default/validatebox.css HTTP/1.1" 404 1104
114.83.219.182 - - [22/Jul/2022:10:26:38 +0800] "POST /xingrg/kc/buy/cgsh_order_operate.html HTTP/1.1" 200 1786
114.83.219.182 - - [22/Jul/2022:10:26:39 +0800] "GET /xingrg/kc/print/load_data.html?order_code=212022072205537&kc_code=cgsh&condition= HTTP/1.1" 200 1162
180.175.103.110 - - [22/Jul/2022:10:26:45 +0800] "GET /xingrg/all/function/internal_message.html?_=1658456689866&CODE_STATE=getMsg HTTP/1.1" 200 27
180.169.147.146 - - [22/Jul/2022:10:26:45 +0800] "GET /xingrg/all/function/internal_message.html?_=1658456801604&CODE_STATE=getMsg HTTP/1.1" 200 27
114.84.2.83 - - [22/Jul/2022:10:26:57 +0800] "GET /xingrg/all/function/internal_message.html?_=1658456811256&CODE_STATE=getMsg HTTP/1.1" 200 27
27.149.62.69 - - [22/Jul/2022:10:27:00 +0800] "POST /xingrg/supplier/cgsh_list_operate.html HTTP/1.1" 200 4041
114.84.2.83 - - [22/Jul/2022:10:27:10 +0800] "GET /xingrg/all/function/internal_message.html?_=1658456833346&CODE_STATE=getMsg HTTP/1.1" 200 27
101.83.223.227 - - [22/Jul/2022:10:27:13 +0800] "GET /xingrg/check_reg.html?_=1658456831417 HTTP/1.1" 200 22
101.83.223.227 - - [22/Jul/2022:10:27:13 +0800] "GET /xingrg/all/function/internal_message.html?_=1658456831421&CODE_STATE=getMsg HTTP/1.1" 200 27
116.237.76.126 - - [22/Jul/2022:10:27:21 +0800] "GET /xingrg/check_reg.html?_=1658456840732 HTTP/1.1" 200 22
116.237.76.126 - - [22/Jul/2022:10:27:21 +0800] "GET /xingrg/all/function/internal_message.html?_=1658456840735&CODE_STATE=getMsg HTTP/1.1" 200 27
101.80.228.36 - - [22/Jul/2022:10:27:22 +0800] "GET /xingrg/all/function/internal_message.html?_=1658456838624&CODE_STATE=getMsg HTTP/1.1" 200 27
218.81.223.53 - - [22/Jul/2022:10:27:22 +0800] "GET /xingrg/all/function/internal_message.html?_=1658456857327&CODE_STATE=getMsg HTTP/1.1" 200 27
101.85.120.95 - - [22/Jul/2022:10:27:24 +0800] "GET /xingrg/all/function/internal_message.html?_=1658456838836&CODE_STATE=getMsg HTTP/1.1" 200 27
114.83.219.182 - - [22/Jul/2022:10:27:25 +0800] "GET /xingrg/all/function/internal_message.html?_=1658456842209&CODE_STATE=getMsg HTTP/1.1" 200 27
114.86.229.145 - - [22/Jul/2022:10:27:39 +0800] "GET /favicon.ico HTTP/1.1" 404 -
101.80.228.36 - - [22/Jul/2022:10:27:41 +0800] "GET /xingrg/check_reg.html?_=1658456858283 HTTP/1.1" 200 22
180.175.103.110 - - [22/Jul/2022:10:27:45 +0800] "GET /xingrg/all/function/internal_message.html?_=1658456749856&CODE_STATE=getMsg HTTP/1.1" 200 27
180.169.147.146 - - [22/Jul/2022:10:27:45 +0800] "GET /xingrg/all/function/internal_message.html?_=1658456861604&CODE_STATE=getMsg HTTP/1.1" 200 27
114.86.187.244 - - [22/Jul/2022:10:27:51 +0800] "GET /xingrg/check_reg.html?_=1658456869673 HTTP/1.1" 200 22
114.84.2.83 - - [22/Jul/2022:10:27:57 +0800] "GET /xingrg/all/function/internal_message.html?_=1658456871243&CODE_STATE=getMsg HTTP/1.1" 200 27
114.84.2.83 - - [22/Jul/2022:10:28:10 +0800] "GET /xingrg/all/function/internal_message.html?_=1658456893346&CODE_STATE=getMsg HTTP/1.1" 200 27
101.83.223.227 - - [22/Jul/2022:10:28:13 +0800] "GET /xingrg/all/function/internal_message.html?_=1658456891421&CODE_STATE=getMsg HTTP/1.1" 200 27
116.237.76.126 - - [22/Jul/2022:10:28:21 +0800] "GET /xingrg/all/function/internal_message.html?_=1658456900721&CODE_STATE=getMsg HTTP/1.1" 200 27
101.80.228.36 - - [22/Jul/2022:10:28:22 +0800] "GET /xingrg/all/function/internal_message.html?_=1658456898597&CODE_STATE=getMsg HTTP/1.1" 200 27
218.81.223.53 - - [22/Jul/2022:10:28:22 +0800] "GET /xingrg/all/function/internal_message.html?_=1658456917340&CODE_STATE=getMsg HTTP/1.1" 200 27
101.85.120.95 - - [22/Jul/2022:10:28:24 +0800] "GET /xingrg/all/function/internal_message.html?_=1658456898836&CODE_STATE=getMsg HTTP/1.1" 200 27
114.83.219.182 - - [22/Jul/2022:10:28:25 +0800] "GET /xingrg/all/function/internal_message.html?_=1658456902215&CODE_STATE=getMsg HTTP/1.1" 200 27
114.83.219.182 - - [22/Jul/2022:10:28:25 +0800] "GET /xingrg/check_reg.html?_=1658456902222 HTTP/1.1" 200 22
27.149.62.69 - - [22/Jul/2022:10:28:27 +0800] "POST /xingrg/supplier/cgsh_list_operate.html HTTP/1.1" 200 4035
180.175.103.110 - - [22/Jul/2022:10:28:45 +0800] "GET /xingrg/all/function/internal_message.html?_=1658456809841&CODE_STATE=getMsg HTTP/1.1" 200 27
180.169.147.146 - - [22/Jul/2022:10:28:45 +0800] "GET /xingrg/all/function/internal_message.html?_=1658456921606&CODE_STATE=getMsg HTTP/1.1" 200 27
180.169.147.146 - - [22/Jul/2022:10:28:46 +0800] "GET /xingrg/check_reg.html?_=1658456921608 HTTP/1.1" 200 22
180.175.103.110 - - [22/Jul/2022:10:28:51 +0800] "GET /xingrg/kc/print/load_config.html?kc_code=cgsh HTTP/1.1" 200 1943
180.175.103.110 - - [22/Jul/2022:10:28:51 +0800] "GET /xingrg/kc/print/load_data.html?order_code=212022072205525&kc_code=cgsh&condition= HTTP/1.1" 200 12494
114.84.2.83 - - [22/Jul/2022:10:28:57 +0800] "GET /xingrg/all/function/internal_message.html?_=1658456931228&CODE_STATE=getMsg HTTP/1.1" 200 27
27.149.62.69 - - [22/Jul/2022:10:29:10 +0800] "POST /xingrg/supplier/cgsh_list_operate.html HTTP/1.1" 200 4046
114.84.2.83 - - [22/Jul/2022:10:29:10 +0800] "GET /xingrg/all/function/internal_message.html?_=1658456953346&CODE_STATE=getMsg HTTP/1.1" 200 27
114.84.2.83 - - [22/Jul/2022:10:29:10 +0800] "GET /xingrg/check_reg.html?_=1658456953348 HTTP/1.1" 200 22
101.83.223.227 - - [22/Jul/2022:10:29:13 +0800] "GET /xingrg/all/function/internal_message.html?_=1658456951422&CODE_STATE=getMsg HTTP/1.1" 200 27
116.237.76.126 - - [22/Jul/2022:10:29:21 +0800] "GET /xingrg/all/function/internal_message.html?_=1658456960726&CODE_STATE=getMsg HTTP/1.1" 200 27
101.80.228.36 - - [22/Jul/2022:10:29:22 +0800] "GET /xingrg/all/function/internal_message.html?_=1658456958567&CODE_STATE=getMsg HTTP/1.1" 200 27
218.81.223.53 - - [22/Jul/2022:10:29:22 +0800] "GET /xingrg/all/function/internal_message.html?_=1658456977355&CODE_STATE=getMsg HTTP/1.1" 200 27
101.85.120.95 - - [22/Jul/2022:10:29:24 +0800] "GET /xingrg/all/function/internal_message.html?_=1658456958836&CODE_STATE=getMsg HTTP/1.1" 200 27
114.83.219.182 - - [22/Jul/2022:10:29:25 +0800] "GET /xingrg/all/function/internal_message.html?_=1658456962210&CODE_STATE=getMsg HTTP/1.1" 200 27
27.149.62.69 - - [22/Jul/2022:10:29:39 +0800] "POST /xingrg/supplier/cgsh_list_operate.html HTTP/1.1" 200 4055
180.175.103.110 - - [22/Jul/2022:10:29:45 +0800] "GET /xingrg/all/function/internal_message.html?_=1658456869825&CODE_STATE=getMsg HTTP/1.1" 200 27
180.169.147.146 - - [22/Jul/2022:10:29:45 +0800] "GET /xingrg/all/function/internal_message.html?_=1658456981608&CODE_STATE=getMsg HTTP/1.1" 200 27
114.84.2.83 - - [22/Jul/2022:10:29:57 +0800] "GET /xingrg/all/function/internal_message.html?_=1658456991212&CODE_STATE=getMsg HTTP/1.1" 200 27
114.84.2.83 - - [22/Jul/2022:10:29:57 +0800] "GET /xingrg/check_reg.html?_=1658456991761 HTTP/1.1" 200 22
27.149.62.69 - - [22/Jul/2022:10:30:06 +0800] "POST /xingrg/supplier/cgsh_list_operate.html HTTP/1.1" 200 3578
114.83.219.182 - - [22/Jul/2022:10:30:12 +0800] "GET /xingrg/kc/buy/cgsh_order_add.html HTTP/1.1" 200 68032
114.83.219.182 - - [22/Jul/2022:10:30:12 +0800] "POST /xingrg/kc/buy/cgsh_order_operate.html HTTP/1.1" 200 8245
114.83.219.182 - - [22/Jul/2022:10:30:12 +0800] "GET /xingrg/javascript/easyui/themes/default/validatebox.css HTTP/1.1" 404 1104
218.81.223.53 - - [22/Jul/2022:10:30:13 +0800] "GET /xingrg/check_reg.html?_=1658457027992 HTTP/1.1" 200 22
101.83.223.227 - - [22/Jul/2022:10:30:13 +0800] "GET /xingrg/all/function/internal_message.html?_=1658457011449&CODE_STATE=getMsg HTTP/1.1" 200 27
116.237.76.126 - - [22/Jul/2022:10:30:21 +0800] "GET /xingrg/all/function/internal_message.html?_=1658457020726&CODE_STATE=getMsg HTTP/1.1" 200 27
101.80.228.36 - - [22/Jul/2022:10:30:22 +0800] "GET /xingrg/all/function/internal_message.html?_=1658457018536&CODE_STATE=getMsg HTTP/1.1" 200 27
218.81.223.53 - - [22/Jul/2022:10:30:22 +0800] "GET /xingrg/all/function/internal_message.html?_=1658457037368&CODE_STATE=getMsg HTTP/1.1" 200 27
101.85.120.95 - - [22/Jul/2022:10:30:24 +0800] "GET /xingrg/all/function/internal_message.html?_=1658457018837&CODE_STATE=getMsg HTTP/1.1" 200 27
114.83.219.182 - - [22/Jul/2022:10:30:25 +0800] "GET /xingrg/all/function/internal_message.html?_=1658457022227&CODE_STATE=getMsg HTTP/1.1" 200 27
180.175.103.110 - - [22/Jul/2022:10:30:45 +0800] "GET /xingrg/all/function/internal_message.html?_=1658456929814&CODE_STATE=getMsg HTTP/1.1" 200 27
180.175.103.110 - - [22/Jul/2022:10:30:45 +0800] "GET /xingrg/check_reg.html?_=1658456929934 HTTP/1.1" 200 22
180.169.147.146 - - [22/Jul/2022:10:30:45 +0800] "GET /xingrg/all/function/internal_message.html?_=1658457041610&CODE_STATE=getMsg HTTP/1.1" 200 27
114.84.2.83 - - [22/Jul/2022:10:30:57 +0800] "GET /xingrg/all/function/internal_message.html?_=1658457051184&CODE_STATE=getMsg HTTP/1.1" 200 27
101.83.223.227 - - [22/Jul/2022:10:31:13 +0800] "GET /xingrg/all/function/internal_message.html?_=1658457071435&CODE_STATE=getMsg HTTP/1.1" 200 27
116.237.76.126 - - [22/Jul/2022:10:31:21 +0800] "GET /xingrg/all/function/internal_message.html?_=1658457080753&CODE_STATE=getMsg HTTP/1.1" 200 27
101.80.228.36 - - [22/Jul/2022:10:31:22 +0800] "GET /xingrg/all/function/internal_message.html?_=1658457078507&CODE_STATE=getMsg HTTP/1.1" 200 27
218.81.223.53 - - [22/Jul/2022:10:31:22 +0800] "GET /xingrg/all/function/internal_message.html?_=1658457097382&CODE_STATE=getMsg HTTP/1.1" 200 27
114.83.219.182 - - [22/Jul/2022:10:31:23 +0800] "GET /xingrg/kc/buy/cgsh_order_operate.html?command=get_materiel&rest_code=00149&code=00102001223&supplier_code=00100075&order_time=2022-07-22 HTTP/1.1" 200 413
101.85.120.95 - - [22/Jul/2022:10:31:24 +0800] "GET /xingrg/check_reg.html?_=1658457078837 HTTP/1.1" 200 22
101.85.120.95 - - [22/Jul/2022:10:31:24 +0800] "GET /xingrg/all/function/internal_message.html?_=1658457078838&CODE_STATE=getMsg HTTP/1.1" 200 27
114.83.219.182 - - [22/Jul/2022:10:31:25 +0800] "GET /xingrg/all/function/internal_message.html?_=1658457082218&CODE_STATE=getMsg HTTP/1.1" 200 27
180.175.103.110 - - [22/Jul/2022:10:31:45 +0800] "GET /xingrg/all/function/internal_message.html?_=1658456989813&CODE_STATE=getMsg HTTP/1.1" 200 27
180.169.147.146 - - [22/Jul/2022:10:31:45 +0800] "GET /xingrg/all/function/internal_message.html?_=1658457101614&CODE_STATE=getMsg HTTP/1.1" 200 27
114.84.2.83 - - [22/Jul/2022:10:31:57 +0800] "GET /xingrg/all/function/internal_message.html?_=1658457111169&CODE_STATE=getMsg HTTP/1.1" 200 27
116.237.76.126 - - [22/Jul/2022:10:32:12 +0800] "GET /xingrg/kc/base/base_main.html HTTP/1.1" 200 12142
114.86.187.244 - - [22/Jul/2022:10:32:12 +0800] "GET /xingrg/kc/base/base_main.html HTTP/1.1" 200 12142
116.237.76.126 - - [22/Jul/2022:10:32:13 +0800] "GET /xingrg/kc/base/wldb_order_list.html HTTP/1.1" 200 19142
114.86.187.244 - - [22/Jul/2022:10:32:13 +0800] "GET /xingrg/kc/base/wldb_order_list.html HTTP/1.1" 200 19148
116.237.76.126 - - [22/Jul/2022:10:32:13 +0800] "POST /xingrg/kc/base/wldb_list_operate.html HTTP/1.1" 200 928
101.83.223.227 - - [22/Jul/2022:10:32:13 +0800] "GET /xingrg/all/function/internal_message.html?_=1658457131436&CODE_STATE=getMsg HTTP/1.1" 200 27
101.83.223.227 - - [22/Jul/2022:10:32:13 +0800] "GET /xingrg/check_reg.html?_=1658457131449 HTTP/1.1" 200 22
114.86.187.244 - - [22/Jul/2022:10:32:14 +0800] "POST /xingrg/kc/base/wldb_list_operate.html HTTP/1.1" 200 928
114.86.187.244 - - [22/Jul/2022:10:32:15 +0800] "GET /xingrg/kc/base/wldb_order_add.html HTTP/1.1" 200 30358
114.86.187.244 - - [22/Jul/2022:10:32:16 +0800] "GET /xingrg/words/20220721182822_words.js HTTP/1.1" 304 -
116.237.76.126 - - [22/Jul/2022:10:32:16 +0800] "GET /xingrg/kc/base/wldb_order_add.html HTTP/1.1" 200 30356
114.86.187.244 - - [22/Jul/2022:10:32:16 +0800] "POST /xingrg/kc/base/wldb_order_operate.html HTTP/1.1" 200 6806
116.237.76.126 - - [22/Jul/2022:10:32:16 +0800] "POST /xingrg/kc/base/wldb_order_operate.html HTTP/1.1" 200 6806
114.86.187.244 - - [22/Jul/2022:10:32:16 +0800] "GET /xingrg/all/common/auto_word.html?type=base&rest_code=00148 HTTP/1.1" 200 1799
114.86.187.244 - - [22/Jul/2022:10:32:16 +0800] "GET /xingrg/all/common/auto_word.html?type=base&rest_code=00148 HTTP/1.1" 200 1799
116.237.76.126 - - [22/Jul/2022:10:32:16 +0800] "GET /xingrg/all/common/auto_word.html?type=base&rest_code=00106 HTTP/1.1" 200 1799
116.237.76.126 - - [22/Jul/2022:10:32:16 +0800] "GET /xingrg/all/common/auto_word.html?type=base&rest_code=00106 HTTP/1.1" 200 1799
116.237.76.126 - - [22/Jul/2022:10:32:16 +0800] "GET /xingrg/javascript/easyui/themes/default/validatebox.css HTTP/1.1" 404 1104
114.86.187.244 - - [22/Jul/2022:10:32:16 +0800] "GET /xingrg/javascript/easyui/themes/default/validatebox.css HTTP/1.1" 404 1104
116.237.76.126 - - [22/Jul/2022:10:32:18 +0800] "POST /xingrg/all/common/load_combo.html?type=base HTTP/1.1" 200 3227
114.86.187.244 - - [22/Jul/2022:10:32:18 +0800] "GET /xingrg/javascript/auto/indicator.gif HTTP/1.1" 404 1066
114.86.187.244 - - [22/Jul/2022:10:32:21 +0800] "GET /xingrg/javascript/jquery_tools/images/next.gif HTTP/1.1" 404 1086
114.86.187.244 - - [22/Jul/2022:10:32:21 +0800] "GET /xingrg/javascript/jquery_tools/images/prev.gif HTTP/1.1" 404 1086
27.149.62.69 - - [22/Jul/2022:10:32:21 +0800] "GET /xingrg/javascript/easyui/themes/default/tree.css HTTP/1.1" 404 1090
27.149.62.69 - - [22/Jul/2022:10:32:21 +0800] "POST /xingrg/all/common/load_tree.html?tree=area_rest_tree_json HTTP/1.1" 200 3472
116.237.76.126 - - [22/Jul/2022:10:32:21 +0800] "GET /xingrg/all/function/internal_message.html?_=1658457140751&CODE_STATE=getMsg HTTP/1.1" 200 27
116.237.76.126 - - [22/Jul/2022:10:32:21 +0800] "GET /xingrg/check_reg.html?_=1658457140754 HTTP/1.1" 200 22
101.80.228.36 - - [22/Jul/2022:10:32:22 +0800] "GET /xingrg/all/function/internal_message.html?_=1658457138493&CODE_STATE=getMsg HTTP/1.1" 200 27
218.81.223.53 - - [22/Jul/2022:10:32:23 +0800] "GET /xingrg/all/function/internal_message.html?_=1658457157633&CODE_STATE=getMsg HTTP/1.1" 200 27
101.85.120.95 - - [22/Jul/2022:10:32:24 +0800] "GET /xingrg/all/function/internal_message.html?_=1658457138836&CODE_STATE=getMsg HTTP/1.1" 200 27
114.86.187.244 - - [22/Jul/2022:10:32:24 +0800] "GET /xingrg/kc/base/wldb_order_operate.html?command=get_materiel&rest_code=00148&base_code=0010006&code=00101001023 HTTP/1.1" 200 435
114.83.219.182 - - [22/Jul/2022:10:32:25 +0800] "GET /xingrg/all/function/internal_message.html?_=1658457142234&CODE_STATE=getMsg HTTP/1.1" 200 27
116.237.76.126 - - [22/Jul/2022:10:32:29 +0800] "GET /xingrg/kc/buy/buy_main.html HTTP/1.1" 200 12412
116.237.76.126 - - [22/Jul/2022:10:32:29 +0800] "GET /xingrg/css/new_ie.css HTTP/1.1" 404 1036
27.149.62.69 - - [22/Jul/2022:10:32:29 +0800] "POST /xingrg/supplier/cgsh_list_operate.html HTTP/1.1" 200 634
116.237.76.126 - - [22/Jul/2022:10:32:30 +0800] "GET /xingrg/images/yd/bt.gif HTTP/1.1" 404 1040
116.237.76.126 - - [22/Jul/2022:10:32:30 +0800] "GET /xingrg/kc/buy/cgsh_order_list.html HTTP/1.1" 200 52162
114.86.187.244 - - [22/Jul/2022:10:32:31 +0800] "GET /favicon.ico HTTP/1.1" 404 -
116.237.76.126 - - [22/Jul/2022:10:32:33 +0800] "POST /xingrg/kc/buy/cgsh_list_operate.html HTTP/1.1" 200 2433
114.86.187.244 - - [22/Jul/2022:10:32:34 +0800] "POST /xingrg/kc/base/wldb_order_operate.html HTTP/1.1" 200 37
114.86.187.244 - - [22/Jul/2022:10:32:34 +0800] "POST /xingrg/kc/base/wldb_order_operate.html HTTP/1.1" 200 2184
114.86.187.244 - - [22/Jul/2022:10:32:35 +0800] "GET /xingrg/kc/base/wldb_order_info.html?code=422022072201384 HTTP/1.1" 200 30370
116.237.76.126 - - [22/Jul/2022:10:32:35 +0800] "GET /xingrg/kc/buy/cgsh_order_add.html HTTP/1.1" 200 67938
116.237.76.126 - - [22/Jul/2022:10:32:35 +0800] "POST /xingrg/kc/buy/cgsh_order_operate.html HTTP/1.1" 200 8245
116.237.76.126 - - [22/Jul/2022:10:32:35 +0800] "GET /xingrg/javascript/easyui/themes/default/validatebox.css HTTP/1.1" 404 1104
114.86.187.244 - - [22/Jul/2022:10:32:36 +0800] "GET /xingrg/javascript/easyui/themes/default/validatebox.css HTTP/1.1" 404 1104
114.86.187.244 - - [22/Jul/2022:10:32:36 +0800] "POST /xingrg/kc/base/wldb_order_operate.html HTTP/1.1" 200 2184
116.237.76.126 - - [22/Jul/2022:10:32:37 +0800] "GET /xingrg/javascript/easyui/themes/default/tree.css HTTP/1.1" 404 1090
116.237.76.126 - - [22/Jul/2022:10:32:37 +0800] "POST /xingrg/all/common/load_tree.html?tree=supplier_tree_json&isDelete=1 HTTP/1.1" 200 66956
114.86.187.244 - - [22/Jul/2022:10:32:39 +0800] "GET /xingrg/kc/base/wldb_order_operate.html?command=get_materiel&rest_code=00148&base_code=0010006&code=00101001015 HTTP/1.1" 200 433
101.80.228.36 - - [22/Jul/2022:10:32:41 +0800] "GET /xingrg/check_reg.html?_=1658457158278 HTTP/1.1" 200 22
180.175.103.110 - - [22/Jul/2022:10:32:45 +0800] "GET /xingrg/all/function/internal_message.html?_=1658457049809&CODE_STATE=getMsg HTTP/1.1" 200 27
114.86.187.244 - - [22/Jul/2022:10:32:45 +0800] "GET /xingrg/kc/base/wldb_order_operate.html?command=get_materiel&rest_code=00148&base_code=0010006&code=00101001013 HTTP/1.1" 200 436
180.169.147.146 - - [22/Jul/2022:10:32:45 +0800] "GET /xingrg/all/function/internal_message.html?_=1658457161600&CODE_STATE=getMsg HTTP/1.1" 200 27
114.86.187.244 - - [22/Jul/2022:10:32:51 +0800] "GET /xingrg/check_reg.html?_=1658457169705 HTTP/1.1" 200 22
114.86.187.244 - - [22/Jul/2022:10:32:52 +0800] "GET /xingrg/kc/base/wldb_order_operate.html?command=get_materiel&rest_code=00148&base_code=0010006&code=00101004017 HTTP/1.1" 200 433
114.86.187.244 - - [22/Jul/2022:10:32:56 +0800] "GET /xingrg/kc/base/wldb_order_operate.html?command=get_materiel&rest_code=00148&base_code=0010006&code=00101010616 HTTP/1.1" 200 431
114.84.2.83 - - [22/Jul/2022:10:32:57 +0800] "GET /xingrg/all/function/internal_message.html?_=1658457171154&CODE_STATE=getMsg HTTP/1.1" 200 27
116.237.76.126 - - [22/Jul/2022:10:33:01 +0800] "GET /xingrg/kc/buy/cgsh_order_operate.html?command=get_materiel&rest_code=00106&code=00101009001&supplier_code=00100022&order_time=2022-07-22 HTTP/1.1" 200 416
114.86.187.244 - - [22/Jul/2022:10:33:02 +0800] "POST /xingrg/kc/base/wldb_order_operate.html HTTP/1.1" 200 37
114.86.187.244 - - [22/Jul/2022:10:33:03 +0800] "POST /xingrg/kc/base/wldb_order_operate.html HTTP/1.1" 200 3600
114.86.187.244 - - [22/Jul/2022:10:33:03 +0800] "GET /xingrg/kc/base/wldb_order_info.html?code=422022072201384 HTTP/1.1" 200 30371
114.86.187.244 - - [22/Jul/2022:10:33:04 +0800] "GET /xingrg/javascript/easyui/themes/default/validatebox.css HTTP/1.1" 404 1104
114.86.187.244 - - [22/Jul/2022:10:33:04 +0800] "POST /xingrg/kc/base/wldb_order_operate.html HTTP/1.1" 200 3600
114.86.187.244 - - [22/Jul/2022:10:33:13 +0800] "GET /xingrg/kc/print/load_config.html?kc_code=wldb HTTP/1.1" 200 2173
114.86.187.244 - - [22/Jul/2022:10:33:13 +0800] "GET /xingrg/kc/print/load_data.html?order_code=422022072201384&kc_code=wldb&condition= HTTP/1.1" 200 926
101.83.223.227 - - [22/Jul/2022:10:33:13 +0800] "GET /xingrg/all/function/internal_message.html?_=1658457191450&CODE_STATE=getMsg HTTP/1.1" 200 27
116.237.76.126 - - [22/Jul/2022:10:33:21 +0800] "GET /xingrg/all/function/internal_message.html?_=1658457200756&CODE_STATE=getMsg HTTP/1.1" 200 27
101.80.228.36 - - [22/Jul/2022:10:33:22 +0800] "GET /xingrg/all/function/internal_message.html?_=1658457198468&CODE_STATE=getMsg HTTP/1.1" 200 27
218.81.223.53 - - [22/Jul/2022:10:33:23 +0800] "GET /xingrg/all/function/internal_message.html?_=1658457217643&CODE_STATE=getMsg HTTP/1.1" 200 27
101.85.120.95 - - [22/Jul/2022:10:33:24 +0800] "GET /xingrg/all/function/internal_message.html?_=1658457198834&CODE_STATE=getMsg HTTP/1.1" 200 27
114.83.219.182 - - [22/Jul/2022:10:33:25 +0800] "GET /xingrg/all/function/internal_message.html?_=1658457202251&CODE_STATE=getMsg HTTP/1.1" 200 27
114.83.219.182 - - [22/Jul/2022:10:33:25 +0800] "GET /xingrg/check_reg.html?_=1658457202256 HTTP/1.1" 200 22
116.224.123.211 - - [22/Jul/2022:10:33:44 +0800] "GET /favicon.ico HTTP/1.1" 404 -
116.237.76.126 - - [22/Jul/2022:10:33:44 +0800] "POST /xingrg/kc/buy/cgsh_order_operate.html HTTP/1.1" 200 37
116.224.123.211 - - [22/Jul/2022:10:33:44 +0800] "GET /favicon.ico HTTP/1.1" 404 -
116.224.123.211 - - [22/Jul/2022:10:33:45 +0800] "GET /favicon.ico HTTP/1.1" 404 -
180.175.103.110 - - [22/Jul/2022:10:33:45 +0800] "GET /xingrg/all/function/internal_message.html?_=1658457109817&CODE_STATE=getMsg HTTP/1.1" 200 27
180.169.147.146 - - [22/Jul/2022:10:33:45 +0800] "GET /xingrg/all/function/internal_message.html?_=1658457221602&CODE_STATE=getMsg HTTP/1.1" 200 27
180.169.147.146 - - [22/Jul/2022:10:33:46 +0800] "GET /xingrg/check_reg.html?_=1658457221602 HTTP/1.1" 200 22
116.237.76.126 - - [22/Jul/2022:10:33:46 +0800] "POST /xingrg/kc/buy/cgsh_order_operate.html HTTP/1.1" 200 2662
116.224.123.211 - - [22/Jul/2022:10:33:47 +0800] "GET /xingrg/login.html HTTP/1.1" 200 7641
116.224.123.211 - - [22/Jul/2022:10:33:48 +0800] "GET /xingrg/images/blue/jxLogo.png HTTP/1.1" 304 -
116.224.123.211 - - [22/Jul/2022:10:33:48 +0800] "GET /xingrg/images/blue/hj.png HTTP/1.1" 304 -
116.224.123.211 - - [22/Jul/2022:10:33:48 +0800] "GET /xingrg/images/blue/login_bg.png HTTP/1.1" 304 -
116.224.123.211 - - [22/Jul/2022:10:33:48 +0800] "GET /xingrg/images/blue/srbg.png HTTP/1.1" 304 -
116.224.123.211 - - [22/Jul/2022:10:33:48 +0800] "GET /favicon.ico HTTP/1.1" 404 -
116.224.123.211 - - [22/Jul/2022:10:33:53 +0800] "POST /xingrg/login.do HTTP/1.1" 302 -
116.224.123.211 - - [22/Jul/2022:10:33:53 +0800] "GET /xingrg/index.html?sysBaseUrl=http%3A%2F%2F180.169.147.146%3A18081%2Fxingrg%2F&costTime=40×tamp=1658457233565 HTTP/1.1" 200 17173
116.224.123.211 - - [22/Jul/2022:10:33:53 +0800] "GET /xingrg/javascript/jquery_easy_ui/themes/default/easyui.css HTTP/1.1" 304 -
116.224.123.211 - - [22/Jul/2022:10:33:53 +0800] "GET /xingrg/css/form.css HTTP/1.1" 304 -
116.224.123.211 - - [22/Jul/2022:10:33:53 +0800] "GET /xingrg/javascript/jquery_easy_ui/themes/icon.css HTTP/1.1" 304 -
116.224.123.211 - - [22/Jul/2022:10:33:53 +0800] "GET /xingrg/javascript/jquery_easy_ui/jquery.easyui.min.js HTTP/1.1" 304 -
116.224.123.211 - - [22/Jul/2022:10:33:53 +0800] "GET /xingrg/javascript/jquery.utils.js HTTP/1.1" 304 -
116.224.123.211 - - [22/Jul/2022:10:33:53 +0800] "GET /xingrg/javascript/jquery-1.4.2.min.js HTTP/1.1" 304 -
116.224.123.211 - - [22/Jul/2022:10:33:53 +0800] "GET /xingrg/javascript/jquery.form.js HTTP/1.1" 304 -
116.224.123.211 - - [22/Jul/2022:10:33:53 +0800] "GET /xingrg/javascript/jquery_easy_ui/easyui-lang-zh_CN.js HTTP/1.1" 304 -
116.224.123.211 - - [22/Jul/2022:10:33:53 +0800] "GET /xingrg/javascript/jquery.timers.js HTTP/1.1" 304 -
116.224.123.211 - - [22/Jul/2022:10:33:54 +0800] "GET /xingrg/images/blue/navBackgound.jpg HTTP/1.1" 304 -
116.224.123.211 - - [22/Jul/2022:10:33:54 +0800] "GET /xingrg/javascript/jquery_easy_ui/themes/icons/settle_new.png HTTP/1.1" 304 -
116.224.123.211 - - [22/Jul/2022:10:33:54 +0800] "GET /favicon.ico HTTP/1.1" 404 -
116.224.123.211 - - [22/Jul/2022:10:33:54 +0800] "POST /xingrg/all/common/load_tree.html?tree=area_rest_tree_json&manage=1 HTTP/1.1" 200 342
116.224.123.211 - - [22/Jul/2022:10:33:54 +0800] "GET /xingrg/images/blue/pingpu.png HTTP/1.1" 304 -
116.224.123.211 - - [22/Jul/2022:10:33:54 +0800] "GET /xingrg/javascript/jquery_easy_ui/themes/default/images/tabs_leftarrow.png HTTP/1.1" 304 -
116.224.123.211 - - [22/Jul/2022:10:33:54 +0800] "GET /xingrg/javascript/jquery_easy_ui/themes/default/images/tabs_rightarrow.png HTTP/1.1" 304 -
116.224.123.211 - - [22/Jul/2022:10:33:54 +0800] "GET /xingrg/javascript/jquery_easy_ui/themes/default/images/panel_tool_collapse.gif HTTP/1.1" 304 -
116.224.123.211 - - [22/Jul/2022:10:33:54 +0800] "GET /xingrg/all/function/internal_message.html?_=1658457295003&CODE_STATE=count HTTP/1.1" 200 11
116.224.123.211 - - [22/Jul/2022:10:33:54 +0800] "GET /xingrg/check_reg.html?_=1658457295004 HTTP/1.1" 200 22
116.224.123.211 - - [22/Jul/2022:10:33:54 +0800] "POST /xingrg/load_menu.html HTTP/1.1" 200 5138
116.224.123.211 - - [22/Jul/2022:10:33:55 +0800] "GET /xingrg/javascript/jquery_easy_ui/themes/default/images/tree_arrows.gif HTTP/1.1" 304 -
116.224.123.211 - - [22/Jul/2022:10:33:55 +0800] "GET /xingrg/javascript/jquery_easy_ui/themes/default/images/tree_folder_open.gif HTTP/1.1" 304 -
116.224.123.211 - - [22/Jul/2022:10:33:55 +0800] "GET /xingrg/javascript/jquery_easy_ui/themes/default/images/tree_folder.gif HTTP/1.1" 304 -
116.224.123.211 - - [22/Jul/2022:10:33:55 +0800] "GET /xingrg/javascript/jquery_easy_ui/themes/icons/storage_new.png HTTP/1.1" 304 -
116.224.123.211 - - [22/Jul/2022:10:33:55 +0800] "GET /xingrg/javascript/jquery_easy_ui/themes/icons/search_new.png HTTP/1.1" 304 -
116.224.123.211 - - [22/Jul/2022:10:33:55 +0800] "GET /xingrg/javascript/jquery_easy_ui/themes/icons/forms_new.png HTTP/1.1" 304 -
116.224.123.211 - - [22/Jul/2022:10:33:55 +0800] "GET /xingrg/javascript/jquery_easy_ui/themes/default/images/tree_file.gif HTTP/1.1" 304 -
114.84.2.83 - - [22/Jul/2022:10:33:57 +0800] "GET /xingrg/all/function/internal_message.html?_=1658457231139&CODE_STATE=getMsg HTTP/1.1" 200 27
116.224.123.211 - - [22/Jul/2022:10:33:57 +0800] "GET /xingrg/javascript/jquery_easy_ui/themes/default/images/tabs_close.gif HTTP/1.1" 304 -
116.224.123.211 - - [22/Jul/2022:10:33:57 +0800] "GET /xingrg/css/base.css HTTP/1.1" 304 -
116.224.123.211 - - [22/Jul/2022:10:33:57 +0800] "GET /xingrg/css/site.css HTTP/1.1" 304 -
116.224.123.211 - - [22/Jul/2022:10:33:57 +0800] "GET /xingrg/javascript/jquery_tools/datebox.css HTTP/1.1" 304 -
116.224.123.211 - - [22/Jul/2022:10:33:57 +0800] "GET /xingrg/javascript/easyui/themes/default/easyui.css HTTP/1.1" 304 -
116.224.123.211 - - [22/Jul/2022:10:33:57 +0800] "GET /xingrg/javascript/easyui/themes/icon.css HTTP/1.1" 304 -
116.224.123.211 - - [22/Jul/2022:10:33:57 +0800] "GET /xingrg/kc/buy/cgsh_order_list.html HTTP/1.1" 200 52162
116.224.123.211 - - [22/Jul/2022:10:33:57 +0800] "GET /xingrg/javascript/auto/jquery.autocomplete.css HTTP/1.1" 304 -
116.224.123.211 - - [22/Jul/2022:10:33:57 +0800] "GET /xingrg/javascript/jquery_tools/fix.css HTTP/1.1" 304 -
116.224.123.211 - - [22/Jul/2022:10:33:57 +0800] "GET /xingrg/javascript/jquery_tools/table.css HTTP/1.1" 304 -
116.224.123.211 - - [22/Jul/2022:10:33:57 +0800] "GET /xingrg/javascript/jquery_tools/jquery.tools.hotkey.js HTTP/1.1" 304 -
116.224.123.211 - - [22/Jul/2022:10:33:57 +0800] "GET /xingrg/javascript/auto/jquery.autocomplete.js HTTP/1.1" 304 -
116.224.123.211 - - [22/Jul/2022:10:33:57 +0800] "GET /xingrg/javascript/jquery_tools/jquery.tools.extend.js HTTP/1.1" 304 -
116.224.123.211 - - [22/Jul/2022:10:33:57 +0800] "GET /xingrg/javascript/jquery_tools/list_manager.js HTTP/1.1" 304 -
116.224.123.211 - - [22/Jul/2022:10:33:57 +0800] "GET /xingrg/javascript/jquery_tools/jquery.tools.table.js HTTP/1.1" 304 -
116.224.123.211 - - [22/Jul/2022:10:33:57 +0800] "GET /xingrg/javascript/easyui/easyloader.js HTTP/1.1" 304 -
116.224.123.211 - - [22/Jul/2022:10:33:57 +0800] "GET /xingrg/javascript/jquery_tools/jquery.tools.min.js HTTP/1.1" 304 -
116.224.123.211 - - [22/Jul/2022:10:33:58 +0800] "GET /xingrg/javascript/jquery.cookie.js HTTP/1.1" 304 -
116.224.123.211 - - [22/Jul/2022:10:33:58 +0800] "GET /xingrg/javascript/print/LodopFuncs.js HTTP/1.1" 304 -
116.224.123.211 - - [22/Jul/2022:10:33:58 +0800] "GET /xingrg/javascript/easyui/themes/icons/edit_add_new.png HTTP/1.1" 304 -
116.224.123.211 - - [22/Jul/2022:10:33:58 +0800] "GET /xingrg/javascript/easyui/themes/icons/cance_new.png HTTP/1.1" 304 -
116.224.123.211 - - [22/Jul/2022:10:33:58 +0800] "GET /xingrg/javascript/easyui/themes/icons/check_new.png HTTP/1.1" 304 -
116.224.123.211 - - [22/Jul/2022:10:33:58 +0800] "GET /xingrg/javascript/easyui/themes/icons/field_new.png HTTP/1.1" 304 -
116.224.123.211 - - [22/Jul/2022:10:33:58 +0800] "GET /xingrg/javascript/easyui/themes/icons/import_new.png HTTP/1.1" 304 -
116.224.123.211 - - [22/Jul/2022:10:33:58 +0800] "GET /xingrg/javascript/easyui/plugins/jquery.parser.js HTTP/1.1" 304 -
116.224.123.211 - - [22/Jul/2022:10:33:58 +0800] "GET /xingrg/images/control/ajaxLoader.gif HTTP/1.1" 304 -
116.224.123.211 - - [22/Jul/2022:10:33:59 +0800] "POST /xingrg/kc/buy/cgsh_list_operate.html HTTP/1.1" 200 634
101.83.223.227 - - [22/Jul/2022:10:34:13 +0800] "GET /xingrg/all/function/internal_message.html?_=1658457251450&CODE_STATE=getMsg HTTP/1.1" 200 27
116.237.76.126 - - [22/Jul/2022:10:34:21 +0800] "GET /xingrg/all/function/internal_message.html?_=1658457260755&CODE_STATE=getMsg HTTP/1.1" 200 27
101.80.228.36 - - [22/Jul/2022:10:34:22 +0800] "GET /xingrg/all/function/internal_message.html?_=1658457258453&CODE_STATE=getMsg HTTP/1.1" 200 27
218.81.223.53 - - [22/Jul/2022:10:34:23 +0800] "GET /xingrg/all/function/internal_message.html?_=1658457277861&CODE_STATE=getMsg HTTP/1.1" 200 27
101.85.120.95 - - [22/Jul/2022:10:34:24 +0800] "GET /xingrg/all/function/internal_message.html?_=1658457258834&CODE_STATE=getMsg HTTP/1.1" 200 27
114.83.219.182 - - [22/Jul/2022:10:34:25 +0800] "GET /xingrg/all/function/internal_message.html?_=1658457262221&CODE_STATE=getMsg HTTP/1.1" 200 27
27.149.62.69 - - [22/Jul/2022:10:34:34 +0800] "POST /xingrg/supplier/cgsh_list_operate.html HTTP/1.1" 200 4515
180.175.103.110 - - [22/Jul/2022:10:34:45 +0800] "GET /xingrg/all/function/internal_message.html?_=1658457169807&CODE_STATE=getMsg HTTP/1.1" 200 27
180.169.147.146 - - [22/Jul/2022:10:34:45 +0800] "GET /xingrg/all/function/internal_message.html?_=1658457281602&CODE_STATE=getMsg HTTP/1.1" 200 27
116.224.123.211 - - [22/Jul/2022:10:34:48 +0800] "GET /xingrg/javascript/jquery_easy_ui/themes/default/images/tabs_active.png HTTP/1.1" 304 -
116.224.123.211 - - [22/Jul/2022:10:34:48 +0800] "GET /xingrg/javascript/jquery_easy_ui/themes/default/images/tabs_active.png HTTP/1.1" 304 -
116.224.123.211 - - [22/Jul/2022:10:34:48 +0800] "GET /xingrg/javascript/easyui/themes/default/images/button_plain_hover.png HTTP/1.1" 304 -
116.224.123.211 - - [22/Jul/2022:10:34:51 +0800] "GET /xingrg/javascript/jquery_easy_ui/themes/icons/rest.png HTTP/1.1" 304 -
116.224.123.211 - - [22/Jul/2022:10:34:51 +0800] "GET /xingrg/javascript/jquery_easy_ui/themes/icons/area.png HTTP/1.1" 304 -
116.224.123.211 - - [22/Jul/2022:10:34:54 +0800] "GET /xingrg/javascript/pic_change.js HTTP/1.1" 304 -
116.224.123.211 - - [22/Jul/2022:10:34:54 +0800] "GET /xingrg/javascript/jquery_tools/order_manager.js HTTP/1.1" 304 -
116.224.123.211 - - [22/Jul/2022:10:34:54 +0800] "GET /xingrg/javascript/convert.js HTTP/1.1" 304 -
116.224.123.211 - - [22/Jul/2022:10:34:54 +0800] "GET /xingrg/kc/buy/cgsh_order_add.html HTTP/1.1" 200 67979
116.224.123.211 - - [22/Jul/2022:10:34:54 +0800] "GET /xingrg/javascript/json2.js HTTP/1.1" 304 -
116.224.123.211 - - [22/Jul/2022:10:34:54 +0800] "GET /xingrg/javascript/print/kc_print.js HTTP/1.1" 304 -
116.224.123.211 - - [22/Jul/2022:10:34:54 +0800] "GET /xingrg/words/20220721182822_words.js HTTP/1.1" 304 -
116.224.123.211 - - [22/Jul/2022:10:34:55 +0800] "GET /xingrg/javascript/easyui/themes/icons/copy_new.png HTTP/1.1" 304 -
116.224.123.211 - - [22/Jul/2022:10:34:55 +0800] "GET /xingrg/javascript/easyui/themes/icons/template_new.png HTTP/1.1" 304 -
116.224.123.211 - - [22/Jul/2022:10:34:55 +0800] "GET /xingrg/javascript/easyui/themes/icons/ok.png HTTP/1.1" 304 -
116.224.123.211 - - [22/Jul/2022:10:34:55 +0800] "GET /xingrg/javascript/easyui/themes/icons/print.png HTTP/1.1" 304 -
116.224.123.211 - - [22/Jul/2022:10:34:55 +0800] "GET /xingrg/javascript/easyui/themes/default/images/menu_downarrow.png HTTP/1.1" 304 -
116.224.123.211 - - [22/Jul/2022:10:34:55 +0800] "GET /xingrg/javascript/easyui/themes/icons/cancel.png HTTP/1.1" 304 -
116.224.123.211 - - [22/Jul/2022:10:34:55 +0800] "POST /xingrg/kc/buy/cgsh_order_operate.html HTTP/1.1" 200 8245
116.224.123.211 - - [22/Jul/2022:10:34:55 +0800] "GET /xingrg/javascript/easyui/themes/icons/edit_remove.png HTTP/1.1" 304 -
116.224.123.211 - - [22/Jul/2022:10:34:56 +0800] "GET /xingrg/all/function/internal_message.html?_=1658457356323&CODE_STATE=getMsg HTTP/1.1" 200 27
116.224.123.211 - - [22/Jul/2022:10:34:56 +0800] "GET /xingrg/all/common/auto_word.html?type=employee&rest_code=00102 HTTP/1.1" 200 189
116.224.123.211 - - [22/Jul/2022:10:34:56 +0800] "GET /xingrg/all/common/auto_word.html?type=employee&rest_code=00102 HTTP/1.1" 200 189
116.224.123.211 - - [22/Jul/2022:10:34:56 +0800] "GET /xingrg/javascript/easyui/themes/default/validatebox.css HTTP/1.1" 404 1104
116.224.123.211 - - [22/Jul/2022:10:34:56 +0800] "GET /xingrg/javascript/easyui/plugins/jquery.validatebox.js HTTP/1.1" 304 -
116.224.123.211 - - [22/Jul/2022:10:34:56 +0800] "GET /xingrg/javascript/easyui/plugins/jquery.numberbox.js HTTP/1.1" 304 -
114.84.2.83 - - [22/Jul/2022:10:34:57 +0800] "GET /xingrg/all/function/internal_message.html?_=1658457291124&CODE_STATE=getMsg HTTP/1.1" 200 27
114.84.2.83 - - [22/Jul/2022:10:34:57 +0800] "GET /xingrg/check_reg.html?_=1658457291766 HTTP/1.1" 200 22
218.81.223.53 - - [22/Jul/2022:10:35:13 +0800] "GET /xingrg/check_reg.html?_=1658457328005 HTTP/1.1" 200 22
101.83.223.227 - - [22/Jul/2022:10:35:13 +0800] "GET /xingrg/all/function/internal_message.html?_=1658457311462&CODE_STATE=getMsg HTTP/1.1" 200 27
116.237.76.126 - - [22/Jul/2022:10:35:21 +0800] "GET /xingrg/all/function/internal_message.html?_=1658457320755&CODE_STATE=getMsg HTTP/1.1" 200 27
101.80.228.36 - - [22/Jul/2022:10:35:21 +0800] "GET /xingrg/all/function/internal_message.html?_=1658457318439&CODE_STATE=getMsg HTTP/1.1" 200 27
218.81.223.53 - - [22/Jul/2022:10:35:23 +0800] "GET /xingrg/all/function/internal_message.html?_=1658457337873&CODE_STATE=getMsg HTTP/1.1" 200 27
101.85.120.95 - - [22/Jul/2022:10:35:24 +0800] "GET /xingrg/all/function/internal_message.html?_=1658457318845&CODE_STATE=getMsg HTTP/1.1" 200 27
114.83.219.182 - - [22/Jul/2022:10:35:25 +0800] "GET /xingrg/all/function/internal_message.html?_=1658457322239&CODE_STATE=getMsg HTTP/1.1" 200 27
114.84.2.83 - - [22/Jul/2022:10:35:29 +0800] "GET /favicon.ico HTTP/1.1" 404 -
116.224.123.211 - - [22/Jul/2022:10:35:34 +0800] "GET /xingrg/css/images/panel_loading.gif HTTP/1.1" 200 1737
116.224.123.211 - - [22/Jul/2022:10:35:34 +0800] "GET /xingrg/javascript/easyui/plugins/jquery.draggable.js HTTP/1.1" 200 6121
116.224.123.211 - - [22/Jul/2022:10:35:35 +0800] "GET /xingrg/javascript/easyui/plugins/jquery.droppable.js HTTP/1.1" 200 1167
116.224.123.211 - - [22/Jul/2022:10:35:35 +0800] "GET /xingrg/javascript/easyui/themes/default/tree.css HTTP/1.1" 404 1090
116.224.123.211 - - [22/Jul/2022:10:35:35 +0800] "GET /xingrg/javascript/easyui/plugins/jquery.tree.js HTTP/1.1" 200 20874
116.224.123.211 - - [22/Jul/2022:10:35:35 +0800] "POST /xingrg/all/common/load_tree.html?tree=supplier_tree_json&isDelete=1 HTTP/1.1" 200 66956
116.224.123.211 - - [22/Jul/2022:10:35:37 +0800] "GET /xingrg/javascript/easyui/themes/default/images/tree_arrows.gif HTTP/1.1" 200 617
116.224.123.211 - - [22/Jul/2022:10:35:38 +0800] "GET /xingrg/javascript/easyui/themes/default/images/tree_folder_open.gif HTTP/1.1" 200 956
116.224.123.211 - - [22/Jul/2022:10:35:38 +0800] "GET /xingrg/javascript/easyui/themes/default/images/tree_file.gif HTTP/1.1" 200 118
116.224.123.211 - - [22/Jul/2022:10:35:38 +0800] "GET /xingrg/javascript/easyui/themes/default/images/tree_folder.gif HTTP/1.1" 200 952
27.149.62.69 - - [22/Jul/2022:10:35:44 +0800] "POST /xingrg/supplier/cgsh_list_operate.html HTTP/1.1" 200 4515
180.175.103.110 - - [22/Jul/2022:10:35:45 +0800] "GET /xingrg/all/function/internal_message.html?_=1658457229811&CODE_STATE=getMsg HTTP/1.1" 200 27
180.175.103.110 - - [22/Jul/2022:10:35:45 +0800] "GET /xingrg/check_reg.html?_=1658457229911 HTTP/1.1" 200 22
180.169.147.146 - - [22/Jul/2022:10:35:45 +0800] "GET /xingrg/all/function/internal_message.html?_=1658457341604&CODE_STATE=getMsg HTTP/1.1" 200 27
116.224.123.211 - - [22/Jul/2022:10:35:56 +0800] "GET /xingrg/all/function/internal_message.html?_=1658457416348&CODE_STATE=getMsg HTTP/1.1" 200 27
114.84.2.83 - - [22/Jul/2022:10:35:57 +0800] "GET /xingrg/all/function/internal_message.html?_=1658457351096&CODE_STATE=getMsg HTTP/1.1" 200 27
116.224.123.211 - - [22/Jul/2022:10:36:09 +0800] "GET /xingrg/javascript/auto/indicator.gif HTTP/1.1" 404 1066
101.83.223.227 - - [22/Jul/2022:10:36:13 +0800] "GET /xingrg/all/function/internal_message.html?_=1658457371467&CODE_STATE=getMsg HTTP/1.1" 200 27
116.224.123.211 - - [22/Jul/2022:10:36:15 +0800] "GET /xingrg/kc/buy/cgsh_order_operate.html?command=get_materiel&rest_code=00102&code=00101015021&supplier_code=00100054&order_time=2022-07-22 HTTP/1.1" 200 408
114.86.187.244 - - [22/Jul/2022:10:36:15 +0800] "GET /xingrg/index.html?sysBaseUrl=http%3A%2F%2F180.169.147.146%3A18081%2Fxingrg%2F&costTime=44×tamp=1622098168715 HTTP/1.1" 302 -
114.86.187.244 - - [22/Jul/2022:10:36:15 +0800] "GET /xingrg/login.html HTTP/1.1" 200 7641
114.86.187.244 - - [22/Jul/2022:10:36:16 +0800] "GET /favicon.ico HTTP/1.1" 404 -
114.86.187.244 - - [22/Jul/2022:10:36:17 +0800] "POST /xingrg/login.do HTTP/1.1" 302 -
114.86.187.244 - - [22/Jul/2022:10:36:17 +0800] "GET /xingrg/index.html?sysBaseUrl=http%3A%2F%2F180.169.147.146%3A18081%2Fxingrg%2F&costTime=38×tamp=1658457377536 HTTP/1.1" 200 17179
114.86.187.244 - - [22/Jul/2022:10:36:17 +0800] "GET /favicon.ico HTTP/1.1" 404 -
114.86.187.244 - - [22/Jul/2022:10:36:17 +0800] "POST /xingrg/all/common/load_tree.html?tree=area_rest_tree_json&manage=1 HTTP/1.1" 200 351
114.86.187.244 - - [22/Jul/2022:10:36:17 +0800] "GET /xingrg/all/function/internal_message.html?_=1658457381593&CODE_STATE=count HTTP/1.1" 200 11
114.86.187.244 - - [22/Jul/2022:10:36:17 +0800] "POST /xingrg/load_menu.html HTTP/1.1" 200 5138
114.86.187.244 - - [22/Jul/2022:10:36:17 +0800] "GET /xingrg/check_reg.html?_=1658457381595 HTTP/1.1" 200 22
114.86.187.244 - - [22/Jul/2022:10:36:18 +0800] "GET /xingrg/kc/base/base_main.html HTTP/1.1" 200 12142
114.86.187.244 - - [22/Jul/2022:10:36:18 +0800] "GET /xingrg/images/blue/button/wlsy.gif HTTP/1.1" 304 -
114.86.187.244 - - [22/Jul/2022:10:36:18 +0800] "GET /xingrg/images/blue/button/ckpd.gif HTTP/1.1" 304 -
114.86.187.244 - - [22/Jul/2022:10:36:18 +0800] "GET /xingrg/images/blue/button/down.jpg HTTP/1.1" 304 -
114.86.187.244 - - [22/Jul/2022:10:36:18 +0800] "GET /xingrg/images/blue/button/left_ah.jpg HTTP/1.1" 304 -
114.86.187.244 - - [22/Jul/2022:10:36:18 +0800] "GET /xingrg/images/blue/button/ckdb.gif HTTP/1.1" 304 -
114.86.187.244 - - [22/Jul/2022:10:36:18 +0800] "GET /xingrg/images/blue/button/kc.gif HTTP/1.1" 304 -
114.86.187.244 - - [22/Jul/2022:10:36:18 +0800] "GET /xingrg/images/blue/pic_form2.gif HTTP/1.1" 304 -
114.86.187.244 - - [22/Jul/2022:10:36:18 +0800] "GET /xingrg/images/blue/bg_dotted.jpg HTTP/1.1" 304 -
114.86.187.244 - - [22/Jul/2022:10:36:18 +0800] "GET /xingrg/images/blue/button/top_left.jpg HTTP/1.1" 304 -
114.86.187.244 - - [22/Jul/2022:10:36:18 +0800] "GET /xingrg/images/blue/button/top_right.jpg HTTP/1.1" 304 -
114.86.187.244 - - [22/Jul/2022:10:36:18 +0800] "GET /xingrg/images/blue/button/right_ah.jpg HTTP/1.1" 304 -
114.86.187.244 - - [22/Jul/2022:10:36:18 +0800] "GET /xingrg/images/blue/button/bottom_left.jpg HTTP/1.1" 304 -
114.86.187.244 - - [22/Jul/2022:10:36:18 +0800] "GET /xingrg/images/blue/button/yddb.gif HTTP/1.1" 304 -
114.86.187.244 - - [22/Jul/2022:10:36:18 +0800] "GET /xingrg/images/blue/button/bottom_right.jpg HTTP/1.1" 304 -
114.86.187.244 - - [22/Jul/2022:10:36:19 +0800] "GET /xingrg/kc/base/wldb_order_list.html HTTP/1.1" 200 19148
114.86.187.244 - - [22/Jul/2022:10:36:20 +0800] "POST /xingrg/kc/base/wldb_list_operate.html HTTP/1.1" 200 1773
114.86.187.244 - - [22/Jul/2022:10:36:21 +0800] "POST /xingrg/kc/base/wldb_list_operate.html HTTP/1.1" 200 424
116.237.76.126 - - [22/Jul/2022:10:36:21 +0800] "GET /xingrg/all/function/internal_message.html?_=1658457380755&CODE_STATE=getMsg HTTP/1.1" 200 27
114.86.187.244 - - [22/Jul/2022:10:36:21 +0800] "GET /xingrg/kc/base/wldb_order_info.html?code=422022072201384 HTTP/1.1" 200 30371
114.86.187.244 - - [22/Jul/2022:10:36:21 +0800] "GET /xingrg/words/20220721182822_words.js HTTP/1.1" 200 906676
101.80.228.36 - - [22/Jul/2022:10:36:21 +0800] "GET /xingrg/all/function/internal_message.html?_=1658457378425&CODE_STATE=getMsg HTTP/1.1" 200 27
114.86.187.244 - - [22/Jul/2022:10:36:22 +0800] "GET /xingrg/all/common/auto_word.html?type=base&rest_code=00148 HTTP/1.1" 200 1799
114.86.187.244 - - [22/Jul/2022:10:36:22 +0800] "GET /xingrg/all/common/auto_word.html?type=base&rest_code=00148 HTTP/1.1" 200 1799
114.86.187.244 - - [22/Jul/2022:10:36:22 +0800] "GET /xingrg/javascript/easyui/themes/default/validatebox.css HTTP/1.1" 404 1104
