218.81.223.53 - - [21/Jul/2022:09:22:05 +0800] "GET /xingrg/check_reg.html?_=1658366535984 HTTP/1.1" 200 22
101.83.223.227 - - [21/Jul/2022:09:22:07 +0800] "GET /xingrg/kc/base/wldb_order_info.html?code=422022072101316 HTTP/1.1" 200 26239
101.83.223.227 - - [21/Jul/2022:09:22:08 +0800] "GET /xingrg/javascript/easyui/themes/default/validatebox.css HTTP/1.1" 404 1104
101.83.223.227 - - [21/Jul/2022:09:22:08 +0800] "POST /xingrg/kc/base/wldb_order_operate.html HTTP/1.1" 200 1857
218.81.223.53 - - [21/Jul/2022:09:22:13 +0800] "GET /xingrg/all/function/internal_message.html?_=1658366544074&CODE_STATE=getMsg HTTP/1.1" 200 27
120.253.135.82 - - [21/Jul/2022:09:22:15 +0800] "GET /xingrg/check_reg.html?_=1658366340760 HTTP/1.1" 200 22
120.253.135.82 - - [21/Jul/2022:09:22:15 +0800] "GET /xingrg/all/function/internal_message.html?_=1658366341482&CODE_STATE=getMsg HTTP/1.1" 200 27
116.230.110.48 - - [21/Jul/2022:09:22:18 +0800] "GET /xingrg/all/function/internal_message.html?_=1658366533687&CODE_STATE=getMsg HTTP/1.1" 200 27
120.253.135.82 - - [21/Jul/2022:09:22:19 +0800] "GET /xingrg/check_reg.html?_=1658366664180 HTTP/1.1" 200 22
180.175.103.110 - - [21/Jul/2022:09:22:21 +0800] "GET /xingrg/kc/buy/cgsh_order_operate.html?command=get_materiel&rest_code=00105&code=00101020153&supplier_code=00100034&order_time=2022-07-21 HTTP/1.1" 200 408
101.83.223.227 - - [21/Jul/2022:09:22:21 +0800] "GET /xingrg/check_reg.html?_=1658366539486 HTTP/1.1" 200 22
101.83.223.227 - - [21/Jul/2022:09:22:21 +0800] "GET /xingrg/all/function/internal_message.html?_=1658366539505&CODE_STATE=getMsg HTTP/1.1" 200 27
116.230.110.48 - - [21/Jul/2022:09:22:25 +0800] "GET /xingrg/all/function/internal_message.html?_=1658366541037&CODE_STATE=getMsg HTTP/1.1" 200 27
114.86.187.244 - - [21/Jul/2022:09:22:26 +0800] "GET /xingrg/check_reg.html?_=1658366545670 HTTP/1.1" 200 22
114.86.187.244 - - [21/Jul/2022:09:22:26 +0800] "GET /xingrg/all/function/internal_message.html?_=1658366545674&CODE_STATE=getMsg HTTP/1.1" 200 27
116.237.72.165 - - [21/Jul/2022:09:22:27 +0800] "GET /xingrg/kc/buy/cgsh_order_operate.html?command=get_materiel&rest_code=00106&code=00101012040&supplier_code=00100032&order_time=2022-07-21 HTTP/1.1" 200 412
180.175.103.110 - - [21/Jul/2022:09:22:28 +0800] "GET /xingrg/all/function/internal_message.html?_=1658366436441&CODE_STATE=getMsg HTTP/1.1" 200 27
114.83.219.182 - - [21/Jul/2022:09:22:29 +0800] "GET /xingrg/all/function/internal_message.html?_=1658366543524&CODE_STATE=getMsg HTTP/1.1" 200 27
120.253.135.82 - - [21/Jul/2022:09:22:32 +0800] "GET /xingrg/all/function/internal_message.html?_=1658366677174&CODE_STATE=getMsg HTTP/1.1" 200 27
101.80.228.36 - - [21/Jul/2022:09:22:37 +0800] "GET /xingrg/all/function/internal_message.html?_=1658366553246&CODE_STATE=getMsg HTTP/1.1" 200 27
116.237.72.165 - - [21/Jul/2022:09:22:41 +0800] "GET /xingrg/kc/buy/cgsh_order_operate.html?command=get_materiel&rest_code=00106&code=00101012025&supplier_code=00100032&order_time=2022-07-21 HTTP/1.1" 200 428
180.169.147.146 - - [21/Jul/2022:09:22:44 +0800] "GET /xingrg/all/function/internal_message.html?_=1658366561602&CODE_STATE=getMsg HTTP/1.1" 200 27
116.224.123.211 - - [21/Jul/2022:09:22:47 +0800] "GET /xingrg/all/function/internal_message.html?_=1658366628930&CODE_STATE=getMsg HTTP/1.1" 200 27
116.237.72.165 - - [21/Jul/2022:09:22:48 +0800] "GET /xingrg/all/function/internal_message.html?_=1658366566971&CODE_STATE=getMsg HTTP/1.1" 200 27
114.83.219.182 - - [21/Jul/2022:09:22:48 +0800] "GET /xingrg/kc/buy/cgsh_order_add.html HTTP/1.1" 200 68032
114.83.219.182 - - [21/Jul/2022:09:22:48 +0800] "POST /xingrg/kc/buy/cgsh_order_operate.html HTTP/1.1" 200 8245
114.83.219.182 - - [21/Jul/2022:09:22:48 +0800] "GET /xingrg/javascript/easyui/themes/default/validatebox.css HTTP/1.1" 404 1104
116.237.72.165 - - [21/Jul/2022:09:22:52 +0800] "GET /xingrg/kc/buy/cgsh_order_operate.html?command=get_materiel&rest_code=00106&code=00101002027&supplier_code=00100032&order_time=2022-07-21 HTTP/1.1" 200 413
120.253.135.82 - - [21/Jul/2022:09:22:53 +0800] "GET /xingrg/all/function/internal_message.html?_=1658366071905&CODE_STATE=getMsg HTTP/1.1" 200 27
120.253.135.82 - - [21/Jul/2022:09:22:54 +0800] "GET /xingrg/check_reg.html?_=1658366071938 HTTP/1.1" 200 22
58.221.95.50 - - [21/Jul/2022:09:22:57 +0800] "GET /xingrg/all/function/internal_message.html?_=1658366576189&CODE_STATE=getMsg HTTP/1.1" 200 27
218.81.223.53 - - [21/Jul/2022:09:23:13 +0800] "GET /xingrg/all/function/internal_message.html?_=1658366604088&CODE_STATE=getMsg HTTP/1.1" 200 27
116.237.72.165 - - [21/Jul/2022:09:23:14 +0800] "POST /xingrg/kc/buy/cgsh_order_operate.html HTTP/1.1" 200 37
120.253.135.82 - - [21/Jul/2022:09:23:15 +0800] "GET /xingrg/all/function/internal_message.html?_=1658366401496&CODE_STATE=getMsg HTTP/1.1" 200 27
116.237.72.165 - - [21/Jul/2022:09:23:16 +0800] "POST /xingrg/kc/buy/cgsh_order_operate.html HTTP/1.1" 200 5601
116.230.110.48 - - [21/Jul/2022:09:23:18 +0800] "GET /xingrg/all/function/internal_message.html?_=1658366593666&CODE_STATE=getMsg HTTP/1.1" 200 27
116.237.72.165 - - [21/Jul/2022:09:23:20 +0800] "GET /xingrg/kc/buy/cgsh_order_add.html HTTP/1.1" 200 67938
116.237.72.165 - - [21/Jul/2022:09:23:20 +0800] "POST /xingrg/kc/buy/cgsh_order_operate.html HTTP/1.1" 200 8245
116.237.72.165 - - [21/Jul/2022:09:23:20 +0800] "GET /xingrg/javascript/easyui/themes/default/validatebox.css HTTP/1.1" 404 1104
101.83.223.227 - - [21/Jul/2022:09:23:21 +0800] "GET /xingrg/all/function/internal_message.html?_=1658366599486&CODE_STATE=getMsg HTTP/1.1" 200 27
116.237.72.165 - - [21/Jul/2022:09:23:22 +0800] "GET /xingrg/javascript/easyui/themes/default/tree.css HTTP/1.1" 404 1090
116.237.72.165 - - [21/Jul/2022:09:23:22 +0800] "POST /xingrg/all/common/load_tree.html?tree=supplier_tree_json&isDelete=1 HTTP/1.1" 200 66956
116.230.110.48 - - [21/Jul/2022:09:23:25 +0800] "GET /xingrg/all/function/internal_message.html?_=1658366601053&CODE_STATE=getMsg HTTP/1.1" 200 27
116.230.110.48 - - [21/Jul/2022:09:23:25 +0800] "GET /xingrg/check_reg.html?_=1658366601058 HTTP/1.1" 200 22
114.86.187.244 - - [21/Jul/2022:09:23:26 +0800] "GET /xingrg/all/function/internal_message.html?_=1658366605686&CODE_STATE=getMsg HTTP/1.1" 200 27
180.175.103.110 - - [21/Jul/2022:09:23:28 +0800] "GET /xingrg/all/function/internal_message.html?_=1658366496444&CODE_STATE=getMsg HTTP/1.1" 200 27
114.83.219.182 - - [21/Jul/2022:09:23:29 +0800] "GET /xingrg/all/function/internal_message.html?_=1658366603507&CODE_STATE=getMsg HTTP/1.1" 200 27
120.253.135.82 - - [21/Jul/2022:09:23:32 +0800] "GET /xingrg/all/function/internal_message.html?_=1658366737189&CODE_STATE=getMsg HTTP/1.1" 200 27
101.80.228.36 - - [21/Jul/2022:09:23:37 +0800] "GET /xingrg/all/function/internal_message.html?_=1658366613247&CODE_STATE=getMsg HTTP/1.1" 200 27
114.83.219.182 - - [21/Jul/2022:09:23:39 +0800] "GET /xingrg/kc/buy/cgsh_order_operate.html?command=get_materiel&rest_code=00149&code=00101004051&supplier_code=00100083&order_time=2022-07-20 HTTP/1.1" 200 409
180.169.147.146 - - [21/Jul/2022:09:23:44 +0800] "GET /xingrg/check_reg.html?_=1658366621608 HTTP/1.1" 200 22
180.169.147.146 - - [21/Jul/2022:09:23:44 +0800] "GET /xingrg/all/function/internal_message.html?_=1658366621604&CODE_STATE=getMsg HTTP/1.1" 200 27
116.237.72.165 - - [21/Jul/2022:09:23:46 +0800] "GET /xingrg/kc/buy/cgsh_order_operate.html?command=get_materiel&rest_code=00106&code=00101007125&supplier_code=00100002&order_time=2022-07-21 HTTP/1.1" 200 424
114.83.219.182 - - [21/Jul/2022:09:23:47 +0800] "GET /xingrg/kc/buy/cgsh_order_operate.html?command=get_materiel&rest_code=00149&code=00101004074&supplier_code=00100083&order_time=2022-07-20 HTTP/1.1" 200 406
116.224.123.211 - - [21/Jul/2022:09:23:47 +0800] "GET /xingrg/all/function/internal_message.html?_=1658366688934&CODE_STATE=getMsg HTTP/1.1" 200 27
116.237.72.165 - - [21/Jul/2022:09:23:48 +0800] "GET /xingrg/all/function/internal_message.html?_=1658366626963&CODE_STATE=getMsg HTTP/1.1" 200 27
120.253.135.82 - - [21/Jul/2022:09:23:53 +0800] "GET /xingrg/all/function/internal_message.html?_=1658366131908&CODE_STATE=getMsg HTTP/1.1" 200 27
114.83.219.182 - - [21/Jul/2022:09:23:55 +0800] "GET /xingrg/kc/buy/cgsh_order_operate.html?command=get_materiel&rest_code=00149&code=00101004067&supplier_code=00100083&order_time=2022-07-20 HTTP/1.1" 200 415
58.221.95.50 - - [21/Jul/2022:09:23:57 +0800] "GET /xingrg/all/function/internal_message.html?_=1658366636201&CODE_STATE=getMsg HTTP/1.1" 200 27
180.175.103.110 - - [21/Jul/2022:09:24:00 +0800] "GET /xingrg/kc/buy/cgsh_order_operate.html?command=get_materiel&rest_code=00105&code=00101016057&supplier_code=00100034&order_time=2022-07-21 HTTP/1.1" 200 408
116.237.72.165 - - [21/Jul/2022:09:24:07 +0800] "GET /xingrg/kc/buy/cgsh_order_operate.html?command=get_materiel&rest_code=00106&code=00101007081&supplier_code=00100002&order_time=2022-07-21 HTTP/1.1" 200 413
114.83.219.182 - - [21/Jul/2022:09:24:11 +0800] "GET /xingrg/kc/buy/cgsh_order_operate.html?command=get_materiel&rest_code=00149&code=00101004030&supplier_code=00100083&order_time=2022-07-20 HTTP/1.1" 200 427
218.81.223.53 - - [21/Jul/2022:09:24:13 +0800] "GET /xingrg/all/function/internal_message.html?_=1658366664458&CODE_STATE=getMsg HTTP/1.1" 200 27
120.253.135.82 - - [21/Jul/2022:09:24:15 +0800] "GET /xingrg/all/function/internal_message.html?_=1658366461509&CODE_STATE=getMsg HTTP/1.1" 200 27
116.230.110.48 - - [21/Jul/2022:09:24:18 +0800] "GET /xingrg/all/function/internal_message.html?_=1658366653644&CODE_STATE=getMsg HTTP/1.1" 200 27
101.83.223.227 - - [21/Jul/2022:09:24:21 +0800] "GET /xingrg/all/function/internal_message.html?_=1658366659485&CODE_STATE=getMsg HTTP/1.1" 200 27
114.83.219.182 - - [21/Jul/2022:09:24:22 +0800] "POST /xingrg/kc/buy/cgsh_order_operate.html HTTP/1.1" 200 37
180.175.103.110 - - [21/Jul/2022:09:24:24 +0800] "GET /xingrg/kc/buy/cgsh_order_operate.html?command=get_materiel&rest_code=00105&code=00101012044&supplier_code=00100034&order_time=2022-07-21 HTTP/1.1" 200 408
116.230.110.48 - - [21/Jul/2022:09:24:25 +0800] "GET /xingrg/all/function/internal_message.html?_=1658366661028&CODE_STATE=getMsg HTTP/1.1" 200 27
114.86.187.244 - - [21/Jul/2022:09:24:26 +0800] "GET /xingrg/all/function/internal_message.html?_=1658366665687&CODE_STATE=getMsg HTTP/1.1" 200 27
180.175.103.110 - - [21/Jul/2022:09:24:28 +0800] "GET /xingrg/all/function/internal_message.html?_=1658366556441&CODE_STATE=getMsg HTTP/1.1" 200 27
116.237.72.165 - - [21/Jul/2022:09:24:29 +0800] "GET /xingrg/kc/buy/cgsh_order_operate.html?command=get_materiel&rest_code=00106&code=00101007027&supplier_code=00100002&order_time=2022-07-21 HTTP/1.1" 200 421
120.253.135.82 - - [21/Jul/2022:09:24:32 +0800] "GET /xingrg/all/function/internal_message.html?_=1658366797250&CODE_STATE=getMsg HTTP/1.1" 200 27
114.83.219.182 - - [21/Jul/2022:09:24:32 +0800] "POST /xingrg/kc/buy/cgsh_order_operate.html HTTP/1.1" 200 12
114.83.219.182 - - [21/Jul/2022:09:24:33 +0800] "GET /xingrg/kc/buy/cgsh_order_info.html?code=212022072105209 HTTP/1.1" 200 62933
114.83.219.182 - - [21/Jul/2022:09:24:34 +0800] "GET /xingrg/javascript/easyui/themes/default/validatebox.css HTTP/1.1" 404 1104
114.83.219.182 - - [21/Jul/2022:09:24:34 +0800] "POST /xingrg/kc/buy/cgsh_order_operate.html HTTP/1.1" 200 2382
114.83.219.182 - - [21/Jul/2022:09:24:36 +0800] "GET /xingrg/kc/print/load_data.html?order_code=212022072105209&kc_code=cgsh&condition= HTTP/1.1" 200 1395
101.80.228.36 - - [21/Jul/2022:09:24:37 +0800] "GET /xingrg/check_reg.html?_=1658366673249 HTTP/1.1" 200 22
101.80.228.36 - - [21/Jul/2022:09:24:37 +0800] "GET /xingrg/all/function/internal_message.html?_=1658366673250&CODE_STATE=getMsg HTTP/1.1" 200 27
114.83.219.182 - - [21/Jul/2022:09:24:39 +0800] "GET /xingrg/kc/buy/cgsh_order_add.html HTTP/1.1" 200 68032
114.83.219.182 - - [21/Jul/2022:09:24:40 +0800] "POST /xingrg/kc/buy/cgsh_order_operate.html HTTP/1.1" 200 8245
114.83.219.182 - - [21/Jul/2022:09:24:40 +0800] "GET /xingrg/javascript/easyui/themes/default/validatebox.css HTTP/1.1" 404 1104
180.169.147.146 - - [21/Jul/2022:09:24:44 +0800] "GET /xingrg/all/function/internal_message.html?_=1658366681612&CODE_STATE=getMsg HTTP/1.1" 200 27
116.224.123.211 - - [21/Jul/2022:09:24:47 +0800] "GET /xingrg/check_reg.html?_=1658366748689 HTTP/1.1" 200 22
116.224.123.211 - - [21/Jul/2022:09:24:47 +0800] "GET /xingrg/all/function/internal_message.html?_=1658366748949&CODE_STATE=getMsg HTTP/1.1" 200 27
116.237.72.165 - - [21/Jul/2022:09:24:48 +0800] "GET /xingrg/all/function/internal_message.html?_=1658366686963&CODE_STATE=getMsg HTTP/1.1" 200 27
114.83.219.182 - - [21/Jul/2022:09:24:51 +0800] "GET /xingrg/kc/buy/cgsh_order_operate.html?command=get_materiel&rest_code=00149&code=00101009001&supplier_code=00100201&order_time=2022-07-20 HTTP/1.1" 200 416
120.253.135.82 - - [21/Jul/2022:09:24:53 +0800] "GET /xingrg/all/function/internal_message.html?_=1658366191893&CODE_STATE=getMsg HTTP/1.1" 200 27
58.221.95.50 - - [21/Jul/2022:09:24:57 +0800] "GET /xingrg/check_reg.html?_=1658366696200 HTTP/1.1" 200 22
58.221.95.50 - - [21/Jul/2022:09:24:57 +0800] "GET /xingrg/all/function/internal_message.html?_=1658366696203&CODE_STATE=getMsg HTTP/1.1" 200 27
116.237.72.165 - - [21/Jul/2022:09:24:57 +0800] "GET /xingrg/kc/buy/cgsh_order_operate.html?command=get_materiel&rest_code=00106&code=00101007059&supplier_code=00100002&order_time=2022-07-21 HTTP/1.1" 200 411
116.230.110.48 - - [21/Jul/2022:09:25:02 +0800] "GET /xingrg/check_reg.html?_=1658366697257 HTTP/1.1" 200 22
101.83.223.227 - - [21/Jul/2022:09:25:02 +0800] "POST /xingrg/services/DataTransmitService HTTP/1.1" 200 524
101.83.223.227 - - [21/Jul/2022:09:25:02 +0800] "POST /xingrg/services/DataTransmitService HTTP/1.1" 200 501
218.81.223.53 - - [21/Jul/2022:09:25:13 +0800] "GET /xingrg/all/function/internal_message.html?_=1658366724457&CODE_STATE=getMsg HTTP/1.1" 200 27
120.253.135.82 - - [21/Jul/2022:09:25:16 +0800] "GET /xingrg/all/function/internal_message.html?_=1658366521815&CODE_STATE=getMsg HTTP/1.1" 200 27
116.230.110.48 - - [21/Jul/2022:09:25:18 +0800] "GET /xingrg/all/function/internal_message.html?_=1658366713621&CODE_STATE=getMsg HTTP/1.1" 200 27
101.83.223.227 - - [21/Jul/2022:09:25:21 +0800] "GET /xingrg/all/function/internal_message.html?_=1658366719496&CODE_STATE=getMsg HTTP/1.1" 200 27
116.230.110.48 - - [21/Jul/2022:09:25:25 +0800] "GET /xingrg/all/function/internal_message.html?_=1658366721042&CODE_STATE=getMsg HTTP/1.1" 200 27
114.86.187.244 - - [21/Jul/2022:09:25:26 +0800] "GET /xingrg/all/function/internal_message.html?_=1658366725688&CODE_STATE=getMsg HTTP/1.1" 200 27
180.175.103.110 - - [21/Jul/2022:09:25:28 +0800] "GET /xingrg/all/function/internal_message.html?_=1658366616445&CODE_STATE=getMsg HTTP/1.1" 200 27
114.83.219.182 - - [21/Jul/2022:09:25:29 +0800] "GET /xingrg/all/function/internal_message.html?_=1658366723530&CODE_STATE=getMsg HTTP/1.1" 200 27
116.237.72.165 - - [21/Jul/2022:09:25:29 +0800] "GET /xingrg/kc/buy/cgsh_order_operate.html?command=get_materiel&rest_code=00106&code=00101007085&supplier_code=00100002&order_time=2022-07-21 HTTP/1.1" 200 429
114.83.219.182 - - [21/Jul/2022:09:25:32 +0800] "GET /xingrg/kc/buy/cgsh_order_operate.html?command=get_materiel&rest_code=00149&code=00101009016&supplier_code=00100201&order_time=2022-07-20 HTTP/1.1" 200 428
120.253.135.82 - - [21/Jul/2022:09:25:32 +0800] "GET /xingrg/all/function/internal_message.html?_=1658366857261&CODE_STATE=getMsg HTTP/1.1" 200 27
101.80.228.36 - - [21/Jul/2022:09:25:37 +0800] "GET /xingrg/all/function/internal_message.html?_=1658366733251&CODE_STATE=getMsg HTTP/1.1" 200 27
114.83.219.182 - - [21/Jul/2022:09:25:42 +0800] "GET /xingrg/kc/buy/cgsh_order_operate.html?command=get_materiel&rest_code=00149&code=00101009013&supplier_code=00100201&order_time=2022-07-20 HTTP/1.1" 200 436
180.169.147.146 - - [21/Jul/2022:09:25:44 +0800] "GET /xingrg/all/function/internal_message.html?_=1658366741604&CODE_STATE=getMsg HTTP/1.1" 200 27
116.224.123.211 - - [21/Jul/2022:09:25:47 +0800] "GET /xingrg/all/function/internal_message.html?_=1658366808962&CODE_STATE=getMsg HTTP/1.1" 200 27
116.237.72.165 - - [21/Jul/2022:09:25:48 +0800] "GET /xingrg/check_reg.html?_=1658366746962 HTTP/1.1" 200 22
116.237.72.165 - - [21/Jul/2022:09:25:48 +0800] "GET /xingrg/all/function/internal_message.html?_=1658366746965&CODE_STATE=getMsg HTTP/1.1" 200 27
120.253.135.82 - - [21/Jul/2022:09:25:53 +0800] "GET /xingrg/all/function/internal_message.html?_=1658366251893&CODE_STATE=getMsg HTTP/1.1" 200 27
116.237.72.165 - - [21/Jul/2022:09:25:55 +0800] "POST /xingrg/kc/buy/cgsh_order_operate.html HTTP/1.1" 200 37
101.80.228.36 - - [21/Jul/2022:09:25:57 +0800] "GET /xingrg/kc/buy/cgsh_order_operate.html?command=get_materiel&rest_code=00156&code=00101008670&supplier_code=00100006&order_time=2022-07-21 HTTP/1.1" 200 398
116.237.72.165 - - [21/Jul/2022:09:25:57 +0800] "POST /xingrg/kc/buy/cgsh_order_operate.html HTTP/1.1" 200 5618
58.221.95.50 - - [21/Jul/2022:09:25:57 +0800] "GET /xingrg/all/function/internal_message.html?_=1658366756201&CODE_STATE=getMsg HTTP/1.1" 200 27
114.83.219.182 - - [21/Jul/2022:09:25:59 +0800] "GET /xingrg/kc/buy/cgsh_order_operate.html?command=get_materiel&rest_code=00149&code=00101009007&supplier_code=00100201&order_time=2022-07-20 HTTP/1.1" 200 424
116.237.72.165 - - [21/Jul/2022:09:26:06 +0800] "GET /xingrg/kc/buy/cgsh_order_add.html HTTP/1.1" 200 67938
116.237.72.165 - - [21/Jul/2022:09:26:06 +0800] "POST /xingrg/kc/buy/cgsh_order_operate.html HTTP/1.1" 200 8245
116.237.72.165 - - [21/Jul/2022:09:26:06 +0800] "GET /xingrg/javascript/easyui/themes/default/validatebox.css HTTP/1.1" 404 1104
101.80.228.36 - - [21/Jul/2022:09:26:08 +0800] "GET /xingrg/kc/buy/cgsh_order_operate.html?command=get_materiel&rest_code=00156&code=00101008264&supplier_code=00100006&order_time=2022-07-21 HTTP/1.1" 200 428
58.221.95.50 - - [21/Jul/2022:09:26:08 +0800] "POST /xingrg/kc/buy/cgsh_order_operate.html HTTP/1.1" 200 37
58.221.95.50 - - [21/Jul/2022:09:26:13 +0800] "POST /xingrg/kc/buy/cgsh_order_operate.html HTTP/1.1" 200 12
218.81.223.53 - - [21/Jul/2022:09:26:13 +0800] "GET /xingrg/all/function/internal_message.html?_=1658366784836&CODE_STATE=getMsg HTTP/1.1" 200 27
120.253.135.82 - - [21/Jul/2022:09:26:16 +0800] "GET /xingrg/all/function/internal_message.html?_=1658366581818&CODE_STATE=getMsg HTTP/1.1" 200 27
180.175.103.110 - - [21/Jul/2022:09:26:17 +0800] "GET /xingrg/kc/buy/cgsh_order_operate.html?command=get_materiel&rest_code=00105&code=00101016100&supplier_code=00100034&order_time=2022-07-21 HTTP/1.1" 200 412
114.83.219.182 - - [21/Jul/2022:09:26:18 +0800] "GET /xingrg/kc/buy/cgsh_order_operate.html?command=get_materiel&rest_code=00149&code=00101009107&supplier_code=00100201&order_time=2022-07-20 HTTP/1.1" 200 409
101.80.228.36 - - [21/Jul/2022:09:26:18 +0800] "GET /xingrg/kc/buy/cgsh_order_operate.html?command=get_materiel&rest_code=00156&code=00101008024&supplier_code=00100006&order_time=2022-07-21 HTTP/1.1" 200 408
116.230.110.48 - - [21/Jul/2022:09:26:18 +0800] "GET /xingrg/all/function/internal_message.html?_=1658366773604&CODE_STATE=getMsg HTTP/1.1" 200 27
58.221.95.50 - - [21/Jul/2022:09:26:20 +0800] "GET /xingrg/kc/buy/cgsh_order_info.html?code=212022072105186 HTTP/1.1" 200 61767
58.221.95.50 - - [21/Jul/2022:09:26:20 +0800] "GET /xingrg/javascript/easyui/themes/default/validatebox.css HTTP/1.1" 404 1104
58.221.95.50 - - [21/Jul/2022:09:26:21 +0800] "POST /xingrg/kc/buy/cgsh_order_operate.html HTTP/1.1" 200 1206
101.83.223.227 - - [21/Jul/2022:09:26:21 +0800] "GET /xingrg/all/function/internal_message.html?_=1658366779514&CODE_STATE=getMsg HTTP/1.1" 200 27
58.221.95.50 - - [21/Jul/2022:09:26:22 +0800] "GET /xingrg/kc/buy/cgsh_order_add.html HTTP/1.1" 200 66874
58.221.95.50 - - [21/Jul/2022:09:26:22 +0800] "POST /xingrg/kc/buy/cgsh_order_operate.html HTTP/1.1" 200 8245
58.221.95.50 - - [21/Jul/2022:09:26:22 +0800] "GET /xingrg/javascript/easyui/themes/default/validatebox.css HTTP/1.1" 404 1104
116.230.110.48 - - [21/Jul/2022:09:26:25 +0800] "GET /xingrg/all/function/internal_message.html?_=1658366781037&CODE_STATE=getMsg HTTP/1.1" 200 27
114.86.187.244 - - [21/Jul/2022:09:26:26 +0800] "GET /xingrg/all/function/internal_message.html?_=1658366785689&CODE_STATE=getMsg HTTP/1.1" 200 27
180.175.103.110 - - [21/Jul/2022:09:26:28 +0800] "GET /xingrg/all/function/internal_message.html?_=1658366676440&CODE_STATE=getMsg HTTP/1.1" 200 27
180.175.103.110 - - [21/Jul/2022:09:26:28 +0800] "GET /xingrg/check_reg.html?_=1658366676445 HTTP/1.1" 200 22
114.83.219.182 - - [21/Jul/2022:09:26:28 +0800] "POST /xingrg/kc/buy/cgsh_order_operate.html HTTP/1.1" 200 37
101.80.228.36 - - [21/Jul/2022:09:26:30 +0800] "GET /xingrg/kc/buy/cgsh_order_operate.html?command=get_materiel&rest_code=00156&code=00101008357&supplier_code=00100006&order_time=2022-07-21 HTTP/1.1" 200 408
101.80.228.36 - - [21/Jul/2022:09:26:32 +0800] "POST /xingrg/kc/buy/cgsh_order_operate.html HTTP/1.1" 200 2065
120.253.135.82 - - [21/Jul/2022:09:26:32 +0800] "GET /xingrg/all/function/internal_message.html?_=1658366917324&CODE_STATE=getMsg HTTP/1.1" 200 27
180.175.103.110 - - [21/Jul/2022:09:26:34 +0800] "POST /xingrg/kc/buy/cgsh_order_operate.html HTTP/1.1" 200 37
180.175.103.110 - - [21/Jul/2022:09:26:36 +0800] "POST /xingrg/kc/buy/cgsh_order_operate.html HTTP/1.1" 200 4421
114.83.219.182 - - [21/Jul/2022:09:26:37 +0800] "POST /xingrg/kc/buy/cgsh_order_operate.html HTTP/1.1" 200 12
101.80.228.36 - - [21/Jul/2022:09:26:37 +0800] "GET /xingrg/all/function/internal_message.html?_=1658366793260&CODE_STATE=getMsg HTTP/1.1" 200 27
101.80.228.36 - - [21/Jul/2022:09:26:38 +0800] "GET /xingrg/kc/buy/cgsh_order_operate.html?command=get_materiel&rest_code=00156&code=00101008286&supplier_code=00100006&order_time=2022-07-21 HTTP/1.1" 200 408
180.175.103.110 - - [21/Jul/2022:09:26:38 +0800] "GET /xingrg/kc/print/load_data.html?order_code=212022072105212&kc_code=cgsh&condition= HTTP/1.1" 200 1376
114.83.219.182 - - [21/Jul/2022:09:26:39 +0800] "GET /xingrg/kc/buy/cgsh_order_info.html?code=212022072105211 HTTP/1.1" 200 62935
114.83.219.182 - - [21/Jul/2022:09:26:39 +0800] "GET /xingrg/javascript/easyui/themes/default/validatebox.css HTTP/1.1" 404 1104
114.83.219.182 - - [21/Jul/2022:09:26:40 +0800] "POST /xingrg/kc/buy/cgsh_order_operate.html HTTP/1.1" 200 3569
114.83.219.182 - - [21/Jul/2022:09:26:42 +0800] "GET /xingrg/kc/print/load_data.html?order_code=212022072105211&kc_code=cgsh&condition= HTTP/1.1" 200 1840
180.169.147.146 - - [21/Jul/2022:09:26:44 +0800] "GET /xingrg/all/function/internal_message.html?_=1658366801610&CODE_STATE=getMsg HTTP/1.1" 200 27
116.224.123.211 - - [21/Jul/2022:09:26:47 +0800] "GET /xingrg/all/function/internal_message.html?_=1658366868977&CODE_STATE=getMsg HTTP/1.1" 200 27
116.237.72.165 - - [21/Jul/2022:09:26:48 +0800] "GET /xingrg/all/function/internal_message.html?_=1658366806962&CODE_STATE=getMsg HTTP/1.1" 200 27
101.80.228.36 - - [21/Jul/2022:09:26:50 +0800] "GET /xingrg/kc/buy/cgsh_order_operate.html?command=get_materiel&rest_code=00156&code=00101008337&supplier_code=00100006&order_time=2022-07-21 HTTP/1.1" 200 424
120.253.135.82 - - [21/Jul/2022:09:26:53 +0800] "GET /xingrg/all/function/internal_message.html?_=1658366311894&CODE_STATE=getMsg HTTP/1.1" 200 27
58.221.95.50 - - [21/Jul/2022:09:26:55 +0800] "GET /xingrg/kc/buy/cgsh_order_operate.html?command=get_materiel&rest_code=00152&code=00102002692&supplier_code=00100151&order_time=2022-07-15 HTTP/1.1" 200 436
58.221.95.50 - - [21/Jul/2022:09:26:57 +0800] "GET /xingrg/all/function/internal_message.html?_=1658366816209&CODE_STATE=getMsg HTTP/1.1" 200 27
218.81.223.53 - - [21/Jul/2022:09:27:05 +0800] "GET /xingrg/check_reg.html?_=1658366835989 HTTP/1.1" 200 22
101.80.228.36 - - [21/Jul/2022:09:27:08 +0800] "GET /xingrg/kc/buy/cgsh_order_operate.html?command=get_materiel&rest_code=00156&code=00101008358&supplier_code=00100006&order_time=2022-07-21 HTTP/1.1" 200 412
180.175.103.110 - - [21/Jul/2022:09:27:13 +0800] "GET /xingrg/kc/buy/cgsh_order_add.html HTTP/1.1" 200 68026
180.175.103.110 - - [21/Jul/2022:09:27:13 +0800] "POST /xingrg/kc/buy/cgsh_order_operate.html HTTP/1.1" 200 8245
180.175.103.110 - - [21/Jul/2022:09:27:13 +0800] "GET /xingrg/javascript/easyui/themes/default/validatebox.css HTTP/1.1" 404 1104
218.81.223.53 - - [21/Jul/2022:09:27:13 +0800] "GET /xingrg/all/function/internal_message.html?_=1658366844843&CODE_STATE=getMsg HTTP/1.1" 200 27
120.253.135.82 - - [21/Jul/2022:09:27:15 +0800] "GET /xingrg/check_reg.html?_=1658366641059 HTTP/1.1" 200 22
120.253.135.82 - - [21/Jul/2022:09:27:16 +0800] "GET /xingrg/all/function/internal_message.html?_=1658366641830&CODE_STATE=getMsg HTTP/1.1" 200 27
116.230.110.48 - - [21/Jul/2022:09:27:18 +0800] "GET /xingrg/all/function/internal_message.html?_=1658366833587&CODE_STATE=getMsg HTTP/1.1" 200 27
101.80.228.36 - - [21/Jul/2022:09:27:18 +0800] "GET /xingrg/kc/buy/cgsh_order_operate.html?command=get_materiel&rest_code=00156&code=00101008366&supplier_code=00100006&order_time=2022-07-21 HTTP/1.1" 200 408
120.253.135.82 - - [21/Jul/2022:09:27:19 +0800] "GET /xingrg/check_reg.html?_=1658366964185 HTTP/1.1" 200 22
114.83.219.182 - - [21/Jul/2022:09:27:20 +0800] "GET /xingrg/kc/buy/cgsh_order_add.html HTTP/1.1" 200 68032
114.83.219.182 - - [21/Jul/2022:09:27:20 +0800] "POST /xingrg/kc/buy/cgsh_order_operate.html HTTP/1.1" 200 8245
114.83.219.182 - - [21/Jul/2022:09:27:20 +0800] "GET /xingrg/javascript/easyui/themes/default/validatebox.css HTTP/1.1" 404 1104
101.83.223.227 - - [21/Jul/2022:09:27:21 +0800] "GET /xingrg/check_reg.html?_=1658366839514 HTTP/1.1" 200 22
101.83.223.227 - - [21/Jul/2022:09:27:21 +0800] "GET /xingrg/all/function/internal_message.html?_=1658366839518&CODE_STATE=getMsg HTTP/1.1" 200 27
58.221.95.50 - - [21/Jul/2022:09:27:23 +0800] "GET /xingrg/kc/buy/cgsh_order_operate.html?command=get_materiel&rest_code=00152&code=00102021033&supplier_code=00100151&order_time=2022-07-15 HTTP/1.1" 200 448
116.230.110.48 - - [21/Jul/2022:09:27:25 +0800] "GET /xingrg/all/function/internal_message.html?_=1658366841051&CODE_STATE=getMsg HTTP/1.1" 200 27
114.86.187.244 - - [21/Jul/2022:09:27:26 +0800] "GET /xingrg/all/function/internal_message.html?_=1658366845690&CODE_STATE=getMsg HTTP/1.1" 200 27
114.86.187.244 - - [21/Jul/2022:09:27:26 +0800] "GET /xingrg/check_reg.html?_=1658366845694 HTTP/1.1" 200 22
101.80.228.36 - - [21/Jul/2022:09:27:27 +0800] "GET /xingrg/kc/buy/cgsh_order_operate.html?command=get_materiel&rest_code=00156&code=00101008141&supplier_code=00100006&order_time=2022-07-21 HTTP/1.1" 200 412
180.175.103.110 - - [21/Jul/2022:09:27:28 +0800] "GET /xingrg/all/function/internal_message.html?_=1658366736448&CODE_STATE=getMsg HTTP/1.1" 200 27
114.83.219.182 - - [21/Jul/2022:09:27:29 +0800] "GET /xingrg/all/function/internal_message.html?_=1658366843546&CODE_STATE=getMsg HTTP/1.1" 200 27
101.80.228.36 - - [21/Jul/2022:09:27:31 +0800] "POST /xingrg/kc/buy/cgsh_order_operate.html HTTP/1.1" 200 2065
120.253.135.82 - - [21/Jul/2022:09:27:32 +0800] "GET /xingrg/all/function/internal_message.html?_=1658366977335&CODE_STATE=getMsg HTTP/1.1" 200 27
114.83.219.182 - - [21/Jul/2022:09:27:34 +0800] "GET /xingrg/kc/buy/cgsh_order_operate.html?command=get_materiel&rest_code=00149&code=00101020153&supplier_code=00100036&order_time=2022-07-20 HTTP/1.1" 200 408
101.80.228.36 - - [21/Jul/2022:09:27:37 +0800] "GET /xingrg/all/function/internal_message.html?_=1658366853246&CODE_STATE=getMsg HTTP/1.1" 200 27
101.80.228.36 - - [21/Jul/2022:09:27:38 +0800] "GET /xingrg/kc/buy/cgsh_order_operate.html?command=get_materiel&rest_code=00156&code=00101008355&supplier_code=00100006&order_time=2022-07-21 HTTP/1.1" 200 408
180.175.103.110 - - [21/Jul/2022:09:27:40 +0800] "GET /xingrg/kc/buy/cgsh_order_operate.html?command=get_materiel&rest_code=00105&code=00101007081&supplier_code=00100002&order_time=2022-07-21 HTTP/1.1" 200 413
180.169.147.146 - - [21/Jul/2022:09:27:44 +0800] "GET /xingrg/all/function/internal_message.html?_=1658366861600&CODE_STATE=getMsg HTTP/1.1" 200 27
101.80.228.36 - - [21/Jul/2022:09:27:47 +0800] "GET /xingrg/kc/buy/cgsh_order_operate.html?command=get_materiel&rest_code=00156&code=00101008356&supplier_code=00100006&order_time=2022-07-21 HTTP/1.1" 200 408
116.224.123.211 - - [21/Jul/2022:09:27:47 +0800] "GET /xingrg/all/function/internal_message.html?_=1658366929079&CODE_STATE=getMsg HTTP/1.1" 200 27
116.237.72.165 - - [21/Jul/2022:09:27:48 +0800] "GET /xingrg/all/function/internal_message.html?_=1658366866990&CODE_STATE=getMsg HTTP/1.1" 200 27
120.253.135.82 - - [21/Jul/2022:09:27:53 +0800] "GET /xingrg/all/function/internal_message.html?_=1658366371894&CODE_STATE=getMsg HTTP/1.1" 200 27
120.253.135.82 - - [21/Jul/2022:09:27:54 +0800] "GET /xingrg/check_reg.html?_=1658366371912 HTTP/1.1" 200 22
58.221.95.50 - - [21/Jul/2022:09:27:57 +0800] "GET /xingrg/all/function/internal_message.html?_=1658366876213&CODE_STATE=getMsg HTTP/1.1" 200 27
58.221.95.50 - - [21/Jul/2022:09:27:57 +0800] "GET /xingrg/system/info/materiel_import.html?isSelect=1&singleSelect=false HTTP/1.1" 200 5600
58.221.95.50 - - [21/Jul/2022:09:27:58 +0800] "GET /favicon.ico HTTP/1.1" 404 -
58.221.95.50 - - [21/Jul/2022:09:27:58 +0800] "POST /xingrg/all/common/load_tree.html?tree=materiel_sort_tree_json HTTP/1.1" 200 9388
114.83.219.182 - - [21/Jul/2022:09:27:59 +0800] "GET /xingrg/kc/buy/cgsh_order_operate.html?command=get_materiel&rest_code=00149&code=00101012077&supplier_code=00100036&order_time=2022-07-20 HTTP/1.1" 200 436
180.175.103.110 - - [21/Jul/2022:09:28:03 +0800] "POST /xingrg/kc/buy/cgsh_order_operate.html HTTP/1.1" 200 37
101.80.228.36 - - [21/Jul/2022:09:28:04 +0800] "GET /xingrg/kc/buy/cgsh_order_operate.html?command=get_materiel&rest_code=00156&code=00101008069&supplier_code=00100006&order_time=2022-07-21 HTTP/1.1" 200 412
180.175.103.110 - - [21/Jul/2022:09:28:05 +0800] "POST /xingrg/kc/buy/cgsh_order_operate.html HTTP/1.1" 200 2658
58.221.95.50 - - [21/Jul/2022:09:28:07 +0800] "GET /xingrg/kc/buy/cgsh_order_operate.html?command=get_materiel&rest_code=00152&code=00102021001&supplier_code=00100151&order_time=2022-07-15 HTTP/1.1" 200 441
180.175.103.110 - - [21/Jul/2022:09:28:08 +0800] "GET /xingrg/kc/print/load_data.html?order_code=212022072105213&kc_code=cgsh&condition= HTTP/1.1" 200 738
218.81.223.53 - - [21/Jul/2022:09:28:13 +0800] "GET /xingrg/all/function/internal_message.html?_=1658366904858&CODE_STATE=getMsg HTTP/1.1" 200 27
101.80.228.36 - - [21/Jul/2022:09:28:14 +0800] "GET /xingrg/kc/buy/cgsh_order_operate.html?command=get_materiel&rest_code=00156&code=00101008278&supplier_code=00100006&order_time=2022-07-21 HTTP/1.1" 200 412
120.253.135.82 - - [21/Jul/2022:09:28:16 +0800] "GET /xingrg/all/function/internal_message.html?_=1658366701860&CODE_STATE=getMsg HTTP/1.1" 200 27
116.230.110.48 - - [21/Jul/2022:09:28:18 +0800] "GET /xingrg/all/function/internal_message.html?_=1658366893572&CODE_STATE=getMsg HTTP/1.1" 200 27
114.83.219.182 - - [21/Jul/2022:09:28:19 +0800] "GET /xingrg/kc/buy/cgsh_order_operate.html?command=get_materiel&rest_code=00149&code=00101013098&supplier_code=00100036&order_time=2022-07-20 HTTP/1.1" 200 417
101.83.223.227 - - [21/Jul/2022:09:28:21 +0800] "GET /xingrg/all/function/internal_message.html?_=1658366899514&CODE_STATE=getMsg HTTP/1.1" 200 27
116.230.110.48 - - [21/Jul/2022:09:28:25 +0800] "GET /xingrg/all/function/internal_message.html?_=1658366901053&CODE_STATE=getMsg HTTP/1.1" 200 27
116.230.110.48 - - [21/Jul/2022:09:28:25 +0800] "GET /xingrg/check_reg.html?_=1658366901057 HTTP/1.1" 200 22
114.86.187.244 - - [21/Jul/2022:09:28:26 +0800] "GET /xingrg/all/function/internal_message.html?_=1658366905693&CODE_STATE=getMsg HTTP/1.1" 200 27
58.221.95.50 - - [21/Jul/2022:09:28:27 +0800] "GET /xingrg/kc/buy/cgsh_order_operate.html?command=get_materiel&rest_code=00152&code=00102021019&supplier_code=00100151&order_time=2022-07-15 HTTP/1.1" 200 451
180.175.103.110 - - [21/Jul/2022:09:28:28 +0800] "GET /xingrg/all/function/internal_message.html?_=1658366796461&CODE_STATE=getMsg HTTP/1.1" 200 27
114.83.219.182 - - [21/Jul/2022:09:28:29 +0800] "GET /xingrg/all/function/internal_message.html?_=1658366903530&CODE_STATE=getMsg HTTP/1.1" 200 27
101.80.228.36 - - [21/Jul/2022:09:28:30 +0800] "GET /xingrg/kc/buy/cgsh_order_operate.html?command=get_materiel&rest_code=00156&code=00101008353&supplier_code=00100006&order_time=2022-07-21 HTTP/1.1" 200 424
114.83.219.182 - - [21/Jul/2022:09:28:30 +0800] "GET /xingrg/kc/buy/cgsh_order_operate.html?command=get_materiel&rest_code=00149&code=00101012029&supplier_code=00100036&order_time=2022-07-20 HTTP/1.1" 200 412
120.253.135.82 - - [21/Jul/2022:09:28:32 +0800] "GET /xingrg/all/function/internal_message.html?_=1658367037349&CODE_STATE=getMsg HTTP/1.1" 200 27
101.80.228.36 - - [21/Jul/2022:09:28:33 +0800] "POST /xingrg/kc/buy/cgsh_order_operate.html HTTP/1.1" 200 2065
101.80.228.36 - - [21/Jul/2022:09:28:37 +0800] "GET /xingrg/all/function/internal_message.html?_=1658366913250&CODE_STATE=getMsg HTTP/1.1" 200 27
58.221.95.50 - - [21/Jul/2022:09:28:41 +0800] "POST /xingrg/kc/buy/cgsh_order_operate.html HTTP/1.1" 200 37
101.80.228.36 - - [21/Jul/2022:09:28:41 +0800] "GET /xingrg/kc/buy/cgsh_order_operate.html?command=get_materiel&rest_code=00156&code=00101008558&supplier_code=00100006&order_time=2022-07-21 HTTP/1.1" 200 409
180.169.147.146 - - [21/Jul/2022:09:28:44 +0800] "GET /xingrg/all/function/internal_message.html?_=1658366921608&CODE_STATE=getMsg HTTP/1.1" 200 27
180.169.147.146 - - [21/Jul/2022:09:28:44 +0800] "GET /xingrg/check_reg.html?_=1658366921610 HTTP/1.1" 200 22
58.221.95.50 - - [21/Jul/2022:09:28:45 +0800] "POST /xingrg/kc/buy/cgsh_order_operate.html HTTP/1.1" 200 4514
116.224.123.211 - - [21/Jul/2022:09:28:47 +0800] "GET /xingrg/all/function/internal_message.html?_=1658366989082&CODE_STATE=getMsg HTTP/1.1" 200 27
180.175.103.110 - - [21/Jul/2022:09:28:47 +0800] "GET /xingrg/kc/buy/cgsh_order_add.html HTTP/1.1" 200 68026
116.237.72.165 - - [21/Jul/2022:09:28:48 +0800] "GET /xingrg/all/function/internal_message.html?_=1658366926968&CODE_STATE=getMsg HTTP/1.1" 200 27
114.83.219.182 - - [21/Jul/2022:09:28:48 +0800] "GET /xingrg/kc/buy/cgsh_order_operate.html?command=get_materiel&rest_code=00149&code=00101012040&supplier_code=00100036&order_time=2022-07-20 HTTP/1.1" 200 413
180.175.103.110 - - [21/Jul/2022:09:28:48 +0800] "POST /xingrg/kc/buy/cgsh_order_operate.html HTTP/1.1" 200 8245
180.175.103.110 - - [21/Jul/2022:09:28:48 +0800] "GET /xingrg/javascript/easyui/themes/default/validatebox.css HTTP/1.1" 404 1104
58.221.95.50 - - [21/Jul/2022:09:28:49 +0800] "GET /xingrg/kc/print/load_data.html?order_code=212022072105214&kc_code=cgsh&condition= HTTP/1.1" 200 1408
101.80.228.36 - - [21/Jul/2022:09:28:52 +0800] "GET /xingrg/kc/buy/cgsh_order_operate.html?command=get_materiel&rest_code=00156&code=00101008402&supplier_code=00100006&order_time=2022-07-21 HTTP/1.1" 200 410
120.253.135.82 - - [21/Jul/2022:09:28:54 +0800] "GET /xingrg/all/function/internal_message.html?_=1658366431922&CODE_STATE=getMsg HTTP/1.1" 200 27
58.221.95.50 - - [21/Jul/2022:09:28:57 +0800] "GET /xingrg/all/function/internal_message.html?_=1658366936229&CODE_STATE=getMsg HTTP/1.1" 200 27
114.83.219.182 - - [21/Jul/2022:09:28:59 +0800] "POST /xingrg/kc/buy/cgsh_order_operate.html HTTP/1.1" 200 37
101.80.228.36 - - [21/Jul/2022:09:29:02 +0800] "GET /xingrg/kc/buy/cgsh_order_operate.html?command=get_materiel&rest_code=00156&code=00101009086&supplier_code=00100006&order_time=2022-07-21 HTTP/1.1" 200 419
114.83.219.182 - - [21/Jul/2022:09:29:05 +0800] "POST /xingrg/kc/buy/cgsh_order_operate.html HTTP/1.1" 200 12
114.83.219.182 - - [21/Jul/2022:09:29:06 +0800] "GET /xingrg/kc/buy/cgsh_order_info.html?code=212022072105215 HTTP/1.1" 200 62937
114.83.219.182 - - [21/Jul/2022:09:29:07 +0800] "GET /xingrg/javascript/easyui/themes/default/validatebox.css HTTP/1.1" 404 1104
114.83.219.182 - - [21/Jul/2022:09:29:07 +0800] "POST /xingrg/kc/buy/cgsh_order_operate.html HTTP/1.1" 200 2985
114.83.219.182 - - [21/Jul/2022:09:29:12 +0800] "GET /xingrg/kc/print/load_data.html?order_code=212022072105215&kc_code=cgsh&condition= HTTP/1.1" 200 1701
218.81.223.53 - - [21/Jul/2022:09:29:14 +0800] "GET /xingrg/all/function/internal_message.html?_=1658366965225&CODE_STATE=getMsg HTTP/1.1" 200 27
120.253.135.82 - - [21/Jul/2022:09:29:16 +0800] "GET /xingrg/all/function/internal_message.html?_=1658366761875&CODE_STATE=getMsg HTTP/1.1" 200 27
114.83.219.182 - - [21/Jul/2022:09:29:16 +0800] "GET /xingrg/kc/buy/cgsh_order_add.html HTTP/1.1" 200 68032
114.83.219.182 - - [21/Jul/2022:09:29:17 +0800] "POST /xingrg/kc/buy/cgsh_order_operate.html HTTP/1.1" 200 8245
114.83.219.182 - - [21/Jul/2022:09:29:17 +0800] "GET /xingrg/javascript/easyui/themes/default/validatebox.css HTTP/1.1" 404 1104
116.230.110.48 - - [21/Jul/2022:09:29:18 +0800] "GET /xingrg/all/function/internal_message.html?_=1658366953547&CODE_STATE=getMsg HTTP/1.1" 200 27
101.80.228.36 - - [21/Jul/2022:09:29:20 +0800] "POST /xingrg/kc/buy/cgsh_order_operate.html HTTP/1.1" 200 2065
101.83.223.227 - - [21/Jul/2022:09:29:21 +0800] "GET /xingrg/all/function/internal_message.html?_=1658366959522&CODE_STATE=getMsg HTTP/1.1" 200 27
116.230.110.48 - - [21/Jul/2022:09:29:25 +0800] "GET /xingrg/all/function/internal_message.html?_=1658366961054&CODE_STATE=getMsg HTTP/1.1" 200 27
114.86.187.244 - - [21/Jul/2022:09:29:26 +0800] "GET /xingrg/all/function/internal_message.html?_=1658366965695&CODE_STATE=getMsg HTTP/1.1" 200 27
180.175.103.110 - - [21/Jul/2022:09:29:28 +0800] "GET /xingrg/all/function/internal_message.html?_=1658366856460&CODE_STATE=getMsg HTTP/1.1" 200 27
114.83.219.182 - - [21/Jul/2022:09:29:29 +0800] "GET /xingrg/all/function/internal_message.html?_=1658366963518&CODE_STATE=getMsg HTTP/1.1" 200 27
101.80.228.36 - - [21/Jul/2022:09:29:31 +0800] "GET /xingrg/kc/buy/cgsh_order_operate.html?command=get_materiel&rest_code=00156&code=00101009011&supplier_code=00100006&order_time=2022-07-21 HTTP/1.1" 200 432
120.253.135.82 - - [21/Jul/2022:09:29:32 +0800] "GET /xingrg/all/function/internal_message.html?_=1658367097408&CODE_STATE=getMsg HTTP/1.1" 200 27
180.175.103.110 - - [21/Jul/2022:09:29:35 +0800] "GET /xingrg/kc/buy/cgsh_order_operate.html?command=get_materiel&rest_code=00105&code=00101011010&supplier_code=00100052&order_time=2022-07-21 HTTP/1.1" 200 418
101.80.228.36 - - [21/Jul/2022:09:29:37 +0800] "GET /xingrg/check_reg.html?_=1658366973243 HTTP/1.1" 200 22
101.80.228.36 - - [21/Jul/2022:09:29:37 +0800] "GET /xingrg/all/function/internal_message.html?_=1658366973244&CODE_STATE=getMsg HTTP/1.1" 200 27
101.80.228.36 - - [21/Jul/2022:09:29:41 +0800] "GET /xingrg/kc/buy/cgsh_order_operate.html?command=get_materiel&rest_code=00156&code=00101009015&supplier_code=00100006&order_time=2022-07-21 HTTP/1.1" 200 417
114.83.219.182 - - [21/Jul/2022:09:29:44 +0800] "GET /xingrg/kc/buy/cgsh_order_operate.html?command=get_materiel&rest_code=00149&code=00101006130&supplier_code=00100012&order_time=2022-07-20 HTTP/1.1" 200 443
180.169.147.146 - - [21/Jul/2022:09:29:44 +0800] "GET /xingrg/all/function/internal_message.html?_=1658366981610&CODE_STATE=getMsg HTTP/1.1" 200 27
116.224.123.211 - - [21/Jul/2022:09:29:47 +0800] "GET /xingrg/check_reg.html?_=1658367048868 HTTP/1.1" 200 22
116.224.123.211 - - [21/Jul/2022:09:29:47 +0800] "GET /xingrg/all/function/internal_message.html?_=1658367049094&CODE_STATE=getMsg HTTP/1.1" 200 27
116.237.72.165 - - [21/Jul/2022:09:29:48 +0800] "GET /xingrg/all/function/internal_message.html?_=1658366986962&CODE_STATE=getMsg HTTP/1.1" 200 27
120.253.135.82 - - [21/Jul/2022:09:29:54 +0800] "GET /xingrg/all/function/internal_message.html?_=1658366491922&CODE_STATE=getMsg HTTP/1.1" 200 27
114.83.219.182 - - [21/Jul/2022:09:29:54 +0800] "GET /xingrg/kc/buy/cgsh_order_operate.html?command=get_materiel&rest_code=00149&code=00101006109&supplier_code=00100012&order_time=2022-07-20 HTTP/1.1" 200 424
58.221.95.50 - - [21/Jul/2022:09:29:57 +0800] "GET /xingrg/check_reg.html?_=1658366996244 HTTP/1.1" 200 22
58.221.95.50 - - [21/Jul/2022:09:29:57 +0800] "GET /xingrg/all/function/internal_message.html?_=1658366996246&CODE_STATE=getMsg HTTP/1.1" 200 27
116.230.110.48 - - [21/Jul/2022:09:30:02 +0800] "GET /xingrg/check_reg.html?_=1658366997237 HTTP/1.1" 200 22
114.83.219.182 - - [21/Jul/2022:09:30:09 +0800] "POST /xingrg/kc/buy/cgsh_order_operate.html HTTP/1.1" 200 37
114.83.219.182 - - [21/Jul/2022:09:30:14 +0800] "POST /xingrg/kc/buy/cgsh_order_operate.html HTTP/1.1" 200 12
218.81.223.53 - - [21/Jul/2022:09:30:14 +0800] "GET /xingrg/all/function/internal_message.html?_=1658367025229&CODE_STATE=getMsg HTTP/1.1" 200 27
120.253.135.82 - - [21/Jul/2022:09:30:16 +0800] "GET /xingrg/all/function/internal_message.html?_=1658366822205&CODE_STATE=getMsg HTTP/1.1" 200 27
114.83.219.182 - - [21/Jul/2022:09:30:17 +0800] "GET /xingrg/kc/buy/cgsh_order_info.html?code=212022072105216 HTTP/1.1" 200 62935
114.83.219.182 - - [21/Jul/2022:09:30:17 +0800] "GET /xingrg/javascript/easyui/themes/default/validatebox.css HTTP/1.1" 404 1104
116.230.110.48 - - [21/Jul/2022:09:30:18 +0800] "GET /xingrg/all/function/internal_message.html?_=1658367013531&CODE_STATE=getMsg HTTP/1.1" 200 27
114.83.219.182 - - [21/Jul/2022:09:30:18 +0800] "POST /xingrg/kc/buy/cgsh_order_operate.html HTTP/1.1" 200 1212
114.83.219.182 - - [21/Jul/2022:09:30:19 +0800] "GET /xingrg/kc/print/load_data.html?order_code=212022072105216&kc_code=cgsh&condition= HTTP/1.1" 200 1040
101.83.223.227 - - [21/Jul/2022:09:30:21 +0800] "GET /xingrg/kc/base/wldb_order_add.html HTTP/1.1" 200 30362
101.83.223.227 - - [21/Jul/2022:09:30:21 +0800] "GET /xingrg/all/function/internal_message.html?_=1658367019538&CODE_STATE=getMsg HTTP/1.1" 200 27
101.83.223.227 - - [21/Jul/2022:09:30:22 +0800] "GET /xingrg/javascript/easyui/themes/default/validatebox.css HTTP/1.1" 404 1104
101.83.223.227 - - [21/Jul/2022:09:30:22 +0800] "POST /xingrg/kc/base/wldb_order_operate.html HTTP/1.1" 200 6806
114.83.219.182 - - [21/Jul/2022:09:30:23 +0800] "GET /xingrg/kc/buy/cgsh_order_add.html HTTP/1.1" 200 68032
114.83.219.182 - - [21/Jul/2022:09:30:23 +0800] "POST /xingrg/kc/buy/cgsh_order_operate.html HTTP/1.1" 200 8245
114.83.219.182 - - [21/Jul/2022:09:30:23 +0800] "GET /xingrg/javascript/easyui/themes/default/validatebox.css HTTP/1.1" 404 1104
116.230.110.48 - - [21/Jul/2022:09:30:25 +0800] "GET /xingrg/all/function/internal_message.html?_=1658367021051&CODE_STATE=getMsg HTTP/1.1" 200 27
114.86.187.244 - - [21/Jul/2022:09:30:26 +0800] "GET /xingrg/all/function/internal_message.html?_=1658367025696&CODE_STATE=getMsg HTTP/1.1" 200 27
101.83.223.227 - - [21/Jul/2022:09:30:27 +0800] "GET /xingrg/kc/base/wldb_order_operate.html?command=get_materiel&rest_code=00150&base_code=0010445&code=00101013039 HTTP/1.1" 200 434
180.175.103.110 - - [21/Jul/2022:09:30:28 +0800] "GET /xingrg/all/function/internal_message.html?_=1658366916456&CODE_STATE=getMsg HTTP/1.1" 200 27
114.83.219.182 - - [21/Jul/2022:09:30:29 +0800] "GET /xingrg/all/function/internal_message.html?_=1658367023492&CODE_STATE=getMsg HTTP/1.1" 200 27
120.253.135.82 - - [21/Jul/2022:09:30:32 +0800] "GET /xingrg/all/function/internal_message.html?_=1658367157422&CODE_STATE=getMsg HTTP/1.1" 200 27
101.80.228.36 - - [21/Jul/2022:09:30:37 +0800] "GET /xingrg/all/function/internal_message.html?_=1658367033240&CODE_STATE=getMsg HTTP/1.1" 200 27
180.169.147.146 - - [21/Jul/2022:09:30:44 +0800] "GET /xingrg/all/function/internal_message.html?_=1658367041600&CODE_STATE=getMsg HTTP/1.1" 200 27
116.224.123.211 - - [21/Jul/2022:09:30:47 +0800] "GET /xingrg/all/function/internal_message.html?_=1658367109108&CODE_STATE=getMsg HTTP/1.1" 200 27
116.237.72.165 - - [21/Jul/2022:09:30:48 +0800] "GET /xingrg/all/function/internal_message.html?_=1658367046970&CODE_STATE=getMsg HTTP/1.1" 200 27
116.237.72.165 - - [21/Jul/2022:09:30:48 +0800] "GET /xingrg/check_reg.html?_=1658367046973 HTTP/1.1" 200 22
120.253.135.82 - - [21/Jul/2022:09:30:54 +0800] "GET /xingrg/all/function/internal_message.html?_=1658366551921&CODE_STATE=getMsg HTTP/1.1" 200 27
58.221.95.50 - - [21/Jul/2022:09:30:57 +0800] "GET /xingrg/all/function/internal_message.html?_=1658367056262&CODE_STATE=getMsg HTTP/1.1" 200 27
101.80.228.36 - - [21/Jul/2022:09:31:04 +0800] "GET /xingrg/kc/buy/cgsh_order_operate.html?command=get_materiel&rest_code=00156&code=00101008246&supplier_code=00100006&order_time=2022-07-21 HTTP/1.1" 200 427
218.81.223.53 - - [21/Jul/2022:09:31:14 +0800] "GET /xingrg/all/function/internal_message.html?_=1658367085597&CODE_STATE=getMsg HTTP/1.1" 200 27
120.253.135.82 - - [21/Jul/2022:09:31:16 +0800] "GET /xingrg/all/function/internal_message.html?_=1658366882212&CODE_STATE=getMsg HTTP/1.1" 200 27
116.230.110.48 - - [21/Jul/2022:09:31:18 +0800] "GET /xingrg/all/function/internal_message.html?_=1658367073518&CODE_STATE=getMsg HTTP/1.1" 200 27
114.83.219.182 - - [21/Jul/2022:09:31:21 +0800] "GET /xingrg/kc/buy/cgsh_order_operate.html?command=get_materiel&rest_code=00149&code=00101007082&supplier_code=00100205&order_time=2022-07-21 HTTP/1.1" 200 429
101.83.223.227 - - [21/Jul/2022:09:31:21 +0800] "GET /xingrg/all/function/internal_message.html?_=1658367079529&CODE_STATE=getMsg HTTP/1.1" 200 27
101.80.228.36 - - [21/Jul/2022:09:31:21 +0800] "GET /xingrg/kc/buy/cgsh_order_operate.html?command=get_materiel&rest_code=00156&code=00101009025&supplier_code=00100006&order_time=2022-07-21 HTTP/1.1" 200 409
116.230.110.48 - - [21/Jul/2022:09:31:25 +0800] "GET /xingrg/all/function/internal_message.html?_=1658367081047&CODE_STATE=getMsg HTTP/1.1" 200 27
114.86.187.244 - - [21/Jul/2022:09:31:26 +0800] "GET /xingrg/all/function/internal_message.html?_=1658367085698&CODE_STATE=getMsg HTTP/1.1" 200 27
180.175.103.110 - - [21/Jul/2022:09:31:28 +0800] "GET /xingrg/check_reg.html?_=1658366976460 HTTP/1.1" 200 22
180.175.103.110 - - [21/Jul/2022:09:31:28 +0800] "GET /xingrg/all/function/internal_message.html?_=1658366976464&CODE_STATE=getMsg HTTP/1.1" 200 27
114.83.219.182 - - [21/Jul/2022:09:31:29 +0800] "GET /xingrg/check_reg.html?_=1658367083252 HTTP/1.1" 200 22
114.83.219.182 - - [21/Jul/2022:09:31:29 +0800] "GET /xingrg/all/function/internal_message.html?_=1658367083538&CODE_STATE=getMsg HTTP/1.1" 200 27
120.253.135.82 - - [21/Jul/2022:09:31:32 +0800] "GET /xingrg/all/function/internal_message.html?_=1658367217477&CODE_STATE=getMsg HTTP/1.1" 200 27
114.83.219.182 - - [21/Jul/2022:09:31:36 +0800] "POST /xingrg/kc/buy/cgsh_order_operate.html HTTP/1.1" 200 37
180.175.103.110 - - [21/Jul/2022:09:31:36 +0800] "GET /xingrg/kc/buy/cgsh_order_operate.html?command=get_materiel&rest_code=00105&code=00101011001&supplier_code=00100052&order_time=2022-07-21 HTTP/1.1" 200 423
114.83.219.182 - - [21/Jul/2022:09:31:41 +0800] "POST /xingrg/kc/buy/cgsh_order_operate.html HTTP/1.1" 200 12
114.83.219.182 - - [21/Jul/2022:09:31:43 +0800] "GET /xingrg/kc/buy/cgsh_order_info.html?code=212022072105217 HTTP/1.1" 200 62933
114.83.219.182 - - [21/Jul/2022:09:31:43 +0800] "GET /xingrg/javascript/easyui/themes/default/validatebox.css HTTP/1.1" 404 1104
180.169.147.146 - - [21/Jul/2022:09:31:44 +0800] "GET /xingrg/all/function/internal_message.html?_=1658367101602&CODE_STATE=getMsg HTTP/1.1" 200 27
114.84.2.83 - - [21/Jul/2022:09:31:47 +0800] "POST /xingrg/services/DataTransmitService HTTP/1.1" 200 524
114.83.219.182 - - [21/Jul/2022:09:31:47 +0800] "POST /xingrg/kc/buy/cgsh_order_operate.html HTTP/1.1" 200 15
101.80.228.36 - - [21/Jul/2022:09:31:47 +0800] "POST /xingrg/kc/buy/cgsh_order_operate.html HTTP/1.1" 200 37
116.224.123.211 - - [21/Jul/2022:09:31:47 +0800] "GET /xingrg/all/function/internal_message.html?_=1658367169123&CODE_STATE=getMsg HTTP/1.1" 200 27
116.237.72.165 - - [21/Jul/2022:09:31:48 +0800] "GET /xingrg/all/function/internal_message.html?_=1658367106971&CODE_STATE=getMsg HTTP/1.1" 200 27
101.80.228.36 - - [21/Jul/2022:09:31:49 +0800] "POST /xingrg/kc/buy/cgsh_order_operate.html HTTP/1.1" 200 20969
114.83.219.182 - - [21/Jul/2022:09:31:50 +0800] "GET /xingrg/kc/print/load_data.html?order_code=212022072105217&kc_code=cgsh&condition= HTTP/1.1" 200 717
101.80.228.36 - - [21/Jul/2022:09:31:50 +0800] "GET /xingrg/kc/print/load_config.html?kc_code=cgsh HTTP/1.1" 200 1943
101.80.228.36 - - [21/Jul/2022:09:31:50 +0800] "GET /xingrg/kc/print/load_data.html?order_code=212022072105205&kc_code=cgsh&condition= HTTP/1.1" 200 7591
120.253.135.82 - - [21/Jul/2022:09:31:54 +0800] "GET /xingrg/all/function/internal_message.html?_=1658366611929&CODE_STATE=getMsg HTTP/1.1" 200 27
180.175.103.110 - - [21/Jul/2022:09:31:54 +0800] "POST /xingrg/kc/buy/cgsh_order_operate.html HTTP/1.1" 200 37
180.175.103.110 - - [21/Jul/2022:09:31:56 +0800] "POST /xingrg/kc/buy/cgsh_order_operate.html HTTP/1.1" 200 3269
58.221.95.50 - - [21/Jul/2022:09:31:57 +0800] "GET /xingrg/all/function/internal_message.html?_=1658367116258&CODE_STATE=getMsg HTTP/1.1" 200 27
218.81.223.53 - - [21/Jul/2022:09:32:05 +0800] "GET /xingrg/check_reg.html?_=1658367135993 HTTP/1.1" 200 22
116.235.94.65 - - [21/Jul/2022:09:32:07 +0800] "POST /xingrg/services/DataTransmitService HTTP/1.1" 200 524
218.81.223.53 - - [21/Jul/2022:09:32:14 +0800] "GET /xingrg/all/function/internal_message.html?_=1658367145600&CODE_STATE=getMsg HTTP/1.1" 200 27
120.253.135.82 - - [21/Jul/2022:09:32:15 +0800] "GET /xingrg/check_reg.html?_=1658366941319 HTTP/1.1" 200 22
120.253.135.82 - - [21/Jul/2022:09:32:16 +0800] "GET /xingrg/all/function/internal_message.html?_=1658366942227&CODE_STATE=getMsg HTTP/1.1" 200 27
116.230.110.48 - - [21/Jul/2022:09:32:18 +0800] "GET /xingrg/all/function/internal_message.html?_=1658367133499&CODE_STATE=getMsg HTTP/1.1" 200 27
180.175.103.110 - - [21/Jul/2022:09:32:19 +0800] "POST /xingrg/kc/buy/cgsh_order_operate.html HTTP/1.1" 200 37
