116.237.72.165 - - [21/Jul/2022:11:16:37 +0800] "GET /xingrg/all/function/internal_message.html?_=1658373396163&CODE_STATE=getMsg HTTP/1.1" 200 27
116.237.72.165 - - [21/Jul/2022:11:16:38 +0800] "GET /xingrg/check_reg.html?_=1658373397008 HTTP/1.1" 200 22
101.83.223.227 - - [21/Jul/2022:11:16:42 +0800] "GET /xingrg/all/function/internal_message.html?_=1658373400515&CODE_STATE=getMsg HTTP/1.1" 200 27
114.88.155.189 - - [21/Jul/2022:11:16:43 +0800] "GET /xingrg/kc/buy/cgsh_order_operate.html?command=get_materiel&rest_code=00141&code=00101008199&supplier_code=00100007&order_time=2022-07-21 HTTP/1.1" 200 408
180.169.147.146 - - [21/Jul/2022:11:16:44 +0800] "GET /xingrg/all/function/internal_message.html?_=1658373401612&CODE_STATE=getMsg HTTP/1.1" 200 27
114.88.155.189 - - [21/Jul/2022:11:16:46 +0800] "GET /xingrg/all/function/internal_message.html?_=1658373096614&CODE_STATE=getMsg HTTP/1.1" 200 27
114.88.155.189 - - [21/Jul/2022:11:16:46 +0800] "GET /xingrg/check_reg.html?_=1658373096722 HTTP/1.1" 200 22
114.88.155.189 - - [21/Jul/2022:11:16:55 +0800] "GET /xingrg/kc/buy/cgsh_order_operate.html?command=get_materiel&rest_code=00141&code=00101008361&supplier_code=00100007&order_time=2022-07-21 HTTP/1.1" 200 408
58.221.95.50 - - [21/Jul/2022:11:16:56 +0800] "GET /xingrg/all/function/internal_message.html?_=1658373414045&CODE_STATE=getMsg HTTP/1.1" 200 27
116.224.123.211 - - [21/Jul/2022:11:16:59 +0800] "GET /xingrg/all/function/internal_message.html?_=1658373480938&CODE_STATE=getMsg HTTP/1.1" 200 27
114.88.155.189 - - [21/Jul/2022:11:17:03 +0800] "GET /xingrg/kc/buy/cgsh_order_operate.html?command=get_materiel&rest_code=00141&code=00101008403&supplier_code=00100007&order_time=2022-07-21 HTTP/1.1" 200 412
218.81.223.53 - - [21/Jul/2022:11:17:06 +0800] "GET /xingrg/check_reg.html?_=1658373437151 HTTP/1.1" 200 22
180.175.103.110 - - [21/Jul/2022:11:17:08 +0800] "GET /xingrg/javascript/easyui/themes/default/tree.css HTTP/1.1" 404 1090
180.175.103.110 - - [21/Jul/2022:11:17:08 +0800] "POST /xingrg/all/common/load_tree.html?tree=supplier_tree_json&manage=1 HTTP/1.1" 200 68157
114.88.155.189 - - [21/Jul/2022:11:17:11 +0800] "GET /xingrg/kc/buy/cgsh_order_operate.html?command=get_materiel&rest_code=00141&code=00101008186&supplier_code=00100007&order_time=2022-07-21 HTTP/1.1" 200 408
116.230.110.48 - - [21/Jul/2022:11:17:16 +0800] "GET /xingrg/all/function/internal_message.html?_=1658373433957&CODE_STATE=getMsg HTTP/1.1" 200 27
114.88.155.189 - - [21/Jul/2022:11:17:22 +0800] "GET /xingrg/kc/buy/cgsh_order_operate.html?command=get_materiel&rest_code=00141&code=00101008265&supplier_code=00100007&order_time=2022-07-21 HTTP/1.1" 200 409
116.230.110.48 - - [21/Jul/2022:11:17:26 +0800] "GET /xingrg/all/function/internal_message.html?_=1658373443326&CODE_STATE=getMsg HTTP/1.1" 200 27
114.88.155.189 - - [21/Jul/2022:11:17:26 +0800] "POST /xingrg/kc/buy/cgsh_order_operate.html HTTP/1.1" 200 2065
114.86.187.244 - - [21/Jul/2022:11:17:26 +0800] "GET /xingrg/check_reg.html?_=1658373445870 HTTP/1.1" 200 22
114.86.187.244 - - [21/Jul/2022:11:17:26 +0800] "GET /xingrg/all/function/internal_message.html?_=1658373445873&CODE_STATE=getMsg HTTP/1.1" 200 27
114.83.219.182 - - [21/Jul/2022:11:17:27 +0800] "GET /xingrg/all/function/internal_message.html?_=1658373441717&CODE_STATE=getMsg HTTP/1.1" 200 27
180.175.103.110 - - [21/Jul/2022:11:17:29 +0800] "GET /xingrg/all/function/internal_message.html?_=1658373336637&CODE_STATE=getMsg HTTP/1.1" 200 27
218.81.223.53 - - [21/Jul/2022:11:17:29 +0800] "GET /xingrg/all/function/internal_message.html?_=1658373460846&CODE_STATE=getMsg HTTP/1.1" 200 27
27.150.106.239 - - [21/Jul/2022:11:17:30 +0800] "GET /xingrg/all/function/internal_message.html?_=1658373447908&CODE_STATE=getMsg HTTP/1.1" 200 27
27.150.106.239 - - [21/Jul/2022:11:17:30 +0800] "GET /xingrg/check_reg.html?_=1658373447909 HTTP/1.1" 200 22
114.88.155.189 - - [21/Jul/2022:11:17:32 +0800] "GET /xingrg/kc/buy/cgsh_order_operate.html?command=get_materiel&rest_code=00141&code=00101008175&supplier_code=00100007&order_time=2022-07-21 HTTP/1.1" 200 412
180.175.103.110 - - [21/Jul/2022:11:17:33 +0800] "POST /xingrg/kc/buy/cgsh_list_operate.html HTTP/1.1" 200 4849
101.80.228.36 - - [21/Jul/2022:11:17:35 +0800] "GET /xingrg/all/function/internal_message.html?_=1658373451154&CODE_STATE=getMsg HTTP/1.1" 200 27
116.237.72.165 - - [21/Jul/2022:11:17:37 +0800] "GET /xingrg/all/function/internal_message.html?_=1658373456135&CODE_STATE=getMsg HTTP/1.1" 200 27
101.83.223.227 - - [21/Jul/2022:11:17:42 +0800] "GET /xingrg/all/function/internal_message.html?_=1658373460521&CODE_STATE=getMsg HTTP/1.1" 200 27
180.169.147.146 - - [21/Jul/2022:11:17:44 +0800] "GET /xingrg/all/function/internal_message.html?_=1658373461608&CODE_STATE=getMsg HTTP/1.1" 200 27
114.88.155.189 - - [21/Jul/2022:11:17:46 +0800] "GET /xingrg/all/function/internal_message.html?_=1658373156587&CODE_STATE=getMsg HTTP/1.1" 200 27
114.88.155.189 - - [21/Jul/2022:11:17:52 +0800] "GET /xingrg/kc/buy/cgsh_order_operate.html?command=get_materiel&rest_code=00141&code=00101008112&supplier_code=00100007&order_time=2022-07-21 HTTP/1.1" 200 412
58.221.95.50 - - [21/Jul/2022:11:17:56 +0800] "GET /xingrg/all/function/internal_message.html?_=1658373474065&CODE_STATE=getMsg HTTP/1.1" 200 27
116.224.123.211 - - [21/Jul/2022:11:17:59 +0800] "GET /xingrg/all/function/internal_message.html?_=1658373541229&CODE_STATE=getMsg HTTP/1.1" 200 27
114.88.155.189 - - [21/Jul/2022:11:18:01 +0800] "GET /xingrg/kc/buy/cgsh_order_operate.html?command=get_materiel&rest_code=00141&code=00101008041&supplier_code=00100007&order_time=2022-07-21 HTTP/1.1" 200 408
180.175.103.110 - - [21/Jul/2022:11:18:07 +0800] "POST /xingrg/kc/buy/cgsh_list_operate.html HTTP/1.1" 200 4552
114.88.155.189 - - [21/Jul/2022:11:18:11 +0800] "GET /xingrg/kc/buy/cgsh_order_operate.html?command=get_materiel&rest_code=00141&code=00101008558&supplier_code=00100007&order_time=2022-07-21 HTTP/1.1" 200 409
116.230.110.48 - - [21/Jul/2022:11:18:16 +0800] "GET /xingrg/all/function/internal_message.html?_=1658373493931&CODE_STATE=getMsg HTTP/1.1" 200 27
114.88.155.189 - - [21/Jul/2022:11:18:24 +0800] "GET /xingrg/kc/buy/cgsh_order_operate.html?command=get_materiel&rest_code=00141&code=00101008331&supplier_code=00100007&order_time=2022-07-21 HTTP/1.1" 200 416
116.230.110.48 - - [21/Jul/2022:11:18:26 +0800] "GET /xingrg/check_reg.html?_=1658373503329 HTTP/1.1" 200 22
116.230.110.48 - - [21/Jul/2022:11:18:26 +0800] "GET /xingrg/all/function/internal_message.html?_=1658373503333&CODE_STATE=getMsg HTTP/1.1" 200 27
114.86.187.244 - - [21/Jul/2022:11:18:26 +0800] "GET /xingrg/all/function/internal_message.html?_=1658373505874&CODE_STATE=getMsg HTTP/1.1" 200 27
114.83.219.182 - - [21/Jul/2022:11:18:27 +0800] "GET /xingrg/all/function/internal_message.html?_=1658373501701&CODE_STATE=getMsg HTTP/1.1" 200 27
180.175.103.110 - - [21/Jul/2022:11:18:29 +0800] "GET /xingrg/all/function/internal_message.html?_=1658373396635&CODE_STATE=getMsg HTTP/1.1" 200 27
218.81.223.53 - - [21/Jul/2022:11:18:29 +0800] "GET /xingrg/all/function/internal_message.html?_=1658373520861&CODE_STATE=getMsg HTTP/1.1" 200 27
27.150.106.239 - - [21/Jul/2022:11:18:30 +0800] "GET /xingrg/all/function/internal_message.html?_=1658373507924&CODE_STATE=getMsg HTTP/1.1" 200 27
114.88.155.189 - - [21/Jul/2022:11:18:31 +0800] "POST /xingrg/kc/buy/cgsh_order_operate.html HTTP/1.1" 200 2065
101.80.228.36 - - [21/Jul/2022:11:18:35 +0800] "GET /xingrg/all/function/internal_message.html?_=1658373511131&CODE_STATE=getMsg HTTP/1.1" 200 27
114.83.219.182 - - [21/Jul/2022:11:18:37 +0800] "POST /xingrg/services/DataTransmitService HTTP/1.1" 200 524
116.237.72.165 - - [21/Jul/2022:11:18:37 +0800] "GET /xingrg/all/function/internal_message.html?_=1658373516130&CODE_STATE=getMsg HTTP/1.1" 200 27
114.88.155.189 - - [21/Jul/2022:11:18:37 +0800] "GET /xingrg/kc/buy/cgsh_order_operate.html?command=get_materiel&rest_code=00141&code=00101008087&supplier_code=00100007&order_time=2022-07-21 HTTP/1.1" 200 412
114.83.219.182 - - [21/Jul/2022:11:18:37 +0800] "POST /xingrg/services/DataTransmitService HTTP/1.1" 200 2159
114.83.219.182 - - [21/Jul/2022:11:18:38 +0800] "POST /xingrg/services/DataTransmitService HTTP/1.1" 200 181843
101.83.223.227 - - [21/Jul/2022:11:18:42 +0800] "GET /xingrg/all/function/internal_message.html?_=1658373520508&CODE_STATE=getMsg HTTP/1.1" 200 27
101.83.223.227 - - [21/Jul/2022:11:18:42 +0800] "GET /xingrg/check_reg.html?_=1658373520511 HTTP/1.1" 200 22
180.169.147.146 - - [21/Jul/2022:11:18:44 +0800] "GET /xingrg/check_reg.html?_=1658373521612 HTTP/1.1" 200 22
180.169.147.146 - - [21/Jul/2022:11:18:44 +0800] "GET /xingrg/all/function/internal_message.html?_=1658373521620&CODE_STATE=getMsg HTTP/1.1" 200 27
114.88.155.189 - - [21/Jul/2022:11:18:46 +0800] "GET /xingrg/all/function/internal_message.html?_=1658373216562&CODE_STATE=getMsg HTTP/1.1" 200 27
114.88.155.189 - - [21/Jul/2022:11:18:47 +0800] "GET /xingrg/kc/buy/cgsh_order_operate.html?command=get_materiel&rest_code=00141&code=00101008059&supplier_code=00100007&order_time=2022-07-21 HTTP/1.1" 200 408
58.221.95.50 - - [21/Jul/2022:11:18:56 +0800] "GET /xingrg/all/function/internal_message.html?_=1658373534055&CODE_STATE=getMsg HTTP/1.1" 200 27
114.88.155.189 - - [21/Jul/2022:11:18:58 +0800] "GET /xingrg/kc/buy/cgsh_order_operate.html?command=get_materiel&rest_code=00141&code=00101008144&supplier_code=00100007&order_time=2022-07-21 HTTP/1.1" 200 412
116.224.123.211 - - [21/Jul/2022:11:19:00 +0800] "GET /xingrg/all/function/internal_message.html?_=1658373601246&CODE_STATE=getMsg HTTP/1.1" 200 27
116.230.110.48 - - [21/Jul/2022:11:19:16 +0800] "GET /xingrg/all/function/internal_message.html?_=1658373553905&CODE_STATE=getMsg HTTP/1.1" 200 27
116.230.110.48 - - [21/Jul/2022:11:19:26 +0800] "GET /xingrg/all/function/internal_message.html?_=1658373563335&CODE_STATE=getMsg HTTP/1.1" 200 27
114.86.187.244 - - [21/Jul/2022:11:19:26 +0800] "GET /xingrg/all/function/internal_message.html?_=1658373565875&CODE_STATE=getMsg HTTP/1.1" 200 27
114.83.219.182 - - [21/Jul/2022:11:19:27 +0800] "GET /xingrg/all/function/internal_message.html?_=1658373561685&CODE_STATE=getMsg HTTP/1.1" 200 27
180.175.103.110 - - [21/Jul/2022:11:19:29 +0800] "GET /xingrg/all/function/internal_message.html?_=1658373456650&CODE_STATE=getMsg HTTP/1.1" 200 27
218.81.223.53 - - [21/Jul/2022:11:19:30 +0800] "GET /xingrg/all/function/internal_message.html?_=1658373581242&CODE_STATE=getMsg HTTP/1.1" 200 27
27.150.106.239 - - [21/Jul/2022:11:19:30 +0800] "GET /xingrg/all/function/internal_message.html?_=1658373567913&CODE_STATE=getMsg HTTP/1.1" 200 27
114.88.155.189 - - [21/Jul/2022:11:19:35 +0800] "POST /xingrg/kc/buy/cgsh_order_operate.html HTTP/1.1" 200 37
101.80.228.36 - - [21/Jul/2022:11:19:35 +0800] "GET /xingrg/all/function/internal_message.html?_=1658373571117&CODE_STATE=getMsg HTTP/1.1" 200 27
116.237.72.165 - - [21/Jul/2022:11:19:37 +0800] "GET /xingrg/all/function/internal_message.html?_=1658373576100&CODE_STATE=getMsg HTTP/1.1" 200 27
101.80.228.36 - - [21/Jul/2022:11:19:37 +0800] "GET /xingrg/check_reg.html?_=1658373573244 HTTP/1.1" 200 22
114.88.155.189 - - [21/Jul/2022:11:19:41 +0800] "POST /xingrg/kc/buy/cgsh_order_operate.html HTTP/1.1" 200 12
101.83.223.227 - - [21/Jul/2022:11:19:42 +0800] "GET /xingrg/all/function/internal_message.html?_=1658373580522&CODE_STATE=getMsg HTTP/1.1" 200 27
114.88.155.189 - - [21/Jul/2022:11:19:42 +0800] "GET /xingrg/kc/buy/cgsh_order_info.html?code=212022072105247 HTTP/1.1" 200 62847
114.88.155.189 - - [21/Jul/2022:11:19:43 +0800] "GET /xingrg/javascript/easyui/themes/default/validatebox.css HTTP/1.1" 404 1104
114.88.155.189 - - [21/Jul/2022:11:19:43 +0800] "POST /xingrg/kc/buy/cgsh_order_operate.html HTTP/1.1" 200 15958
180.169.147.146 - - [21/Jul/2022:11:19:44 +0800] "GET /xingrg/all/function/internal_message.html?_=1658373581606&CODE_STATE=getMsg HTTP/1.1" 200 27
114.88.155.189 - - [21/Jul/2022:11:19:45 +0800] "GET /xingrg/kc/print/load_data.html?order_code=212022072105247&kc_code=cgsh&condition= HTTP/1.1" 200 6543
114.88.155.189 - - [21/Jul/2022:11:19:46 +0800] "GET /xingrg/all/function/internal_message.html?_=1658373276992&CODE_STATE=getMsg HTTP/1.1" 200 27
116.224.123.211 - - [21/Jul/2022:11:19:49 +0800] "GET /xingrg/check_reg.html?_=1658373651228 HTTP/1.1" 200 22
58.221.95.50 - - [21/Jul/2022:11:19:56 +0800] "GET /xingrg/all/function/internal_message.html?_=1658373594048&CODE_STATE=getMsg HTTP/1.1" 200 27
58.221.95.50 - - [21/Jul/2022:11:19:57 +0800] "GET /xingrg/check_reg.html?_=1658373594961 HTTP/1.1" 200 22
114.83.219.182 - - [21/Jul/2022:11:19:58 +0800] "GET /xingrg/kc/mdqp/qqps_order_list.html HTTP/1.1" 200 9642
114.83.219.182 - - [21/Jul/2022:11:19:58 +0800] "GET /xingrg/dwr/interface/AjaxQqpsService.js HTTP/1.1" 200 16326
114.83.219.182 - - [21/Jul/2022:11:19:58 +0800] "GET /xingrg/dwr/interface/AjaxReportQueryService.js HTTP/1.1" 200 13203
114.83.219.182 - - [21/Jul/2022:11:19:58 +0800] "GET /xingrg/dwr/engine.js HTTP/1.1" 200 43631
116.224.123.211 - - [21/Jul/2022:11:19:59 +0800] "GET /xingrg/all/function/internal_message.html?_=1658373661260&CODE_STATE=getMsg HTTP/1.1" 200 27
114.83.219.182 - - [21/Jul/2022:11:20:00 +0800] "GET /xingrg/kc/mdqp/qqps_order_info.html?code=302022072100281 HTTP/1.1" 200 28560
114.83.219.182 - - [21/Jul/2022:11:20:00 +0800] "GET /xingrg/dwr/interface/AjaxQqpsService.js HTTP/1.1" 200 16326
114.83.219.182 - - [21/Jul/2022:11:20:00 +0800] "GET /xingrg/dwr/interface/AjaxComOrderService.js HTTP/1.1" 200 18264
114.83.219.182 - - [21/Jul/2022:11:20:00 +0800] "GET /xingrg/dwr/engine.js HTTP/1.1" 200 43631
114.83.219.182 - - [21/Jul/2022:11:20:01 +0800] "GET /xingrg/words/20220720105724_words.js HTTP/1.1" 304 -
114.83.219.182 - - [21/Jul/2022:11:20:01 +0800] "POST /xingrg/dwr/call/plaincall/AjaxQqpsService.loadMaterielItems.dwr HTTP/1.1" 200 324
116.230.110.48 - - [21/Jul/2022:11:20:02 +0800] "GET /xingrg/check_reg.html?_=1658373599514 HTTP/1.1" 200 22
114.83.219.182 - - [21/Jul/2022:11:20:03 +0800] "GET /xingrg/javascript/auto/indicator.gif HTTP/1.1" 404 1066
114.83.219.182 - - [21/Jul/2022:11:20:05 +0800] "POST /xingrg/dwr/call/plaincall/AjaxQqpsService.getMaterielByCode.dwr HTTP/1.1" 200 2759
114.83.219.182 - - [21/Jul/2022:11:20:06 +0800] "POST /xingrg/dwr/call/plaincall/AjaxQqpsService.saveMaterielItem.dwr HTTP/1.1" 200 78
114.83.219.182 - - [21/Jul/2022:11:20:09 +0800] "POST /xingrg/dwr/call/plaincall/AjaxQqpsService.getMaterielByCode.dwr HTTP/1.1" 200 2810
114.83.219.182 - - [21/Jul/2022:11:20:10 +0800] "POST /xingrg/dwr/call/plaincall/AjaxQqpsService.saveMaterielItem.dwr HTTP/1.1" 200 78
180.175.103.110 - - [21/Jul/2022:11:20:10 +0800] "POST /xingrg/kc/buy/cgsh_list_operate.html HTTP/1.1" 200 4849
116.230.110.48 - - [21/Jul/2022:11:20:16 +0800] "GET /xingrg/all/function/internal_message.html?_=1658373613876&CODE_STATE=getMsg HTTP/1.1" 200 27
116.230.110.48 - - [21/Jul/2022:11:20:26 +0800] "GET /xingrg/all/function/internal_message.html?_=1658373623315&CODE_STATE=getMsg HTTP/1.1" 200 27
114.86.187.244 - - [21/Jul/2022:11:20:26 +0800] "GET /xingrg/all/function/internal_message.html?_=1658373625876&CODE_STATE=getMsg HTTP/1.1" 200 27
114.83.219.182 - - [21/Jul/2022:11:20:27 +0800] "GET /xingrg/all/function/internal_message.html?_=1658373621680&CODE_STATE=getMsg HTTP/1.1" 200 27
180.175.103.110 - - [21/Jul/2022:11:20:29 +0800] "GET /xingrg/all/function/internal_message.html?_=1658373516638&CODE_STATE=getMsg HTTP/1.1" 200 27
218.81.223.53 - - [21/Jul/2022:11:20:30 +0800] "GET /xingrg/all/function/internal_message.html?_=1658373641246&CODE_STATE=getMsg HTTP/1.1" 200 27
27.150.106.239 - - [21/Jul/2022:11:20:30 +0800] "GET /xingrg/all/function/internal_message.html?_=1658373627903&CODE_STATE=getMsg HTTP/1.1" 200 27
101.80.228.36 - - [21/Jul/2022:11:20:35 +0800] "GET /xingrg/all/function/internal_message.html?_=1658373631088&CODE_STATE=getMsg HTTP/1.1" 200 27
116.237.72.165 - - [21/Jul/2022:11:20:37 +0800] "GET /xingrg/all/function/internal_message.html?_=1658373636086&CODE_STATE=getMsg HTTP/1.1" 200 27
101.83.223.227 - - [21/Jul/2022:11:20:42 +0800] "GET /xingrg/all/function/internal_message.html?_=1658373640520&CODE_STATE=getMsg HTTP/1.1" 200 27
114.83.219.182 - - [21/Jul/2022:11:20:43 +0800] "POST /xingrg/dwr/call/plaincall/AjaxQqpsService.getMaterielByCode.dwr HTTP/1.1" 200 2801
180.169.147.146 - - [21/Jul/2022:11:20:44 +0800] "GET /xingrg/all/function/internal_message.html?_=1658373641608&CODE_STATE=getMsg HTTP/1.1" 200 27
114.88.155.189 - - [21/Jul/2022:11:20:46 +0800] "GET /xingrg/all/function/internal_message.html?_=1658373336972&CODE_STATE=getMsg HTTP/1.1" 200 27
114.83.219.182 - - [21/Jul/2022:11:20:56 +0800] "POST /xingrg/dwr/call/plaincall/AjaxQqpsService.getMaterielByCode.dwr HTTP/1.1" 200 2780
58.221.95.50 - - [21/Jul/2022:11:20:56 +0800] "GET /xingrg/all/function/internal_message.html?_=1658373654026&CODE_STATE=getMsg HTTP/1.1" 200 27
116.224.123.211 - - [21/Jul/2022:11:20:59 +0800] "GET /xingrg/all/function/internal_message.html?_=1658373721274&CODE_STATE=getMsg HTTP/1.1" 200 27
180.175.103.110 - - [21/Jul/2022:11:21:06 +0800] "POST /xingrg/kc/buy/cgsh_list_operate.html HTTP/1.1" 200 693
114.83.219.182 - - [21/Jul/2022:11:21:09 +0800] "POST /xingrg/dwr/call/plaincall/AjaxQqpsService.getMaterielByCode.dwr HTTP/1.1" 200 2759
180.175.103.110 - - [21/Jul/2022:11:21:10 +0800] "POST /xingrg/kc/buy/cgsh_list_operate.html HTTP/1.1" 200 693
114.83.219.182 - - [21/Jul/2022:11:21:16 +0800] "POST /xingrg/dwr/call/plaincall/AjaxQqpsService.saveMaterielItem.dwr HTTP/1.1" 200 78
116.230.110.48 - - [21/Jul/2022:11:21:16 +0800] "GET /xingrg/all/function/internal_message.html?_=1658373673852&CODE_STATE=getMsg HTTP/1.1" 200 27
114.83.219.182 - - [21/Jul/2022:11:21:24 +0800] "POST /xingrg/dwr/call/plaincall/AjaxQqpsService.getMaterielByCode.dwr HTTP/1.1" 200 2790
116.230.110.48 - - [21/Jul/2022:11:21:26 +0800] "GET /xingrg/all/function/internal_message.html?_=1658373683308&CODE_STATE=getMsg HTTP/1.1" 200 27
114.86.187.244 - - [21/Jul/2022:11:21:26 +0800] "GET /xingrg/all/function/internal_message.html?_=1658373685875&CODE_STATE=getMsg HTTP/1.1" 200 27
114.83.219.182 - - [21/Jul/2022:11:21:27 +0800] "GET /xingrg/all/function/internal_message.html?_=1658373681659&CODE_STATE=getMsg HTTP/1.1" 200 27
114.83.219.182 - - [21/Jul/2022:11:21:28 +0800] "GET /xingrg/check_reg.html?_=1658373683171 HTTP/1.1" 200 22
180.175.103.110 - - [21/Jul/2022:11:21:29 +0800] "GET /xingrg/check_reg.html?_=1658373576634 HTTP/1.1" 200 22
180.175.103.110 - - [21/Jul/2022:11:21:29 +0800] "GET /xingrg/all/function/internal_message.html?_=1658373576639&CODE_STATE=getMsg HTTP/1.1" 200 27
218.81.223.53 - - [21/Jul/2022:11:21:30 +0800] "GET /xingrg/all/function/internal_message.html?_=1658373701635&CODE_STATE=getMsg HTTP/1.1" 200 27
27.150.106.239 - - [21/Jul/2022:11:21:30 +0800] "GET /xingrg/all/function/internal_message.html?_=1658373687909&CODE_STATE=getMsg HTTP/1.1" 200 27
114.83.219.182 - - [21/Jul/2022:11:21:32 +0800] "POST /xingrg/dwr/call/plaincall/AjaxQqpsService.getMaterielByCode.dwr HTTP/1.1" 200 2745
101.80.228.36 - - [21/Jul/2022:11:21:35 +0800] "GET /xingrg/all/function/internal_message.html?_=1658373691073&CODE_STATE=getMsg HTTP/1.1" 200 27
116.237.72.165 - - [21/Jul/2022:11:21:37 +0800] "GET /xingrg/all/function/internal_message.html?_=1658373696059&CODE_STATE=getMsg HTTP/1.1" 200 27
116.237.72.165 - - [21/Jul/2022:11:21:38 +0800] "GET /xingrg/check_reg.html?_=1658373697029 HTTP/1.1" 200 22
101.83.223.227 - - [21/Jul/2022:11:21:42 +0800] "GET /xingrg/all/function/internal_message.html?_=1658373700520&CODE_STATE=getMsg HTTP/1.1" 200 27
180.169.147.146 - - [21/Jul/2022:11:21:44 +0800] "GET /xingrg/all/function/internal_message.html?_=1658373701612&CODE_STATE=getMsg HTTP/1.1" 200 27
114.88.155.189 - - [21/Jul/2022:11:21:46 +0800] "GET /xingrg/check_reg.html?_=1658373396718 HTTP/1.1" 200 22
114.88.155.189 - - [21/Jul/2022:11:21:46 +0800] "GET /xingrg/all/function/internal_message.html?_=1658373396943&CODE_STATE=getMsg HTTP/1.1" 200 27
114.83.219.182 - - [21/Jul/2022:11:21:47 +0800] "POST /xingrg/dwr/call/plaincall/AjaxQqpsService.saveMaterielItem.dwr HTTP/1.1" 200 79
58.221.95.50 - - [21/Jul/2022:11:21:56 +0800] "GET /xingrg/all/function/internal_message.html?_=1658373714019&CODE_STATE=getMsg HTTP/1.1" 200 27
114.83.219.182 - - [21/Jul/2022:11:21:58 +0800] "POST /xingrg/dwr/call/plaincall/AjaxQqpsService.getMaterielByCode.dwr HTTP/1.1" 200 2745
116.224.123.211 - - [21/Jul/2022:11:22:00 +0800] "GET /xingrg/all/function/internal_message.html?_=1658373781547&CODE_STATE=getMsg HTTP/1.1" 200 27
218.81.223.53 - - [21/Jul/2022:11:22:06 +0800] "GET /xingrg/check_reg.html?_=1658373737158 HTTP/1.1" 200 22
114.83.219.182 - - [21/Jul/2022:11:22:08 +0800] "POST /xingrg/dwr/call/plaincall/AjaxQqpsService.saveMaterielItem.dwr HTTP/1.1" 200 79
114.83.219.182 - - [21/Jul/2022:11:22:15 +0800] "POST /xingrg/dwr/call/plaincall/AjaxQqpsService.getMaterielByCode.dwr HTTP/1.1" 200 2840
116.230.110.48 - - [21/Jul/2022:11:22:16 +0800] "GET /xingrg/all/function/internal_message.html?_=1658373733834&CODE_STATE=getMsg HTTP/1.1" 200 27
114.83.219.182 - - [21/Jul/2022:11:22:17 +0800] "POST /xingrg/dwr/call/plaincall/AjaxQqpsService.saveMaterielItem.dwr HTTP/1.1" 200 79
180.175.103.110 - - [21/Jul/2022:11:22:21 +0800] "POST /xingrg/kc/buy/cgsh_list_operate.html HTTP/1.1" 200 693
116.230.110.48 - - [21/Jul/2022:11:22:26 +0800] "GET /xingrg/all/function/internal_message.html?_=1658373743324&CODE_STATE=getMsg HTTP/1.1" 200 27
114.86.187.244 - - [21/Jul/2022:11:22:26 +0800] "GET /xingrg/check_reg.html?_=1658373745874 HTTP/1.1" 200 22
114.86.187.244 - - [21/Jul/2022:11:22:26 +0800] "GET /xingrg/all/function/internal_message.html?_=1658373745877&CODE_STATE=getMsg HTTP/1.1" 200 27
114.83.219.182 - - [21/Jul/2022:11:22:27 +0800] "GET /xingrg/all/function/internal_message.html?_=1658373741642&CODE_STATE=getMsg HTTP/1.1" 200 27
180.175.103.110 - - [21/Jul/2022:11:22:29 +0800] "GET /xingrg/all/function/internal_message.html?_=1658373636637&CODE_STATE=getMsg HTTP/1.1" 200 27
218.81.223.53 - - [21/Jul/2022:11:22:30 +0800] "GET /xingrg/all/function/internal_message.html?_=1658373761647&CODE_STATE=getMsg HTTP/1.1" 200 27
27.150.106.239 - - [21/Jul/2022:11:22:30 +0800] "GET /xingrg/check_reg.html?_=1658373747926 HTTP/1.1" 200 22
27.150.106.239 - - [21/Jul/2022:11:22:30 +0800] "GET /xingrg/all/function/internal_message.html?_=1658373747929&CODE_STATE=getMsg HTTP/1.1" 200 27
101.80.228.36 - - [21/Jul/2022:11:22:35 +0800] "GET /xingrg/all/function/internal_message.html?_=1658373751059&CODE_STATE=getMsg HTTP/1.1" 200 27
116.237.72.165 - - [21/Jul/2022:11:22:37 +0800] "GET /xingrg/all/function/internal_message.html?_=1658373756031&CODE_STATE=getMsg HTTP/1.1" 200 27
114.83.219.182 - - [21/Jul/2022:11:22:37 +0800] "POST /xingrg/dwr/call/plaincall/AjaxQqpsService.getMaterielByCode.dwr HTTP/1.1" 200 2802
101.83.223.227 - - [21/Jul/2022:11:22:42 +0800] "GET /xingrg/all/function/internal_message.html?_=1658373760519&CODE_STATE=getMsg HTTP/1.1" 200 27
180.169.147.146 - - [21/Jul/2022:11:22:44 +0800] "GET /xingrg/all/function/internal_message.html?_=1658373761606&CODE_STATE=getMsg HTTP/1.1" 200 27
114.83.219.182 - - [21/Jul/2022:11:22:46 +0800] "POST /xingrg/dwr/call/plaincall/AjaxQqpsService.saveMaterielItem.dwr HTTP/1.1" 200 79
114.88.155.189 - - [21/Jul/2022:11:22:46 +0800] "GET /xingrg/all/function/internal_message.html?_=1658373456917&CODE_STATE=getMsg HTTP/1.1" 200 27
114.83.219.182 - - [21/Jul/2022:11:22:48 +0800] "POST /xingrg/dwr/call/plaincall/AjaxQqpsService.getMaterielByCode.dwr HTTP/1.1" 200 2744
114.83.219.182 - - [21/Jul/2022:11:22:49 +0800] "POST /xingrg/dwr/call/plaincall/AjaxQqpsService.saveMaterielItem.dwr HTTP/1.1" 200 79
114.83.219.182 - - [21/Jul/2022:11:22:52 +0800] "POST /xingrg/dwr/call/plaincall/AjaxQqpsService.getMaterielByCode.dwr HTTP/1.1" 200 2744
58.221.95.50 - - [21/Jul/2022:11:22:56 +0800] "GET /xingrg/all/function/internal_message.html?_=1658373774008&CODE_STATE=getMsg HTTP/1.1" 200 27
116.224.123.211 - - [21/Jul/2022:11:23:00 +0800] "GET /xingrg/all/function/internal_message.html?_=1658373841551&CODE_STATE=getMsg HTTP/1.1" 200 27
114.83.219.182 - - [21/Jul/2022:11:23:02 +0800] "POST /xingrg/dwr/call/plaincall/AjaxQqpsService.saveMaterielItem.dwr HTTP/1.1" 200 79
114.83.219.182 - - [21/Jul/2022:11:23:11 +0800] "POST /xingrg/dwr/call/plaincall/AjaxQqpsService.getMaterielByCode.dwr HTTP/1.1" 200 2800
114.83.219.182 - - [21/Jul/2022:11:23:13 +0800] "POST /xingrg/dwr/call/plaincall/AjaxQqpsService.saveMaterielItem.dwr HTTP/1.1" 200 79
116.230.110.48 - - [21/Jul/2022:11:23:16 +0800] "GET /xingrg/all/function/internal_message.html?_=1658373793809&CODE_STATE=getMsg HTTP/1.1" 200 27
114.83.219.182 - - [21/Jul/2022:11:23:19 +0800] "POST /xingrg/dwr/call/plaincall/AjaxQqpsService.getMaterielByCode.dwr HTTP/1.1" 200 2833
116.230.110.48 - - [21/Jul/2022:11:23:26 +0800] "GET /xingrg/all/function/internal_message.html?_=1658373803328&CODE_STATE=getMsg HTTP/1.1" 200 27
116.230.110.48 - - [21/Jul/2022:11:23:26 +0800] "GET /xingrg/check_reg.html?_=1658373803332 HTTP/1.1" 200 22
114.86.187.244 - - [21/Jul/2022:11:23:26 +0800] "GET /xingrg/all/function/internal_message.html?_=1658373805877&CODE_STATE=getMsg HTTP/1.1" 200 27
114.83.219.182 - - [21/Jul/2022:11:23:26 +0800] "POST /xingrg/dwr/call/plaincall/AjaxQqpsService.saveMaterielItem.dwr HTTP/1.1" 200 79
114.83.219.182 - - [21/Jul/2022:11:23:27 +0800] "GET /xingrg/all/function/internal_message.html?_=1658373801631&CODE_STATE=getMsg HTTP/1.1" 200 27
180.175.103.110 - - [21/Jul/2022:11:23:29 +0800] "GET /xingrg/all/function/internal_message.html?_=1658373696641&CODE_STATE=getMsg HTTP/1.1" 200 27
218.81.223.53 - - [21/Jul/2022:11:23:30 +0800] "GET /xingrg/all/function/internal_message.html?_=1658373821662&CODE_STATE=getMsg HTTP/1.1" 200 27
27.150.106.239 - - [21/Jul/2022:11:23:30 +0800] "GET /xingrg/all/function/internal_message.html?_=1658373807927&CODE_STATE=getMsg HTTP/1.1" 200 27
114.84.2.83 - - [21/Jul/2022:11:23:31 +0800] "POST /xingrg/services/DataTransmitService HTTP/1.1" 200 524
114.84.2.83 - - [21/Jul/2022:11:23:32 +0800] "POST /xingrg/services/DataTransmitService HTTP/1.1" 200 2587
114.84.2.83 - - [21/Jul/2022:11:23:33 +0800] "POST /xingrg/services/DataTransmitService HTTP/1.1" 200 210760
101.80.228.36 - - [21/Jul/2022:11:23:35 +0800] "GET /xingrg/all/function/internal_message.html?_=1658373811044&CODE_STATE=getMsg HTTP/1.1" 200 27
116.237.72.165 - - [21/Jul/2022:11:23:37 +0800] "GET /xingrg/all/function/internal_message.html?_=1658373816001&CODE_STATE=getMsg HTTP/1.1" 200 27
101.83.223.227 - - [21/Jul/2022:11:23:42 +0800] "GET /xingrg/all/function/internal_message.html?_=1658373820539&CODE_STATE=getMsg HTTP/1.1" 200 27
101.83.223.227 - - [21/Jul/2022:11:23:42 +0800] "GET /xingrg/check_reg.html?_=1658373820544 HTTP/1.1" 200 22
180.169.147.146 - - [21/Jul/2022:11:23:44 +0800] "GET /xingrg/all/function/internal_message.html?_=1658373821610&CODE_STATE=getMsg HTTP/1.1" 200 27
180.169.147.146 - - [21/Jul/2022:11:23:44 +0800] "GET /xingrg/check_reg.html?_=1658373821614 HTTP/1.1" 200 22
114.88.155.189 - - [21/Jul/2022:11:23:46 +0800] "GET /xingrg/all/function/internal_message.html?_=1658373516891&CODE_STATE=getMsg HTTP/1.1" 200 27
58.221.95.50 - - [21/Jul/2022:11:23:56 +0800] "GET /xingrg/all/function/internal_message.html?_=1658373833997&CODE_STATE=getMsg HTTP/1.1" 200 27
116.224.123.211 - - [21/Jul/2022:11:24:00 +0800] "GET /xingrg/all/function/internal_message.html?_=1658373901879&CODE_STATE=getMsg HTTP/1.1" 200 27
114.83.219.182 - - [21/Jul/2022:11:24:02 +0800] "POST /xingrg/dwr/call/plaincall/AjaxQqpsService.getMaterielByCode.dwr HTTP/1.1" 200 2823
114.83.219.182 - - [21/Jul/2022:11:24:03 +0800] "POST /xingrg/dwr/call/plaincall/AjaxQqpsService.saveMaterielItem.dwr HTTP/1.1" 200 79
114.84.2.83 - - [21/Jul/2022:11:24:04 +0800] "POST /xingrg/services/DataTransmitService HTTP/1.1" 200 524
114.84.2.83 - - [21/Jul/2022:11:24:05 +0800] "POST /xingrg/services/DataTransmitService HTTP/1.1" 200 501
114.83.219.182 - - [21/Jul/2022:11:24:07 +0800] "POST /xingrg/dwr/call/plaincall/AjaxQqpsService.getMaterielByCode.dwr HTTP/1.1" 200 2824
114.83.219.182 - - [21/Jul/2022:11:24:08 +0800] "POST /xingrg/dwr/call/plaincall/AjaxQqpsService.saveMaterielItem.dwr HTTP/1.1" 200 79
114.83.219.182 - - [21/Jul/2022:11:24:11 +0800] "POST /xingrg/dwr/call/plaincall/AjaxQqpsService.getMaterielByCode.dwr HTTP/1.1" 200 2824
114.83.219.182 - - [21/Jul/2022:11:24:12 +0800] "POST /xingrg/dwr/call/plaincall/AjaxQqpsService.saveMaterielItem.dwr HTTP/1.1" 200 79
114.83.219.182 - - [21/Jul/2022:11:24:15 +0800] "POST /xingrg/dwr/call/plaincall/AjaxQqpsService.getMaterielByCode.dwr HTTP/1.1" 200 2811
114.83.219.182 - - [21/Jul/2022:11:24:16 +0800] "POST /xingrg/dwr/call/plaincall/AjaxQqpsService.saveMaterielItem.dwr HTTP/1.1" 200 79
116.230.110.48 - - [21/Jul/2022:11:24:16 +0800] "GET /xingrg/all/function/internal_message.html?_=1658373853790&CODE_STATE=getMsg HTTP/1.1" 200 27
114.83.219.182 - - [21/Jul/2022:11:24:18 +0800] "POST /xingrg/dwr/call/plaincall/AjaxQqpsService.getMaterielByCode.dwr HTTP/1.1" 200 2824
114.83.219.182 - - [21/Jul/2022:11:24:19 +0800] "POST /xingrg/dwr/call/plaincall/AjaxQqpsService.saveMaterielItem.dwr HTTP/1.1" 200 79
114.83.219.182 - - [21/Jul/2022:11:24:22 +0800] "POST /xingrg/dwr/call/plaincall/AjaxQqpsService.getMaterielByCode.dwr HTTP/1.1" 200 2847
114.83.219.182 - - [21/Jul/2022:11:24:23 +0800] "POST /xingrg/dwr/call/plaincall/AjaxQqpsService.saveMaterielItem.dwr HTTP/1.1" 200 79
116.230.110.48 - - [21/Jul/2022:11:24:26 +0800] "GET /xingrg/all/function/internal_message.html?_=1658373863327&CODE_STATE=getMsg HTTP/1.1" 200 27
114.86.187.244 - - [21/Jul/2022:11:24:26 +0800] "GET /xingrg/all/function/internal_message.html?_=1658373865878&CODE_STATE=getMsg HTTP/1.1" 200 27
114.83.219.182 - - [21/Jul/2022:11:24:27 +0800] "GET /xingrg/all/function/internal_message.html?_=1658373861618&CODE_STATE=getMsg HTTP/1.1" 200 27
180.175.103.110 - - [21/Jul/2022:11:24:29 +0800] "GET /xingrg/all/function/internal_message.html?_=1658373756635&CODE_STATE=getMsg HTTP/1.1" 200 27
27.150.106.239 - - [21/Jul/2022:11:24:30 +0800] "GET /xingrg/all/function/internal_message.html?_=1658373867918&CODE_STATE=getMsg HTTP/1.1" 200 27
218.81.223.53 - - [21/Jul/2022:11:24:31 +0800] "GET /xingrg/all/function/internal_message.html?_=1658373882137&CODE_STATE=getMsg HTTP/1.1" 200 27
114.83.219.182 - - [21/Jul/2022:11:24:32 +0800] "POST /xingrg/dwr/call/plaincall/AjaxQqpsService.getMaterielByCode.dwr HTTP/1.1" 200 2838
114.83.219.182 - - [21/Jul/2022:11:24:34 +0800] "POST /xingrg/dwr/call/plaincall/AjaxQqpsService.saveMaterielItem.dwr HTTP/1.1" 200 79
101.80.228.36 - - [21/Jul/2022:11:24:35 +0800] "GET /xingrg/all/function/internal_message.html?_=1658373871031&CODE_STATE=getMsg HTTP/1.1" 200 27
116.237.72.165 - - [21/Jul/2022:11:24:37 +0800] "GET /xingrg/all/function/internal_message.html?_=1658373875985&CODE_STATE=getMsg HTTP/1.1" 200 27
101.80.228.36 - - [21/Jul/2022:11:24:37 +0800] "GET /xingrg/check_reg.html?_=1658373873250 HTTP/1.1" 200 22
101.83.223.227 - - [21/Jul/2022:11:24:42 +0800] "GET /xingrg/all/function/internal_message.html?_=1658373880544&CODE_STATE=getMsg HTTP/1.1" 200 27
180.169.147.146 - - [21/Jul/2022:11:24:44 +0800] "GET /xingrg/all/function/internal_message.html?_=1658373881600&CODE_STATE=getMsg HTTP/1.1" 200 27
114.88.155.189 - - [21/Jul/2022:11:24:46 +0800] "GET /xingrg/all/function/internal_message.html?_=1658373576873&CODE_STATE=getMsg HTTP/1.1" 200 27
114.83.219.182 - - [21/Jul/2022:11:24:48 +0800] "POST /xingrg/dwr/call/plaincall/AjaxQqpsService.getMaterielByCode.dwr HTTP/1.1" 200 2851
116.224.123.211 - - [21/Jul/2022:11:24:50 +0800] "GET /xingrg/check_reg.html?_=1658373951239 HTTP/1.1" 200 22
114.83.219.182 - - [21/Jul/2022:11:24:50 +0800] "POST /xingrg/dwr/call/plaincall/AjaxQqpsService.saveMaterielItem.dwr HTTP/1.1" 200 79
58.221.95.50 - - [21/Jul/2022:11:24:56 +0800] "GET /xingrg/all/function/internal_message.html?_=1658373893986&CODE_STATE=getMsg HTTP/1.1" 200 27
58.221.95.50 - - [21/Jul/2022:11:24:57 +0800] "GET /xingrg/check_reg.html?_=1658373894949 HTTP/1.1" 200 22
116.224.123.211 - - [21/Jul/2022:11:25:00 +0800] "GET /xingrg/all/function/internal_message.html?_=1658373961889&CODE_STATE=getMsg HTTP/1.1" 200 27
116.230.110.48 - - [21/Jul/2022:11:25:02 +0800] "GET /xingrg/check_reg.html?_=1658373899508 HTTP/1.1" 200 22
116.230.110.48 - - [21/Jul/2022:11:25:16 +0800] "GET /xingrg/all/function/internal_message.html?_=1658373913771&CODE_STATE=getMsg HTTP/1.1" 200 27
116.230.110.48 - - [21/Jul/2022:11:25:26 +0800] "GET /xingrg/all/function/internal_message.html?_=1658373923318&CODE_STATE=getMsg HTTP/1.1" 200 27
114.86.187.244 - - [21/Jul/2022:11:25:26 +0800] "GET /xingrg/all/function/internal_message.html?_=1658373925879&CODE_STATE=getMsg HTTP/1.1" 200 27
114.83.219.182 - - [21/Jul/2022:11:25:27 +0800] "GET /xingrg/all/function/internal_message.html?_=1658373921588&CODE_STATE=getMsg HTTP/1.1" 200 27
180.175.103.110 - - [21/Jul/2022:11:25:29 +0800] "GET /xingrg/all/function/internal_message.html?_=1658373816643&CODE_STATE=getMsg HTTP/1.1" 200 27
27.150.106.239 - - [21/Jul/2022:11:25:30 +0800] "GET /xingrg/all/function/internal_message.html?_=1658373927910&CODE_STATE=getMsg HTTP/1.1" 200 27
218.81.223.53 - - [21/Jul/2022:11:25:30 +0800] "GET /xingrg/all/function/internal_message.html?_=1658373942141&CODE_STATE=getMsg HTTP/1.1" 200 27
101.80.228.36 - - [21/Jul/2022:11:25:35 +0800] "GET /xingrg/all/function/internal_message.html?_=1658373931009&CODE_STATE=getMsg HTTP/1.1" 200 27
116.237.72.165 - - [21/Jul/2022:11:25:37 +0800] "GET /xingrg/all/function/internal_message.html?_=1658373935971&CODE_STATE=getMsg HTTP/1.1" 200 27
101.83.223.227 - - [21/Jul/2022:11:25:42 +0800] "GET /xingrg/all/function/internal_message.html?_=1658373940554&CODE_STATE=getMsg HTTP/1.1" 200 27
180.169.147.146 - - [21/Jul/2022:11:25:44 +0800] "GET /xingrg/all/function/internal_message.html?_=1658373941606&CODE_STATE=getMsg HTTP/1.1" 200 27
114.88.155.189 - - [21/Jul/2022:11:25:46 +0800] "GET /xingrg/all/function/internal_message.html?_=1658373636850&CODE_STATE=getMsg HTTP/1.1" 200 27
114.86.187.244 - - [21/Jul/2022:11:25:52 +0800] "POST /xingrg/services/DataTransmitService HTTP/1.1" 200 524
114.83.219.182 - - [21/Jul/2022:11:25:55 +0800] "POST /xingrg/dwr/call/plaincall/AjaxQqpsService.getMaterielByCode.dwr HTTP/1.1" 200 2813
114.83.219.182 - - [21/Jul/2022:11:25:56 +0800] "POST /xingrg/dwr/call/plaincall/AjaxQqpsService.saveMaterielItem.dwr HTTP/1.1" 200 79
58.221.95.50 - - [21/Jul/2022:11:25:56 +0800] "GET /xingrg/all/function/internal_message.html?_=1658373953979&CODE_STATE=getMsg HTTP/1.1" 200 27
116.224.123.211 - - [21/Jul/2022:11:26:00 +0800] "GET /xingrg/all/function/internal_message.html?_=1658374021903&CODE_STATE=getMsg HTTP/1.1" 200 27
114.83.219.182 - - [21/Jul/2022:11:26:00 +0800] "POST /xingrg/dwr/call/plaincall/AjaxQqpsService.getMaterielByCode.dwr HTTP/1.1" 200 2790
114.83.219.182 - - [21/Jul/2022:11:26:02 +0800] "POST /xingrg/dwr/call/plaincall/AjaxQqpsService.saveMaterielItem.dwr HTTP/1.1" 200 79
114.83.219.182 - - [21/Jul/2022:11:26:06 +0800] "POST /xingrg/dwr/call/plaincall/AjaxQqpsService.getMaterielByCode.dwr HTTP/1.1" 200 2738
114.83.219.182 - - [21/Jul/2022:11:26:08 +0800] "POST /xingrg/dwr/call/plaincall/AjaxQqpsService.saveMaterielItem.dwr HTTP/1.1" 200 79
114.83.219.182 - - [21/Jul/2022:11:26:14 +0800] "POST /xingrg/dwr/call/plaincall/AjaxQqpsService.getMaterielByCode.dwr HTTP/1.1" 200 2814
116.230.110.48 - - [21/Jul/2022:11:26:16 +0800] "GET /xingrg/all/function/internal_message.html?_=1658373973754&CODE_STATE=getMsg HTTP/1.1" 200 27
114.83.219.182 - - [21/Jul/2022:11:26:16 +0800] "POST /xingrg/dwr/call/plaincall/AjaxQqpsService.saveMaterielItem.dwr HTTP/1.1" 200 79
116.230.110.48 - - [21/Jul/2022:11:26:26 +0800] "GET /xingrg/all/function/internal_message.html?_=1658373983320&CODE_STATE=getMsg HTTP/1.1" 200 27
114.86.187.244 - - [21/Jul/2022:11:26:26 +0800] "GET /xingrg/all/function/internal_message.html?_=1658373985878&CODE_STATE=getMsg HTTP/1.1" 200 27
114.83.219.182 - - [21/Jul/2022:11:26:27 +0800] "GET /xingrg/all/function/internal_message.html?_=1658373981568&CODE_STATE=getMsg HTTP/1.1" 200 27
114.83.219.182 - - [21/Jul/2022:11:26:28 +0800] "GET /xingrg/check_reg.html?_=1658373983190 HTTP/1.1" 200 22
180.175.103.110 - - [21/Jul/2022:11:26:29 +0800] "GET /xingrg/check_reg.html?_=1658373876644 HTTP/1.1" 200 22
180.175.103.110 - - [21/Jul/2022:11:26:29 +0800] "GET /xingrg/all/function/internal_message.html?_=1658373876647&CODE_STATE=getMsg HTTP/1.1" 200 27
27.150.106.239 - - [21/Jul/2022:11:26:30 +0800] "GET /xingrg/all/function/internal_message.html?_=1658373987915&CODE_STATE=getMsg HTTP/1.1" 200 27
218.81.223.53 - - [21/Jul/2022:11:26:31 +0800] "GET /xingrg/all/function/internal_message.html?_=1658374002512&CODE_STATE=getMsg HTTP/1.1" 200 27
101.80.228.36 - - [21/Jul/2022:11:26:35 +0800] "GET /xingrg/all/function/internal_message.html?_=1658373990984&CODE_STATE=getMsg HTTP/1.1" 200 27
114.83.219.182 - - [21/Jul/2022:11:26:37 +0800] "POST /xingrg/dwr/call/plaincall/AjaxQqpsService.getMaterielByCode.dwr HTTP/1.1" 200 2803
116.237.72.165 - - [21/Jul/2022:11:26:37 +0800] "GET /xingrg/all/function/internal_message.html?_=1658373995955&CODE_STATE=getMsg HTTP/1.1" 200 27
114.83.219.182 - - [21/Jul/2022:11:26:38 +0800] "POST /xingrg/dwr/call/plaincall/AjaxQqpsService.saveMaterielItem.dwr HTTP/1.1" 200 79
116.237.72.165 - - [21/Jul/2022:11:26:38 +0800] "GET /xingrg/check_reg.html?_=1658373997034 HTTP/1.1" 200 22
114.83.219.182 - - [21/Jul/2022:11:26:40 +0800] "POST /xingrg/dwr/call/plaincall/AjaxQqpsService.getMaterielByCode.dwr HTTP/1.1" 200 2792
114.83.219.182 - - [21/Jul/2022:11:26:42 +0800] "POST /xingrg/dwr/call/plaincall/AjaxQqpsService.saveMaterielItem.dwr HTTP/1.1" 200 79
101.83.223.227 - - [21/Jul/2022:11:26:42 +0800] "GET /xingrg/all/function/internal_message.html?_=1658374000555&CODE_STATE=getMsg HTTP/1.1" 200 27
180.169.147.146 - - [21/Jul/2022:11:26:44 +0800] "GET /xingrg/all/function/internal_message.html?_=1658374001610&CODE_STATE=getMsg HTTP/1.1" 200 27
114.83.219.182 - - [21/Jul/2022:11:26:44 +0800] "POST /xingrg/dwr/call/plaincall/AjaxQqpsService.getMaterielByCode.dwr HTTP/1.1" 200 2820
114.83.219.182 - - [21/Jul/2022:11:26:45 +0800] "POST /xingrg/dwr/call/plaincall/AjaxQqpsService.saveMaterielItem.dwr HTTP/1.1" 200 79
114.88.155.189 - - [21/Jul/2022:11:26:46 +0800] "GET /xingrg/check_reg.html?_=1658373696698 HTTP/1.1" 200 22
114.88.155.189 - - [21/Jul/2022:11:26:46 +0800] "GET /xingrg/all/function/internal_message.html?_=1658373696818&CODE_STATE=getMsg HTTP/1.1" 200 27
58.221.95.50 - - [21/Jul/2022:11:26:56 +0800] "GET /xingrg/all/function/internal_message.html?_=1658374013994&CODE_STATE=getMsg HTTP/1.1" 200 27
116.224.123.211 - - [21/Jul/2022:11:27:00 +0800] "GET /xingrg/all/function/internal_message.html?_=1658374082193&CODE_STATE=getMsg HTTP/1.1" 200 27
114.83.219.182 - - [21/Jul/2022:11:27:01 +0800] "POST /xingrg/dwr/call/plaincall/AjaxQqpsService.getMaterielByCode.dwr HTTP/1.1" 200 2839
114.83.219.182 - - [21/Jul/2022:11:27:03 +0800] "POST /xingrg/dwr/call/plaincall/AjaxQqpsService.saveMaterielItem.dwr HTTP/1.1" 200 79
218.81.223.53 - - [21/Jul/2022:11:27:06 +0800] "GET /xingrg/check_reg.html?_=1658374037165 HTTP/1.1" 200 22
114.83.219.182 - - [21/Jul/2022:11:27:07 +0800] "POST /xingrg/dwr/call/plaincall/AjaxQqpsService.checkOrder.dwr HTTP/1.1" 200 79
114.83.219.182 - - [21/Jul/2022:11:27:08 +0800] "GET /xingrg/kc/mdqp/qqps_order_info.html?code=302022072100281 HTTP/1.1" 200 26801
114.83.219.182 - - [21/Jul/2022:11:27:08 +0800] "GET /xingrg/dwr/interface/AjaxComOrderService.js HTTP/1.1" 200 18264
114.83.219.182 - - [21/Jul/2022:11:27:08 +0800] "GET /xingrg/dwr/interface/AjaxQqpsService.js HTTP/1.1" 200 16326
114.83.219.182 - - [21/Jul/2022:11:27:08 +0800] "GET /xingrg/dwr/engine.js HTTP/1.1" 200 43631
114.83.219.182 - - [21/Jul/2022:11:27:09 +0800] "POST /xingrg/dwr/call/plaincall/AjaxQqpsService.loadMaterielItems.dwr HTTP/1.1" 200 8470
114.83.219.182 - - [21/Jul/2022:11:27:11 +0800] "GET /xingrg/kc/mdqp/qqps_order_list.html?isBack=1 HTTP/1.1" 200 9677
114.83.219.182 - - [21/Jul/2022:11:27:11 +0800] "GET /xingrg/dwr/interface/AjaxReportQueryService.js HTTP/1.1" 200 13203
114.83.219.182 - - [21/Jul/2022:11:27:11 +0800] "GET /xingrg/dwr/interface/AjaxQqpsService.js HTTP/1.1" 200 16326
114.83.219.182 - - [21/Jul/2022:11:27:11 +0800] "GET /xingrg/dwr/engine.js HTTP/1.1" 200 43631
114.83.219.182 - - [21/Jul/2022:11:27:12 +0800] "GET /xingrg/kc/mdqp/qqps_order_add.html HTTP/1.1" 200 28398
114.83.219.182 - - [21/Jul/2022:11:27:12 +0800] "GET /xingrg/dwr/interface/AjaxComOrderService.js HTTP/1.1" 200 18264
114.83.219.182 - - [21/Jul/2022:11:27:12 +0800] "GET /xingrg/dwr/interface/AjaxQqpsService.js HTTP/1.1" 200 16326
114.83.219.182 - - [21/Jul/2022:11:27:12 +0800] "GET /xingrg/dwr/engine.js HTTP/1.1" 200 43631
116.230.110.48 - - [21/Jul/2022:11:27:16 +0800] "GET /xingrg/all/function/internal_message.html?_=1658374033731&CODE_STATE=getMsg HTTP/1.1" 200 27
114.83.219.182 - - [21/Jul/2022:11:27:21 +0800] "POST /xingrg/dwr/call/plaincall/AjaxQqpsService.saveOrder.dwr HTTP/1.1" 200 78
114.83.219.182 - - [21/Jul/2022:11:27:24 +0800] "POST /xingrg/dwr/call/plaincall/AjaxQqpsService.getMaterielByCode.dwr HTTP/1.1" 200 2731
116.230.110.48 - - [21/Jul/2022:11:27:26 +0800] "GET /xingrg/all/function/internal_message.html?_=1658374043324&CODE_STATE=getMsg HTTP/1.1" 200 27
114.86.187.244 - - [21/Jul/2022:11:27:26 +0800] "GET /xingrg/check_reg.html?_=1658374045877 HTTP/1.1" 200 22
114.86.187.244 - - [21/Jul/2022:11:27:26 +0800] "GET /xingrg/all/function/internal_message.html?_=1658374045879&CODE_STATE=getMsg HTTP/1.1" 200 27
114.83.219.182 - - [21/Jul/2022:11:27:26 +0800] "POST /xingrg/dwr/call/plaincall/AjaxQqpsService.saveMaterielItem.dwr HTTP/1.1" 200 78
114.83.219.182 - - [21/Jul/2022:11:27:27 +0800] "GET /xingrg/all/function/internal_message.html?_=1658374041582&CODE_STATE=getMsg HTTP/1.1" 200 27
180.175.103.110 - - [21/Jul/2022:11:27:29 +0800] "GET /xingrg/all/function/internal_message.html?_=1658373936633&CODE_STATE=getMsg HTTP/1.1" 200 27
27.150.106.239 - - [21/Jul/2022:11:27:30 +0800] "GET /xingrg/all/function/internal_message.html?_=1658374047906&CODE_STATE=getMsg HTTP/1.1" 200 27
27.150.106.239 - - [21/Jul/2022:11:27:30 +0800] "GET /xingrg/check_reg.html?_=1658374047908 HTTP/1.1" 200 22
218.81.223.53 - - [21/Jul/2022:11:27:31 +0800] "GET /xingrg/all/function/internal_message.html?_=1658374062526&CODE_STATE=getMsg HTTP/1.1" 200 27
114.83.219.182 - - [21/Jul/2022:11:27:31 +0800] "POST /xingrg/dwr/call/plaincall/AjaxQqpsService.getMaterielByCode.dwr HTTP/1.1" 200 2791
114.83.219.182 - - [21/Jul/2022:11:27:33 +0800] "POST /xingrg/dwr/call/plaincall/AjaxQqpsService.saveMaterielItem.dwr HTTP/1.1" 200 78
101.80.228.36 - - [21/Jul/2022:11:27:35 +0800] "GET /xingrg/all/function/internal_message.html?_=1658374050954&CODE_STATE=getMsg HTTP/1.1" 200 27
116.237.72.165 - - [21/Jul/2022:11:27:37 +0800] "GET /xingrg/all/function/internal_message.html?_=1658374055927&CODE_STATE=getMsg HTTP/1.1" 200 27
101.83.223.227 - - [21/Jul/2022:11:27:42 +0800] "GET /xingrg/all/function/internal_message.html?_=1658374060565&CODE_STATE=getMsg HTTP/1.1" 200 27
180.169.147.146 - - [21/Jul/2022:11:27:44 +0800] "GET /xingrg/all/function/internal_message.html?_=1658374061612&CODE_STATE=getMsg HTTP/1.1" 200 27
114.88.155.189 - - [21/Jul/2022:11:27:46 +0800] "GET /xingrg/all/function/internal_message.html?_=1658373756819&CODE_STATE=getMsg HTTP/1.1" 200 27
114.83.219.182 - - [21/Jul/2022:11:27:51 +0800] "POST /xingrg/dwr/call/plaincall/AjaxQqpsService.checkOrder.dwr HTTP/1.1" 200 78
114.83.219.182 - - [21/Jul/2022:11:27:52 +0800] "GET /xingrg/kc/mdqp/qqps_order_info.html?code=302022072100282 HTTP/1.1" 200 26801
114.83.219.182 - - [21/Jul/2022:11:27:52 +0800] "GET /xingrg/dwr/interface/AjaxQqpsService.js HTTP/1.1" 200 16326
114.83.219.182 - - [21/Jul/2022:11:27:52 +0800] "GET /xingrg/dwr/engine.js HTTP/1.1" 200 43631
114.83.219.182 - - [21/Jul/2022:11:27:52 +0800] "GET /xingrg/dwr/interface/AjaxComOrderService.js HTTP/1.1" 200 18264
114.83.219.182 - - [21/Jul/2022:11:27:53 +0800] "POST /xingrg/dwr/call/plaincall/AjaxQqpsService.loadMaterielItems.dwr HTTP/1.1" 200 602
114.83.219.182 - - [21/Jul/2022:11:27:54 +0800] "GET /xingrg/kc/mdqp/qqps_order_list.html?isBack=1 HTTP/1.1" 200 10088
114.83.219.182 - - [21/Jul/2022:11:27:54 +0800] "GET /xingrg/dwr/interface/AjaxQqpsService.js HTTP/1.1" 200 16326
114.83.219.182 - - [21/Jul/2022:11:27:54 +0800] "GET /xingrg/dwr/interface/AjaxReportQueryService.js HTTP/1.1" 200 13203
114.83.219.182 - - [21/Jul/2022:11:27:54 +0800] "GET /xingrg/dwr/engine.js HTTP/1.1" 200 43631
114.83.219.182 - - [21/Jul/2022:11:27:56 +0800] "GET /xingrg/kc/mdqp/qqps_order_info.html?code=302022072100282 HTTP/1.1" 200 26801
114.83.219.182 - - [21/Jul/2022:11:27:56 +0800] "GET /xingrg/dwr/interface/AjaxComOrderService.js HTTP/1.1" 200 18264
114.83.219.182 - - [21/Jul/2022:11:27:56 +0800] "GET /xingrg/dwr/interface/AjaxQqpsService.js HTTP/1.1" 200 16326
114.83.219.182 - - [21/Jul/2022:11:27:56 +0800] "GET /xingrg/dwr/engine.js HTTP/1.1" 200 43631
114.83.219.182 - - [21/Jul/2022:11:27:56 +0800] "POST /xingrg/dwr/call/plaincall/AjaxQqpsService.loadMaterielItems.dwr HTTP/1.1" 200 602
58.221.95.50 - - [21/Jul/2022:11:27:56 +0800] "GET /xingrg/all/function/internal_message.html?_=1658374073982&CODE_STATE=getMsg HTTP/1.1" 200 27
101.80.228.36 - - [21/Jul/2022:11:27:58 +0800] "POST /xingrg/kc/buy/cgsh_list_operate.html HTTP/1.1" 200 1777
114.83.219.182 - - [21/Jul/2022:11:27:58 +0800] "GET /xingrg/kc/mdqp/qqps_order_list.html?isBack=1 HTTP/1.1" 200 10088
114.83.219.182 - - [21/Jul/2022:11:27:59 +0800] "GET /xingrg/dwr/interface/AjaxQqpsService.js HTTP/1.1" 200 16326
114.83.219.182 - - [21/Jul/2022:11:27:59 +0800] "GET /xingrg/dwr/interface/AjaxReportQueryService.js HTTP/1.1" 200 13203
114.83.219.182 - - [21/Jul/2022:11:27:59 +0800] "GET /xingrg/dwr/engine.js HTTP/1.1" 200 43631
101.80.228.36 - - [21/Jul/2022:11:27:59 +0800] "GET /xingrg/kc/buy/cgsh_order_add.html HTTP/1.1" 200 67991
101.80.228.36 - - [21/Jul/2022:11:28:00 +0800] "POST /xingrg/kc/buy/cgsh_order_operate.html HTTP/1.1" 200 8245
101.80.228.36 - - [21/Jul/2022:11:28:00 +0800] "GET /xingrg/javascript/easyui/themes/default/validatebox.css HTTP/1.1" 404 1104
114.83.219.182 - - [21/Jul/2022:11:28:00 +0800] "GET /xingrg/kc/mdqp/qqps_order_info.html?code=302022072100281 HTTP/1.1" 200 26801
114.83.219.182 - - [21/Jul/2022:11:28:00 +0800] "GET /xingrg/dwr/interface/AjaxComOrderService.js HTTP/1.1" 200 18264
114.83.219.182 - - [21/Jul/2022:11:28:00 +0800] "GET /xingrg/dwr/interface/AjaxQqpsService.js HTTP/1.1" 200 16326
114.83.219.182 - - [21/Jul/2022:11:28:00 +0800] "GET /xingrg/dwr/engine.js HTTP/1.1" 200 43631
116.224.123.211 - - [21/Jul/2022:11:28:00 +0800] "GET /xingrg/all/function/internal_message.html?_=1658374142195&CODE_STATE=getMsg HTTP/1.1" 200 27
114.83.219.182 - - [21/Jul/2022:11:28:01 +0800] "POST /xingrg/dwr/call/plaincall/AjaxQqpsService.loadMaterielItems.dwr HTTP/1.1" 200 8470
101.80.228.36 - - [21/Jul/2022:11:28:01 +0800] "POST /xingrg/kc/buy/cgsh_list_operate.html HTTP/1.1" 200 1777
114.83.219.182 - - [21/Jul/2022:11:28:06 +0800] "POST /xingrg/dwr/call/plaincall/AjaxQqpsService.uncheckOrder.dwr HTTP/1.1" 200 78
114.83.219.182 - - [21/Jul/2022:11:28:07 +0800] "GET /xingrg/css/blue.css HTTP/1.1" 304 -
114.83.219.182 - - [21/Jul/2022:11:28:07 +0800] "GET /xingrg/javascript/jquery_easy_ui/themes/icon.css HTTP/1.1" 304 -
114.83.219.182 - - [21/Jul/2022:11:28:07 +0800] "GET /xingrg/javascript/auto/jquery.autocomplete.css HTTP/1.1" 304 -
114.83.219.182 - - [21/Jul/2022:11:28:07 +0800] "GET /xingrg/kc/mdqp/qqps_order_info.html?code=302022072100281 HTTP/1.1" 200 28560
114.83.219.182 - - [21/Jul/2022:11:28:07 +0800] "GET /xingrg/javascript/jquery_easy_ui/easyui-lang-zh_CN.js HTTP/1.1" 304 -
114.83.219.182 - - [21/Jul/2022:11:28:07 +0800] "GET /xingrg/javascript/auto/jquery.autocomplete.js HTTP/1.1" 304 -
114.83.219.182 - - [21/Jul/2022:11:28:07 +0800] "GET /xingrg/javascript/jquery.utils.js HTTP/1.1" 304 -
114.83.219.182 - - [21/Jul/2022:11:28:07 +0800] "GET /xingrg/javascript/pic_change.js HTTP/1.1" 304 -
114.83.219.182 - - [21/Jul/2022:11:28:07 +0800] "GET /xingrg/javascript/myfunction.js HTTP/1.1" 304 -
114.83.219.182 - - [21/Jul/2022:11:28:07 +0800] "GET /xingrg/dwr/interface/AjaxQqpsService.js HTTP/1.1" 200 16326
114.83.219.182 - - [21/Jul/2022:11:28:07 +0800] "GET /xingrg/dwr/interface/AjaxComOrderService.js HTTP/1.1" 200 18264
114.83.219.182 - - [21/Jul/2022:11:28:07 +0800] "GET /xingrg/javascript/Grid.js HTTP/1.1" 304 -
114.83.219.182 - - [21/Jul/2022:11:28:07 +0800] "GET /xingrg/javascript/jquery-1.4.2.min.js HTTP/1.1" 304 -
114.83.219.182 - - [21/Jul/2022:11:28:07 +0800] "GET /xingrg/javascript/ToolTips.js HTTP/1.1" 304 -
114.83.219.182 - - [21/Jul/2022:11:28:07 +0800] "GET /xingrg/javascript/print/kc_print.js HTTP/1.1" 304 -
114.83.219.182 - - [21/Jul/2022:11:28:07 +0800] "GET /xingrg/javascript/jquery_easy_ui/themes/icon.css HTTP/1.1" 304 -
114.83.219.182 - - [21/Jul/2022:11:28:07 +0800] "GET /xingrg/javascript/jquery_easy_ui/themes/default/easyui.css HTTP/1.1" 304 -
114.83.219.182 - - [21/Jul/2022:11:28:07 +0800] "GET /xingrg/javascript/print/LodopFuncs.js HTTP/1.1" 304 -
114.83.219.182 - - [21/Jul/2022:11:28:07 +0800] "GET /xingrg/dwr/engine.js HTTP/1.1" 200 43631
114.83.219.182 - - [21/Jul/2022:11:28:07 +0800] "GET /xingrg/javascript/jquery_easy_ui/jquery.easyui.min.js HTTP/1.1" 304 -
114.83.219.182 - - [21/Jul/2022:11:28:07 +0800] "GET /xingrg/javascript/tools/jquery.qtip-1.0.0-rc3.min.js HTTP/1.1" 304 -
114.83.219.182 - - [21/Jul/2022:11:28:07 +0800] "GET /xingrg/dwr/util.js HTTP/1.1" 304 -
