120.253.135.82 - - [21/Jul/2022:09:07:53 +0800] "GET /xingrg/all/function/internal_message.html?_=1658365171818&CODE_STATE=getMsg HTTP/1.1" 200 27
120.253.135.82 - - [21/Jul/2022:09:07:53 +0800] "GET /xingrg/check_reg.html?_=1658365171820 HTTP/1.1" 200 22
101.83.223.227 - - [21/Jul/2022:09:07:55 +0800] "GET /xingrg/kc/buy/cgsh_order_operate.html?command=get_materiel&rest_code=00150&code=00101008270&supplier_code=00100007&order_time=2022-07-21 HTTP/1.1" 200 412
58.221.95.50 - - [21/Jul/2022:09:07:57 +0800] "GET /xingrg/all/function/internal_message.html?_=1658365676152&CODE_STATE=getMsg HTTP/1.1" 200 27
120.253.135.82 - - [21/Jul/2022:09:07:58 +0800] "GET /xingrg/kc/pszx/mdps_order_info.html?code=312022072100351 HTTP/1.1" 200 23976
120.253.135.82 - - [21/Jul/2022:09:07:59 +0800] "POST /xingrg/kc/pszx/mdps_order_operate.html HTTP/1.1" 200 3316
120.253.135.82 - - [21/Jul/2022:09:07:59 +0800] "GET /xingrg/javascript/easyui/themes/default/validatebox.css HTTP/1.1" 404 1104
101.83.223.227 - - [21/Jul/2022:09:08:00 +0800] "GET /xingrg/kc/buy/cgsh_order_operate.html?command=get_materiel&rest_code=00150&code=00101008077&supplier_code=00100007&order_time=2022-07-21 HTTP/1.1" 200 416
120.253.135.82 - - [21/Jul/2022:09:08:04 +0800] "GET /xingrg/kc/print/load_data.html?order_code=312022072100351&kc_code=mdps&condition= HTTP/1.1" 200 1189
101.83.223.227 - - [21/Jul/2022:09:08:07 +0800] "GET /xingrg/kc/buy/cgsh_order_operate.html?command=get_materiel&rest_code=00150&code=00101008079&supplier_code=00100007&order_time=2022-07-21 HTTP/1.1" 200 416
101.83.223.227 - - [21/Jul/2022:09:08:09 +0800] "GET /xingrg/all/function/internal_message.html?_=1658365686926&CODE_STATE=getMsg HTTP/1.1" 200 27
218.81.223.53 - - [21/Jul/2022:09:08:11 +0800] "GET /xingrg/all/function/internal_message.html?_=1658365702526&CODE_STATE=getMsg HTTP/1.1" 200 27
101.83.223.227 - - [21/Jul/2022:09:08:13 +0800] "GET /xingrg/kc/buy/cgsh_order_operate.html?command=get_materiel&rest_code=00150&code=00101008069&supplier_code=00100007&order_time=2022-07-21 HTTP/1.1" 200 412
120.253.135.82 - - [21/Jul/2022:09:08:14 +0800] "GET /xingrg/all/function/internal_message.html?_=1658365499935&CODE_STATE=getMsg HTTP/1.1" 200 27
101.83.223.227 - - [21/Jul/2022:09:08:18 +0800] "GET /xingrg/kc/buy/cgsh_order_operate.html?command=get_materiel&rest_code=00150&code=00101008286&supplier_code=00100007&order_time=2022-07-21 HTTP/1.1" 200 408
116.230.110.48 - - [21/Jul/2022:09:08:18 +0800] "GET /xingrg/all/function/internal_message.html?_=1658365693923&CODE_STATE=getMsg HTTP/1.1" 200 27
101.83.223.227 - - [21/Jul/2022:09:08:24 +0800] "GET /xingrg/kc/buy/cgsh_order_operate.html?command=get_materiel&rest_code=00150&code=00101008036&supplier_code=00100007&order_time=2022-07-21 HTTP/1.1" 200 408
116.230.110.48 - - [21/Jul/2022:09:08:25 +0800] "GET /xingrg/check_reg.html?_=1658365701040 HTTP/1.1" 200 22
116.230.110.48 - - [21/Jul/2022:09:08:25 +0800] "GET /xingrg/all/function/internal_message.html?_=1658365701043&CODE_STATE=getMsg HTTP/1.1" 200 27
114.86.187.244 - - [21/Jul/2022:09:08:26 +0800] "GET /xingrg/all/function/internal_message.html?_=1658365705672&CODE_STATE=getMsg HTTP/1.1" 200 27
180.175.103.110 - - [21/Jul/2022:09:08:28 +0800] "GET /xingrg/all/function/internal_message.html?_=1658365596418&CODE_STATE=getMsg HTTP/1.1" 200 27
114.83.219.182 - - [21/Jul/2022:09:08:29 +0800] "GET /xingrg/all/function/internal_message.html?_=1658365703691&CODE_STATE=getMsg HTTP/1.1" 200 27
101.83.223.227 - - [21/Jul/2022:09:08:30 +0800] "GET /xingrg/kc/buy/cgsh_order_operate.html?command=get_materiel&rest_code=00150&code=00101008131&supplier_code=00100007&order_time=2022-07-21 HTTP/1.1" 200 408
101.83.223.227 - - [21/Jul/2022:09:08:31 +0800] "POST /xingrg/kc/buy/cgsh_order_operate.html HTTP/1.1" 200 2065
120.253.135.82 - - [21/Jul/2022:09:08:32 +0800] "GET /xingrg/all/function/internal_message.html?_=1658365836718&CODE_STATE=getMsg HTTP/1.1" 200 27
180.175.103.110 - - [21/Jul/2022:09:08:36 +0800] "POST /xingrg/services/DataTransmitService HTTP/1.1" 200 524
101.83.223.227 - - [21/Jul/2022:09:08:37 +0800] "GET /xingrg/kc/buy/cgsh_order_operate.html?command=get_materiel&rest_code=00150&code=00101008296&supplier_code=00100007&order_time=2022-07-21 HTTP/1.1" 200 416
101.83.223.227 - - [21/Jul/2022:09:08:42 +0800] "GET /xingrg/kc/buy/cgsh_order_operate.html?command=get_materiel&rest_code=00150&code=00101008318&supplier_code=00100007&order_time=2022-07-21 HTTP/1.1" 200 408
180.169.147.146 - - [21/Jul/2022:09:08:44 +0800] "GET /xingrg/all/function/internal_message.html?_=1658365721610&CODE_STATE=getMsg HTTP/1.1" 200 27
180.169.147.146 - - [21/Jul/2022:09:08:44 +0800] "GET /xingrg/check_reg.html?_=1658365721614 HTTP/1.1" 200 22
101.83.223.227 - - [21/Jul/2022:09:08:47 +0800] "GET /xingrg/kc/buy/cgsh_order_operate.html?command=get_materiel&rest_code=00150&code=00101008371&supplier_code=00100007&order_time=2022-07-21 HTTP/1.1" 200 412
114.83.219.182 - - [21/Jul/2022:09:08:51 +0800] "GET /xingrg/kc/buy/cgsh_order_operate.html?command=get_materiel&rest_code=00149&code=00101008125&supplier_code=00100005&order_time=2022-07-20 HTTP/1.1" 200 413
101.80.228.36 - - [21/Jul/2022:09:08:53 +0800] "GET /xingrg/all/function/internal_message.html?_=1658365728646&CODE_STATE=getMsg HTTP/1.1" 200 27
120.253.135.82 - - [21/Jul/2022:09:08:53 +0800] "GET /xingrg/all/function/internal_message.html?_=1658365231819&CODE_STATE=getMsg HTTP/1.1" 200 27
101.83.223.227 - - [21/Jul/2022:09:08:54 +0800] "GET /xingrg/kc/buy/cgsh_order_operate.html?command=get_materiel&rest_code=00150&code=00101008226&supplier_code=00100007&order_time=2022-07-21 HTTP/1.1" 200 417
58.221.95.50 - - [21/Jul/2022:09:08:57 +0800] "GET /xingrg/all/function/internal_message.html?_=1658365736154&CODE_STATE=getMsg HTTP/1.1" 200 27
101.83.223.227 - - [21/Jul/2022:09:09:00 +0800] "GET /xingrg/kc/buy/cgsh_order_operate.html?command=get_materiel&rest_code=00150&code=00101008353&supplier_code=00100007&order_time=2022-07-21 HTTP/1.1" 200 424
101.83.223.227 - - [21/Jul/2022:09:09:02 +0800] "POST /xingrg/kc/buy/cgsh_order_operate.html HTTP/1.1" 200 2065
101.83.223.227 - - [21/Jul/2022:09:09:07 +0800] "GET /xingrg/kc/buy/cgsh_order_operate.html?command=get_materiel&rest_code=00150&code=00101008095&supplier_code=00100007&order_time=2022-07-21 HTTP/1.1" 200 428
101.83.223.227 - - [21/Jul/2022:09:09:09 +0800] "GET /xingrg/all/function/internal_message.html?_=1658365746917&CODE_STATE=getMsg HTTP/1.1" 200 27
218.81.223.53 - - [21/Jul/2022:09:09:11 +0800] "GET /xingrg/all/function/internal_message.html?_=1658365762541&CODE_STATE=getMsg HTTP/1.1" 200 27
114.86.227.31 - - [21/Jul/2022:09:09:12 +0800] "POST /xingrg/services/DataTransmitService HTTP/1.1" 200 524
101.83.223.227 - - [21/Jul/2022:09:09:13 +0800] "GET /xingrg/kc/buy/cgsh_order_operate.html?command=get_materiel&rest_code=00150&code=00101008350&supplier_code=00100007&order_time=2022-07-21 HTTP/1.1" 200 425
120.253.135.82 - - [21/Jul/2022:09:09:14 +0800] "GET /xingrg/all/function/internal_message.html?_=1658365560226&CODE_STATE=getMsg HTTP/1.1" 200 27
114.83.219.182 - - [21/Jul/2022:09:09:17 +0800] "POST /xingrg/kc/buy/cgsh_order_operate.html HTTP/1.1" 200 37
116.230.110.48 - - [21/Jul/2022:09:09:18 +0800] "GET /xingrg/all/function/internal_message.html?_=1658365753910&CODE_STATE=getMsg HTTP/1.1" 200 27
101.83.223.227 - - [21/Jul/2022:09:09:25 +0800] "GET /xingrg/kc/buy/cgsh_order_operate.html?command=get_materiel&rest_code=00150&code=00101008359&supplier_code=00100007&order_time=2022-07-21 HTTP/1.1" 200 408
116.230.110.48 - - [21/Jul/2022:09:09:25 +0800] "GET /xingrg/all/function/internal_message.html?_=1658365761032&CODE_STATE=getMsg HTTP/1.1" 200 27
114.86.187.244 - - [21/Jul/2022:09:09:26 +0800] "GET /xingrg/all/function/internal_message.html?_=1658365765666&CODE_STATE=getMsg HTTP/1.1" 200 27
114.83.219.182 - - [21/Jul/2022:09:09:27 +0800] "POST /xingrg/kc/buy/cgsh_order_operate.html HTTP/1.1" 200 12
180.175.103.110 - - [21/Jul/2022:09:09:28 +0800] "GET /xingrg/all/function/internal_message.html?_=1658365656418&CODE_STATE=getMsg HTTP/1.1" 200 27
101.83.223.227 - - [21/Jul/2022:09:09:31 +0800] "GET /xingrg/kc/buy/cgsh_order_operate.html?command=get_materiel&rest_code=00150&code=00101008358&supplier_code=00100007&order_time=2022-07-21 HTTP/1.1" 200 412
120.253.135.82 - - [21/Jul/2022:09:09:32 +0800] "GET /xingrg/all/function/internal_message.html?_=1658365896770&CODE_STATE=getMsg HTTP/1.1" 200 27
114.83.219.182 - - [21/Jul/2022:09:09:34 +0800] "GET /xingrg/kc/buy/cgsh_order_info.html?code=212022072105189 HTTP/1.1" 200 62935
114.83.219.182 - - [21/Jul/2022:09:09:34 +0800] "GET /xingrg/javascript/easyui/themes/default/validatebox.css HTTP/1.1" 404 1104
114.83.219.182 - - [21/Jul/2022:09:09:34 +0800] "POST /xingrg/kc/buy/cgsh_order_operate.html HTTP/1.1" 200 21295
116.224.123.211 - - [21/Jul/2022:09:09:35 +0800] "GET /favicon.ico HTTP/1.1" 404 -
116.224.123.211 - - [21/Jul/2022:09:09:36 +0800] "GET /favicon.ico HTTP/1.1" 404 -
116.224.123.211 - - [21/Jul/2022:09:09:37 +0800] "GET /favicon.ico HTTP/1.1" 404 -
116.224.123.211 - - [21/Jul/2022:09:09:37 +0800] "GET /favicon.ico HTTP/1.1" 404 -
116.224.123.211 - - [21/Jul/2022:09:09:39 +0800] "GET /xingrg/login.html HTTP/1.1" 200 7641
116.224.123.211 - - [21/Jul/2022:09:09:40 +0800] "GET /xingrg/images/blue/jxLogo.png HTTP/1.1" 200 6156
116.224.123.211 - - [21/Jul/2022:09:09:40 +0800] "GET /xingrg/images/blue/login_bg.png HTTP/1.1" 200 22101
116.224.123.211 - - [21/Jul/2022:09:09:40 +0800] "GET /xingrg/images/blue/hj.png HTTP/1.1" 200 1014
116.224.123.211 - - [21/Jul/2022:09:09:40 +0800] "GET /xingrg/images/blue/srbg.png HTTP/1.1" 200 138
116.224.123.211 - - [21/Jul/2022:09:09:41 +0800] "GET /favicon.ico HTTP/1.1" 404 -
114.83.219.182 - - [21/Jul/2022:09:09:43 +0800] "GET /xingrg/kc/print/load_data.html?order_code=212022072105189&kc_code=cgsh&condition= HTTP/1.1" 200 8582
180.169.147.146 - - [21/Jul/2022:09:09:44 +0800] "GET /xingrg/all/function/internal_message.html?_=1658365781600&CODE_STATE=getMsg HTTP/1.1" 200 27
116.224.123.211 - - [21/Jul/2022:09:09:46 +0800] "POST /xingrg/login.do HTTP/1.1" 302 -
116.224.123.211 - - [21/Jul/2022:09:09:46 +0800] "GET /xingrg/index.html?sysBaseUrl=http%3A%2F%2F180.169.147.146%3A18081%2Fxingrg%2F&costTime=39×tamp=1658365786332 HTTP/1.1" 200 17173
116.224.123.211 - - [21/Jul/2022:09:09:46 +0800] "GET /xingrg/javascript/jquery_easy_ui/jquery.easyui.min.js HTTP/1.1" 304 -
116.224.123.211 - - [21/Jul/2022:09:09:46 +0800] "GET /xingrg/javascript/jquery_easy_ui/themes/default/easyui.css HTTP/1.1" 304 -
116.224.123.211 - - [21/Jul/2022:09:09:46 +0800] "GET /xingrg/javascript/jquery_easy_ui/themes/icon.css HTTP/1.1" 304 -
116.224.123.211 - - [21/Jul/2022:09:09:46 +0800] "GET /xingrg/css/form.css HTTP/1.1" 200 893
116.224.123.211 - - [21/Jul/2022:09:09:46 +0800] "GET /xingrg/javascript/jquery_easy_ui/easyui-lang-zh_CN.js HTTP/1.1" 304 -
116.224.123.211 - - [21/Jul/2022:09:09:46 +0800] "GET /xingrg/javascript/jquery-1.4.2.min.js HTTP/1.1" 304 -
116.224.123.211 - - [21/Jul/2022:09:09:46 +0800] "GET /xingrg/javascript/jquery.utils.js HTTP/1.1" 304 -
116.224.123.211 - - [21/Jul/2022:09:09:46 +0800] "GET /xingrg/javascript/jquery.form.js HTTP/1.1" 200 23110
116.224.123.211 - - [21/Jul/2022:09:09:46 +0800] "GET /xingrg/javascript/jquery.timers.js HTTP/1.1" 200 3532
116.224.123.211 - - [21/Jul/2022:09:09:46 +0800] "GET /favicon.ico HTTP/1.1" 404 -
116.224.123.211 - - [21/Jul/2022:09:09:46 +0800] "GET /xingrg/javascript/jquery_easy_ui/themes/icons/settle_new.png HTTP/1.1" 200 826
116.224.123.211 - - [21/Jul/2022:09:09:46 +0800] "GET /xingrg/images/blue/navBackgound.jpg HTTP/1.1" 200 12378
116.224.123.211 - - [21/Jul/2022:09:09:46 +0800] "GET /xingrg/images/blue/pingpu.png HTTP/1.1" 200 231
116.224.123.211 - - [21/Jul/2022:09:09:46 +0800] "GET /xingrg/javascript/jquery_easy_ui/themes/default/images/tabs_rightarrow.png HTTP/1.1" 200 395
116.224.123.211 - - [21/Jul/2022:09:09:46 +0800] "GET /xingrg/javascript/jquery_easy_ui/themes/default/images/tabs_leftarrow.png HTTP/1.1" 200 389
116.224.123.211 - - [21/Jul/2022:09:09:46 +0800] "POST /xingrg/all/common/load_tree.html?tree=area_rest_tree_json&manage=1 HTTP/1.1" 200 342
116.224.123.211 - - [21/Jul/2022:09:09:46 +0800] "GET /xingrg/javascript/jquery_easy_ui/themes/default/images/panel_tool_collapse.gif HTTP/1.1" 200 246
116.224.123.211 - - [21/Jul/2022:09:09:47 +0800] "GET /xingrg/all/function/internal_message.html?_=1658365848468&CODE_STATE=count HTTP/1.1" 200 11
116.224.123.211 - - [21/Jul/2022:09:09:47 +0800] "GET /xingrg/check_reg.html?_=1658365848471 HTTP/1.1" 200 22
116.224.123.211 - - [21/Jul/2022:09:09:47 +0800] "POST /xingrg/load_menu.html HTTP/1.1" 200 5138
116.224.123.211 - - [21/Jul/2022:09:09:47 +0800] "GET /xingrg/javascript/jquery_easy_ui/themes/default/images/tree_arrows.gif HTTP/1.1" 200 1043
116.224.123.211 - - [21/Jul/2022:09:09:47 +0800] "GET /xingrg/javascript/jquery_easy_ui/themes/default/images/tree_folder_open.gif HTTP/1.1" 200 956
116.224.123.211 - - [21/Jul/2022:09:09:47 +0800] "GET /xingrg/javascript/jquery_easy_ui/themes/icons/search_new.png HTTP/1.1" 200 586
116.224.123.211 - - [21/Jul/2022:09:09:47 +0800] "GET /xingrg/javascript/jquery_easy_ui/themes/default/images/tree_folder.gif HTTP/1.1" 200 952
116.224.123.211 - - [21/Jul/2022:09:09:47 +0800] "GET /xingrg/javascript/jquery_easy_ui/themes/icons/storage_new.png HTTP/1.1" 200 853
116.224.123.211 - - [21/Jul/2022:09:09:47 +0800] "GET /xingrg/javascript/jquery_easy_ui/themes/icons/forms_new.png HTTP/1.1" 200 350
116.224.123.211 - - [21/Jul/2022:09:09:47 +0800] "GET /xingrg/javascript/jquery_easy_ui/themes/default/images/tree_file.gif HTTP/1.1" 200 118
114.83.219.182 - - [21/Jul/2022:09:09:48 +0800] "GET /xingrg/kc/buy/cgsh_order_add.html HTTP/1.1" 200 68032
114.83.219.182 - - [21/Jul/2022:09:09:48 +0800] "POST /xingrg/kc/buy/cgsh_order_operate.html HTTP/1.1" 200 8245
114.83.219.182 - - [21/Jul/2022:09:09:48 +0800] "GET /xingrg/javascript/easyui/themes/default/validatebox.css HTTP/1.1" 404 1104
101.83.223.227 - - [21/Jul/2022:09:09:49 +0800] "GET /xingrg/kc/buy/cgsh_order_operate.html?command=get_materiel&rest_code=00150&code=00101008323&supplier_code=00100007&order_time=2022-07-21 HTTP/1.1" 200 408
116.224.123.211 - - [21/Jul/2022:09:09:50 +0800] "GET /xingrg/javascript/jquery_easy_ui/themes/default/images/tabs_close.gif HTTP/1.1" 200 829
116.224.123.211 - - [21/Jul/2022:09:09:50 +0800] "GET /xingrg/css/base.css HTTP/1.1" 200 2811
116.224.123.211 - - [21/Jul/2022:09:09:50 +0800] "GET /xingrg/css/site.css HTTP/1.1" 200 7541
116.224.123.211 - - [21/Jul/2022:09:09:50 +0800] "GET /xingrg/javascript/jquery_tools/datebox.css HTTP/1.1" 200 2597
116.224.123.211 - - [21/Jul/2022:09:09:50 +0800] "GET /xingrg/javascript/easyui/themes/icon.css HTTP/1.1" 200 4483
116.224.123.211 - - [21/Jul/2022:09:09:50 +0800] "GET /xingrg/javascript/auto/jquery.autocomplete.css HTTP/1.1" 304 -
116.224.123.211 - - [21/Jul/2022:09:09:50 +0800] "GET /xingrg/javascript/jquery_tools/table.css HTTP/1.1" 200 1032
116.224.123.211 - - [21/Jul/2022:09:09:50 +0800] "GET /xingrg/javascript/jquery_tools/jquery.tools.min.js HTTP/1.1" 200 138801
116.224.123.211 - - [21/Jul/2022:09:09:50 +0800] "GET /xingrg/kc/buy/cgsh_order_list.html HTTP/1.1" 200 52162
116.224.123.211 - - [21/Jul/2022:09:09:50 +0800] "GET /xingrg/javascript/jquery.cookie.js HTTP/1.1" 200 5513
116.224.123.211 - - [21/Jul/2022:09:09:50 +0800] "GET /xingrg/javascript/jquery_tools/jquery.tools.table.js HTTP/1.1" 200 6994
116.224.123.211 - - [21/Jul/2022:09:09:50 +0800] "GET /xingrg/javascript/jquery_tools/list_manager.js HTTP/1.1" 200 3652
116.224.123.211 - - [21/Jul/2022:09:09:50 +0800] "GET /xingrg/javascript/auto/jquery.autocomplete.js HTTP/1.1" 304 -
116.224.123.211 - - [21/Jul/2022:09:09:50 +0800] "GET /xingrg/javascript/easyui/easyloader.js HTTP/1.1" 200 5975
116.224.123.211 - - [21/Jul/2022:09:09:50 +0800] "GET /xingrg/javascript/jquery_tools/fix.css HTTP/1.1" 200 1702
116.224.123.211 - - [21/Jul/2022:09:09:50 +0800] "GET /xingrg/javascript/jquery_tools/jquery.tools.extend.js HTTP/1.1" 200 15385
116.224.123.211 - - [21/Jul/2022:09:09:50 +0800] "GET /xingrg/javascript/print/LodopFuncs.js HTTP/1.1" 304 -
116.224.123.211 - - [21/Jul/2022:09:09:50 +0800] "GET /xingrg/javascript/jquery_tools/jquery.tools.hotkey.js HTTP/1.1" 200 3242
116.224.123.211 - - [21/Jul/2022:09:09:50 +0800] "GET /xingrg/javascript/easyui/themes/default/easyui.css HTTP/1.1" 200 30432
101.83.223.227 - - [21/Jul/2022:09:09:52 +0800] "POST /xingrg/kc/buy/cgsh_order_operate.html HTTP/1.1" 200 2065
116.224.123.211 - - [21/Jul/2022:09:09:52 +0800] "GET /xingrg/javascript/easyui/themes/icons/edit_add_new.png HTTP/1.1" 200 2997
116.224.123.211 - - [21/Jul/2022:09:09:52 +0800] "GET /xingrg/javascript/easyui/themes/icons/cance_new.png HTTP/1.1" 200 3986
116.224.123.211 - - [21/Jul/2022:09:09:52 +0800] "GET /xingrg/javascript/easyui/themes/icons/check_new.png HTTP/1.1" 200 3224
116.224.123.211 - - [21/Jul/2022:09:09:52 +0800] "GET /xingrg/javascript/easyui/themes/icons/import_new.png HTTP/1.1" 200 1247
116.224.123.211 - - [21/Jul/2022:09:09:52 +0800] "GET /xingrg/javascript/easyui/themes/icons/field_new.png HTTP/1.1" 200 1097
116.224.123.211 - - [21/Jul/2022:09:09:52 +0800] "GET /xingrg/javascript/easyui/plugins/jquery.parser.js HTTP/1.1" 200 1142
116.224.123.211 - - [21/Jul/2022:09:09:52 +0800] "GET /xingrg/images/control/ajaxLoader.gif HTTP/1.1" 200 4659
101.80.228.36 - - [21/Jul/2022:09:09:53 +0800] "GET /xingrg/all/function/internal_message.html?_=1658365788616&CODE_STATE=getMsg HTTP/1.1" 200 27
116.224.123.211 - - [21/Jul/2022:09:09:53 +0800] "POST /xingrg/kc/buy/cgsh_list_operate.html HTTP/1.1" 200 693
116.224.123.211 - - [21/Jul/2022:09:09:53 +0800] "GET /xingrg/javascript/easyui/themes/default/images/button_plain_hover.png HTTP/1.1" 200 144
120.253.135.82 - - [21/Jul/2022:09:09:53 +0800] "GET /xingrg/all/function/internal_message.html?_=1658365291819&CODE_STATE=getMsg HTTP/1.1" 200 27
116.224.123.211 - - [21/Jul/2022:09:09:54 +0800] "GET /xingrg/javascript/pic_change.js HTTP/1.1" 304 -
116.224.123.211 - - [21/Jul/2022:09:09:54 +0800] "GET /xingrg/javascript/convert.js HTTP/1.1" 200 1239
116.224.123.211 - - [21/Jul/2022:09:09:54 +0800] "GET /xingrg/javascript/print/kc_print.js HTTP/1.1" 304 -
116.224.123.211 - - [21/Jul/2022:09:09:54 +0800] "GET /xingrg/javascript/jquery_tools/order_manager.js HTTP/1.1" 200 11183
116.224.123.211 - - [21/Jul/2022:09:09:54 +0800] "GET /xingrg/javascript/json2.js HTTP/1.1" 200 11259
116.224.123.211 - - [21/Jul/2022:09:09:54 +0800] "GET /xingrg/kc/buy/cgsh_order_add.html HTTP/1.1" 200 67979
116.224.123.211 - - [21/Jul/2022:09:09:54 +0800] "GET /xingrg/words/20220720105724_words.js HTTP/1.1" 304 -
116.224.123.211 - - [21/Jul/2022:09:09:55 +0800] "GET /xingrg/javascript/easyui/themes/icons/ok.png HTTP/1.1" 200 883
116.224.123.211 - - [21/Jul/2022:09:09:55 +0800] "GET /xingrg/javascript/easyui/themes/icons/template_new.png HTTP/1.1" 200 3956
116.224.123.211 - - [21/Jul/2022:09:09:55 +0800] "GET /xingrg/javascript/easyui/themes/icons/print.png HTTP/1.1" 200 1057
116.224.123.211 - - [21/Jul/2022:09:09:55 +0800] "GET /xingrg/javascript/easyui/themes/icons/copy_new.png HTTP/1.1" 200 815
116.224.123.211 - - [21/Jul/2022:09:09:55 +0800] "GET /xingrg/javascript/easyui/themes/icons/cancel.png HTTP/1.1" 200 1133
116.224.123.211 - - [21/Jul/2022:09:09:55 +0800] "GET /xingrg/javascript/easyui/themes/default/images/menu_downarrow.png HTTP/1.1" 200 173
116.224.123.211 - - [21/Jul/2022:09:09:55 +0800] "POST /xingrg/kc/buy/cgsh_order_operate.html HTTP/1.1" 200 8245
116.224.123.211 - - [21/Jul/2022:09:09:55 +0800] "GET /xingrg/javascript/easyui/themes/icons/edit_remove.png HTTP/1.1" 200 625
116.224.123.211 - - [21/Jul/2022:09:09:56 +0800] "GET /xingrg/all/common/auto_word.html?type=employee&rest_code=00102 HTTP/1.1" 200 189
116.224.123.211 - - [21/Jul/2022:09:09:56 +0800] "GET /xingrg/all/common/auto_word.html?type=employee&rest_code=00102 HTTP/1.1" 200 189
116.224.123.211 - - [21/Jul/2022:09:09:56 +0800] "GET /xingrg/javascript/easyui/themes/default/validatebox.css HTTP/1.1" 404 1104
116.224.123.211 - - [21/Jul/2022:09:09:56 +0800] "GET /xingrg/javascript/easyui/plugins/jquery.validatebox.js HTTP/1.1" 200 6103
116.224.123.211 - - [21/Jul/2022:09:09:56 +0800] "GET /xingrg/javascript/easyui/plugins/jquery.numberbox.js HTTP/1.1" 200 5213
58.221.95.50 - - [21/Jul/2022:09:09:57 +0800] "GET /xingrg/all/function/internal_message.html?_=1658365796146&CODE_STATE=getMsg HTTP/1.1" 200 27
58.221.95.50 - - [21/Jul/2022:09:09:57 +0800] "GET /xingrg/check_reg.html?_=1658365796150 HTTP/1.1" 200 22
116.230.110.48 - - [21/Jul/2022:09:10:02 +0800] "GET /xingrg/check_reg.html?_=1658365797236 HTTP/1.1" 200 22
116.224.123.211 - - [21/Jul/2022:09:10:03 +0800] "GET /xingrg/javascript/auto/indicator.gif HTTP/1.1" 404 1066
101.83.223.227 - - [21/Jul/2022:09:10:03 +0800] "GET /xingrg/kc/buy/cgsh_order_operate.html?command=get_materiel&rest_code=00150&code=00101008223&supplier_code=00100007&order_time=2022-07-21 HTTP/1.1" 200 412
114.88.155.189 - - [21/Jul/2022:09:10:08 +0800] "POST /xingrg/services/DataTransmitService HTTP/1.1" 200 524
101.83.223.227 - - [21/Jul/2022:09:10:09 +0800] "GET /xingrg/all/function/internal_message.html?_=1658365806919&CODE_STATE=getMsg HTTP/1.1" 200 27
114.83.219.182 - - [21/Jul/2022:09:10:09 +0800] "GET /xingrg/kc/buy/cgsh_order_add.html HTTP/1.1" 200 68032
114.83.219.182 - - [21/Jul/2022:09:10:09 +0800] "POST /xingrg/kc/buy/cgsh_order_operate.html HTTP/1.1" 200 8245
114.83.219.182 - - [21/Jul/2022:09:10:09 +0800] "GET /xingrg/javascript/easyui/themes/default/validatebox.css HTTP/1.1" 404 1104
101.80.228.36 - - [21/Jul/2022:09:10:11 +0800] "GET /xingrg/check_reg.html?_=1658365806884 HTTP/1.1" 200 22
218.81.223.53 - - [21/Jul/2022:09:10:12 +0800] "GET /xingrg/all/function/internal_message.html?_=1658365822555&CODE_STATE=getMsg HTTP/1.1" 200 27
101.83.223.227 - - [21/Jul/2022:09:10:12 +0800] "GET /xingrg/kc/buy/cgsh_order_operate.html?command=get_materiel&rest_code=00150&code=00101008060&supplier_code=00100007&order_time=2022-07-21 HTTP/1.1" 200 416
120.253.135.82 - - [21/Jul/2022:09:10:14 +0800] "GET /xingrg/all/function/internal_message.html?_=1658365620243&CODE_STATE=getMsg HTTP/1.1" 200 27
116.230.110.48 - - [21/Jul/2022:09:10:18 +0800] "GET /xingrg/all/function/internal_message.html?_=1658365813901&CODE_STATE=getMsg HTTP/1.1" 200 27
101.83.223.227 - - [21/Jul/2022:09:10:19 +0800] "GET /xingrg/kc/buy/cgsh_order_operate.html?command=get_materiel&rest_code=00150&code=00101008061&supplier_code=00100007&order_time=2022-07-21 HTTP/1.1" 200 422
116.224.123.211 - - [21/Jul/2022:09:10:24 +0800] "GET /xingrg/kc/buy/cgsh_order_operate.html?command=get_materiel&rest_code=00102&code=00101006184&supplier_code=00100096&order_time=2022-07-21 HTTP/1.1" 200 410
116.230.110.48 - - [21/Jul/2022:09:10:25 +0800] "GET /xingrg/all/function/internal_message.html?_=1658365821050&CODE_STATE=getMsg HTTP/1.1" 200 27
114.86.187.244 - - [21/Jul/2022:09:10:26 +0800] "GET /xingrg/all/function/internal_message.html?_=1658365825663&CODE_STATE=getMsg HTTP/1.1" 200 27
180.175.103.110 - - [21/Jul/2022:09:10:28 +0800] "GET /xingrg/all/function/internal_message.html?_=1658365716418&CODE_STATE=getMsg HTTP/1.1" 200 27
101.83.223.227 - - [21/Jul/2022:09:10:29 +0800] "GET /xingrg/kc/buy/cgsh_order_operate.html?command=get_materiel&rest_code=00150&code=00101008110&supplier_code=00100007&order_time=2022-07-21 HTTP/1.1" 200 424
114.83.219.182 - - [21/Jul/2022:09:10:29 +0800] "GET /xingrg/all/function/internal_message.html?_=1658365823705&CODE_STATE=getMsg HTTP/1.1" 200 27
101.83.223.227 - - [21/Jul/2022:09:10:30 +0800] "POST /xingrg/kc/buy/cgsh_order_operate.html HTTP/1.1" 200 2065
120.253.135.82 - - [21/Jul/2022:09:10:32 +0800] "GET /xingrg/all/function/internal_message.html?_=1658365956777&CODE_STATE=getMsg HTTP/1.1" 200 27
101.83.223.227 - - [21/Jul/2022:09:10:36 +0800] "GET /xingrg/kc/buy/cgsh_order_operate.html?command=get_materiel&rest_code=00150&code=00101008041&supplier_code=00100007&order_time=2022-07-21 HTTP/1.1" 200 408
101.83.223.227 - - [21/Jul/2022:09:10:43 +0800] "GET /xingrg/kc/buy/cgsh_order_operate.html?command=get_materiel&rest_code=00150&code=00101008109&supplier_code=00100007&order_time=2022-07-21 HTTP/1.1" 200 413
180.169.147.146 - - [21/Jul/2022:09:10:44 +0800] "GET /xingrg/all/function/internal_message.html?_=1658365841602&CODE_STATE=getMsg HTTP/1.1" 200 27
116.224.123.211 - - [21/Jul/2022:09:10:47 +0800] "GET /xingrg/all/function/internal_message.html?_=1658365908479&CODE_STATE=getMsg HTTP/1.1" 200 27
101.83.223.227 - - [21/Jul/2022:09:10:49 +0800] "GET /xingrg/kc/buy/cgsh_order_operate.html?command=get_materiel&rest_code=00150&code=00101020152&supplier_code=00100007&order_time=2022-07-21 HTTP/1.1" 200 432
101.80.228.36 - - [21/Jul/2022:09:10:53 +0800] "GET /xingrg/all/function/internal_message.html?_=1658365848588&CODE_STATE=getMsg HTTP/1.1" 200 27
120.253.135.82 - - [21/Jul/2022:09:10:53 +0800] "GET /xingrg/all/function/internal_message.html?_=1658365351845&CODE_STATE=getMsg HTTP/1.1" 200 27
58.221.95.50 - - [21/Jul/2022:09:10:57 +0800] "GET /xingrg/all/function/internal_message.html?_=1658365856157&CODE_STATE=getMsg HTTP/1.1" 200 27
101.83.223.227 - - [21/Jul/2022:09:10:58 +0800] "POST /xingrg/kc/buy/cgsh_order_operate.html HTTP/1.1" 200 37
116.224.123.211 - - [21/Jul/2022:09:11:00 +0800] "GET /xingrg/kc/buy/cgsh_order_operate.html?command=get_materiel&rest_code=00102&code=00101016104&supplier_code=00100096&order_time=2022-07-21 HTTP/1.1" 200 425
101.83.223.227 - - [21/Jul/2022:09:11:01 +0800] "POST /xingrg/kc/buy/cgsh_order_operate.html HTTP/1.1" 200 24542
101.83.223.227 - - [21/Jul/2022:09:11:04 +0800] "GET /xingrg/kc/buy/cgsh_order_add.html HTTP/1.1" 200 67862
101.83.223.227 - - [21/Jul/2022:09:11:04 +0800] "POST /xingrg/kc/buy/cgsh_order_operate.html HTTP/1.1" 200 8245
101.83.223.227 - - [21/Jul/2022:09:11:04 +0800] "GET /xingrg/javascript/easyui/themes/default/validatebox.css HTTP/1.1" 404 1104
218.81.223.53 - - [21/Jul/2022:09:11:06 +0800] "POST /xingrg/kc/buy/cgsh_list_operate.html HTTP/1.1" 200 3039
101.83.223.227 - - [21/Jul/2022:09:11:09 +0800] "GET /xingrg/all/function/internal_message.html?_=1658365866930&CODE_STATE=getMsg HTTP/1.1" 200 27
101.83.223.227 - - [21/Jul/2022:09:11:09 +0800] "GET /xingrg/check_reg.html?_=1658365866936 HTTP/1.1" 200 22
218.81.223.53 - - [21/Jul/2022:09:11:09 +0800] "POST /xingrg/kc/buy/cgsh_list_operate.html HTTP/1.1" 200 434
218.81.223.53 - - [21/Jul/2022:09:11:11 +0800] "GET /xingrg/kc/buy/cgsh_order_info.html?code=212022072105184 HTTP/1.1" 200 67915
218.81.223.53 - - [21/Jul/2022:09:11:11 +0800] "GET /xingrg/javascript/easyui/themes/default/validatebox.css HTTP/1.1" 404 1104
218.81.223.53 - - [21/Jul/2022:09:11:12 +0800] "GET /xingrg/all/function/internal_message.html?_=1658365882912&CODE_STATE=getMsg HTTP/1.1" 200 27
218.81.223.53 - - [21/Jul/2022:09:11:12 +0800] "POST /xingrg/kc/buy/cgsh_order_operate.html HTTP/1.1" 200 4452
116.224.123.211 - - [21/Jul/2022:09:11:12 +0800] "GET /xingrg/kc/buy/cgsh_order_operate.html?command=get_materiel&rest_code=00102&code=00101006111&supplier_code=00100096&order_time=2022-07-21 HTTP/1.1" 200 411
120.253.135.82 - - [21/Jul/2022:09:11:15 +0800] "GET /xingrg/all/function/internal_message.html?_=1658365680558&CODE_STATE=getMsg HTTP/1.1" 200 27
116.230.110.48 - - [21/Jul/2022:09:11:18 +0800] "GET /xingrg/all/function/internal_message.html?_=1658365873888&CODE_STATE=getMsg HTTP/1.1" 200 27
116.230.110.48 - - [21/Jul/2022:09:11:25 +0800] "GET /xingrg/all/function/internal_message.html?_=1658365881051&CODE_STATE=getMsg HTTP/1.1" 200 27
114.86.187.244 - - [21/Jul/2022:09:11:26 +0800] "GET /xingrg/all/function/internal_message.html?_=1658365885670&CODE_STATE=getMsg HTTP/1.1" 200 27
116.224.123.211 - - [21/Jul/2022:09:11:26 +0800] "GET /xingrg/kc/buy/cgsh_order_operate.html?command=get_materiel&rest_code=00102&code=00101007082&supplier_code=00100096&order_time=2022-07-21 HTTP/1.1" 200 429
180.175.103.110 - - [21/Jul/2022:09:11:28 +0800] "GET /xingrg/check_reg.html?_=1658365776419 HTTP/1.1" 200 22
180.175.103.110 - - [21/Jul/2022:09:11:28 +0800] "GET /xingrg/all/function/internal_message.html?_=1658365776422&CODE_STATE=getMsg HTTP/1.1" 200 27
114.83.219.182 - - [21/Jul/2022:09:11:28 +0800] "GET /xingrg/check_reg.html?_=1658365883158 HTTP/1.1" 200 22
114.83.219.182 - - [21/Jul/2022:09:11:29 +0800] "GET /xingrg/all/function/internal_message.html?_=1658365883688&CODE_STATE=getMsg HTTP/1.1" 200 27
120.253.135.82 - - [21/Jul/2022:09:11:32 +0800] "GET /xingrg/all/function/internal_message.html?_=1658366016837&CODE_STATE=getMsg HTTP/1.1" 200 27
101.83.223.227 - - [21/Jul/2022:09:11:32 +0800] "GET /xingrg/kc/buy/cgsh_order_operate.html?command=get_materiel&rest_code=00150&code=00101009001&supplier_code=00100424&order_time=2022-07-21 HTTP/1.1" 200 416
101.83.223.227 - - [21/Jul/2022:09:11:40 +0800] "GET /xingrg/kc/buy/cgsh_order_operate.html?command=get_materiel&rest_code=00150&code=00101009062&supplier_code=00100424&order_time=2022-07-21 HTTP/1.1" 200 412
180.169.147.146 - - [21/Jul/2022:09:11:44 +0800] "GET /xingrg/all/function/internal_message.html?_=1658365901604&CODE_STATE=getMsg HTTP/1.1" 200 27
116.224.123.211 - - [21/Jul/2022:09:11:44 +0800] "GET /xingrg/kc/buy/cgsh_order_operate.html?command=get_materiel&rest_code=00102&code=00101006193&supplier_code=00100096&order_time=2022-07-21 HTTP/1.1" 200 427
116.224.123.211 - - [21/Jul/2022:09:11:47 +0800] "GET /xingrg/all/function/internal_message.html?_=1658365968544&CODE_STATE=getMsg HTTP/1.1" 200 27
101.83.223.227 - - [21/Jul/2022:09:11:48 +0800] "GET /xingrg/kc/buy/cgsh_order_operate.html?command=get_materiel&rest_code=00150&code=00101009124&supplier_code=00100424&order_time=2022-07-21 HTTP/1.1" 200 416
101.80.228.36 - - [21/Jul/2022:09:11:53 +0800] "GET /xingrg/all/function/internal_message.html?_=1658365908558&CODE_STATE=getMsg HTTP/1.1" 200 27
120.253.135.82 - - [21/Jul/2022:09:11:53 +0800] "GET /xingrg/all/function/internal_message.html?_=1658365411845&CODE_STATE=getMsg HTTP/1.1" 200 27
101.83.223.227 - - [21/Jul/2022:09:11:53 +0800] "POST /xingrg/kc/buy/cgsh_order_operate.html HTTP/1.1" 200 37
101.83.223.227 - - [21/Jul/2022:09:11:55 +0800] "POST /xingrg/kc/buy/cgsh_order_operate.html HTTP/1.1" 200 3846
58.221.95.50 - - [21/Jul/2022:09:11:57 +0800] "GET /xingrg/all/function/internal_message.html?_=1658365916147&CODE_STATE=getMsg HTTP/1.1" 200 27
218.81.223.53 - - [21/Jul/2022:09:12:04 +0800] "GET /xingrg/check_reg.html?_=1658365935625 HTTP/1.1" 200 22
116.224.123.211 - - [21/Jul/2022:09:12:07 +0800] "GET /xingrg/kc/buy/cgsh_order_operate.html?command=get_materiel&rest_code=00102&code=00101006019&supplier_code=00100096&order_time=2022-07-21 HTTP/1.1" 200 433
101.83.223.227 - - [21/Jul/2022:09:12:09 +0800] "GET /xingrg/all/function/internal_message.html?_=1658365926931&CODE_STATE=getMsg HTTP/1.1" 200 27
218.81.223.53 - - [21/Jul/2022:09:12:12 +0800] "GET /xingrg/all/function/internal_message.html?_=1658365942924&CODE_STATE=getMsg HTTP/1.1" 200 27
218.81.223.53 - - [21/Jul/2022:09:12:12 +0800] "POST /xingrg/kc/buy/cgsh_order_operate.html HTTP/1.1" 200 37
218.81.223.53 - - [21/Jul/2022:09:12:14 +0800] "POST /xingrg/kc/buy/cgsh_order_operate.html HTTP/1.1" 200 4444
120.253.135.82 - - [21/Jul/2022:09:12:14 +0800] "GET /xingrg/check_reg.html?_=1658365739931 HTTP/1.1" 200 22
120.253.135.82 - - [21/Jul/2022:09:12:15 +0800] "GET /xingrg/all/function/internal_message.html?_=1658365740832&CODE_STATE=getMsg HTTP/1.1" 200 27
116.224.123.211 - - [21/Jul/2022:09:12:18 +0800] "GET /xingrg/kc/buy/cgsh_order_operate.html?command=get_materiel&rest_code=00102&code=00101012030&supplier_code=00100096&order_time=2022-07-21 HTTP/1.1" 200 432
116.230.110.48 - - [21/Jul/2022:09:12:18 +0800] "GET /xingrg/all/function/internal_message.html?_=1658365933863&CODE_STATE=getMsg HTTP/1.1" 200 27
120.253.135.82 - - [21/Jul/2022:09:12:19 +0800] "GET /xingrg/check_reg.html?_=1658366064124 HTTP/1.1" 200 22
116.230.110.48 - - [21/Jul/2022:09:12:25 +0800] "GET /xingrg/all/function/internal_message.html?_=1658365941048&CODE_STATE=getMsg HTTP/1.1" 200 27
114.86.187.244 - - [21/Jul/2022:09:12:26 +0800] "GET /xingrg/check_reg.html?_=1658365945675 HTTP/1.1" 200 22
114.86.187.244 - - [21/Jul/2022:09:12:26 +0800] "GET /xingrg/all/function/internal_message.html?_=1658365945683&CODE_STATE=getMsg HTTP/1.1" 200 27
180.175.103.110 - - [21/Jul/2022:09:12:28 +0800] "GET /xingrg/all/function/internal_message.html?_=1658365836422&CODE_STATE=getMsg HTTP/1.1" 200 27
180.171.131.125 - - [21/Jul/2022:09:12:28 +0800] "POST /xingrg/services/DataTransmitService HTTP/1.1" 200 524
114.83.219.182 - - [21/Jul/2022:09:12:29 +0800] "GET /xingrg/all/function/internal_message.html?_=1658365943666&CODE_STATE=getMsg HTTP/1.1" 200 27
180.171.131.125 - - [21/Jul/2022:09:12:29 +0800] "POST /xingrg/services/DataTransmitService HTTP/1.1" 200 412
114.83.219.182 - - [21/Jul/2022:09:12:31 +0800] "GET /xingrg/kc/buy/cgsh_order_operate.html?command=get_materiel&rest_code=00149&code=00101010031&supplier_code=00100329&order_time=2022-07-20 HTTP/1.1" 200 414
120.253.135.82 - - [21/Jul/2022:09:12:32 +0800] "GET /xingrg/all/function/internal_message.html?_=1658366076850&CODE_STATE=getMsg HTTP/1.1" 200 27
114.83.219.182 - - [21/Jul/2022:09:12:39 +0800] "GET /xingrg/javascript/jquery_easy_ui/themes/default/images/tabs_active.png HTTP/1.1" 200 2894
114.83.219.182 - - [21/Jul/2022:09:12:40 +0800] "POST /xingrg/kc/buy/cgsh_order_operate.html HTTP/1.1" 200 37
180.169.147.146 - - [21/Jul/2022:09:12:44 +0800] "GET /xingrg/all/function/internal_message.html?_=1658365961606&CODE_STATE=getMsg HTTP/1.1" 200 27
114.83.219.182 - - [21/Jul/2022:09:12:47 +0800] "POST /xingrg/kc/buy/cgsh_order_operate.html HTTP/1.1" 200 12
116.224.123.211 - - [21/Jul/2022:09:12:47 +0800] "GET /xingrg/all/function/internal_message.html?_=1658366028553&CODE_STATE=getMsg HTTP/1.1" 200 27
116.224.123.211 - - [21/Jul/2022:09:12:49 +0800] "GET /xingrg/kc/buy/cgsh_order_operate.html?command=get_materiel&rest_code=00102&code=00101007049&supplier_code=00100096&order_time=2022-07-21 HTTP/1.1" 200 424
114.83.219.182 - - [21/Jul/2022:09:12:50 +0800] "GET /xingrg/kc/buy/cgsh_order_info.html?code=212022072105195 HTTP/1.1" 200 62939
114.83.219.182 - - [21/Jul/2022:09:12:50 +0800] "GET /xingrg/javascript/easyui/themes/default/validatebox.css HTTP/1.1" 404 1104
114.83.219.182 - - [21/Jul/2022:09:12:51 +0800] "POST /xingrg/kc/buy/cgsh_order_operate.html HTTP/1.1" 200 608
114.83.219.182 - - [21/Jul/2022:09:12:52 +0800] "GET /xingrg/kc/print/load_data.html?order_code=212022072105195&kc_code=cgsh&condition= HTTP/1.1" 200 715
101.80.228.36 - - [21/Jul/2022:09:12:53 +0800] "GET /xingrg/all/function/internal_message.html?_=1658365968544&CODE_STATE=getMsg HTTP/1.1" 200 27
120.253.135.82 - - [21/Jul/2022:09:12:53 +0800] "GET /xingrg/all/function/internal_message.html?_=1658365471844&CODE_STATE=getMsg HTTP/1.1" 200 27
120.253.135.82 - - [21/Jul/2022:09:12:53 +0800] "GET /xingrg/check_reg.html?_=1658365471847 HTTP/1.1" 200 22
114.83.219.182 - - [21/Jul/2022:09:12:56 +0800] "GET /xingrg/kc/buy/cgsh_order_add.html HTTP/1.1" 200 68032
114.83.219.182 - - [21/Jul/2022:09:12:57 +0800] "POST /xingrg/kc/buy/cgsh_order_operate.html HTTP/1.1" 200 8245
114.83.219.182 - - [21/Jul/2022:09:12:57 +0800] "GET /xingrg/javascript/easyui/themes/default/validatebox.css HTTP/1.1" 404 1104
58.221.95.50 - - [21/Jul/2022:09:12:57 +0800] "GET /xingrg/all/function/internal_message.html?_=1658365976147&CODE_STATE=getMsg HTTP/1.1" 200 27
101.83.223.227 - - [21/Jul/2022:09:13:01 +0800] "POST /xingrg/all/user/operate.html HTTP/1.1" 200 36
101.83.223.227 - - [21/Jul/2022:09:13:01 +0800] "GET /xingrg/index.html?sysBaseUrl=http%3A%2F%2F180.169.147.146%3A18081%2Fxingrg%2F&costTime=44×tamp=1658364591704 HTTP/1.1" 200 17177
101.83.223.227 - - [21/Jul/2022:09:13:01 +0800] "GET /xingrg/javascript/jquery_easy_ui/themes/default/easyui.css HTTP/1.1" 304 -
101.83.223.227 - - [21/Jul/2022:09:13:01 +0800] "GET /xingrg/javascript/jquery_easy_ui/themes/icon.css HTTP/1.1" 304 -
101.83.223.227 - - [21/Jul/2022:09:13:01 +0800] "GET /xingrg/css/form.css HTTP/1.1" 304 -
101.83.223.227 - - [21/Jul/2022:09:13:01 +0800] "GET /xingrg/javascript/jquery-1.4.2.min.js HTTP/1.1" 304 -
101.83.223.227 - - [21/Jul/2022:09:13:01 +0800] "GET /xingrg/javascript/jquery_easy_ui/jquery.easyui.min.js HTTP/1.1" 304 -
101.83.223.227 - - [21/Jul/2022:09:13:01 +0800] "GET /xingrg/javascript/jquery_easy_ui/easyui-lang-zh_CN.js HTTP/1.1" 304 -
101.83.223.227 - - [21/Jul/2022:09:13:01 +0800] "GET /xingrg/javascript/jquery.form.js HTTP/1.1" 304 -
101.83.223.227 - - [21/Jul/2022:09:13:02 +0800] "GET /xingrg/javascript/jquery.utils.js HTTP/1.1" 304 -
101.83.223.227 - - [21/Jul/2022:09:13:02 +0800] "GET /xingrg/javascript/jquery.timers.js HTTP/1.1" 304 -
101.83.223.227 - - [21/Jul/2022:09:13:02 +0800] "GET /xingrg/images/blue/jxLogo.png HTTP/1.1" 304 -
101.83.223.227 - - [21/Jul/2022:09:13:02 +0800] "GET /xingrg/images/blue/navBackgound.jpg HTTP/1.1" 304 -
101.83.223.227 - - [21/Jul/2022:09:13:02 +0800] "GET /xingrg/javascript/jquery_easy_ui/themes/icons/settle_new.png HTTP/1.1" 304 -
101.83.223.227 - - [21/Jul/2022:09:13:02 +0800] "POST /xingrg/all/common/load_tree.html?tree=area_rest_tree_json&manage=1 HTTP/1.1" 200 476
101.83.223.227 - - [21/Jul/2022:09:13:02 +0800] "GET /xingrg/all/function/internal_message.html?_=1658365980038&CODE_STATE=count HTTP/1.1" 200 11
101.83.223.227 - - [21/Jul/2022:09:13:02 +0800] "GET /xingrg/check_reg.html?_=1658365980040 HTTP/1.1" 200 22
101.83.223.227 - - [21/Jul/2022:09:13:02 +0800] "GET /xingrg/javascript/jquery_easy_ui/themes/default/images/tabs_rightarrow.png HTTP/1.1" 304 -
101.83.223.227 - - [21/Jul/2022:09:13:02 +0800] "POST /xingrg/load_menu.html HTTP/1.1" 200 5138
101.83.223.227 - - [21/Jul/2022:09:13:02 +0800] "GET /xingrg/javascript/jquery_easy_ui/themes/default/images/tabs_leftarrow.png HTTP/1.1" 304 -
101.83.223.227 - - [21/Jul/2022:09:13:02 +0800] "GET /xingrg/images/blue/pingpu.png HTTP/1.1" 304 -
101.83.223.227 - - [21/Jul/2022:09:13:02 +0800] "GET /xingrg/javascript/jquery_easy_ui/themes/default/images/panel_tool_collapse.gif HTTP/1.1" 304 -
101.83.223.227 - - [21/Jul/2022:09:13:02 +0800] "GET /xingrg/javascript/jquery_easy_ui/themes/icons/search_new.png HTTP/1.1" 304 -
101.83.223.227 - - [21/Jul/2022:09:13:02 +0800] "GET /xingrg/javascript/jquery_easy_ui/themes/icons/forms_new.png HTTP/1.1" 304 -
101.83.223.227 - - [21/Jul/2022:09:13:02 +0800] "GET /xingrg/javascript/jquery_easy_ui/themes/default/images/tree_file.gif HTTP/1.1" 304 -
101.83.223.227 - - [21/Jul/2022:09:13:02 +0800] "GET /xingrg/javascript/jquery_easy_ui/themes/icons/storage_new.png HTTP/1.1" 304 -
101.83.223.227 - - [21/Jul/2022:09:13:02 +0800] "GET /xingrg/javascript/jquery_easy_ui/themes/default/images/tree_folder.gif HTTP/1.1" 304 -
101.83.223.227 - - [21/Jul/2022:09:13:02 +0800] "GET /xingrg/javascript/jquery_easy_ui/themes/default/images/tree_arrows.gif HTTP/1.1" 304 -
101.83.223.227 - - [21/Jul/2022:09:13:02 +0800] "GET /xingrg/javascript/jquery_easy_ui/themes/default/images/tree_folder_open.gif HTTP/1.1" 304 -
101.83.223.227 - - [21/Jul/2022:09:13:06 +0800] "GET /xingrg/kc/buy/cgsh_order_list.html HTTP/1.1" 200 52166
101.83.223.227 - - [21/Jul/2022:09:13:07 +0800] "POST /xingrg/kc/buy/cgsh_list_operate.html HTTP/1.1" 200 693
101.83.223.227 - - [21/Jul/2022:09:13:07 +0800] "GET /xingrg/kc/buy/cgsh_order_add.html HTTP/1.1" 200 67542
101.83.223.227 - - [21/Jul/2022:09:13:08 +0800] "POST /xingrg/kc/buy/cgsh_order_operate.html HTTP/1.1" 200 8245
101.83.223.227 - - [21/Jul/2022:09:13:08 +0800] "GET /xingrg/javascript/easyui/themes/default/validatebox.css HTTP/1.1" 404 1104
101.83.223.227 - - [21/Jul/2022:09:13:09 +0800] "GET /xingrg/javascript/auto/indicator.gif HTTP/1.1" 404 1066
116.224.123.211 - - [21/Jul/2022:09:13:11 +0800] "POST /xingrg/kc/buy/cgsh_order_operate.html HTTP/1.1" 200 37
218.81.223.53 - - [21/Jul/2022:09:13:12 +0800] "GET /xingrg/all/function/internal_message.html?_=1658366002938&CODE_STATE=getMsg HTTP/1.1" 200 27
114.83.219.182 - - [21/Jul/2022:09:13:13 +0800] "GET /xingrg/kc/buy/cgsh_order_operate.html?command=get_materiel&rest_code=00149&code=00101001045&supplier_code=00100439&order_time=2022-07-20 HTTP/1.1" 200 423
120.253.135.82 - - [21/Jul/2022:09:13:15 +0800] "GET /xingrg/all/function/internal_message.html?_=1658365800845&CODE_STATE=getMsg HTTP/1.1" 200 27
101.83.223.227 - - [21/Jul/2022:09:13:16 +0800] "GET /xingrg/kc/buy/cgsh_order_operate.html?command=get_materiel&rest_code=00151&code=00101012039&supplier_code=00100007&order_time=2022-07-21 HTTP/1.1" 200 408
116.230.110.48 - - [21/Jul/2022:09:13:18 +0800] "GET /xingrg/all/function/internal_message.html?_=1658365993837&CODE_STATE=getMsg HTTP/1.1" 200 27
116.224.123.211 - - [21/Jul/2022:09:13:20 +0800] "POST /xingrg/kc/buy/cgsh_order_operate.html HTTP/1.1" 200 12
114.83.219.182 - - [21/Jul/2022:09:13:25 +0800] "POST /xingrg/kc/buy/cgsh_order_operate.html HTTP/1.1" 200 37
116.230.110.48 - - [21/Jul/2022:09:13:25 +0800] "GET /xingrg/check_reg.html?_=1658366001049 HTTP/1.1" 200 22
116.230.110.48 - - [21/Jul/2022:09:13:25 +0800] "GET /xingrg/all/function/internal_message.html?_=1658366001054&CODE_STATE=getMsg HTTP/1.1" 200 27
114.86.187.244 - - [21/Jul/2022:09:13:26 +0800] "GET /xingrg/all/function/internal_message.html?_=1658366005668&CODE_STATE=getMsg HTTP/1.1" 200 27
101.83.223.227 - - [21/Jul/2022:09:13:26 +0800] "GET /xingrg/kc/buy/cgsh_order_operate.html?command=get_materiel&rest_code=00151&code=00101008323&supplier_code=00100007&order_time=2022-07-21 HTTP/1.1" 200 408
180.175.103.110 - - [21/Jul/2022:09:13:28 +0800] "GET /xingrg/all/function/internal_message.html?_=1658365896422&CODE_STATE=getMsg HTTP/1.1" 200 27
114.83.219.182 - - [21/Jul/2022:09:13:29 +0800] "GET /xingrg/all/function/internal_message.html?_=1658366003651&CODE_STATE=getMsg HTTP/1.1" 200 27
114.83.219.182 - - [21/Jul/2022:09:13:29 +0800] "POST /xingrg/kc/buy/cgsh_order_operate.html HTTP/1.1" 200 12
116.224.123.211 - - [21/Jul/2022:09:13:29 +0800] "GET /xingrg/kc/buy/cgsh_order_info.html?code=212022072105196 HTTP/1.1" 200 62870
116.224.123.211 - - [21/Jul/2022:09:13:30 +0800] "GET /xingrg/javascript/jquery_easy_ui/themes/icons/area.png HTTP/1.1" 200 262
116.224.123.211 - - [21/Jul/2022:09:13:30 +0800] "GET /xingrg/javascript/jquery_easy_ui/themes/icons/rest.png HTTP/1.1" 200 695
114.83.219.182 - - [21/Jul/2022:09:13:30 +0800] "GET /xingrg/kc/buy/cgsh_order_info.html?code=212022072105197 HTTP/1.1" 200 62939
116.224.123.211 - - [21/Jul/2022:09:13:30 +0800] "GET /xingrg/javascript/easyui/themes/default/validatebox.css HTTP/1.1" 404 1104
114.83.219.182 - - [21/Jul/2022:09:13:30 +0800] "GET /xingrg/javascript/easyui/themes/default/validatebox.css HTTP/1.1" 404 1104
116.224.123.211 - - [21/Jul/2022:09:13:31 +0800] "POST /xingrg/kc/buy/cgsh_order_operate.html HTTP/1.1" 200 4763
114.83.219.182 - - [21/Jul/2022:09:13:31 +0800] "POST /xingrg/kc/buy/cgsh_order_operate.html HTTP/1.1" 200 620
120.253.135.82 - - [21/Jul/2022:09:13:32 +0800] "GET /xingrg/all/function/internal_message.html?_=1658366136863&CODE_STATE=getMsg HTTP/1.1" 200 27
114.83.219.182 - - [21/Jul/2022:09:13:32 +0800] "GET /xingrg/kc/print/load_data.html?order_code=212022072105197&kc_code=cgsh&condition= HTTP/1.1" 200 728
101.83.223.227 - - [21/Jul/2022:09:13:33 +0800] "GET /xingrg/kc/buy/cgsh_order_operate.html?command=get_materiel&rest_code=00151&code=00101008318&supplier_code=00100007&order_time=2022-07-21 HTTP/1.1" 200 408
114.83.219.182 - - [21/Jul/2022:09:13:36 +0800] "GET /xingrg/kc/buy/cgsh_order_add.html HTTP/1.1" 200 68032
114.83.219.182 - - [21/Jul/2022:09:13:36 +0800] "POST /xingrg/kc/buy/cgsh_order_operate.html HTTP/1.1" 200 8245
114.83.219.182 - - [21/Jul/2022:09:13:36 +0800] "GET /xingrg/javascript/easyui/themes/default/validatebox.css HTTP/1.1" 404 1104
101.83.223.227 - - [21/Jul/2022:09:13:38 +0800] "GET /xingrg/kc/buy/cgsh_order_operate.html?command=get_materiel&rest_code=00151&code=00101016051&supplier_code=00100007&order_time=2022-07-21 HTTP/1.1" 200 408
101.83.223.227 - - [21/Jul/2022:09:13:44 +0800] "GET /xingrg/kc/buy/cgsh_order_operate.html?command=get_materiel&rest_code=00151&code=00101008095&supplier_code=00100007&order_time=2022-07-21 HTTP/1.1" 200 428
180.169.147.146 - - [21/Jul/2022:09:13:44 +0800] "GET /xingrg/all/function/internal_message.html?_=1658366021614&CODE_STATE=getMsg HTTP/1.1" 200 27
180.169.147.146 - - [21/Jul/2022:09:13:44 +0800] "GET /xingrg/check_reg.html?_=1658366021618 HTTP/1.1" 200 22
116.224.123.211 - - [21/Jul/2022:09:13:47 +0800] "GET /xingrg/all/function/internal_message.html?_=1658366088566&CODE_STATE=getMsg HTTP/1.1" 200 27
101.83.223.227 - - [21/Jul/2022:09:13:49 +0800] "GET /xingrg/kc/buy/cgsh_order_operate.html?command=get_materiel&rest_code=00151&code=00101008302&supplier_code=00100007&order_time=2022-07-21 HTTP/1.1" 200 412
116.224.123.211 - - [21/Jul/2022:09:13:50 +0800] "GET /xingrg/kc/print/load_config.html?kc_code=cgsh HTTP/1.1" 200 1943
116.224.123.211 - - [21/Jul/2022:09:13:51 +0800] "GET /xingrg/kc/print/load_data.html?order_code=212022072105196&kc_code=cgsh&condition= HTTP/1.1" 200 2248
101.80.228.36 - - [21/Jul/2022:09:13:53 +0800] "GET /xingrg/all/function/internal_message.html?_=1658366028513&CODE_STATE=getMsg HTTP/1.1" 200 27
120.253.135.82 - - [21/Jul/2022:09:13:53 +0800] "GET /xingrg/all/function/internal_message.html?_=1658365531845&CODE_STATE=getMsg HTTP/1.1" 200 27
101.83.223.227 - - [21/Jul/2022:09:13:54 +0800] "GET /xingrg/kc/buy/cgsh_order_operate.html?command=get_materiel&rest_code=00151&code=00101008344&supplier_code=00100007&order_time=2022-07-21 HTTP/1.1" 200 412
114.83.219.182 - - [21/Jul/2022:09:13:56 +0800] "GET /xingrg/kc/buy/cgsh_order_operate.html?command=get_materiel&rest_code=00149&code=00101002006&supplier_code=00100091&order_time=2022-07-20 HTTP/1.1" 200 413
58.221.95.50 - - [21/Jul/2022:09:13:57 +0800] "GET /xingrg/all/function/internal_message.html?_=1658366036155&CODE_STATE=getMsg HTTP/1.1" 200 27
101.83.223.227 - - [21/Jul/2022:09:14:00 +0800] "GET /xingrg/kc/buy/cgsh_order_operate.html?command=get_materiel&rest_code=00151&code=00101008351&supplier_code=00100007&order_time=2022-07-21 HTTP/1.1" 200 408
101.83.223.227 - - [21/Jul/2022:09:14:02 +0800] "GET /xingrg/all/function/internal_message.html?_=1658366040053&CODE_STATE=getMsg HTTP/1.1" 200 27
114.83.219.182 - - [21/Jul/2022:09:14:04 +0800] "POST /xingrg/kc/buy/cgsh_order_operate.html HTTP/1.1" 200 37
101.83.223.227 - - [21/Jul/2022:09:14:06 +0800] "GET /xingrg/kc/buy/cgsh_order_operate.html?command=get_materiel&rest_code=00151&code=00101008371&supplier_code=00100007&order_time=2022-07-21 HTTP/1.1" 200 412
114.83.219.182 - - [21/Jul/2022:09:14:08 +0800] "POST /xingrg/kc/buy/cgsh_order_operate.html HTTP/1.1" 200 12
114.83.219.182 - - [21/Jul/2022:09:14:10 +0800] "GET /xingrg/kc/buy/cgsh_order_info.html?code=212022072105198 HTTP/1.1" 200 62939
114.83.219.182 - - [21/Jul/2022:09:14:10 +0800] "GET /xingrg/javascript/easyui/themes/default/validatebox.css HTTP/1.1" 404 1104
114.83.219.182 - - [21/Jul/2022:09:14:10 +0800] "POST /xingrg/kc/buy/cgsh_order_operate.html HTTP/1.1" 200 610
218.81.223.53 - - [21/Jul/2022:09:14:12 +0800] "GET /xingrg/all/function/internal_message.html?_=1658366062952&CODE_STATE=getMsg HTTP/1.1" 200 27
114.83.219.182 - - [21/Jul/2022:09:14:12 +0800] "GET /xingrg/kc/print/load_data.html?order_code=212022072105198&kc_code=cgsh&condition= HTTP/1.1" 200 780
101.83.223.227 - - [21/Jul/2022:09:14:13 +0800] "GET /xingrg/kc/buy/cgsh_order_operate.html?command=get_materiel&rest_code=00151&code=00101008144&supplier_code=00100007&order_time=2022-07-21 HTTP/1.1" 200 412
114.83.219.182 - - [21/Jul/2022:09:14:14 +0800] "POST /xingrg/services/DataTransmitService HTTP/1.1" 200 524
120.253.135.82 - - [21/Jul/2022:09:14:15 +0800] "GET /xingrg/all/function/internal_message.html?_=1658365860859&CODE_STATE=getMsg HTTP/1.1" 200 27
114.83.219.182 - - [21/Jul/2022:09:14:16 +0800] "GET /xingrg/kc/buy/cgsh_order_add.html HTTP/1.1" 200 68032
114.83.219.182 - - [21/Jul/2022:09:14:16 +0800] "POST /xingrg/kc/buy/cgsh_order_operate.html HTTP/1.1" 200 8245
114.83.219.182 - - [21/Jul/2022:09:14:16 +0800] "GET /xingrg/javascript/easyui/themes/default/validatebox.css HTTP/1.1" 404 1104
116.230.110.48 - - [21/Jul/2022:09:14:18 +0800] "GET /xingrg/all/function/internal_message.html?_=1658366053820&CODE_STATE=getMsg HTTP/1.1" 200 27
101.83.223.227 - - [21/Jul/2022:09:14:19 +0800] "GET /xingrg/kc/buy/cgsh_order_operate.html?command=get_materiel&rest_code=00151&code=00101008080&supplier_code=00100007&order_time=2022-07-21 HTTP/1.1" 200 416
101.83.223.227 - - [21/Jul/2022:09:14:24 +0800] "GET /xingrg/kc/buy/cgsh_order_operate.html?command=get_materiel&rest_code=00151&code=00101008024&supplier_code=00100007&order_time=2022-07-21 HTTP/1.1" 200 408
116.230.110.48 - - [21/Jul/2022:09:14:25 +0800] "GET /xingrg/all/function/internal_message.html?_=1658366061047&CODE_STATE=getMsg HTTP/1.1" 200 27
114.86.187.244 - - [21/Jul/2022:09:14:26 +0800] "GET /xingrg/all/function/internal_message.html?_=1658366065669&CODE_STATE=getMsg HTTP/1.1" 200 27
114.83.219.182 - - [21/Jul/2022:09:14:28 +0800] "GET /xingrg/kc/buy/cgsh_order_operate.html?command=get_materiel&rest_code=00149&code=00101001016&supplier_code=00100312&order_time=2022-07-20 HTTP/1.1" 200 433
180.175.103.110 - - [21/Jul/2022:09:14:28 +0800] "GET /xingrg/all/function/internal_message.html?_=1658365956422&CODE_STATE=getMsg HTTP/1.1" 200 27
114.83.219.182 - - [21/Jul/2022:09:14:29 +0800] "GET /xingrg/all/function/internal_message.html?_=1658366063633&CODE_STATE=getMsg HTTP/1.1" 200 27
