116.230.110.48 - - [19/Jul/2022:13:14:31 +0800] "GET /xingrg/all/function/internal_message.html?_=1658207669216&CODE_STATE=getMsg HTTP/1.1" 200 27
101.85.120.95 - - [19/Jul/2022:13:14:31 +0800] "GET /xingrg/all/function/internal_message.html?_=1658207669454&CODE_STATE=getMsg HTTP/1.1" 200 27
58.35.196.166 - - [19/Jul/2022:13:14:32 +0800] "GET /xingrg/all/function/internal_message.html?_=1658207669200&CODE_STATE=getMsg HTTP/1.1" 200 27
116.228.172.94 - - [19/Jul/2022:13:14:34 +0800] "GET /xingrg/all/function/internal_message.html?_=1658207420907&CODE_STATE=getMsg HTTP/1.1" 200 27
58.37.4.65 - - [19/Jul/2022:13:14:35 +0800] "GET /xingrg/kc/buy/cgsh_order_operate.html?command=get_materiel&rest_code=00106&code=00101008402&supplier_code=00100007&order_time=2022-07-19 HTTP/1.1" 200 410
101.83.223.227 - - [19/Jul/2022:13:14:39 +0800] "GET /xingrg/check_reg.html?_=1658207629169 HTTP/1.1" 200 22
58.37.4.65 - - [19/Jul/2022:13:14:39 +0800] "POST /xingrg/kc/buy/cgsh_order_operate.html HTTP/1.1" 200 2065
101.83.223.227 - - [19/Jul/2022:13:14:39 +0800] "GET /xingrg/all/function/internal_message.html?_=1658207629333&CODE_STATE=getMsg HTTP/1.1" 200 27
218.81.223.53 - - [19/Jul/2022:13:14:42 +0800] "GET /xingrg/all/function/internal_message.html?_=1658207687161&CODE_STATE=getMsg HTTP/1.1" 200 27
180.175.103.110 - - [19/Jul/2022:13:14:43 +0800] "GET /xingrg/all/function/internal_message.html?_=1658207683398&CODE_STATE=getMsg HTTP/1.1" 200 27
58.37.4.65 - - [19/Jul/2022:13:14:52 +0800] "GET /xingrg/kc/buy/cgsh_order_operate.html?command=get_materiel&rest_code=00106&code=00101008061&supplier_code=00100007&order_time=2022-07-19 HTTP/1.1" 200 422
58.37.4.65 - - [19/Jul/2022:13:14:53 +0800] "GET /xingrg/check_reg.html?_=1658207692544 HTTP/1.1" 200 22
114.86.187.244 - - [19/Jul/2022:13:15:05 +0800] "GET /xingrg/all/function/internal_message.html?_=1658207704951&CODE_STATE=getMsg HTTP/1.1" 200 27
120.253.135.82 - - [19/Jul/2022:13:15:11 +0800] "GET /xingrg/all/function/internal_message.html?_=1658207839654&CODE_STATE=getMsg HTTP/1.1" 200 27
101.83.240.35 - - [19/Jul/2022:13:15:12 +0800] "GET /xingrg/all/function/internal_message.html?_=1658207708107&CODE_STATE=getMsg HTTP/1.1" 200 27
114.84.2.83 - - [19/Jul/2022:13:15:16 +0800] "GET /xingrg/all/function/internal_message.html?_=1658207714205&CODE_STATE=getMsg HTTP/1.1" 200 27
101.83.223.227 - - [19/Jul/2022:13:15:22 +0800] "GET /xingrg/kc/base/yddb_order_list.html HTTP/1.1" 200 16752
101.83.223.227 - - [19/Jul/2022:13:15:22 +0800] "POST /xingrg/kc/base/yddb_list_operate.html HTTP/1.1" 200 636
101.83.223.227 - - [19/Jul/2022:13:15:26 +0800] "POST /xingrg/kc/base/yddb_list_operate.html HTTP/1.1" 200 1346
101.83.223.227 - - [19/Jul/2022:13:15:27 +0800] "POST /xingrg/kc/base/yddb_list_operate.html HTTP/1.1" 200 303
101.83.223.227 - - [19/Jul/2022:13:15:28 +0800] "GET /xingrg/kc/base/yddb_order_info.html?code=482022071900095 HTTP/1.1" 200 31078
101.83.223.227 - - [19/Jul/2022:13:15:28 +0800] "GET /xingrg/dwr/interface/AjaxComOrderService.js HTTP/1.1" 200 18264
101.83.223.227 - - [19/Jul/2022:13:15:28 +0800] "GET /xingrg/dwr/interface/AjaxYddbService.js HTTP/1.1" 200 13201
101.83.223.227 - - [19/Jul/2022:13:15:28 +0800] "GET /xingrg/dwr/engine.js HTTP/1.1" 200 43631
101.83.223.227 - - [19/Jul/2022:13:15:28 +0800] "POST /xingrg/dwr/call/plaincall/AjaxYddbService.loadMaterielItems.dwr HTTP/1.1" 200 836
116.230.110.48 - - [19/Jul/2022:13:15:31 +0800] "GET /xingrg/all/function/internal_message.html?_=1658207729225&CODE_STATE=getMsg HTTP/1.1" 200 27
101.85.120.95 - - [19/Jul/2022:13:15:31 +0800] "GET /xingrg/check_reg.html?_=1658207729460 HTTP/1.1" 200 22
101.85.120.95 - - [19/Jul/2022:13:15:31 +0800] "GET /xingrg/all/function/internal_message.html?_=1658207729456&CODE_STATE=getMsg HTTP/1.1" 200 27
58.35.196.166 - - [19/Jul/2022:13:15:32 +0800] "GET /xingrg/all/function/internal_message.html?_=1658207729180&CODE_STATE=getMsg HTTP/1.1" 200 27
116.228.172.94 - - [19/Jul/2022:13:15:34 +0800] "GET /xingrg/all/function/internal_message.html?_=1658207480899&CODE_STATE=getMsg HTTP/1.1" 200 27
101.83.223.227 - - [19/Jul/2022:13:15:34 +0800] "POST /xingrg/dwr/call/plaincall/AjaxYddbService.saveOrder.dwr HTTP/1.1" 200 78
101.83.223.227 - - [19/Jul/2022:13:15:38 +0800] "POST /xingrg/dwr/call/plaincall/AjaxYddbService.objCheckOrder.dwr HTTP/1.1" 200 78
101.83.223.227 - - [19/Jul/2022:13:15:40 +0800] "GET /xingrg/kc/base/yddb_order_info.html?code=482022071900095 HTTP/1.1" 200 31203
101.83.223.227 - - [19/Jul/2022:13:15:40 +0800] "GET /xingrg/dwr/interface/AjaxComOrderService.js HTTP/1.1" 200 18264
101.83.223.227 - - [19/Jul/2022:13:15:40 +0800] "GET /xingrg/dwr/interface/AjaxYddbService.js HTTP/1.1" 200 13201
101.83.223.227 - - [19/Jul/2022:13:15:40 +0800] "GET /xingrg/dwr/engine.js HTTP/1.1" 200 43631
101.83.223.227 - - [19/Jul/2022:13:15:40 +0800] "POST /xingrg/dwr/call/plaincall/AjaxYddbService.loadMaterielItems.dwr HTTP/1.1" 200 836
101.83.223.227 - - [19/Jul/2022:13:15:41 +0800] "GET /xingrg/all/function/internal_message.html?_=1658207691546&CODE_STATE=getMsg HTTP/1.1" 200 27
218.81.223.53 - - [19/Jul/2022:13:15:42 +0800] "GET /xingrg/all/function/internal_message.html?_=1658207747161&CODE_STATE=getMsg HTTP/1.1" 200 27
101.83.223.227 - - [19/Jul/2022:13:15:42 +0800] "GET /xingrg/kc/base/yddb_order_report.html?fileType=servlets/html&code=482022071900095&reportName=ck_order_report&subName=yddb HTTP/1.1" 302 -
101.83.223.227 - - [19/Jul/2022:13:15:42 +0800] "GET /xingrg/servlets/html?sysBaseUrl=http%3A%2F%2F180.169.147.146%3A18081%2Fxingrg%2F&costTime=92×tamp=1658207742567 HTTP/1.1" 200 17565
101.83.223.227 - - [19/Jul/2022:13:15:42 +0800] "GET /xingrg/servlets/image?image=px HTTP/1.1" 200 807
101.83.223.227 - - [19/Jul/2022:13:15:42 +0800] "GET /favicon.ico HTTP/1.1" 404 -
180.175.103.110 - - [19/Jul/2022:13:15:43 +0800] "GET /xingrg/all/function/internal_message.html?_=1658207743376&CODE_STATE=getMsg HTTP/1.1" 200 27
101.85.238.90 - - [19/Jul/2022:13:15:52 +0800] "POST /xingrg/services/DataTransmitService HTTP/1.1" 200 524
101.85.238.90 - - [19/Jul/2022:13:15:53 +0800] "POST /xingrg/services/DataTransmitService HTTP/1.1" 200 501
101.85.238.90 - - [19/Jul/2022:13:15:53 +0800] "POST /xingrg/services/DataTransmitService HTTP/1.1" 200 501
101.85.238.90 - - [19/Jul/2022:13:15:53 +0800] "POST /xingrg/services/DataTransmitService HTTP/1.1" 200 501
101.85.238.90 - - [19/Jul/2022:13:15:53 +0800] "POST /xingrg/services/DataTransmitService HTTP/1.1" 200 501
101.85.238.90 - - [19/Jul/2022:13:15:53 +0800] "POST /xingrg/services/DataTransmitService HTTP/1.1" 200 501
101.85.238.90 - - [19/Jul/2022:13:15:53 +0800] "POST /xingrg/services/DataTransmitService HTTP/1.1" 200 501
101.85.238.90 - - [19/Jul/2022:13:15:54 +0800] "POST /xingrg/services/DataTransmitService HTTP/1.1" 200 412
101.83.223.227 - - [19/Jul/2022:13:15:59 +0800] "GET /xingrg/kc/report/report_main.html HTTP/1.1" 200 7340
101.83.223.227 - - [19/Jul/2022:13:16:01 +0800] "GET /xingrg/kc/base/crk_hz.html HTTP/1.1" 200 11247
101.83.223.227 - - [19/Jul/2022:13:16:01 +0800] "GET /xingrg/javascript/step/step.css HTTP/1.1" 200 999
101.83.223.227 - - [19/Jul/2022:13:16:01 +0800] "GET /xingrg/css/table.css HTTP/1.1" 200 3684
101.83.223.227 - - [19/Jul/2022:13:16:01 +0800] "GET /xingrg/javascript/jquery_easy_ui/themes/default/images/menu.gif HTTP/1.1" 200 834
101.83.223.227 - - [19/Jul/2022:13:16:01 +0800] "GET /xingrg/javascript/jquery_easy_ui/themes/default/images/combo_arrow_dot.gif HTTP/1.1" 304 -
101.83.223.227 - - [19/Jul/2022:13:16:01 +0800] "POST /xingrg/kc/cost/cost_operate.html?command=get_base_tree HTTP/1.1" 200 1816
101.83.223.227 - - [19/Jul/2022:13:16:01 +0800] "POST /xingrg/all/common/load_tree.html?tree=materiel_sort_tree_json HTTP/1.1" 200 9388
101.83.223.227 - - [19/Jul/2022:13:16:01 +0800] "GET /xingrg/javascript/jquery_easy_ui/themes/default/images/calendar_prevmonth.gif HTTP/1.1" 200 66
101.83.223.227 - - [19/Jul/2022:13:16:01 +0800] "GET /xingrg/javascript/jquery_easy_ui/themes/default/images/calendar_nextmonth.gif HTTP/1.1" 200 64
101.83.223.227 - - [19/Jul/2022:13:16:01 +0800] "GET /xingrg/javascript/jquery_easy_ui/themes/default/images/calendar_prevyear.gif HTTP/1.1" 200 76
101.83.223.227 - - [19/Jul/2022:13:16:01 +0800] "GET /xingrg/javascript/jquery_easy_ui/themes/default/images/calendar_nextyear.gif HTTP/1.1" 200 75
101.83.223.227 - - [19/Jul/2022:13:16:01 +0800] "GET /xingrg/javascript/jquery_easy_ui/themes/default/images/tree_checkbox_0.gif HTTP/1.1" 200 168
114.86.187.244 - - [19/Jul/2022:13:16:05 +0800] "GET /xingrg/all/function/internal_message.html?_=1658207764951&CODE_STATE=getMsg HTTP/1.1" 200 27
101.83.223.227 - - [19/Jul/2022:13:16:06 +0800] "GET /xingrg/javascript/jquery_easy_ui/themes/default/images/tree_checkbox_1.gif HTTP/1.1" 200 174
101.83.223.227 - - [19/Jul/2022:13:16:06 +0800] "GET /xingrg/javascript/jquery_easy_ui/themes/default/images/tree_checkbox_2.gif HTTP/1.1" 200 181
180.175.103.110 - - [19/Jul/2022:13:16:07 +0800] "GET /xingrg/check_reg.html?_=1658207767320 HTTP/1.1" 200 22
101.83.223.227 - - [19/Jul/2022:13:16:07 +0800] "GET /xingrg/kc/base/crk_hz.html?_=1658207717954&command=get_cost_id&end_date=2022-07-31&start_date=2022-07-01 HTTP/1.1" 200 51
101.83.223.227 - - [19/Jul/2022:13:16:08 +0800] "GET /xingrg/javascript/calendar/timePicker.css HTTP/1.1" 200 523
101.83.223.227 - - [19/Jul/2022:13:16:08 +0800] "GET /xingrg/all/report/report_query.html?isQuery=1&onlyBody=1&rh=99999&rw=1800&varString=start:20220701,cost_id:3801,mid:20220701&fileName=kc/base/crk_hz_type_by_base.xml&queryString=%20a.base_code%20in%20('0010612')%20&queryText=ڣ2022-07-012022-07-31%20ֿ⣺&tableQueryString=materiel_table$sp1$$sp$before_table$sp1$$sp$crk_table$sp1$order_day%20between%2020220701%20and%2020220731 HTTP/1.1" 200 49399
101.83.223.227 - - [19/Jul/2022:13:16:08 +0800] "GET /xingrg/dwr/interface/AjaxReportQueryService.js HTTP/1.1" 200 13203
101.83.223.227 - - [19/Jul/2022:13:16:08 +0800] "GET /xingrg/javascript/bigrid/fix.css HTTP/1.1" 200 1702
101.83.223.227 - - [19/Jul/2022:13:16:08 +0800] "GET /xingrg/dwr/engine.js HTTP/1.1" 200 43631
101.83.223.227 - - [19/Jul/2022:13:16:08 +0800] "GET /xingrg/javascript/calendar/jquery.timePicker.min.js HTTP/1.1" 200 2997
101.83.223.227 - - [19/Jul/2022:13:16:08 +0800] "GET /xingrg/javascript/bigrid/fix.js HTTP/1.1" 200 6439
101.83.223.227 - - [19/Jul/2022:13:16:08 +0800] "GET /xingrg/javascript/jqueryMultiSelect.js HTTP/1.1" 200 11866
101.83.223.227 - - [19/Jul/2022:13:16:08 +0800] "GET /xingrg/javascript/multi_select/jqueryMultiSelect.css HTTP/1.1" 200 951
101.83.223.227 - - [19/Jul/2022:13:16:08 +0800] "GET /xingrg/images/blue/button/advanceover.gif HTTP/1.1" 200 1347
101.83.223.227 - - [19/Jul/2022:13:16:08 +0800] "GET /xingrg/images/blue/button/backover.gif HTTP/1.1" 200 1348
101.83.223.227 - - [19/Jul/2022:13:16:08 +0800] "GET /xingrg/images/blue/button/advance2over.gif HTTP/1.1" 200 1336
101.83.223.227 - - [19/Jul/2022:13:16:08 +0800] "GET /xingrg/images/blue/button/back2over.gif HTTP/1.1" 200 1335
101.83.223.227 - - [19/Jul/2022:13:16:08 +0800] "GET /xingrg/javascript/jquery_easy_ui/themes/icons/help.png HTTP/1.1" 200 1187
101.83.223.227 - - [19/Jul/2022:13:16:08 +0800] "GET /xingrg/images/control/loading.gif HTTP/1.1" 200 13463
101.83.223.227 - - [19/Jul/2022:13:16:09 +0800] "POST /xingrg/all/report/load_report_page.html HTTP/1.1" 200 94629
101.83.223.227 - - [19/Jul/2022:13:16:09 +0800] "GET /xingrg/servlets/image?cache=0.6293583912885715&image=px HTTP/1.1" 200 807
101.83.223.227 - - [19/Jul/2022:13:16:11 +0800] "GET /xingrg/all/report/report_query.html?isQuery=1&fileName=kc/base/crk_detail_by_small.xml&rh=99999&queryString=&queryText=%25E3%2580%2590%25E4%25BB%2593%25E5%25BA%2593%25E5%2590%258D%25E7%25A7%25B0%253A%25E6%2588%25BF%25E5%258A%25A1%25E9%2583%25A8%25E3%2580%2591%25E3%2580%2590%25E4%25B8%259A%25E5%258A%25A1%25E7%25B1%25BB%25E5%259E%258B%25EF%25BC%259A%25E9%2587%2587%25E8%25B4%25AD%25E5%2585%25A5%25E5%25BA%2593%25E3%2580%2591%2520%253F%253F%253F%253F%253F2022-07-01%253F%253F2022-07-31%2520%253F%253F%253F%253F%253F%253F%253F&tableQueryString=crk_table%2524sp1%2524order_day%2520between%252020220701%2520and%252020220731%2520and%2520(base_code%253D'0010612')%2520and%2520(src_order_type%2520in%2520(21))%2520and%2520(is_rk%2520in%2520(1)) HTTP/1.1" 200 53782
101.83.223.227 - - [19/Jul/2022:13:16:11 +0800] "GET /xingrg/dwr/interface/AjaxReportQueryService.js HTTP/1.1" 200 13203
101.83.223.227 - - [19/Jul/2022:13:16:11 +0800] "GET /xingrg/dwr/engine.js HTTP/1.1" 200 43631
101.83.223.227 - - [19/Jul/2022:13:16:11 +0800] "GET /xingrg/javascript/jquery_easy_ui/themes/icons/pencil.png HTTP/1.1" 200 713
101.83.223.227 - - [19/Jul/2022:13:16:11 +0800] "GET /xingrg/javascript/jquery_easy_ui/themes/default/images/menu_rightarrow.png HTTP/1.1" 200 3617
120.253.135.82 - - [19/Jul/2022:13:16:11 +0800] "GET /xingrg/all/function/internal_message.html?_=1658207899702&CODE_STATE=getMsg HTTP/1.1" 200 27
101.83.223.227 - - [19/Jul/2022:13:16:12 +0800] "POST /xingrg/all/report/load_report_page.html HTTP/1.1" 200 25895
101.83.223.227 - - [19/Jul/2022:13:16:12 +0800] "GET /xingrg/servlets/image?cache=0.07814855660380093&image=px HTTP/1.1" 200 807
101.83.240.35 - - [19/Jul/2022:13:16:12 +0800] "GET /xingrg/all/function/internal_message.html?_=1658207768078&CODE_STATE=getMsg HTTP/1.1" 200 27
101.83.223.227 - - [19/Jul/2022:13:16:14 +0800] "POST /xingrg/all/report/load_report_page.html HTTP/1.1" 200 65413
101.83.223.227 - - [19/Jul/2022:13:16:14 +0800] "GET /xingrg/servlets/image?cache=0.880512826590535&image=px HTTP/1.1" 200 807
114.84.2.83 - - [19/Jul/2022:13:16:16 +0800] "GET /xingrg/all/function/internal_message.html?_=1658207774190&CODE_STATE=getMsg HTTP/1.1" 200 27
116.230.110.48 - - [19/Jul/2022:13:16:31 +0800] "GET /xingrg/all/function/internal_message.html?_=1658207789219&CODE_STATE=getMsg HTTP/1.1" 200 27
101.85.120.95 - - [19/Jul/2022:13:16:31 +0800] "GET /xingrg/all/function/internal_message.html?_=1658207789460&CODE_STATE=getMsg HTTP/1.1" 200 27
58.35.196.166 - - [19/Jul/2022:13:16:32 +0800] "GET /xingrg/all/function/internal_message.html?_=1658207789162&CODE_STATE=getMsg HTTP/1.1" 200 27
116.228.172.94 - - [19/Jul/2022:13:16:34 +0800] "GET /xingrg/all/function/internal_message.html?_=1658207540900&CODE_STATE=getMsg HTTP/1.1" 200 27
116.228.172.94 - - [19/Jul/2022:13:16:34 +0800] "GET /xingrg/check_reg.html?_=1658207540902 HTTP/1.1" 200 22
101.83.223.227 - - [19/Jul/2022:13:16:41 +0800] "GET /xingrg/all/function/internal_message.html?_=1658207751560&CODE_STATE=getMsg HTTP/1.1" 200 27
218.81.223.53 - - [19/Jul/2022:13:16:43 +0800] "GET /xingrg/all/function/internal_message.html?_=1658207807714&CODE_STATE=getMsg HTTP/1.1" 200 27
180.175.103.110 - - [19/Jul/2022:13:16:43 +0800] "GET /xingrg/all/function/internal_message.html?_=1658207803346&CODE_STATE=getMsg HTTP/1.1" 200 27
101.83.223.227 - - [19/Jul/2022:13:16:50 +0800] "GET /xingrg/kc/base/kc_stocks.html HTTP/1.1" 200 16441
101.83.223.227 - - [19/Jul/2022:13:16:50 +0800] "GET /xingrg/javascript/easyui/themes/sunny/easyui.css HTTP/1.1" 200 34304
101.83.223.227 - - [19/Jul/2022:13:16:50 +0800] "GET /xingrg/javascript/easyui/themes/icons/print_new.png HTTP/1.1" 200 3580
101.83.223.227 - - [19/Jul/2022:13:16:50 +0800] "GET /xingrg/javascript/easyui/themes/icons/filter_new.png HTTP/1.1" 200 795
101.83.223.227 - - [19/Jul/2022:13:16:50 +0800] "GET /xingrg/javascript/easyui/plugins/jquery.draggable.js HTTP/1.1" 200 6121
101.83.223.227 - - [19/Jul/2022:13:16:50 +0800] "GET /xingrg/javascript/easyui/themes/icons/refresh_new.png HTTP/1.1" 200 685
101.83.223.227 - - [19/Jul/2022:13:16:50 +0800] "GET /xingrg/javascript/easyui/plugins/jquery.droppable.js HTTP/1.1" 200 1167
101.83.223.227 - - [19/Jul/2022:13:16:50 +0800] "GET /xingrg/all/common/auto_word.html?type=base&rest_code=00151 HTTP/1.1" 200 1315
101.83.223.227 - - [19/Jul/2022:13:16:50 +0800] "GET /xingrg/javascript/easyui/themes/default/tree.css HTTP/1.1" 404 1090
101.83.223.227 - - [19/Jul/2022:13:16:50 +0800] "GET /xingrg/javascript/easyui/plugins/jquery.tree.js HTTP/1.1" 200 20874
101.83.223.227 - - [19/Jul/2022:13:16:50 +0800] "POST /xingrg/all/common/load_tree.html?tree=materiel_sort_tree_json HTTP/1.1" 200 9388
101.83.223.227 - - [19/Jul/2022:13:16:51 +0800] "GET /xingrg/javascript/easyui/themes/sunny/images/tree_arrows.gif HTTP/1.1" 200 617
101.83.223.227 - - [19/Jul/2022:13:16:51 +0800] "GET /xingrg/javascript/easyui/themes/sunny/images/tree_folder_open.gif HTTP/1.1" 200 956
101.83.223.227 - - [19/Jul/2022:13:16:51 +0800] "GET /xingrg/javascript/easyui/themes/sunny/images/tree_folder.gif HTTP/1.1" 200 952
101.83.223.227 - - [19/Jul/2022:13:16:51 +0800] "GET /xingrg/javascript/easyui/themes/sunny/images/tree_file.gif HTTP/1.1" 200 118
101.83.223.227 - - [19/Jul/2022:13:16:52 +0800] "GET /xingrg/javascript/easyui/themes/sunny/images/ui-bg_gloss-wave_60_fece2f_500x100.png HTTP/1.1" 200 3512
101.83.223.227 - - [19/Jul/2022:13:16:53 +0800] "GET /xingrg/css/images/panel_loading.gif HTTP/1.1" 200 1737
101.83.223.227 - - [19/Jul/2022:13:16:53 +0800] "POST /xingrg/all/common/load_combo.html?type=base HTTP/1.1" 200 2307
120.253.135.82 - - [19/Jul/2022:13:16:56 +0800] "GET /xingrg/check_reg.html?_=1658207944773 HTTP/1.1" 200 22
101.83.223.227 - - [19/Jul/2022:13:16:58 +0800] "POST /xingrg/kc/base/stock_operate.html HTTP/1.1" 200 4374
101.83.223.227 - - [19/Jul/2022:13:16:58 +0800] "GET /xingrg/javascript/jquery_tools/fix_table.js HTTP/1.1" 200 6528
101.83.223.227 - - [19/Jul/2022:13:17:03 +0800] "GET /xingrg/javascript/easyui/themes/sunny/images/ui-bg_gloss-wave_70_ffdd57_500x100.png HTTP/1.1" 200 3830
101.83.223.227 - - [19/Jul/2022:13:17:04 +0800] "POST /xingrg/kc/base/stock_operate.html HTTP/1.1" 200 43212
114.86.187.244 - - [19/Jul/2022:13:17:05 +0800] "GET /xingrg/all/function/internal_message.html?_=1658207824951&CODE_STATE=getMsg HTTP/1.1" 200 27
120.253.135.82 - - [19/Jul/2022:13:17:11 +0800] "GET /xingrg/all/function/internal_message.html?_=1658207959712&CODE_STATE=getMsg HTTP/1.1" 200 27
101.83.240.35 - - [19/Jul/2022:13:17:12 +0800] "GET /xingrg/all/function/internal_message.html?_=1658207828062&CODE_STATE=getMsg HTTP/1.1" 200 27
218.81.223.53 - - [19/Jul/2022:13:17:13 +0800] "GET /xingrg/check_reg.html?_=1658207837897 HTTP/1.1" 200 22
114.84.2.83 - - [19/Jul/2022:13:17:16 +0800] "GET /xingrg/all/function/internal_message.html?_=1658207834190&CODE_STATE=getMsg HTTP/1.1" 200 27
116.230.110.48 - - [19/Jul/2022:13:17:31 +0800] "GET /xingrg/all/function/internal_message.html?_=1658207849234&CODE_STATE=getMsg HTTP/1.1" 200 27
116.230.110.48 - - [19/Jul/2022:13:17:31 +0800] "GET /xingrg/check_reg.html?_=1658207849238 HTTP/1.1" 200 22
101.85.120.95 - - [19/Jul/2022:13:17:31 +0800] "GET /xingrg/all/function/internal_message.html?_=1658207849459&CODE_STATE=getMsg HTTP/1.1" 200 27
58.35.196.166 - - [19/Jul/2022:13:17:32 +0800] "GET /xingrg/all/function/internal_message.html?_=1658207849139&CODE_STATE=getMsg HTTP/1.1" 200 27
116.228.172.94 - - [19/Jul/2022:13:17:34 +0800] "GET /xingrg/all/function/internal_message.html?_=1658207600899&CODE_STATE=getMsg HTTP/1.1" 200 27
101.83.223.227 - - [19/Jul/2022:13:17:41 +0800] "GET /xingrg/all/function/internal_message.html?_=1658207811647&CODE_STATE=getMsg HTTP/1.1" 200 27
218.81.223.53 - - [19/Jul/2022:13:17:43 +0800] "GET /xingrg/all/function/internal_message.html?_=1658207867721&CODE_STATE=getMsg HTTP/1.1" 200 27
180.175.103.110 - - [19/Jul/2022:13:17:43 +0800] "GET /xingrg/all/function/internal_message.html?_=1658207863323&CODE_STATE=getMsg HTTP/1.1" 200 27
114.86.187.244 - - [19/Jul/2022:13:18:05 +0800] "GET /xingrg/all/function/internal_message.html?_=1658207884952&CODE_STATE=getMsg HTTP/1.1" 200 27
120.253.135.82 - - [19/Jul/2022:13:18:11 +0800] "GET /xingrg/all/function/internal_message.html?_=1658208019726&CODE_STATE=getMsg HTTP/1.1" 200 27
101.83.240.35 - - [19/Jul/2022:13:18:12 +0800] "GET /xingrg/all/function/internal_message.html?_=1658207888055&CODE_STATE=getMsg HTTP/1.1" 200 27
101.83.240.35 - - [19/Jul/2022:13:18:13 +0800] "GET /xingrg/check_reg.html?_=1658207889014 HTTP/1.1" 200 22
114.84.2.83 - - [19/Jul/2022:13:18:16 +0800] "GET /xingrg/all/function/internal_message.html?_=1658207894190&CODE_STATE=getMsg HTTP/1.1" 200 27
114.84.2.83 - - [19/Jul/2022:13:18:16 +0800] "GET /xingrg/check_reg.html?_=1658207894193 HTTP/1.1" 200 22
114.86.227.120 - - [19/Jul/2022:13:18:18 +0800] "POST /xingrg/services/DataTransmitService HTTP/1.1" 200 524
114.86.227.120 - - [19/Jul/2022:13:18:25 +0800] "POST /xingrg/services/DataTransmitService HTTP/1.1" 200 501
114.86.227.120 - - [19/Jul/2022:13:18:25 +0800] "POST /xingrg/services/DataTransmitService HTTP/1.1" 200 501
114.86.227.120 - - [19/Jul/2022:13:18:25 +0800] "POST /xingrg/services/DataTransmitService HTTP/1.1" 200 501
114.86.227.120 - - [19/Jul/2022:13:18:26 +0800] "POST /xingrg/services/DataTransmitService HTTP/1.1" 200 501
114.86.227.120 - - [19/Jul/2022:13:18:26 +0800] "POST /xingrg/services/DataTransmitService HTTP/1.1" 200 501
114.86.227.120 - - [19/Jul/2022:13:18:27 +0800] "POST /xingrg/services/DataTransmitService HTTP/1.1" 200 501
114.86.227.120 - - [19/Jul/2022:13:18:27 +0800] "POST /xingrg/services/DataTransmitService HTTP/1.1" 200 501
114.86.227.120 - - [19/Jul/2022:13:18:27 +0800] "POST /xingrg/services/DataTransmitService HTTP/1.1" 200 501
114.86.227.120 - - [19/Jul/2022:13:18:27 +0800] "POST /xingrg/services/DataTransmitService HTTP/1.1" 200 412
116.230.110.48 - - [19/Jul/2022:13:18:31 +0800] "GET /xingrg/all/function/internal_message.html?_=1658207909228&CODE_STATE=getMsg HTTP/1.1" 200 27
101.85.120.95 - - [19/Jul/2022:13:18:31 +0800] "GET /xingrg/all/function/internal_message.html?_=1658207909460&CODE_STATE=getMsg HTTP/1.1" 200 27
58.35.196.166 - - [19/Jul/2022:13:18:32 +0800] "GET /xingrg/all/function/internal_message.html?_=1658207909115&CODE_STATE=getMsg HTTP/1.1" 200 27
116.228.172.94 - - [19/Jul/2022:13:18:34 +0800] "GET /xingrg/all/function/internal_message.html?_=1658207660893&CODE_STATE=getMsg HTTP/1.1" 200 27
101.83.223.227 - - [19/Jul/2022:13:18:41 +0800] "GET /xingrg/all/function/internal_message.html?_=1658207871649&CODE_STATE=getMsg HTTP/1.1" 200 27
218.81.223.53 - - [19/Jul/2022:13:18:43 +0800] "GET /xingrg/all/function/internal_message.html?_=1658207927733&CODE_STATE=getMsg HTTP/1.1" 200 27
180.175.103.110 - - [19/Jul/2022:13:18:43 +0800] "GET /xingrg/all/function/internal_message.html?_=1658207923305&CODE_STATE=getMsg HTTP/1.1" 200 27
58.35.196.166 - - [19/Jul/2022:13:18:55 +0800] "GET /xingrg/check_reg.html?_=1658207932066 HTTP/1.1" 200 22
114.86.187.244 - - [19/Jul/2022:13:19:05 +0800] "GET /xingrg/check_reg.html?_=1658207944952 HTTP/1.1" 200 22
114.86.187.244 - - [19/Jul/2022:13:19:05 +0800] "GET /xingrg/all/function/internal_message.html?_=1658207944954&CODE_STATE=getMsg HTTP/1.1" 200 27
120.253.135.82 - - [19/Jul/2022:13:19:11 +0800] "GET /xingrg/all/function/internal_message.html?_=1658208079739&CODE_STATE=getMsg HTTP/1.1" 200 27
101.83.240.35 - - [19/Jul/2022:13:19:12 +0800] "GET /xingrg/all/function/internal_message.html?_=1658207948031&CODE_STATE=getMsg HTTP/1.1" 200 27
114.84.2.83 - - [19/Jul/2022:13:19:16 +0800] "GET /xingrg/all/function/internal_message.html?_=1658207954193&CODE_STATE=getMsg HTTP/1.1" 200 27
116.230.110.48 - - [19/Jul/2022:13:19:31 +0800] "GET /xingrg/all/function/internal_message.html?_=1658207969228&CODE_STATE=getMsg HTTP/1.1" 200 27
101.85.120.95 - - [19/Jul/2022:13:19:31 +0800] "GET /xingrg/all/function/internal_message.html?_=1658207969463&CODE_STATE=getMsg HTTP/1.1" 200 27
58.35.196.166 - - [19/Jul/2022:13:19:32 +0800] "GET /xingrg/all/function/internal_message.html?_=1658207969109&CODE_STATE=getMsg HTTP/1.1" 200 27
116.228.172.94 - - [19/Jul/2022:13:19:34 +0800] "GET /xingrg/all/function/internal_message.html?_=1658207720908&CODE_STATE=getMsg HTTP/1.1" 200 27
101.83.223.227 - - [19/Jul/2022:13:19:39 +0800] "GET /xingrg/check_reg.html?_=1658207929250 HTTP/1.1" 200 22
101.83.223.227 - - [19/Jul/2022:13:19:41 +0800] "GET /xingrg/all/function/internal_message.html?_=1658207931663&CODE_STATE=getMsg HTTP/1.1" 200 27
180.175.103.110 - - [19/Jul/2022:13:19:43 +0800] "GET /xingrg/all/function/internal_message.html?_=1658207983277&CODE_STATE=getMsg HTTP/1.1" 200 27
218.81.223.53 - - [19/Jul/2022:13:19:43 +0800] "GET /xingrg/all/function/internal_message.html?_=1658207988357&CODE_STATE=getMsg HTTP/1.1" 200 27
58.37.4.65 - - [19/Jul/2022:13:19:53 +0800] "GET /xingrg/check_reg.html?_=1658207992519 HTTP/1.1" 200 22
114.86.187.244 - - [19/Jul/2022:13:20:05 +0800] "GET /xingrg/all/function/internal_message.html?_=1658208004954&CODE_STATE=getMsg HTTP/1.1" 200 27
120.253.135.82 - - [19/Jul/2022:13:20:11 +0800] "GET /xingrg/all/function/internal_message.html?_=1658208139754&CODE_STATE=getMsg HTTP/1.1" 200 27
101.83.240.35 - - [19/Jul/2022:13:20:12 +0800] "GET /xingrg/all/function/internal_message.html?_=1658208008006&CODE_STATE=getMsg HTTP/1.1" 200 27
114.84.2.83 - - [19/Jul/2022:13:20:16 +0800] "GET /xingrg/all/function/internal_message.html?_=1658208014193&CODE_STATE=getMsg HTTP/1.1" 200 27
116.230.110.48 - - [19/Jul/2022:13:20:31 +0800] "GET /xingrg/all/function/internal_message.html?_=1658208029225&CODE_STATE=getMsg HTTP/1.1" 200 27
101.85.120.95 - - [19/Jul/2022:13:20:31 +0800] "GET /xingrg/all/function/internal_message.html?_=1658208029454&CODE_STATE=getMsg HTTP/1.1" 200 27
101.85.120.95 - - [19/Jul/2022:13:20:31 +0800] "GET /xingrg/check_reg.html?_=1658208029450 HTTP/1.1" 200 22
58.35.196.166 - - [19/Jul/2022:13:20:32 +0800] "GET /xingrg/all/function/internal_message.html?_=1658208029086&CODE_STATE=getMsg HTTP/1.1" 200 27
180.175.103.110 - - [19/Jul/2022:13:20:33 +0800] "POST /xingrg/services/DataTransmitService HTTP/1.1" 200 524
116.228.172.94 - - [19/Jul/2022:13:20:34 +0800] "GET /xingrg/all/function/internal_message.html?_=1658207780906&CODE_STATE=getMsg HTTP/1.1" 200 27
101.83.223.227 - - [19/Jul/2022:13:20:41 +0800] "GET /xingrg/all/function/internal_message.html?_=1658207991678&CODE_STATE=getMsg HTTP/1.1" 200 27
180.175.103.110 - - [19/Jul/2022:13:20:43 +0800] "GET /xingrg/all/function/internal_message.html?_=1658208043252&CODE_STATE=getMsg HTTP/1.1" 200 27
218.81.223.53 - - [19/Jul/2022:13:20:43 +0800] "GET /xingrg/all/function/internal_message.html?_=1658208048368&CODE_STATE=getMsg HTTP/1.1" 200 27
114.86.187.244 - - [19/Jul/2022:13:21:05 +0800] "GET /xingrg/all/function/internal_message.html?_=1658208064954&CODE_STATE=getMsg HTTP/1.1" 200 27
180.175.103.110 - - [19/Jul/2022:13:21:07 +0800] "GET /xingrg/check_reg.html?_=1658208067289 HTTP/1.1" 200 22
114.86.227.120 - - [19/Jul/2022:13:21:09 +0800] "POST /xingrg/services/DataTransmitService HTTP/1.1" 200 524
120.253.135.82 - - [19/Jul/2022:13:21:12 +0800] "GET /xingrg/all/function/internal_message.html?_=1658208199798&CODE_STATE=getMsg HTTP/1.1" 200 27
101.83.240.35 - - [19/Jul/2022:13:21:12 +0800] "GET /xingrg/all/function/internal_message.html?_=1658208067993&CODE_STATE=getMsg HTTP/1.1" 200 27
114.84.2.83 - - [19/Jul/2022:13:21:16 +0800] "GET /xingrg/all/function/internal_message.html?_=1658208074220&CODE_STATE=getMsg HTTP/1.1" 200 27
116.230.110.48 - - [19/Jul/2022:13:21:31 +0800] "GET /xingrg/all/function/internal_message.html?_=1658208089229&CODE_STATE=getMsg HTTP/1.1" 200 27
101.85.120.95 - - [19/Jul/2022:13:21:31 +0800] "GET /xingrg/all/function/internal_message.html?_=1658208089453&CODE_STATE=getMsg HTTP/1.1" 200 27
58.35.196.166 - - [19/Jul/2022:13:21:32 +0800] "GET /xingrg/all/function/internal_message.html?_=1658208089068&CODE_STATE=getMsg HTTP/1.1" 200 27
116.228.172.94 - - [19/Jul/2022:13:21:34 +0800] "GET /xingrg/check_reg.html?_=1658207840903 HTTP/1.1" 200 22
116.228.172.94 - - [19/Jul/2022:13:21:34 +0800] "GET /xingrg/all/function/internal_message.html?_=1658207840912&CODE_STATE=getMsg HTTP/1.1" 200 27
101.83.223.227 - - [19/Jul/2022:13:21:41 +0800] "GET /xingrg/all/function/internal_message.html?_=1658208051690&CODE_STATE=getMsg HTTP/1.1" 200 27
180.175.103.110 - - [19/Jul/2022:13:21:43 +0800] "GET /xingrg/all/function/internal_message.html?_=1658208103230&CODE_STATE=getMsg HTTP/1.1" 200 27
218.81.223.53 - - [19/Jul/2022:13:21:44 +0800] "GET /xingrg/all/function/internal_message.html?_=1658208108915&CODE_STATE=getMsg HTTP/1.1" 200 27
120.253.135.82 - - [19/Jul/2022:13:21:57 +0800] "GET /xingrg/check_reg.html?_=1658208244775 HTTP/1.1" 200 22
114.86.187.244 - - [19/Jul/2022:13:22:05 +0800] "GET /xingrg/all/function/internal_message.html?_=1658208124954&CODE_STATE=getMsg HTTP/1.1" 200 27
120.253.135.82 - - [19/Jul/2022:13:22:12 +0800] "GET /xingrg/all/function/internal_message.html?_=1658208259812&CODE_STATE=getMsg HTTP/1.1" 200 27
101.83.240.35 - - [19/Jul/2022:13:22:12 +0800] "GET /xingrg/all/function/internal_message.html?_=1658208127981&CODE_STATE=getMsg HTTP/1.1" 200 27
218.81.223.53 - - [19/Jul/2022:13:22:13 +0800] "GET /xingrg/check_reg.html?_=1658208137897 HTTP/1.1" 200 22
114.84.2.83 - - [19/Jul/2022:13:22:16 +0800] "GET /xingrg/all/function/internal_message.html?_=1658208134220&CODE_STATE=getMsg HTTP/1.1" 200 27
116.230.110.48 - - [19/Jul/2022:13:22:31 +0800] "GET /xingrg/all/function/internal_message.html?_=1658208149224&CODE_STATE=getMsg HTTP/1.1" 200 27
116.230.110.48 - - [19/Jul/2022:13:22:31 +0800] "GET /xingrg/check_reg.html?_=1658208149227 HTTP/1.1" 200 22
101.85.120.95 - - [19/Jul/2022:13:22:31 +0800] "GET /xingrg/all/function/internal_message.html?_=1658208149455&CODE_STATE=getMsg HTTP/1.1" 200 27
58.35.196.166 - - [19/Jul/2022:13:22:32 +0800] "GET /xingrg/all/function/internal_message.html?_=1658208149053&CODE_STATE=getMsg HTTP/1.1" 200 27
116.228.172.94 - - [19/Jul/2022:13:22:34 +0800] "GET /xingrg/all/function/internal_message.html?_=1658207900889&CODE_STATE=getMsg HTTP/1.1" 200 27
101.83.223.227 - - [19/Jul/2022:13:22:41 +0800] "GET /xingrg/all/function/internal_message.html?_=1658208111705&CODE_STATE=getMsg HTTP/1.1" 200 27
180.175.103.110 - - [19/Jul/2022:13:22:43 +0800] "GET /xingrg/all/function/internal_message.html?_=1658208163205&CODE_STATE=getMsg HTTP/1.1" 200 27
218.81.223.53 - - [19/Jul/2022:13:22:44 +0800] "GET /xingrg/all/function/internal_message.html?_=1658208168926&CODE_STATE=getMsg HTTP/1.1" 200 27
114.86.187.244 - - [19/Jul/2022:13:23:05 +0800] "GET /xingrg/all/function/internal_message.html?_=1658208184954&CODE_STATE=getMsg HTTP/1.1" 200 27
120.253.135.82 - - [19/Jul/2022:13:23:12 +0800] "GET /xingrg/all/function/internal_message.html?_=1658208319824&CODE_STATE=getMsg HTTP/1.1" 200 27
101.83.240.35 - - [19/Jul/2022:13:23:12 +0800] "GET /xingrg/all/function/internal_message.html?_=1658208187968&CODE_STATE=getMsg HTTP/1.1" 200 27
101.83.240.35 - - [19/Jul/2022:13:23:13 +0800] "GET /xingrg/check_reg.html?_=1658208189001 HTTP/1.1" 200 22
114.84.2.83 - - [19/Jul/2022:13:23:16 +0800] "GET /xingrg/check_reg.html?_=1658208194220 HTTP/1.1" 200 22
114.84.2.83 - - [19/Jul/2022:13:23:16 +0800] "GET /xingrg/all/function/internal_message.html?_=1658208194222&CODE_STATE=getMsg HTTP/1.1" 200 27
116.230.110.48 - - [19/Jul/2022:13:23:31 +0800] "GET /xingrg/all/function/internal_message.html?_=1658208209218&CODE_STATE=getMsg HTTP/1.1" 200 27
101.85.120.95 - - [19/Jul/2022:13:23:31 +0800] "GET /xingrg/all/function/internal_message.html?_=1658208209457&CODE_STATE=getMsg HTTP/1.1" 200 27
58.35.196.166 - - [19/Jul/2022:13:23:32 +0800] "GET /xingrg/all/function/internal_message.html?_=1658208209035&CODE_STATE=getMsg HTTP/1.1" 200 27
116.228.172.94 - - [19/Jul/2022:13:23:34 +0800] "GET /xingrg/all/function/internal_message.html?_=1658207960896&CODE_STATE=getMsg HTTP/1.1" 200 27
101.83.223.227 - - [19/Jul/2022:13:23:41 +0800] "GET /xingrg/all/function/internal_message.html?_=1658208171719&CODE_STATE=getMsg HTTP/1.1" 200 27
180.175.103.110 - - [19/Jul/2022:13:23:43 +0800] "GET /xingrg/all/function/internal_message.html?_=1658208223184&CODE_STATE=getMsg HTTP/1.1" 200 27
218.81.223.53 - - [19/Jul/2022:13:23:44 +0800] "GET /xingrg/all/function/internal_message.html?_=1658208228939&CODE_STATE=getMsg HTTP/1.1" 200 27
58.35.196.166 - - [19/Jul/2022:13:23:55 +0800] "GET /xingrg/check_reg.html?_=1658208232070 HTTP/1.1" 200 22
114.86.187.244 - - [19/Jul/2022:13:24:05 +0800] "GET /xingrg/check_reg.html?_=1658208244954 HTTP/1.1" 200 22
114.86.187.244 - - [19/Jul/2022:13:24:05 +0800] "GET /xingrg/all/function/internal_message.html?_=1658208244956&CODE_STATE=getMsg HTTP/1.1" 200 27
120.253.135.82 - - [19/Jul/2022:13:24:12 +0800] "GET /xingrg/all/function/internal_message.html?_=1658208379871&CODE_STATE=getMsg HTTP/1.1" 200 27
101.83.240.35 - - [19/Jul/2022:13:24:12 +0800] "GET /xingrg/all/function/internal_message.html?_=1658208247942&CODE_STATE=getMsg HTTP/1.1" 200 27
114.84.2.83 - - [19/Jul/2022:13:24:16 +0800] "GET /xingrg/all/function/internal_message.html?_=1658208254221&CODE_STATE=getMsg HTTP/1.1" 200 27
116.230.110.48 - - [19/Jul/2022:13:24:31 +0800] "GET /xingrg/all/function/internal_message.html?_=1658208269227&CODE_STATE=getMsg HTTP/1.1" 200 27
101.85.120.95 - - [19/Jul/2022:13:24:31 +0800] "GET /xingrg/all/function/internal_message.html?_=1658208269457&CODE_STATE=getMsg HTTP/1.1" 200 27
58.35.196.166 - - [19/Jul/2022:13:24:32 +0800] "GET /xingrg/all/function/internal_message.html?_=1658208269020&CODE_STATE=getMsg HTTP/1.1" 200 27
116.228.172.94 - - [19/Jul/2022:13:24:34 +0800] "GET /xingrg/all/function/internal_message.html?_=1658208020911&CODE_STATE=getMsg HTTP/1.1" 200 27
101.83.223.227 - - [19/Jul/2022:13:24:39 +0800] "GET /xingrg/check_reg.html?_=1658208229255 HTTP/1.1" 200 22
101.83.223.227 - - [19/Jul/2022:13:24:41 +0800] "GET /xingrg/all/function/internal_message.html?_=1658208231809&CODE_STATE=getMsg HTTP/1.1" 200 27
180.175.103.110 - - [19/Jul/2022:13:24:43 +0800] "GET /xingrg/all/function/internal_message.html?_=1658208283159&CODE_STATE=getMsg HTTP/1.1" 200 27
218.81.223.53 - - [19/Jul/2022:13:24:44 +0800] "GET /xingrg/all/function/internal_message.html?_=1658208289506&CODE_STATE=getMsg HTTP/1.1" 200 27
58.37.4.65 - - [19/Jul/2022:13:24:53 +0800] "GET /xingrg/check_reg.html?_=1658208292526 HTTP/1.1" 200 22
114.86.187.244 - - [19/Jul/2022:13:25:05 +0800] "GET /xingrg/all/function/internal_message.html?_=1658208304955&CODE_STATE=getMsg HTTP/1.1" 200 27
58.37.4.65 - - [19/Jul/2022:13:25:08 +0800] "POST /xingrg/kc/buy/cgsh_order_operate.html HTTP/1.1" 200 37
58.37.4.65 - - [19/Jul/2022:13:25:10 +0800] "POST /xingrg/kc/buy/cgsh_order_operate.html HTTP/1.1" 200 31594
120.253.135.82 - - [19/Jul/2022:13:25:12 +0800] "GET /xingrg/all/function/internal_message.html?_=1658208439883&CODE_STATE=getMsg HTTP/1.1" 200 27
101.83.240.35 - - [19/Jul/2022:13:25:12 +0800] "GET /xingrg/all/function/internal_message.html?_=1658208307923&CODE_STATE=getMsg HTTP/1.1" 200 27
114.84.2.83 - - [19/Jul/2022:13:25:16 +0800] "GET /xingrg/all/function/internal_message.html?_=1658208314220&CODE_STATE=getMsg HTTP/1.1" 200 27
58.37.4.65 - - [19/Jul/2022:13:25:21 +0800] "POST /xingrg/kc/buy/cgsh_order_operate.html HTTP/1.1" 200 37
58.37.4.65 - - [19/Jul/2022:13:25:25 +0800] "POST /xingrg/kc/buy/cgsh_order_operate.html HTTP/1.1" 200 12
58.37.4.65 - - [19/Jul/2022:13:25:26 +0800] "GET /xingrg/kc/buy/cgsh_order_info.html?code=212022071904780 HTTP/1.1" 200 62841
58.37.4.65 - - [19/Jul/2022:13:25:26 +0800] "GET /xingrg/javascript/easyui/themes/default/validatebox.css HTTP/1.1" 404 1104
58.37.4.65 - - [19/Jul/2022:13:25:27 +0800] "POST /xingrg/kc/buy/cgsh_order_operate.html HTTP/1.1" 200 29539
116.230.110.48 - - [19/Jul/2022:13:25:31 +0800] "GET /xingrg/all/function/internal_message.html?_=1658208329231&CODE_STATE=getMsg HTTP/1.1" 200 27
101.85.120.95 - - [19/Jul/2022:13:25:31 +0800] "GET /xingrg/check_reg.html?_=1658208329458 HTTP/1.1" 200 22
101.85.120.95 - - [19/Jul/2022:13:25:31 +0800] "GET /xingrg/all/function/internal_message.html?_=1658208329463&CODE_STATE=getMsg HTTP/1.1" 200 27
58.35.196.166 - - [19/Jul/2022:13:25:31 +0800] "GET /xingrg/all/function/internal_message.html?_=1658208329004&CODE_STATE=getMsg HTTP/1.1" 200 27
116.228.172.94 - - [19/Jul/2022:13:25:34 +0800] "GET /xingrg/all/function/internal_message.html?_=1658208080906&CODE_STATE=getMsg HTTP/1.1" 200 27
101.83.223.227 - - [19/Jul/2022:13:25:41 +0800] "GET /xingrg/all/function/internal_message.html?_=1658208291901&CODE_STATE=getMsg HTTP/1.1" 200 27
58.37.4.65 - - [19/Jul/2022:13:25:42 +0800] "GET /xingrg/kc/print/load_data.html?order_code=212022071904780&kc_code=cgsh&condition= HTTP/1.1" 200 11665
180.175.103.110 - - [19/Jul/2022:13:25:43 +0800] "GET /xingrg/all/function/internal_message.html?_=1658208343134&CODE_STATE=getMsg HTTP/1.1" 200 27
218.81.223.53 - - [19/Jul/2022:13:25:44 +0800] "GET /xingrg/all/function/internal_message.html?_=1658208349513&CODE_STATE=getMsg HTTP/1.1" 200 27
58.37.4.65 - - [19/Jul/2022:13:25:50 +0800] "GET /xingrg/kc/buy/buy_main.html HTTP/1.1" 200 12412
58.37.4.65 - - [19/Jul/2022:13:25:50 +0800] "GET /xingrg/css/new_ie.css HTTP/1.1" 404 1036
58.37.4.65 - - [19/Jul/2022:13:25:51 +0800] "GET /xingrg/images/yd/bt.gif HTTP/1.1" 404 1040
58.37.4.65 - - [19/Jul/2022:13:25:52 +0800] "GET /xingrg/kc/buy/cgsh_order_list.html HTTP/1.1" 200 52162
58.37.4.65 - - [19/Jul/2022:13:25:55 +0800] "POST /xingrg/kc/buy/cgsh_list_operate.html HTTP/1.1" 200 1459
114.86.187.244 - - [19/Jul/2022:13:26:05 +0800] "GET /xingrg/all/function/internal_message.html?_=1658208364980&CODE_STATE=getMsg HTTP/1.1" 200 27
180.175.103.110 - - [19/Jul/2022:13:26:07 +0800] "GET /xingrg/check_reg.html?_=1658208367267 HTTP/1.1" 200 22
120.253.135.82 - - [19/Jul/2022:13:26:12 +0800] "GET /xingrg/all/function/internal_message.html?_=1658208499933&CODE_STATE=getMsg HTTP/1.1" 200 27
101.83.240.35 - - [19/Jul/2022:13:26:12 +0800] "GET /xingrg/all/function/internal_message.html?_=1658208367909&CODE_STATE=getMsg HTTP/1.1" 200 27
114.84.2.83 - - [19/Jul/2022:13:26:16 +0800] "GET /xingrg/all/function/internal_message.html?_=1658208374220&CODE_STATE=getMsg HTTP/1.1" 200 27
116.230.110.48 - - [19/Jul/2022:13:26:31 +0800] "GET /xingrg/all/function/internal_message.html?_=1658208389227&CODE_STATE=getMsg HTTP/1.1" 200 27
101.85.120.95 - - [19/Jul/2022:13:26:31 +0800] "GET /xingrg/all/function/internal_message.html?_=1658208389463&CODE_STATE=getMsg HTTP/1.1" 200 27
58.35.196.166 - - [19/Jul/2022:13:26:31 +0800] "GET /xingrg/all/function/internal_message.html?_=1658208388987&CODE_STATE=getMsg HTTP/1.1" 200 27
116.228.172.94 - - [19/Jul/2022:13:26:34 +0800] "GET /xingrg/check_reg.html?_=1658208140899 HTTP/1.1" 200 22
116.228.172.94 - - [19/Jul/2022:13:26:34 +0800] "GET /xingrg/all/function/internal_message.html?_=1658208140905&CODE_STATE=getMsg HTTP/1.1" 200 27
101.83.223.227 - - [19/Jul/2022:13:26:41 +0800] "GET /xingrg/all/function/internal_message.html?_=1658208351915&CODE_STATE=getMsg HTTP/1.1" 200 27
180.175.103.110 - - [19/Jul/2022:13:26:43 +0800] "GET /xingrg/all/function/internal_message.html?_=1658208403109&CODE_STATE=getMsg HTTP/1.1" 200 27
218.81.223.53 - - [19/Jul/2022:13:26:45 +0800] "GET /xingrg/all/function/internal_message.html?_=1658208410079&CODE_STATE=getMsg HTTP/1.1" 200 27
120.253.135.82 - - [19/Jul/2022:13:26:57 +0800] "GET /xingrg/check_reg.html?_=1658208544809 HTTP/1.1" 200 22
114.86.187.244 - - [19/Jul/2022:13:27:05 +0800] "GET /xingrg/all/function/internal_message.html?_=1658208424979&CODE_STATE=getMsg HTTP/1.1" 200 27
120.253.135.82 - - [19/Jul/2022:13:27:12 +0800] "GET /xingrg/all/function/internal_message.html?_=1658208559942&CODE_STATE=getMsg HTTP/1.1" 200 27
101.83.240.35 - - [19/Jul/2022:13:27:12 +0800] "GET /xingrg/all/function/internal_message.html?_=1658208427882&CODE_STATE=getMsg HTTP/1.1" 200 27
218.81.223.53 - - [19/Jul/2022:13:27:13 +0800] "GET /xingrg/check_reg.html?_=1658208437902 HTTP/1.1" 200 22
114.84.2.83 - - [19/Jul/2022:13:27:16 +0800] "GET /xingrg/all/function/internal_message.html?_=1658208434220&CODE_STATE=getMsg HTTP/1.1" 200 27
116.230.110.48 - - [19/Jul/2022:13:27:31 +0800] "GET /xingrg/check_reg.html?_=1658208449218 HTTP/1.1" 200 22
116.230.110.48 - - [19/Jul/2022:13:27:31 +0800] "GET /xingrg/all/function/internal_message.html?_=1658208449221&CODE_STATE=getMsg HTTP/1.1" 200 27
101.85.120.95 - - [19/Jul/2022:13:27:31 +0800] "GET /xingrg/all/function/internal_message.html?_=1658208449449&CODE_STATE=getMsg HTTP/1.1" 200 27
58.35.196.166 - - [19/Jul/2022:13:27:31 +0800] "GET /xingrg/all/function/internal_message.html?_=1658208448966&CODE_STATE=getMsg HTTP/1.1" 200 27
116.228.172.94 - - [19/Jul/2022:13:27:34 +0800] "GET /xingrg/all/function/internal_message.html?_=1658208200907&CODE_STATE=getMsg HTTP/1.1" 200 27
101.83.223.227 - - [19/Jul/2022:13:27:42 +0800] "GET /xingrg/all/function/internal_message.html?_=1658208412007&CODE_STATE=getMsg HTTP/1.1" 200 27
180.175.103.110 - - [19/Jul/2022:13:27:43 +0800] "GET /xingrg/all/function/internal_message.html?_=1658208463091&CODE_STATE=getMsg HTTP/1.1" 200 27
218.81.223.53 - - [19/Jul/2022:13:27:45 +0800] "GET /xingrg/all/function/internal_message.html?_=1658208470085&CODE_STATE=getMsg HTTP/1.1" 200 27
114.86.187.244 - - [19/Jul/2022:13:28:05 +0800] "GET /xingrg/all/function/internal_message.html?_=1658208484978&CODE_STATE=getMsg HTTP/1.1" 200 27
120.253.135.82 - - [19/Jul/2022:13:28:12 +0800] "GET /xingrg/all/function/internal_message.html?_=1658208619957&CODE_STATE=getMsg HTTP/1.1" 200 27
101.83.240.35 - - [19/Jul/2022:13:28:12 +0800] "GET /xingrg/all/function/internal_message.html?_=1658208487865&CODE_STATE=getMsg HTTP/1.1" 200 27
101.83.240.35 - - [19/Jul/2022:13:28:13 +0800] "GET /xingrg/check_reg.html?_=1658208488991 HTTP/1.1" 200 22
114.84.2.83 - - [19/Jul/2022:13:28:16 +0800] "GET /xingrg/check_reg.html?_=1658208494219 HTTP/1.1" 200 22
114.84.2.83 - - [19/Jul/2022:13:28:16 +0800] "GET /xingrg/all/function/internal_message.html?_=1658208494221&CODE_STATE=getMsg HTTP/1.1" 200 27
116.230.110.48 - - [19/Jul/2022:13:28:31 +0800] "GET /xingrg/all/function/internal_message.html?_=1658208509231&CODE_STATE=getMsg HTTP/1.1" 200 27
101.85.120.95 - - [19/Jul/2022:13:28:31 +0800] "GET /xingrg/all/function/internal_message.html?_=1658208509451&CODE_STATE=getMsg HTTP/1.1" 200 27
58.35.196.166 - - [19/Jul/2022:13:28:31 +0800] "GET /xingrg/all/function/internal_message.html?_=1658208508936&CODE_STATE=getMsg HTTP/1.1" 200 27
116.228.172.94 - - [19/Jul/2022:13:28:34 +0800] "GET /xingrg/all/function/internal_message.html?_=1658208260905&CODE_STATE=getMsg HTTP/1.1" 200 27
101.83.223.227 - - [19/Jul/2022:13:28:42 +0800] "GET /xingrg/all/function/internal_message.html?_=1658208472021&CODE_STATE=getMsg HTTP/1.1" 200 27
180.175.103.110 - - [19/Jul/2022:13:28:43 +0800] "GET /xingrg/all/function/internal_message.html?_=1658208523061&CODE_STATE=getMsg HTTP/1.1" 200 27
218.81.223.53 - - [19/Jul/2022:13:28:45 +0800] "GET /xingrg/all/function/internal_message.html?_=1658208530101&CODE_STATE=getMsg HTTP/1.1" 200 27
58.35.196.166 - - [19/Jul/2022:13:28:55 +0800] "GET /xingrg/check_reg.html?_=1658208532062 HTTP/1.1" 200 22
114.86.187.244 - - [19/Jul/2022:13:29:05 +0800] "GET /xingrg/all/function/internal_message.html?_=1658208544977&CODE_STATE=getMsg HTTP/1.1" 200 27
114.86.187.244 - - [19/Jul/2022:13:29:05 +0800] "GET /xingrg/check_reg.html?_=1658208544980 HTTP/1.1" 200 22
101.83.240.35 - - [19/Jul/2022:13:29:12 +0800] "GET /xingrg/all/function/internal_message.html?_=1658208547858&CODE_STATE=getMsg HTTP/1.1" 200 27
120.253.135.82 - - [19/Jul/2022:13:29:12 +0800] "GET /xingrg/all/function/internal_message.html?_=1658208680011&CODE_STATE=getMsg HTTP/1.1" 200 27
114.84.2.83 - - [19/Jul/2022:13:29:16 +0800] "GET /xingrg/all/function/internal_message.html?_=1658208554222&CODE_STATE=getMsg HTTP/1.1" 200 27
116.230.110.48 - - [19/Jul/2022:13:29:31 +0800] "GET /xingrg/all/function/internal_message.html?_=1658208569221&CODE_STATE=getMsg HTTP/1.1" 200 27
101.85.120.95 - - [19/Jul/2022:13:29:31 +0800] "GET /xingrg/all/function/internal_message.html?_=1658208569479&CODE_STATE=getMsg HTTP/1.1" 200 27
58.35.196.166 - - [19/Jul/2022:13:29:31 +0800] "GET /xingrg/all/function/internal_message.html?_=1658208568909&CODE_STATE=getMsg HTTP/1.1" 200 27
116.228.172.94 - - [19/Jul/2022:13:29:34 +0800] "GET /xingrg/all/function/internal_message.html?_=1658208320907&CODE_STATE=getMsg HTTP/1.1" 200 27
101.83.223.227 - - [19/Jul/2022:13:29:39 +0800] "GET /xingrg/check_reg.html?_=1658208529339 HTTP/1.1" 200 22
101.83.223.227 - - [19/Jul/2022:13:29:42 +0800] "GET /xingrg/all/function/internal_message.html?_=1658208532033&CODE_STATE=getMsg HTTP/1.1" 200 27
180.175.103.110 - - [19/Jul/2022:13:29:43 +0800] "GET /xingrg/all/function/internal_message.html?_=1658208583036&CODE_STATE=getMsg HTTP/1.1" 200 27
218.81.223.53 - - [19/Jul/2022:13:29:46 +0800] "GET /xingrg/all/function/internal_message.html?_=1658208590714&CODE_STATE=getMsg HTTP/1.1" 200 27
58.37.4.65 - - [19/Jul/2022:13:29:53 +0800] "GET /xingrg/check_reg.html?_=1658208592517 HTTP/1.1" 200 22
114.86.187.244 - - [19/Jul/2022:13:30:05 +0800] "GET /xingrg/all/function/internal_message.html?_=1658208604978&CODE_STATE=getMsg HTTP/1.1" 200 27
101.83.240.35 - - [19/Jul/2022:13:30:08 +0800] "GET /xingrg/kc/buy/cgsh_order_list.html HTTP/1.1" 200 52168
101.83.240.35 - - [19/Jul/2022:13:30:09 +0800] "POST /xingrg/kc/buy/cgsh_list_operate.html HTTP/1.1" 200 693
101.83.240.35 - - [19/Jul/2022:13:30:10 +0800] "GET /xingrg/kc/buy/cgsh_order_add.html HTTP/1.1" 200 68032
101.83.240.35 - - [19/Jul/2022:13:30:10 +0800] "GET /xingrg/words/20220718133644_words.js HTTP/1.1" 304 -
101.83.240.35 - - [19/Jul/2022:13:30:11 +0800] "POST /xingrg/kc/buy/cgsh_order_operate.html HTTP/1.1" 200 8245
101.83.240.35 - - [19/Jul/2022:13:30:11 +0800] "GET /xingrg/javascript/easyui/themes/default/validatebox.css HTTP/1.1" 404 1104
101.83.240.35 - - [19/Jul/2022:13:30:12 +0800] "GET /xingrg/all/function/internal_message.html?_=1658208607835&CODE_STATE=getMsg HTTP/1.1" 200 27
120.253.135.82 - - [19/Jul/2022:13:30:12 +0800] "GET /xingrg/all/function/internal_message.html?_=1658208740013&CODE_STATE=getMsg HTTP/1.1" 200 27
114.84.2.83 - - [19/Jul/2022:13:30:16 +0800] "GET /xingrg/all/function/internal_message.html?_=1658208614222&CODE_STATE=getMsg HTTP/1.1" 200 27
101.83.240.35 - - [19/Jul/2022:13:30:21 +0800] "GET /xingrg/kc/buy/cgsh_order_operate.html?command=get_materiel&rest_code=00149&code=00102015065&supplier_code=00100151&order_time=2022-07-19 HTTP/1.1" 200 416
116.230.110.48 - - [19/Jul/2022:13:30:31 +0800] "GET /xingrg/all/function/internal_message.html?_=1658208629227&CODE_STATE=getMsg HTTP/1.1" 200 27
101.85.120.95 - - [19/Jul/2022:13:30:31 +0800] "GET /xingrg/check_reg.html?_=1658208629485 HTTP/1.1" 200 22
101.85.120.95 - - [19/Jul/2022:13:30:31 +0800] "GET /xingrg/all/function/internal_message.html?_=1658208629481&CODE_STATE=getMsg HTTP/1.1" 200 27
58.35.196.166 - - [19/Jul/2022:13:30:31 +0800] "GET /xingrg/all/function/internal_message.html?_=1658208628889&CODE_STATE=getMsg HTTP/1.1" 200 27
180.175.103.110 - - [19/Jul/2022:13:30:32 +0800] "GET /xingrg/kc/buy/cgsh_order_list.html HTTP/1.1" 200 52162
116.228.172.94 - - [19/Jul/2022:13:30:34 +0800] "GET /xingrg/all/function/internal_message.html?_=1658208380910&CODE_STATE=getMsg HTTP/1.1" 200 27
180.175.103.110 - - [19/Jul/2022:13:30:34 +0800] "POST /xingrg/kc/buy/cgsh_list_operate.html HTTP/1.1" 200 2986
180.175.103.110 - - [19/Jul/2022:13:30:37 +0800] "GET /xingrg/kc/buy/cgsh_order_add.html HTTP/1.1" 200 68026
180.175.103.110 - - [19/Jul/2022:13:30:37 +0800] "POST /xingrg/kc/buy/cgsh_order_operate.html HTTP/1.1" 200 8245
180.175.103.110 - - [19/Jul/2022:13:30:37 +0800] "GET /xingrg/javascript/easyui/themes/default/validatebox.css HTTP/1.1" 404 1104
180.175.103.110 - - [19/Jul/2022:13:30:39 +0800] "GET /xingrg/javascript/auto/indicator.gif HTTP/1.1" 404 1066
101.83.240.35 - - [19/Jul/2022:13:30:40 +0800] "GET /xingrg/kc/buy/cgsh_order_operate.html?command=get_materiel&rest_code=00149&code=00102002302&supplier_code=00100151&order_time=2022-07-19 HTTP/1.1" 200 408
101.83.223.227 - - [19/Jul/2022:13:30:42 +0800] "GET /xingrg/all/function/internal_message.html?_=1658208592047&CODE_STATE=getMsg HTTP/1.1" 200 27
180.175.103.110 - - [19/Jul/2022:13:30:43 +0800] "GET /xingrg/all/function/internal_message.html?_=1658208643036&CODE_STATE=getMsg HTTP/1.1" 200 27
218.81.223.53 - - [19/Jul/2022:13:30:46 +0800] "GET /xingrg/all/function/internal_message.html?_=1658208650719&CODE_STATE=getMsg HTTP/1.1" 200 27
180.175.103.110 - - [19/Jul/2022:13:30:47 +0800] "GET /xingrg/kc/buy/cgsh_order_operate.html?command=get_materiel&rest_code=00105&code=00101018011&supplier_code=00100330&order_time=2022-07-19 HTTP/1.1" 200 428
180.175.103.110 - - [19/Jul/2022:13:30:54 +0800] "POST /xingrg/kc/buy/cgsh_order_operate.html HTTP/1.1" 200 37
180.175.103.110 - - [19/Jul/2022:13:30:56 +0800] "POST /xingrg/kc/buy/cgsh_order_operate.html HTTP/1.1" 200 2657
180.175.103.110 - - [19/Jul/2022:13:30:57 +0800] "GET /xingrg/kc/print/load_data.html?order_code=212022071904781&kc_code=cgsh&condition= HTTP/1.1" 200 679
101.83.240.35 - - [19/Jul/2022:13:30:59 +0800] "GET /xingrg/kc/buy/cgsh_order_operate.html?command=get_materiel&rest_code=00149&code=00102002381&supplier_code=00100151&order_time=2022-07-19 HTTP/1.1" 200 412
180.175.103.110 - - [19/Jul/2022:13:31:02 +0800] "GET /xingrg/kc/buy/cgsh_order_add.html HTTP/1.1" 200 68026
180.175.103.110 - - [19/Jul/2022:13:31:03 +0800] "POST /xingrg/kc/buy/cgsh_order_operate.html HTTP/1.1" 200 8245
180.175.103.110 - - [19/Jul/2022:13:31:03 +0800] "GET /xingrg/javascript/easyui/themes/default/validatebox.css HTTP/1.1" 404 1104
114.86.187.244 - - [19/Jul/2022:13:31:05 +0800] "GET /xingrg/all/function/internal_message.html?_=1658208664977&CODE_STATE=getMsg HTTP/1.1" 200 27
180.175.103.110 - - [19/Jul/2022:13:31:07 +0800] "GET /xingrg/check_reg.html?_=1658208667266 HTTP/1.1" 200 22
101.83.240.35 - - [19/Jul/2022:13:31:12 +0800] "GET /xingrg/all/function/internal_message.html?_=1658208667810&CODE_STATE=getMsg HTTP/1.1" 200 27
