101.85.238.90 - - [19/Jul/2022:10:36:48 +0800] "GET /xingrg/images/control/ajaxLoader.gif HTTP/1.1" 304 -
58.37.4.65 - - [19/Jul/2022:10:36:49 +0800] "POST /xingrg/kc/buy/cgsh_order_operate.html HTTP/1.1" 200 5030
101.85.238.90 - - [19/Jul/2022:10:36:49 +0800] "POST /xingrg/kc/base/wldb_list_operate.html HTTP/1.1" 200 928
101.85.238.90 - - [19/Jul/2022:10:36:50 +0800] "GET /favicon.ico HTTP/1.1" 404 -
58.37.4.65 - - [19/Jul/2022:10:36:53 +0800] "GET /xingrg/kc/buy/cgsh_order_add.html HTTP/1.1" 200 67938
58.37.4.65 - - [19/Jul/2022:10:36:53 +0800] "POST /xingrg/kc/buy/cgsh_order_operate.html HTTP/1.1" 200 8245
58.37.4.65 - - [19/Jul/2022:10:36:53 +0800] "GET /xingrg/javascript/easyui/themes/default/validatebox.css HTTP/1.1" 404 1104
58.37.4.65 - - [19/Jul/2022:10:36:55 +0800] "GET /xingrg/javascript/easyui/themes/default/tree.css HTTP/1.1" 404 1090
58.37.4.65 - - [19/Jul/2022:10:36:55 +0800] "POST /xingrg/all/common/load_tree.html?tree=supplier_tree_json&isDelete=1 HTTP/1.1" 200 66956
124.79.75.192 - - [19/Jul/2022:10:36:58 +0800] "POST /xingrg/services/DataTransmitService HTTP/1.1" 200 524
114.86.187.244 - - [19/Jul/2022:10:37:05 +0800] "GET /xingrg/all/function/internal_message.html?_=1658198224638&CODE_STATE=getMsg HTTP/1.1" 200 27
58.35.196.166 - - [19/Jul/2022:10:37:06 +0800] "POST /xingrg/kc/base/wldb_list_operate.html HTTP/1.1" 200 5751
58.35.196.166 - - [19/Jul/2022:10:37:08 +0800] "POST /xingrg/kc/base/wldb_list_operate.html HTTP/1.1" 200 5751
218.81.223.53 - - [19/Jul/2022:10:37:09 +0800] "GET /xingrg/check_reg.html?_=1658198233768 HTTP/1.1" 200 22
218.81.223.53 - - [19/Jul/2022:10:37:10 +0800] "GET /xingrg/all/function/internal_message.html?_=1658198234844&CODE_STATE=getMsg HTTP/1.1" 200 27
58.37.4.65 - - [19/Jul/2022:10:37:10 +0800] "GET /xingrg/kc/buy/cgsh_order_operate.html?command=get_materiel&rest_code=00106&code=00101007090&supplier_code=00100002&order_time=2022-07-19 HTTP/1.1" 200 413
101.83.240.35 - - [19/Jul/2022:10:37:13 +0800] "GET /xingrg/all/function/internal_message.html?_=1658198228821&CODE_STATE=getMsg HTTP/1.1" 200 27
58.35.196.166 - - [19/Jul/2022:10:37:14 +0800] "POST /xingrg/kc/base/wldb_list_operate.html HTTP/1.1" 200 5751
58.35.196.166 - - [19/Jul/2022:10:37:15 +0800] "POST /xingrg/kc/base/wldb_list_operate.html HTTP/1.1" 200 5751
114.84.2.83 - - [19/Jul/2022:10:37:16 +0800] "GET /xingrg/all/function/internal_message.html?_=1658198234025&CODE_STATE=getMsg HTTP/1.1" 200 27
58.35.196.166 - - [19/Jul/2022:10:37:21 +0800] "POST /xingrg/kc/base/wldb_list_operate.html HTTP/1.1" 200 3049
116.230.110.48 - - [19/Jul/2022:10:37:30 +0800] "GET /xingrg/all/function/internal_message.html?_=1658198249223&CODE_STATE=getMsg HTTP/1.1" 200 27
116.230.110.48 - - [19/Jul/2022:10:37:30 +0800] "GET /xingrg/check_reg.html?_=1658198249226 HTTP/1.1" 200 22
101.85.238.90 - - [19/Jul/2022:10:37:32 +0800] "GET /xingrg/all/function/internal_message.html?_=1658198315266&CODE_STATE=getMsg HTTP/1.1" 200 27
58.35.196.166 - - [19/Jul/2022:10:37:35 +0800] "GET /xingrg/all/function/internal_message.html?_=1658198252762&CODE_STATE=getMsg HTTP/1.1" 200 27
101.85.120.95 - - [19/Jul/2022:10:37:35 +0800] "GET /xingrg/all/function/internal_message.html?_=1658198254125&CODE_STATE=getMsg HTTP/1.1" 200 27
58.35.196.166 - - [19/Jul/2022:10:37:37 +0800] "POST /xingrg/kc/base/wldb_list_operate.html HTTP/1.1" 200 928
58.35.196.166 - - [19/Jul/2022:10:37:38 +0800] "POST /xingrg/kc/base/wldb_list_operate.html HTTP/1.1" 200 928
58.35.196.166 - - [19/Jul/2022:10:37:39 +0800] "POST /xingrg/kc/base/wldb_list_operate.html HTTP/1.1" 200 928
58.37.4.65 - - [19/Jul/2022:10:37:41 +0800] "GET /xingrg/kc/buy/cgsh_order_operate.html?command=get_materiel&rest_code=00106&code=00101007049&supplier_code=00100002&order_time=2022-07-19 HTTP/1.1" 200 426
58.35.196.166 - - [19/Jul/2022:10:37:42 +0800] "POST /xingrg/kc/base/wldb_list_operate.html HTTP/1.1" 200 928
58.37.4.65 - - [19/Jul/2022:10:37:45 +0800] "GET /xingrg/all/function/internal_message.html?_=1658198265069&CODE_STATE=getMsg HTTP/1.1" 200 27
180.175.103.110 - - [19/Jul/2022:10:37:47 +0800] "GET /xingrg/all/function/internal_message.html?_=1658198267168&CODE_STATE=getMsg HTTP/1.1" 200 27
58.35.196.166 - - [19/Jul/2022:10:37:49 +0800] "POST /xingrg/kc/base/wldb_list_operate.html HTTP/1.1" 200 928
58.35.196.166 - - [19/Jul/2022:10:37:53 +0800] "POST /xingrg/kc/base/wldb_list_operate.html HTTP/1.1" 200 928
58.35.196.166 - - [19/Jul/2022:10:37:56 +0800] "POST /xingrg/kc/base/wldb_list_operate.html HTTP/1.1" 200 5751
58.35.196.166 - - [19/Jul/2022:10:38:02 +0800] "POST /xingrg/kc/base/wldb_list_operate.html HTTP/1.1" 200 208
114.86.187.244 - - [19/Jul/2022:10:38:05 +0800] "GET /xingrg/all/function/internal_message.html?_=1658198284649&CODE_STATE=getMsg HTTP/1.1" 200 27
58.35.196.166 - - [19/Jul/2022:10:38:05 +0800] "POST /xingrg/kc/base/wldb_list_operate.html HTTP/1.1" 200 657
58.35.196.166 - - [19/Jul/2022:10:38:07 +0800] "POST /xingrg/kc/base/wldb_list_operate.html HTTP/1.1" 200 211
58.35.196.166 - - [19/Jul/2022:10:38:08 +0800] "POST /xingrg/kc/base/wldb_list_operate.html HTTP/1.1" 200 544
58.35.196.166 - - [19/Jul/2022:10:38:09 +0800] "POST /xingrg/kc/base/wldb_list_operate.html HTTP/1.1" 200 206
218.81.223.53 - - [19/Jul/2022:10:38:10 +0800] "GET /xingrg/all/function/internal_message.html?_=1658198294858&CODE_STATE=getMsg HTTP/1.1" 200 27
58.35.196.166 - - [19/Jul/2022:10:38:11 +0800] "POST /xingrg/kc/base/wldb_list_operate.html HTTP/1.1" 200 211
58.35.196.166 - - [19/Jul/2022:10:38:12 +0800] "POST /xingrg/kc/base/wldb_list_operate.html HTTP/1.1" 200 201
101.83.240.35 - - [19/Jul/2022:10:38:13 +0800] "GET /xingrg/all/function/internal_message.html?_=1658198288839&CODE_STATE=getMsg HTTP/1.1" 200 27
101.83.240.35 - - [19/Jul/2022:10:38:13 +0800] "GET /xingrg/check_reg.html?_=1658198288843 HTTP/1.1" 200 22
58.35.196.166 - - [19/Jul/2022:10:38:13 +0800] "POST /xingrg/kc/base/wldb_list_operate.html HTTP/1.1" 200 202
58.35.196.166 - - [19/Jul/2022:10:38:14 +0800] "POST /xingrg/kc/base/wldb_list_operate.html HTTP/1.1" 200 203
58.35.196.166 - - [19/Jul/2022:10:38:16 +0800] "POST /xingrg/kc/base/wldb_list_operate.html HTTP/1.1" 200 213
114.84.2.83 - - [19/Jul/2022:10:38:16 +0800] "GET /xingrg/check_reg.html?_=1658198294011 HTTP/1.1" 200 22
114.84.2.83 - - [19/Jul/2022:10:38:16 +0800] "GET /xingrg/all/function/internal_message.html?_=1658198294013&CODE_STATE=getMsg HTTP/1.1" 200 27
58.37.4.65 - - [19/Jul/2022:10:38:16 +0800] "GET /xingrg/kc/buy/cgsh_order_operate.html?command=get_materiel&rest_code=00106&code=00101007059&supplier_code=00100002&order_time=2022-07-19 HTTP/1.1" 200 411
58.35.196.166 - - [19/Jul/2022:10:38:27 +0800] "POST /xingrg/kc/base/stock_operate.html HTTP/1.1" 200 1477
58.35.196.166 - - [19/Jul/2022:10:38:29 +0800] "GET /xingrg/kc/base/kc_stocks_rest.html?code=00102002006 HTTP/1.1" 200 7856
58.35.196.166 - - [19/Jul/2022:10:38:29 +0800] "POST /xingrg/kc/base/stock_operate.html HTTP/1.1" 200 766
116.230.110.48 - - [19/Jul/2022:10:38:30 +0800] "GET /xingrg/all/function/internal_message.html?_=1658198309222&CODE_STATE=getMsg HTTP/1.1" 200 27
101.85.238.90 - - [19/Jul/2022:10:38:35 +0800] "GET /xingrg/all/function/internal_message.html?_=1658198375869&CODE_STATE=getMsg HTTP/1.1" 200 27
58.35.196.166 - - [19/Jul/2022:10:38:35 +0800] "GET /xingrg/all/function/internal_message.html?_=1658198312735&CODE_STATE=getMsg HTTP/1.1" 200 27
101.85.120.95 - - [19/Jul/2022:10:38:35 +0800] "GET /xingrg/check_reg.html?_=1658198314152 HTTP/1.1" 200 22
101.85.120.95 - - [19/Jul/2022:10:38:35 +0800] "GET /xingrg/all/function/internal_message.html?_=1658198314153&CODE_STATE=getMsg HTTP/1.1" 200 27
58.35.196.166 - - [19/Jul/2022:10:38:35 +0800] "GET /xingrg/javascript/easyui/themes/sunny/images/ui-bg_gloss-wave_60_fece2f_500x100.png HTTP/1.1" 200 3512
58.35.196.166 - - [19/Jul/2022:10:38:39 +0800] "GET /xingrg/kc/base/wldb_order_list.html HTTP/1.1" 200 19148
58.35.196.166 - - [19/Jul/2022:10:38:39 +0800] "POST /xingrg/kc/base/wldb_list_operate.html HTTP/1.1" 200 928
58.35.196.166 - - [19/Jul/2022:10:38:41 +0800] "POST /xingrg/kc/base/wldb_list_operate.html HTTP/1.1" 200 928
58.37.4.65 - - [19/Jul/2022:10:38:45 +0800] "GET /xingrg/check_reg.html?_=1658198325084 HTTP/1.1" 200 22
58.37.4.65 - - [19/Jul/2022:10:38:45 +0800] "GET /xingrg/all/function/internal_message.html?_=1658198325085&CODE_STATE=getMsg HTTP/1.1" 200 27
58.35.196.166 - - [19/Jul/2022:10:38:46 +0800] "POST /xingrg/kc/base/wldb_list_operate.html HTTP/1.1" 200 928
58.35.196.166 - - [19/Jul/2022:10:38:46 +0800] "POST /xingrg/kc/base/wldb_list_operate.html HTTP/1.1" 200 928
180.175.103.110 - - [19/Jul/2022:10:38:47 +0800] "GET /xingrg/all/function/internal_message.html?_=1658198327139&CODE_STATE=getMsg HTTP/1.1" 200 27
58.35.196.166 - - [19/Jul/2022:10:38:49 +0800] "POST /xingrg/kc/base/wldb_list_operate.html HTTP/1.1" 200 5988
101.85.238.90 - - [19/Jul/2022:10:38:52 +0800] "GET /xingrg/check_reg.html?_=1658198395047 HTTP/1.1" 200 22
58.35.196.166 - - [19/Jul/2022:10:38:54 +0800] "GET /xingrg/check_reg.html?_=1658198332060 HTTP/1.1" 200 22
58.37.4.65 - - [19/Jul/2022:10:39:03 +0800] "POST /xingrg/kc/buy/cgsh_order_operate.html HTTP/1.1" 200 37
114.86.187.244 - - [19/Jul/2022:10:39:05 +0800] "GET /xingrg/check_reg.html?_=1658198344641 HTTP/1.1" 200 22
114.86.187.244 - - [19/Jul/2022:10:39:05 +0800] "GET /xingrg/all/function/internal_message.html?_=1658198344644&CODE_STATE=getMsg HTTP/1.1" 200 27
58.37.4.65 - - [19/Jul/2022:10:39:05 +0800] "POST /xingrg/kc/buy/cgsh_order_operate.html HTTP/1.1" 200 4425
58.35.196.166 - - [19/Jul/2022:10:39:06 +0800] "POST /xingrg/kc/base/wldb_list_operate.html HTTP/1.1" 200 657
218.81.223.53 - - [19/Jul/2022:10:39:10 +0800] "GET /xingrg/all/function/internal_message.html?_=1658198354873&CODE_STATE=getMsg HTTP/1.1" 200 27
114.88.155.189 - - [19/Jul/2022:10:39:11 +0800] "POST /xingrg/services/DataTransmitService HTTP/1.1" 200 524
101.83.240.35 - - [19/Jul/2022:10:39:13 +0800] "GET /xingrg/all/function/internal_message.html?_=1658198348826&CODE_STATE=getMsg HTTP/1.1" 200 27
114.84.2.83 - - [19/Jul/2022:10:39:16 +0800] "GET /xingrg/all/function/internal_message.html?_=1658198354012&CODE_STATE=getMsg HTTP/1.1" 200 27
116.230.110.48 - - [19/Jul/2022:10:39:30 +0800] "GET /xingrg/all/function/internal_message.html?_=1658198369225&CODE_STATE=getMsg HTTP/1.1" 200 27
58.37.4.65 - - [19/Jul/2022:10:39:33 +0800] "POST /xingrg/kc/buy/cgsh_order_operate.html HTTP/1.1" 200 37
58.37.4.65 - - [19/Jul/2022:10:39:35 +0800] "POST /xingrg/kc/buy/cgsh_order_operate.html HTTP/1.1" 200 4425
58.35.196.166 - - [19/Jul/2022:10:39:35 +0800] "GET /xingrg/all/function/internal_message.html?_=1658198372708&CODE_STATE=getMsg HTTP/1.1" 200 27
101.85.120.95 - - [19/Jul/2022:10:39:35 +0800] "GET /xingrg/all/function/internal_message.html?_=1658198374151&CODE_STATE=getMsg HTTP/1.1" 200 27
58.37.4.65 - - [19/Jul/2022:10:39:36 +0800] "GET /xingrg/kc/buy/cgsh_order_add.html HTTP/1.1" 200 67938
58.37.4.65 - - [19/Jul/2022:10:39:37 +0800] "POST /xingrg/kc/buy/cgsh_order_operate.html HTTP/1.1" 200 8245
58.37.4.65 - - [19/Jul/2022:10:39:37 +0800] "GET /xingrg/javascript/easyui/themes/default/validatebox.css HTTP/1.1" 404 1104
101.85.238.90 - - [19/Jul/2022:10:39:37 +0800] "GET /xingrg/all/function/internal_message.html?_=1658198438782&CODE_STATE=getMsg HTTP/1.1" 200 27
58.37.4.65 - - [19/Jul/2022:10:39:38 +0800] "GET /xingrg/javascript/easyui/themes/default/tree.css HTTP/1.1" 404 1090
58.37.4.65 - - [19/Jul/2022:10:39:38 +0800] "POST /xingrg/all/common/load_tree.html?tree=supplier_tree_json&isDelete=1 HTTP/1.1" 200 66956
58.37.4.65 - - [19/Jul/2022:10:39:45 +0800] "GET /xingrg/all/function/internal_message.html?_=1658198385075&CODE_STATE=getMsg HTTP/1.1" 200 27
180.175.103.110 - - [19/Jul/2022:10:39:47 +0800] "GET /xingrg/all/function/internal_message.html?_=1658198387119&CODE_STATE=getMsg HTTP/1.1" 200 27
124.79.75.192 - - [19/Jul/2022:10:39:47 +0800] "POST /xingrg/services/DataTransmitService HTTP/1.1" 200 524
124.79.75.192 - - [19/Jul/2022:10:39:47 +0800] "POST /xingrg/services/DataTransmitService HTTP/1.1" 200 2147
124.79.75.192 - - [19/Jul/2022:10:39:48 +0800] "POST /xingrg/services/DataTransmitService HTTP/1.1" 200 118912
124.79.75.192 - - [19/Jul/2022:10:39:51 +0800] "POST /xingrg/services/DataTransmitService HTTP/1.1" 200 524
124.79.75.192 - - [19/Jul/2022:10:39:52 +0800] "POST /xingrg/services/DataTransmitService HTTP/1.1" 200 497
124.79.75.192 - - [19/Jul/2022:10:39:54 +0800] "POST /xingrg/services/DataTransmitService HTTP/1.1" 200 524
124.79.75.192 - - [19/Jul/2022:10:39:55 +0800] "POST /xingrg/services/DataTransmitService HTTP/1.1" 200 501
124.79.75.192 - - [19/Jul/2022:10:39:58 +0800] "POST /xingrg/services/DataTransmitService HTTP/1.1" 200 524
124.79.75.192 - - [19/Jul/2022:10:39:58 +0800] "POST /xingrg/services/DataTransmitService HTTP/1.1" 200 501
124.79.75.192 - - [19/Jul/2022:10:39:58 +0800] "POST /xingrg/services/DataTransmitService HTTP/1.1" 200 524
124.79.75.192 - - [19/Jul/2022:10:39:59 +0800] "POST /xingrg/services/DataTransmitService HTTP/1.1" 200 501
114.86.187.244 - - [19/Jul/2022:10:40:05 +0800] "GET /xingrg/all/function/internal_message.html?_=1658198404635&CODE_STATE=getMsg HTTP/1.1" 200 27
218.81.223.53 - - [19/Jul/2022:10:40:11 +0800] "GET /xingrg/all/function/internal_message.html?_=1658198415431&CODE_STATE=getMsg HTTP/1.1" 200 27
101.83.240.35 - - [19/Jul/2022:10:40:13 +0800] "GET /xingrg/all/function/internal_message.html?_=1658198408846&CODE_STATE=getMsg HTTP/1.1" 200 27
114.84.2.83 - - [19/Jul/2022:10:40:16 +0800] "GET /xingrg/all/function/internal_message.html?_=1658198414011&CODE_STATE=getMsg HTTP/1.1" 200 27
124.79.75.192 - - [19/Jul/2022:10:40:19 +0800] "POST /xingrg/services/DataTransmitService HTTP/1.1" 200 524
124.79.75.192 - - [19/Jul/2022:10:40:19 +0800] "POST /xingrg/services/DataTransmitService HTTP/1.1" 200 2147
124.79.75.192 - - [19/Jul/2022:10:40:19 +0800] "POST /xingrg/services/DataTransmitService HTTP/1.1" 200 524
124.79.75.192 - - [19/Jul/2022:10:40:20 +0800] "POST /xingrg/services/DataTransmitService HTTP/1.1" 200 2147
124.79.75.192 - - [19/Jul/2022:10:40:20 +0800] "POST /xingrg/services/DataTransmitService HTTP/1.1" 200 524
124.79.75.192 - - [19/Jul/2022:10:40:20 +0800] "POST /xingrg/services/DataTransmitService HTTP/1.1" 200 2147
124.79.75.192 - - [19/Jul/2022:10:40:21 +0800] "POST /xingrg/services/DataTransmitService HTTP/1.1" 200 524
124.79.75.192 - - [19/Jul/2022:10:40:21 +0800] "POST /xingrg/services/DataTransmitService HTTP/1.1" 200 2147
124.79.75.192 - - [19/Jul/2022:10:40:21 +0800] "POST /xingrg/services/DataTransmitService HTTP/1.1" 200 524
124.79.75.192 - - [19/Jul/2022:10:40:21 +0800] "POST /xingrg/services/DataTransmitService HTTP/1.1" 200 2147
124.79.75.192 - - [19/Jul/2022:10:40:22 +0800] "POST /xingrg/services/DataTransmitService HTTP/1.1" 200 524
124.79.75.192 - - [19/Jul/2022:10:40:22 +0800] "POST /xingrg/services/DataTransmitService HTTP/1.1" 200 2147
124.79.75.192 - - [19/Jul/2022:10:40:22 +0800] "POST /xingrg/services/DataTransmitService HTTP/1.1" 200 524
124.79.75.192 - - [19/Jul/2022:10:40:22 +0800] "POST /xingrg/services/DataTransmitService HTTP/1.1" 200 2147
124.79.75.192 - - [19/Jul/2022:10:40:23 +0800] "POST /xingrg/services/DataTransmitService HTTP/1.1" 200 524
124.79.75.192 - - [19/Jul/2022:10:40:23 +0800] "POST /xingrg/services/DataTransmitService HTTP/1.1" 200 2147
124.79.75.192 - - [19/Jul/2022:10:40:23 +0800] "POST /xingrg/services/DataTransmitService HTTP/1.1" 200 524
124.79.75.192 - - [19/Jul/2022:10:40:23 +0800] "POST /xingrg/services/DataTransmitService HTTP/1.1" 200 2147
124.79.75.192 - - [19/Jul/2022:10:40:24 +0800] "POST /xingrg/services/DataTransmitService HTTP/1.1" 200 524
124.79.75.192 - - [19/Jul/2022:10:40:25 +0800] "POST /xingrg/services/DataTransmitService HTTP/1.1" 200 2147
124.79.75.192 - - [19/Jul/2022:10:40:25 +0800] "POST /xingrg/services/DataTransmitService HTTP/1.1" 200 524
124.79.75.192 - - [19/Jul/2022:10:40:25 +0800] "POST /xingrg/services/DataTransmitService HTTP/1.1" 200 2147
58.37.4.65 - - [19/Jul/2022:10:40:25 +0800] "GET /xingrg/kc/buy/cgsh_order_operate.html?command=get_materiel&rest_code=00106&code=00101009001&supplier_code=00100022&order_time=2022-07-19 HTTP/1.1" 200 418
116.230.110.48 - - [19/Jul/2022:10:40:30 +0800] "GET /xingrg/all/function/internal_message.html?_=1658198429226&CODE_STATE=getMsg HTTP/1.1" 200 27
124.79.75.192 - - [19/Jul/2022:10:40:34 +0800] "POST /xingrg/services/DataTransmitService HTTP/1.1" 200 524
124.79.75.192 - - [19/Jul/2022:10:40:34 +0800] "POST /xingrg/services/DataTransmitService HTTP/1.1" 200 2147
124.79.75.192 - - [19/Jul/2022:10:40:35 +0800] "POST /xingrg/services/DataTransmitService HTTP/1.1" 200 524
124.79.75.192 - - [19/Jul/2022:10:40:35 +0800] "POST /xingrg/services/DataTransmitService HTTP/1.1" 200 2147
58.35.196.166 - - [19/Jul/2022:10:40:35 +0800] "GET /xingrg/all/function/internal_message.html?_=1658198432689&CODE_STATE=getMsg HTTP/1.1" 200 27
124.79.75.192 - - [19/Jul/2022:10:40:35 +0800] "POST /xingrg/services/DataTransmitService HTTP/1.1" 200 524
101.85.120.95 - - [19/Jul/2022:10:40:35 +0800] "GET /xingrg/all/function/internal_message.html?_=1658198434152&CODE_STATE=getMsg HTTP/1.1" 200 27
124.79.75.192 - - [19/Jul/2022:10:40:35 +0800] "POST /xingrg/services/DataTransmitService HTTP/1.1" 200 2147
124.79.75.192 - - [19/Jul/2022:10:40:36 +0800] "POST /xingrg/services/DataTransmitService HTTP/1.1" 200 524
101.85.238.90 - - [19/Jul/2022:10:40:36 +0800] "GET /xingrg/all/function/internal_message.html?_=1658198498785&CODE_STATE=getMsg HTTP/1.1" 200 27
124.79.75.192 - - [19/Jul/2022:10:40:36 +0800] "POST /xingrg/services/DataTransmitService HTTP/1.1" 200 2147
124.79.75.192 - - [19/Jul/2022:10:40:36 +0800] "POST /xingrg/services/DataTransmitService HTTP/1.1" 200 524
124.79.75.192 - - [19/Jul/2022:10:40:36 +0800] "POST /xingrg/services/DataTransmitService HTTP/1.1" 200 2147
124.79.75.192 - - [19/Jul/2022:10:40:37 +0800] "POST /xingrg/services/DataTransmitService HTTP/1.1" 200 524
124.79.75.192 - - [19/Jul/2022:10:40:37 +0800] "POST /xingrg/services/DataTransmitService HTTP/1.1" 200 2147
124.79.75.192 - - [19/Jul/2022:10:40:37 +0800] "POST /xingrg/services/DataTransmitService HTTP/1.1" 200 524
124.79.75.192 - - [19/Jul/2022:10:40:38 +0800] "POST /xingrg/services/DataTransmitService HTTP/1.1" 200 2147
124.79.75.192 - - [19/Jul/2022:10:40:38 +0800] "POST /xingrg/services/DataTransmitService HTTP/1.1" 200 524
124.79.75.192 - - [19/Jul/2022:10:40:38 +0800] "POST /xingrg/services/DataTransmitService HTTP/1.1" 200 2147
124.79.75.192 - - [19/Jul/2022:10:40:38 +0800] "POST /xingrg/services/DataTransmitService HTTP/1.1" 200 524
124.79.75.192 - - [19/Jul/2022:10:40:39 +0800] "POST /xingrg/services/DataTransmitService HTTP/1.1" 200 2147
124.79.75.192 - - [19/Jul/2022:10:40:39 +0800] "POST /xingrg/services/DataTransmitService HTTP/1.1" 200 524
124.79.75.192 - - [19/Jul/2022:10:40:39 +0800] "POST /xingrg/services/DataTransmitService HTTP/1.1" 200 2147
124.79.75.192 - - [19/Jul/2022:10:40:42 +0800] "POST /xingrg/services/DataTransmitService HTTP/1.1" 200 524
124.79.75.192 - - [19/Jul/2022:10:40:42 +0800] "POST /xingrg/services/DataTransmitService HTTP/1.1" 200 2147
124.79.75.192 - - [19/Jul/2022:10:40:42 +0800] "POST /xingrg/services/DataTransmitService HTTP/1.1" 200 524
124.79.75.192 - - [19/Jul/2022:10:40:42 +0800] "POST /xingrg/services/DataTransmitService HTTP/1.1" 200 2147
124.79.75.192 - - [19/Jul/2022:10:40:43 +0800] "POST /xingrg/services/DataTransmitService HTTP/1.1" 200 524
124.79.75.192 - - [19/Jul/2022:10:40:43 +0800] "POST /xingrg/services/DataTransmitService HTTP/1.1" 200 2147
124.79.75.192 - - [19/Jul/2022:10:40:43 +0800] "POST /xingrg/services/DataTransmitService HTTP/1.1" 200 524
124.79.75.192 - - [19/Jul/2022:10:40:44 +0800] "POST /xingrg/services/DataTransmitService HTTP/1.1" 200 2147
58.37.4.65 - - [19/Jul/2022:10:40:45 +0800] "GET /xingrg/all/function/internal_message.html?_=1658198445067&CODE_STATE=getMsg HTTP/1.1" 200 27
180.175.103.110 - - [19/Jul/2022:10:40:47 +0800] "GET /xingrg/all/function/internal_message.html?_=1658198447094&CODE_STATE=getMsg HTTP/1.1" 200 27
58.37.4.65 - - [19/Jul/2022:10:40:49 +0800] "GET /xingrg/kc/buy/cgsh_order_operate.html?command=get_materiel&rest_code=00106&code=00101009011&supplier_code=00100022&order_time=2022-07-19 HTTP/1.1" 200 434
58.37.4.65 - - [19/Jul/2022:10:41:02 +0800] "GET /xingrg/kc/buy/cgsh_order_operate.html?command=get_materiel&rest_code=00106&code=00101009118&supplier_code=00100022&order_time=2022-07-19 HTTP/1.1" 200 407
114.86.187.244 - - [19/Jul/2022:10:41:05 +0800] "GET /xingrg/all/function/internal_message.html?_=1658198464646&CODE_STATE=getMsg HTTP/1.1" 200 27
180.175.103.110 - - [19/Jul/2022:10:41:08 +0800] "GET /xingrg/check_reg.html?_=1658198467966 HTTP/1.1" 200 22
218.81.223.53 - - [19/Jul/2022:10:41:11 +0800] "GET /xingrg/all/function/internal_message.html?_=1658198475445&CODE_STATE=getMsg HTTP/1.1" 200 27
101.83.240.35 - - [19/Jul/2022:10:41:13 +0800] "GET /xingrg/all/function/internal_message.html?_=1658198468844&CODE_STATE=getMsg HTTP/1.1" 200 27
114.84.2.83 - - [19/Jul/2022:10:41:16 +0800] "GET /xingrg/all/function/internal_message.html?_=1658198474012&CODE_STATE=getMsg HTTP/1.1" 200 27
58.37.4.65 - - [19/Jul/2022:10:41:27 +0800] "POST /xingrg/kc/buy/cgsh_order_operate.html HTTP/1.1" 200 37
58.37.4.65 - - [19/Jul/2022:10:41:28 +0800] "POST /xingrg/kc/buy/cgsh_order_operate.html HTTP/1.1" 200 3841
58.37.4.65 - - [19/Jul/2022:10:41:30 +0800] "GET /xingrg/kc/buy/cgsh_order_add.html HTTP/1.1" 200 67938
116.230.110.48 - - [19/Jul/2022:10:41:30 +0800] "GET /xingrg/all/function/internal_message.html?_=1658198489214&CODE_STATE=getMsg HTTP/1.1" 200 27
58.37.4.65 - - [19/Jul/2022:10:41:30 +0800] "POST /xingrg/kc/buy/cgsh_order_operate.html HTTP/1.1" 200 8245
58.37.4.65 - - [19/Jul/2022:10:41:30 +0800] "GET /xingrg/javascript/easyui/themes/default/validatebox.css HTTP/1.1" 404 1104
58.37.4.65 - - [19/Jul/2022:10:41:32 +0800] "GET /xingrg/javascript/easyui/themes/default/tree.css HTTP/1.1" 404 1090
58.37.4.65 - - [19/Jul/2022:10:41:32 +0800] "POST /xingrg/all/common/load_tree.html?tree=supplier_tree_json&isDelete=1 HTTP/1.1" 200 66956
58.35.196.166 - - [19/Jul/2022:10:41:35 +0800] "GET /xingrg/all/function/internal_message.html?_=1658198492674&CODE_STATE=getMsg HTTP/1.1" 200 27
101.85.120.95 - - [19/Jul/2022:10:41:35 +0800] "GET /xingrg/all/function/internal_message.html?_=1658198494151&CODE_STATE=getMsg HTTP/1.1" 200 27
101.85.238.90 - - [19/Jul/2022:10:41:36 +0800] "GET /xingrg/all/function/internal_message.html?_=1658198559071&CODE_STATE=getMsg HTTP/1.1" 200 27
116.232.34.33 - - [19/Jul/2022:10:41:37 +0800] "POST /xingrg/services/DataTransmitService HTTP/1.1" 200 524
58.37.4.65 - - [19/Jul/2022:10:41:45 +0800] "GET /xingrg/all/function/internal_message.html?_=1658198505071&CODE_STATE=getMsg HTTP/1.1" 200 27
180.175.103.110 - - [19/Jul/2022:10:41:47 +0800] "GET /xingrg/all/function/internal_message.html?_=1658198507073&CODE_STATE=getMsg HTTP/1.1" 200 27
58.35.196.166 - - [19/Jul/2022:10:41:53 +0800] "GET /xingrg/kc/base/wldb_order_list.html HTTP/1.1" 200 19148
58.35.196.166 - - [19/Jul/2022:10:41:54 +0800] "POST /xingrg/kc/base/wldb_list_operate.html HTTP/1.1" 200 928
58.35.196.166 - - [19/Jul/2022:10:41:56 +0800] "GET /xingrg/kc/base/wldb_order_add.html HTTP/1.1" 200 30362
58.35.196.166 - - [19/Jul/2022:10:41:56 +0800] "POST /xingrg/kc/base/wldb_order_operate.html HTTP/1.1" 200 6806
58.35.196.166 - - [19/Jul/2022:10:41:56 +0800] "GET /xingrg/javascript/easyui/themes/default/validatebox.css HTTP/1.1" 404 1104
114.86.187.244 - - [19/Jul/2022:10:42:05 +0800] "GET /xingrg/all/function/internal_message.html?_=1658198524641&CODE_STATE=getMsg HTTP/1.1" 200 27
218.81.223.53 - - [19/Jul/2022:10:42:10 +0800] "GET /xingrg/check_reg.html?_=1658198534394 HTTP/1.1" 200 22
218.81.223.53 - - [19/Jul/2022:10:42:11 +0800] "GET /xingrg/all/function/internal_message.html?_=1658198535458&CODE_STATE=getMsg HTTP/1.1" 200 27
101.83.240.35 - - [19/Jul/2022:10:42:13 +0800] "GET /xingrg/all/function/internal_message.html?_=1658198528851&CODE_STATE=getMsg HTTP/1.1" 200 27
114.84.2.83 - - [19/Jul/2022:10:42:16 +0800] "GET /xingrg/all/function/internal_message.html?_=1658198534012&CODE_STATE=getMsg HTTP/1.1" 200 27
58.35.196.166 - - [19/Jul/2022:10:42:30 +0800] "POST /xingrg/kc/base/wldb_order_operate.html HTTP/1.1" 200 37
116.230.110.48 - - [19/Jul/2022:10:42:30 +0800] "GET /xingrg/all/function/internal_message.html?_=1658198549223&CODE_STATE=getMsg HTTP/1.1" 200 27
116.230.110.48 - - [19/Jul/2022:10:42:30 +0800] "GET /xingrg/check_reg.html?_=1658198549226 HTTP/1.1" 200 22
58.35.196.166 - - [19/Jul/2022:10:42:30 +0800] "POST /xingrg/kc/base/wldb_order_operate.html HTTP/1.1" 200 2210
58.35.196.166 - - [19/Jul/2022:10:42:32 +0800] "GET /xingrg/kc/base/wldb_order_info.html?code=422022071901162 HTTP/1.1" 200 30376
58.35.196.166 - - [19/Jul/2022:10:42:32 +0800] "GET /xingrg/javascript/easyui/themes/default/validatebox.css HTTP/1.1" 404 1104
58.35.196.166 - - [19/Jul/2022:10:42:32 +0800] "POST /xingrg/kc/base/wldb_order_operate.html HTTP/1.1" 200 2210
58.35.196.166 - - [19/Jul/2022:10:42:32 +0800] "GET /xingrg/javascript/jquery_easy_ui/themes/icons/area.png HTTP/1.1" 200 262
58.35.196.166 - - [19/Jul/2022:10:42:33 +0800] "GET /xingrg/javascript/jquery_easy_ui/themes/icons/rest.png HTTP/1.1" 200 695
58.35.196.166 - - [19/Jul/2022:10:42:34 +0800] "POST /xingrg/kc/base/wldb_list_operate.html HTTP/1.1" 200 1780
58.35.196.166 - - [19/Jul/2022:10:42:35 +0800] "GET /xingrg/all/function/internal_message.html?_=1658198552657&CODE_STATE=getMsg HTTP/1.1" 200 27
101.85.120.95 - - [19/Jul/2022:10:42:35 +0800] "GET /xingrg/all/function/internal_message.html?_=1658198554148&CODE_STATE=getMsg HTTP/1.1" 200 27
58.35.196.166 - - [19/Jul/2022:10:42:35 +0800] "POST /xingrg/kc/base/wldb_list_operate.html HTTP/1.1" 200 210
101.85.238.90 - - [19/Jul/2022:10:42:36 +0800] "GET /xingrg/all/function/internal_message.html?_=1658198619086&CODE_STATE=getMsg HTTP/1.1" 200 27
58.35.196.166 - - [19/Jul/2022:10:42:37 +0800] "GET /xingrg/kc/base/wldb_order_info.html?code=422022071901162 HTTP/1.1" 200 30376
58.35.196.166 - - [19/Jul/2022:10:42:37 +0800] "GET /xingrg/javascript/easyui/themes/default/validatebox.css HTTP/1.1" 404 1104
58.35.196.166 - - [19/Jul/2022:10:42:37 +0800] "POST /xingrg/kc/base/wldb_order_operate.html HTTP/1.1" 200 2210
58.37.4.65 - - [19/Jul/2022:10:42:45 +0800] "GET /xingrg/all/function/internal_message.html?_=1658198565070&CODE_STATE=getMsg HTTP/1.1" 200 27
180.175.103.110 - - [19/Jul/2022:10:42:47 +0800] "GET /xingrg/all/function/internal_message.html?_=1658198567049&CODE_STATE=getMsg HTTP/1.1" 200 27
114.86.187.244 - - [19/Jul/2022:10:43:05 +0800] "GET /xingrg/all/function/internal_message.html?_=1658198584651&CODE_STATE=getMsg HTTP/1.1" 200 27
218.81.223.53 - - [19/Jul/2022:10:43:11 +0800] "GET /xingrg/all/function/internal_message.html?_=1658198595474&CODE_STATE=getMsg HTTP/1.1" 200 27
101.83.240.35 - - [19/Jul/2022:10:43:13 +0800] "GET /xingrg/all/function/internal_message.html?_=1658198588849&CODE_STATE=getMsg HTTP/1.1" 200 27
101.83.240.35 - - [19/Jul/2022:10:43:13 +0800] "GET /xingrg/check_reg.html?_=1658198588855 HTTP/1.1" 200 22
58.35.196.166 - - [19/Jul/2022:10:43:14 +0800] "POST /xingrg/kc/base/wldb_order_operate.html HTTP/1.1" 200 1710
114.84.2.83 - - [19/Jul/2022:10:43:16 +0800] "GET /xingrg/check_reg.html?_=1658198594011 HTTP/1.1" 200 22
114.84.2.83 - - [19/Jul/2022:10:43:16 +0800] "GET /xingrg/all/function/internal_message.html?_=1658198594013&CODE_STATE=getMsg HTTP/1.1" 200 27
58.35.196.166 - - [19/Jul/2022:10:43:22 +0800] "POST /xingrg/kc/base/wldb_order_operate.html HTTP/1.1" 200 37
58.35.196.166 - - [19/Jul/2022:10:43:25 +0800] "POST /xingrg/kc/base/wldb_order_operate.html HTTP/1.1" 200 12
58.35.196.166 - - [19/Jul/2022:10:43:25 +0800] "POST /xingrg/kc/base/wldb_order_operate.html HTTP/1.1" 200 4130
101.83.240.35 - - [19/Jul/2022:10:43:26 +0800] "POST /xingrg/services/DataTransmitService HTTP/1.1" 200 524
101.83.240.35 - - [19/Jul/2022:10:43:27 +0800] "POST /xingrg/services/DataTransmitService HTTP/1.1" 200 501
58.35.196.166 - - [19/Jul/2022:10:43:29 +0800] "GET /xingrg/kc/base/wldb_order_info.html?code=422022071901162 HTTP/1.1" 200 26240
58.35.196.166 - - [19/Jul/2022:10:43:29 +0800] "GET /xingrg/javascript/easyui/themes/default/validatebox.css HTTP/1.1" 404 1104
58.35.196.166 - - [19/Jul/2022:10:43:29 +0800] "POST /xingrg/kc/base/wldb_order_operate.html HTTP/1.1" 200 2380
116.230.110.48 - - [19/Jul/2022:10:43:30 +0800] "GET /xingrg/all/function/internal_message.html?_=1658198609223&CODE_STATE=getMsg HTTP/1.1" 200 27
58.35.196.166 - - [19/Jul/2022:10:43:35 +0800] "GET /xingrg/kc/base/wldb_order_add.html HTTP/1.1" 200 30362
58.35.196.166 - - [19/Jul/2022:10:43:35 +0800] "POST /xingrg/kc/base/wldb_order_operate.html HTTP/1.1" 200 6806
58.35.196.166 - - [19/Jul/2022:10:43:35 +0800] "GET /xingrg/javascript/easyui/themes/default/validatebox.css HTTP/1.1" 404 1104
58.35.196.166 - - [19/Jul/2022:10:43:35 +0800] "GET /xingrg/all/function/internal_message.html?_=1658198612631&CODE_STATE=getMsg HTTP/1.1" 200 27
101.85.120.95 - - [19/Jul/2022:10:43:35 +0800] "GET /xingrg/all/function/internal_message.html?_=1658198614207&CODE_STATE=getMsg HTTP/1.1" 200 27
101.85.120.95 - - [19/Jul/2022:10:43:35 +0800] "GET /xingrg/check_reg.html?_=1658198614208 HTTP/1.1" 200 22
101.85.238.90 - - [19/Jul/2022:10:43:36 +0800] "GET /xingrg/all/function/internal_message.html?_=1658198679410&CODE_STATE=getMsg HTTP/1.1" 200 27
58.37.4.65 - - [19/Jul/2022:10:43:45 +0800] "GET /xingrg/all/function/internal_message.html?_=1658198625068&CODE_STATE=getMsg HTTP/1.1" 200 27
58.37.4.65 - - [19/Jul/2022:10:43:45 +0800] "GET /xingrg/check_reg.html?_=1658198625073 HTTP/1.1" 200 22
180.175.103.110 - - [19/Jul/2022:10:43:47 +0800] "GET /xingrg/all/function/internal_message.html?_=1658198627025&CODE_STATE=getMsg HTTP/1.1" 200 27
58.37.4.65 - - [19/Jul/2022:10:43:48 +0800] "GET /xingrg/kc/buy/cgsh_order_operate.html?command=get_materiel&rest_code=00106&code=00101001135&supplier_code=00100313&order_time=2022-07-19 HTTP/1.1" 200 435
101.85.238.90 - - [19/Jul/2022:10:43:53 +0800] "GET /xingrg/check_reg.html?_=1658198696253 HTTP/1.1" 200 22
58.35.196.166 - - [19/Jul/2022:10:43:54 +0800] "GET /xingrg/check_reg.html?_=1658198632071 HTTP/1.1" 200 22
114.86.187.244 - - [19/Jul/2022:10:44:05 +0800] "GET /xingrg/check_reg.html?_=1658198644645 HTTP/1.1" 200 22
114.86.187.244 - - [19/Jul/2022:10:44:05 +0800] "GET /xingrg/all/function/internal_message.html?_=1658198644647&CODE_STATE=getMsg HTTP/1.1" 200 27
58.35.196.166 - - [19/Jul/2022:10:44:05 +0800] "GET /xingrg/kc/base/wldb_order_operate.html?command=get_materiel&rest_code=00156&base_code=0010780&code=00102002493 HTTP/1.1" 200 446
218.81.223.53 - - [19/Jul/2022:10:44:11 +0800] "GET /xingrg/all/function/internal_message.html?_=1658198655485&CODE_STATE=getMsg HTTP/1.1" 200 27
101.83.240.35 - - [19/Jul/2022:10:44:13 +0800] "GET /xingrg/all/function/internal_message.html?_=1658198648855&CODE_STATE=getMsg HTTP/1.1" 200 27
114.84.2.83 - - [19/Jul/2022:10:44:16 +0800] "GET /xingrg/all/function/internal_message.html?_=1658198654012&CODE_STATE=getMsg HTTP/1.1" 200 27
58.35.196.166 - - [19/Jul/2022:10:44:16 +0800] "POST /xingrg/kc/base/wldb_order_operate.html HTTP/1.1" 200 37
58.37.4.65 - - [19/Jul/2022:10:44:18 +0800] "GET /xingrg/kc/buy/cgsh_order_operate.html?command=get_materiel&rest_code=00106&code=00101001016&supplier_code=00100313&order_time=2022-07-19 HTTP/1.1" 200 435
58.35.196.166 - - [19/Jul/2022:10:44:19 +0800] "POST /xingrg/kc/base/wldb_order_operate.html HTTP/1.1" 200 12
58.35.196.166 - - [19/Jul/2022:10:44:19 +0800] "POST /xingrg/kc/base/wldb_order_operate.html HTTP/1.1" 200 2678
58.35.196.166 - - [19/Jul/2022:10:44:29 +0800] "GET /xingrg/kc/base/wldb_order_info.html?code=422022071901163 HTTP/1.1" 200 26240
58.35.196.166 - - [19/Jul/2022:10:44:30 +0800] "GET /xingrg/javascript/easyui/themes/default/validatebox.css HTTP/1.1" 404 1104
58.35.196.166 - - [19/Jul/2022:10:44:30 +0800] "POST /xingrg/kc/base/wldb_order_operate.html HTTP/1.1" 200 961
116.230.110.48 - - [19/Jul/2022:10:44:30 +0800] "GET /xingrg/all/function/internal_message.html?_=1658198669212&CODE_STATE=getMsg HTTP/1.1" 200 27
58.37.4.65 - - [19/Jul/2022:10:44:35 +0800] "GET /xingrg/kc/buy/cgsh_order_operate.html?command=get_materiel&rest_code=00106&code=00101001164&supplier_code=00100313&order_time=2022-07-19 HTTP/1.1" 200 411
58.35.196.166 - - [19/Jul/2022:10:44:35 +0800] "GET /xingrg/all/function/internal_message.html?_=1658198672608&CODE_STATE=getMsg HTTP/1.1" 200 27
101.85.120.95 - - [19/Jul/2022:10:44:35 +0800] "GET /xingrg/all/function/internal_message.html?_=1658198674192&CODE_STATE=getMsg HTTP/1.1" 200 27
101.85.238.90 - - [19/Jul/2022:10:44:36 +0800] "GET /xingrg/all/function/internal_message.html?_=1658198739416&CODE_STATE=getMsg HTTP/1.1" 200 27
58.37.4.65 - - [19/Jul/2022:10:44:45 +0800] "GET /xingrg/all/function/internal_message.html?_=1658198685077&CODE_STATE=getMsg HTTP/1.1" 200 27
180.175.103.110 - - [19/Jul/2022:10:44:47 +0800] "GET /xingrg/all/function/internal_message.html?_=1658198687005&CODE_STATE=getMsg HTTP/1.1" 200 27
58.37.4.65 - - [19/Jul/2022:10:44:56 +0800] "POST /xingrg/services/DataTransmitService HTTP/1.1" 200 524
58.37.4.65 - - [19/Jul/2022:10:44:57 +0800] "GET /xingrg/kc/buy/cgsh_order_operate.html?command=get_materiel&rest_code=00106&code=00101001161&supplier_code=00100313&order_time=2022-07-19 HTTP/1.1" 200 409
114.86.187.244 - - [19/Jul/2022:10:45:05 +0800] "GET /xingrg/all/function/internal_message.html?_=1658198704642&CODE_STATE=getMsg HTTP/1.1" 200 27
218.81.223.53 - - [19/Jul/2022:10:45:11 +0800] "GET /xingrg/all/function/internal_message.html?_=1658198716014&CODE_STATE=getMsg HTTP/1.1" 200 27
58.35.196.166 - - [19/Jul/2022:10:45:12 +0800] "GET /xingrg/kc/base/wldb_order_add.html HTTP/1.1" 200 30362
58.35.196.166 - - [19/Jul/2022:10:45:12 +0800] "POST /xingrg/kc/base/wldb_order_operate.html HTTP/1.1" 200 6806
58.35.196.166 - - [19/Jul/2022:10:45:13 +0800] "GET /xingrg/javascript/easyui/themes/default/validatebox.css HTTP/1.1" 404 1104
101.83.240.35 - - [19/Jul/2022:10:45:13 +0800] "GET /xingrg/all/function/internal_message.html?_=1658198708853&CODE_STATE=getMsg HTTP/1.1" 200 27
58.37.4.65 - - [19/Jul/2022:10:45:14 +0800] "GET /xingrg/kc/buy/cgsh_order_operate.html?command=get_materiel&rest_code=00106&code=00101003080&supplier_code=00100313&order_time=2022-07-19 HTTP/1.1" 200 435
114.84.2.83 - - [19/Jul/2022:10:45:16 +0800] "GET /xingrg/all/function/internal_message.html?_=1658198714012&CODE_STATE=getMsg HTTP/1.1" 200 27
58.35.196.166 - - [19/Jul/2022:10:45:24 +0800] "GET /xingrg/kc/base/wldb_order_operate.html?command=get_materiel&rest_code=00156&base_code=0010779&code=00101019222 HTTP/1.1" 200 454
116.230.110.48 - - [19/Jul/2022:10:45:30 +0800] "GET /xingrg/all/function/internal_message.html?_=1658198729217&CODE_STATE=getMsg HTTP/1.1" 200 27
58.35.196.166 - - [19/Jul/2022:10:45:33 +0800] "GET /xingrg/kc/base/wldb_order_operate.html?command=get_materiel&rest_code=00156&base_code=0010779&code=00101019313 HTTP/1.1" 200 455
58.37.4.65 - - [19/Jul/2022:10:45:33 +0800] "GET /xingrg/kc/buy/cgsh_order_operate.html?command=get_materiel&rest_code=00106&code=00101004038&supplier_code=00100313&order_time=2022-07-19 HTTP/1.1" 200 429
58.35.196.166 - - [19/Jul/2022:10:45:35 +0800] "GET /xingrg/all/function/internal_message.html?_=1658198732588&CODE_STATE=getMsg HTTP/1.1" 200 27
101.85.120.95 - - [19/Jul/2022:10:45:35 +0800] "GET /xingrg/all/function/internal_message.html?_=1658198734163&CODE_STATE=getMsg HTTP/1.1" 200 27
101.85.238.90 - - [19/Jul/2022:10:45:36 +0800] "GET /xingrg/all/function/internal_message.html?_=1658198799529&CODE_STATE=getMsg HTTP/1.1" 200 27
58.35.196.166 - - [19/Jul/2022:10:45:42 +0800] "GET /xingrg/kc/base/wldb_order_operate.html?command=get_materiel&rest_code=00156&base_code=0010779&code=00101019695 HTTP/1.1" 200 461
58.37.4.65 - - [19/Jul/2022:10:45:45 +0800] "GET /xingrg/all/function/internal_message.html?_=1658198745072&CODE_STATE=getMsg HTTP/1.1" 200 27
180.175.103.110 - - [19/Jul/2022:10:45:47 +0800] "GET /xingrg/all/function/internal_message.html?_=1658198746978&CODE_STATE=getMsg HTTP/1.1" 200 27
58.37.4.65 - - [19/Jul/2022:10:45:50 +0800] "GET /xingrg/kc/buy/cgsh_order_operate.html?command=get_materiel&rest_code=00106&code=00102026001&supplier_code=00100313&order_time=2022-07-19 HTTP/1.1" 200 410
58.35.196.166 - - [19/Jul/2022:10:45:56 +0800] "POST /xingrg/kc/base/wldb_order_operate.html HTTP/1.1" 200 37
58.35.196.166 - - [19/Jul/2022:10:45:58 +0800] "POST /xingrg/kc/base/wldb_order_operate.html HTTP/1.1" 200 12
58.35.196.166 - - [19/Jul/2022:10:45:58 +0800] "POST /xingrg/kc/base/wldb_order_operate.html HTTP/1.1" 200 3172
58.35.196.166 - - [19/Jul/2022:10:45:59 +0800] "GET /xingrg/kc/base/wldb_order_info.html?code=422022071901164 HTTP/1.1" 200 26240
58.35.196.166 - - [19/Jul/2022:10:45:59 +0800] "GET /xingrg/javascript/easyui/themes/default/validatebox.css HTTP/1.1" 404 1104
58.35.196.166 - - [19/Jul/2022:10:45:59 +0800] "POST /xingrg/kc/base/wldb_order_operate.html HTTP/1.1" 200 1443
58.35.196.166 - - [19/Jul/2022:10:46:02 +0800] "GET /xingrg/kc/base/wldb_order_add.html HTTP/1.1" 200 30362
58.35.196.166 - - [19/Jul/2022:10:46:02 +0800] "POST /xingrg/kc/base/wldb_order_operate.html HTTP/1.1" 200 6806
58.35.196.166 - - [19/Jul/2022:10:46:02 +0800] "GET /xingrg/javascript/easyui/themes/default/validatebox.css HTTP/1.1" 404 1104
58.37.4.65 - - [19/Jul/2022:10:46:04 +0800] "GET /xingrg/kc/buy/cgsh_order_operate.html?command=get_materiel&rest_code=00106&code=00101008195&supplier_code=00100313&order_time=2022-07-19 HTTP/1.1" 200 424
114.86.187.244 - - [19/Jul/2022:10:46:05 +0800] "GET /xingrg/all/function/internal_message.html?_=1658198764679&CODE_STATE=getMsg HTTP/1.1" 200 27
180.175.103.110 - - [19/Jul/2022:10:46:08 +0800] "GET /xingrg/check_reg.html?_=1658198767939 HTTP/1.1" 200 22
218.81.223.53 - - [19/Jul/2022:10:46:11 +0800] "GET /xingrg/all/function/internal_message.html?_=1658198776028&CODE_STATE=getMsg HTTP/1.1" 200 27
101.83.240.35 - - [19/Jul/2022:10:46:13 +0800] "GET /xingrg/all/function/internal_message.html?_=1658198768862&CODE_STATE=getMsg HTTP/1.1" 200 27
114.84.2.83 - - [19/Jul/2022:10:46:16 +0800] "GET /xingrg/all/function/internal_message.html?_=1658198774010&CODE_STATE=getMsg HTTP/1.1" 200 27
58.35.196.166 - - [19/Jul/2022:10:46:18 +0800] "GET /xingrg/kc/base/wldb_order_operate.html?command=get_materiel&rest_code=00156&base_code=0010792&code=00101006318 HTTP/1.1" 200 475
116.230.110.48 - - [19/Jul/2022:10:46:30 +0800] "GET /xingrg/all/function/internal_message.html?_=1658198789224&CODE_STATE=getMsg HTTP/1.1" 200 27
58.35.196.166 - - [19/Jul/2022:10:46:34 +0800] "GET /xingrg/kc/base/wldb_order_operate.html?command=get_materiel&rest_code=00156&base_code=0010792&code=00101005061 HTTP/1.1" 200 433
58.35.196.166 - - [19/Jul/2022:10:46:35 +0800] "GET /xingrg/all/function/internal_message.html?_=1658198792572&CODE_STATE=getMsg HTTP/1.1" 200 27
101.85.120.95 - - [19/Jul/2022:10:46:35 +0800] "GET /xingrg/all/function/internal_message.html?_=1658198794160&CODE_STATE=getMsg HTTP/1.1" 200 27
101.85.238.90 - - [19/Jul/2022:10:46:36 +0800] "GET /xingrg/all/function/internal_message.html?_=1658198859757&CODE_STATE=getMsg HTTP/1.1" 200 27
101.83.240.35 - - [19/Jul/2022:10:46:41 +0800] "GET /xingrg/kc/buy/cgsh_order_operate.html?command=get_materiel&rest_code=00149&code=00101028030&supplier_code=00100019&order_time=2022-07-18 HTTP/1.1" 200 431
58.35.196.166 - - [19/Jul/2022:10:46:43 +0800] "GET /xingrg/kc/base/wldb_order_operate.html?command=get_materiel&rest_code=00156&base_code=0010792&code=00101001213 HTTP/1.1" 200 457
58.37.4.65 - - [19/Jul/2022:10:46:45 +0800] "GET /xingrg/all/function/internal_message.html?_=1658198805079&CODE_STATE=getMsg HTTP/1.1" 200 27
180.175.103.110 - - [19/Jul/2022:10:46:47 +0800] "GET /xingrg/all/function/internal_message.html?_=1658198806959&CODE_STATE=getMsg HTTP/1.1" 200 27
58.35.196.166 - - [19/Jul/2022:10:46:55 +0800] "GET /xingrg/kc/base/wldb_order_operate.html?command=get_materiel&rest_code=00156&base_code=0010792&code=00101010197 HTTP/1.1" 200 431
101.83.240.35 - - [19/Jul/2022:10:46:56 +0800] "GET /xingrg/kc/buy/cgsh_order_operate.html?command=get_materiel&rest_code=00149&code=00101028045&supplier_code=00100019&order_time=2022-07-18 HTTP/1.1" 200 432
58.35.196.166 - - [19/Jul/2022:10:47:03 +0800] "GET /xingrg/kc/base/wldb_order_operate.html?command=get_materiel&rest_code=00156&base_code=0010792&code=00101010274 HTTP/1.1" 200 453
114.86.187.244 - - [19/Jul/2022:10:47:05 +0800] "GET /xingrg/all/function/internal_message.html?_=1658198824674&CODE_STATE=getMsg HTTP/1.1" 200 27
101.83.240.35 - - [19/Jul/2022:10:47:08 +0800] "GET /xingrg/kc/buy/cgsh_order_operate.html?command=get_materiel&rest_code=00149&code=00101029007&supplier_code=00100019&order_time=2022-07-18 HTTP/1.1" 200 458
218.81.223.53 - - [19/Jul/2022:10:47:10 +0800] "GET /xingrg/check_reg.html?_=1658198834392 HTTP/1.1" 200 22
218.81.223.53 - - [19/Jul/2022:10:47:11 +0800] "GET /xingrg/all/function/internal_message.html?_=1658198836041&CODE_STATE=getMsg HTTP/1.1" 200 27
101.83.240.35 - - [19/Jul/2022:10:47:13 +0800] "GET /xingrg/all/function/internal_message.html?_=1658198828856&CODE_STATE=getMsg HTTP/1.1" 200 27
58.35.196.166 - - [19/Jul/2022:10:47:16 +0800] "GET /xingrg/kc/base/wldb_order_operate.html?command=get_materiel&rest_code=00156&base_code=0010792&code=00101008195 HTTP/1.1" 200 443
114.84.2.83 - - [19/Jul/2022:10:47:16 +0800] "GET /xingrg/all/function/internal_message.html?_=1658198834051&CODE_STATE=getMsg HTTP/1.1" 200 27
101.83.240.35 - - [19/Jul/2022:10:47:23 +0800] "GET /xingrg/kc/buy/cgsh_order_operate.html?command=get_materiel&rest_code=00149&code=00101029005&supplier_code=00100019&order_time=2022-07-18 HTTP/1.1" 200 436
116.230.110.48 - - [19/Jul/2022:10:47:30 +0800] "GET /xingrg/all/function/internal_message.html?_=1658198849216&CODE_STATE=getMsg HTTP/1.1" 200 27
116.230.110.48 - - [19/Jul/2022:10:47:30 +0800] "GET /xingrg/check_reg.html?_=1658198849220 HTTP/1.1" 200 22
101.83.240.35 - - [19/Jul/2022:10:47:33 +0800] "GET /xingrg/kc/buy/cgsh_order_operate.html?command=get_materiel&rest_code=00149&code=00101029003&supplier_code=00100019&order_time=2022-07-18 HTTP/1.1" 200 476
58.35.196.166 - - [19/Jul/2022:10:47:35 +0800] "GET /xingrg/all/function/internal_message.html?_=1658198852547&CODE_STATE=getMsg HTTP/1.1" 200 27
101.85.120.95 - - [19/Jul/2022:10:47:35 +0800] "GET /xingrg/all/function/internal_message.html?_=1658198854161&CODE_STATE=getMsg HTTP/1.1" 200 27
101.85.238.90 - - [19/Jul/2022:10:47:37 +0800] "GET /xingrg/all/function/internal_message.html?_=1658198920453&CODE_STATE=getMsg HTTP/1.1" 200 27
58.37.4.65 - - [19/Jul/2022:10:47:45 +0800] "GET /xingrg/all/function/internal_message.html?_=1658198865077&CODE_STATE=getMsg HTTP/1.1" 200 27
180.175.103.110 - - [19/Jul/2022:10:47:47 +0800] "GET /xingrg/all/function/internal_message.html?_=1658198866931&CODE_STATE=getMsg HTTP/1.1" 200 27
58.35.196.166 - - [19/Jul/2022:10:47:48 +0800] "GET /xingrg/kc/base/wldb_order_operate.html?command=get_materiel&rest_code=00156&base_code=0010792&code=00101008246 HTTP/1.1" 200 428
58.35.196.166 - - [19/Jul/2022:10:47:51 +0800] "GET /xingrg/kc/base/kc_stocks.html HTTP/1.1" 200 16443
58.35.196.166 - - [19/Jul/2022:10:47:52 +0800] "GET /xingrg/javascript/easyui/themes/default/tree.css HTTP/1.1" 404 1090
58.35.196.166 - - [19/Jul/2022:10:47:52 +0800] "POST /xingrg/all/common/load_tree.html?tree=materiel_sort_tree_json HTTP/1.1" 200 9388
101.83.240.35 - - [19/Jul/2022:10:47:57 +0800] "GET /xingrg/kc/buy/cgsh_order_operate.html?command=get_materiel&rest_code=00149&code=00101026083&supplier_code=00100019&order_time=2022-07-18 HTTP/1.1" 200 449
58.35.196.166 - - [19/Jul/2022:10:47:58 +0800] "POST /xingrg/kc/base/stock_operate.html HTTP/1.1" 200 4037
58.35.196.166 - - [19/Jul/2022:10:48:03 +0800] "GET /xingrg/kc/base/kc_stocks_rest.html?code=00101008118 HTTP/1.1" 200 7846
58.35.196.166 - - [19/Jul/2022:10:48:03 +0800] "POST /xingrg/kc/base/stock_operate.html HTTP/1.1" 200 767
58.35.196.166 - - [19/Jul/2022:10:48:03 +0800] "GET /xingrg/kc/base/stock_operate.html?command=query_base_stocks&rest_code=00156&materiel_code=00101008118&_setting=%257B%2522pk%2522%3A%2522base_code%2522%2C%2522fields%2522%3A%257B%2522base_name%2522%3A%257B%2522h%2522%3A0%2C%2522w%2522%3A140%2C%2522t%2522%3A%2522%25E4%25BB%2593%25E5%25BA%2593%25E5%2590%258D%25E7%25A7%25B0%2522%257D%2C%2522number%2522%3A%257B%2522h%2522%3A0%2C%2522w%2522%3A80%2C%2522t%2522%3A%2522%25E6%2595%25B0%25E9%2587%258F%2522%2C%2522s%2522%3A1%257D%2C%2522price%2522%3A%257B%2522h%2522%3A0%2C%2522w%2522%3A80%2C%2522t%2522%3A%2522%25E5%258D%2595%25E4%25BB%25B7%2522%257D%2C%2522total_money%2522%3A%257B%2522h%2522%3A0%2C%2522w%2522%3A100%2C%2522t%2522%3A%2522%25E9%2587%2591%25E9%25A2%259D%2522%2C%2522s%2522%3A1%257D%2C%2522assist_unit%2522%3A%257B%2522h%2522%3A0%2C%2522w%2522%3A100%2C%2522t%2522%3A%2522%25E8%25BE%2585%25E5%258D%2595%25E4%25BD%258D%2522%257D%2C%2522assist_number%2522%3A%257B%2522h%2522%3A0%2C%2522w%2522%3A100%2C%2522t%2522%3A%2522%25E8%25BE%2585%25E6%2595%25B0%25E9%2587%258F%2522%2C%2522s%2522%3A1%257D%257D%257D HTTP/1.1" 200 6302
114.86.187.244 - - [19/Jul/2022:10:48:05 +0800] "GET /xingrg/all/function/internal_message.html?_=1658198884666&CODE_STATE=getMsg HTTP/1.1" 200 27
180.175.103.110 - - [19/Jul/2022:10:48:08 +0800] "POST /xingrg/kc/buy/cgsh_list_operate.html HTTP/1.1" 200 2986
218.81.223.53 - - [19/Jul/2022:10:48:11 +0800] "GET /xingrg/all/function/internal_message.html?_=1658198896055&CODE_STATE=getMsg HTTP/1.1" 200 27
101.83.240.35 - - [19/Jul/2022:10:48:13 +0800] "GET /xingrg/kc/buy/cgsh_order_operate.html?command=get_materiel&rest_code=00149&code=00101028016&supplier_code=00100019&order_time=2022-07-18 HTTP/1.1" 200 447
101.83.240.35 - - [19/Jul/2022:10:48:13 +0800] "GET /xingrg/all/function/internal_message.html?_=1658198888873&CODE_STATE=getMsg HTTP/1.1" 200 27
101.83.240.35 - - [19/Jul/2022:10:48:13 +0800] "GET /xingrg/check_reg.html?_=1658198888880 HTTP/1.1" 200 22
58.35.196.166 - - [19/Jul/2022:10:48:14 +0800] "POST /xingrg/kc/base/stock_operate.html HTTP/1.1" 200 1945
58.37.4.65 - - [19/Jul/2022:10:48:15 +0800] "POST /xingrg/kc/buy/cgsh_order_operate.html HTTP/1.1" 200 37
114.84.2.83 - - [19/Jul/2022:10:48:16 +0800] "GET /xingrg/check_reg.html?_=1658198894050 HTTP/1.1" 200 22
114.84.2.83 - - [19/Jul/2022:10:48:16 +0800] "GET /xingrg/all/function/internal_message.html?_=1658198894053&CODE_STATE=getMsg HTTP/1.1" 200 27
58.37.4.65 - - [19/Jul/2022:10:48:17 +0800] "POST /xingrg/kc/buy/cgsh_order_operate.html HTTP/1.1" 200 7418
58.37.4.65 - - [19/Jul/2022:10:48:22 +0800] "GET /xingrg/kc/buy/cgsh_order_add.html HTTP/1.1" 200 67938
58.35.196.166 - - [19/Jul/2022:10:48:22 +0800] "GET /xingrg/kc/base/kc_stocks_rest.html?code=00101019429 HTTP/1.1" 200 7849
58.35.196.166 - - [19/Jul/2022:10:48:22 +0800] "POST /xingrg/kc/base/stock_operate.html HTTP/1.1" 200 764
58.37.4.65 - - [19/Jul/2022:10:48:22 +0800] "POST /xingrg/kc/buy/cgsh_order_operate.html HTTP/1.1" 200 8245
58.35.196.166 - - [19/Jul/2022:10:48:22 +0800] "GET /xingrg/kc/base/stock_operate.html?command=query_base_stocks&rest_code=00156&materiel_code=00101019429&_setting=%257B%2522pk%2522%3A%2522base_code%2522%2C%2522fields%2522%3A%257B%2522base_name%2522%3A%257B%2522h%2522%3A0%2C%2522w%2522%3A140%2C%2522t%2522%3A%2522%25E4%25BB%2593%25E5%25BA%2593%25E5%2590%258D%25E7%25A7%25B0%2522%257D%2C%2522number%2522%3A%257B%2522h%2522%3A0%2C%2522w%2522%3A80%2C%2522t%2522%3A%2522%25E6%2595%25B0%25E9%2587%258F%2522%2C%2522s%2522%3A1%257D%2C%2522price%2522%3A%257B%2522h%2522%3A0%2C%2522w%2522%3A80%2C%2522t%2522%3A%2522%25E5%258D%2595%25E4%25BB%25B7%2522%257D%2C%2522total_money%2522%3A%257B%2522h%2522%3A0%2C%2522w%2522%3A100%2C%2522t%2522%3A%2522%25E9%2587%2591%25E9%25A2%259D%2522%2C%2522s%2522%3A1%257D%2C%2522assist_unit%2522%3A%257B%2522h%2522%3A0%2C%2522w%2522%3A100%2C%2522t%2522%3A%2522%25E8%25BE%2585%25E5%258D%2595%25E4%25BD%258D%2522%257D%2C%2522assist_number%2522%3A%257B%2522h%2522%3A0%2C%2522w%2522%3A100%2C%2522t%2522%3A%2522%25E8%25BE%2585%25E6%2595%25B0%25E9%2587%258F%2522%2C%2522s%2522%3A1%257D%257D%257D HTTP/1.1" 200 6297
58.37.4.65 - - [19/Jul/2022:10:48:22 +0800] "GET /xingrg/javascript/easyui/themes/default/validatebox.css HTTP/1.1" 404 1104
101.83.240.35 - - [19/Jul/2022:10:48:22 +0800] "POST /xingrg/kc/buy/cgsh_order_operate.html HTTP/1.1" 200 37
101.85.238.90 - - [19/Jul/2022:10:48:23 +0800] "GET /favicon.ico HTTP/1.1" 404 -
58.37.4.65 - - [19/Jul/2022:10:48:24 +0800] "GET /xingrg/javascript/easyui/themes/default/tree.css HTTP/1.1" 404 1090
58.37.4.65 - - [19/Jul/2022:10:48:24 +0800] "POST /xingrg/all/common/load_tree.html?tree=supplier_tree_json&isDelete=1 HTTP/1.1" 200 66956
116.230.110.48 - - [19/Jul/2022:10:48:30 +0800] "GET /xingrg/all/function/internal_message.html?_=1658198909234&CODE_STATE=getMsg HTTP/1.1" 200 27
101.83.240.35 - - [19/Jul/2022:10:48:30 +0800] "POST /xingrg/kc/buy/cgsh_order_operate.html HTTP/1.1" 200 12
101.83.240.35 - - [19/Jul/2022:10:48:33 +0800] "GET /xingrg/kc/buy/cgsh_order_info.html?code=212022071904751 HTTP/1.1" 200 62933
101.83.240.35 - - [19/Jul/2022:10:48:33 +0800] "GET /xingrg/javascript/easyui/themes/default/validatebox.css HTTP/1.1" 404 1104
101.83.240.35 - - [19/Jul/2022:10:48:34 +0800] "POST /xingrg/kc/buy/cgsh_order_operate.html HTTP/1.1" 200 4342
58.35.196.166 - - [19/Jul/2022:10:48:35 +0800] "GET /xingrg/all/function/internal_message.html?_=1658198912517&CODE_STATE=getMsg HTTP/1.1" 200 27
101.85.120.95 - - [19/Jul/2022:10:48:35 +0800] "GET /xingrg/all/function/internal_message.html?_=1658198914160&CODE_STATE=getMsg HTTP/1.1" 200 27
