58.37.4.65 - - [19/Jul/2022:14:49:50 +0800] "POST /xingrg/kc/buy/cgsh_order_operate.html HTTP/1.1" 200 12
58.37.4.65 - - [19/Jul/2022:14:49:51 +0800] "GET /xingrg/kc/buy/cgsh_order_info.html?code=212022071904857 HTTP/1.1" 200 62843
58.37.4.65 - - [19/Jul/2022:14:49:51 +0800] "GET /xingrg/javascript/easyui/themes/default/validatebox.css HTTP/1.1" 404 1104
58.37.4.65 - - [19/Jul/2022:14:49:52 +0800] "POST /xingrg/kc/buy/cgsh_order_operate.html HTTP/1.1" 200 609
58.37.4.65 - - [19/Jul/2022:14:49:55 +0800] "GET /xingrg/kc/print/load_data.html?order_code=212022071904857&kc_code=cgsh&condition= HTTP/1.1" 200 745
218.81.223.53 - - [19/Jul/2022:14:49:58 +0800] "GET /xingrg/kc/buy/cgsh_order_add.html HTTP/1.1" 200 67906
218.81.223.53 - - [19/Jul/2022:14:50:00 +0800] "POST /xingrg/kc/buy/cgsh_order_operate.html HTTP/1.1" 200 8245
218.81.223.53 - - [19/Jul/2022:14:50:00 +0800] "GET /xingrg/javascript/easyui/themes/default/validatebox.css HTTP/1.1" 404 1104
58.37.4.65 - - [19/Jul/2022:14:50:01 +0800] "GET /xingrg/kc/buy/buy_main.html HTTP/1.1" 200 12412
58.37.4.65 - - [19/Jul/2022:14:50:01 +0800] "GET /xingrg/css/new_ie.css HTTP/1.1" 404 1036
58.37.4.65 - - [19/Jul/2022:14:50:04 +0800] "GET /xingrg/images/yd/bt.gif HTTP/1.1" 404 1040
58.37.4.65 - - [19/Jul/2022:14:50:05 +0800] "GET /xingrg/kc/buy/cgsh_order_list.html HTTP/1.1" 200 52162
114.86.187.244 - - [19/Jul/2022:14:50:05 +0800] "GET /xingrg/all/function/internal_message.html?_=1658213405145&CODE_STATE=getMsg HTTP/1.1" 200 27
180.175.103.110 - - [19/Jul/2022:14:50:06 +0800] "GET /xingrg/all/function/internal_message.html?_=1658213458264&CODE_STATE=getMsg HTTP/1.1" 200 27
58.37.4.65 - - [19/Jul/2022:14:50:07 +0800] "POST /xingrg/kc/buy/cgsh_list_operate.html HTTP/1.1" 200 1459
218.81.223.53 - - [19/Jul/2022:14:50:09 +0800] "GET /xingrg/all/function/internal_message.html?_=1658213414351&CODE_STATE=getMsg HTTP/1.1" 200 27
58.37.4.65 - - [19/Jul/2022:14:50:10 +0800] "POST /xingrg/kc/buy/cgsh_list_operate.html HTTP/1.1" 200 572
101.83.240.35 - - [19/Jul/2022:14:50:11 +0800] "GET /xingrg/all/function/internal_message.html?_=1658213406785&CODE_STATE=getMsg HTTP/1.1" 200 27
58.37.4.65 - - [19/Jul/2022:14:50:11 +0800] "GET /xingrg/kc/buy/cgsh_order_info.html?code=212022071904750 HTTP/1.1" 200 67951
58.37.4.65 - - [19/Jul/2022:14:50:11 +0800] "GET /xingrg/javascript/easyui/themes/default/validatebox.css HTTP/1.1" 404 1104
58.37.4.65 - - [19/Jul/2022:14:50:12 +0800] "POST /xingrg/kc/buy/cgsh_order_operate.html HTTP/1.1" 200 7418
114.88.155.189 - - [19/Jul/2022:14:50:12 +0800] "GET /xingrg/all/function/internal_message.html?_=1658213105882&CODE_STATE=getMsg HTTP/1.1" 200 27
120.253.135.82 - - [19/Jul/2022:14:50:14 +0800] "GET /xingrg/all/function/internal_message.html?_=1658213541989&CODE_STATE=getMsg HTTP/1.1" 200 27
58.221.95.50 - - [19/Jul/2022:14:50:14 +0800] "GET /xingrg/all/function/internal_message.html?_=1658213413591&CODE_STATE=getMsg HTTP/1.1" 200 27
101.83.240.35 - - [19/Jul/2022:14:50:16 +0800] "GET /xingrg/kc/buy/cgsh_order_operate.html?command=get_materiel&rest_code=00149&code=00101001141&supplier_code=00100327&order_time=2022-07-19 HTTP/1.1" 200 413
114.84.2.83 - - [19/Jul/2022:14:50:16 +0800] "GET /xingrg/all/function/internal_message.html?_=1658213414325&CODE_STATE=getMsg HTTP/1.1" 200 27
58.37.4.65 - - [19/Jul/2022:14:50:20 +0800] "POST /xingrg/kc/buy/cgsh_order_operate.html HTTP/1.1" 200 37
116.230.110.48 - - [19/Jul/2022:14:50:21 +0800] "GET /xingrg/all/function/internal_message.html?_=1658213419620&CODE_STATE=getMsg HTTP/1.1" 200 27
114.86.227.120 - - [19/Jul/2022:14:50:22 +0800] "GET /xingrg/all/function/internal_message.html?_=1658213420086&CODE_STATE=getMsg HTTP/1.1" 200 27
58.37.4.65 - - [19/Jul/2022:14:50:24 +0800] "POST /xingrg/kc/buy/cgsh_order_operate.html HTTP/1.1" 200 12
58.37.4.65 - - [19/Jul/2022:14:50:25 +0800] "GET /xingrg/kc/buy/cgsh_order_info.html?code=212022071904750 HTTP/1.1" 200 62845
58.37.4.65 - - [19/Jul/2022:14:50:25 +0800] "GET /xingrg/javascript/easyui/themes/default/validatebox.css HTTP/1.1" 404 1104
58.37.4.65 - - [19/Jul/2022:14:50:26 +0800] "POST /xingrg/kc/buy/cgsh_order_operate.html HTTP/1.1" 200 5363
101.83.240.35 - - [19/Jul/2022:14:50:27 +0800] "GET /xingrg/kc/buy/cgsh_order_operate.html?command=get_materiel&rest_code=00149&code=00101010530&supplier_code=00100327&order_time=2022-07-19 HTTP/1.1" 200 409
58.37.4.65 - - [19/Jul/2022:14:50:28 +0800] "GET /xingrg/kc/print/load_data.html?order_code=212022071904750&kc_code=cgsh&condition= HTTP/1.1" 200 2528
58.35.196.166 - - [19/Jul/2022:14:50:30 +0800] "GET /xingrg/all/function/internal_message.html?_=1658213427299&CODE_STATE=getMsg HTTP/1.1" 200 27
101.85.120.95 - - [19/Jul/2022:14:50:30 +0800] "GET /xingrg/all/function/internal_message.html?_=1658213429165&CODE_STATE=getMsg HTTP/1.1" 200 27
101.85.120.95 - - [19/Jul/2022:14:50:31 +0800] "GET /xingrg/check_reg.html?_=1658213429622 HTTP/1.1" 200 22
218.81.223.53 - - [19/Jul/2022:14:50:40 +0800] "GET /xingrg/kc/buy/cgsh_order_operate.html?command=get_materiel&rest_code=00146&code=00101001135&supplier_code=00100313&order_time=2022-07-19 HTTP/1.1" 200 434
180.175.103.110 - - [19/Jul/2022:14:50:41 +0800] "GET /xingrg/all/function/internal_message.html?_=1658213441293&CODE_STATE=getMsg HTTP/1.1" 200 27
101.83.223.227 - - [19/Jul/2022:14:50:45 +0800] "GET /xingrg/all/function/internal_message.html?_=1658213395411&CODE_STATE=getMsg HTTP/1.1" 200 27
58.37.4.65 - - [19/Jul/2022:14:50:45 +0800] "GET /xingrg/kc/buy/cgsh_order_add.html HTTP/1.1" 200 67938
58.37.4.65 - - [19/Jul/2022:14:50:46 +0800] "POST /xingrg/kc/buy/cgsh_order_operate.html HTTP/1.1" 200 8245
58.37.4.65 - - [19/Jul/2022:14:50:46 +0800] "GET /xingrg/javascript/easyui/themes/default/validatebox.css HTTP/1.1" 404 1104
101.83.240.35 - - [19/Jul/2022:14:50:46 +0800] "POST /xingrg/kc/buy/cgsh_order_operate.html HTTP/1.1" 200 37
58.37.4.65 - - [19/Jul/2022:14:50:47 +0800] "GET /xingrg/javascript/easyui/themes/default/tree.css HTTP/1.1" 404 1090
58.37.4.65 - - [19/Jul/2022:14:50:47 +0800] "POST /xingrg/all/common/load_tree.html?tree=supplier_tree_json&isDelete=1 HTTP/1.1" 200 66956
58.37.4.65 - - [19/Jul/2022:14:50:48 +0800] "GET /xingrg/all/function/internal_message.html?_=1658213448007&CODE_STATE=getMsg HTTP/1.1" 200 27
101.83.240.35 - - [19/Jul/2022:14:50:50 +0800] "POST /xingrg/kc/buy/cgsh_order_operate.html HTTP/1.1" 200 12
101.83.240.35 - - [19/Jul/2022:14:50:52 +0800] "GET /xingrg/kc/buy/cgsh_order_info.html?code=212022071904858 HTTP/1.1" 200 62935
101.83.240.35 - - [19/Jul/2022:14:50:52 +0800] "GET /xingrg/javascript/easyui/themes/default/validatebox.css HTTP/1.1" 404 1104
114.86.187.244 - - [19/Jul/2022:14:50:52 +0800] "GET /xingrg/kc/buy/cgsh_order_add.html HTTP/1.1" 200 67938
114.86.187.244 - - [19/Jul/2022:14:50:53 +0800] "POST /xingrg/kc/buy/cgsh_order_operate.html HTTP/1.1" 200 8245
114.86.187.244 - - [19/Jul/2022:14:50:53 +0800] "GET /xingrg/javascript/easyui/themes/default/validatebox.css HTTP/1.1" 404 1104
101.83.240.35 - - [19/Jul/2022:14:50:53 +0800] "POST /xingrg/kc/buy/cgsh_order_operate.html HTTP/1.1" 200 1197
218.81.223.53 - - [19/Jul/2022:14:50:57 +0800] "GET /xingrg/kc/buy/cgsh_order_operate.html?command=get_materiel&rest_code=00146&code=00101001016&supplier_code=00100313&order_time=2022-07-19 HTTP/1.1" 200 435
101.83.240.35 - - [19/Jul/2022:14:50:58 +0800] "GET /xingrg/kc/print/load_data.html?order_code=212022071904858&kc_code=cgsh&condition= HTTP/1.1" 200 922
58.37.4.65 - - [19/Jul/2022:14:51:04 +0800] "GET /xingrg/kc/buy/cgsh_order_operate.html?command=get_materiel&rest_code=00106&code=00101006164&supplier_code=00100326&order_time=2022-07-19 HTTP/1.1" 200 431
101.83.240.35 - - [19/Jul/2022:14:51:05 +0800] "GET /xingrg/kc/buy/cgsh_order_add.html HTTP/1.1" 200 68032
114.86.187.244 - - [19/Jul/2022:14:51:05 +0800] "GET /xingrg/all/function/internal_message.html?_=1658213465152&CODE_STATE=getMsg HTTP/1.1" 200 27
180.175.103.110 - - [19/Jul/2022:14:51:06 +0800] "GET /xingrg/all/function/internal_message.html?_=1658213518271&CODE_STATE=getMsg HTTP/1.1" 200 27
101.83.240.35 - - [19/Jul/2022:14:51:07 +0800] "POST /xingrg/kc/buy/cgsh_order_operate.html HTTP/1.1" 200 8245
101.83.240.35 - - [19/Jul/2022:14:51:07 +0800] "GET /xingrg/javascript/easyui/themes/default/validatebox.css HTTP/1.1" 404 1104
180.175.103.110 - - [19/Jul/2022:14:51:07 +0800] "GET /xingrg/check_reg.html?_=1658213467019 HTTP/1.1" 200 22
218.81.223.53 - - [19/Jul/2022:14:51:09 +0800] "GET /xingrg/all/function/internal_message.html?_=1658213474364&CODE_STATE=getMsg HTTP/1.1" 200 27
101.83.240.35 - - [19/Jul/2022:14:51:11 +0800] "GET /xingrg/all/function/internal_message.html?_=1658213466796&CODE_STATE=getMsg HTTP/1.1" 200 27
114.88.155.189 - - [19/Jul/2022:14:51:12 +0800] "GET /xingrg/check_reg.html?_=1658213165887 HTTP/1.1" 200 22
114.86.187.244 - - [19/Jul/2022:14:51:12 +0800] "GET /xingrg/kc/buy/cgsh_order_operate.html?command=get_materiel&rest_code=00148&code=00101006164&supplier_code=00100326&order_time=2022-07-19 HTTP/1.1" 200 431
114.88.155.189 - - [19/Jul/2022:14:51:13 +0800] "GET /xingrg/all/function/internal_message.html?_=1658213165886&CODE_STATE=getMsg HTTP/1.1" 200 27
120.253.135.82 - - [19/Jul/2022:14:51:14 +0800] "GET /xingrg/all/function/internal_message.html?_=1658213602038&CODE_STATE=getMsg HTTP/1.1" 200 27
58.221.95.50 - - [19/Jul/2022:14:51:14 +0800] "GET /xingrg/all/function/internal_message.html?_=1658213473570&CODE_STATE=getMsg HTTP/1.1" 200 27
58.37.4.65 - - [19/Jul/2022:14:51:15 +0800] "POST /xingrg/kc/buy/cgsh_order_operate.html HTTP/1.1" 200 37
218.81.223.53 - - [19/Jul/2022:14:51:15 +0800] "GET /xingrg/kc/buy/cgsh_order_operate.html?command=get_materiel&rest_code=00146&code=00101001164&supplier_code=00100313&order_time=2022-07-19 HTTP/1.1" 200 411
101.83.240.35 - - [19/Jul/2022:14:51:16 +0800] "GET /xingrg/kc/buy/cgsh_order_operate.html?command=get_materiel&rest_code=00149&code=00101013193&supplier_code=00100337&order_time=2022-07-19 HTTP/1.1" 200 444
114.84.2.83 - - [19/Jul/2022:14:51:16 +0800] "GET /xingrg/all/function/internal_message.html?_=1658213474325&CODE_STATE=getMsg HTTP/1.1" 200 27
114.86.187.244 - - [19/Jul/2022:14:51:20 +0800] "POST /xingrg/kc/buy/cgsh_order_operate.html HTTP/1.1" 200 37
58.37.4.65 - - [19/Jul/2022:14:51:21 +0800] "POST /xingrg/kc/buy/cgsh_order_operate.html HTTP/1.1" 200 12
116.230.110.48 - - [19/Jul/2022:14:51:21 +0800] "GET /xingrg/all/function/internal_message.html?_=1658213479596&CODE_STATE=getMsg HTTP/1.1" 200 27
114.86.227.120 - - [19/Jul/2022:14:51:22 +0800] "GET /xingrg/all/function/internal_message.html?_=1658213480087&CODE_STATE=getMsg HTTP/1.1" 200 27
58.37.4.65 - - [19/Jul/2022:14:51:22 +0800] "GET /xingrg/kc/buy/cgsh_order_info.html?code=212022071904859 HTTP/1.1" 200 62845
58.37.4.65 - - [19/Jul/2022:14:51:22 +0800] "GET /xingrg/javascript/easyui/themes/default/validatebox.css HTTP/1.1" 404 1104
114.86.187.244 - - [19/Jul/2022:14:51:22 +0800] "POST /xingrg/kc/buy/cgsh_order_operate.html HTTP/1.1" 200 2659
58.37.4.65 - - [19/Jul/2022:14:51:23 +0800] "POST /xingrg/kc/buy/cgsh_order_operate.html HTTP/1.1" 200 610
114.86.187.244 - - [19/Jul/2022:14:51:23 +0800] "GET /xingrg/kc/print/load_data.html?order_code=212022071904860&kc_code=cgsh&condition= HTTP/1.1" 200 672
114.86.187.244 - - [19/Jul/2022:14:51:26 +0800] "GET /xingrg/kc/buy/cgsh_order_add.html HTTP/1.1" 200 67938
114.86.187.244 - - [19/Jul/2022:14:51:26 +0800] "POST /xingrg/kc/buy/cgsh_order_operate.html HTTP/1.1" 200 8245
114.86.187.244 - - [19/Jul/2022:14:51:26 +0800] "GET /xingrg/javascript/easyui/themes/default/validatebox.css HTTP/1.1" 404 1104
101.83.240.35 - - [19/Jul/2022:14:51:28 +0800] "POST /xingrg/kc/buy/cgsh_order_operate.html HTTP/1.1" 200 37
58.35.196.166 - - [19/Jul/2022:14:51:30 +0800] "GET /xingrg/all/function/internal_message.html?_=1658213487268&CODE_STATE=getMsg HTTP/1.1" 200 27
101.85.120.95 - - [19/Jul/2022:14:51:30 +0800] "GET /xingrg/all/function/internal_message.html?_=1658213489138&CODE_STATE=getMsg HTTP/1.1" 200 27
101.83.240.35 - - [19/Jul/2022:14:51:31 +0800] "POST /xingrg/kc/buy/cgsh_order_operate.html HTTP/1.1" 200 12
101.83.240.35 - - [19/Jul/2022:14:51:32 +0800] "GET /xingrg/kc/buy/cgsh_order_info.html?code=212022071904861 HTTP/1.1" 200 62937
101.83.240.35 - - [19/Jul/2022:14:51:33 +0800] "GET /xingrg/javascript/easyui/themes/default/validatebox.css HTTP/1.1" 404 1104
218.81.223.53 - - [19/Jul/2022:14:51:33 +0800] "GET /xingrg/kc/buy/cgsh_order_operate.html?command=get_materiel&rest_code=00146&code=00101005024&supplier_code=00100313&order_time=2022-07-19 HTTP/1.1" 200 409
101.83.240.35 - - [19/Jul/2022:14:51:33 +0800] "POST /xingrg/kc/buy/cgsh_order_operate.html HTTP/1.1" 200 613
101.83.240.35 - - [19/Jul/2022:14:51:34 +0800] "GET /xingrg/kc/print/load_data.html?order_code=212022071904861&kc_code=cgsh&condition= HTTP/1.1" 200 711
114.86.187.244 - - [19/Jul/2022:14:51:35 +0800] "GET /xingrg/kc/buy/cgsh_order_operate.html?command=get_materiel&rest_code=00148&code=00101001125&supplier_code=00100090&order_time=2022-07-19 HTTP/1.1" 200 433
101.83.240.35 - - [19/Jul/2022:14:51:38 +0800] "GET /xingrg/kc/buy/cgsh_order_add.html HTTP/1.1" 200 68032
101.83.240.35 - - [19/Jul/2022:14:51:39 +0800] "POST /xingrg/kc/buy/cgsh_order_operate.html HTTP/1.1" 200 8245
101.83.240.35 - - [19/Jul/2022:14:51:39 +0800] "GET /xingrg/javascript/easyui/themes/default/validatebox.css HTTP/1.1" 404 1104
180.175.103.110 - - [19/Jul/2022:14:51:41 +0800] "GET /xingrg/all/function/internal_message.html?_=1658213501269&CODE_STATE=getMsg HTTP/1.1" 200 27
114.86.187.244 - - [19/Jul/2022:14:51:45 +0800] "POST /xingrg/kc/buy/cgsh_order_operate.html HTTP/1.1" 200 37
101.83.223.227 - - [19/Jul/2022:14:51:45 +0800] "GET /xingrg/all/function/internal_message.html?_=1658213455503&CODE_STATE=getMsg HTTP/1.1" 200 27
218.81.223.53 - - [19/Jul/2022:14:51:46 +0800] "GET /xingrg/kc/buy/cgsh_order_operate.html?command=get_materiel&rest_code=00146&code=00101001134&supplier_code=00100313&order_time=2022-07-19 HTTP/1.1" 200 413
114.86.187.244 - - [19/Jul/2022:14:51:46 +0800] "POST /xingrg/kc/buy/cgsh_order_operate.html HTTP/1.1" 200 2664
114.86.187.244 - - [19/Jul/2022:14:51:47 +0800] "GET /xingrg/kc/print/report_design.html?orderType=cgsh HTTP/1.1" 200 8625
114.86.187.244 - - [19/Jul/2022:14:51:47 +0800] "GET /xingrg/kc/print/design_operate.html?_=1658213506837&command=load_config&code=cgsh HTTP/1.1" 200 2853
114.86.187.244 - - [19/Jul/2022:14:51:47 +0800] "GET /favicon.ico HTTP/1.1" 404 -
58.37.4.65 - - [19/Jul/2022:14:51:47 +0800] "GET /xingrg/kc/print/load_data.html?order_code=212022071904859&kc_code=cgsh&condition= HTTP/1.1" 200 702
58.37.4.65 - - [19/Jul/2022:14:51:48 +0800] "GET /xingrg/all/function/internal_message.html?_=1658213508015&CODE_STATE=getMsg HTTP/1.1" 200 27
114.86.187.244 - - [19/Jul/2022:14:51:49 +0800] "GET /xingrg/kc/print/load_data.html?order_code=212022071904862&kc_code=cgsh&condition= HTTP/1.1" 200 744
114.86.187.244 - - [19/Jul/2022:14:51:54 +0800] "GET /xingrg/kc/buy/cgsh_order_add.html HTTP/1.1" 200 67938
114.86.187.244 - - [19/Jul/2022:14:51:54 +0800] "POST /xingrg/kc/buy/cgsh_order_operate.html HTTP/1.1" 200 8245
114.86.187.244 - - [19/Jul/2022:14:51:54 +0800] "GET /xingrg/javascript/easyui/themes/default/validatebox.css HTTP/1.1" 404 1104
120.253.135.82 - - [19/Jul/2022:14:51:57 +0800] "GET /xingrg/check_reg.html?_=1658213644920 HTTP/1.1" 200 22
218.81.223.53 - - [19/Jul/2022:14:51:58 +0800] "GET /xingrg/kc/buy/cgsh_order_operate.html?command=get_materiel&rest_code=00146&code=00101001142&supplier_code=00100313&order_time=2022-07-19 HTTP/1.1" 200 413
101.83.240.35 - - [19/Jul/2022:14:52:00 +0800] "GET /xingrg/kc/buy/cgsh_order_operate.html?command=get_materiel&rest_code=00149&code=00101001115&supplier_code=00100089&order_time=2022-07-19 HTTP/1.1" 200 429
114.86.187.244 - - [19/Jul/2022:14:52:05 +0800] "GET /xingrg/all/function/internal_message.html?_=1658213525154&CODE_STATE=getMsg HTTP/1.1" 200 27
180.175.103.110 - - [19/Jul/2022:14:52:06 +0800] "GET /xingrg/all/function/internal_message.html?_=1658213578294&CODE_STATE=getMsg HTTP/1.1" 200 27
180.175.103.110 - - [19/Jul/2022:14:52:06 +0800] "GET /xingrg/check_reg.html?_=1658213578299 HTTP/1.1" 200 22
218.81.223.53 - - [19/Jul/2022:14:52:09 +0800] "GET /xingrg/all/function/internal_message.html?_=1658213534377&CODE_STATE=getMsg HTTP/1.1" 200 27
114.86.187.244 - - [19/Jul/2022:14:52:10 +0800] "GET /xingrg/kc/buy/cgsh_order_operate.html?command=get_materiel&rest_code=00148&code=00101006268&supplier_code=00100442&order_time=2022-07-19 HTTP/1.1" 200 409
114.88.155.189 - - [19/Jul/2022:14:52:12 +0800] "GET /xingrg/all/function/internal_message.html?_=1658213225884&CODE_STATE=getMsg HTTP/1.1" 200 27
101.83.240.35 - - [19/Jul/2022:14:52:13 +0800] "POST /xingrg/kc/buy/cgsh_order_operate.html HTTP/1.1" 200 37
120.253.135.82 - - [19/Jul/2022:14:52:14 +0800] "GET /xingrg/all/function/internal_message.html?_=1658213662047&CODE_STATE=getMsg HTTP/1.1" 200 27
58.221.95.50 - - [19/Jul/2022:14:52:14 +0800] "GET /xingrg/all/function/internal_message.html?_=1658213533551&CODE_STATE=getMsg HTTP/1.1" 200 27
114.84.2.83 - - [19/Jul/2022:14:52:16 +0800] "GET /xingrg/all/function/internal_message.html?_=1658213534325&CODE_STATE=getMsg HTTP/1.1" 200 27
218.81.223.53 - - [19/Jul/2022:14:52:17 +0800] "GET /xingrg/check_reg.html?_=1658213541912 HTTP/1.1" 200 22
101.83.240.35 - - [19/Jul/2022:14:52:19 +0800] "POST /xingrg/kc/buy/cgsh_order_operate.html HTTP/1.1" 200 12
101.83.240.35 - - [19/Jul/2022:14:52:20 +0800] "GET /xingrg/kc/buy/cgsh_order_info.html?code=212022071904863 HTTP/1.1" 200 62937
114.86.187.244 - - [19/Jul/2022:14:52:20 +0800] "GET /xingrg/kc/buy/cgsh_order_operate.html?command=get_materiel&rest_code=00148&code=00101001060&supplier_code=00100442&order_time=2022-07-19 HTTP/1.1" 200 421
101.83.240.35 - - [19/Jul/2022:14:52:20 +0800] "GET /xingrg/javascript/easyui/themes/default/validatebox.css HTTP/1.1" 404 1104
101.83.240.35 - - [19/Jul/2022:14:52:21 +0800] "POST /xingrg/kc/buy/cgsh_order_operate.html HTTP/1.1" 200 611
116.230.110.48 - - [19/Jul/2022:14:52:21 +0800] "GET /xingrg/all/function/internal_message.html?_=1658213539586&CODE_STATE=getMsg HTTP/1.1" 200 27
114.86.227.120 - - [19/Jul/2022:14:52:22 +0800] "GET /xingrg/all/function/internal_message.html?_=1658213540086&CODE_STATE=getMsg HTTP/1.1" 200 27
101.83.240.35 - - [19/Jul/2022:14:52:22 +0800] "GET /xingrg/kc/print/load_data.html?order_code=212022071904863&kc_code=cgsh&condition= HTTP/1.1" 200 792
218.81.223.53 - - [19/Jul/2022:14:52:23 +0800] "GET /xingrg/kc/buy/cgsh_order_operate.html?command=get_materiel&rest_code=00146&code=00102026001&supplier_code=00100313&order_time=2022-07-19 HTTP/1.1" 200 409
101.83.240.35 - - [19/Jul/2022:14:52:27 +0800] "GET /xingrg/kc/buy/cgsh_order_add.html HTTP/1.1" 200 68032
101.83.240.35 - - [19/Jul/2022:14:52:27 +0800] "POST /xingrg/kc/buy/cgsh_order_operate.html HTTP/1.1" 200 8245
101.83.240.35 - - [19/Jul/2022:14:52:27 +0800] "GET /xingrg/javascript/easyui/themes/default/validatebox.css HTTP/1.1" 404 1104
114.86.187.244 - - [19/Jul/2022:14:52:30 +0800] "GET /xingrg/kc/buy/cgsh_order_operate.html?command=get_materiel&rest_code=00148&code=00101002007&supplier_code=00100442&order_time=2022-07-19 HTTP/1.1" 200 409
58.35.196.166 - - [19/Jul/2022:14:52:30 +0800] "GET /xingrg/all/function/internal_message.html?_=1658213547238&CODE_STATE=getMsg HTTP/1.1" 200 27
101.85.120.95 - - [19/Jul/2022:14:52:30 +0800] "GET /xingrg/all/function/internal_message.html?_=1658213549108&CODE_STATE=getMsg HTTP/1.1" 200 27
116.230.110.48 - - [19/Jul/2022:14:52:31 +0800] "GET /xingrg/check_reg.html?_=1658213549218 HTTP/1.1" 200 22
180.175.103.110 - - [19/Jul/2022:14:52:41 +0800] "GET /xingrg/all/function/internal_message.html?_=1658213561270&CODE_STATE=getMsg HTTP/1.1" 200 27
101.83.223.227 - - [19/Jul/2022:14:52:45 +0800] "GET /xingrg/all/function/internal_message.html?_=1658213515516&CODE_STATE=getMsg HTTP/1.1" 200 27
114.86.187.244 - - [19/Jul/2022:14:52:47 +0800] "POST /xingrg/kc/buy/cgsh_order_operate.html HTTP/1.1" 200 64
218.81.223.53 - - [19/Jul/2022:14:52:48 +0800] "POST /xingrg/kc/buy/cgsh_order_operate.html HTTP/1.1" 200 37
58.37.4.65 - - [19/Jul/2022:14:52:48 +0800] "GET /xingrg/all/function/internal_message.html?_=1658213567995&CODE_STATE=getMsg HTTP/1.1" 200 27
58.37.4.65 - - [19/Jul/2022:14:52:50 +0800] "GET /xingrg/kc/buy/cgsh_order_add.html HTTP/1.1" 200 67938
58.37.4.65 - - [19/Jul/2022:14:52:51 +0800] "POST /xingrg/kc/buy/cgsh_order_operate.html HTTP/1.1" 200 8245
58.37.4.65 - - [19/Jul/2022:14:52:51 +0800] "GET /xingrg/javascript/easyui/themes/default/validatebox.css HTTP/1.1" 404 1104
114.86.187.244 - - [19/Jul/2022:14:52:52 +0800] "POST /xingrg/kc/buy/cgsh_order_operate.html HTTP/1.1" 200 37
101.83.240.35 - - [19/Jul/2022:14:52:52 +0800] "GET /xingrg/kc/buy/cgsh_order_operate.html?command=get_materiel&rest_code=00149&code=00101014104&supplier_code=00100211&order_time=2022-07-19 HTTP/1.1" 200 415
218.81.223.53 - - [19/Jul/2022:14:52:52 +0800] "POST /xingrg/kc/buy/cgsh_order_operate.html HTTP/1.1" 200 6221
58.37.4.65 - - [19/Jul/2022:14:52:53 +0800] "GET /xingrg/javascript/easyui/themes/default/tree.css HTTP/1.1" 404 1090
114.86.187.244 - - [19/Jul/2022:14:52:53 +0800] "POST /xingrg/kc/buy/cgsh_order_operate.html HTTP/1.1" 200 3848
58.37.4.65 - - [19/Jul/2022:14:52:53 +0800] "POST /xingrg/all/common/load_tree.html?tree=supplier_tree_json&isDelete=1 HTTP/1.1" 200 66956
114.86.187.244 - - [19/Jul/2022:14:52:54 +0800] "GET /xingrg/kc/print/load_data.html?order_code=212022071904866&kc_code=cgsh&condition= HTTP/1.1" 200 1136
218.81.223.53 - - [19/Jul/2022:14:52:55 +0800] "GET /xingrg/kc/print/load_data.html?order_code=212022071904865&kc_code=cgsh&condition= HTTP/1.1" 200 2040
114.86.187.244 - - [19/Jul/2022:14:52:58 +0800] "GET /xingrg/kc/buy/cgsh_order_add.html HTTP/1.1" 200 67938
114.86.187.244 - - [19/Jul/2022:14:52:58 +0800] "POST /xingrg/kc/buy/cgsh_order_operate.html HTTP/1.1" 200 8245
114.86.187.244 - - [19/Jul/2022:14:52:58 +0800] "GET /xingrg/javascript/easyui/themes/default/validatebox.css HTTP/1.1" 404 1104
114.86.187.244 - - [19/Jul/2022:14:53:05 +0800] "GET /xingrg/all/function/internal_message.html?_=1658213585143&CODE_STATE=getMsg HTTP/1.1" 200 27
180.175.103.110 - - [19/Jul/2022:14:53:06 +0800] "GET /xingrg/all/function/internal_message.html?_=1658213638266&CODE_STATE=getMsg HTTP/1.1" 200 27
101.83.240.35 - - [19/Jul/2022:14:53:08 +0800] "GET /xingrg/kc/buy/cgsh_order_operate.html?command=get_materiel&rest_code=00149&code=00101010720&supplier_code=00100211&order_time=2022-07-19 HTTP/1.1" 200 423
58.37.4.65 - - [19/Jul/2022:14:53:09 +0800] "GET /xingrg/kc/buy/cgsh_order_operate.html?command=get_materiel&rest_code=00106&code=00101010646&supplier_code=00100325&order_time=2022-07-19 HTTP/1.1" 200 422
218.81.223.53 - - [19/Jul/2022:14:53:10 +0800] "GET /xingrg/all/function/internal_message.html?_=1658213594931&CODE_STATE=getMsg HTTP/1.1" 200 27
101.83.240.35 - - [19/Jul/2022:14:53:11 +0800] "GET /xingrg/all/function/internal_message.html?_=1658213586829&CODE_STATE=getMsg HTTP/1.1" 200 27
114.88.155.189 - - [19/Jul/2022:14:53:12 +0800] "GET /xingrg/all/function/internal_message.html?_=1658213285889&CODE_STATE=getMsg HTTP/1.1" 200 27
114.86.187.244 - - [19/Jul/2022:14:53:13 +0800] "GET /xingrg/kc/buy/cgsh_order_operate.html?command=get_materiel&rest_code=00148&code=00101010161&supplier_code=00100334&order_time=2022-07-19 HTTP/1.1" 200 426
101.83.240.35 - - [19/Jul/2022:14:53:14 +0800] "GET /xingrg/check_reg.html?_=1658213589839 HTTP/1.1" 200 22
120.253.135.82 - - [19/Jul/2022:14:53:14 +0800] "GET /xingrg/all/function/internal_message.html?_=1658213722062&CODE_STATE=getMsg HTTP/1.1" 200 27
58.221.95.50 - - [19/Jul/2022:14:53:14 +0800] "GET /xingrg/all/function/internal_message.html?_=1658213593557&CODE_STATE=getMsg HTTP/1.1" 200 27
58.221.95.50 - - [19/Jul/2022:14:53:15 +0800] "GET /xingrg/check_reg.html?_=1658213594456 HTTP/1.1" 200 22
101.83.240.35 - - [19/Jul/2022:14:53:15 +0800] "POST /xingrg/kc/buy/cgsh_order_operate.html HTTP/1.1" 200 37
114.84.2.83 - - [19/Jul/2022:14:53:16 +0800] "GET /xingrg/all/function/internal_message.html?_=1658213594325&CODE_STATE=getMsg HTTP/1.1" 200 27
114.84.2.83 - - [19/Jul/2022:14:53:16 +0800] "GET /xingrg/check_reg.html?_=1658213594327 HTTP/1.1" 200 22
101.83.240.35 - - [19/Jul/2022:14:53:19 +0800] "POST /xingrg/kc/buy/cgsh_order_operate.html HTTP/1.1" 200 12
116.230.110.48 - - [19/Jul/2022:14:53:21 +0800] "GET /xingrg/all/function/internal_message.html?_=1658213599573&CODE_STATE=getMsg HTTP/1.1" 200 27
114.86.227.120 - - [19/Jul/2022:14:53:22 +0800] "GET /xingrg/check_reg.html?_=1658213600076 HTTP/1.1" 200 22
114.86.227.120 - - [19/Jul/2022:14:53:22 +0800] "GET /xingrg/all/function/internal_message.html?_=1658213600079&CODE_STATE=getMsg HTTP/1.1" 200 27
58.37.4.65 - - [19/Jul/2022:14:53:23 +0800] "POST /xingrg/kc/buy/cgsh_order_operate.html HTTP/1.1" 200 37
218.81.223.53 - - [19/Jul/2022:14:53:24 +0800] "GET /xingrg/kc/buy/cgsh_order_add.html HTTP/1.1" 200 67906
218.81.223.53 - - [19/Jul/2022:14:53:27 +0800] "POST /xingrg/kc/buy/cgsh_order_operate.html HTTP/1.1" 200 8245
218.81.223.53 - - [19/Jul/2022:14:53:27 +0800] "GET /xingrg/javascript/easyui/themes/default/validatebox.css HTTP/1.1" 404 1104
58.37.4.65 - - [19/Jul/2022:14:53:29 +0800] "POST /xingrg/kc/buy/cgsh_order_operate.html HTTP/1.1" 200 12
101.83.240.35 - - [19/Jul/2022:14:53:29 +0800] "GET /xingrg/kc/buy/cgsh_order_info.html?code=212022071904867 HTTP/1.1" 200 62933
101.83.240.35 - - [19/Jul/2022:14:53:30 +0800] "GET /xingrg/javascript/easyui/themes/default/validatebox.css HTTP/1.1" 404 1104
58.35.196.166 - - [19/Jul/2022:14:53:30 +0800] "GET /xingrg/all/function/internal_message.html?_=1658213607210&CODE_STATE=getMsg HTTP/1.1" 200 27
101.83.240.35 - - [19/Jul/2022:14:53:30 +0800] "POST /xingrg/kc/buy/cgsh_order_operate.html HTTP/1.1" 200 1214
101.85.120.95 - - [19/Jul/2022:14:53:30 +0800] "GET /xingrg/all/function/internal_message.html?_=1658213609093&CODE_STATE=getMsg HTTP/1.1" 200 27
58.37.4.65 - - [19/Jul/2022:14:53:31 +0800] "GET /xingrg/kc/buy/cgsh_order_info.html?code=212022071904868 HTTP/1.1" 200 62845
58.37.4.65 - - [19/Jul/2022:14:53:31 +0800] "GET /xingrg/javascript/easyui/themes/default/validatebox.css HTTP/1.1" 404 1104
58.37.4.65 - - [19/Jul/2022:14:53:32 +0800] "POST /xingrg/kc/buy/cgsh_order_operate.html HTTP/1.1" 200 616
101.83.240.35 - - [19/Jul/2022:14:53:32 +0800] "GET /xingrg/kc/print/load_data.html?order_code=212022071904867&kc_code=cgsh&condition= HTTP/1.1" 200 943
114.86.187.244 - - [19/Jul/2022:14:53:36 +0800] "POST /xingrg/kc/buy/cgsh_order_operate.html HTTP/1.1" 200 37
58.37.4.65 - - [19/Jul/2022:14:53:36 +0800] "GET /xingrg/kc/print/load_data.html?order_code=212022071904868&kc_code=cgsh&condition= HTTP/1.1" 200 714
101.83.240.35 - - [19/Jul/2022:14:53:36 +0800] "GET /xingrg/kc/buy/cgsh_order_add.html HTTP/1.1" 200 68032
101.83.240.35 - - [19/Jul/2022:14:53:37 +0800] "POST /xingrg/kc/buy/cgsh_order_operate.html HTTP/1.1" 200 8245
114.86.187.244 - - [19/Jul/2022:14:53:37 +0800] "POST /xingrg/kc/buy/cgsh_order_operate.html HTTP/1.1" 200 2654
101.83.240.35 - - [19/Jul/2022:14:53:37 +0800] "GET /xingrg/javascript/easyui/themes/default/validatebox.css HTTP/1.1" 404 1104
114.86.187.244 - - [19/Jul/2022:14:53:38 +0800] "GET /xingrg/kc/print/load_data.html?order_code=212022071904869&kc_code=cgsh&condition= HTTP/1.1" 200 676
180.175.103.110 - - [19/Jul/2022:14:53:41 +0800] "GET /xingrg/all/function/internal_message.html?_=1658213621252&CODE_STATE=getMsg HTTP/1.1" 200 27
58.37.4.65 - - [19/Jul/2022:14:53:44 +0800] "GET /xingrg/kc/buy/cgsh_order_add.html HTTP/1.1" 200 67938
58.37.4.65 - - [19/Jul/2022:14:53:44 +0800] "POST /xingrg/kc/buy/cgsh_order_operate.html HTTP/1.1" 200 8245
58.37.4.65 - - [19/Jul/2022:14:53:44 +0800] "GET /xingrg/javascript/easyui/themes/default/validatebox.css HTTP/1.1" 404 1104
58.37.4.65 - - [19/Jul/2022:14:53:45 +0800] "GET /xingrg/javascript/easyui/themes/default/tree.css HTTP/1.1" 404 1090
58.37.4.65 - - [19/Jul/2022:14:53:45 +0800] "POST /xingrg/all/common/load_tree.html?tree=supplier_tree_json&isDelete=1 HTTP/1.1" 200 66956
101.83.223.227 - - [19/Jul/2022:14:53:45 +0800] "GET /xingrg/all/function/internal_message.html?_=1658213575611&CODE_STATE=getMsg HTTP/1.1" 200 27
101.83.240.35 - - [19/Jul/2022:14:53:46 +0800] "GET /xingrg/kc/buy/cgsh_order_operate.html?command=get_materiel&rest_code=00149&code=00101004023&supplier_code=00100312&order_time=2022-07-19 HTTP/1.1" 200 425
58.37.4.65 - - [19/Jul/2022:14:53:48 +0800] "GET /xingrg/all/function/internal_message.html?_=1658213627982&CODE_STATE=getMsg HTTP/1.1" 200 27
58.37.4.65 - - [19/Jul/2022:14:53:53 +0800] "GET /xingrg/check_reg.html?_=1658213632476 HTTP/1.1" 200 22
58.35.196.166 - - [19/Jul/2022:14:53:55 +0800] "GET /xingrg/check_reg.html?_=1658213632071 HTTP/1.1" 200 22
101.83.240.35 - - [19/Jul/2022:14:54:03 +0800] "POST /xingrg/kc/buy/cgsh_order_operate.html HTTP/1.1" 200 37
114.86.187.244 - - [19/Jul/2022:14:54:05 +0800] "GET /xingrg/all/function/internal_message.html?_=1658213645155&CODE_STATE=getMsg HTTP/1.1" 200 27
114.86.187.244 - - [19/Jul/2022:14:54:05 +0800] "GET /xingrg/check_reg.html?_=1658213645156 HTTP/1.1" 200 22
58.37.4.65 - - [19/Jul/2022:14:54:06 +0800] "GET /xingrg/kc/buy/cgsh_order_operate.html?command=get_materiel&rest_code=00106&code=00101010691&supplier_code=00100327&order_time=2022-07-19 HTTP/1.1" 200 411
180.175.103.110 - - [19/Jul/2022:14:54:06 +0800] "GET /xingrg/all/function/internal_message.html?_=1658213698268&CODE_STATE=getMsg HTTP/1.1" 200 27
101.83.240.35 - - [19/Jul/2022:14:54:07 +0800] "POST /xingrg/kc/buy/cgsh_order_operate.html HTTP/1.1" 200 12
101.83.240.35 - - [19/Jul/2022:14:54:08 +0800] "GET /xingrg/kc/buy/cgsh_order_info.html?code=212022071904870 HTTP/1.1" 200 62939
101.83.240.35 - - [19/Jul/2022:14:54:08 +0800] "GET /xingrg/javascript/easyui/themes/default/validatebox.css HTTP/1.1" 404 1104
101.83.240.35 - - [19/Jul/2022:14:54:09 +0800] "POST /xingrg/kc/buy/cgsh_order_operate.html HTTP/1.1" 200 602
218.81.223.53 - - [19/Jul/2022:14:54:10 +0800] "GET /xingrg/all/function/internal_message.html?_=1658213654935&CODE_STATE=getMsg HTTP/1.1" 200 27
101.83.240.35 - - [19/Jul/2022:14:54:11 +0800] "GET /xingrg/all/function/internal_message.html?_=1658213646807&CODE_STATE=getMsg HTTP/1.1" 200 27
114.88.155.189 - - [19/Jul/2022:14:54:12 +0800] "GET /xingrg/all/function/internal_message.html?_=1658213345910&CODE_STATE=getMsg HTTP/1.1" 200 27
120.253.135.82 - - [19/Jul/2022:14:54:14 +0800] "GET /xingrg/all/function/internal_message.html?_=1658213782107&CODE_STATE=getMsg HTTP/1.1" 200 27
58.221.95.50 - - [19/Jul/2022:14:54:14 +0800] "GET /xingrg/all/function/internal_message.html?_=1658213653541&CODE_STATE=getMsg HTTP/1.1" 200 27
101.83.240.35 - - [19/Jul/2022:14:54:16 +0800] "GET /xingrg/kc/print/load_data.html?order_code=212022071904870&kc_code=cgsh&condition= HTTP/1.1" 200 702
114.84.2.83 - - [19/Jul/2022:14:54:16 +0800] "GET /xingrg/all/function/internal_message.html?_=1658213654326&CODE_STATE=getMsg HTTP/1.1" 200 27
58.37.4.65 - - [19/Jul/2022:14:54:19 +0800] "POST /xingrg/kc/buy/cgsh_order_operate.html HTTP/1.1" 200 37
116.230.110.48 - - [19/Jul/2022:14:54:21 +0800] "GET /xingrg/all/function/internal_message.html?_=1658213659552&CODE_STATE=getMsg HTTP/1.1" 200 27
114.86.227.120 - - [19/Jul/2022:14:54:22 +0800] "GET /xingrg/all/function/internal_message.html?_=1658213660114&CODE_STATE=getMsg HTTP/1.1" 200 27
58.37.4.65 - - [19/Jul/2022:14:54:24 +0800] "POST /xingrg/kc/buy/cgsh_order_operate.html HTTP/1.1" 200 12
101.83.240.35 - - [19/Jul/2022:14:54:26 +0800] "GET /xingrg/kc/buy/cgsh_order_add.html HTTP/1.1" 200 68032
58.37.4.65 - - [19/Jul/2022:14:54:26 +0800] "GET /xingrg/kc/buy/cgsh_order_info.html?code=212022071904871 HTTP/1.1" 200 62841
101.83.240.35 - - [19/Jul/2022:14:54:26 +0800] "POST /xingrg/kc/buy/cgsh_order_operate.html HTTP/1.1" 200 8245
101.83.240.35 - - [19/Jul/2022:14:54:26 +0800] "GET /xingrg/javascript/easyui/themes/default/validatebox.css HTTP/1.1" 404 1104
58.37.4.65 - - [19/Jul/2022:14:54:26 +0800] "GET /xingrg/javascript/easyui/themes/default/validatebox.css HTTP/1.1" 404 1104
58.37.4.65 - - [19/Jul/2022:14:54:27 +0800] "POST /xingrg/kc/buy/cgsh_order_operate.html HTTP/1.1" 200 606
58.35.196.166 - - [19/Jul/2022:14:54:30 +0800] "GET /xingrg/all/function/internal_message.html?_=1658213667184&CODE_STATE=getMsg HTTP/1.1" 200 27
58.37.4.65 - - [19/Jul/2022:14:54:30 +0800] "GET /xingrg/kc/print/load_data.html?order_code=212022071904871&kc_code=cgsh&condition= HTTP/1.1" 200 702
101.85.120.95 - - [19/Jul/2022:14:54:30 +0800] "GET /xingrg/all/function/internal_message.html?_=1658213669066&CODE_STATE=getMsg HTTP/1.1" 200 27
101.83.240.35 - - [19/Jul/2022:14:54:36 +0800] "GET /xingrg/kc/buy/cgsh_order_operate.html?command=get_materiel&rest_code=00149&code=00101007069&supplier_code=00100324&order_time=2022-07-19 HTTP/1.1" 200 415
58.37.4.65 - - [19/Jul/2022:14:54:37 +0800] "GET /xingrg/kc/buy/cgsh_order_add.html HTTP/1.1" 200 67938
58.37.4.65 - - [19/Jul/2022:14:54:37 +0800] "POST /xingrg/kc/buy/cgsh_order_operate.html HTTP/1.1" 200 8245
58.37.4.65 - - [19/Jul/2022:14:54:37 +0800] "GET /xingrg/javascript/easyui/themes/default/validatebox.css HTTP/1.1" 404 1104
114.84.2.83 - - [19/Jul/2022:14:54:38 +0800] "GET /xingrg/login.html HTTP/1.1" 200 7641
114.84.2.83 - - [19/Jul/2022:14:54:38 +0800] "GET /xingrg/images/blue/jxLogo.png HTTP/1.1" 200 6156
58.37.4.65 - - [19/Jul/2022:14:54:38 +0800] "GET /xingrg/javascript/easyui/themes/default/tree.css HTTP/1.1" 404 1090
58.37.4.65 - - [19/Jul/2022:14:54:39 +0800] "POST /xingrg/all/common/load_tree.html?tree=supplier_tree_json&isDelete=1 HTTP/1.1" 200 66956
114.84.2.83 - - [19/Jul/2022:14:54:39 +0800] "GET /xingrg/images/blue/login_bg.png HTTP/1.1" 200 22101
114.84.2.83 - - [19/Jul/2022:14:54:39 +0800] "GET /xingrg/images/blue/hj.png HTTP/1.1" 200 1014
114.84.2.83 - - [19/Jul/2022:14:54:39 +0800] "GET /xingrg/images/blue/srbg.png HTTP/1.1" 200 138
101.83.223.227 - - [19/Jul/2022:14:54:39 +0800] "GET /xingrg/check_reg.html?_=1658213629838 HTTP/1.1" 200 22
114.84.2.83 - - [19/Jul/2022:14:54:39 +0800] "GET /favicon.ico HTTP/1.1" 404 -
180.175.103.110 - - [19/Jul/2022:14:54:41 +0800] "GET /xingrg/all/function/internal_message.html?_=1658213681234&CODE_STATE=getMsg HTTP/1.1" 200 27
101.83.240.35 - - [19/Jul/2022:14:54:43 +0800] "POST /xingrg/services/DataTransmitService HTTP/1.1" 200 524
101.83.223.227 - - [19/Jul/2022:14:54:45 +0800] "GET /xingrg/all/function/internal_message.html?_=1658213635621&CODE_STATE=getMsg HTTP/1.1" 200 27
58.37.4.65 - - [19/Jul/2022:14:54:48 +0800] "GET /xingrg/all/function/internal_message.html?_=1658213687962&CODE_STATE=getMsg HTTP/1.1" 200 27
58.37.4.65 - - [19/Jul/2022:14:54:48 +0800] "GET /xingrg/check_reg.html?_=1658213688035 HTTP/1.1" 200 22
58.37.4.65 - - [19/Jul/2022:14:54:55 +0800] "GET /xingrg/kc/buy/cgsh_order_operate.html?command=get_materiel&rest_code=00106&code=00101013261&supplier_code=00100337&order_time=2022-07-19 HTTP/1.1" 200 407
114.84.2.83 - - [19/Jul/2022:14:54:57 +0800] "POST /xingrg/login.do HTTP/1.1" 302 -
114.84.2.83 - - [19/Jul/2022:14:54:57 +0800] "GET /xingrg/index.html?sysBaseUrl=http%3A%2F%2F180.169.147.146%3A18081%2Fxingrg%2F&costTime=45×tamp=1658213697827 HTTP/1.1" 200 17419
114.84.2.83 - - [19/Jul/2022:14:54:57 +0800] "GET /xingrg/css/form.css HTTP/1.1" 200 893
114.84.2.83 - - [19/Jul/2022:14:54:57 +0800] "GET /xingrg/javascript/jquery_easy_ui/themes/icon.css HTTP/1.1" 200 3949
114.84.2.83 - - [19/Jul/2022:14:54:57 +0800] "GET /xingrg/javascript/jquery_easy_ui/themes/default/easyui.css HTTP/1.1" 200 26500
114.84.2.83 - - [19/Jul/2022:14:54:57 +0800] "GET /xingrg/javascript/jquery-1.4.2.min.js HTTP/1.1" 200 72205
114.84.2.83 - - [19/Jul/2022:14:54:58 +0800] "GET /xingrg/javascript/jquery_easy_ui/easyui-lang-zh_CN.js HTTP/1.1" 200 1900
114.84.2.83 - - [19/Jul/2022:14:54:58 +0800] "GET /xingrg/javascript/jquery_easy_ui/jquery.easyui.min.js HTTP/1.1" 200 213662
114.84.2.83 - - [19/Jul/2022:14:54:58 +0800] "GET /xingrg/javascript/jquery.form.js HTTP/1.1" 200 23110
114.84.2.83 - - [19/Jul/2022:14:54:58 +0800] "GET /xingrg/javascript/jquery.utils.js HTTP/1.1" 200 11805
114.84.2.83 - - [19/Jul/2022:14:54:58 +0800] "GET /xingrg/javascript/jquery.timers.js HTTP/1.1" 200 3532
114.84.2.83 - - [19/Jul/2022:14:54:58 +0800] "GET /favicon.ico HTTP/1.1" 404 -
114.84.2.83 - - [19/Jul/2022:14:54:58 +0800] "GET /xingrg/javascript/jquery_easy_ui/themes/icons/settle_new.png HTTP/1.1" 200 826
114.84.2.83 - - [19/Jul/2022:14:54:58 +0800] "GET /xingrg/images/blue/navBackgound.jpg HTTP/1.1" 200 12378
114.84.2.83 - - [19/Jul/2022:14:54:58 +0800] "POST /xingrg/all/common/load_tree.html?tree=area_rest_tree_json&manage=1 HTTP/1.1" 200 470
114.84.2.83 - - [19/Jul/2022:14:54:58 +0800] "GET /xingrg/all/function/internal_message.html?_=1658213702124&CODE_STATE=count HTTP/1.1" 200 11
114.84.2.83 - - [19/Jul/2022:14:54:58 +0800] "GET /xingrg/check_reg.html?_=1658213702126 HTTP/1.1" 200 22
114.84.2.83 - - [19/Jul/2022:14:54:58 +0800] "GET /xingrg/images/blue/pingpu.png HTTP/1.1" 200 231
114.84.2.83 - - [19/Jul/2022:14:54:58 +0800] "GET /xingrg/javascript/jquery_easy_ui/themes/default/images/tabs_leftarrow.png HTTP/1.1" 200 389
114.84.2.83 - - [19/Jul/2022:14:54:58 +0800] "GET /xingrg/javascript/jquery_easy_ui/themes/default/images/tabs_rightarrow.png HTTP/1.1" 200 395
114.84.2.83 - - [19/Jul/2022:14:54:58 +0800] "GET /xingrg/javascript/jquery_easy_ui/themes/default/images/panel_tool_expand.gif HTTP/1.1" 200 247
114.84.2.83 - - [19/Jul/2022:14:54:58 +0800] "GET /xingrg/javascript/jquery_easy_ui/themes/default/images/panel_tool_collapse.gif HTTP/1.1" 200 246
114.84.2.83 - - [19/Jul/2022:14:54:58 +0800] "POST /xingrg/load_menu.html HTTP/1.1" 200 9959
114.84.2.83 - - [19/Jul/2022:14:54:58 +0800] "GET /xingrg/javascript/jquery_easy_ui/themes/default/images/tree_arrows.gif HTTP/1.1" 200 1043
114.84.2.83 - - [19/Jul/2022:14:54:58 +0800] "GET /xingrg/javascript/jquery_easy_ui/themes/default/images/tree_folder_open.gif HTTP/1.1" 200 956
114.84.2.83 - - [19/Jul/2022:14:54:58 +0800] "GET /xingrg/javascript/jquery_easy_ui/themes/icons/search_new.png HTTP/1.1" 200 586
114.84.2.83 - - [19/Jul/2022:14:54:58 +0800] "GET /xingrg/javascript/jquery_easy_ui/themes/default/images/tree_folder.gif HTTP/1.1" 200 952
114.84.2.83 - - [19/Jul/2022:14:54:58 +0800] "GET /xingrg/javascript/jquery_easy_ui/themes/icons/storage_new.png HTTP/1.1" 200 853
114.84.2.83 - - [19/Jul/2022:14:54:58 +0800] "GET /xingrg/javascript/jquery_easy_ui/themes/icons/checkout_new.png HTTP/1.1" 200 744
114.84.2.83 - - [19/Jul/2022:14:54:58 +0800] "GET /xingrg/javascript/jquery_easy_ui/themes/icons/forms_new.png HTTP/1.1" 200 350
114.84.2.83 - - [19/Jul/2022:14:54:58 +0800] "GET /xingrg/javascript/jquery_easy_ui/themes/icons/setting_new.png HTTP/1.1" 200 450
114.84.2.83 - - [19/Jul/2022:14:54:58 +0800] "GET /xingrg/javascript/jquery_easy_ui/themes/icons/systemset_new.png HTTP/1.1" 200 606
114.84.2.83 - - [19/Jul/2022:14:54:58 +0800] "GET /xingrg/javascript/jquery_easy_ui/themes/default/images/tree_file.gif HTTP/1.1" 200 118
114.84.2.83 - - [19/Jul/2022:14:55:01 +0800] "GET /xingrg/kc/report/report_main.html HTTP/1.1" 200 7340
114.84.2.83 - - [19/Jul/2022:14:55:01 +0800] "GET /xingrg/javascript/jquery_easy_ui/themes/default/images/tabs_close.gif HTTP/1.1" 200 829
114.84.2.83 - - [19/Jul/2022:14:55:01 +0800] "GET /xingrg/javascript/pic_change.js HTTP/1.1" 200 4739
114.84.2.83 - - [19/Jul/2022:14:55:01 +0800] "GET /xingrg/css/blue.css HTTP/1.1" 200 15949
114.84.2.83 - - [19/Jul/2022:14:55:01 +0800] "GET /xingrg/javascript/jquery_ui/themes/humanity/humanity.css HTTP/1.1" 200 27801
114.84.2.83 - - [19/Jul/2022:14:55:01 +0800] "GET /xingrg/javascript/json2.js HTTP/1.1" 200 11259
114.84.2.83 - - [19/Jul/2022:14:55:01 +0800] "GET /xingrg/javascript/myfunction.js HTTP/1.1" 200 24559
114.84.2.83 - - [19/Jul/2022:14:55:01 +0800] "GET /xingrg/javascript/jquery_easy_ui/themes/icons/back_new.png HTTP/1.1" 200 3414
114.84.2.83 - - [19/Jul/2022:14:55:02 +0800] "GET /xingrg/all/report/report_query.html?fileName=kc/buy/gys_amount.xml&rh=99999 HTTP/1.1" 200 52006
114.84.2.83 - - [19/Jul/2022:14:55:02 +0800] "GET /xingrg/javascript/multi_select/jqueryMultiSelect.css HTTP/1.1" 200 951
114.84.2.83 - - [19/Jul/2022:14:55:02 +0800] "GET /xingrg/javascript/calendar/timePicker.css HTTP/1.1" 200 523
114.84.2.83 - - [19/Jul/2022:14:55:02 +0800] "GET /xingrg/javascript/bigrid/fix.css HTTP/1.1" 200 1702
114.84.2.83 - - [19/Jul/2022:14:55:02 +0800] "GET /xingrg/dwr/interface/AjaxReportQueryService.js HTTP/1.1" 200 13203
114.84.2.83 - - [19/Jul/2022:14:55:02 +0800] "GET /xingrg/dwr/util.js HTTP/1.1" 200 35990
114.84.2.83 - - [19/Jul/2022:14:55:02 +0800] "GET /xingrg/dwr/engine.js HTTP/1.1" 200 43631
114.84.2.83 - - [19/Jul/2022:14:55:02 +0800] "GET /xingrg/javascript/calendar/jquery.timePicker.min.js HTTP/1.1" 200 2997
114.84.2.83 - - [19/Jul/2022:14:55:02 +0800] "GET /xingrg/javascript/bigrid/fix.js HTTP/1.1" 200 6439
114.84.2.83 - - [19/Jul/2022:14:55:02 +0800] "GET /xingrg/javascript/jqueryMultiSelect.js HTTP/1.1" 200 11866
114.84.2.83 - - [19/Jul/2022:14:55:02 +0800] "GET /xingrg/javascript/Calendar.js HTTP/1.1" 200 31561
114.84.2.83 - - [19/Jul/2022:14:55:02 +0800] "GET /xingrg/images/blue/button/advance2over.gif HTTP/1.1" 200 1336
114.84.2.83 - - [19/Jul/2022:14:55:02 +0800] "GET /xingrg/images/blue/button/advanceover.gif HTTP/1.1" 200 1347
114.84.2.83 - - [19/Jul/2022:14:55:02 +0800] "GET /xingrg/images/blue/button/back2over.gif HTTP/1.1" 200 1335
114.84.2.83 - - [19/Jul/2022:14:55:02 +0800] "GET /xingrg/images/control/loading.gif HTTP/1.1" 200 13463
114.84.2.83 - - [19/Jul/2022:14:55:02 +0800] "GET /xingrg/images/blue/button/backover.gif HTTP/1.1" 200 1348
114.84.2.83 - - [19/Jul/2022:14:55:02 +0800] "GET /xingrg/javascript/jquery_easy_ui/themes/icons/help.png HTTP/1.1" 200 1187
114.84.2.83 - - [19/Jul/2022:14:55:02 +0800] "GET /xingrg/javascript/jquery_easy_ui/themes/default/images/menu_downarrow.png HTTP/1.1" 200 173
114.84.2.83 - - [19/Jul/2022:14:55:02 +0800] "GET /xingrg/javascript/jquery_easy_ui/themes/default/images/button_a_bg.gif HTTP/1.1" 200 1194
114.84.2.83 - - [19/Jul/2022:14:55:03 +0800] "GET /xingrg/javascript/jquery_easy_ui/themes/default/images/menu.gif HTTP/1.1" 200 834
114.84.2.83 - - [19/Jul/2022:14:55:03 +0800] "GET /xingrg/javascript/jquery_easy_ui/themes/icons/print.png HTTP/1.1" 200 1057
114.84.2.83 - - [19/Jul/2022:14:55:03 +0800] "GET /xingrg/javascript/jquery_easy_ui/themes/icons/pencil.png HTTP/1.1" 200 713
114.84.2.83 - - [19/Jul/2022:14:55:03 +0800] "GET /xingrg/javascript/jquery_easy_ui/themes/default/images/menu_rightarrow.png HTTP/1.1" 200 3617
114.84.2.83 - - [19/Jul/2022:14:55:03 +0800] "POST /xingrg/dwr/call/plaincall/AjaxReportQueryService.getFixDate.dwr HTTP/1.1" 200 111
114.84.2.83 - - [19/Jul/2022:14:55:03 +0800] "GET /xingrg/javascript/jquery_easy_ui/themes/default/images/combo_arrow_dot.gif HTTP/1.1" 200 79
114.84.2.83 - - [19/Jul/2022:14:55:03 +0800] "POST /xingrg/all/common/load_tree.html?tree=supplier_tree_json&manage=1 HTTP/1.1" 200 68157
114.84.2.83 - - [19/Jul/2022:14:55:03 +0800] "POST /xingrg/all/common/load_tree.html?tree=materiel_sort_tree_json HTTP/1.1" 200 9388
114.84.2.83 - - [19/Jul/2022:14:55:04 +0800] "GET /xingrg/javascript/jquery_easy_ui/themes/default/images/tree_checkbox_0.gif HTTP/1.1" 200 168
114.84.2.83 - - [19/Jul/2022:14:55:04 +0800] "POST /xingrg/dwr/call/plaincall/AjaxReportQueryService.getInitString.dwr HTTP/1.1" 200 1023
114.84.2.83 - - [19/Jul/2022:14:55:04 +0800] "GET /xingrg/javascript/multi_select/dropdown.gif HTTP/1.1" 200 61
114.86.187.244 - - [19/Jul/2022:14:55:05 +0800] "GET /xingrg/all/function/internal_message.html?_=1658213705150&CODE_STATE=getMsg HTTP/1.1" 200 27
180.175.103.110 - - [19/Jul/2022:14:55:06 +0800] "GET /xingrg/all/function/internal_message.html?_=1658213758269&CODE_STATE=getMsg HTTP/1.1" 200 27
101.83.240.35 - - [19/Jul/2022:14:55:08 +0800] "GET /xingrg/kc/buy/cgsh_order_operate.html?command=get_materiel&rest_code=00149&code=00101010282&supplier_code=00100324&order_time=2022-07-19 HTTP/1.1" 200 415
218.81.223.53 - - [19/Jul/2022:14:55:10 +0800] "GET /xingrg/all/function/internal_message.html?_=1658213714948&CODE_STATE=getMsg HTTP/1.1" 200 27
58.37.4.65 - - [19/Jul/2022:14:55:10 +0800] "POST /xingrg/kc/buy/cgsh_order_operate.html HTTP/1.1" 200 37
218.81.223.53 - - [19/Jul/2022:14:55:10 +0800] "GET /xingrg/login.html HTTP/1.1" 200 7641
218.81.223.53 - - [19/Jul/2022:14:55:10 +0800] "GET /xingrg/images/blue/login_bg.png HTTP/1.1" 304 -
218.81.223.53 - - [19/Jul/2022:14:55:10 +0800] "GET /favicon.ico HTTP/1.1" 404 -
218.81.223.53 - - [19/Jul/2022:14:55:10 +0800] "GET /xingrg/images/blue/hj.png HTTP/1.1" 304 -
218.81.223.53 - - [19/Jul/2022:14:55:11 +0800] "GET /xingrg/images/blue/srbg.png HTTP/1.1" 304 -
101.83.240.35 - - [19/Jul/2022:14:55:11 +0800] "GET /xingrg/all/function/internal_message.html?_=1658213706784&CODE_STATE=getMsg HTTP/1.1" 200 27
114.88.155.189 - - [19/Jul/2022:14:55:12 +0800] "GET /xingrg/all/function/internal_message.html?_=1658213405914&CODE_STATE=getMsg HTTP/1.1" 200 27
58.37.4.65 - - [19/Jul/2022:14:55:13 +0800] "POST /xingrg/kc/buy/cgsh_order_operate.html HTTP/1.1" 200 12
120.253.135.82 - - [19/Jul/2022:14:55:14 +0800] "GET /xingrg/all/function/internal_message.html?_=1658213842120&CODE_STATE=getMsg HTTP/1.1" 200 27
58.221.95.50 - - [19/Jul/2022:14:55:14 +0800] "GET /xingrg/all/function/internal_message.html?_=1658213713523&CODE_STATE=getMsg HTTP/1.1" 200 27
58.37.4.65 - - [19/Jul/2022:14:55:14 +0800] "GET /xingrg/kc/buy/cgsh_order_info.html?code=212022071904872 HTTP/1.1" 200 62843
58.37.4.65 - - [19/Jul/2022:14:55:15 +0800] "GET /xingrg/javascript/easyui/themes/default/validatebox.css HTTP/1.1" 404 1104
58.37.4.65 - - [19/Jul/2022:14:55:15 +0800] "POST /xingrg/kc/buy/cgsh_order_operate.html HTTP/1.1" 200 601
218.81.223.53 - - [19/Jul/2022:14:55:16 +0800] "GET /xingrg/login.html HTTP/1.1" 200 7641
114.84.2.83 - - [19/Jul/2022:14:55:16 +0800] "GET /xingrg/all/function/internal_message.html?_=1658213714325&CODE_STATE=getMsg HTTP/1.1" 200 27
218.81.223.53 - - [19/Jul/2022:14:55:16 +0800] "GET /favicon.ico HTTP/1.1" 404 -
58.37.4.65 - - [19/Jul/2022:14:55:18 +0800] "GET /xingrg/kc/print/load_data.html?order_code=212022071904872&kc_code=cgsh&condition= HTTP/1.1" 200 696
218.81.223.53 - - [19/Jul/2022:14:55:20 +0800] "POST /xingrg/login.do HTTP/1.1" 302 -
218.81.223.53 - - [19/Jul/2022:14:55:20 +0800] "GET /xingrg/javascript/jquery_easy_ui/themes/icon.css HTTP/1.1" 304 -
218.81.223.53 - - [19/Jul/2022:14:55:20 +0800] "GET /xingrg/javascript/jquery_easy_ui/themes/default/easyui.css HTTP/1.1" 304 -
218.81.223.53 - - [19/Jul/2022:14:55:20 +0800] "GET /xingrg/index.html?sysBaseUrl=http%3A%2F%2F180.169.147.146%3A18081%2Fxingrg%2F&costTime=45×tamp=1658213720767 HTTP/1.1" 200 17179
218.81.223.53 - - [19/Jul/2022:14:55:20 +0800] "GET /xingrg/javascript/jquery-1.4.2.min.js HTTP/1.1" 304 -
218.81.223.53 - - [19/Jul/2022:14:55:20 +0800] "GET /xingrg/javascript/jquery_easy_ui/jquery.easyui.min.js HTTP/1.1" 304 -
218.81.223.53 - - [19/Jul/2022:14:55:20 +0800] "GET /xingrg/css/form.css HTTP/1.1" 304 -
218.81.223.53 - - [19/Jul/2022:14:55:20 +0800] "GET /xingrg/javascript/jquery_easy_ui/easyui-lang-zh_CN.js HTTP/1.1" 304 -
218.81.223.53 - - [19/Jul/2022:14:55:20 +0800] "GET /xingrg/javascript/jquery.timers.js HTTP/1.1" 304 -
218.81.223.53 - - [19/Jul/2022:14:55:20 +0800] "GET /favicon.ico HTTP/1.1" 404 -
116.230.110.48 - - [19/Jul/2022:14:55:21 +0800] "GET /xingrg/all/function/internal_message.html?_=1658213719536&CODE_STATE=getMsg HTTP/1.1" 200 27
114.86.227.120 - - [19/Jul/2022:14:55:22 +0800] "GET /xingrg/all/function/internal_message.html?_=1658213720110&CODE_STATE=getMsg HTTP/1.1" 200 27
114.84.2.83 - - [19/Jul/2022:14:55:22 +0800] "GET /xingrg/javascript/jquery_easy_ui/themes/default/images/tree_checkbox_1.gif HTTP/1.1" 200 174
114.84.2.83 - - [19/Jul/2022:14:55:22 +0800] "GET /xingrg/javascript/jquery_easy_ui/themes/default/images/tree_checkbox_2.gif HTTP/1.1" 200 181
114.84.2.83 - - [19/Jul/2022:14:55:23 +0800] "POST /xingrg/dwr/call/plaincall/AjaxReportQueryService.refreshCache.dwr HTTP/1.1" 200 78
114.84.2.83 - - [19/Jul/2022:14:55:23 +0800] "POST /xingrg/all/report/load_report_page.html HTTP/1.1" 200 8868
114.84.2.83 - - [19/Jul/2022:14:55:23 +0800] "GET /xingrg/servlets/image?cache=0.6596364828174631&image=px HTTP/1.1" 200 807
218.81.223.53 - - [19/Jul/2022:14:55:23 +0800] "GET /xingrg/javascript/jquery.form.js HTTP/1.1" 304 -
218.81.223.53 - - [19/Jul/2022:14:55:23 +0800] "GET /xingrg/javascript/jquery.utils.js HTTP/1.1" 304 -
218.81.223.53 - - [19/Jul/2022:14:55:23 +0800] "POST /xingrg/all/common/load_tree.html?tree=area_rest_tree_json&manage=1 HTTP/1.1" 200 479
218.81.223.53 - - [19/Jul/2022:14:55:24 +0800] "GET /xingrg/all/function/internal_message.html?_=1658213727926&CODE_STATE=count HTTP/1.1" 200 11
218.81.223.53 - - [19/Jul/2022:14:55:24 +0800] "GET /xingrg/check_reg.html?_=1658213727927 HTTP/1.1" 200 22
218.81.223.53 - - [19/Jul/2022:14:55:24 +0800] "POST /xingrg/load_menu.html HTTP/1.1" 200 5138
