180.175.103.110 - - [19/Jul/2022:13:57:05 +0800] "GET /xingrg/javascript/jquery_easy_ui/easyui-lang-zh_CN.js HTTP/1.1" 200 1900
180.175.103.110 - - [19/Jul/2022:13:57:05 +0800] "GET /xingrg/javascript/jquery.form.js HTTP/1.1" 200 23110
180.175.103.110 - - [19/Jul/2022:13:57:05 +0800] "GET /xingrg/javascript/jquery.utils.js HTTP/1.1" 200 11805
114.86.187.244 - - [19/Jul/2022:13:57:05 +0800] "GET /xingrg/all/function/internal_message.html?_=1658210225024&CODE_STATE=getMsg HTTP/1.1" 200 27
180.175.103.110 - - [19/Jul/2022:13:57:05 +0800] "GET /favicon.ico HTTP/1.1" 404 -
180.175.103.110 - - [19/Jul/2022:13:57:05 +0800] "GET /xingrg/javascript/jquery_easy_ui/themes/icons/settle_new.png HTTP/1.1" 200 826
180.175.103.110 - - [19/Jul/2022:13:57:05 +0800] "GET /xingrg/images/blue/navBackgound.jpg HTTP/1.1" 200 12378
180.175.103.110 - - [19/Jul/2022:13:57:06 +0800] "POST /xingrg/all/common/load_tree.html?tree=area_rest_tree_json&manage=1 HTTP/1.1" 200 342
180.175.103.110 - - [19/Jul/2022:13:57:06 +0800] "GET /xingrg/all/function/internal_message.html?_=1658210278205&CODE_STATE=count HTTP/1.1" 200 11
180.175.103.110 - - [19/Jul/2022:13:57:06 +0800] "GET /xingrg/check_reg.html?_=1658210278207 HTTP/1.1" 200 22
180.175.103.110 - - [19/Jul/2022:13:57:06 +0800] "GET /xingrg/images/blue/pingpu.png HTTP/1.1" 200 231
180.175.103.110 - - [19/Jul/2022:13:57:06 +0800] "GET /xingrg/javascript/jquery_easy_ui/themes/default/images/tabs_leftarrow.png HTTP/1.1" 200 389
180.175.103.110 - - [19/Jul/2022:13:57:06 +0800] "GET /xingrg/javascript/jquery_easy_ui/themes/default/images/tabs_rightarrow.png HTTP/1.1" 200 395
180.175.103.110 - - [19/Jul/2022:13:57:06 +0800] "GET /xingrg/javascript/jquery_easy_ui/themes/default/images/panel_tool_expand.gif HTTP/1.1" 200 247
180.175.103.110 - - [19/Jul/2022:13:57:06 +0800] "GET /xingrg/javascript/jquery_easy_ui/themes/default/images/panel_tool_collapse.gif HTTP/1.1" 200 246
180.175.103.110 - - [19/Jul/2022:13:57:06 +0800] "POST /xingrg/load_menu.html HTTP/1.1" 200 9959
180.175.103.110 - - [19/Jul/2022:13:57:06 +0800] "GET /xingrg/javascript/jquery_easy_ui/themes/default/images/tree_arrows.gif HTTP/1.1" 200 1043
180.175.103.110 - - [19/Jul/2022:13:57:06 +0800] "GET /xingrg/javascript/jquery_easy_ui/themes/default/images/tree_folder_open.gif HTTP/1.1" 200 956
180.175.103.110 - - [19/Jul/2022:13:57:06 +0800] "GET /xingrg/javascript/jquery_easy_ui/themes/icons/search_new.png HTTP/1.1" 200 586
180.175.103.110 - - [19/Jul/2022:13:57:06 +0800] "GET /xingrg/javascript/jquery_easy_ui/themes/default/images/tree_folder.gif HTTP/1.1" 200 952
180.175.103.110 - - [19/Jul/2022:13:57:06 +0800] "GET /xingrg/javascript/jquery_easy_ui/themes/icons/storage_new.png HTTP/1.1" 200 853
180.175.103.110 - - [19/Jul/2022:13:57:06 +0800] "GET /xingrg/javascript/jquery_easy_ui/themes/icons/checkout_new.png HTTP/1.1" 200 744
180.175.103.110 - - [19/Jul/2022:13:57:06 +0800] "GET /xingrg/javascript/jquery_easy_ui/themes/icons/forms_new.png HTTP/1.1" 200 350
180.175.103.110 - - [19/Jul/2022:13:57:06 +0800] "GET /xingrg/javascript/jquery_easy_ui/themes/icons/setting_new.png HTTP/1.1" 200 450
180.175.103.110 - - [19/Jul/2022:13:57:06 +0800] "GET /xingrg/javascript/jquery_easy_ui/themes/icons/systemset_new.png HTTP/1.1" 200 606
180.175.103.110 - - [19/Jul/2022:13:57:06 +0800] "GET /xingrg/javascript/jquery_easy_ui/themes/default/images/tree_file.gif HTTP/1.1" 200 118
180.175.103.110 - - [19/Jul/2022:13:57:07 +0800] "GET /xingrg/javascript/jquery_easy_ui/themes/default/images/tabs_active.png HTTP/1.1" 200 2894
180.175.103.110 - - [19/Jul/2022:13:57:08 +0800] "GET /xingrg/kc/report/report_main.html HTTP/1.1" 200 7340
180.175.103.110 - - [19/Jul/2022:13:57:08 +0800] "GET /xingrg/javascript/jquery_easy_ui/themes/default/images/tabs_close.gif HTTP/1.1" 200 829
180.175.103.110 - - [19/Jul/2022:13:57:08 +0800] "GET /xingrg/css/blue.css HTTP/1.1" 200 15949
180.175.103.110 - - [19/Jul/2022:13:57:08 +0800] "GET /xingrg/javascript/pic_change.js HTTP/1.1" 200 4739
180.175.103.110 - - [19/Jul/2022:13:57:08 +0800] "GET /xingrg/javascript/myfunction.js HTTP/1.1" 200 24559
180.175.103.110 - - [19/Jul/2022:13:57:08 +0800] "GET /xingrg/javascript/jquery_ui/themes/humanity/humanity.css HTTP/1.1" 200 27801
180.175.103.110 - - [19/Jul/2022:13:57:08 +0800] "GET /xingrg/javascript/json2.js HTTP/1.1" 200 11259
180.175.103.110 - - [19/Jul/2022:13:57:09 +0800] "GET /xingrg/javascript/jquery_easy_ui/themes/icons/back_new.png HTTP/1.1" 200 3414
58.35.196.166 - - [19/Jul/2022:13:57:10 +0800] "GET /xingrg/javascript/jquery_easy_ui/themes/default/images/button_plain_hover.png HTTP/1.1" 200 252
58.35.196.166 - - [19/Jul/2022:13:57:10 +0800] "GET /xingrg/kc/mdqp/qqps_order_add.html HTTP/1.1" 200 28155
58.35.196.166 - - [19/Jul/2022:13:57:10 +0800] "GET /xingrg/dwr/interface/AjaxComOrderService.js HTTP/1.1" 200 18264
58.35.196.166 - - [19/Jul/2022:13:57:10 +0800] "GET /xingrg/dwr/interface/AjaxQqpsService.js HTTP/1.1" 200 16326
58.35.196.166 - - [19/Jul/2022:13:57:10 +0800] "GET /xingrg/dwr/engine.js HTTP/1.1" 200 43631
58.35.196.166 - - [19/Jul/2022:13:57:11 +0800] "GET /xingrg/javascript/jquery_easy_ui/themes/icons/print.png HTTP/1.1" 200 1057
58.35.196.166 - - [19/Jul/2022:13:57:11 +0800] "GET /xingrg/javascript/jquery_easy_ui/themes/icons/copy_new.png HTTP/1.1" 200 815
58.35.196.166 - - [19/Jul/2022:13:57:11 +0800] "GET /xingrg/javascript/jquery_easy_ui/themes/icons/template_new.png HTTP/1.1" 200 3956
58.35.196.166 - - [19/Jul/2022:13:57:11 +0800] "GET /xingrg/javascript/jquery_easy_ui/themes/icons/ok.png HTTP/1.1" 200 883
58.35.196.166 - - [19/Jul/2022:13:57:11 +0800] "GET /xingrg/javascript/jquery_easy_ui/themes/default/images/menu_downarrow.png HTTP/1.1" 200 173
58.35.196.166 - - [19/Jul/2022:13:57:11 +0800] "GET /xingrg/images/blue/button/kc_tab_add.gif HTTP/1.1" 200 375
58.35.196.166 - - [19/Jul/2022:13:57:11 +0800] "GET /xingrg/images/blue/button/kc_tab_edit.gif HTTP/1.1" 200 551
58.35.196.166 - - [19/Jul/2022:13:57:11 +0800] "GET /xingrg/images/blue/button/kc_tab_save.gif HTTP/1.1" 200 777
58.35.196.166 - - [19/Jul/2022:13:57:11 +0800] "GET /xingrg/images/blue/button/kc_tab_del.gif HTTP/1.1" 200 383
58.35.196.166 - - [19/Jul/2022:13:57:11 +0800] "GET /xingrg/images/blue/kc_tab_right.gif HTTP/1.1" 200 643
58.35.196.166 - - [19/Jul/2022:13:57:11 +0800] "GET /xingrg/javascript/jquery_easy_ui/themes/default/images/combo_arrow_dot.gif HTTP/1.1" 200 79
58.35.196.166 - - [19/Jul/2022:13:57:11 +0800] "GET /xingrg/images/blue/kc_tab_left.gif HTTP/1.1" 200 188
58.35.196.166 - - [19/Jul/2022:13:57:11 +0800] "GET /xingrg/images/blue/kc_tab2_left.gif HTTP/1.1" 200 625
58.35.196.166 - - [19/Jul/2022:13:57:11 +0800] "GET /xingrg/images/blue/kc_tab_mid.gif HTTP/1.1" 200 44
58.35.196.166 - - [19/Jul/2022:13:57:11 +0800] "GET /xingrg/images/blue/kc_tab2_right.gif HTTP/1.1" 200 192
101.83.240.35 - - [19/Jul/2022:13:57:11 +0800] "GET /xingrg/all/function/internal_message.html?_=1658210227412&CODE_STATE=getMsg HTTP/1.1" 200 27
120.253.135.82 - - [19/Jul/2022:13:57:13 +0800] "GET /xingrg/all/function/internal_message.html?_=1658210360708&CODE_STATE=getMsg HTTP/1.1" 200 27
218.81.223.53 - - [19/Jul/2022:13:57:13 +0800] "GET /xingrg/check_reg.html?_=1658210237940 HTTP/1.1" 200 22
180.175.103.110 - - [19/Jul/2022:13:57:13 +0800] "GET /xingrg/all/report/report_query.html?fileName=kc/buy/gys_amount_category.xml&rh=99999 HTTP/1.1" 200 51878
180.175.103.110 - - [19/Jul/2022:13:57:13 +0800] "GET /xingrg/javascript/multi_select/jqueryMultiSelect.css HTTP/1.1" 200 951
180.175.103.110 - - [19/Jul/2022:13:57:13 +0800] "GET /xingrg/javascript/calendar/timePicker.css HTTP/1.1" 200 523
180.175.103.110 - - [19/Jul/2022:13:57:13 +0800] "GET /xingrg/javascript/bigrid/fix.css HTTP/1.1" 200 1702
180.175.103.110 - - [19/Jul/2022:13:57:13 +0800] "GET /xingrg/dwr/interface/AjaxReportQueryService.js HTTP/1.1" 200 13203
180.175.103.110 - - [19/Jul/2022:13:57:13 +0800] "GET /xingrg/dwr/util.js HTTP/1.1" 200 35990
180.175.103.110 - - [19/Jul/2022:13:57:13 +0800] "GET /xingrg/javascript/calendar/jquery.timePicker.min.js HTTP/1.1" 200 2997
180.175.103.110 - - [19/Jul/2022:13:57:13 +0800] "GET /xingrg/javascript/bigrid/fix.js HTTP/1.1" 200 6439
180.175.103.110 - - [19/Jul/2022:13:57:13 +0800] "GET /xingrg/dwr/engine.js HTTP/1.1" 200 43631
180.175.103.110 - - [19/Jul/2022:13:57:13 +0800] "GET /xingrg/javascript/jqueryMultiSelect.js HTTP/1.1" 200 11866
180.175.103.110 - - [19/Jul/2022:13:57:13 +0800] "GET /xingrg/javascript/Calendar.js HTTP/1.1" 200 31561
180.175.103.110 - - [19/Jul/2022:13:57:13 +0800] "GET /xingrg/images/blue/button/advanceover.gif HTTP/1.1" 200 1347
180.175.103.110 - - [19/Jul/2022:13:57:13 +0800] "GET /xingrg/images/blue/button/advance2over.gif HTTP/1.1" 200 1336
180.175.103.110 - - [19/Jul/2022:13:57:13 +0800] "GET /xingrg/images/control/loading.gif HTTP/1.1" 200 13463
180.175.103.110 - - [19/Jul/2022:13:57:13 +0800] "GET /xingrg/images/blue/button/back2over.gif HTTP/1.1" 200 1335
180.175.103.110 - - [19/Jul/2022:13:57:13 +0800] "GET /xingrg/images/blue/button/backover.gif HTTP/1.1" 200 1348
180.175.103.110 - - [19/Jul/2022:13:57:13 +0800] "GET /xingrg/javascript/jquery_easy_ui/themes/icons/help.png HTTP/1.1" 200 1187
180.175.103.110 - - [19/Jul/2022:13:57:14 +0800] "GET /xingrg/javascript/jquery_easy_ui/themes/default/images/menu_downarrow.png HTTP/1.1" 200 173
180.175.103.110 - - [19/Jul/2022:13:57:14 +0800] "GET /xingrg/javascript/jquery_easy_ui/themes/icons/print.png HTTP/1.1" 200 1057
180.175.103.110 - - [19/Jul/2022:13:57:14 +0800] "GET /xingrg/javascript/jquery_easy_ui/themes/default/images/button_a_bg.gif HTTP/1.1" 200 1194
180.175.103.110 - - [19/Jul/2022:13:57:14 +0800] "GET /xingrg/javascript/jquery_easy_ui/themes/default/images/menu.gif HTTP/1.1" 200 834
180.175.103.110 - - [19/Jul/2022:13:57:14 +0800] "GET /xingrg/javascript/jquery_easy_ui/themes/icons/pencil.png HTTP/1.1" 200 713
180.175.103.110 - - [19/Jul/2022:13:57:14 +0800] "POST /xingrg/dwr/call/plaincall/AjaxReportQueryService.getFixDate.dwr HTTP/1.1" 200 111
180.175.103.110 - - [19/Jul/2022:13:57:14 +0800] "GET /xingrg/javascript/jquery_easy_ui/themes/default/images/menu_rightarrow.png HTTP/1.1" 200 3617
180.175.103.110 - - [19/Jul/2022:13:57:14 +0800] "POST /xingrg/dwr/call/plaincall/AjaxReportQueryService.getInitString.dwr HTTP/1.1" 200 1062
180.175.103.110 - - [19/Jul/2022:13:57:14 +0800] "GET /xingrg/javascript/multi_select/dropdown.gif HTTP/1.1" 200 61
180.175.103.110 - - [19/Jul/2022:13:57:14 +0800] "GET /xingrg/javascript/jquery_easy_ui/themes/default/images/combo_arrow_dot.gif HTTP/1.1" 200 79
180.175.103.110 - - [19/Jul/2022:13:57:14 +0800] "POST /xingrg/all/common/load_tree.html?tree=supplier_tree_json&manage=1 HTTP/1.1" 200 68157
180.175.103.110 - - [19/Jul/2022:13:57:14 +0800] "POST /xingrg/all/common/load_tree.html?tree=materiel_sort_tree_json HTTP/1.1" 200 9388
180.175.103.110 - - [19/Jul/2022:13:57:15 +0800] "GET /xingrg/javascript/jquery_easy_ui/themes/default/images/tree_checkbox_0.gif HTTP/1.1" 200 168
116.230.110.48 - - [19/Jul/2022:13:57:16 +0800] "GET /xingrg/kc/buy/cgsh_order_operate.html?command=get_materiel&rest_code=00155&code=00101008283&supplier_code=00100005&order_time=2022-07-19 HTTP/1.1" 200 408
114.84.2.83 - - [19/Jul/2022:13:57:16 +0800] "GET /xingrg/all/function/internal_message.html?_=1658210234248&CODE_STATE=getMsg HTTP/1.1" 200 27
180.175.103.110 - - [19/Jul/2022:13:57:20 +0800] "GET /xingrg/javascript/multi_select/dropdown_hover.gif HTTP/1.1" 200 61
58.35.196.166 - - [19/Jul/2022:13:57:20 +0800] "POST /xingrg/dwr/call/plaincall/AjaxQqpsService.saveOrder.dwr HTTP/1.1" 200 78
58.35.196.166 - - [19/Jul/2022:13:57:23 +0800] "POST /xingrg/dwr/call/plaincall/AjaxQqpsService.getMaterielByCode.dwr HTTP/1.1" 200 2736
114.86.187.244 - - [19/Jul/2022:13:57:29 +0800] "GET /xingrg/kc/base/wldb_order_list.html HTTP/1.1" 200 19148
114.86.187.244 - - [19/Jul/2022:13:57:29 +0800] "POST /xingrg/kc/base/wldb_list_operate.html HTTP/1.1" 200 928
116.230.110.48 - - [19/Jul/2022:13:57:30 +0800] "GET /xingrg/kc/buy/cgsh_order_operate.html?command=get_materiel&rest_code=00155&code=00101008290&supplier_code=00100005&order_time=2022-07-19 HTTP/1.1" 200 416
116.230.110.48 - - [19/Jul/2022:13:57:31 +0800] "GET /xingrg/all/function/internal_message.html?_=1658210249221&CODE_STATE=getMsg HTTP/1.1" 200 27
116.230.110.48 - - [19/Jul/2022:13:57:31 +0800] "GET /xingrg/check_reg.html?_=1658210249224 HTTP/1.1" 200 22
101.85.120.95 - - [19/Jul/2022:13:57:31 +0800] "GET /xingrg/all/function/internal_message.html?_=1658210249510&CODE_STATE=getMsg HTTP/1.1" 200 27
58.35.196.166 - - [19/Jul/2022:13:57:31 +0800] "GET /xingrg/all/function/internal_message.html?_=1658210248300&CODE_STATE=getMsg HTTP/1.1" 200 27
116.228.172.94 - - [19/Jul/2022:13:57:34 +0800] "GET /xingrg/all/function/internal_message.html?_=1658210000895&CODE_STATE=getMsg HTTP/1.1" 200 27
114.86.187.244 - - [19/Jul/2022:13:57:41 +0800] "GET /favicon.ico HTTP/1.1" 404 -
180.175.103.110 - - [19/Jul/2022:13:57:42 +0800] "GET /xingrg/all/function/internal_message.html?_=1658210262591&CODE_STATE=getMsg HTTP/1.1" 200 27
101.83.223.227 - - [19/Jul/2022:13:57:43 +0800] "GET /xingrg/all/function/internal_message.html?_=1658210213037&CODE_STATE=getMsg HTTP/1.1" 200 27
114.86.187.244 - - [19/Jul/2022:13:57:43 +0800] "GET /favicon.ico HTTP/1.1" 404 -
180.175.103.110 - - [19/Jul/2022:13:57:46 +0800] "GET /xingrg/javascript/jquery_easy_ui/themes/default/images/tree_checkbox_1.gif HTTP/1.1" 200 174
180.175.103.110 - - [19/Jul/2022:13:57:46 +0800] "GET /xingrg/javascript/jquery_easy_ui/themes/default/images/tree_checkbox_2.gif HTTP/1.1" 200 181
114.86.187.244 - - [19/Jul/2022:13:57:47 +0800] "GET /favicon.ico HTTP/1.1" 404 -
180.175.103.110 - - [19/Jul/2022:13:57:47 +0800] "POST /xingrg/dwr/call/plaincall/AjaxReportQueryService.refreshCache.dwr HTTP/1.1" 200 78
114.86.187.244 - - [19/Jul/2022:13:57:48 +0800] "GET /favicon.ico HTTP/1.1" 404 -
116.230.110.48 - - [19/Jul/2022:13:57:48 +0800] "GET /xingrg/kc/buy/cgsh_order_operate.html?command=get_materiel&rest_code=00155&code=00101008224&supplier_code=00100005&order_time=2022-07-19 HTTP/1.1" 200 432
180.175.103.110 - - [19/Jul/2022:13:57:49 +0800] "POST /xingrg/all/report/load_report_page.html HTTP/1.1" 200 7279
180.175.103.110 - - [19/Jul/2022:13:57:49 +0800] "GET /xingrg/servlets/image?cache=0.6138481746199684&image=px HTTP/1.1" 200 807
114.86.187.244 - - [19/Jul/2022:13:57:50 +0800] "GET /favicon.ico HTTP/1.1" 404 -
180.175.103.110 - - [19/Jul/2022:13:57:51 +0800] "GET /xingrg/all/report/report_query.html?isQuery=1&fileName=kc/buy/wlcg_cate_hz.xml&queryString=(CONVERT(char(10)%2Ca.order_time%2C%20120)%3E%3D'2022-07-01')%20and%20(CONVERT(char(10)%2Ca.order_time%2C%20120)%3C%3D'2022-07-08')%20and%20(a.supplier_code%20in%20('00100347'))%20and%20(a.supplier_code%3D'00100347')%20and%20(a.big_sort%3D'00101')&queryText=%E3%80%90%E9%87%87%E8%B4%AD%E6%97%A5%E6%9C%9F%3A2022-07-01%20%E8%87%B3%202022-07-08%E3%80%91%20%E5%B9%B6%E4%B8%94%20%20%E3%80%90%E4%BE%9B%E5%BA%94%E5%95%86%20%3D%20%E9%99%88%E7%99%BB%E4%BA%91%E3%80%91%20%E5%B9%B6%E4%B8%94%20%E3%80%90%E4%BE%9B%E5%BA%94%E5%95%86%3D%E9%99%88%E7%99%BB%E4%BA%91%E3%80%91%E5%B9%B6%E4%B8%94%E3%80%90%E7%B1%BB%E5%88%AB%E5%90%8D%E7%A7%B0%20%3D%20%E6%88%90%E6%9C%AC%E7%B1%BB%E3%80%91&rand=0.3790762566183468 HTTP/1.1" 200 54508
180.175.103.110 - - [19/Jul/2022:13:57:51 +0800] "GET /xingrg/all/report/report_query.html?isQuery=1&fileName=kc/buy/wlcg_cate_hz.xml&queryString=(CONVERT(char(10)%2Ca.order_time%2C%20120)%3E%3D'2022-07-01')%20and%20(CONVERT(char(10)%2Ca.order_time%2C%20120)%3C%3D'2022-07-08')%20and%20(a.supplier_code%20in%20('00100347'))%20and%20(a.supplier_code%3D'00100347')%20and%20(a.big_sort%3D'00101')&queryText=%E3%80%90%E9%87%87%E8%B4%AD%E6%97%A5%E6%9C%9F%3A2022-07-01%20%E8%87%B3%202022-07-08%E3%80%91%20%E5%B9%B6%E4%B8%94%20%20%E3%80%90%E4%BE%9B%E5%BA%94%E5%95%86%20%3D%20%E9%99%88%E7%99%BB%E4%BA%91%E3%80%91%20%E5%B9%B6%E4%B8%94%20%E3%80%90%E4%BE%9B%E5%BA%94%E5%95%86%3D%E9%99%88%E7%99%BB%E4%BA%91%E3%80%91%E5%B9%B6%E4%B8%94%E3%80%90%E7%B1%BB%E5%88%AB%E5%90%8D%E7%A7%B0%20%3D%20%E6%88%90%E6%9C%AC%E7%B1%BB%E3%80%91&rand=0.3790762566183468 HTTP/1.1" 200 54508
180.175.103.110 - - [19/Jul/2022:13:57:51 +0800] "GET /xingrg/dwr/interface/AjaxReportQueryService.js HTTP/1.1" 200 13203
180.175.103.110 - - [19/Jul/2022:13:57:51 +0800] "GET /xingrg/dwr/engine.js HTTP/1.1" 200 43631
218.81.223.53 - - [19/Jul/2022:13:57:52 +0800] "GET /xingrg/all/function/internal_message.html?_=1658210277326&CODE_STATE=getMsg HTTP/1.1" 200 27
180.175.103.110 - - [19/Jul/2022:13:57:52 +0800] "POST /xingrg/all/report/load_report_page.html HTTP/1.1" 200 8711
180.175.103.110 - - [19/Jul/2022:13:57:52 +0800] "GET /xingrg/servlets/image?cache=0.4026155695465973&image=px HTTP/1.1" 200 807
180.175.103.110 - - [19/Jul/2022:13:57:55 +0800] "POST /xingrg/all/report/load_report_page.html HTTP/1.1" 200 19765
180.175.103.110 - - [19/Jul/2022:13:57:55 +0800] "GET /xingrg/servlets/image?cache=0.61900334338751&image=px HTTP/1.1" 200 807
180.175.103.110 - - [19/Jul/2022:13:57:57 +0800] "POST /xingrg/all/report/load_report_page.html HTTP/1.1" 200 19807
180.175.103.110 - - [19/Jul/2022:13:57:57 +0800] "GET /xingrg/servlets/image?cache=0.17002869565139667&image=px HTTP/1.1" 200 807
180.175.103.110 - - [19/Jul/2022:13:57:59 +0800] "GET /xingrg/javascript/jquery_easy_ui/themes/default/images/button_plain_hover.png HTTP/1.1" 200 252
180.175.103.110 - - [19/Jul/2022:13:58:00 +0800] "POST /xingrg/all/report/load_report_page.html HTTP/1.1" 200 19793
180.175.103.110 - - [19/Jul/2022:13:58:00 +0800] "GET /xingrg/servlets/image?cache=0.3773294689976846&image=px HTTP/1.1" 200 807
180.175.103.110 - - [19/Jul/2022:13:58:02 +0800] "POST /xingrg/all/report/report_print.html HTTP/1.1" 200 6144
114.86.187.244 - - [19/Jul/2022:13:58:05 +0800] "GET /xingrg/all/function/internal_message.html?_=1658210285044&CODE_STATE=getMsg HTTP/1.1" 200 27
180.175.103.110 - - [19/Jul/2022:13:58:06 +0800] "GET /xingrg/all/function/internal_message.html?_=1658210338226&CODE_STATE=getMsg HTTP/1.1" 200 27
101.83.240.35 - - [19/Jul/2022:13:58:11 +0800] "GET /xingrg/all/function/internal_message.html?_=1658210287413&CODE_STATE=getMsg HTTP/1.1" 200 27
120.253.135.82 - - [19/Jul/2022:13:58:12 +0800] "GET /xingrg/all/function/internal_message.html?_=1658210420721&CODE_STATE=getMsg HTTP/1.1" 200 27
101.83.240.35 - - [19/Jul/2022:13:58:13 +0800] "GET /xingrg/check_reg.html?_=1658210288945 HTTP/1.1" 200 22
114.84.2.83 - - [19/Jul/2022:13:58:16 +0800] "GET /xingrg/check_reg.html?_=1658210294247 HTTP/1.1" 200 22
114.84.2.83 - - [19/Jul/2022:13:58:16 +0800] "GET /xingrg/all/function/internal_message.html?_=1658210294249&CODE_STATE=getMsg HTTP/1.1" 200 27
116.230.110.48 - - [19/Jul/2022:13:58:31 +0800] "GET /xingrg/all/function/internal_message.html?_=1658210309215&CODE_STATE=getMsg HTTP/1.1" 200 27
101.85.120.95 - - [19/Jul/2022:13:58:31 +0800] "GET /xingrg/all/function/internal_message.html?_=1658210309510&CODE_STATE=getMsg HTTP/1.1" 200 27
58.35.196.166 - - [19/Jul/2022:13:58:31 +0800] "GET /xingrg/all/function/internal_message.html?_=1658210308283&CODE_STATE=getMsg HTTP/1.1" 200 27
116.228.172.94 - - [19/Jul/2022:13:58:34 +0800] "GET /xingrg/all/function/internal_message.html?_=1658210060902&CODE_STATE=getMsg HTTP/1.1" 200 27
116.230.110.48 - - [19/Jul/2022:13:58:35 +0800] "GET /xingrg/kc/buy/cgsh_order_operate.html?command=get_materiel&rest_code=00155&code=00101008114&supplier_code=00100005&order_time=2022-07-19 HTTP/1.1" 200 412
116.230.110.48 - - [19/Jul/2022:13:58:39 +0800] "POST /xingrg/kc/buy/cgsh_order_operate.html HTTP/1.1" 200 2065
180.175.103.110 - - [19/Jul/2022:13:58:42 +0800] "GET /xingrg/all/function/internal_message.html?_=1658210322560&CODE_STATE=getMsg HTTP/1.1" 200 27
101.83.223.227 - - [19/Jul/2022:13:58:43 +0800] "GET /xingrg/all/function/internal_message.html?_=1658210273130&CODE_STATE=getMsg HTTP/1.1" 200 27
218.81.223.53 - - [19/Jul/2022:13:58:52 +0800] "GET /xingrg/all/function/internal_message.html?_=1658210337340&CODE_STATE=getMsg HTTP/1.1" 200 27
58.35.196.166 - - [19/Jul/2022:13:58:55 +0800] "GET /xingrg/check_reg.html?_=1658210332068 HTTP/1.1" 200 22
116.230.110.48 - - [19/Jul/2022:13:58:55 +0800] "GET /xingrg/kc/buy/cgsh_order_operate.html?command=get_materiel&rest_code=00155&code=00101008558&supplier_code=00100005&order_time=2022-07-19 HTTP/1.1" 200 409
114.86.187.244 - - [19/Jul/2022:13:59:05 +0800] "GET /xingrg/check_reg.html?_=1658210345044 HTTP/1.1" 200 22
114.86.187.244 - - [19/Jul/2022:13:59:05 +0800] "GET /xingrg/all/function/internal_message.html?_=1658210345046&CODE_STATE=getMsg HTTP/1.1" 200 27
180.175.103.110 - - [19/Jul/2022:13:59:06 +0800] "GET /xingrg/all/function/internal_message.html?_=1658210398225&CODE_STATE=getMsg HTTP/1.1" 200 27
101.83.240.35 - - [19/Jul/2022:13:59:11 +0800] "GET /xingrg/all/function/internal_message.html?_=1658210347388&CODE_STATE=getMsg HTTP/1.1" 200 27
58.35.196.166 - - [19/Jul/2022:13:59:11 +0800] "GET /xingrg/kc/buy/cgsh_order_list.html HTTP/1.1" 200 52168
120.253.135.82 - - [19/Jul/2022:13:59:13 +0800] "GET /xingrg/all/function/internal_message.html?_=1658210480772&CODE_STATE=getMsg HTTP/1.1" 200 27
58.35.196.166 - - [19/Jul/2022:13:59:14 +0800] "POST /xingrg/kc/buy/cgsh_list_operate.html HTTP/1.1" 200 2111
114.84.2.83 - - [19/Jul/2022:13:59:16 +0800] "GET /xingrg/all/function/internal_message.html?_=1658210354248&CODE_STATE=getMsg HTTP/1.1" 200 27
58.35.196.166 - - [19/Jul/2022:13:59:24 +0800] "GET /xingrg/kc/buy/cgsh_order_add.html HTTP/1.1" 200 67991
58.35.196.166 - - [19/Jul/2022:13:59:24 +0800] "POST /xingrg/kc/buy/cgsh_order_operate.html HTTP/1.1" 200 8245
58.35.196.166 - - [19/Jul/2022:13:59:24 +0800] "GET /xingrg/javascript/easyui/themes/default/validatebox.css HTTP/1.1" 404 1104
116.230.110.48 - - [19/Jul/2022:13:59:28 +0800] "GET /xingrg/kc/buy/cgsh_order_operate.html?command=get_materiel&rest_code=00155&code=00101008150&supplier_code=00100005&order_time=2022-07-19 HTTP/1.1" 200 408
116.230.110.48 - - [19/Jul/2022:13:59:31 +0800] "GET /xingrg/all/function/internal_message.html?_=1658210369228&CODE_STATE=getMsg HTTP/1.1" 200 27
101.85.120.95 - - [19/Jul/2022:13:59:31 +0800] "GET /xingrg/all/function/internal_message.html?_=1658210369538&CODE_STATE=getMsg HTTP/1.1" 200 27
58.35.196.166 - - [19/Jul/2022:13:59:31 +0800] "GET /xingrg/all/function/internal_message.html?_=1658210368262&CODE_STATE=getMsg HTTP/1.1" 200 27
116.228.172.94 - - [19/Jul/2022:13:59:34 +0800] "GET /xingrg/all/function/internal_message.html?_=1658210120901&CODE_STATE=getMsg HTTP/1.1" 200 27
116.230.110.48 - - [19/Jul/2022:13:59:38 +0800] "POST /xingrg/kc/buy/cgsh_order_operate.html HTTP/1.1" 200 2065
101.83.223.227 - - [19/Jul/2022:13:59:39 +0800] "GET /xingrg/check_reg.html?_=1658210329777 HTTP/1.1" 200 22
114.86.187.244 - - [19/Jul/2022:13:59:41 +0800] "GET /xingrg/kc/buy/cgsh_order_list.html HTTP/1.1" 200 52168
114.86.187.244 - - [19/Jul/2022:13:59:42 +0800] "POST /xingrg/kc/buy/cgsh_list_operate.html HTTP/1.1" 200 693
180.175.103.110 - - [19/Jul/2022:13:59:42 +0800] "GET /xingrg/all/function/internal_message.html?_=1658210382528&CODE_STATE=getMsg HTTP/1.1" 200 27
101.83.223.227 - - [19/Jul/2022:13:59:43 +0800] "GET /xingrg/all/function/internal_message.html?_=1658210333143&CODE_STATE=getMsg HTTP/1.1" 200 27
116.230.110.48 - - [19/Jul/2022:13:59:51 +0800] "GET /xingrg/kc/buy/cgsh_order_operate.html?command=get_materiel&rest_code=00155&code=00101008236&supplier_code=00100005&order_time=2022-07-19 HTTP/1.1" 200 432
218.81.223.53 - - [19/Jul/2022:13:59:53 +0800] "GET /xingrg/all/function/internal_message.html?_=1658210397903&CODE_STATE=getMsg HTTP/1.1" 200 27
58.37.4.65 - - [19/Jul/2022:13:59:53 +0800] "GET /xingrg/check_reg.html?_=1658210392457 HTTP/1.1" 200 22
116.230.110.48 - - [19/Jul/2022:14:00:02 +0800] "GET /xingrg/kc/buy/cgsh_order_operate.html?command=get_materiel&rest_code=00155&code=00101008041&supplier_code=00100005&order_time=2022-07-19 HTTP/1.1" 200 408
114.86.187.244 - - [19/Jul/2022:14:00:05 +0800] "GET /xingrg/all/function/internal_message.html?_=1658210405039&CODE_STATE=getMsg HTTP/1.1" 200 27
180.175.103.110 - - [19/Jul/2022:14:00:06 +0800] "GET /xingrg/all/function/internal_message.html?_=1658210458213&CODE_STATE=getMsg HTTP/1.1" 200 27
101.83.240.35 - - [19/Jul/2022:14:00:11 +0800] "GET /xingrg/all/function/internal_message.html?_=1658210407372&CODE_STATE=getMsg HTTP/1.1" 200 27
116.230.110.48 - - [19/Jul/2022:14:00:12 +0800] "GET /xingrg/kc/buy/cgsh_order_operate.html?command=get_materiel&rest_code=00155&code=00101008223&supplier_code=00100005&order_time=2022-07-19 HTTP/1.1" 200 412
120.253.135.82 - - [19/Jul/2022:14:00:13 +0800] "GET /xingrg/all/function/internal_message.html?_=1658210540780&CODE_STATE=getMsg HTTP/1.1" 200 27
114.84.2.83 - - [19/Jul/2022:14:00:16 +0800] "GET /xingrg/all/function/internal_message.html?_=1658210414248&CODE_STATE=getMsg HTTP/1.1" 200 27
218.81.223.53 - - [19/Jul/2022:14:00:23 +0800] "POST /xingrg/services/DataTransmitService HTTP/1.1" 200 524
218.81.223.53 - - [19/Jul/2022:14:00:24 +0800] "POST /xingrg/services/DataTransmitService HTTP/1.1" 200 501
116.230.110.48 - - [19/Jul/2022:14:00:24 +0800] "GET /xingrg/kc/buy/cgsh_order_operate.html?command=get_materiel&rest_code=00155&code=00101008168&supplier_code=00100005&order_time=2022-07-19 HTTP/1.1" 200 413
116.230.110.48 - - [19/Jul/2022:14:00:31 +0800] "GET /xingrg/all/function/internal_message.html?_=1658210429232&CODE_STATE=getMsg HTTP/1.1" 200 27
101.85.120.95 - - [19/Jul/2022:14:00:31 +0800] "GET /xingrg/all/function/internal_message.html?_=1658210429543&CODE_STATE=getMsg HTTP/1.1" 200 27
58.35.196.166 - - [19/Jul/2022:14:00:31 +0800] "GET /xingrg/all/function/internal_message.html?_=1658210428241&CODE_STATE=getMsg HTTP/1.1" 200 27
101.85.120.95 - - [19/Jul/2022:14:00:31 +0800] "GET /xingrg/check_reg.html?_=1658210429539 HTTP/1.1" 200 22
58.35.196.166 - - [19/Jul/2022:14:00:42 +0800] "GET /xingrg/kc/buy/cgsh_order_operate.html?command=get_materiel&rest_code=00156&code=00101001037&supplier_code=00100090&order_time=2022-07-19 HTTP/1.1" 200 434
180.175.103.110 - - [19/Jul/2022:14:00:42 +0800] "GET /xingrg/all/function/internal_message.html?_=1658210442511&CODE_STATE=getMsg HTTP/1.1" 200 27
101.83.223.227 - - [19/Jul/2022:14:00:43 +0800] "GET /xingrg/all/function/internal_message.html?_=1658210393156&CODE_STATE=getMsg HTTP/1.1" 200 27
116.230.110.48 - - [19/Jul/2022:14:00:46 +0800] "GET /xingrg/kc/buy/cgsh_order_operate.html?command=get_materiel&rest_code=00155&code=00101008229&supplier_code=00100005&order_time=2022-07-19 HTTP/1.1" 200 420
116.230.110.48 - - [19/Jul/2022:14:00:51 +0800] "POST /xingrg/kc/buy/cgsh_order_operate.html HTTP/1.1" 200 2065
218.81.223.53 - - [19/Jul/2022:14:00:53 +0800] "GET /xingrg/all/function/internal_message.html?_=1658210457913&CODE_STATE=getMsg HTTP/1.1" 200 27
58.35.196.166 - - [19/Jul/2022:14:00:53 +0800] "POST /xingrg/kc/buy/cgsh_order_operate.html HTTP/1.1" 200 37
58.35.196.166 - - [19/Jul/2022:14:00:55 +0800] "POST /xingrg/kc/buy/cgsh_order_operate.html HTTP/1.1" 200 2665
58.35.196.166 - - [19/Jul/2022:14:00:56 +0800] "GET /xingrg/kc/print/load_data.html?order_code=212022071904796&kc_code=cgsh&condition= HTTP/1.1" 200 754
116.230.110.48 - - [19/Jul/2022:14:00:59 +0800] "GET /xingrg/kc/buy/cgsh_order_operate.html?command=get_materiel&rest_code=00155&code=00101008350&supplier_code=00100005&order_time=2022-07-19 HTTP/1.1" 200 425
58.35.196.166 - - [19/Jul/2022:14:01:03 +0800] "GET /xingrg/kc/buy/cgsh_order_add.html HTTP/1.1" 200 67991
58.35.196.166 - - [19/Jul/2022:14:01:03 +0800] "POST /xingrg/kc/buy/cgsh_order_operate.html HTTP/1.1" 200 8245
58.35.196.166 - - [19/Jul/2022:14:01:03 +0800] "GET /xingrg/javascript/easyui/themes/default/validatebox.css HTTP/1.1" 404 1104
114.84.2.83 - - [19/Jul/2022:14:01:04 +0800] "POST /xingrg/services/DataTransmitService HTTP/1.1" 200 524
114.84.2.83 - - [19/Jul/2022:14:01:05 +0800] "POST /xingrg/services/DataTransmitService HTTP/1.1" 200 501
114.84.2.83 - - [19/Jul/2022:14:01:05 +0800] "POST /xingrg/services/DataTransmitService HTTP/1.1" 200 501
114.86.187.244 - - [19/Jul/2022:14:01:05 +0800] "GET /xingrg/all/function/internal_message.html?_=1658210465039&CODE_STATE=getMsg HTTP/1.1" 200 27
114.84.2.83 - - [19/Jul/2022:14:01:05 +0800] "POST /xingrg/services/DataTransmitService HTTP/1.1" 200 501
114.84.2.83 - - [19/Jul/2022:14:01:05 +0800] "POST /xingrg/services/DataTransmitService HTTP/1.1" 200 501
114.84.2.83 - - [19/Jul/2022:14:01:06 +0800] "POST /xingrg/services/DataTransmitService HTTP/1.1" 200 501
180.175.103.110 - - [19/Jul/2022:14:01:06 +0800] "GET /xingrg/all/function/internal_message.html?_=1658210518214&CODE_STATE=getMsg HTTP/1.1" 200 27
114.84.2.83 - - [19/Jul/2022:14:01:06 +0800] "POST /xingrg/services/DataTransmitService HTTP/1.1" 200 412
180.175.103.110 - - [19/Jul/2022:14:01:07 +0800] "GET /xingrg/check_reg.html?_=1658210467271 HTTP/1.1" 200 22
101.83.240.35 - - [19/Jul/2022:14:01:11 +0800] "GET /xingrg/all/function/internal_message.html?_=1658210467361&CODE_STATE=getMsg HTTP/1.1" 200 27
116.230.110.48 - - [19/Jul/2022:14:01:11 +0800] "GET /xingrg/kc/buy/cgsh_order_operate.html?command=get_materiel&rest_code=00155&code=00101008036&supplier_code=00100005&order_time=2022-07-19 HTTP/1.1" 200 408
120.253.135.82 - - [19/Jul/2022:14:01:13 +0800] "GET /xingrg/all/function/internal_message.html?_=1658210600832&CODE_STATE=getMsg HTTP/1.1" 200 27
114.84.2.83 - - [19/Jul/2022:14:01:16 +0800] "GET /xingrg/all/function/internal_message.html?_=1658210474247&CODE_STATE=getMsg HTTP/1.1" 200 27
58.35.196.166 - - [19/Jul/2022:14:01:25 +0800] "GET /xingrg/kc/buy/cgsh_order_operate.html?command=get_materiel&rest_code=00156&code=00102002195&supplier_code=00100093&order_time=2022-07-19 HTTP/1.1" 200 414
116.235.94.65 - - [19/Jul/2022:14:01:25 +0800] "POST /xingrg/services/DataTransmitService HTTP/1.1" 200 524
116.235.94.65 - - [19/Jul/2022:14:01:25 +0800] "POST /xingrg/services/DataTransmitService HTTP/1.1" 200 501
116.230.110.48 - - [19/Jul/2022:14:01:31 +0800] "GET /xingrg/all/function/internal_message.html?_=1658210489222&CODE_STATE=getMsg HTTP/1.1" 200 27
101.85.120.95 - - [19/Jul/2022:14:01:31 +0800] "GET /xingrg/all/function/internal_message.html?_=1658210489528&CODE_STATE=getMsg HTTP/1.1" 200 27
58.35.196.166 - - [19/Jul/2022:14:01:31 +0800] "GET /xingrg/all/function/internal_message.html?_=1658210488223&CODE_STATE=getMsg HTTP/1.1" 200 27
58.35.196.166 - - [19/Jul/2022:14:01:34 +0800] "POST /xingrg/kc/buy/cgsh_order_operate.html HTTP/1.1" 200 37
58.35.196.166 - - [19/Jul/2022:14:01:37 +0800] "POST /xingrg/kc/buy/cgsh_order_operate.html HTTP/1.1" 200 2661
58.35.196.166 - - [19/Jul/2022:14:01:38 +0800] "GET /xingrg/kc/print/load_data.html?order_code=212022071904797&kc_code=cgsh&condition= HTTP/1.1" 200 730
116.230.110.48 - - [19/Jul/2022:14:01:41 +0800] "GET /xingrg/kc/buy/cgsh_order_operate.html?command=get_materiel&rest_code=00155&code=00101009031&supplier_code=00100005&order_time=2022-07-19 HTTP/1.1" 200 424
180.175.103.110 - - [19/Jul/2022:14:01:42 +0800] "GET /xingrg/all/function/internal_message.html?_=1658210502489&CODE_STATE=getMsg HTTP/1.1" 200 27
101.83.223.227 - - [19/Jul/2022:14:01:43 +0800] "GET /xingrg/all/function/internal_message.html?_=1658210453255&CODE_STATE=getMsg HTTP/1.1" 200 27
58.35.196.166 - - [19/Jul/2022:14:01:47 +0800] "GET /xingrg/kc/buy/cgsh_order_add.html HTTP/1.1" 200 67991
58.35.196.166 - - [19/Jul/2022:14:01:47 +0800] "POST /xingrg/kc/buy/cgsh_order_operate.html HTTP/1.1" 200 8245
58.35.196.166 - - [19/Jul/2022:14:01:47 +0800] "GET /xingrg/javascript/easyui/themes/default/validatebox.css HTTP/1.1" 404 1104
58.221.95.50 - - [19/Jul/2022:14:01:48 +0800] "POST /xingrg/kc/buy/cgsh_order_operate.html HTTP/1.1" 200 12
218.81.223.53 - - [19/Jul/2022:14:01:53 +0800] "GET /xingrg/all/function/internal_message.html?_=1658210518469&CODE_STATE=getMsg HTTP/1.1" 200 27
120.253.135.82 - - [19/Jul/2022:14:01:57 +0800] "GET /xingrg/check_reg.html?_=1658210644852 HTTP/1.1" 200 22
58.35.196.166 - - [19/Jul/2022:14:01:58 +0800] "GET /xingrg/kc/buy/cgsh_order_operate.html?command=get_materiel&rest_code=00156&code=00101005017&supplier_code=00100312&order_time=2022-07-19 HTTP/1.1" 200 409
58.35.196.166 - - [19/Jul/2022:14:02:02 +0800] "POST /xingrg/all/common/load_select.html HTTP/1.1" 200 12
58.35.196.166 - - [19/Jul/2022:14:02:05 +0800] "GET /xingrg/kc/buy/cgsh_order_operate.html?command=get_materiel_price&rest_code=00156&code=00101005017&unit_code=00100001&supplier_code=00100312&order_time=2022-07-19 HTTP/1.1" 200 28
114.86.187.244 - - [19/Jul/2022:14:02:05 +0800] "GET /xingrg/all/function/internal_message.html?_=1658210525041&CODE_STATE=getMsg HTTP/1.1" 200 27
180.175.103.110 - - [19/Jul/2022:14:02:06 +0800] "GET /xingrg/check_reg.html?_=1658210578218 HTTP/1.1" 200 22
180.175.103.110 - - [19/Jul/2022:14:02:06 +0800] "GET /xingrg/all/function/internal_message.html?_=1658210578224&CODE_STATE=getMsg HTTP/1.1" 200 27
58.221.95.50 - - [19/Jul/2022:14:02:08 +0800] "GET /xingrg/kc/buy/cgsh_order_info.html?code=212022071904795 HTTP/1.1" 200 61767
58.221.95.50 - - [19/Jul/2022:14:02:08 +0800] "GET /xingrg/javascript/easyui/themes/default/validatebox.css HTTP/1.1" 404 1104
58.221.95.50 - - [19/Jul/2022:14:02:09 +0800] "POST /xingrg/kc/buy/cgsh_order_operate.html HTTP/1.1" 200 619
101.83.240.35 - - [19/Jul/2022:14:02:11 +0800] "GET /xingrg/all/function/internal_message.html?_=1658210527346&CODE_STATE=getMsg HTTP/1.1" 200 27
120.253.135.82 - - [19/Jul/2022:14:02:13 +0800] "GET /xingrg/all/function/internal_message.html?_=1658210660838&CODE_STATE=getMsg HTTP/1.1" 200 27
218.81.223.53 - - [19/Jul/2022:14:02:13 +0800] "GET /xingrg/check_reg.html?_=1658210537948 HTTP/1.1" 200 22
58.35.196.166 - - [19/Jul/2022:14:02:13 +0800] "POST /xingrg/kc/buy/cgsh_order_operate.html HTTP/1.1" 200 75
58.221.95.50 - - [19/Jul/2022:14:02:15 +0800] "GET /xingrg/all/function/internal_message.html?_=1658210534403&CODE_STATE=getMsg HTTP/1.1" 200 27
114.84.2.83 - - [19/Jul/2022:14:02:16 +0800] "GET /xingrg/all/function/internal_message.html?_=1658210534247&CODE_STATE=getMsg HTTP/1.1" 200 27
58.35.196.166 - - [19/Jul/2022:14:02:22 +0800] "POST /xingrg/kc/buy/cgsh_order_operate.html HTTP/1.1" 200 37
116.230.110.48 - - [19/Jul/2022:14:02:22 +0800] "GET /xingrg/kc/buy/cgsh_order_operate.html?command=get_materiel&rest_code=00155&code=00101009113&supplier_code=00100005&order_time=2022-07-19 HTTP/1.1" 200 413
58.35.196.166 - - [19/Jul/2022:14:02:23 +0800] "POST /xingrg/kc/buy/cgsh_order_operate.html HTTP/1.1" 200 2656
58.35.196.166 - - [19/Jul/2022:14:02:24 +0800] "GET /xingrg/kc/print/load_data.html?order_code=212022071904799&kc_code=cgsh&condition= HTTP/1.1" 200 684
116.230.110.48 - - [19/Jul/2022:14:02:31 +0800] "GET /xingrg/all/function/internal_message.html?_=1658210549233&CODE_STATE=getMsg HTTP/1.1" 200 27
116.230.110.48 - - [19/Jul/2022:14:02:31 +0800] "GET /xingrg/check_reg.html?_=1658210549235 HTTP/1.1" 200 22
101.85.120.95 - - [19/Jul/2022:14:02:31 +0800] "GET /xingrg/all/function/internal_message.html?_=1658210549528&CODE_STATE=getMsg HTTP/1.1" 200 27
58.35.196.166 - - [19/Jul/2022:14:02:31 +0800] "GET /xingrg/kc/buy/cgsh_order_add.html HTTP/1.1" 200 67991
58.35.196.166 - - [19/Jul/2022:14:02:31 +0800] "POST /xingrg/kc/buy/cgsh_order_operate.html HTTP/1.1" 200 8245
58.35.196.166 - - [19/Jul/2022:14:02:31 +0800] "GET /xingrg/all/function/internal_message.html?_=1658210548402&CODE_STATE=getMsg HTTP/1.1" 200 27
58.35.196.166 - - [19/Jul/2022:14:02:31 +0800] "GET /xingrg/javascript/easyui/themes/default/validatebox.css HTTP/1.1" 404 1104
116.230.110.48 - - [19/Jul/2022:14:02:37 +0800] "GET /xingrg/kc/buy/cgsh_order_operate.html?command=get_materiel&rest_code=00155&code=00101009016&supplier_code=00100005&order_time=2022-07-19 HTTP/1.1" 200 428
180.175.103.110 - - [19/Jul/2022:14:02:42 +0800] "GET /xingrg/all/function/internal_message.html?_=1658210562467&CODE_STATE=getMsg HTTP/1.1" 200 27
101.83.223.227 - - [19/Jul/2022:14:02:43 +0800] "GET /xingrg/all/function/internal_message.html?_=1658210513261&CODE_STATE=getMsg HTTP/1.1" 200 27
218.81.223.53 - - [19/Jul/2022:14:02:53 +0800] "GET /xingrg/all/function/internal_message.html?_=1658210578471&CODE_STATE=getMsg HTTP/1.1" 200 27
116.230.110.48 - - [19/Jul/2022:14:02:53 +0800] "GET /xingrg/kc/buy/cgsh_order_operate.html?command=get_materiel&rest_code=00155&code=00101009013&supplier_code=00100005&order_time=2022-07-19 HTTP/1.1" 200 438
58.35.196.166 - - [19/Jul/2022:14:03:04 +0800] "GET /xingrg/kc/buy/cgsh_order_operate.html?command=get_materiel&rest_code=00156&code=00101003079&supplier_code=00100092&order_time=2022-07-19 HTTP/1.1" 200 423
114.86.187.244 - - [19/Jul/2022:14:03:05 +0800] "GET /xingrg/all/function/internal_message.html?_=1658210585042&CODE_STATE=getMsg HTTP/1.1" 200 27
180.175.103.110 - - [19/Jul/2022:14:03:06 +0800] "GET /xingrg/all/function/internal_message.html?_=1658210638225&CODE_STATE=getMsg HTTP/1.1" 200 27
116.230.110.48 - - [19/Jul/2022:14:03:07 +0800] "POST /xingrg/kc/buy/cgsh_order_operate.html HTTP/1.1" 200 2065
101.83.240.35 - - [19/Jul/2022:14:03:11 +0800] "GET /xingrg/all/function/internal_message.html?_=1658210587331&CODE_STATE=getMsg HTTP/1.1" 200 27
120.253.135.82 - - [19/Jul/2022:14:03:13 +0800] "GET /xingrg/all/function/internal_message.html?_=1658210720853&CODE_STATE=getMsg HTTP/1.1" 200 27
101.83.240.35 - - [19/Jul/2022:14:03:13 +0800] "GET /xingrg/check_reg.html?_=1658210588947 HTTP/1.1" 200 22
58.221.95.50 - - [19/Jul/2022:14:03:15 +0800] "GET /xingrg/check_reg.html?_=1658210594388 HTTP/1.1" 200 22
58.221.95.50 - - [19/Jul/2022:14:03:15 +0800] "GET /xingrg/all/function/internal_message.html?_=1658210594392&CODE_STATE=getMsg HTTP/1.1" 200 27
114.84.2.83 - - [19/Jul/2022:14:03:16 +0800] "GET /xingrg/all/function/internal_message.html?_=1658210594272&CODE_STATE=getMsg HTTP/1.1" 200 27
114.84.2.83 - - [19/Jul/2022:14:03:16 +0800] "GET /xingrg/check_reg.html?_=1658210594274 HTTP/1.1" 200 22
58.35.196.166 - - [19/Jul/2022:14:03:17 +0800] "POST /xingrg/kc/buy/cgsh_order_operate.html HTTP/1.1" 200 37
116.230.110.48 - - [19/Jul/2022:14:03:17 +0800] "GET /xingrg/kc/buy/cgsh_order_operate.html?command=get_materiel&rest_code=00155&code=00101015062&supplier_code=00100005&order_time=2022-07-19 HTTP/1.1" 200 412
58.35.196.166 - - [19/Jul/2022:14:03:18 +0800] "POST /xingrg/kc/buy/cgsh_order_operate.html HTTP/1.1" 200 2670
58.35.196.166 - - [19/Jul/2022:14:03:19 +0800] "GET /xingrg/kc/print/load_data.html?order_code=212022071904800&kc_code=cgsh&condition= HTTP/1.1" 200 740
58.35.196.166 - - [19/Jul/2022:14:03:26 +0800] "GET /xingrg/kc/buy/cgsh_order_add.html HTTP/1.1" 200 67991
58.35.196.166 - - [19/Jul/2022:14:03:26 +0800] "GET /xingrg/words/20220718133644_words.js HTTP/1.1" 304 -
58.35.196.166 - - [19/Jul/2022:14:03:27 +0800] "POST /xingrg/kc/buy/cgsh_order_operate.html HTTP/1.1" 200 8245
58.35.196.166 - - [19/Jul/2022:14:03:27 +0800] "GET /xingrg/javascript/easyui/themes/default/validatebox.css HTTP/1.1" 404 1104
116.230.110.48 - - [19/Jul/2022:14:03:31 +0800] "GET /xingrg/all/function/internal_message.html?_=1658210609215&CODE_STATE=getMsg HTTP/1.1" 200 27
101.85.120.95 - - [19/Jul/2022:14:03:31 +0800] "GET /xingrg/all/function/internal_message.html?_=1658210609530&CODE_STATE=getMsg HTTP/1.1" 200 27
58.35.196.166 - - [19/Jul/2022:14:03:31 +0800] "GET /xingrg/all/function/internal_message.html?_=1658210608380&CODE_STATE=getMsg HTTP/1.1" 200 27
116.230.110.48 - - [19/Jul/2022:14:03:36 +0800] "GET /xingrg/kc/buy/cgsh_order_operate.html?command=get_materiel&rest_code=00155&code=00101015012&supplier_code=00100005&order_time=2022-07-19 HTTP/1.1" 200 412
180.175.103.110 - - [19/Jul/2022:14:03:42 +0800] "GET /xingrg/all/function/internal_message.html?_=1658210622444&CODE_STATE=getMsg HTTP/1.1" 200 27
101.83.223.227 - - [19/Jul/2022:14:03:43 +0800] "GET /xingrg/all/function/internal_message.html?_=1658210573359&CODE_STATE=getMsg HTTP/1.1" 200 27
58.35.196.166 - - [19/Jul/2022:14:03:44 +0800] "GET /xingrg/kc/buy/cgsh_order_operate.html?command=get_materiel&rest_code=00156&code=00101004034&supplier_code=00100085&order_time=2022-07-19 HTTP/1.1" 200 418
116.230.110.48 - - [19/Jul/2022:14:03:46 +0800] "GET /xingrg/kc/buy/cgsh_order_operate.html?command=get_materiel&rest_code=00155&code=00101009063&supplier_code=00100005&order_time=2022-07-19 HTTP/1.1" 200 410
218.81.223.53 - - [19/Jul/2022:14:03:53 +0800] "GET /xingrg/all/function/internal_message.html?_=1658210638484&CODE_STATE=getMsg HTTP/1.1" 200 27
58.35.196.166 - - [19/Jul/2022:14:03:55 +0800] "GET /xingrg/check_reg.html?_=1658210632066 HTTP/1.1" 200 22
58.35.196.166 - - [19/Jul/2022:14:04:00 +0800] "POST /xingrg/kc/buy/cgsh_order_operate.html HTTP/1.1" 200 37
58.35.196.166 - - [19/Jul/2022:14:04:02 +0800] "POST /xingrg/kc/buy/cgsh_order_operate.html HTTP/1.1" 200 2663
58.35.196.166 - - [19/Jul/2022:14:04:03 +0800] "GET /xingrg/kc/print/load_data.html?order_code=212022071904801&kc_code=cgsh&condition= HTTP/1.1" 200 735
114.86.187.244 - - [19/Jul/2022:14:04:05 +0800] "GET /xingrg/all/function/internal_message.html?_=1658210645050&CODE_STATE=getMsg HTTP/1.1" 200 27
114.86.187.244 - - [19/Jul/2022:14:04:05 +0800] "GET /xingrg/check_reg.html?_=1658210645052 HTTP/1.1" 200 22
180.175.103.110 - - [19/Jul/2022:14:04:06 +0800] "GET /xingrg/all/function/internal_message.html?_=1658210698213&CODE_STATE=getMsg HTTP/1.1" 200 27
101.83.240.35 - - [19/Jul/2022:14:04:11 +0800] "GET /xingrg/all/function/internal_message.html?_=1658210647309&CODE_STATE=getMsg HTTP/1.1" 200 27
120.253.135.82 - - [19/Jul/2022:14:04:13 +0800] "GET /xingrg/all/function/internal_message.html?_=1658210780902&CODE_STATE=getMsg HTTP/1.1" 200 27
58.221.95.50 - - [19/Jul/2022:14:04:15 +0800] "GET /xingrg/all/function/internal_message.html?_=1658210654383&CODE_STATE=getMsg HTTP/1.1" 200 27
114.84.2.83 - - [19/Jul/2022:14:04:16 +0800] "GET /xingrg/all/function/internal_message.html?_=1658210654273&CODE_STATE=getMsg HTTP/1.1" 200 27
116.230.110.48 - - [19/Jul/2022:14:04:31 +0800] "GET /xingrg/all/function/internal_message.html?_=1658210669215&CODE_STATE=getMsg HTTP/1.1" 200 27
101.85.120.95 - - [19/Jul/2022:14:04:31 +0800] "GET /xingrg/all/function/internal_message.html?_=1658210669532&CODE_STATE=getMsg HTTP/1.1" 200 27
58.35.196.166 - - [19/Jul/2022:14:04:31 +0800] "GET /xingrg/all/function/internal_message.html?_=1658210668349&CODE_STATE=getMsg HTTP/1.1" 200 27
101.83.223.227 - - [19/Jul/2022:14:04:39 +0800] "GET /xingrg/check_reg.html?_=1658210629778 HTTP/1.1" 200 22
180.175.103.110 - - [19/Jul/2022:14:04:42 +0800] "GET /xingrg/all/function/internal_message.html?_=1658210682419&CODE_STATE=getMsg HTTP/1.1" 200 27
101.83.223.227 - - [19/Jul/2022:14:04:43 +0800] "GET /xingrg/all/function/internal_message.html?_=1658210633367&CODE_STATE=getMsg HTTP/1.1" 200 27
218.81.223.53 - - [19/Jul/2022:14:04:54 +0800] "GET /xingrg/all/function/internal_message.html?_=1658210699054&CODE_STATE=getMsg HTTP/1.1" 200 27
114.86.187.244 - - [19/Jul/2022:14:05:05 +0800] "GET /xingrg/all/function/internal_message.html?_=1658210705052&CODE_STATE=getMsg HTTP/1.1" 200 27
180.175.103.110 - - [19/Jul/2022:14:05:06 +0800] "GET /xingrg/all/function/internal_message.html?_=1658210758220&CODE_STATE=getMsg HTTP/1.1" 200 27
101.83.240.35 - - [19/Jul/2022:14:05:11 +0800] "GET /xingrg/all/function/internal_message.html?_=1658210707291&CODE_STATE=getMsg HTTP/1.1" 200 27
120.253.135.82 - - [19/Jul/2022:14:05:13 +0800] "GET /xingrg/all/function/internal_message.html?_=1658210840911&CODE_STATE=getMsg HTTP/1.1" 200 27
58.221.95.50 - - [19/Jul/2022:14:05:15 +0800] "GET /xingrg/all/function/internal_message.html?_=1658210714358&CODE_STATE=getMsg HTTP/1.1" 200 27
114.84.2.83 - - [19/Jul/2022:14:05:16 +0800] "GET /xingrg/all/function/internal_message.html?_=1658210714273&CODE_STATE=getMsg HTTP/1.1" 200 27
58.35.196.166 - - [19/Jul/2022:14:05:23 +0800] "GET /xingrg/kc/buy/cgsh_order_add.html HTTP/1.1" 200 67991
58.35.196.166 - - [19/Jul/2022:14:05:23 +0800] "POST /xingrg/kc/buy/cgsh_order_operate.html HTTP/1.1" 200 8245
58.35.196.166 - - [19/Jul/2022:14:05:23 +0800] "GET /xingrg/javascript/easyui/themes/default/validatebox.css HTTP/1.1" 404 1104
116.230.110.48 - - [19/Jul/2022:14:05:31 +0800] "GET /xingrg/all/function/internal_message.html?_=1658210729226&CODE_STATE=getMsg HTTP/1.1" 200 27
101.85.120.95 - - [19/Jul/2022:14:05:31 +0800] "GET /xingrg/check_reg.html?_=1658210729537 HTTP/1.1" 200 22
101.85.120.95 - - [19/Jul/2022:14:05:31 +0800] "GET /xingrg/all/function/internal_message.html?_=1658210729533&CODE_STATE=getMsg HTTP/1.1" 200 27
58.35.196.166 - - [19/Jul/2022:14:05:31 +0800] "GET /xingrg/all/function/internal_message.html?_=1658210728328&CODE_STATE=getMsg HTTP/1.1" 200 27
58.35.196.166 - - [19/Jul/2022:14:05:35 +0800] "GET /xingrg/kc/buy/cgsh_order_operate.html?command=get_materiel&rest_code=00156&code=00102016487&supplier_code=00100328&order_time=2022-07-19 HTTP/1.1" 200 412
180.175.103.110 - - [19/Jul/2022:14:05:42 +0800] "GET /xingrg/all/function/internal_message.html?_=1658210742394&CODE_STATE=getMsg HTTP/1.1" 200 27
58.35.196.166 - - [19/Jul/2022:14:05:43 +0800] "GET /xingrg/kc/buy/cgsh_order_operate.html?command=get_materiel&rest_code=00156&code=00101007085&supplier_code=00100328&order_time=2022-07-19 HTTP/1.1" 200 429
101.83.223.227 - - [19/Jul/2022:14:05:43 +0800] "GET /xingrg/all/function/internal_message.html?_=1658210693380&CODE_STATE=getMsg HTTP/1.1" 200 27
58.35.196.166 - - [19/Jul/2022:14:05:53 +0800] "POST /xingrg/kc/buy/cgsh_order_operate.html HTTP/1.1" 200 37
218.81.223.53 - - [19/Jul/2022:14:05:54 +0800] "GET /xingrg/all/function/internal_message.html?_=1658210759057&CODE_STATE=getMsg HTTP/1.1" 200 27
58.35.196.166 - - [19/Jul/2022:14:05:55 +0800] "POST /xingrg/kc/buy/cgsh_order_operate.html HTTP/1.1" 200 2657
58.35.196.166 - - [19/Jul/2022:14:05:57 +0800] "GET /xingrg/kc/print/load_data.html?order_code=212022071904802&kc_code=cgsh&condition= HTTP/1.1" 200 679
58.35.196.166 - - [19/Jul/2022:14:06:02 +0800] "GET /xingrg/kc/buy/cgsh_order_add.html HTTP/1.1" 200 67991
58.35.196.166 - - [19/Jul/2022:14:06:02 +0800] "POST /xingrg/kc/buy/cgsh_order_operate.html HTTP/1.1" 200 8245
58.35.196.166 - - [19/Jul/2022:14:06:02 +0800] "GET /xingrg/javascript/easyui/themes/default/validatebox.css HTTP/1.1" 404 1104
114.86.187.244 - - [19/Jul/2022:14:06:05 +0800] "GET /xingrg/all/function/internal_message.html?_=1658210765052&CODE_STATE=getMsg HTTP/1.1" 200 27
180.175.103.110 - - [19/Jul/2022:14:06:06 +0800] "GET /xingrg/all/function/internal_message.html?_=1658210818225&CODE_STATE=getMsg HTTP/1.1" 200 27
180.175.103.110 - - [19/Jul/2022:14:06:07 +0800] "GET /xingrg/check_reg.html?_=1658210767245 HTTP/1.1" 200 22
101.83.240.35 - - [19/Jul/2022:14:06:11 +0800] "GET /xingrg/all/function/internal_message.html?_=1658210767278&CODE_STATE=getMsg HTTP/1.1" 200 27
120.253.135.82 - - [19/Jul/2022:14:06:13 +0800] "GET /xingrg/all/function/internal_message.html?_=1658210900960&CODE_STATE=getMsg HTTP/1.1" 200 27
58.35.196.166 - - [19/Jul/2022:14:06:15 +0800] "GET /xingrg/kc/buy/cgsh_order_operate.html?command=get_materiel&rest_code=00156&code=00101042004&supplier_code=00100339&order_time=2022-07-19 HTTP/1.1" 200 458
58.221.95.50 - - [19/Jul/2022:14:06:15 +0800] "GET /xingrg/all/function/internal_message.html?_=1658210774357&CODE_STATE=getMsg HTTP/1.1" 200 27
114.84.2.83 - - [19/Jul/2022:14:06:16 +0800] "GET /xingrg/all/function/internal_message.html?_=1658210774273&CODE_STATE=getMsg HTTP/1.1" 200 27
58.35.196.166 - - [19/Jul/2022:14:06:29 +0800] "GET /xingrg/kc/buy/cgsh_order_operate.html?command=get_materiel&rest_code=00156&code=00101008517&supplier_code=00100339&order_time=2022-07-19 HTTP/1.1" 200 414
120.253.135.82 - - [19/Jul/2022:14:06:30 +0800] "GET /xingrg/kc/pszx/mdqp_order_list.html?state=10 HTTP/1.1" 200 10217
120.253.135.82 - - [19/Jul/2022:14:06:31 +0800] "GET /xingrg/dwr/interface/AjaxReportQueryService.js HTTP/1.1" 200 13203
120.253.135.82 - - [19/Jul/2022:14:06:31 +0800] "GET /xingrg/dwr/interface/AjaxQqpsService.js HTTP/1.1" 200 16326
120.253.135.82 - - [19/Jul/2022:14:06:31 +0800] "GET /xingrg/dwr/engine.js HTTP/1.1" 200 43631
116.230.110.48 - - [19/Jul/2022:14:06:31 +0800] "GET /xingrg/all/function/internal_message.html?_=1658210789213&CODE_STATE=getMsg HTTP/1.1" 200 27
101.85.120.95 - - [19/Jul/2022:14:06:31 +0800] "GET /xingrg/all/function/internal_message.html?_=1658210789537&CODE_STATE=getMsg HTTP/1.1" 200 27
58.35.196.166 - - [19/Jul/2022:14:06:31 +0800] "GET /xingrg/all/function/internal_message.html?_=1658210788314&CODE_STATE=getMsg HTTP/1.1" 200 27
120.253.135.82 - - [19/Jul/2022:14:06:33 +0800] "GET /xingrg/kc/buy/cgsh_order_list.html HTTP/1.1" 200 52162
120.253.135.82 - - [19/Jul/2022:14:06:35 +0800] "POST /xingrg/kc/buy/cgsh_list_operate.html HTTP/1.1" 200 1790
180.175.103.110 - - [19/Jul/2022:14:06:42 +0800] "GET /xingrg/all/function/internal_message.html?_=1658210802364&CODE_STATE=getMsg HTTP/1.1" 200 27
101.83.223.227 - - [19/Jul/2022:14:06:43 +0800] "GET /xingrg/all/function/internal_message.html?_=1658210753476&CODE_STATE=getMsg HTTP/1.1" 200 27
218.81.223.53 - - [19/Jul/2022:14:06:54 +0800] "GET /xingrg/all/function/internal_message.html?_=1658210819616&CODE_STATE=getMsg HTTP/1.1" 200 27
120.253.135.82 - - [19/Jul/2022:14:06:57 +0800] "GET /xingrg/check_reg.html?_=1658210944879 HTTP/1.1" 200 22
114.86.187.244 - - [19/Jul/2022:14:07:05 +0800] "GET /xingrg/all/function/internal_message.html?_=1658210825052&CODE_STATE=getMsg HTTP/1.1" 200 27
180.175.103.110 - - [19/Jul/2022:14:07:06 +0800] "GET /xingrg/check_reg.html?_=1658210878215 HTTP/1.1" 200 22
180.175.103.110 - - [19/Jul/2022:14:07:06 +0800] "GET /xingrg/all/function/internal_message.html?_=1658210878223&CODE_STATE=getMsg HTTP/1.1" 200 27
