114.84.2.83 - - [19/Jul/2022:12:31:04 +0800] "POST /xingrg/services/DataTransmitService HTTP/1.1" 200 412
114.86.187.244 - - [19/Jul/2022:12:31:05 +0800] "GET /xingrg/all/function/internal_message.html?_=1658205064874&CODE_STATE=getMsg HTTP/1.1" 200 27
180.175.103.110 - - [19/Jul/2022:12:31:07 +0800] "GET /xingrg/check_reg.html?_=1658205067496 HTTP/1.1" 200 22
101.83.240.35 - - [19/Jul/2022:12:31:12 +0800] "GET /xingrg/all/function/internal_message.html?_=1658205068318&CODE_STATE=getMsg HTTP/1.1" 200 27
114.84.2.83 - - [19/Jul/2022:12:31:16 +0800] "GET /xingrg/all/function/internal_message.html?_=1658205074152&CODE_STATE=getMsg HTTP/1.1" 200 27
116.235.94.65 - - [19/Jul/2022:12:31:25 +0800] "POST /xingrg/services/DataTransmitService HTTP/1.1" 200 524
116.235.94.65 - - [19/Jul/2022:12:31:25 +0800] "POST /xingrg/services/DataTransmitService HTTP/1.1" 200 501
116.230.110.48 - - [19/Jul/2022:12:31:30 +0800] "GET /xingrg/all/function/internal_message.html?_=1658205089224&CODE_STATE=getMsg HTTP/1.1" 200 27
218.81.223.53 - - [19/Jul/2022:12:31:32 +0800] "GET /xingrg/all/function/internal_message.html?_=1658205097359&CODE_STATE=getMsg HTTP/1.1" 200 27
58.35.196.166 - - [19/Jul/2022:12:31:33 +0800] "GET /xingrg/all/function/internal_message.html?_=1658205090119&CODE_STATE=getMsg HTTP/1.1" 200 27
116.228.172.94 - - [19/Jul/2022:12:31:34 +0800] "GET /xingrg/check_reg.html?_=1658204840896 HTTP/1.1" 200 22
116.228.172.94 - - [19/Jul/2022:12:31:34 +0800] "GET /xingrg/all/function/internal_message.html?_=1658204840904&CODE_STATE=getMsg HTTP/1.1" 200 27
101.85.120.95 - - [19/Jul/2022:12:31:35 +0800] "GET /xingrg/all/function/internal_message.html?_=1658205094335&CODE_STATE=getMsg HTTP/1.1" 200 27
180.175.103.110 - - [19/Jul/2022:12:31:44 +0800] "GET /xingrg/all/function/internal_message.html?_=1658205104422&CODE_STATE=getMsg HTTP/1.1" 200 27
58.37.4.65 - - [19/Jul/2022:12:31:45 +0800] "GET /xingrg/all/function/internal_message.html?_=1658205105305&CODE_STATE=getMsg HTTP/1.1" 200 27
120.253.135.82 - - [19/Jul/2022:12:31:56 +0800] "GET /xingrg/check_reg.html?_=1658205244661 HTTP/1.1" 200 22
120.253.135.82 - - [19/Jul/2022:12:31:57 +0800] "GET /xingrg/all/function/internal_message.html?_=1658205244935&CODE_STATE=getMsg HTTP/1.1" 200 27
114.88.155.189 - - [19/Jul/2022:12:31:58 +0800] "GET /xingrg/all/function/internal_message.html?_=1658204810425&CODE_STATE=getMsg HTTP/1.1" 200 27
114.86.187.244 - - [19/Jul/2022:12:32:05 +0800] "GET /xingrg/all/function/internal_message.html?_=1658205124874&CODE_STATE=getMsg HTTP/1.1" 200 27
218.81.223.53 - - [19/Jul/2022:12:32:12 +0800] "GET /xingrg/check_reg.html?_=1658205137169 HTTP/1.1" 200 22
101.83.240.35 - - [19/Jul/2022:12:32:12 +0800] "GET /xingrg/all/function/internal_message.html?_=1658205128312&CODE_STATE=getMsg HTTP/1.1" 200 27
114.84.2.83 - - [19/Jul/2022:12:32:16 +0800] "GET /xingrg/all/function/internal_message.html?_=1658205134151&CODE_STATE=getMsg HTTP/1.1" 200 27
116.230.110.48 - - [19/Jul/2022:12:32:30 +0800] "GET /xingrg/all/function/internal_message.html?_=1658205149221&CODE_STATE=getMsg HTTP/1.1" 200 27
116.230.110.48 - - [19/Jul/2022:12:32:30 +0800] "GET /xingrg/check_reg.html?_=1658205149222 HTTP/1.1" 200 22
218.81.223.53 - - [19/Jul/2022:12:32:32 +0800] "GET /xingrg/all/function/internal_message.html?_=1658205157375&CODE_STATE=getMsg HTTP/1.1" 200 27
58.35.196.166 - - [19/Jul/2022:12:32:33 +0800] "GET /xingrg/all/function/internal_message.html?_=1658205150089&CODE_STATE=getMsg HTTP/1.1" 200 27
116.228.172.94 - - [19/Jul/2022:12:32:34 +0800] "GET /xingrg/all/function/internal_message.html?_=1658204900903&CODE_STATE=getMsg HTTP/1.1" 200 27
101.85.120.95 - - [19/Jul/2022:12:32:35 +0800] "GET /xingrg/all/function/internal_message.html?_=1658205154331&CODE_STATE=getMsg HTTP/1.1" 200 27
180.175.103.110 - - [19/Jul/2022:12:32:44 +0800] "GET /xingrg/all/function/internal_message.html?_=1658205164390&CODE_STATE=getMsg HTTP/1.1" 200 27
58.37.4.65 - - [19/Jul/2022:12:32:45 +0800] "GET /xingrg/all/function/internal_message.html?_=1658205165305&CODE_STATE=getMsg HTTP/1.1" 200 27
120.253.135.82 - - [19/Jul/2022:12:32:57 +0800] "GET /xingrg/all/function/internal_message.html?_=1658205304949&CODE_STATE=getMsg HTTP/1.1" 200 27
114.88.155.189 - - [19/Jul/2022:12:32:58 +0800] "GET /xingrg/all/function/internal_message.html?_=1658204870424&CODE_STATE=getMsg HTTP/1.1" 200 27
114.88.155.189 - - [19/Jul/2022:12:32:58 +0800] "GET /xingrg/check_reg.html?_=1658204870425 HTTP/1.1" 200 22
114.86.187.244 - - [19/Jul/2022:12:33:05 +0800] "GET /xingrg/all/function/internal_message.html?_=1658205184874&CODE_STATE=getMsg HTTP/1.1" 200 27
101.83.240.35 - - [19/Jul/2022:12:33:12 +0800] "GET /xingrg/all/function/internal_message.html?_=1658205188297&CODE_STATE=getMsg HTTP/1.1" 200 27
101.83.240.35 - - [19/Jul/2022:12:33:13 +0800] "GET /xingrg/check_reg.html?_=1658205189041 HTTP/1.1" 200 22
114.84.2.83 - - [19/Jul/2022:12:33:16 +0800] "GET /xingrg/all/function/internal_message.html?_=1658205194150&CODE_STATE=getMsg HTTP/1.1" 200 27
114.84.2.83 - - [19/Jul/2022:12:33:16 +0800] "GET /xingrg/check_reg.html?_=1658205194153 HTTP/1.1" 200 22
116.230.110.48 - - [19/Jul/2022:12:33:30 +0800] "GET /xingrg/all/function/internal_message.html?_=1658205209236&CODE_STATE=getMsg HTTP/1.1" 200 27
218.81.223.53 - - [19/Jul/2022:12:33:32 +0800] "GET /xingrg/all/function/internal_message.html?_=1658205217387&CODE_STATE=getMsg HTTP/1.1" 200 27
58.35.196.166 - - [19/Jul/2022:12:33:33 +0800] "GET /xingrg/all/function/internal_message.html?_=1658205210060&CODE_STATE=getMsg HTTP/1.1" 200 27
116.228.172.94 - - [19/Jul/2022:12:33:34 +0800] "GET /xingrg/all/function/internal_message.html?_=1658204960906&CODE_STATE=getMsg HTTP/1.1" 200 27
101.85.120.95 - - [19/Jul/2022:12:33:35 +0800] "GET /xingrg/all/function/internal_message.html?_=1658205214332&CODE_STATE=getMsg HTTP/1.1" 200 27
101.85.120.95 - - [19/Jul/2022:12:33:35 +0800] "GET /xingrg/check_reg.html?_=1658205214335 HTTP/1.1" 200 22
180.175.103.110 - - [19/Jul/2022:12:33:44 +0800] "GET /xingrg/all/function/internal_message.html?_=1658205224366&CODE_STATE=getMsg HTTP/1.1" 200 27
58.37.4.65 - - [19/Jul/2022:12:33:45 +0800] "GET /xingrg/check_reg.html?_=1658205225305 HTTP/1.1" 200 22
58.37.4.65 - - [19/Jul/2022:12:33:45 +0800] "GET /xingrg/all/function/internal_message.html?_=1658205225308&CODE_STATE=getMsg HTTP/1.1" 200 27
58.35.196.166 - - [19/Jul/2022:12:33:55 +0800] "GET /xingrg/check_reg.html?_=1658205232062 HTTP/1.1" 200 22
120.253.135.82 - - [19/Jul/2022:12:33:57 +0800] "GET /xingrg/all/function/internal_message.html?_=1658205364964&CODE_STATE=getMsg HTTP/1.1" 200 27
114.88.155.189 - - [19/Jul/2022:12:33:58 +0800] "GET /xingrg/all/function/internal_message.html?_=1658204930450&CODE_STATE=getMsg HTTP/1.1" 200 27
114.86.187.244 - - [19/Jul/2022:12:34:05 +0800] "GET /xingrg/check_reg.html?_=1658205244873 HTTP/1.1" 200 22
114.86.187.244 - - [19/Jul/2022:12:34:05 +0800] "GET /xingrg/all/function/internal_message.html?_=1658205244875&CODE_STATE=getMsg HTTP/1.1" 200 27
101.83.240.35 - - [19/Jul/2022:12:34:12 +0800] "GET /xingrg/all/function/internal_message.html?_=1658205248279&CODE_STATE=getMsg HTTP/1.1" 200 27
114.84.2.83 - - [19/Jul/2022:12:34:16 +0800] "GET /xingrg/all/function/internal_message.html?_=1658205254152&CODE_STATE=getMsg HTTP/1.1" 200 27
58.35.196.166 - - [19/Jul/2022:12:34:25 +0800] "GET /xingrg/kc/base/kc_stocks.html HTTP/1.1" 200 16443
58.35.196.166 - - [19/Jul/2022:12:34:25 +0800] "GET /xingrg/javascript/easyui/themes/default/tree.css HTTP/1.1" 404 1090
58.35.196.166 - - [19/Jul/2022:12:34:26 +0800] "POST /xingrg/all/common/load_tree.html?tree=materiel_sort_tree_json HTTP/1.1" 200 9388
116.230.110.48 - - [19/Jul/2022:12:34:30 +0800] "GET /xingrg/all/function/internal_message.html?_=1658205269226&CODE_STATE=getMsg HTTP/1.1" 200 27
58.35.196.166 - - [19/Jul/2022:12:34:31 +0800] "POST /xingrg/kc/base/stock_operate.html HTTP/1.1" 200 1741
58.35.196.166 - - [19/Jul/2022:12:34:32 +0800] "GET /xingrg/all/function/internal_message.html?_=1658205270033&CODE_STATE=getMsg HTTP/1.1" 200 27
218.81.223.53 - - [19/Jul/2022:12:34:33 +0800] "GET /xingrg/all/function/internal_message.html?_=1658205277952&CODE_STATE=getMsg HTTP/1.1" 200 27
116.228.172.94 - - [19/Jul/2022:12:34:34 +0800] "GET /xingrg/all/function/internal_message.html?_=1658205020903&CODE_STATE=getMsg HTTP/1.1" 200 27
101.85.120.95 - - [19/Jul/2022:12:34:35 +0800] "GET /xingrg/all/function/internal_message.html?_=1658205274338&CODE_STATE=getMsg HTTP/1.1" 200 27
180.175.103.110 - - [19/Jul/2022:12:34:44 +0800] "GET /xingrg/all/function/internal_message.html?_=1658205284340&CODE_STATE=getMsg HTTP/1.1" 200 27
58.37.4.65 - - [19/Jul/2022:12:34:45 +0800] "GET /xingrg/all/function/internal_message.html?_=1658205285293&CODE_STATE=getMsg HTTP/1.1" 200 27
120.253.135.82 - - [19/Jul/2022:12:34:57 +0800] "GET /xingrg/all/function/internal_message.html?_=1658205424984&CODE_STATE=getMsg HTTP/1.1" 200 27
114.88.155.189 - - [19/Jul/2022:12:34:58 +0800] "GET /xingrg/all/function/internal_message.html?_=1658204990448&CODE_STATE=getMsg HTTP/1.1" 200 27
58.35.196.166 - - [19/Jul/2022:12:34:59 +0800] "POST /xingrg/kc/base/stock_operate.html HTTP/1.1" 200 3842
114.86.187.244 - - [19/Jul/2022:12:35:05 +0800] "GET /xingrg/all/function/internal_message.html?_=1658205304874&CODE_STATE=getMsg HTTP/1.1" 200 27
101.83.240.35 - - [19/Jul/2022:12:35:12 +0800] "GET /xingrg/all/function/internal_message.html?_=1658205308265&CODE_STATE=getMsg HTTP/1.1" 200 27
114.84.2.83 - - [19/Jul/2022:12:35:16 +0800] "GET /xingrg/all/function/internal_message.html?_=1658205314152&CODE_STATE=getMsg HTTP/1.1" 200 27
116.230.110.48 - - [19/Jul/2022:12:35:30 +0800] "GET /xingrg/all/function/internal_message.html?_=1658205329225&CODE_STATE=getMsg HTTP/1.1" 200 27
58.35.196.166 - - [19/Jul/2022:12:35:32 +0800] "GET /xingrg/all/function/internal_message.html?_=1658205330004&CODE_STATE=getMsg HTTP/1.1" 200 27
218.81.223.53 - - [19/Jul/2022:12:35:33 +0800] "GET /xingrg/all/function/internal_message.html?_=1658205337961&CODE_STATE=getMsg HTTP/1.1" 200 27
116.228.172.94 - - [19/Jul/2022:12:35:34 +0800] "GET /xingrg/all/function/internal_message.html?_=1658205080904&CODE_STATE=getMsg HTTP/1.1" 200 27
101.85.120.95 - - [19/Jul/2022:12:35:35 +0800] "GET /xingrg/all/function/internal_message.html?_=1658205334338&CODE_STATE=getMsg HTTP/1.1" 200 27
180.175.103.110 - - [19/Jul/2022:12:35:44 +0800] "GET /xingrg/all/function/internal_message.html?_=1658205344316&CODE_STATE=getMsg HTTP/1.1" 200 27
58.37.4.65 - - [19/Jul/2022:12:35:45 +0800] "GET /xingrg/all/function/internal_message.html?_=1658205345295&CODE_STATE=getMsg HTTP/1.1" 200 27
120.253.135.82 - - [19/Jul/2022:12:35:57 +0800] "GET /xingrg/all/function/internal_message.html?_=1658205484991&CODE_STATE=getMsg HTTP/1.1" 200 27
114.88.155.189 - - [19/Jul/2022:12:35:58 +0800] "GET /xingrg/all/function/internal_message.html?_=1658205050462&CODE_STATE=getMsg HTTP/1.1" 200 27
114.86.187.244 - - [19/Jul/2022:12:36:05 +0800] "GET /xingrg/all/function/internal_message.html?_=1658205364873&CODE_STATE=getMsg HTTP/1.1" 200 27
180.175.103.110 - - [19/Jul/2022:12:36:07 +0800] "GET /xingrg/check_reg.html?_=1658205367470 HTTP/1.1" 200 22
101.83.240.35 - - [19/Jul/2022:12:36:12 +0800] "GET /xingrg/all/function/internal_message.html?_=1658205368235&CODE_STATE=getMsg HTTP/1.1" 200 27
114.84.2.83 - - [19/Jul/2022:12:36:16 +0800] "GET /xingrg/all/function/internal_message.html?_=1658205374151&CODE_STATE=getMsg HTTP/1.1" 200 27
116.230.110.48 - - [19/Jul/2022:12:36:30 +0800] "GET /xingrg/all/function/internal_message.html?_=1658205389228&CODE_STATE=getMsg HTTP/1.1" 200 27
58.35.196.166 - - [19/Jul/2022:12:36:32 +0800] "GET /xingrg/all/function/internal_message.html?_=1658205389985&CODE_STATE=getMsg HTTP/1.1" 200 27
218.81.223.53 - - [19/Jul/2022:12:36:34 +0800] "GET /xingrg/all/function/internal_message.html?_=1658205398521&CODE_STATE=getMsg HTTP/1.1" 200 27
116.228.172.94 - - [19/Jul/2022:12:36:34 +0800] "GET /xingrg/check_reg.html?_=1658205140892 HTTP/1.1" 200 22
116.228.172.94 - - [19/Jul/2022:12:36:34 +0800] "GET /xingrg/all/function/internal_message.html?_=1658205140894&CODE_STATE=getMsg HTTP/1.1" 200 27
101.85.120.95 - - [19/Jul/2022:12:36:35 +0800] "GET /xingrg/all/function/internal_message.html?_=1658205394339&CODE_STATE=getMsg HTTP/1.1" 200 27
180.175.103.110 - - [19/Jul/2022:12:36:44 +0800] "GET /xingrg/all/function/internal_message.html?_=1658205404286&CODE_STATE=getMsg HTTP/1.1" 200 27
58.37.4.65 - - [19/Jul/2022:12:36:45 +0800] "GET /xingrg/all/function/internal_message.html?_=1658205405322&CODE_STATE=getMsg HTTP/1.1" 200 27
120.253.135.82 - - [19/Jul/2022:12:36:56 +0800] "GET /xingrg/check_reg.html?_=1658205544673 HTTP/1.1" 200 22
120.253.135.82 - - [19/Jul/2022:12:36:57 +0800] "GET /xingrg/all/function/internal_message.html?_=1658205545004&CODE_STATE=getMsg HTTP/1.1" 200 27
114.88.155.189 - - [19/Jul/2022:12:36:58 +0800] "GET /xingrg/all/function/internal_message.html?_=1658205110460&CODE_STATE=getMsg HTTP/1.1" 200 27
114.86.187.244 - - [19/Jul/2022:12:37:05 +0800] "GET /xingrg/all/function/internal_message.html?_=1658205424872&CODE_STATE=getMsg HTTP/1.1" 200 27
101.83.240.35 - - [19/Jul/2022:12:37:12 +0800] "GET /xingrg/all/function/internal_message.html?_=1658205428221&CODE_STATE=getMsg HTTP/1.1" 200 27
218.81.223.53 - - [19/Jul/2022:12:37:12 +0800] "GET /xingrg/check_reg.html?_=1658205437162 HTTP/1.1" 200 22
114.84.2.83 - - [19/Jul/2022:12:37:16 +0800] "GET /xingrg/all/function/internal_message.html?_=1658205434177&CODE_STATE=getMsg HTTP/1.1" 200 27
116.230.110.48 - - [19/Jul/2022:12:37:30 +0800] "GET /xingrg/check_reg.html?_=1658205449227 HTTP/1.1" 200 22
116.230.110.48 - - [19/Jul/2022:12:37:30 +0800] "GET /xingrg/all/function/internal_message.html?_=1658205449231&CODE_STATE=getMsg HTTP/1.1" 200 27
58.35.196.166 - - [19/Jul/2022:12:37:32 +0800] "GET /xingrg/all/function/internal_message.html?_=1658205449965&CODE_STATE=getMsg HTTP/1.1" 200 27
218.81.223.53 - - [19/Jul/2022:12:37:34 +0800] "GET /xingrg/all/function/internal_message.html?_=1658205458534&CODE_STATE=getMsg HTTP/1.1" 200 27
116.228.172.94 - - [19/Jul/2022:12:37:34 +0800] "GET /xingrg/all/function/internal_message.html?_=1658205200913&CODE_STATE=getMsg HTTP/1.1" 200 27
101.85.120.95 - - [19/Jul/2022:12:37:35 +0800] "GET /xingrg/all/function/internal_message.html?_=1658205454339&CODE_STATE=getMsg HTTP/1.1" 200 27
180.175.103.110 - - [19/Jul/2022:12:37:44 +0800] "GET /xingrg/all/function/internal_message.html?_=1658205464265&CODE_STATE=getMsg HTTP/1.1" 200 27
58.37.4.65 - - [19/Jul/2022:12:37:45 +0800] "GET /xingrg/all/function/internal_message.html?_=1658205465321&CODE_STATE=getMsg HTTP/1.1" 200 27
116.232.34.33 - - [19/Jul/2022:12:37:49 +0800] "POST /xingrg/services/DataTransmitService HTTP/1.1" 200 524
120.253.135.82 - - [19/Jul/2022:12:37:57 +0800] "GET /xingrg/all/function/internal_message.html?_=1658205605017&CODE_STATE=getMsg HTTP/1.1" 200 27
114.88.155.189 - - [19/Jul/2022:12:37:58 +0800] "GET /xingrg/check_reg.html?_=1658205170459 HTTP/1.1" 200 22
114.88.155.189 - - [19/Jul/2022:12:37:58 +0800] "GET /xingrg/all/function/internal_message.html?_=1658205170460&CODE_STATE=getMsg HTTP/1.1" 200 27
114.86.187.244 - - [19/Jul/2022:12:38:05 +0800] "GET /xingrg/all/function/internal_message.html?_=1658205484872&CODE_STATE=getMsg HTTP/1.1" 200 27
101.83.240.35 - - [19/Jul/2022:12:38:12 +0800] "GET /xingrg/all/function/internal_message.html?_=1658205488204&CODE_STATE=getMsg HTTP/1.1" 200 27
101.83.240.35 - - [19/Jul/2022:12:38:13 +0800] "GET /xingrg/check_reg.html?_=1658205489033 HTTP/1.1" 200 22
114.84.2.83 - - [19/Jul/2022:12:38:16 +0800] "GET /xingrg/all/function/internal_message.html?_=1658205494176&CODE_STATE=getMsg HTTP/1.1" 200 27
114.84.2.83 - - [19/Jul/2022:12:38:16 +0800] "GET /xingrg/check_reg.html?_=1658205494179 HTTP/1.1" 200 22
116.230.110.48 - - [19/Jul/2022:12:38:30 +0800] "GET /xingrg/all/function/internal_message.html?_=1658205509222&CODE_STATE=getMsg HTTP/1.1" 200 27
58.35.196.166 - - [19/Jul/2022:12:38:32 +0800] "GET /xingrg/all/function/internal_message.html?_=1658205509940&CODE_STATE=getMsg HTTP/1.1" 200 27
218.81.223.53 - - [19/Jul/2022:12:38:34 +0800] "GET /xingrg/all/function/internal_message.html?_=1658205518547&CODE_STATE=getMsg HTTP/1.1" 200 27
116.228.172.94 - - [19/Jul/2022:12:38:34 +0800] "GET /xingrg/all/function/internal_message.html?_=1658205260909&CODE_STATE=getMsg HTTP/1.1" 200 27
101.85.120.95 - - [19/Jul/2022:12:38:35 +0800] "GET /xingrg/check_reg.html?_=1658205514365 HTTP/1.1" 200 22
101.85.120.95 - - [19/Jul/2022:12:38:36 +0800] "GET /xingrg/all/function/internal_message.html?_=1658205514367&CODE_STATE=getMsg HTTP/1.1" 200 27
180.175.103.110 - - [19/Jul/2022:12:38:44 +0800] "GET /xingrg/all/function/internal_message.html?_=1658205524248&CODE_STATE=getMsg HTTP/1.1" 200 27
58.37.4.65 - - [19/Jul/2022:12:38:45 +0800] "GET /xingrg/all/function/internal_message.html?_=1658205525321&CODE_STATE=getMsg HTTP/1.1" 200 27
58.37.4.65 - - [19/Jul/2022:12:38:45 +0800] "GET /xingrg/check_reg.html?_=1658205525324 HTTP/1.1" 200 22
58.35.196.166 - - [19/Jul/2022:12:38:55 +0800] "GET /xingrg/check_reg.html?_=1658205532068 HTTP/1.1" 200 22
120.253.135.82 - - [19/Jul/2022:12:38:57 +0800] "GET /xingrg/all/function/internal_message.html?_=1658205665031&CODE_STATE=getMsg HTTP/1.1" 200 27
114.88.155.189 - - [19/Jul/2022:12:38:58 +0800] "GET /xingrg/all/function/internal_message.html?_=1658205230458&CODE_STATE=getMsg HTTP/1.1" 200 27
114.86.187.244 - - [19/Jul/2022:12:39:05 +0800] "GET /xingrg/all/function/internal_message.html?_=1658205544871&CODE_STATE=getMsg HTTP/1.1" 200 27
114.86.187.244 - - [19/Jul/2022:12:39:05 +0800] "GET /xingrg/check_reg.html?_=1658205544873 HTTP/1.1" 200 22
101.83.240.35 - - [19/Jul/2022:12:39:12 +0800] "GET /xingrg/all/function/internal_message.html?_=1658205548181&CODE_STATE=getMsg HTTP/1.1" 200 27
114.84.2.83 - - [19/Jul/2022:12:39:16 +0800] "GET /xingrg/all/function/internal_message.html?_=1658205554178&CODE_STATE=getMsg HTTP/1.1" 200 27
116.230.110.48 - - [19/Jul/2022:12:39:30 +0800] "GET /xingrg/all/function/internal_message.html?_=1658205569224&CODE_STATE=getMsg HTTP/1.1" 200 27
58.35.196.166 - - [19/Jul/2022:12:39:32 +0800] "GET /xingrg/all/function/internal_message.html?_=1658205569925&CODE_STATE=getMsg HTTP/1.1" 200 27
116.228.172.94 - - [19/Jul/2022:12:39:34 +0800] "GET /xingrg/all/function/internal_message.html?_=1658205320911&CODE_STATE=getMsg HTTP/1.1" 200 27
218.81.223.53 - - [19/Jul/2022:12:39:34 +0800] "GET /xingrg/all/function/internal_message.html?_=1658205579103&CODE_STATE=getMsg HTTP/1.1" 200 27
101.85.120.95 - - [19/Jul/2022:12:39:35 +0800] "GET /xingrg/all/function/internal_message.html?_=1658205574367&CODE_STATE=getMsg HTTP/1.1" 200 27
180.175.103.110 - - [19/Jul/2022:12:39:44 +0800] "GET /xingrg/all/function/internal_message.html?_=1658205584220&CODE_STATE=getMsg HTTP/1.1" 200 27
58.37.4.65 - - [19/Jul/2022:12:39:45 +0800] "GET /xingrg/all/function/internal_message.html?_=1658205585324&CODE_STATE=getMsg HTTP/1.1" 200 27
120.253.135.82 - - [19/Jul/2022:12:39:57 +0800] "GET /xingrg/all/function/internal_message.html?_=1658205725053&CODE_STATE=getMsg HTTP/1.1" 200 27
114.88.155.189 - - [19/Jul/2022:12:39:58 +0800] "GET /xingrg/all/function/internal_message.html?_=1658205290456&CODE_STATE=getMsg HTTP/1.1" 200 27
114.86.187.244 - - [19/Jul/2022:12:40:03 +0800] "POST /xingrg/services/DataTransmitService HTTP/1.1" 200 524
114.86.187.244 - - [19/Jul/2022:12:40:03 +0800] "POST /xingrg/services/DataTransmitService HTTP/1.1" 200 501
114.86.187.244 - - [19/Jul/2022:12:40:05 +0800] "GET /xingrg/all/function/internal_message.html?_=1658205604872&CODE_STATE=getMsg HTTP/1.1" 200 27
101.83.240.35 - - [19/Jul/2022:12:40:12 +0800] "GET /xingrg/all/function/internal_message.html?_=1658205608154&CODE_STATE=getMsg HTTP/1.1" 200 27
114.84.2.83 - - [19/Jul/2022:12:40:16 +0800] "GET /xingrg/all/function/internal_message.html?_=1658205614177&CODE_STATE=getMsg HTTP/1.1" 200 27
101.85.120.95 - - [19/Jul/2022:12:40:19 +0800] "GET /xingrg/login.html HTTP/1.1" 200 7641
101.85.120.95 - - [19/Jul/2022:12:40:20 +0800] "GET /favicon.ico HTTP/1.1" 404 -
101.85.120.95 - - [19/Jul/2022:12:40:30 +0800] "POST /xingrg/login.do HTTP/1.1" 302 -
101.85.120.95 - - [19/Jul/2022:12:40:30 +0800] "GET /xingrg/index.html?sysBaseUrl=http%3A%2F%2F180.169.147.146%3A18081%2Fxingrg%2F&costTime=39×tamp=1658205630722 HTTP/1.1" 200 17179
101.85.120.95 - - [19/Jul/2022:12:40:30 +0800] "GET /favicon.ico HTTP/1.1" 404 -
101.85.120.95 - - [19/Jul/2022:12:40:30 +0800] "POST /xingrg/all/common/load_tree.html?tree=area_rest_tree_json&manage=1 HTTP/1.1" 200 351
116.230.110.48 - - [19/Jul/2022:12:40:30 +0800] "GET /xingrg/all/function/internal_message.html?_=1658205629214&CODE_STATE=getMsg HTTP/1.1" 200 27
101.85.120.95 - - [19/Jul/2022:12:40:31 +0800] "GET /xingrg/all/function/internal_message.html?_=1658205629389&CODE_STATE=count HTTP/1.1" 200 11
101.85.120.95 - - [19/Jul/2022:12:40:31 +0800] "POST /xingrg/load_menu.html HTTP/1.1" 200 5138
101.85.120.95 - - [19/Jul/2022:12:40:31 +0800] "GET /xingrg/check_reg.html?_=1658205629390 HTTP/1.1" 200 22
58.35.196.166 - - [19/Jul/2022:12:40:32 +0800] "GET /xingrg/all/function/internal_message.html?_=1658205629904&CODE_STATE=getMsg HTTP/1.1" 200 27
116.228.172.94 - - [19/Jul/2022:12:40:34 +0800] "GET /xingrg/all/function/internal_message.html?_=1658205380907&CODE_STATE=getMsg HTTP/1.1" 200 27
218.81.223.53 - - [19/Jul/2022:12:40:35 +0800] "GET /xingrg/all/function/internal_message.html?_=1658205639609&CODE_STATE=getMsg HTTP/1.1" 200 27
101.85.120.95 - - [19/Jul/2022:12:40:36 +0800] "GET /xingrg/javascript/jquery_easy_ui/themes/default/images/tabs_close.gif HTTP/1.1" 304 -
101.85.120.95 - - [19/Jul/2022:12:40:36 +0800] "GET /xingrg/css/site.css HTTP/1.1" 304 -
101.85.120.95 - - [19/Jul/2022:12:40:36 +0800] "GET /xingrg/css/base.css HTTP/1.1" 304 -
101.85.120.95 - - [19/Jul/2022:12:40:36 +0800] "GET /xingrg/javascript/auto/jquery.autocomplete.css HTTP/1.1" 304 -
101.85.120.95 - - [19/Jul/2022:12:40:36 +0800] "GET /xingrg/javascript/jquery_tools/fix.css HTTP/1.1" 304 -
101.85.120.95 - - [19/Jul/2022:12:40:36 +0800] "GET /xingrg/javascript/jquery_tools/table.css HTTP/1.1" 304 -
101.85.120.95 - - [19/Jul/2022:12:40:36 +0800] "GET /xingrg/javascript/jquery_tools/jquery.tools.min.js HTTP/1.1" 304 -
101.85.120.95 - - [19/Jul/2022:12:40:36 +0800] "GET /xingrg/javascript/jquery_tools/datebox.css HTTP/1.1" 304 -
101.85.120.95 - - [19/Jul/2022:12:40:36 +0800] "GET /xingrg/kc/buy/cgsh_order_list.html HTTP/1.1" 200 52168
101.85.120.95 - - [19/Jul/2022:12:40:36 +0800] "GET /xingrg/javascript/jquery_tools/jquery.tools.extend.js HTTP/1.1" 304 -
101.85.120.95 - - [19/Jul/2022:12:40:36 +0800] "GET /xingrg/javascript/jquery_tools/jquery.tools.hotkey.js HTTP/1.1" 304 -
101.85.120.95 - - [19/Jul/2022:12:40:36 +0800] "GET /xingrg/javascript/jquery_tools/list_manager.js HTTP/1.1" 304 -
101.85.120.95 - - [19/Jul/2022:12:40:36 +0800] "GET /xingrg/javascript/jquery_tools/jquery.tools.table.js HTTP/1.1" 304 -
101.85.120.95 - - [19/Jul/2022:12:40:36 +0800] "GET /xingrg/javascript/easyui/easyloader.js HTTP/1.1" 304 -
101.85.120.95 - - [19/Jul/2022:12:40:36 +0800] "GET /xingrg/javascript/auto/jquery.autocomplete.js HTTP/1.1" 304 -
101.85.120.95 - - [19/Jul/2022:12:40:36 +0800] "GET /xingrg/javascript/jquery.cookie.js HTTP/1.1" 304 -
101.85.120.95 - - [19/Jul/2022:12:40:36 +0800] "GET /xingrg/javascript/print/LodopFuncs.js HTTP/1.1" 304 -
101.85.120.95 - - [19/Jul/2022:12:40:36 +0800] "GET /xingrg/javascript/easyui/themes/default/easyui.css HTTP/1.1" 304 -
101.85.120.95 - - [19/Jul/2022:12:40:36 +0800] "GET /xingrg/javascript/easyui/themes/icon.css HTTP/1.1" 304 -
101.85.120.95 - - [19/Jul/2022:12:40:37 +0800] "GET /xingrg/javascript/easyui/themes/icons/edit_add_new.png HTTP/1.1" 304 -
101.85.120.95 - - [19/Jul/2022:12:40:37 +0800] "GET /xingrg/javascript/easyui/themes/icons/cance_new.png HTTP/1.1" 304 -
101.85.120.95 - - [19/Jul/2022:12:40:37 +0800] "GET /xingrg/javascript/easyui/themes/icons/check_new.png HTTP/1.1" 304 -
101.85.120.95 - - [19/Jul/2022:12:40:37 +0800] "GET /xingrg/javascript/easyui/themes/icons/field_new.png HTTP/1.1" 304 -
101.85.120.95 - - [19/Jul/2022:12:40:37 +0800] "GET /xingrg/javascript/easyui/themes/icons/import_new.png HTTP/1.1" 304 -
101.85.120.95 - - [19/Jul/2022:12:40:37 +0800] "GET /xingrg/javascript/easyui/plugins/jquery.parser.js HTTP/1.1" 304 -
101.85.120.95 - - [19/Jul/2022:12:40:37 +0800] "GET /xingrg/images/control/ajaxLoader.gif HTTP/1.1" 304 -
101.85.120.95 - - [19/Jul/2022:12:40:39 +0800] "POST /xingrg/kc/buy/cgsh_list_operate.html HTTP/1.1" 200 2078
101.85.120.95 - - [19/Jul/2022:12:40:40 +0800] "GET /xingrg/javascript/easyui/themes/default/images/button_plain_hover.png HTTP/1.1" 304 -
101.85.120.95 - - [19/Jul/2022:12:40:40 +0800] "GET /xingrg/javascript/pic_change.js HTTP/1.1" 304 -
101.85.120.95 - - [19/Jul/2022:12:40:40 +0800] "GET /xingrg/javascript/jquery_tools/order_manager.js HTTP/1.1" 304 -
101.85.120.95 - - [19/Jul/2022:12:40:40 +0800] "GET /xingrg/javascript/convert.js HTTP/1.1" 304 -
101.85.120.95 - - [19/Jul/2022:12:40:40 +0800] "GET /xingrg/javascript/json2.js HTTP/1.1" 304 -
101.85.120.95 - - [19/Jul/2022:12:40:40 +0800] "GET /xingrg/javascript/print/kc_print.js HTTP/1.1" 304 -
101.85.120.95 - - [19/Jul/2022:12:40:41 +0800] "GET /xingrg/kc/buy/cgsh_order_add.html HTTP/1.1" 200 67063
101.85.120.95 - - [19/Jul/2022:12:40:41 +0800] "GET /xingrg/words/20220718133644_words.js HTTP/1.1" 200 906184
101.85.120.95 - - [19/Jul/2022:12:40:41 +0800] "GET /xingrg/javascript/easyui/themes/icons/copy_new.png HTTP/1.1" 304 -
101.85.120.95 - - [19/Jul/2022:12:40:41 +0800] "GET /xingrg/javascript/easyui/themes/icons/ok.png HTTP/1.1" 304 -
101.85.120.95 - - [19/Jul/2022:12:40:41 +0800] "GET /xingrg/javascript/easyui/themes/icons/template_new.png HTTP/1.1" 304 -
101.85.120.95 - - [19/Jul/2022:12:40:41 +0800] "GET /xingrg/javascript/easyui/themes/icons/print.png HTTP/1.1" 304 -
101.85.120.95 - - [19/Jul/2022:12:40:41 +0800] "GET /xingrg/javascript/easyui/themes/default/images/menu_downarrow.png HTTP/1.1" 304 -
101.85.120.95 - - [19/Jul/2022:12:40:41 +0800] "GET /xingrg/javascript/easyui/themes/icons/cancel.png HTTP/1.1" 304 -
101.85.120.95 - - [19/Jul/2022:12:40:41 +0800] "POST /xingrg/kc/buy/cgsh_order_operate.html HTTP/1.1" 200 8245
101.85.120.95 - - [19/Jul/2022:12:40:41 +0800] "GET /xingrg/all/common/auto_word.html?type=employee&rest_code=00142 HTTP/1.1" 200 105
101.85.120.95 - - [19/Jul/2022:12:40:41 +0800] "GET /xingrg/javascript/easyui/themes/default/validatebox.css HTTP/1.1" 404 1104
101.85.120.95 - - [19/Jul/2022:12:40:41 +0800] "GET /xingrg/all/common/auto_word.html?type=employee&rest_code=00142 HTTP/1.1" 200 105
101.85.120.95 - - [19/Jul/2022:12:40:41 +0800] "GET /xingrg/javascript/easyui/plugins/jquery.validatebox.js HTTP/1.1" 304 -
101.85.120.95 - - [19/Jul/2022:12:40:41 +0800] "GET /xingrg/javascript/easyui/themes/icons/edit_remove.png HTTP/1.1" 304 -
101.85.120.95 - - [19/Jul/2022:12:40:41 +0800] "GET /xingrg/javascript/easyui/plugins/jquery.numberbox.js HTTP/1.1" 304 -
101.85.120.95 - - [19/Jul/2022:12:40:42 +0800] "GET /xingrg/javascript/auto/indicator.gif HTTP/1.1" 404 1066
180.175.103.110 - - [19/Jul/2022:12:40:44 +0800] "GET /xingrg/all/function/internal_message.html?_=1658205644195&CODE_STATE=getMsg HTTP/1.1" 200 27
58.37.4.65 - - [19/Jul/2022:12:40:45 +0800] "GET /xingrg/all/function/internal_message.html?_=1658205645325&CODE_STATE=getMsg HTTP/1.1" 200 27
101.85.120.95 - - [19/Jul/2022:12:40:52 +0800] "GET /xingrg/kc/buy/cgsh_order_operate.html?command=get_materiel&rest_code=00142&code=00101018011&supplier_code=00100207&order_time=2022-07-19 HTTP/1.1" 200 430
120.253.135.82 - - [19/Jul/2022:12:40:57 +0800] "GET /xingrg/all/function/internal_message.html?_=1658205785058&CODE_STATE=getMsg HTTP/1.1" 200 27
114.88.155.189 - - [19/Jul/2022:12:40:58 +0800] "GET /xingrg/all/function/internal_message.html?_=1658205350455&CODE_STATE=getMsg HTTP/1.1" 200 27
114.86.187.244 - - [19/Jul/2022:12:41:05 +0800] "GET /xingrg/all/function/internal_message.html?_=1658205664873&CODE_STATE=getMsg HTTP/1.1" 200 27
180.175.103.110 - - [19/Jul/2022:12:41:07 +0800] "GET /xingrg/check_reg.html?_=1658205667443 HTTP/1.1" 200 22
101.83.240.35 - - [19/Jul/2022:12:41:12 +0800] "GET /xingrg/all/function/internal_message.html?_=1658205668126&CODE_STATE=getMsg HTTP/1.1" 200 27
114.84.2.83 - - [19/Jul/2022:12:41:16 +0800] "GET /xingrg/all/function/internal_message.html?_=1658205674177&CODE_STATE=getMsg HTTP/1.1" 200 27
116.230.110.48 - - [19/Jul/2022:12:41:30 +0800] "GET /xingrg/all/function/internal_message.html?_=1658205689233&CODE_STATE=getMsg HTTP/1.1" 200 27
101.85.120.95 - - [19/Jul/2022:12:41:31 +0800] "GET /xingrg/all/function/internal_message.html?_=1658205689396&CODE_STATE=getMsg HTTP/1.1" 200 27
101.85.120.95 - - [19/Jul/2022:12:41:31 +0800] "GET /xingrg/kc/buy/cgsh_order_operate.html?command=get_materiel&rest_code=00142&code=00101010136&supplier_code=00100207&order_time=2022-07-19 HTTP/1.1" 200 408
58.35.196.166 - - [19/Jul/2022:12:41:32 +0800] "GET /xingrg/all/function/internal_message.html?_=1658205689879&CODE_STATE=getMsg HTTP/1.1" 200 27
116.228.172.94 - - [19/Jul/2022:12:41:34 +0800] "GET /xingrg/check_reg.html?_=1658205440901 HTTP/1.1" 200 22
116.228.172.94 - - [19/Jul/2022:12:41:34 +0800] "GET /xingrg/all/function/internal_message.html?_=1658205440905&CODE_STATE=getMsg HTTP/1.1" 200 27
218.81.223.53 - - [19/Jul/2022:12:41:35 +0800] "GET /xingrg/all/function/internal_message.html?_=1658205699618&CODE_STATE=getMsg HTTP/1.1" 200 27
180.175.103.110 - - [19/Jul/2022:12:41:44 +0800] "GET /xingrg/all/function/internal_message.html?_=1658205704171&CODE_STATE=getMsg HTTP/1.1" 200 27
58.37.4.65 - - [19/Jul/2022:12:41:45 +0800] "GET /xingrg/all/function/internal_message.html?_=1658205705325&CODE_STATE=getMsg HTTP/1.1" 200 27
101.85.120.95 - - [19/Jul/2022:12:41:55 +0800] "GET /xingrg/kc/buy/cgsh_order_operate.html?command=get_materiel&rest_code=00142&code=00101016104&supplier_code=00100207&order_time=2022-07-19 HTTP/1.1" 200 425
120.253.135.82 - - [19/Jul/2022:12:41:56 +0800] "GET /xingrg/check_reg.html?_=1658205844693 HTTP/1.1" 200 22
120.253.135.82 - - [19/Jul/2022:12:41:57 +0800] "GET /xingrg/all/function/internal_message.html?_=1658205845072&CODE_STATE=getMsg HTTP/1.1" 200 27
114.88.155.189 - - [19/Jul/2022:12:41:58 +0800] "GET /xingrg/all/function/internal_message.html?_=1658205410479&CODE_STATE=getMsg HTTP/1.1" 200 27
114.86.187.244 - - [19/Jul/2022:12:42:05 +0800] "GET /xingrg/all/function/internal_message.html?_=1658205724872&CODE_STATE=getMsg HTTP/1.1" 200 27
101.83.240.35 - - [19/Jul/2022:12:42:12 +0800] "GET /xingrg/all/function/internal_message.html?_=1658205728102&CODE_STATE=getMsg HTTP/1.1" 200 27
218.81.223.53 - - [19/Jul/2022:12:42:13 +0800] "GET /xingrg/check_reg.html?_=1658205737853 HTTP/1.1" 200 22
114.84.2.83 - - [19/Jul/2022:12:42:16 +0800] "GET /xingrg/all/function/internal_message.html?_=1658205734177&CODE_STATE=getMsg HTTP/1.1" 200 27
101.85.120.95 - - [19/Jul/2022:12:42:18 +0800] "GET /xingrg/kc/buy/cgsh_order_operate.html?command=get_materiel&rest_code=00142&code=00101003002&supplier_code=00100207&order_time=2022-07-19 HTTP/1.1" 200 411
116.230.110.48 - - [19/Jul/2022:12:42:30 +0800] "GET /xingrg/check_reg.html?_=1658205749233 HTTP/1.1" 200 22
116.230.110.48 - - [19/Jul/2022:12:42:31 +0800] "GET /xingrg/all/function/internal_message.html?_=1658205749236&CODE_STATE=getMsg HTTP/1.1" 200 27
101.85.120.95 - - [19/Jul/2022:12:42:31 +0800] "GET /xingrg/all/function/internal_message.html?_=1658205749398&CODE_STATE=getMsg HTTP/1.1" 200 27
58.35.196.166 - - [19/Jul/2022:12:42:32 +0800] "GET /xingrg/all/function/internal_message.html?_=1658205749859&CODE_STATE=getMsg HTTP/1.1" 200 27
116.228.172.94 - - [19/Jul/2022:12:42:34 +0800] "GET /xingrg/all/function/internal_message.html?_=1658205500898&CODE_STATE=getMsg HTTP/1.1" 200 27
218.81.223.53 - - [19/Jul/2022:12:42:35 +0800] "GET /xingrg/all/function/internal_message.html?_=1658205759632&CODE_STATE=getMsg HTTP/1.1" 200 27
180.175.103.110 - - [19/Jul/2022:12:42:44 +0800] "GET /xingrg/all/function/internal_message.html?_=1658205764150&CODE_STATE=getMsg HTTP/1.1" 200 27
58.37.4.65 - - [19/Jul/2022:12:42:45 +0800] "GET /xingrg/all/function/internal_message.html?_=1658205765324&CODE_STATE=getMsg HTTP/1.1" 200 27
120.253.135.82 - - [19/Jul/2022:12:42:57 +0800] "GET /xingrg/all/function/internal_message.html?_=1658205905085&CODE_STATE=getMsg HTTP/1.1" 200 27
114.88.155.189 - - [19/Jul/2022:12:42:58 +0800] "GET /xingrg/all/function/internal_message.html?_=1658205470478&CODE_STATE=getMsg HTTP/1.1" 200 27
114.88.155.189 - - [19/Jul/2022:12:42:58 +0800] "GET /xingrg/check_reg.html?_=1658205470479 HTTP/1.1" 200 22
101.85.120.95 - - [19/Jul/2022:12:43:00 +0800] "GET /xingrg/kc/buy/cgsh_order_operate.html?command=get_materiel&rest_code=00142&code=00101006193&supplier_code=00100207&order_time=2022-07-19 HTTP/1.1" 200 425
114.86.187.244 - - [19/Jul/2022:12:43:05 +0800] "GET /xingrg/all/function/internal_message.html?_=1658205784897&CODE_STATE=getMsg HTTP/1.1" 200 27
101.83.240.35 - - [19/Jul/2022:12:43:12 +0800] "GET /xingrg/all/function/internal_message.html?_=1658205788075&CODE_STATE=getMsg HTTP/1.1" 200 27
101.83.240.35 - - [19/Jul/2022:12:43:13 +0800] "GET /xingrg/check_reg.html?_=1658205789034 HTTP/1.1" 200 22
114.84.2.83 - - [19/Jul/2022:12:43:16 +0800] "GET /xingrg/all/function/internal_message.html?_=1658205794176&CODE_STATE=getMsg HTTP/1.1" 200 27
114.84.2.83 - - [19/Jul/2022:12:43:16 +0800] "GET /xingrg/check_reg.html?_=1658205794179 HTTP/1.1" 200 22
101.85.120.95 - - [19/Jul/2022:12:43:27 +0800] "GET /xingrg/kc/buy/cgsh_order_operate.html?command=get_materiel&rest_code=00142&code=00101001053&supplier_code=00100207&order_time=2022-07-19 HTTP/1.1" 200 411
116.230.110.48 - - [19/Jul/2022:12:43:30 +0800] "GET /xingrg/all/function/internal_message.html?_=1658205809230&CODE_STATE=getMsg HTTP/1.1" 200 27
101.85.120.95 - - [19/Jul/2022:12:43:31 +0800] "GET /xingrg/all/function/internal_message.html?_=1658205809401&CODE_STATE=getMsg HTTP/1.1" 200 27
58.35.196.166 - - [19/Jul/2022:12:43:32 +0800] "GET /xingrg/all/function/internal_message.html?_=1658205809835&CODE_STATE=getMsg HTTP/1.1" 200 27
116.228.172.94 - - [19/Jul/2022:12:43:34 +0800] "GET /xingrg/all/function/internal_message.html?_=1658205560907&CODE_STATE=getMsg HTTP/1.1" 200 27
218.81.223.53 - - [19/Jul/2022:12:43:35 +0800] "GET /xingrg/all/function/internal_message.html?_=1658205819646&CODE_STATE=getMsg HTTP/1.1" 200 27
180.175.103.110 - - [19/Jul/2022:12:43:44 +0800] "GET /xingrg/all/function/internal_message.html?_=1658205824118&CODE_STATE=getMsg HTTP/1.1" 200 27
101.85.120.95 - - [19/Jul/2022:12:43:45 +0800] "GET /xingrg/kc/buy/cgsh_order_operate.html?command=get_materiel&rest_code=00142&code=00101010161&supplier_code=00100207&order_time=2022-07-19 HTTP/1.1" 200 428
58.37.4.65 - - [19/Jul/2022:12:43:45 +0800] "GET /xingrg/check_reg.html?_=1658205825324 HTTP/1.1" 200 22
58.37.4.65 - - [19/Jul/2022:12:43:46 +0800] "GET /xingrg/all/function/internal_message.html?_=1658205825327&CODE_STATE=getMsg HTTP/1.1" 200 27
58.35.196.166 - - [19/Jul/2022:12:43:55 +0800] "GET /xingrg/check_reg.html?_=1658205832069 HTTP/1.1" 200 22
120.253.135.82 - - [19/Jul/2022:12:43:57 +0800] "GET /xingrg/all/function/internal_message.html?_=1658205965098&CODE_STATE=getMsg HTTP/1.1" 200 27
114.88.155.189 - - [19/Jul/2022:12:43:58 +0800] "GET /xingrg/all/function/internal_message.html?_=1658205530477&CODE_STATE=getMsg HTTP/1.1" 200 27
101.85.120.95 - - [19/Jul/2022:12:44:03 +0800] "POST /xingrg/kc/buy/cgsh_order_operate.html HTTP/1.1" 200 37
101.85.120.95 - - [19/Jul/2022:12:44:05 +0800] "POST /xingrg/kc/buy/cgsh_order_operate.html HTTP/1.1" 200 6192
114.86.187.244 - - [19/Jul/2022:12:44:05 +0800] "GET /xingrg/check_reg.html?_=1658205844931 HTTP/1.1" 200 22
114.86.187.244 - - [19/Jul/2022:12:44:05 +0800] "GET /xingrg/all/function/internal_message.html?_=1658205844930&CODE_STATE=getMsg HTTP/1.1" 200 27
101.85.120.95 - - [19/Jul/2022:12:44:10 +0800] "POST /xingrg/kc/buy/cgsh_order_operate.html HTTP/1.1" 200 37
101.85.120.95 - - [19/Jul/2022:12:44:11 +0800] "POST /xingrg/kc/buy/cgsh_order_operate.html HTTP/1.1" 200 6192
101.83.240.35 - - [19/Jul/2022:12:44:12 +0800] "GET /xingrg/all/function/internal_message.html?_=1658205848050&CODE_STATE=getMsg HTTP/1.1" 200 27
101.85.120.95 - - [19/Jul/2022:12:44:12 +0800] "GET /xingrg/javascript/jquery_easy_ui/themes/default/images/tabs_active.png HTTP/1.1" 304 -
114.84.2.83 - - [19/Jul/2022:12:44:16 +0800] "GET /xingrg/all/function/internal_message.html?_=1658205854178&CODE_STATE=getMsg HTTP/1.1" 200 27
101.85.120.95 - - [19/Jul/2022:12:44:16 +0800] "POST /xingrg/kc/buy/cgsh_list_operate.html HTTP/1.1" 200 2396
101.85.120.95 - - [19/Jul/2022:12:44:18 +0800] "GET /xingrg/kc/buy/cgsh_order_add.html HTTP/1.1" 200 67063
101.85.120.95 - - [19/Jul/2022:12:44:18 +0800] "POST /xingrg/kc/buy/cgsh_order_operate.html HTTP/1.1" 200 8245
101.85.120.95 - - [19/Jul/2022:12:44:18 +0800] "GET /xingrg/javascript/easyui/themes/default/validatebox.css HTTP/1.1" 404 1104
116.230.110.48 - - [19/Jul/2022:12:44:30 +0800] "GET /xingrg/all/function/internal_message.html?_=1658205869227&CODE_STATE=getMsg HTTP/1.1" 200 27
101.85.120.95 - - [19/Jul/2022:12:44:31 +0800] "GET /xingrg/all/function/internal_message.html?_=1658205869406&CODE_STATE=getMsg HTTP/1.1" 200 27
58.35.196.166 - - [19/Jul/2022:12:44:32 +0800] "GET /xingrg/all/function/internal_message.html?_=1658205869814&CODE_STATE=getMsg HTTP/1.1" 200 27
116.228.172.94 - - [19/Jul/2022:12:44:34 +0800] "GET /xingrg/all/function/internal_message.html?_=1658205620898&CODE_STATE=getMsg HTTP/1.1" 200 27
218.81.223.53 - - [19/Jul/2022:12:44:35 +0800] "GET /xingrg/all/function/internal_message.html?_=1658205880234&CODE_STATE=getMsg HTTP/1.1" 200 27
180.175.103.110 - - [19/Jul/2022:12:44:44 +0800] "GET /xingrg/all/function/internal_message.html?_=1658205884092&CODE_STATE=getMsg HTTP/1.1" 200 27
58.37.4.65 - - [19/Jul/2022:12:44:45 +0800] "GET /xingrg/all/function/internal_message.html?_=1658205885326&CODE_STATE=getMsg HTTP/1.1" 200 27
101.85.120.95 - - [19/Jul/2022:12:44:50 +0800] "GET /xingrg/kc/buy/cgsh_order_operate.html?command=get_materiel&rest_code=00142&code=00102002167&supplier_code=00100207&order_time=2022-07-19 HTTP/1.1" 200 409
114.88.155.189 - - [19/Jul/2022:12:44:58 +0800] "GET /xingrg/all/function/internal_message.html?_=1658205590476&CODE_STATE=getMsg HTTP/1.1" 200 27
120.253.135.82 - - [19/Jul/2022:12:45:01 +0800] "GET /xingrg/all/function/internal_message.html?_=1658206025120&CODE_STATE=getMsg HTTP/1.1" 200 27
114.86.187.244 - - [19/Jul/2022:12:45:02 +0800] "GET /xingrg/javascript/jquery_tools/jquery-1.4.2.min.js HTTP/1.1" 404 1094
114.86.187.244 - - [19/Jul/2022:12:45:02 +0800] "GET /xingrg/kc/mdqp/pssh_order_info.html?code=312022071800298 HTTP/1.1" 200 17303
114.86.187.244 - - [19/Jul/2022:12:45:03 +0800] "GET /xingrg/words/20220718133644_words.js HTTP/1.1" 304 -
114.86.187.244 - - [19/Jul/2022:12:45:03 +0800] "POST /xingrg/kc/mdqp/pssh_order_operate.html HTTP/1.1" 200 5771
114.86.187.244 - - [19/Jul/2022:12:45:03 +0800] "GET /xingrg/javascript/easyui/themes/default/validatebox.css HTTP/1.1" 404 1104
114.86.187.244 - - [19/Jul/2022:12:45:03 +0800] "GET /xingrg/all/common/auto_word.html?type=employee&rest_code=00148 HTTP/1.1" 200 243
114.86.187.244 - - [19/Jul/2022:12:45:03 +0800] "GET /xingrg/all/common/auto_word.html?type=base&rest_code=00148&rest_code=00148 HTTP/1.1" 200 1799
114.86.187.244 - - [19/Jul/2022:12:45:04 +0800] "GET /xingrg/kc/print/load_config.html?kc_code=pssh HTTP/1.1" 200 2291
114.86.187.244 - - [19/Jul/2022:12:45:04 +0800] "GET /xingrg/kc/print/load_data.html?order_code=312022071800298&kc_code=pssh&condition= HTTP/1.1" 200 2355
114.86.187.244 - - [19/Jul/2022:12:45:05 +0800] "GET /xingrg/all/function/internal_message.html?_=1658205904910&CODE_STATE=getMsg HTTP/1.1" 200 27
114.86.187.244 - - [19/Jul/2022:12:45:08 +0800] "GET /xingrg/kc/mdqp/pssh_order_list.html?isBack=1 HTTP/1.1" 200 17819
114.86.187.244 - - [19/Jul/2022:12:45:08 +0800] "POST /xingrg/kc/mdqp/pssh_list_operate.html HTTP/1.1" 200 5368
114.86.187.244 - - [19/Jul/2022:12:45:08 +0800] "POST /xingrg/kc/mdqp/pssh_list_operate.html HTTP/1.1" 200 765
114.86.187.244 - - [19/Jul/2022:12:45:09 +0800] "POST /xingrg/kc/mdqp/pssh_list_operate.html HTTP/1.1" 200 816
114.86.187.244 - - [19/Jul/2022:12:45:10 +0800] "GET /xingrg/kc/mdqp/pssh_order_info.html?code=312022071800298 HTTP/1.1" 200 17303
114.86.187.244 - - [19/Jul/2022:12:45:10 +0800] "GET /xingrg/javascript/jquery_tools/jquery-1.4.2.min.js HTTP/1.1" 404 1094
114.86.187.244 - - [19/Jul/2022:12:45:10 +0800] "POST /xingrg/kc/mdqp/pssh_order_operate.html HTTP/1.1" 200 5771
114.86.187.244 - - [19/Jul/2022:12:45:10 +0800] "GET /xingrg/javascript/easyui/themes/default/validatebox.css HTTP/1.1" 404 1104
101.83.240.35 - - [19/Jul/2022:12:45:12 +0800] "GET /xingrg/all/function/internal_message.html?_=1658205908038&CODE_STATE=getMsg HTTP/1.1" 200 27
114.86.187.244 - - [19/Jul/2022:12:45:14 +0800] "POST /xingrg/all/common/load_combo.html?type=employee HTTP/1.1" 200 444
114.84.2.83 - - [19/Jul/2022:12:45:16 +0800] "GET /xingrg/all/function/internal_message.html?_=1658205914178&CODE_STATE=getMsg HTTP/1.1" 200 27
114.86.187.244 - - [19/Jul/2022:12:45:17 +0800] "POST /xingrg/kc/mdqp/pssh_order_operate.html HTTP/1.1" 200 37
114.86.187.244 - - [19/Jul/2022:12:45:17 +0800] "POST /xingrg/kc/mdqp/pssh_order_operate.html HTTP/1.1" 200 12
101.85.120.95 - - [19/Jul/2022:12:45:18 +0800] "GET /xingrg/kc/buy/cgsh_order_operate.html?command=get_materiel&rest_code=00142&code=00102002123&supplier_code=00100207&order_time=2022-07-19 HTTP/1.1" 200 412
114.86.187.244 - - [19/Jul/2022:12:45:18 +0800] "GET /xingrg/kc/mdqp/pssh_order_info.html?code=312022071800298 HTTP/1.1" 200 14388
114.86.187.244 - - [19/Jul/2022:12:45:18 +0800] "GET /xingrg/javascript/jquery_tools/jquery-1.4.2.min.js HTTP/1.1" 404 1094
114.86.187.244 - - [19/Jul/2022:12:45:18 +0800] "POST /xingrg/kc/mdqp/pssh_order_operate.html HTTP/1.1" 200 5771
114.86.187.244 - - [19/Jul/2022:12:45:18 +0800] "GET /xingrg/javascript/easyui/themes/default/validatebox.css HTTP/1.1" 404 1104
114.86.187.244 - - [19/Jul/2022:12:45:19 +0800] "GET /xingrg/kc/mdqp/pssh_order_list.html?isBack=1 HTTP/1.1" 200 17819
114.86.187.244 - - [19/Jul/2022:12:45:19 +0800] "POST /xingrg/kc/mdqp/pssh_list_operate.html HTTP/1.1" 200 5390
114.86.187.244 - - [19/Jul/2022:12:45:20 +0800] "POST /xingrg/kc/mdqp/pssh_list_operate.html HTTP/1.1" 200 816
114.86.187.244 - - [19/Jul/2022:12:45:20 +0800] "POST /xingrg/kc/mdqp/pssh_list_operate.html HTTP/1.1" 200 814
114.86.187.244 - - [19/Jul/2022:12:45:20 +0800] "GET /xingrg/kc/mdqp/pssh_order_info.html?code=312022071800297 HTTP/1.1" 200 17303
114.86.187.244 - - [19/Jul/2022:12:45:20 +0800] "GET /xingrg/javascript/jquery_tools/jquery-1.4.2.min.js HTTP/1.1" 404 1094
114.86.187.244 - - [19/Jul/2022:12:45:21 +0800] "POST /xingrg/kc/mdqp/pssh_order_operate.html HTTP/1.1" 200 9121
114.86.187.244 - - [19/Jul/2022:12:45:21 +0800] "GET /xingrg/javascript/easyui/themes/default/validatebox.css HTTP/1.1" 404 1104
114.86.187.244 - - [19/Jul/2022:12:45:22 +0800] "POST /xingrg/all/common/load_combo.html?type=employee HTTP/1.1" 200 444
114.86.187.244 - - [19/Jul/2022:12:45:26 +0800] "POST /xingrg/kc/mdqp/pssh_order_operate.html HTTP/1.1" 200 37
114.86.187.244 - - [19/Jul/2022:12:45:26 +0800] "POST /xingrg/kc/mdqp/pssh_order_operate.html HTTP/1.1" 200 12
114.86.187.244 - - [19/Jul/2022:12:45:27 +0800] "GET /xingrg/kc/mdqp/pssh_order_info.html?code=312022071800297 HTTP/1.1" 200 14388
114.86.187.244 - - [19/Jul/2022:12:45:27 +0800] "GET /xingrg/javascript/jquery_tools/jquery-1.4.2.min.js HTTP/1.1" 404 1094
114.86.187.244 - - [19/Jul/2022:12:45:27 +0800] "POST /xingrg/kc/mdqp/pssh_order_operate.html HTTP/1.1" 200 9121
114.86.187.244 - - [19/Jul/2022:12:45:27 +0800] "GET /xingrg/javascript/easyui/themes/default/validatebox.css HTTP/1.1" 404 1104
114.86.187.244 - - [19/Jul/2022:12:45:28 +0800] "GET /xingrg/kc/print/load_data.html?order_code=312022071800297&kc_code=pssh&condition= HTTP/1.1" 200 3726
116.230.110.48 - - [19/Jul/2022:12:45:30 +0800] "GET /xingrg/all/function/internal_message.html?_=1658205929219&CODE_STATE=getMsg HTTP/1.1" 200 27
101.85.120.95 - - [19/Jul/2022:12:45:31 +0800] "GET /xingrg/check_reg.html?_=1658205929400 HTTP/1.1" 200 22
101.85.120.95 - - [19/Jul/2022:12:45:31 +0800] "GET /xingrg/all/function/internal_message.html?_=1658205929404&CODE_STATE=getMsg HTTP/1.1" 200 27
114.86.187.244 - - [19/Jul/2022:12:45:32 +0800] "GET /xingrg/kc/mdqp/pssh_order_list.html?isBack=1 HTTP/1.1" 200 17819
114.86.187.244 - - [19/Jul/2022:12:45:32 +0800] "POST /xingrg/kc/mdqp/pssh_list_operate.html HTTP/1.1" 200 5412
58.35.196.166 - - [19/Jul/2022:12:45:32 +0800] "GET /xingrg/all/function/internal_message.html?_=1658205929797&CODE_STATE=getMsg HTTP/1.1" 200 27
114.86.187.244 - - [19/Jul/2022:12:45:33 +0800] "POST /xingrg/kc/mdqp/pssh_list_operate.html HTTP/1.1" 200 583
114.86.187.244 - - [19/Jul/2022:12:45:34 +0800] "POST /xingrg/kc/mdqp/pssh_list_operate.html HTTP/1.1" 200 814
114.86.187.244 - - [19/Jul/2022:12:45:34 +0800] "GET /xingrg/javascript/jquery_tools/jquery-1.4.2.min.js HTTP/1.1" 404 1094
114.86.187.244 - - [19/Jul/2022:12:45:34 +0800] "GET /xingrg/kc/mdqp/pssh_order_info.html?code=312022071800296 HTTP/1.1" 200 17303
114.86.187.244 - - [19/Jul/2022:12:45:34 +0800] "POST /xingrg/kc/mdqp/pssh_order_operate.html HTTP/1.1" 200 2149
114.86.187.244 - - [19/Jul/2022:12:45:34 +0800] "GET /xingrg/javascript/easyui/themes/default/validatebox.css HTTP/1.1" 404 1104
116.228.172.94 - - [19/Jul/2022:12:45:34 +0800] "GET /xingrg/all/function/internal_message.html?_=1658205680916&CODE_STATE=getMsg HTTP/1.1" 200 27
218.81.223.53 - - [19/Jul/2022:12:45:35 +0800] "GET /xingrg/all/function/internal_message.html?_=1658205940234&CODE_STATE=getMsg HTTP/1.1" 200 27
114.86.187.244 - - [19/Jul/2022:12:45:36 +0800] "POST /xingrg/all/common/load_combo.html?type=employee HTTP/1.1" 200 444
114.86.187.244 - - [19/Jul/2022:12:45:39 +0800] "POST /xingrg/kc/mdqp/pssh_order_operate.html HTTP/1.1" 200 37
114.86.187.244 - - [19/Jul/2022:12:45:40 +0800] "POST /xingrg/kc/mdqp/pssh_order_operate.html HTTP/1.1" 200 12
114.86.187.244 - - [19/Jul/2022:12:45:40 +0800] "GET /xingrg/kc/mdqp/pssh_order_info.html?code=312022071800296 HTTP/1.1" 200 14388
114.86.187.244 - - [19/Jul/2022:12:45:40 +0800] "GET /xingrg/javascript/jquery_tools/jquery-1.4.2.min.js HTTP/1.1" 404 1094
114.86.187.244 - - [19/Jul/2022:12:45:40 +0800] "POST /xingrg/kc/mdqp/pssh_order_operate.html HTTP/1.1" 200 2149
114.86.187.244 - - [19/Jul/2022:12:45:40 +0800] "GET /xingrg/javascript/easyui/themes/default/validatebox.css HTTP/1.1" 404 1104
114.86.187.244 - - [19/Jul/2022:12:45:41 +0800] "GET /xingrg/kc/print/load_data.html?order_code=312022071800296&kc_code=pssh&condition= HTTP/1.1" 200 1251
180.175.103.110 - - [19/Jul/2022:12:45:44 +0800] "GET /xingrg/all/function/internal_message.html?_=1658205944064&CODE_STATE=getMsg HTTP/1.1" 200 27
114.86.187.244 - - [19/Jul/2022:12:45:44 +0800] "GET /xingrg/kc/mdqp/pssh_order_list.html?isBack=1 HTTP/1.1" 200 17819
114.86.187.244 - - [19/Jul/2022:12:45:44 +0800] "POST /xingrg/kc/mdqp/pssh_list_operate.html HTTP/1.1" 200 5434
114.86.187.244 - - [19/Jul/2022:12:45:45 +0800] "POST /xingrg/kc/mdqp/pssh_list_operate.html HTTP/1.1" 200 452
58.37.4.65 - - [19/Jul/2022:12:45:45 +0800] "GET /xingrg/all/function/internal_message.html?_=1658205945326&CODE_STATE=getMsg HTTP/1.1" 200 27
114.86.187.244 - - [19/Jul/2022:12:45:45 +0800] "POST /xingrg/kc/mdqp/pssh_list_operate.html HTTP/1.1" 200 814
114.86.187.244 - - [19/Jul/2022:12:45:46 +0800] "GET /xingrg/kc/mdqp/pssh_order_info.html?code=312022071800299 HTTP/1.1" 200 17272
114.86.187.244 - - [19/Jul/2022:12:45:46 +0800] "GET /xingrg/javascript/jquery_tools/jquery-1.4.2.min.js HTTP/1.1" 404 1094
114.86.187.244 - - [19/Jul/2022:12:45:46 +0800] "POST /xingrg/kc/mdqp/pssh_order_operate.html HTTP/1.1" 200 1565
114.86.187.244 - - [19/Jul/2022:12:45:46 +0800] "GET /xingrg/javascript/easyui/themes/default/validatebox.css HTTP/1.1" 404 1104
101.85.120.95 - - [19/Jul/2022:12:45:46 +0800] "POST /xingrg/kc/buy/cgsh_order_operate.html HTTP/1.1" 200 37
114.86.187.244 - - [19/Jul/2022:12:45:47 +0800] "POST /xingrg/all/common/load_combo.html?type=base&rest_code=00148 HTTP/1.1" 200 3227
101.85.120.95 - - [19/Jul/2022:12:45:47 +0800] "POST /xingrg/kc/buy/cgsh_order_operate.html HTTP/1.1" 200 3245
114.86.187.244 - - [19/Jul/2022:12:45:51 +0800] "POST /xingrg/all/common/load_combo.html?type=employee HTTP/1.1" 200 444
114.86.187.244 - - [19/Jul/2022:12:45:53 +0800] "POST /xingrg/kc/mdqp/pssh_order_operate.html HTTP/1.1" 200 37
114.86.187.244 - - [19/Jul/2022:12:45:53 +0800] "POST /xingrg/kc/mdqp/pssh_order_operate.html HTTP/1.1" 200 12
114.86.187.244 - - [19/Jul/2022:12:45:54 +0800] "GET /xingrg/kc/mdqp/pssh_order_info.html?code=312022071800299 HTTP/1.1" 200 14386
114.86.187.244 - - [19/Jul/2022:12:45:54 +0800] "GET /xingrg/javascript/jquery_tools/jquery-1.4.2.min.js HTTP/1.1" 404 1094
114.86.187.244 - - [19/Jul/2022:12:45:54 +0800] "POST /xingrg/kc/mdqp/pssh_order_operate.html HTTP/1.1" 200 1565
114.86.187.244 - - [19/Jul/2022:12:45:54 +0800] "GET /xingrg/javascript/easyui/themes/default/validatebox.css HTTP/1.1" 404 1104
114.86.187.244 - - [19/Jul/2022:12:45:55 +0800] "GET /xingrg/kc/print/load_data.html?order_code=312022071800299&kc_code=pssh&condition= HTTP/1.1" 200 1000
120.253.135.82 - - [19/Jul/2022:12:45:57 +0800] "GET /xingrg/all/function/internal_message.html?_=1658206085126&CODE_STATE=getMsg HTTP/1.1" 200 27
