101.83.240.35 - - [19/Jul/2022:13:02:29 +0800] "POST /xingrg/kc/base/wldb_order_operate.html HTTP/1.1" 200 2210
101.83.240.35 - - [19/Jul/2022:13:02:29 +0800] "GET /xingrg/kc/base/wldb_order_info.html?code=422022071901181 HTTP/1.1" 200 30375
101.83.240.35 - - [19/Jul/2022:13:02:30 +0800] "GET /xingrg/javascript/easyui/themes/default/validatebox.css HTTP/1.1" 404 1104
101.83.240.35 - - [19/Jul/2022:13:02:30 +0800] "POST /xingrg/kc/base/wldb_order_operate.html HTTP/1.1" 200 2210
116.230.110.48 - - [19/Jul/2022:13:02:31 +0800] "GET /xingrg/all/function/internal_message.html?_=1658206949219&CODE_STATE=getMsg HTTP/1.1" 200 27
116.230.110.48 - - [19/Jul/2022:13:02:31 +0800] "GET /xingrg/check_reg.html?_=1658206949223 HTTP/1.1" 200 22
101.85.120.95 - - [19/Jul/2022:13:02:31 +0800] "GET /xingrg/all/function/internal_message.html?_=1658206949426&CODE_STATE=getMsg HTTP/1.1" 200 27
101.83.240.35 - - [19/Jul/2022:13:02:31 +0800] "GET /xingrg/kc/base/wldb_order_add.html HTTP/1.1" 200 30362
101.83.223.227 - - [19/Jul/2022:13:02:32 +0800] "POST /xingrg/all/common/load_tree.html?tree=materiel_sort_tree_json HTTP/1.1" 200 9388
101.83.223.227 - - [19/Jul/2022:13:02:32 +0800] "GET /favicon.ico HTTP/1.1" 404 -
101.83.240.35 - - [19/Jul/2022:13:02:32 +0800] "POST /xingrg/kc/base/wldb_order_operate.html HTTP/1.1" 200 6806
101.83.240.35 - - [19/Jul/2022:13:02:32 +0800] "GET /xingrg/javascript/easyui/themes/default/validatebox.css HTTP/1.1" 404 1104
58.35.196.166 - - [19/Jul/2022:13:02:32 +0800] "GET /xingrg/all/function/internal_message.html?_=1658206949428&CODE_STATE=getMsg HTTP/1.1" 200 27
116.228.172.94 - - [19/Jul/2022:13:02:34 +0800] "GET /xingrg/all/function/internal_message.html?_=1658206700891&CODE_STATE=getMsg HTTP/1.1" 200 27
101.85.120.95 - - [19/Jul/2022:13:02:36 +0800] "GET /xingrg/kc/buy/cgsh_order_operate.html?command=get_materiel&rest_code=00142&code=00102002117&supplier_code=00100207&order_time=2022-07-19 HTTP/1.1" 200 433
101.83.240.35 - - [19/Jul/2022:13:02:37 +0800] "GET /xingrg/kc/base/wldb_order_operate.html?command=get_materiel&rest_code=00149&base_code=0010394&code=00101019391 HTTP/1.1" 200 485
58.37.4.65 - - [19/Jul/2022:13:02:38 +0800] "GET /xingrg/kc/buy/cgsh_order_operate.html?command=get_materiel&rest_code=00106&code=00101008355&supplier_code=00100007&order_time=2022-07-19 HTTP/1.1" 200 408
101.83.223.227 - - [19/Jul/2022:13:02:38 +0800] "GET /xingrg/all/function/internal_message.html?_=1658206909030&CODE_STATE=getMsg HTTP/1.1" 200 27
101.83.223.227 - - [19/Jul/2022:13:02:39 +0800] "GET /xingrg/kc/buy/cgsh_order_operate.html?command=get_materiel&rest_code=00151&code=00101008331&supplier_code=00100007&order_time=2022-07-19 HTTP/1.1" 200 416
218.81.223.53 - - [19/Jul/2022:13:02:39 +0800] "GET /xingrg/all/function/internal_message.html?_=1658206964255&CODE_STATE=getMsg HTTP/1.1" 200 27
101.83.240.35 - - [19/Jul/2022:13:02:41 +0800] "GET /xingrg/kc/base/wldb_order_operate.html?command=get_materiel&rest_code=00149&base_code=0010394&code=00101019438 HTTP/1.1" 200 462
180.175.103.110 - - [19/Jul/2022:13:02:43 +0800] "GET /xingrg/all/function/internal_message.html?_=1658206963661&CODE_STATE=getMsg HTTP/1.1" 200 27
101.83.240.35 - - [19/Jul/2022:13:02:44 +0800] "GET /xingrg/kc/base/wldb_order_operate.html?command=get_materiel&rest_code=00149&base_code=0010394&code=00101019249 HTTP/1.1" 200 470
101.83.223.227 - - [19/Jul/2022:13:02:45 +0800] "GET /xingrg/kc/buy/cgsh_order_operate.html?command=get_materiel&rest_code=00151&code=00101008261&supplier_code=00100007&order_time=2022-07-19 HTTP/1.1" 200 424
101.83.240.35 - - [19/Jul/2022:13:02:53 +0800] "GET /xingrg/kc/base/wldb_order_operate.html?command=get_materiel&rest_code=00149&base_code=0010394&code=00101019187 HTTP/1.1" 200 479
58.37.4.65 - - [19/Jul/2022:13:02:53 +0800] "GET /xingrg/kc/buy/cgsh_order_operate.html?command=get_materiel&rest_code=00106&code=00101008144&supplier_code=00100007&order_time=2022-07-19 HTTP/1.1" 200 412
101.83.223.227 - - [19/Jul/2022:13:02:55 +0800] "GET /xingrg/kc/buy/cgsh_order_operate.html?command=get_materiel&rest_code=00151&code=00101008357&supplier_code=00100007&order_time=2022-07-19 HTTP/1.1" 200 408
114.88.155.189 - - [19/Jul/2022:13:02:58 +0800] "GET /xingrg/all/function/internal_message.html?_=1658206670532&CODE_STATE=getMsg HTTP/1.1" 200 27
114.88.155.189 - - [19/Jul/2022:13:02:58 +0800] "GET /xingrg/check_reg.html?_=1658206670534 HTTP/1.1" 200 22
101.83.240.35 - - [19/Jul/2022:13:02:58 +0800] "GET /xingrg/kc/base/wldb_order_operate.html?command=get_materiel&rest_code=00149&base_code=0010394&code=00101019527 HTTP/1.1" 200 474
101.83.223.227 - - [19/Jul/2022:13:03:02 +0800] "GET /xingrg/kc/buy/cgsh_order_operate.html?command=get_materiel&rest_code=00151&code=00101008300&supplier_code=00100007&order_time=2022-07-19 HTTP/1.1" 200 427
101.83.240.35 - - [19/Jul/2022:13:03:04 +0800] "GET /xingrg/kc/base/wldb_order_operate.html?command=get_materiel&rest_code=00149&base_code=0010394&code=00101016086 HTTP/1.1" 200 468
114.86.187.244 - - [19/Jul/2022:13:03:05 +0800] "GET /xingrg/all/function/internal_message.html?_=1658206984933&CODE_STATE=getMsg HTTP/1.1" 200 27
58.37.4.65 - - [19/Jul/2022:13:03:06 +0800] "GET /xingrg/kc/buy/cgsh_order_operate.html?command=get_materiel&rest_code=00106&code=00101008067&supplier_code=00100007&order_time=2022-07-19 HTTP/1.1" 200 416
101.83.240.35 - - [19/Jul/2022:13:03:09 +0800] "GET /xingrg/kc/base/wldb_order_operate.html?command=get_materiel&rest_code=00149&base_code=0010394&code=00101019750 HTTP/1.1" 200 456
101.83.223.227 - - [19/Jul/2022:13:03:10 +0800] "GET /xingrg/kc/buy/cgsh_order_operate.html?command=get_materiel&rest_code=00151&code=00101008144&supplier_code=00100007&order_time=2022-07-19 HTTP/1.1" 200 412
120.253.135.82 - - [19/Jul/2022:13:03:11 +0800] "GET /xingrg/all/function/internal_message.html?_=1658207119351&CODE_STATE=getMsg HTTP/1.1" 200 27
101.83.240.35 - - [19/Jul/2022:13:03:12 +0800] "GET /xingrg/all/function/internal_message.html?_=1658206988128&CODE_STATE=getMsg HTTP/1.1" 200 27
101.83.240.35 - - [19/Jul/2022:13:03:13 +0800] "GET /xingrg/check_reg.html?_=1658206989024 HTTP/1.1" 200 22
101.83.223.227 - - [19/Jul/2022:13:03:14 +0800] "GET /favicon.ico HTTP/1.1" 404 -
101.83.223.227 - - [19/Jul/2022:13:03:14 +0800] "POST /xingrg/all/common/load_tree.html?tree=materiel_sort_tree_json HTTP/1.1" 200 9388
101.85.120.95 - - [19/Jul/2022:13:03:16 +0800] "GET /xingrg/kc/buy/cgsh_order_operate.html?command=get_materiel&rest_code=00142&code=00102002118&supplier_code=00100207&order_time=2022-07-19 HTTP/1.1" 200 465
114.84.2.83 - - [19/Jul/2022:13:03:16 +0800] "GET /xingrg/check_reg.html?_=1658206994207 HTTP/1.1" 200 22
114.84.2.83 - - [19/Jul/2022:13:03:16 +0800] "GET /xingrg/all/function/internal_message.html?_=1658206994205&CODE_STATE=getMsg HTTP/1.1" 200 27
101.85.120.95 - - [19/Jul/2022:13:03:17 +0800] "POST /xingrg/all/common/load_select.html HTTP/1.1" 200 38
101.83.240.35 - - [19/Jul/2022:13:03:19 +0800] "GET /xingrg/kc/base/wldb_order_operate.html?command=get_materiel&rest_code=00149&base_code=0010394&code=00101019392 HTTP/1.1" 200 475
101.83.223.227 - - [19/Jul/2022:13:03:20 +0800] "GET /xingrg/kc/buy/cgsh_order_operate.html?command=get_materiel&rest_code=00151&code=00101016025&supplier_code=00100007&order_time=2022-07-19 HTTP/1.1" 200 408
116.230.110.48 - - [19/Jul/2022:13:03:21 +0800] "POST /xingrg/services/DataTransmitService HTTP/1.1" 200 524
101.85.120.95 - - [19/Jul/2022:13:03:21 +0800] "GET /xingrg/kc/buy/cgsh_order_operate.html?command=get_materiel_price&rest_code=00142&code=00102002118&unit_code=00100339&supplier_code=00100207&order_time=2022-07-19 HTTP/1.1" 200 28
116.230.110.48 - - [19/Jul/2022:13:03:22 +0800] "POST /xingrg/services/DataTransmitService HTTP/1.1" 200 501
116.230.110.48 - - [19/Jul/2022:13:03:22 +0800] "POST /xingrg/services/DataTransmitService HTTP/1.1" 200 501
116.230.110.48 - - [19/Jul/2022:13:03:23 +0800] "POST /xingrg/services/DataTransmitService HTTP/1.1" 200 501
116.230.110.48 - - [19/Jul/2022:13:03:23 +0800] "POST /xingrg/services/DataTransmitService HTTP/1.1" 200 501
116.230.110.48 - - [19/Jul/2022:13:03:23 +0800] "POST /xingrg/services/DataTransmitService HTTP/1.1" 200 501
116.230.110.48 - - [19/Jul/2022:13:03:23 +0800] "POST /xingrg/services/DataTransmitService HTTP/1.1" 200 501
116.230.110.48 - - [19/Jul/2022:13:03:23 +0800] "POST /xingrg/services/DataTransmitService HTTP/1.1" 200 501
101.83.240.35 - - [19/Jul/2022:13:03:23 +0800] "GET /xingrg/kc/base/wldb_order_operate.html?command=get_materiel&rest_code=00149&base_code=0010394&code=00101019161 HTTP/1.1" 200 433
116.230.110.48 - - [19/Jul/2022:13:03:24 +0800] "POST /xingrg/services/DataTransmitService HTTP/1.1" 200 501
116.230.110.48 - - [19/Jul/2022:13:03:24 +0800] "POST /xingrg/services/DataTransmitService HTTP/1.1" 200 501
116.230.110.48 - - [19/Jul/2022:13:03:24 +0800] "POST /xingrg/services/DataTransmitService HTTP/1.1" 200 412
101.83.240.35 - - [19/Jul/2022:13:03:29 +0800] "GET /xingrg/kc/base/wldb_order_operate.html?command=get_materiel&rest_code=00149&base_code=0010394&code=00101016065 HTTP/1.1" 200 468
101.83.223.227 - - [19/Jul/2022:13:03:29 +0800] "GET /xingrg/kc/buy/cgsh_order_operate.html?command=get_materiel&rest_code=00151&code=00101008017&supplier_code=00100007&order_time=2022-07-19 HTTP/1.1" 200 416
116.230.110.48 - - [19/Jul/2022:13:03:31 +0800] "GET /xingrg/all/function/internal_message.html?_=1658207009225&CODE_STATE=getMsg HTTP/1.1" 200 27
101.85.120.95 - - [19/Jul/2022:13:03:31 +0800] "GET /xingrg/all/function/internal_message.html?_=1658207009423&CODE_STATE=getMsg HTTP/1.1" 200 27
58.35.196.166 - - [19/Jul/2022:13:03:32 +0800] "GET /xingrg/all/function/internal_message.html?_=1658207009413&CODE_STATE=getMsg HTTP/1.1" 200 27
101.83.240.35 - - [19/Jul/2022:13:03:33 +0800] "GET /xingrg/kc/base/wldb_order_operate.html?command=get_materiel&rest_code=00149&base_code=0010394&code=00101019424 HTTP/1.1" 200 450
116.228.172.94 - - [19/Jul/2022:13:03:34 +0800] "GET /xingrg/all/function/internal_message.html?_=1658206760896&CODE_STATE=getMsg HTTP/1.1" 200 27
101.83.240.35 - - [19/Jul/2022:13:03:37 +0800] "GET /xingrg/kc/base/wldb_order_operate.html?command=get_materiel&rest_code=00149&base_code=0010394&code=00101016037 HTTP/1.1" 200 449
101.83.223.227 - - [19/Jul/2022:13:03:38 +0800] "GET /xingrg/all/function/internal_message.html?_=1658206969043&CODE_STATE=getMsg HTTP/1.1" 200 27
218.81.223.53 - - [19/Jul/2022:13:03:39 +0800] "GET /xingrg/all/function/internal_message.html?_=1658207024268&CODE_STATE=getMsg HTTP/1.1" 200 27
101.83.223.227 - - [19/Jul/2022:13:03:41 +0800] "GET /xingrg/kc/buy/cgsh_order_operate.html?command=get_materiel&rest_code=00151&code=00101008137&supplier_code=00100007&order_time=2022-07-19 HTTP/1.1" 200 408
101.85.120.95 - - [19/Jul/2022:13:03:41 +0800] "POST /xingrg/kc/buy/cgsh_order_operate.html HTTP/1.1" 200 37
58.37.4.65 - - [19/Jul/2022:13:03:43 +0800] "GET /xingrg/kc/buy/cgsh_order_operate.html?command=get_materiel&rest_code=00106&code=00101008059&supplier_code=00100007&order_time=2022-07-19 HTTP/1.1" 200 408
180.175.103.110 - - [19/Jul/2022:13:03:43 +0800] "GET /xingrg/all/function/internal_message.html?_=1658207023656&CODE_STATE=getMsg HTTP/1.1" 200 27
101.85.120.95 - - [19/Jul/2022:13:03:43 +0800] "POST /xingrg/kc/buy/cgsh_order_operate.html HTTP/1.1" 200 5638
101.83.240.35 - - [19/Jul/2022:13:03:44 +0800] "GET /xingrg/kc/base/wldb_order_operate.html?command=get_materiel&rest_code=00149&base_code=0010394&code=00101019270 HTTP/1.1" 200 479
101.85.120.95 - - [19/Jul/2022:13:03:49 +0800] "POST /xingrg/kc/buy/cgsh_order_operate.html HTTP/1.1" 200 37
101.85.120.95 - - [19/Jul/2022:13:03:51 +0800] "POST /xingrg/kc/buy/cgsh_order_operate.html HTTP/1.1" 200 5638
101.83.223.227 - - [19/Jul/2022:13:03:53 +0800] "GET /xingrg/kc/buy/cgsh_order_operate.html?command=get_materiel&rest_code=00151&code=00101008362&supplier_code=00100007&order_time=2022-07-19 HTTP/1.1" 200 408
101.83.240.35 - - [19/Jul/2022:13:03:54 +0800] "GET /xingrg/kc/base/wldb_order_operate.html?command=get_materiel&rest_code=00149&base_code=0010394&code=00101019259 HTTP/1.1" 200 479
58.35.196.166 - - [19/Jul/2022:13:03:55 +0800] "GET /xingrg/check_reg.html?_=1658207032072 HTTP/1.1" 200 22
114.88.155.189 - - [19/Jul/2022:13:03:58 +0800] "GET /xingrg/all/function/internal_message.html?_=1658206730532&CODE_STATE=getMsg HTTP/1.1" 200 27
101.83.223.227 - - [19/Jul/2022:13:04:01 +0800] "GET /xingrg/kc/buy/cgsh_order_operate.html?command=get_materiel&rest_code=00151&code=00101008114&supplier_code=00100007&order_time=2022-07-19 HTTP/1.1" 200 412
114.86.187.244 - - [19/Jul/2022:13:04:05 +0800] "GET /xingrg/check_reg.html?_=1658207044932 HTTP/1.1" 200 22
114.86.187.244 - - [19/Jul/2022:13:04:05 +0800] "GET /xingrg/all/function/internal_message.html?_=1658207044935&CODE_STATE=getMsg HTTP/1.1" 200 27
101.85.120.95 - - [19/Jul/2022:13:04:05 +0800] "POST /xingrg/kc/buy/cgsh_list_operate.html HTTP/1.1" 200 2712
58.37.4.65 - - [19/Jul/2022:13:04:07 +0800] "GET /xingrg/kc/buy/cgsh_order_operate.html?command=get_materiel&rest_code=00106&code=00101008357&supplier_code=00100007&order_time=2022-07-19 HTTP/1.1" 200 408
101.83.223.227 - - [19/Jul/2022:13:04:08 +0800] "GET /xingrg/kc/buy/cgsh_order_operate.html?command=get_materiel&rest_code=00151&code=00101008375&supplier_code=00100007&order_time=2022-07-19 HTTP/1.1" 200 417
101.83.240.35 - - [19/Jul/2022:13:04:08 +0800] "POST /xingrg/kc/base/wldb_order_operate.html HTTP/1.1" 200 37
101.83.240.35 - - [19/Jul/2022:13:04:09 +0800] "POST /xingrg/kc/base/wldb_order_operate.html HTTP/1.1" 200 8731
101.83.240.35 - - [19/Jul/2022:13:04:10 +0800] "GET /xingrg/kc/base/wldb_order_info.html?code=422022071901182 HTTP/1.1" 200 30379
101.83.240.35 - - [19/Jul/2022:13:04:10 +0800] "GET /xingrg/javascript/easyui/themes/default/validatebox.css HTTP/1.1" 404 1104
101.83.240.35 - - [19/Jul/2022:13:04:10 +0800] "POST /xingrg/kc/base/wldb_order_operate.html HTTP/1.1" 200 8731
120.253.135.82 - - [19/Jul/2022:13:04:11 +0800] "GET /xingrg/all/function/internal_message.html?_=1658207179401&CODE_STATE=getMsg HTTP/1.1" 200 27
101.83.240.35 - - [19/Jul/2022:13:04:12 +0800] "GET /xingrg/kc/base/wldb_order_add.html HTTP/1.1" 200 30362
101.83.240.35 - - [19/Jul/2022:13:04:13 +0800] "POST /xingrg/kc/base/wldb_order_operate.html HTTP/1.1" 200 6806
101.83.240.35 - - [19/Jul/2022:13:04:13 +0800] "GET /xingrg/javascript/easyui/themes/default/validatebox.css HTTP/1.1" 404 1104
101.83.223.227 - - [19/Jul/2022:13:04:14 +0800] "GET /xingrg/kc/buy/cgsh_order_operate.html?command=get_materiel&rest_code=00151&code=00101008244&supplier_code=00100007&order_time=2022-07-19 HTTP/1.1" 200 424
114.84.2.83 - - [19/Jul/2022:13:04:16 +0800] "GET /xingrg/all/function/internal_message.html?_=1658207054192&CODE_STATE=getMsg HTTP/1.1" 200 27
101.83.223.227 - - [19/Jul/2022:13:04:21 +0800] "GET /xingrg/kc/buy/cgsh_order_operate.html?command=get_materiel&rest_code=00151&code=00101009030&supplier_code=00100007&order_time=2022-07-19 HTTP/1.1" 200 413
101.83.240.35 - - [19/Jul/2022:13:04:22 +0800] "GET /xingrg/kc/base/wldb_order_operate.html?command=get_materiel&rest_code=00149&base_code=0010400&code=00101010616 HTTP/1.1" 200 431
58.37.4.65 - - [19/Jul/2022:13:04:24 +0800] "GET /xingrg/kc/buy/cgsh_order_operate.html?command=get_materiel&rest_code=00106&code=00101008286&supplier_code=00100007&order_time=2022-07-19 HTTP/1.1" 200 408
101.83.240.35 - - [19/Jul/2022:13:04:30 +0800] "POST /xingrg/kc/base/wldb_order_operate.html HTTP/1.1" 200 37
116.230.110.48 - - [19/Jul/2022:13:04:31 +0800] "GET /xingrg/all/function/internal_message.html?_=1658207069225&CODE_STATE=getMsg HTTP/1.1" 200 27
101.85.120.95 - - [19/Jul/2022:13:04:31 +0800] "GET /xingrg/all/function/internal_message.html?_=1658207069433&CODE_STATE=getMsg HTTP/1.1" 200 27
101.83.240.35 - - [19/Jul/2022:13:04:31 +0800] "POST /xingrg/kc/base/wldb_order_operate.html HTTP/1.1" 200 2180
101.83.240.35 - - [19/Jul/2022:13:04:31 +0800] "GET /xingrg/kc/base/wldb_order_info.html?code=422022071901183 HTTP/1.1" 200 30374
101.83.240.35 - - [19/Jul/2022:13:04:32 +0800] "GET /xingrg/javascript/easyui/themes/default/validatebox.css HTTP/1.1" 404 1104
58.35.196.166 - - [19/Jul/2022:13:04:32 +0800] "GET /xingrg/all/function/internal_message.html?_=1658207069391&CODE_STATE=getMsg HTTP/1.1" 200 27
101.83.240.35 - - [19/Jul/2022:13:04:32 +0800] "POST /xingrg/kc/base/wldb_order_operate.html HTTP/1.1" 200 2180
116.228.172.94 - - [19/Jul/2022:13:04:34 +0800] "GET /xingrg/all/function/internal_message.html?_=1658206820907&CODE_STATE=getMsg HTTP/1.1" 200 27
101.83.240.35 - - [19/Jul/2022:13:04:35 +0800] "GET /xingrg/kc/base/wldb_order_add.html HTTP/1.1" 200 30362
101.83.240.35 - - [19/Jul/2022:13:04:35 +0800] "POST /xingrg/kc/base/wldb_order_operate.html HTTP/1.1" 200 6806
101.83.240.35 - - [19/Jul/2022:13:04:35 +0800] "GET /xingrg/javascript/easyui/themes/default/validatebox.css HTTP/1.1" 404 1104
58.37.4.65 - - [19/Jul/2022:13:04:36 +0800] "GET /xingrg/kc/buy/cgsh_order_operate.html?command=get_materiel&rest_code=00106&code=00101008036&supplier_code=00100007&order_time=2022-07-19 HTTP/1.1" 200 410
101.83.223.227 - - [19/Jul/2022:13:04:38 +0800] "GET /xingrg/check_reg.html?_=1658207028995 HTTP/1.1" 200 22
101.83.223.227 - - [19/Jul/2022:13:04:39 +0800] "GET /xingrg/all/function/internal_message.html?_=1658207029057&CODE_STATE=getMsg HTTP/1.1" 200 27
218.81.223.53 - - [19/Jul/2022:13:04:40 +0800] "GET /xingrg/all/function/internal_message.html?_=1658207084838&CODE_STATE=getMsg HTTP/1.1" 200 27
180.175.103.110 - - [19/Jul/2022:13:04:43 +0800] "GET /xingrg/all/function/internal_message.html?_=1658207083638&CODE_STATE=getMsg HTTP/1.1" 200 27
101.83.240.35 - - [19/Jul/2022:13:04:44 +0800] "GET /xingrg/kc/base/wldb_order_operate.html?command=get_materiel&rest_code=00149&base_code=0010395&code=00102034042 HTTP/1.1" 200 455
101.83.240.35 - - [19/Jul/2022:13:04:50 +0800] "GET /xingrg/kc/base/wldb_order_operate.html?command=get_materiel&rest_code=00149&base_code=0010395&code=00102002367 HTTP/1.1" 200 431
58.37.4.65 - - [19/Jul/2022:13:04:53 +0800] "GET /xingrg/kc/buy/cgsh_order_operate.html?command=get_materiel&rest_code=00106&code=00101008353&supplier_code=00100007&order_time=2022-07-19 HTTP/1.1" 200 424
58.37.4.65 - - [19/Jul/2022:13:04:53 +0800] "GET /xingrg/check_reg.html?_=1658207092580 HTTP/1.1" 200 22
114.88.155.189 - - [19/Jul/2022:13:04:58 +0800] "GET /xingrg/all/function/internal_message.html?_=1658206790530&CODE_STATE=getMsg HTTP/1.1" 200 27
101.83.240.35 - - [19/Jul/2022:13:05:01 +0800] "POST /xingrg/kc/base/wldb_order_operate.html HTTP/1.1" 200 37
101.83.240.35 - - [19/Jul/2022:13:05:02 +0800] "POST /xingrg/kc/base/wldb_order_operate.html HTTP/1.1" 200 2673
101.83.240.35 - - [19/Jul/2022:13:05:02 +0800] "GET /xingrg/kc/base/wldb_order_info.html?code=422022071901184 HTTP/1.1" 200 30377
101.83.240.35 - - [19/Jul/2022:13:05:02 +0800] "GET /xingrg/javascript/easyui/themes/default/validatebox.css HTTP/1.1" 404 1104
101.83.240.35 - - [19/Jul/2022:13:05:03 +0800] "POST /xingrg/kc/base/wldb_order_operate.html HTTP/1.1" 200 2673
114.86.187.244 - - [19/Jul/2022:13:05:05 +0800] "GET /xingrg/all/function/internal_message.html?_=1658207104935&CODE_STATE=getMsg HTTP/1.1" 200 27
101.83.240.35 - - [19/Jul/2022:13:05:07 +0800] "GET /xingrg/kc/base/wldb_order_add.html HTTP/1.1" 200 30362
101.83.240.35 - - [19/Jul/2022:13:05:07 +0800] "POST /xingrg/kc/base/wldb_order_operate.html HTTP/1.1" 200 6806
101.83.240.35 - - [19/Jul/2022:13:05:07 +0800] "GET /xingrg/javascript/easyui/themes/default/validatebox.css HTTP/1.1" 404 1104
120.253.135.82 - - [19/Jul/2022:13:05:11 +0800] "GET /xingrg/all/function/internal_message.html?_=1658207239408&CODE_STATE=getMsg HTTP/1.1" 200 27
101.83.240.35 - - [19/Jul/2022:13:05:12 +0800] "GET /xingrg/all/function/internal_message.html?_=1658207108177&CODE_STATE=getMsg HTTP/1.1" 200 27
101.83.240.35 - - [19/Jul/2022:13:05:15 +0800] "GET /xingrg/kc/base/wldb_order_operate.html?command=get_materiel&rest_code=00149&base_code=0010394&code=00101019108 HTTP/1.1" 200 477
58.37.4.65 - - [19/Jul/2022:13:05:16 +0800] "GET /xingrg/kc/buy/cgsh_order_operate.html?command=get_materiel&rest_code=00106&code=00101008213&supplier_code=00100007&order_time=2022-07-19 HTTP/1.1" 200 428
114.84.2.83 - - [19/Jul/2022:13:05:16 +0800] "GET /xingrg/all/function/internal_message.html?_=1658207114191&CODE_STATE=getMsg HTTP/1.1" 200 27
58.37.4.65 - - [19/Jul/2022:13:05:18 +0800] "POST /xingrg/kc/buy/cgsh_order_operate.html HTTP/1.1" 200 2065
58.37.4.65 - - [19/Jul/2022:13:05:28 +0800] "GET /xingrg/kc/buy/cgsh_order_operate.html?command=get_materiel&rest_code=00106&code=00101008283&supplier_code=00100007&order_time=2022-07-19 HTTP/1.1" 200 408
116.230.110.48 - - [19/Jul/2022:13:05:31 +0800] "GET /xingrg/all/function/internal_message.html?_=1658207129215&CODE_STATE=getMsg HTTP/1.1" 200 27
101.85.120.95 - - [19/Jul/2022:13:05:31 +0800] "GET /xingrg/check_reg.html?_=1658207129439 HTTP/1.1" 200 22
101.85.120.95 - - [19/Jul/2022:13:05:31 +0800] "GET /xingrg/all/function/internal_message.html?_=1658207129435&CODE_STATE=getMsg HTTP/1.1" 200 27
58.35.196.166 - - [19/Jul/2022:13:05:32 +0800] "GET /xingrg/all/function/internal_message.html?_=1658207129368&CODE_STATE=getMsg HTTP/1.1" 200 27
116.228.172.94 - - [19/Jul/2022:13:05:34 +0800] "GET /xingrg/all/function/internal_message.html?_=1658206880892&CODE_STATE=getMsg HTTP/1.1" 200 27
101.83.240.35 - - [19/Jul/2022:13:05:38 +0800] "POST /xingrg/kc/base/wldb_order_operate.html HTTP/1.1" 200 37
101.83.223.227 - - [19/Jul/2022:13:05:39 +0800] "GET /xingrg/all/function/internal_message.html?_=1658207089070&CODE_STATE=getMsg HTTP/1.1" 200 27
101.83.240.35 - - [19/Jul/2022:13:05:39 +0800] "POST /xingrg/kc/base/wldb_order_operate.html HTTP/1.1" 200 3224
101.83.240.35 - - [19/Jul/2022:13:05:39 +0800] "GET /xingrg/kc/base/wldb_order_info.html?code=422022071901185 HTTP/1.1" 200 30376
101.83.240.35 - - [19/Jul/2022:13:05:40 +0800] "GET /xingrg/javascript/easyui/themes/default/validatebox.css HTTP/1.1" 404 1104
218.81.223.53 - - [19/Jul/2022:13:05:40 +0800] "GET /xingrg/all/function/internal_message.html?_=1658207144842&CODE_STATE=getMsg HTTP/1.1" 200 27
101.83.240.35 - - [19/Jul/2022:13:05:40 +0800] "POST /xingrg/kc/base/wldb_order_operate.html HTTP/1.1" 200 3224
101.83.240.35 - - [19/Jul/2022:13:05:43 +0800] "GET /xingrg/kc/base/wldb_order_add.html HTTP/1.1" 200 30362
101.83.240.35 - - [19/Jul/2022:13:05:43 +0800] "POST /xingrg/kc/base/wldb_order_operate.html HTTP/1.1" 200 6806
180.175.103.110 - - [19/Jul/2022:13:05:43 +0800] "GET /xingrg/all/function/internal_message.html?_=1658207143613&CODE_STATE=getMsg HTTP/1.1" 200 27
101.83.240.35 - - [19/Jul/2022:13:05:43 +0800] "GET /xingrg/javascript/easyui/themes/default/validatebox.css HTTP/1.1" 404 1104
58.37.4.65 - - [19/Jul/2022:13:05:45 +0800] "GET /xingrg/kc/buy/cgsh_order_operate.html?command=get_materiel&rest_code=00106&code=00101008182&supplier_code=00100007&order_time=2022-07-19 HTTP/1.1" 200 432
101.83.240.35 - - [19/Jul/2022:13:05:52 +0800] "GET /xingrg/kc/base/wldb_order_operate.html?command=get_materiel&rest_code=00149&base_code=0010394&code=00101019575 HTTP/1.1" 200 441
101.83.240.35 - - [19/Jul/2022:13:05:55 +0800] "GET /xingrg/kc/base/wldb_order_operate.html?command=get_materiel&rest_code=00149&base_code=0010394&code=00101019133 HTTP/1.1" 200 478
114.88.155.189 - - [19/Jul/2022:13:05:58 +0800] "GET /xingrg/all/function/internal_message.html?_=1658206850555&CODE_STATE=getMsg HTTP/1.1" 200 27
58.37.4.65 - - [19/Jul/2022:13:05:59 +0800] "GET /xingrg/kc/buy/cgsh_order_operate.html?command=get_materiel&rest_code=00106&code=00101008298&supplier_code=00100007&order_time=2022-07-19 HTTP/1.1" 200 428
101.83.240.35 - - [19/Jul/2022:13:05:59 +0800] "GET /xingrg/kc/base/wldb_order_operate.html?command=get_materiel&rest_code=00149&base_code=0010394&code=00101013115 HTTP/1.1" 200 435
114.86.187.244 - - [19/Jul/2022:13:06:05 +0800] "GET /xingrg/all/function/internal_message.html?_=1658207164935&CODE_STATE=getMsg HTTP/1.1" 200 27
180.175.103.110 - - [19/Jul/2022:13:06:07 +0800] "GET /xingrg/check_reg.html?_=1658207167372 HTTP/1.1" 200 22
101.83.240.35 - - [19/Jul/2022:13:06:09 +0800] "GET /xingrg/kc/base/wldb_order_operate.html?command=get_materiel&rest_code=00149&base_code=0010394&code=00101008663 HTTP/1.1" 200 444
120.253.135.82 - - [19/Jul/2022:13:06:11 +0800] "GET /xingrg/all/function/internal_message.html?_=1658207299457&CODE_STATE=getMsg HTTP/1.1" 200 27
101.83.240.35 - - [19/Jul/2022:13:06:12 +0800] "GET /xingrg/all/function/internal_message.html?_=1658207168223&CODE_STATE=getMsg HTTP/1.1" 200 27
101.83.240.35 - - [19/Jul/2022:13:06:13 +0800] "GET /xingrg/kc/base/wldb_order_operate.html?command=get_materiel&rest_code=00149&base_code=0010394&code=00101010092 HTTP/1.1" 200 451
114.84.2.83 - - [19/Jul/2022:13:06:16 +0800] "GET /xingrg/all/function/internal_message.html?_=1658207174191&CODE_STATE=getMsg HTTP/1.1" 200 27
101.83.223.227 - - [19/Jul/2022:13:06:25 +0800] "POST /xingrg/kc/buy/cgsh_order_operate.html HTTP/1.1" 200 37
58.37.4.65 - - [19/Jul/2022:13:06:26 +0800] "GET /xingrg/kc/buy/cgsh_order_operate.html?command=get_materiel&rest_code=00106&code=00101008010&supplier_code=00100007&order_time=2022-07-19 HTTP/1.1" 200 412
101.83.223.227 - - [19/Jul/2022:13:06:28 +0800] "POST /xingrg/kc/buy/cgsh_order_operate.html HTTP/1.1" 200 12
101.83.223.227 - - [19/Jul/2022:13:06:30 +0800] "GET /xingrg/kc/buy/cgsh_order_info.html?code=212022071904779 HTTP/1.1" 200 62461
101.83.223.227 - - [19/Jul/2022:13:06:30 +0800] "GET /xingrg/javascript/easyui/themes/default/validatebox.css HTTP/1.1" 404 1104
116.230.110.48 - - [19/Jul/2022:13:06:31 +0800] "GET /xingrg/all/function/internal_message.html?_=1658207189222&CODE_STATE=getMsg HTTP/1.1" 200 27
101.85.120.95 - - [19/Jul/2022:13:06:31 +0800] "GET /xingrg/all/function/internal_message.html?_=1658207189423&CODE_STATE=getMsg HTTP/1.1" 200 27
101.83.223.227 - - [19/Jul/2022:13:06:31 +0800] "POST /xingrg/kc/buy/cgsh_order_operate.html HTTP/1.1" 200 12012
58.35.196.166 - - [19/Jul/2022:13:06:32 +0800] "GET /xingrg/all/function/internal_message.html?_=1658207189349&CODE_STATE=getMsg HTTP/1.1" 200 27
101.83.223.227 - - [19/Jul/2022:13:06:33 +0800] "GET /xingrg/kc/print/load_data.html?order_code=212022071904779&kc_code=cgsh&condition= HTTP/1.1" 200 5190
116.228.172.94 - - [19/Jul/2022:13:06:34 +0800] "GET /xingrg/all/function/internal_message.html?_=1658206940906&CODE_STATE=getMsg HTTP/1.1" 200 27
116.228.172.94 - - [19/Jul/2022:13:06:34 +0800] "GET /xingrg/check_reg.html?_=1658206940908 HTTP/1.1" 200 22
101.83.223.227 - - [19/Jul/2022:13:06:39 +0800] "GET /xingrg/all/function/internal_message.html?_=1658207149084&CODE_STATE=getMsg HTTP/1.1" 200 27
218.81.223.53 - - [19/Jul/2022:13:06:40 +0800] "GET /xingrg/all/function/internal_message.html?_=1658207205421&CODE_STATE=getMsg HTTP/1.1" 200 27
58.37.4.65 - - [19/Jul/2022:13:06:41 +0800] "GET /xingrg/kc/buy/cgsh_order_operate.html?command=get_materiel&rest_code=00106&code=00101008125&supplier_code=00100007&order_time=2022-07-19 HTTP/1.1" 200 413
180.175.103.110 - - [19/Jul/2022:13:06:43 +0800] "GET /xingrg/all/function/internal_message.html?_=1658207203584&CODE_STATE=getMsg HTTP/1.1" 200 27
58.37.4.65 - - [19/Jul/2022:13:06:45 +0800] "POST /xingrg/kc/buy/cgsh_order_operate.html HTTP/1.1" 200 2065
120.253.135.82 - - [19/Jul/2022:13:06:56 +0800] "GET /xingrg/check_reg.html?_=1658207344759 HTTP/1.1" 200 22
58.37.4.65 - - [19/Jul/2022:13:07:04 +0800] "GET /xingrg/kc/buy/cgsh_order_operate.html?command=get_materiel&rest_code=00106&code=00101008523&supplier_code=00100007&order_time=2022-07-19 HTTP/1.1" 200 413
114.86.187.244 - - [19/Jul/2022:13:07:05 +0800] "GET /xingrg/all/function/internal_message.html?_=1658207224935&CODE_STATE=getMsg HTTP/1.1" 200 27
101.83.240.35 - - [19/Jul/2022:13:07:08 +0800] "GET /xingrg/kc/base/wldb_order_operate.html?command=get_materiel&rest_code=00149&base_code=0010394&code=00101020139 HTTP/1.1" 200 455
120.253.135.82 - - [19/Jul/2022:13:07:11 +0800] "GET /xingrg/all/function/internal_message.html?_=1658207359467&CODE_STATE=getMsg HTTP/1.1" 200 27
101.83.240.35 - - [19/Jul/2022:13:07:12 +0800] "GET /xingrg/all/function/internal_message.html?_=1658207228207&CODE_STATE=getMsg HTTP/1.1" 200 27
218.81.223.53 - - [19/Jul/2022:13:07:13 +0800] "GET /xingrg/check_reg.html?_=1658207237886 HTTP/1.1" 200 22
114.84.2.83 - - [19/Jul/2022:13:07:16 +0800] "GET /xingrg/all/function/internal_message.html?_=1658207234191&CODE_STATE=getMsg HTTP/1.1" 200 27
101.83.240.35 - - [19/Jul/2022:13:07:19 +0800] "GET /xingrg/kc/base/wldb_order_operate.html?command=get_materiel&rest_code=00149&base_code=0010394&code=00101019238 HTTP/1.1" 200 468
101.83.240.35 - - [19/Jul/2022:13:07:25 +0800] "GET /xingrg/kc/base/wldb_order_operate.html?command=get_materiel&rest_code=00149&base_code=0010394&code=00101019132 HTTP/1.1" 200 472
58.37.4.65 - - [19/Jul/2022:13:07:26 +0800] "GET /xingrg/kc/buy/cgsh_order_operate.html?command=get_materiel&rest_code=00106&code=00101008215&supplier_code=00100007&order_time=2022-07-19 HTTP/1.1" 200 413
101.83.240.35 - - [19/Jul/2022:13:07:30 +0800] "GET /xingrg/kc/base/wldb_order_operate.html?command=get_materiel&rest_code=00149&base_code=0010394&code=00101019243 HTTP/1.1" 200 465
116.230.110.48 - - [19/Jul/2022:13:07:31 +0800] "GET /xingrg/all/function/internal_message.html?_=1658207249214&CODE_STATE=getMsg HTTP/1.1" 200 27
116.230.110.48 - - [19/Jul/2022:13:07:31 +0800] "GET /xingrg/check_reg.html?_=1658207249219 HTTP/1.1" 200 22
101.85.120.95 - - [19/Jul/2022:13:07:31 +0800] "GET /xingrg/all/function/internal_message.html?_=1658207249424&CODE_STATE=getMsg HTTP/1.1" 200 27
58.35.196.166 - - [19/Jul/2022:13:07:32 +0800] "GET /xingrg/all/function/internal_message.html?_=1658207249334&CODE_STATE=getMsg HTTP/1.1" 200 27
116.228.172.94 - - [19/Jul/2022:13:07:34 +0800] "GET /xingrg/all/function/internal_message.html?_=1658207000904&CODE_STATE=getMsg HTTP/1.1" 200 27
101.83.223.227 - - [19/Jul/2022:13:07:39 +0800] "GET /xingrg/all/function/internal_message.html?_=1658207209187&CODE_STATE=getMsg HTTP/1.1" 200 27
218.81.223.53 - - [19/Jul/2022:13:07:40 +0800] "GET /xingrg/all/function/internal_message.html?_=1658207265432&CODE_STATE=getMsg HTTP/1.1" 200 27
101.83.240.35 - - [19/Jul/2022:13:07:42 +0800] "POST /xingrg/kc/base/wldb_order_operate.html HTTP/1.1" 200 37
101.83.240.35 - - [19/Jul/2022:13:07:42 +0800] "POST /xingrg/kc/base/wldb_order_operate.html HTTP/1.1" 200 6130
101.83.240.35 - - [19/Jul/2022:13:07:43 +0800] "GET /xingrg/kc/base/wldb_order_info.html?code=422022071901186 HTTP/1.1" 200 30377
180.175.103.110 - - [19/Jul/2022:13:07:43 +0800] "GET /xingrg/all/function/internal_message.html?_=1658207263552&CODE_STATE=getMsg HTTP/1.1" 200 27
101.83.240.35 - - [19/Jul/2022:13:07:44 +0800] "GET /xingrg/javascript/easyui/themes/default/validatebox.css HTTP/1.1" 404 1104
101.83.240.35 - - [19/Jul/2022:13:07:44 +0800] "POST /xingrg/kc/base/wldb_order_operate.html HTTP/1.1" 200 6130
101.83.240.35 - - [19/Jul/2022:13:07:46 +0800] "GET /xingrg/kc/base/wldb_order_add.html HTTP/1.1" 200 30362
101.83.240.35 - - [19/Jul/2022:13:07:46 +0800] "POST /xingrg/kc/base/wldb_order_operate.html HTTP/1.1" 200 6806
101.83.240.35 - - [19/Jul/2022:13:07:46 +0800] "GET /xingrg/javascript/easyui/themes/default/validatebox.css HTTP/1.1" 404 1104
101.83.240.35 - - [19/Jul/2022:13:07:55 +0800] "GET /xingrg/kc/base/wldb_order_operate.html?command=get_materiel&rest_code=00149&base_code=0010394&code=00101019404 HTTP/1.1" 200 476
114.86.187.244 - - [19/Jul/2022:13:08:05 +0800] "GET /xingrg/all/function/internal_message.html?_=1658207284935&CODE_STATE=getMsg HTTP/1.1" 200 27
101.83.240.35 - - [19/Jul/2022:13:08:07 +0800] "POST /xingrg/kc/base/wldb_order_operate.html HTTP/1.1" 200 37
101.83.240.35 - - [19/Jul/2022:13:08:07 +0800] "POST /xingrg/kc/base/wldb_order_operate.html HTTP/1.1" 200 2721
101.83.240.35 - - [19/Jul/2022:13:08:08 +0800] "GET /xingrg/kc/base/wldb_order_info.html?code=422022071901187 HTTP/1.1" 200 30376
101.83.240.35 - - [19/Jul/2022:13:08:08 +0800] "GET /xingrg/javascript/easyui/themes/default/validatebox.css HTTP/1.1" 404 1104
101.83.240.35 - - [19/Jul/2022:13:08:08 +0800] "POST /xingrg/kc/base/wldb_order_operate.html HTTP/1.1" 200 2721
101.83.240.35 - - [19/Jul/2022:13:08:10 +0800] "GET /xingrg/kc/base/wldb_order_add.html HTTP/1.1" 200 30362
101.83.240.35 - - [19/Jul/2022:13:08:10 +0800] "POST /xingrg/kc/base/wldb_order_operate.html HTTP/1.1" 200 6806
101.83.240.35 - - [19/Jul/2022:13:08:10 +0800] "GET /xingrg/javascript/easyui/themes/default/validatebox.css HTTP/1.1" 404 1104
120.253.135.82 - - [19/Jul/2022:13:08:11 +0800] "GET /xingrg/all/function/internal_message.html?_=1658207419480&CODE_STATE=getMsg HTTP/1.1" 200 27
101.83.240.35 - - [19/Jul/2022:13:08:12 +0800] "GET /xingrg/all/function/internal_message.html?_=1658207288187&CODE_STATE=getMsg HTTP/1.1" 200 27
101.83.240.35 - - [19/Jul/2022:13:08:13 +0800] "GET /xingrg/check_reg.html?_=1658207289023 HTTP/1.1" 200 22
114.84.2.83 - - [19/Jul/2022:13:08:16 +0800] "GET /xingrg/all/function/internal_message.html?_=1658207294191&CODE_STATE=getMsg HTTP/1.1" 200 27
114.84.2.83 - - [19/Jul/2022:13:08:16 +0800] "GET /xingrg/check_reg.html?_=1658207294193 HTTP/1.1" 200 22
101.83.240.35 - - [19/Jul/2022:13:08:20 +0800] "GET /xingrg/kc/base/wldb_order_operate.html?command=get_materiel&rest_code=00149&base_code=0010395&code=00102002114 HTTP/1.1" 200 463
58.37.4.65 - - [19/Jul/2022:13:08:24 +0800] "GET /xingrg/kc/buy/cgsh_order_operate.html?command=get_materiel&rest_code=00106&code=00101008350&supplier_code=00100007&order_time=2022-07-19 HTTP/1.1" 200 425
116.230.110.48 - - [19/Jul/2022:13:08:31 +0800] "GET /xingrg/all/function/internal_message.html?_=1658207309226&CODE_STATE=getMsg HTTP/1.1" 200 27
101.85.120.95 - - [19/Jul/2022:13:08:31 +0800] "GET /xingrg/all/function/internal_message.html?_=1658207309425&CODE_STATE=getMsg HTTP/1.1" 200 27
101.83.240.35 - - [19/Jul/2022:13:08:32 +0800] "POST /xingrg/kc/base/wldb_order_operate.html HTTP/1.1" 200 37
58.35.196.166 - - [19/Jul/2022:13:08:32 +0800] "GET /xingrg/all/function/internal_message.html?_=1658207309319&CODE_STATE=getMsg HTTP/1.1" 200 27
101.83.240.35 - - [19/Jul/2022:13:08:32 +0800] "POST /xingrg/kc/base/wldb_order_operate.html HTTP/1.1" 200 2212
101.83.240.35 - - [19/Jul/2022:13:08:32 +0800] "GET /xingrg/kc/base/wldb_order_info.html?code=422022071901188 HTTP/1.1" 200 30377
101.83.240.35 - - [19/Jul/2022:13:08:33 +0800] "GET /xingrg/javascript/easyui/themes/default/validatebox.css HTTP/1.1" 404 1104
101.83.240.35 - - [19/Jul/2022:13:08:33 +0800] "POST /xingrg/kc/base/wldb_order_operate.html HTTP/1.1" 200 2212
116.228.172.94 - - [19/Jul/2022:13:08:34 +0800] "GET /xingrg/all/function/internal_message.html?_=1658207060907&CODE_STATE=getMsg HTTP/1.1" 200 27
101.83.240.35 - - [19/Jul/2022:13:08:35 +0800] "POST /xingrg/kc/base/wldb_list_operate.html HTTP/1.1" 200 5396
101.83.223.227 - - [19/Jul/2022:13:08:39 +0800] "GET /xingrg/all/function/internal_message.html?_=1658207269189&CODE_STATE=getMsg HTTP/1.1" 200 27
218.81.223.53 - - [19/Jul/2022:13:08:40 +0800] "GET /xingrg/all/function/internal_message.html?_=1658207325445&CODE_STATE=getMsg HTTP/1.1" 200 27
58.37.4.65 - - [19/Jul/2022:13:08:41 +0800] "GET /xingrg/kc/buy/cgsh_order_operate.html?command=get_materiel&rest_code=00106&code=00101008244&supplier_code=00100007&order_time=2022-07-19 HTTP/1.1" 200 424
180.175.103.110 - - [19/Jul/2022:13:08:43 +0800] "GET /xingrg/all/function/internal_message.html?_=1658207323528&CODE_STATE=getMsg HTTP/1.1" 200 27
58.35.196.166 - - [19/Jul/2022:13:08:55 +0800] "GET /xingrg/check_reg.html?_=1658207332075 HTTP/1.1" 200 22
58.37.4.65 - - [19/Jul/2022:13:09:00 +0800] "GET /xingrg/kc/buy/cgsh_order_operate.html?command=get_materiel&rest_code=00106&code=00101008351&supplier_code=00100007&order_time=2022-07-19 HTTP/1.1" 200 408
58.37.4.65 - - [19/Jul/2022:13:09:02 +0800] "POST /xingrg/kc/buy/cgsh_order_operate.html HTTP/1.1" 200 2065
114.86.187.244 - - [19/Jul/2022:13:09:05 +0800] "GET /xingrg/check_reg.html?_=1658207344935 HTTP/1.1" 200 22
114.86.187.244 - - [19/Jul/2022:13:09:05 +0800] "GET /xingrg/all/function/internal_message.html?_=1658207344937&CODE_STATE=getMsg HTTP/1.1" 200 27
101.83.240.35 - - [19/Jul/2022:13:09:05 +0800] "POST /xingrg/kc/base/wldb_list_operate.html HTTP/1.1" 200 4
120.253.135.82 - - [19/Jul/2022:13:09:11 +0800] "GET /xingrg/all/function/internal_message.html?_=1658207479527&CODE_STATE=getMsg HTTP/1.1" 200 27
101.83.240.35 - - [19/Jul/2022:13:09:15 +0800] "POST /xingrg/kc/base/wldb_list_operate.html HTTP/1.1" 200 928
114.84.2.83 - - [19/Jul/2022:13:09:16 +0800] "GET /xingrg/all/function/internal_message.html?_=1658207354191&CODE_STATE=getMsg HTTP/1.1" 200 27
101.83.240.35 - - [19/Jul/2022:13:09:18 +0800] "GET /xingrg/kc/base/wldb_order_add.html HTTP/1.1" 200 30362
101.83.240.35 - - [19/Jul/2022:13:09:18 +0800] "POST /xingrg/kc/base/wldb_order_operate.html HTTP/1.1" 200 6806
101.83.240.35 - - [19/Jul/2022:13:09:18 +0800] "GET /xingrg/javascript/easyui/themes/default/validatebox.css HTTP/1.1" 404 1104
116.230.110.48 - - [19/Jul/2022:13:09:31 +0800] "GET /xingrg/all/function/internal_message.html?_=1658207369220&CODE_STATE=getMsg HTTP/1.1" 200 27
101.85.120.95 - - [19/Jul/2022:13:09:31 +0800] "GET /xingrg/all/function/internal_message.html?_=1658207369428&CODE_STATE=getMsg HTTP/1.1" 200 27
58.35.196.166 - - [19/Jul/2022:13:09:32 +0800] "GET /xingrg/all/function/internal_message.html?_=1658207369298&CODE_STATE=getMsg HTTP/1.1" 200 27
116.228.172.94 - - [19/Jul/2022:13:09:34 +0800] "GET /xingrg/all/function/internal_message.html?_=1658207120909&CODE_STATE=getMsg HTTP/1.1" 200 27
101.83.223.227 - - [19/Jul/2022:13:09:39 +0800] "GET /xingrg/check_reg.html?_=1658207329079 HTTP/1.1" 200 22
101.83.223.227 - - [19/Jul/2022:13:09:39 +0800] "GET /xingrg/all/function/internal_message.html?_=1658207329203&CODE_STATE=getMsg HTTP/1.1" 200 27
218.81.223.53 - - [19/Jul/2022:13:09:41 +0800] "GET /xingrg/all/function/internal_message.html?_=1658207386013&CODE_STATE=getMsg HTTP/1.1" 200 27
58.37.4.65 - - [19/Jul/2022:13:09:42 +0800] "GET /xingrg/kc/buy/cgsh_order_operate.html?command=get_materiel&rest_code=00106&code=00101008361&supplier_code=00100007&order_time=2022-07-19 HTTP/1.1" 200 410
180.175.103.110 - - [19/Jul/2022:13:09:43 +0800] "GET /xingrg/all/function/internal_message.html?_=1658207383508&CODE_STATE=getMsg HTTP/1.1" 200 27
58.37.4.65 - - [19/Jul/2022:13:09:53 +0800] "GET /xingrg/check_reg.html?_=1658207392575 HTTP/1.1" 200 22
114.86.187.244 - - [19/Jul/2022:13:10:05 +0800] "GET /xingrg/all/function/internal_message.html?_=1658207404922&CODE_STATE=getMsg HTTP/1.1" 200 27
58.37.4.65 - - [19/Jul/2022:13:10:08 +0800] "GET /xingrg/kc/buy/cgsh_order_operate.html?command=get_materiel&rest_code=00106&code=00101008300&supplier_code=00100007&order_time=2022-07-19 HTTP/1.1" 200 427
120.253.135.82 - - [19/Jul/2022:13:10:11 +0800] "GET /xingrg/all/function/internal_message.html?_=1658207539539&CODE_STATE=getMsg HTTP/1.1" 200 27
101.83.240.35 - - [19/Jul/2022:13:10:12 +0800] "GET /xingrg/all/function/internal_message.html?_=1658207408198&CODE_STATE=getMsg HTTP/1.1" 200 27
114.84.2.83 - - [19/Jul/2022:13:10:16 +0800] "GET /xingrg/all/function/internal_message.html?_=1658207414190&CODE_STATE=getMsg HTTP/1.1" 200 27
58.37.4.65 - - [19/Jul/2022:13:10:26 +0800] "POST /xingrg/kc/buy/cgsh_order_operate.html HTTP/1.1" 200 2065
116.230.110.48 - - [19/Jul/2022:13:10:31 +0800] "GET /xingrg/all/function/internal_message.html?_=1658207429234&CODE_STATE=getMsg HTTP/1.1" 200 27
101.85.120.95 - - [19/Jul/2022:13:10:31 +0800] "GET /xingrg/all/function/internal_message.html?_=1658207429431&CODE_STATE=getMsg HTTP/1.1" 200 27
101.85.120.95 - - [19/Jul/2022:13:10:31 +0800] "GET /xingrg/check_reg.html?_=1658207429436 HTTP/1.1" 200 22
58.35.196.166 - - [19/Jul/2022:13:10:32 +0800] "GET /xingrg/all/function/internal_message.html?_=1658207429281&CODE_STATE=getMsg HTTP/1.1" 200 27
116.228.172.94 - - [19/Jul/2022:13:10:34 +0800] "GET /xingrg/all/function/internal_message.html?_=1658207180899&CODE_STATE=getMsg HTTP/1.1" 200 27
58.37.4.65 - - [19/Jul/2022:13:10:34 +0800] "GET /xingrg/kc/buy/cgsh_order_operate.html?command=get_materiel&rest_code=00106&code=00101008152&supplier_code=00100007&order_time=2022-07-19 HTTP/1.1" 200 408
101.83.223.227 - - [19/Jul/2022:13:10:39 +0800] "GET /xingrg/all/function/internal_message.html?_=1658207389216&CODE_STATE=getMsg HTTP/1.1" 200 27
218.81.223.53 - - [19/Jul/2022:13:10:41 +0800] "GET /xingrg/all/function/internal_message.html?_=1658207446018&CODE_STATE=getMsg HTTP/1.1" 200 27
180.175.103.110 - - [19/Jul/2022:13:10:43 +0800] "GET /xingrg/all/function/internal_message.html?_=1658207443485&CODE_STATE=getMsg HTTP/1.1" 200 27
114.86.187.244 - - [19/Jul/2022:13:11:05 +0800] "GET /xingrg/all/function/internal_message.html?_=1658207464922&CODE_STATE=getMsg HTTP/1.1" 200 27
180.175.103.110 - - [19/Jul/2022:13:11:07 +0800] "GET /xingrg/check_reg.html?_=1658207467350 HTTP/1.1" 200 22
120.253.135.82 - - [19/Jul/2022:13:11:11 +0800] "GET /xingrg/all/function/internal_message.html?_=1658207599577&CODE_STATE=getMsg HTTP/1.1" 200 27
101.83.240.35 - - [19/Jul/2022:13:11:12 +0800] "GET /xingrg/all/function/internal_message.html?_=1658207468170&CODE_STATE=getMsg HTTP/1.1" 200 27
114.84.2.83 - - [19/Jul/2022:13:11:16 +0800] "GET /xingrg/all/function/internal_message.html?_=1658207474190&CODE_STATE=getMsg HTTP/1.1" 200 27
116.230.110.48 - - [19/Jul/2022:13:11:31 +0800] "GET /xingrg/all/function/internal_message.html?_=1658207489235&CODE_STATE=getMsg HTTP/1.1" 200 27
101.85.120.95 - - [19/Jul/2022:13:11:31 +0800] "GET /xingrg/all/function/internal_message.html?_=1658207489435&CODE_STATE=getMsg HTTP/1.1" 200 27
58.35.196.166 - - [19/Jul/2022:13:11:32 +0800] "GET /xingrg/all/function/internal_message.html?_=1658207489256&CODE_STATE=getMsg HTTP/1.1" 200 27
116.228.172.94 - - [19/Jul/2022:13:11:34 +0800] "GET /xingrg/all/function/internal_message.html?_=1658207240918&CODE_STATE=getMsg HTTP/1.1" 200 27
116.228.172.94 - - [19/Jul/2022:13:11:34 +0800] "GET /xingrg/check_reg.html?_=1658207240921 HTTP/1.1" 200 22
101.83.223.227 - - [19/Jul/2022:13:11:39 +0800] "GET /xingrg/all/function/internal_message.html?_=1658207449230&CODE_STATE=getMsg HTTP/1.1" 200 27
58.37.4.65 - - [19/Jul/2022:13:11:40 +0800] "POST /xingrg/kc/buy/cgsh_order_operate.html HTTP/1.1" 200 2065
218.81.223.53 - - [19/Jul/2022:13:11:42 +0800] "GET /xingrg/all/function/internal_message.html?_=1658207506577&CODE_STATE=getMsg HTTP/1.1" 200 27
180.175.103.110 - - [19/Jul/2022:13:11:43 +0800] "GET /xingrg/all/function/internal_message.html?_=1658207503465&CODE_STATE=getMsg HTTP/1.1" 200 27
58.37.4.65 - - [19/Jul/2022:13:11:51 +0800] "GET /xingrg/kc/buy/cgsh_order_operate.html?command=get_materiel&rest_code=00106&code=00101008265&supplier_code=00100007&order_time=2022-07-19 HTTP/1.1" 200 409
120.253.135.82 - - [19/Jul/2022:13:11:56 +0800] "GET /xingrg/check_reg.html?_=1658207644761 HTTP/1.1" 200 22
114.86.187.244 - - [19/Jul/2022:13:12:05 +0800] "GET /xingrg/all/function/internal_message.html?_=1658207524922&CODE_STATE=getMsg HTTP/1.1" 200 27
58.37.4.65 - - [19/Jul/2022:13:12:08 +0800] "GET /xingrg/kc/buy/cgsh_order_operate.html?command=get_materiel&rest_code=00106&code=00101008328&supplier_code=00100007&order_time=2022-07-19 HTTP/1.1" 200 427
120.253.135.82 - - [19/Jul/2022:13:12:11 +0800] "GET /xingrg/all/function/internal_message.html?_=1658207659582&CODE_STATE=getMsg HTTP/1.1" 200 27
101.83.240.35 - - [19/Jul/2022:13:12:12 +0800] "GET /xingrg/all/function/internal_message.html?_=1658207528159&CODE_STATE=getMsg HTTP/1.1" 200 27
218.81.223.53 - - [19/Jul/2022:13:12:13 +0800] "GET /xingrg/check_reg.html?_=1658207537891 HTTP/1.1" 200 22
114.84.2.83 - - [19/Jul/2022:13:12:16 +0800] "GET /xingrg/all/function/internal_message.html?_=1658207534190&CODE_STATE=getMsg HTTP/1.1" 200 27
116.230.110.48 - - [19/Jul/2022:13:12:31 +0800] "GET /xingrg/check_reg.html?_=1658207549224 HTTP/1.1" 200 22
116.230.110.48 - - [19/Jul/2022:13:12:31 +0800] "GET /xingrg/all/function/internal_message.html?_=1658207549227&CODE_STATE=getMsg HTTP/1.1" 200 27
101.85.120.95 - - [19/Jul/2022:13:12:31 +0800] "GET /xingrg/all/function/internal_message.html?_=1658207549424&CODE_STATE=getMsg HTTP/1.1" 200 27
58.35.196.166 - - [19/Jul/2022:13:12:32 +0800] "GET /xingrg/all/function/internal_message.html?_=1658207549238&CODE_STATE=getMsg HTTP/1.1" 200 27
116.228.172.94 - - [19/Jul/2022:13:12:34 +0800] "GET /xingrg/all/function/internal_message.html?_=1658207300898&CODE_STATE=getMsg HTTP/1.1" 200 27
58.37.4.65 - - [19/Jul/2022:13:12:38 +0800] "GET /xingrg/kc/buy/cgsh_order_operate.html?command=get_materiel&rest_code=00106&code=00101008323&supplier_code=00100007&order_time=2022-07-19 HTTP/1.1" 200 408
101.83.223.227 - - [19/Jul/2022:13:12:39 +0800] "GET /xingrg/all/function/internal_message.html?_=1658207509312&CODE_STATE=getMsg HTTP/1.1" 200 27
218.81.223.53 - - [19/Jul/2022:13:12:41 +0800] "GET /xingrg/all/function/internal_message.html?_=1658207566591&CODE_STATE=getMsg HTTP/1.1" 200 27
180.175.103.110 - - [19/Jul/2022:13:12:43 +0800] "GET /xingrg/all/function/internal_message.html?_=1658207563442&CODE_STATE=getMsg HTTP/1.1" 200 27
58.37.4.65 - - [19/Jul/2022:13:13:02 +0800] "GET /xingrg/kc/buy/cgsh_order_operate.html?command=get_materiel&rest_code=00106&code=00101008331&supplier_code=00100007&order_time=2022-07-19 HTTP/1.1" 200 418
114.86.187.244 - - [19/Jul/2022:13:13:05 +0800] "GET /xingrg/all/function/internal_message.html?_=1658207584949&CODE_STATE=getMsg HTTP/1.1" 200 27
120.253.135.82 - - [19/Jul/2022:13:13:11 +0800] "GET /xingrg/all/function/internal_message.html?_=1658207719596&CODE_STATE=getMsg HTTP/1.1" 200 27
101.83.240.35 - - [19/Jul/2022:13:13:12 +0800] "GET /xingrg/all/function/internal_message.html?_=1658207588142&CODE_STATE=getMsg HTTP/1.1" 200 27
101.83.240.35 - - [19/Jul/2022:13:13:13 +0800] "GET /xingrg/check_reg.html?_=1658207589021 HTTP/1.1" 200 22
114.84.2.83 - - [19/Jul/2022:13:13:16 +0800] "GET /xingrg/all/function/internal_message.html?_=1658207594189&CODE_STATE=getMsg HTTP/1.1" 200 27
114.84.2.83 - - [19/Jul/2022:13:13:16 +0800] "GET /xingrg/check_reg.html?_=1658207594191 HTTP/1.1" 200 22
58.37.4.65 - - [19/Jul/2022:13:13:20 +0800] "GET /xingrg/kc/buy/cgsh_order_operate.html?command=get_materiel&rest_code=00106&code=00101008224&supplier_code=00100007&order_time=2022-07-19 HTTP/1.1" 200 432
58.37.4.65 - - [19/Jul/2022:13:13:25 +0800] "POST /xingrg/kc/buy/cgsh_order_operate.html HTTP/1.1" 200 2065
116.230.110.48 - - [19/Jul/2022:13:13:31 +0800] "GET /xingrg/all/function/internal_message.html?_=1658207609225&CODE_STATE=getMsg HTTP/1.1" 200 27
101.85.120.95 - - [19/Jul/2022:13:13:31 +0800] "GET /xingrg/all/function/internal_message.html?_=1658207609426&CODE_STATE=getMsg HTTP/1.1" 200 27
58.35.196.166 - - [19/Jul/2022:13:13:32 +0800] "GET /xingrg/all/function/internal_message.html?_=1658207609221&CODE_STATE=getMsg HTTP/1.1" 200 27
58.37.4.65 - - [19/Jul/2022:13:13:33 +0800] "GET /xingrg/kc/buy/cgsh_order_operate.html?command=get_materiel&rest_code=00106&code=00101008236&supplier_code=00100007&order_time=2022-07-19 HTTP/1.1" 200 432
116.228.172.94 - - [19/Jul/2022:13:13:34 +0800] "GET /xingrg/all/function/internal_message.html?_=1658207360909&CODE_STATE=getMsg HTTP/1.1" 200 27
101.83.223.227 - - [19/Jul/2022:13:13:39 +0800] "GET /xingrg/all/function/internal_message.html?_=1658207569320&CODE_STATE=getMsg HTTP/1.1" 200 27
218.81.223.53 - - [19/Jul/2022:13:13:42 +0800] "GET /xingrg/all/function/internal_message.html?_=1658207626604&CODE_STATE=getMsg HTTP/1.1" 200 27
180.175.103.110 - - [19/Jul/2022:13:13:43 +0800] "GET /xingrg/all/function/internal_message.html?_=1658207623419&CODE_STATE=getMsg HTTP/1.1" 200 27
58.37.4.65 - - [19/Jul/2022:13:13:53 +0800] "GET /xingrg/kc/buy/cgsh_order_operate.html?command=get_materiel&rest_code=00106&code=00101008095&supplier_code=00100007&order_time=2022-07-19 HTTP/1.1" 200 428
180.175.103.110 - - [19/Jul/2022:13:13:54 +0800] "POST /xingrg/services/DataTransmitService HTTP/1.1" 200 524
58.35.196.166 - - [19/Jul/2022:13:13:55 +0800] "GET /xingrg/check_reg.html?_=1658207632067 HTTP/1.1" 200 22
180.175.103.110 - - [19/Jul/2022:13:13:55 +0800] "POST /xingrg/services/DataTransmitService HTTP/1.1" 200 501
180.175.103.110 - - [19/Jul/2022:13:13:55 +0800] "POST /xingrg/services/DataTransmitService HTTP/1.1" 200 501
180.175.103.110 - - [19/Jul/2022:13:13:55 +0800] "POST /xingrg/services/DataTransmitService HTTP/1.1" 200 501
180.175.103.110 - - [19/Jul/2022:13:13:56 +0800] "POST /xingrg/services/DataTransmitService HTTP/1.1" 200 501
180.175.103.110 - - [19/Jul/2022:13:13:56 +0800] "POST /xingrg/services/DataTransmitService HTTP/1.1" 200 501
180.175.103.110 - - [19/Jul/2022:13:13:56 +0800] "POST /xingrg/services/DataTransmitService HTTP/1.1" 200 412
114.86.187.244 - - [19/Jul/2022:13:14:05 +0800] "GET /xingrg/all/function/internal_message.html?_=1658207644949&CODE_STATE=getMsg HTTP/1.1" 200 27
114.86.187.244 - - [19/Jul/2022:13:14:05 +0800] "GET /xingrg/check_reg.html?_=1658207644951 HTTP/1.1" 200 22
120.253.135.82 - - [19/Jul/2022:13:14:11 +0800] "GET /xingrg/all/function/internal_message.html?_=1658207779642&CODE_STATE=getMsg HTTP/1.1" 200 27
101.83.240.35 - - [19/Jul/2022:13:14:12 +0800] "GET /xingrg/all/function/internal_message.html?_=1658207648131&CODE_STATE=getMsg HTTP/1.1" 200 27
114.84.2.83 - - [19/Jul/2022:13:14:16 +0800] "GET /xingrg/all/function/internal_message.html?_=1658207654190&CODE_STATE=getMsg HTTP/1.1" 200 27
58.37.4.65 - - [19/Jul/2022:13:14:20 +0800] "GET /xingrg/kc/buy/cgsh_order_operate.html?command=get_materiel&rest_code=00106&code=00101008558&supplier_code=00100007&order_time=2022-07-19 HTTP/1.1" 200 409
