101.85.120.95 - - [19/Jul/2022:10:48:35 +0800] "GET /xingrg/check_reg.html?_=1658198914193 HTTP/1.1" 200 22
101.83.240.35 - - [19/Jul/2022:10:48:36 +0800] "GET /xingrg/kc/print/load_data.html?order_code=212022071904751&kc_code=cgsh&condition= HTTP/1.1" 200 2305
101.85.238.90 - - [19/Jul/2022:10:48:39 +0800] "GET /xingrg/all/function/internal_message.html?_=1658198980828&CODE_STATE=getMsg HTTP/1.1" 200 27
58.35.196.166 - - [19/Jul/2022:10:48:41 +0800] "GET /xingrg/kc/base/kc_stocks_rest.html?code=00101008246 HTTP/1.1" 200 7841
58.35.196.166 - - [19/Jul/2022:10:48:41 +0800] "POST /xingrg/kc/base/stock_operate.html HTTP/1.1" 200 766
58.35.196.166 - - [19/Jul/2022:10:48:41 +0800] "GET /xingrg/kc/base/stock_operate.html?command=query_base_stocks&rest_code=00156&materiel_code=00101008246&_setting=%257B%2522pk%2522%3A%2522base_code%2522%2C%2522fields%2522%3A%257B%2522base_name%2522%3A%257B%2522h%2522%3A0%2C%2522w%2522%3A140%2C%2522t%2522%3A%2522%25E4%25BB%2593%25E5%25BA%2593%25E5%2590%258D%25E7%25A7%25B0%2522%257D%2C%2522number%2522%3A%257B%2522h%2522%3A0%2C%2522w%2522%3A80%2C%2522t%2522%3A%2522%25E6%2595%25B0%25E9%2587%258F%2522%2C%2522s%2522%3A1%257D%2C%2522price%2522%3A%257B%2522h%2522%3A0%2C%2522w%2522%3A80%2C%2522t%2522%3A%2522%25E5%258D%2595%25E4%25BB%25B7%2522%257D%2C%2522total_money%2522%3A%257B%2522h%2522%3A0%2C%2522w%2522%3A100%2C%2522t%2522%3A%2522%25E9%2587%2591%25E9%25A2%259D%2522%2C%2522s%2522%3A1%257D%2C%2522assist_unit%2522%3A%257B%2522h%2522%3A0%2C%2522w%2522%3A100%2C%2522t%2522%3A%2522%25E8%25BE%2585%25E5%258D%2595%25E4%25BD%258D%2522%257D%2C%2522assist_number%2522%3A%257B%2522h%2522%3A0%2C%2522w%2522%3A100%2C%2522t%2522%3A%2522%25E8%25BE%2585%25E6%2595%25B0%25E9%2587%258F%2522%2C%2522s%2522%3A1%257D%257D%257D HTTP/1.1" 200 6298
58.37.4.65 - - [19/Jul/2022:10:48:45 +0800] "GET /xingrg/check_reg.html?_=1658198925091 HTTP/1.1" 200 22
58.37.4.65 - - [19/Jul/2022:10:48:45 +0800] "GET /xingrg/all/function/internal_message.html?_=1658198925096&CODE_STATE=getMsg HTTP/1.1" 200 27
180.175.103.110 - - [19/Jul/2022:10:48:47 +0800] "GET /xingrg/all/function/internal_message.html?_=1658198926947&CODE_STATE=getMsg HTTP/1.1" 200 27
101.83.240.35 - - [19/Jul/2022:10:48:47 +0800] "GET /xingrg/kc/buy/cgsh_order_add.html HTTP/1.1" 200 68032
101.83.240.35 - - [19/Jul/2022:10:48:48 +0800] "POST /xingrg/kc/buy/cgsh_order_operate.html HTTP/1.1" 200 8245
101.83.240.35 - - [19/Jul/2022:10:48:48 +0800] "GET /xingrg/javascript/easyui/themes/default/validatebox.css HTTP/1.1" 404 1104
101.85.238.90 - - [19/Jul/2022:10:48:54 +0800] "GET /xingrg/check_reg.html?_=1658198996730 HTTP/1.1" 200 22
58.35.196.166 - - [19/Jul/2022:10:48:54 +0800] "GET /xingrg/check_reg.html?_=1658198932061 HTTP/1.1" 200 22
58.37.4.65 - - [19/Jul/2022:10:48:58 +0800] "GET /xingrg/kc/buy/cgsh_order_operate.html?command=get_materiel&rest_code=00106&code=00101029010&supplier_code=00100017&order_time=2022-07-19 HTTP/1.1" 200 439
124.79.75.192 - - [19/Jul/2022:10:49:02 +0800] "GET /favicon.ico HTTP/1.1" 404 -
101.83.240.35 - - [19/Jul/2022:10:49:02 +0800] "GET /xingrg/kc/buy/cgsh_order_operate.html?command=get_materiel&rest_code=00149&code=00101009001&supplier_code=00100201&order_time=2022-07-19 HTTP/1.1" 200 416
114.86.187.244 - - [19/Jul/2022:10:49:05 +0800] "GET /xingrg/all/function/internal_message.html?_=1658198944678&CODE_STATE=getMsg HTTP/1.1" 200 27
114.86.187.244 - - [19/Jul/2022:10:49:05 +0800] "GET /xingrg/check_reg.html?_=1658198944680 HTTP/1.1" 200 22
58.35.196.166 - - [19/Jul/2022:10:49:10 +0800] "POST /xingrg/kc/base/wldb_order_operate.html HTTP/1.1" 200 37
218.81.223.53 - - [19/Jul/2022:10:49:11 +0800] "GET /xingrg/all/function/internal_message.html?_=1658198956068&CODE_STATE=getMsg HTTP/1.1" 200 27
58.35.196.166 - - [19/Jul/2022:10:49:12 +0800] "POST /xingrg/kc/base/wldb_order_operate.html HTTP/1.1" 200 12
58.35.196.166 - - [19/Jul/2022:10:49:12 +0800] "POST /xingrg/kc/base/wldb_order_operate.html HTTP/1.1" 200 4145
101.83.240.35 - - [19/Jul/2022:10:49:13 +0800] "GET /xingrg/all/function/internal_message.html?_=1658198948873&CODE_STATE=getMsg HTTP/1.1" 200 27
58.35.196.166 - - [19/Jul/2022:10:49:14 +0800] "GET /xingrg/kc/base/wldb_order_info.html?code=422022071901165 HTTP/1.1" 200 26245
58.35.196.166 - - [19/Jul/2022:10:49:15 +0800] "GET /xingrg/javascript/easyui/themes/default/validatebox.css HTTP/1.1" 404 1104
58.35.196.166 - - [19/Jul/2022:10:49:15 +0800] "POST /xingrg/kc/base/wldb_order_operate.html HTTP/1.1" 200 2396
114.84.2.83 - - [19/Jul/2022:10:49:16 +0800] "GET /xingrg/all/function/internal_message.html?_=1658198954038&CODE_STATE=getMsg HTTP/1.1" 200 27
58.35.196.166 - - [19/Jul/2022:10:49:23 +0800] "GET /xingrg/kc/base/wldb_order_add.html HTTP/1.1" 200 30362
58.35.196.166 - - [19/Jul/2022:10:49:23 +0800] "POST /xingrg/kc/base/wldb_order_operate.html HTTP/1.1" 200 6806
58.35.196.166 - - [19/Jul/2022:10:49:23 +0800] "GET /xingrg/javascript/easyui/themes/default/validatebox.css HTTP/1.1" 404 1104
58.37.4.65 - - [19/Jul/2022:10:49:25 +0800] "GET /xingrg/kc/buy/cgsh_order_operate.html?command=get_materiel&rest_code=00106&code=00101029005&supplier_code=00100017&order_time=2022-07-19 HTTP/1.1" 200 435
101.83.240.35 - - [19/Jul/2022:10:49:29 +0800] "GET /xingrg/kc/buy/cgsh_order_operate.html?command=get_materiel&rest_code=00149&code=00101009062&supplier_code=00100201&order_time=2022-07-19 HTTP/1.1" 200 412
116.230.110.48 - - [19/Jul/2022:10:49:30 +0800] "GET /xingrg/all/function/internal_message.html?_=1658198969227&CODE_STATE=getMsg HTTP/1.1" 200 27
58.35.196.166 - - [19/Jul/2022:10:49:35 +0800] "GET /xingrg/all/function/internal_message.html?_=1658198972497&CODE_STATE=getMsg HTTP/1.1" 200 27
101.85.120.95 - - [19/Jul/2022:10:49:35 +0800] "GET /xingrg/all/function/internal_message.html?_=1658198974161&CODE_STATE=getMsg HTTP/1.1" 200 27
101.83.240.35 - - [19/Jul/2022:10:49:36 +0800] "GET /xingrg/kc/buy/cgsh_order_operate.html?command=get_materiel&rest_code=00149&code=00101009011&supplier_code=00100201&order_time=2022-07-19 HTTP/1.1" 200 432
101.85.238.90 - - [19/Jul/2022:10:49:38 +0800] "GET /xingrg/all/function/internal_message.html?_=1658199041394&CODE_STATE=getMsg HTTP/1.1" 200 27
58.35.196.166 - - [19/Jul/2022:10:49:38 +0800] "GET /xingrg/kc/base/wldb_order_operate.html?command=get_materiel&rest_code=00156&base_code=0010785&code=00101001095 HTTP/1.1" 200 434
58.37.4.65 - - [19/Jul/2022:10:49:45 +0800] "GET /xingrg/all/function/internal_message.html?_=1658198985088&CODE_STATE=getMsg HTTP/1.1" 200 27
180.175.103.110 - - [19/Jul/2022:10:49:47 +0800] "GET /xingrg/all/function/internal_message.html?_=1658198986885&CODE_STATE=getMsg HTTP/1.1" 200 27
101.83.240.35 - - [19/Jul/2022:10:49:51 +0800] "GET /xingrg/kc/buy/cgsh_order_operate.html?command=get_materiel&rest_code=00149&code=00101009122&supplier_code=00100201&order_time=2022-07-19 HTTP/1.1" 200 405
58.35.196.166 - - [19/Jul/2022:10:49:51 +0800] "POST /xingrg/kc/base/wldb_order_operate.html HTTP/1.1" 200 37
58.35.196.166 - - [19/Jul/2022:10:49:54 +0800] "POST /xingrg/kc/base/wldb_order_operate.html HTTP/1.1" 200 12
58.35.196.166 - - [19/Jul/2022:10:49:54 +0800] "POST /xingrg/kc/base/wldb_order_operate.html HTTP/1.1" 200 2184
58.35.196.166 - - [19/Jul/2022:10:49:55 +0800] "GET /xingrg/kc/base/wldb_order_info.html?code=422022071901166 HTTP/1.1" 200 26238
58.35.196.166 - - [19/Jul/2022:10:49:55 +0800] "GET /xingrg/javascript/easyui/themes/default/validatebox.css HTTP/1.1" 404 1104
58.35.196.166 - - [19/Jul/2022:10:49:55 +0800] "POST /xingrg/kc/base/wldb_order_operate.html HTTP/1.1" 200 478
114.86.187.244 - - [19/Jul/2022:10:50:05 +0800] "GET /xingrg/all/function/internal_message.html?_=1658199004674&CODE_STATE=getMsg HTTP/1.1" 200 27
218.81.223.53 - - [19/Jul/2022:10:50:12 +0800] "GET /xingrg/all/function/internal_message.html?_=1658199016622&CODE_STATE=getMsg HTTP/1.1" 200 27
101.83.240.35 - - [19/Jul/2022:10:50:13 +0800] "GET /xingrg/all/function/internal_message.html?_=1658199008878&CODE_STATE=getMsg HTTP/1.1" 200 27
114.84.2.83 - - [19/Jul/2022:10:50:16 +0800] "GET /xingrg/all/function/internal_message.html?_=1658199014038&CODE_STATE=getMsg HTTP/1.1" 200 27
101.83.240.35 - - [19/Jul/2022:10:50:20 +0800] "POST /xingrg/kc/buy/cgsh_order_operate.html HTTP/1.1" 200 37
58.37.4.65 - - [19/Jul/2022:10:50:26 +0800] "GET /xingrg/kc/buy/cgsh_order_operate.html?command=get_materiel&rest_code=00106&code=00101028009&supplier_code=00100017&order_time=2022-07-19 HTTP/1.1" 200 439
101.83.240.35 - - [19/Jul/2022:10:50:27 +0800] "POST /xingrg/kc/buy/cgsh_order_operate.html HTTP/1.1" 200 12
116.230.110.48 - - [19/Jul/2022:10:50:30 +0800] "GET /xingrg/all/function/internal_message.html?_=1658199029230&CODE_STATE=getMsg HTTP/1.1" 200 27
101.83.240.35 - - [19/Jul/2022:10:50:31 +0800] "GET /xingrg/kc/buy/cgsh_order_info.html?code=212022071904752 HTTP/1.1" 200 62935
101.83.240.35 - - [19/Jul/2022:10:50:32 +0800] "GET /xingrg/javascript/easyui/themes/default/validatebox.css HTTP/1.1" 404 1104
101.83.240.35 - - [19/Jul/2022:10:50:33 +0800] "POST /xingrg/kc/buy/cgsh_order_operate.html HTTP/1.1" 200 3557
101.83.240.35 - - [19/Jul/2022:10:50:34 +0800] "GET /xingrg/kc/print/load_data.html?order_code=212022071904752&kc_code=cgsh&condition= HTTP/1.1" 200 1834
58.35.196.166 - - [19/Jul/2022:10:50:35 +0800] "GET /xingrg/all/function/internal_message.html?_=1658199032479&CODE_STATE=getMsg HTTP/1.1" 200 27
101.85.120.95 - - [19/Jul/2022:10:50:35 +0800] "GET /xingrg/all/function/internal_message.html?_=1658199034146&CODE_STATE=getMsg HTTP/1.1" 200 27
101.85.238.90 - - [19/Jul/2022:10:50:40 +0800] "GET /xingrg/all/function/internal_message.html?_=1658199101456&CODE_STATE=getMsg HTTP/1.1" 200 27
101.83.240.35 - - [19/Jul/2022:10:50:40 +0800] "GET /xingrg/kc/buy/cgsh_order_add.html HTTP/1.1" 200 68032
101.83.240.35 - - [19/Jul/2022:10:50:40 +0800] "POST /xingrg/kc/buy/cgsh_order_operate.html HTTP/1.1" 200 8245
101.83.240.35 - - [19/Jul/2022:10:50:40 +0800] "GET /xingrg/javascript/easyui/themes/default/validatebox.css HTTP/1.1" 404 1104
58.37.4.65 - - [19/Jul/2022:10:50:45 +0800] "GET /xingrg/all/function/internal_message.html?_=1658199045101&CODE_STATE=getMsg HTTP/1.1" 200 27
180.175.103.110 - - [19/Jul/2022:10:50:47 +0800] "GET /xingrg/all/function/internal_message.html?_=1658199046858&CODE_STATE=getMsg HTTP/1.1" 200 27
101.83.240.35 - - [19/Jul/2022:10:50:47 +0800] "GET /xingrg/kc/buy/cgsh_order_operate.html?command=get_materiel&rest_code=00149&code=00101002027&supplier_code=00100039&order_time=2022-07-19 HTTP/1.1" 200 413
101.83.240.35 - - [19/Jul/2022:10:51:02 +0800] "GET /xingrg/kc/buy/cgsh_order_operate.html?command=get_materiel&rest_code=00149&code=00101001044&supplier_code=00100039&order_time=2022-07-19 HTTP/1.1" 200 413
58.37.4.65 - - [19/Jul/2022:10:51:03 +0800] "GET /xingrg/kc/buy/cgsh_order_operate.html?command=get_materiel&rest_code=00106&code=00101027061&supplier_code=00100017&order_time=2022-07-19 HTTP/1.1" 200 438
114.86.187.244 - - [19/Jul/2022:10:51:05 +0800] "GET /xingrg/all/function/internal_message.html?_=1658199064666&CODE_STATE=getMsg HTTP/1.1" 200 27
180.175.103.110 - - [19/Jul/2022:10:51:08 +0800] "GET /xingrg/check_reg.html?_=1658199067908 HTTP/1.1" 200 22
218.81.223.53 - - [19/Jul/2022:10:51:12 +0800] "GET /xingrg/all/function/internal_message.html?_=1658199076626&CODE_STATE=getMsg HTTP/1.1" 200 27
101.83.240.35 - - [19/Jul/2022:10:51:13 +0800] "GET /xingrg/all/function/internal_message.html?_=1658199068901&CODE_STATE=getMsg HTTP/1.1" 200 27
101.83.240.35 - - [19/Jul/2022:10:51:13 +0800] "GET /xingrg/kc/buy/cgsh_order_operate.html?command=get_materiel&rest_code=00149&code=00101001010&supplier_code=00100039&order_time=2022-07-19 HTTP/1.1" 200 425
114.84.2.83 - - [19/Jul/2022:10:51:16 +0800] "GET /xingrg/all/function/internal_message.html?_=1658199074038&CODE_STATE=getMsg HTTP/1.1" 200 27
101.83.240.35 - - [19/Jul/2022:10:51:24 +0800] "POST /xingrg/kc/buy/cgsh_order_operate.html HTTP/1.1" 200 37
101.83.240.35 - - [19/Jul/2022:10:51:29 +0800] "POST /xingrg/kc/buy/cgsh_order_operate.html HTTP/1.1" 200 12
116.230.110.48 - - [19/Jul/2022:10:51:30 +0800] "GET /xingrg/all/function/internal_message.html?_=1658199089220&CODE_STATE=getMsg HTTP/1.1" 200 27
101.83.240.35 - - [19/Jul/2022:10:51:30 +0800] "GET /xingrg/kc/buy/cgsh_order_info.html?code=212022071904753 HTTP/1.1" 200 62935
101.83.240.35 - - [19/Jul/2022:10:51:31 +0800] "GET /xingrg/javascript/easyui/themes/default/validatebox.css HTTP/1.1" 404 1104
101.83.240.35 - - [19/Jul/2022:10:51:31 +0800] "POST /xingrg/kc/buy/cgsh_order_operate.html HTTP/1.1" 200 1794
58.35.196.166 - - [19/Jul/2022:10:51:35 +0800] "GET /xingrg/all/function/internal_message.html?_=1658199092464&CODE_STATE=getMsg HTTP/1.1" 200 27
101.85.120.95 - - [19/Jul/2022:10:51:35 +0800] "GET /xingrg/all/function/internal_message.html?_=1658199094161&CODE_STATE=getMsg HTTP/1.1" 200 27
101.83.240.35 - - [19/Jul/2022:10:51:36 +0800] "GET /xingrg/kc/print/load_data.html?order_code=212022071904753&kc_code=cgsh&condition= HTTP/1.1" 200 1176
101.85.238.90 - - [19/Jul/2022:10:51:38 +0800] "GET /xingrg/all/function/internal_message.html?_=1658199161707&CODE_STATE=getMsg HTTP/1.1" 200 27
101.83.240.35 - - [19/Jul/2022:10:51:40 +0800] "GET /xingrg/kc/buy/cgsh_order_add.html HTTP/1.1" 200 68032
101.83.240.35 - - [19/Jul/2022:10:51:40 +0800] "POST /xingrg/kc/buy/cgsh_order_operate.html HTTP/1.1" 200 8245
101.83.240.35 - - [19/Jul/2022:10:51:40 +0800] "GET /xingrg/javascript/easyui/themes/default/validatebox.css HTTP/1.1" 404 1104
58.37.4.65 - - [19/Jul/2022:10:51:45 +0800] "GET /xingrg/all/function/internal_message.html?_=1658199105092&CODE_STATE=getMsg HTTP/1.1" 200 27
180.175.103.110 - - [19/Jul/2022:10:51:47 +0800] "GET /xingrg/all/function/internal_message.html?_=1658199106826&CODE_STATE=getMsg HTTP/1.1" 200 27
101.83.240.35 - - [19/Jul/2022:10:51:57 +0800] "GET /xingrg/kc/buy/cgsh_order_operate.html?command=get_materiel&rest_code=00149&code=00101004013&supplier_code=00100083&order_time=2022-07-19 HTTP/1.1" 200 415
114.86.187.244 - - [19/Jul/2022:10:52:05 +0800] "GET /xingrg/all/function/internal_message.html?_=1658199124675&CODE_STATE=getMsg HTTP/1.1" 200 27
101.83.240.35 - - [19/Jul/2022:10:52:06 +0800] "GET /xingrg/kc/buy/cgsh_order_operate.html?command=get_materiel&rest_code=00149&code=00101004010&supplier_code=00100083&order_time=2022-07-19 HTTP/1.1" 200 429
218.81.223.53 - - [19/Jul/2022:10:52:10 +0800] "GET /xingrg/check_reg.html?_=1658199134924 HTTP/1.1" 200 22
218.81.223.53 - - [19/Jul/2022:10:52:12 +0800] "GET /xingrg/all/function/internal_message.html?_=1658199136640&CODE_STATE=getMsg HTTP/1.1" 200 27
101.83.240.35 - - [19/Jul/2022:10:52:13 +0800] "GET /xingrg/all/function/internal_message.html?_=1658199128885&CODE_STATE=getMsg HTTP/1.1" 200 27
114.84.2.83 - - [19/Jul/2022:10:52:16 +0800] "GET /xingrg/all/function/internal_message.html?_=1658199134038&CODE_STATE=getMsg HTTP/1.1" 200 27
116.230.110.48 - - [19/Jul/2022:10:52:30 +0800] "GET /xingrg/all/function/internal_message.html?_=1658199149227&CODE_STATE=getMsg HTTP/1.1" 200 27
116.230.110.48 - - [19/Jul/2022:10:52:30 +0800] "GET /xingrg/check_reg.html?_=1658199149231 HTTP/1.1" 200 22
58.37.4.65 - - [19/Jul/2022:10:52:33 +0800] "GET /xingrg/kc/buy/cgsh_order_operate.html?command=get_materiel&rest_code=00106&code=00101027001&supplier_code=00100017&order_time=2022-07-19 HTTP/1.1" 200 468
58.35.196.166 - - [19/Jul/2022:10:52:35 +0800] "GET /xingrg/all/function/internal_message.html?_=1658199152433&CODE_STATE=getMsg HTTP/1.1" 200 27
101.85.120.95 - - [19/Jul/2022:10:52:35 +0800] "GET /xingrg/all/function/internal_message.html?_=1658199154161&CODE_STATE=getMsg HTTP/1.1" 200 27
101.85.238.90 - - [19/Jul/2022:10:52:38 +0800] "GET /xingrg/all/function/internal_message.html?_=1658199221709&CODE_STATE=getMsg HTTP/1.1" 200 27
58.37.4.65 - - [19/Jul/2022:10:52:45 +0800] "GET /xingrg/all/function/internal_message.html?_=1658199165134&CODE_STATE=getMsg HTTP/1.1" 200 27
180.175.103.110 - - [19/Jul/2022:10:52:46 +0800] "GET /xingrg/all/function/internal_message.html?_=1658199166798&CODE_STATE=getMsg HTTP/1.1" 200 27
114.86.187.244 - - [19/Jul/2022:10:53:05 +0800] "GET /xingrg/all/function/internal_message.html?_=1658199184672&CODE_STATE=getMsg HTTP/1.1" 200 27
218.81.223.53 - - [19/Jul/2022:10:53:12 +0800] "GET /xingrg/all/function/internal_message.html?_=1658199196654&CODE_STATE=getMsg HTTP/1.1" 200 27
101.83.240.35 - - [19/Jul/2022:10:53:13 +0800] "GET /xingrg/all/function/internal_message.html?_=1658199188880&CODE_STATE=getMsg HTTP/1.1" 200 27
101.83.240.35 - - [19/Jul/2022:10:53:13 +0800] "GET /xingrg/check_reg.html?_=1658199188885 HTTP/1.1" 200 22
114.84.2.83 - - [19/Jul/2022:10:53:16 +0800] "GET /xingrg/all/function/internal_message.html?_=1658199194038&CODE_STATE=getMsg HTTP/1.1" 200 27
114.84.2.83 - - [19/Jul/2022:10:53:16 +0800] "GET /xingrg/check_reg.html?_=1658199194041 HTTP/1.1" 200 22
116.230.110.48 - - [19/Jul/2022:10:53:30 +0800] "GET /xingrg/all/function/internal_message.html?_=1658199209220&CODE_STATE=getMsg HTTP/1.1" 200 27
58.35.196.166 - - [19/Jul/2022:10:53:35 +0800] "GET /xingrg/all/function/internal_message.html?_=1658199212421&CODE_STATE=getMsg HTTP/1.1" 200 27
101.85.120.95 - - [19/Jul/2022:10:53:35 +0800] "GET /xingrg/all/function/internal_message.html?_=1658199214186&CODE_STATE=getMsg HTTP/1.1" 200 27
101.85.120.95 - - [19/Jul/2022:10:53:35 +0800] "GET /xingrg/check_reg.html?_=1658199214189 HTTP/1.1" 200 22
58.37.4.65 - - [19/Jul/2022:10:53:36 +0800] "POST /xingrg/kc/buy/cgsh_order_operate.html HTTP/1.1" 200 37
58.37.4.65 - - [19/Jul/2022:10:53:39 +0800] "POST /xingrg/kc/buy/cgsh_order_operate.html HTTP/1.1" 200 12
101.85.238.90 - - [19/Jul/2022:10:53:39 +0800] "GET /xingrg/all/function/internal_message.html?_=1658199281944&CODE_STATE=getMsg HTTP/1.1" 200 27
58.37.4.65 - - [19/Jul/2022:10:53:43 +0800] "GET /xingrg/kc/buy/cgsh_order_info.html?code=212022071904754 HTTP/1.1" 200 62839
58.37.4.65 - - [19/Jul/2022:10:53:43 +0800] "GET /xingrg/javascript/easyui/themes/default/validatebox.css HTTP/1.1" 404 1104
58.37.4.65 - - [19/Jul/2022:10:53:44 +0800] "POST /xingrg/kc/buy/cgsh_order_operate.html HTTP/1.1" 200 3095
58.37.4.65 - - [19/Jul/2022:10:53:45 +0800] "GET /xingrg/check_reg.html?_=1658199225099 HTTP/1.1" 200 22
58.37.4.65 - - [19/Jul/2022:10:53:45 +0800] "GET /xingrg/all/function/internal_message.html?_=1658199225118&CODE_STATE=getMsg HTTP/1.1" 200 27
180.175.103.110 - - [19/Jul/2022:10:53:46 +0800] "GET /xingrg/all/function/internal_message.html?_=1658199226775&CODE_STATE=getMsg HTTP/1.1" 200 27
58.37.4.65 - - [19/Jul/2022:10:53:49 +0800] "GET /xingrg/kc/print/load_config.html?kc_code=cgsh HTTP/1.1" 200 1943
58.37.4.65 - - [19/Jul/2022:10:53:49 +0800] "GET /xingrg/kc/print/load_data.html?order_code=212022071904754&kc_code=cgsh&condition= HTTP/1.1" 200 1785
101.85.238.90 - - [19/Jul/2022:10:53:54 +0800] "GET /xingrg/check_reg.html?_=1658199297016 HTTP/1.1" 200 22
58.35.196.166 - - [19/Jul/2022:10:53:54 +0800] "GET /xingrg/check_reg.html?_=1658199232061 HTTP/1.1" 200 22
114.86.187.244 - - [19/Jul/2022:10:54:05 +0800] "GET /xingrg/all/function/internal_message.html?_=1658199244666&CODE_STATE=getMsg HTTP/1.1" 200 27
114.86.187.244 - - [19/Jul/2022:10:54:05 +0800] "GET /xingrg/check_reg.html?_=1658199244669 HTTP/1.1" 200 22
218.81.223.53 - - [19/Jul/2022:10:54:12 +0800] "GET /xingrg/all/function/internal_message.html?_=1658199256666&CODE_STATE=getMsg HTTP/1.1" 200 27
101.83.240.35 - - [19/Jul/2022:10:54:13 +0800] "GET /xingrg/all/function/internal_message.html?_=1658199248891&CODE_STATE=getMsg HTTP/1.1" 200 27
114.84.2.83 - - [19/Jul/2022:10:54:16 +0800] "GET /xingrg/all/function/internal_message.html?_=1658199254040&CODE_STATE=getMsg HTTP/1.1" 200 27
101.83.223.227 - - [19/Jul/2022:10:54:20 +0800] "POST /xingrg/services/DataTransmitService HTTP/1.1" 200 524
58.37.4.65 - - [19/Jul/2022:10:54:30 +0800] "GET /xingrg/kc/base/base_main.html HTTP/1.1" 200 12142
58.37.4.65 - - [19/Jul/2022:10:54:30 +0800] "GET /xingrg/images/blue/button/wlsy.gif HTTP/1.1" 200 2536
116.230.110.48 - - [19/Jul/2022:10:54:30 +0800] "GET /xingrg/all/function/internal_message.html?_=1658199269233&CODE_STATE=getMsg HTTP/1.1" 200 27
58.37.4.65 - - [19/Jul/2022:10:54:30 +0800] "GET /xingrg/images/blue/button/top_left.jpg HTTP/1.1" 200 1632
58.37.4.65 - - [19/Jul/2022:10:54:30 +0800] "GET /xingrg/images/blue/button/ckpd.gif HTTP/1.1" 200 2051
58.37.4.65 - - [19/Jul/2022:10:54:30 +0800] "GET /xingrg/images/blue/button/yddb.gif HTTP/1.1" 200 2040
58.37.4.65 - - [19/Jul/2022:10:54:30 +0800] "GET /xingrg/images/blue/button/ckdb.gif HTTP/1.1" 200 1950
58.37.4.65 - - [19/Jul/2022:10:54:30 +0800] "GET /xingrg/images/blue/button/top_right.jpg HTTP/1.1" 200 1708
58.37.4.65 - - [19/Jul/2022:10:54:30 +0800] "GET /xingrg/images/blue/button/bottom_right.jpg HTTP/1.1" 200 1436
58.37.4.65 - - [19/Jul/2022:10:54:30 +0800] "GET /xingrg/images/blue/button/down.jpg HTTP/1.1" 200 1560
58.37.4.65 - - [19/Jul/2022:10:54:30 +0800] "GET /xingrg/images/blue/button/bottom_left.jpg HTTP/1.1" 200 1524
58.37.4.65 - - [19/Jul/2022:10:54:30 +0800] "GET /xingrg/images/blue/button/left_ah.jpg HTTP/1.1" 200 1643
58.37.4.65 - - [19/Jul/2022:10:54:32 +0800] "GET /xingrg/kc/base/wldb_order_list.html HTTP/1.1" 200 19142
58.37.4.65 - - [19/Jul/2022:10:54:32 +0800] "POST /xingrg/kc/base/wldb_list_operate.html HTTP/1.1" 200 928
58.35.196.166 - - [19/Jul/2022:10:54:35 +0800] "GET /xingrg/all/function/internal_message.html?_=1658199272374&CODE_STATE=getMsg HTTP/1.1" 200 27
58.37.4.65 - - [19/Jul/2022:10:54:35 +0800] "GET /xingrg/kc/buy/buy_main.html HTTP/1.1" 200 12412
58.37.4.65 - - [19/Jul/2022:10:54:35 +0800] "GET /xingrg/css/new_ie.css HTTP/1.1" 404 1036
101.85.120.95 - - [19/Jul/2022:10:54:35 +0800] "GET /xingrg/all/function/internal_message.html?_=1658199274174&CODE_STATE=getMsg HTTP/1.1" 200 27
58.37.4.65 - - [19/Jul/2022:10:54:36 +0800] "GET /xingrg/images/yd/bt.gif HTTP/1.1" 404 1040
58.37.4.65 - - [19/Jul/2022:10:54:37 +0800] "GET /xingrg/kc/buy/cgsh_order_list.html HTTP/1.1" 200 52162
58.37.4.65 - - [19/Jul/2022:10:54:39 +0800] "POST /xingrg/kc/buy/cgsh_list_operate.html HTTP/1.1" 200 2380
101.85.238.90 - - [19/Jul/2022:10:54:40 +0800] "GET /xingrg/all/function/internal_message.html?_=1658199342621&CODE_STATE=getMsg HTTP/1.1" 200 27
58.37.4.65 - - [19/Jul/2022:10:54:45 +0800] "GET /xingrg/all/function/internal_message.html?_=1658199285099&CODE_STATE=getMsg HTTP/1.1" 200 27
180.175.103.110 - - [19/Jul/2022:10:54:46 +0800] "GET /xingrg/all/function/internal_message.html?_=1658199286744&CODE_STATE=getMsg HTTP/1.1" 200 27
114.86.187.244 - - [19/Jul/2022:10:55:05 +0800] "GET /xingrg/all/function/internal_message.html?_=1658199304677&CODE_STATE=getMsg HTTP/1.1" 200 27
218.81.223.53 - - [19/Jul/2022:10:55:12 +0800] "GET /xingrg/all/function/internal_message.html?_=1658199317230&CODE_STATE=getMsg HTTP/1.1" 200 27
101.83.240.35 - - [19/Jul/2022:10:55:13 +0800] "GET /xingrg/all/function/internal_message.html?_=1658199308876&CODE_STATE=getMsg HTTP/1.1" 200 27
114.84.2.83 - - [19/Jul/2022:10:55:16 +0800] "GET /xingrg/all/function/internal_message.html?_=1658199314040&CODE_STATE=getMsg HTTP/1.1" 200 27
116.230.110.48 - - [19/Jul/2022:10:55:30 +0800] "GET /xingrg/all/function/internal_message.html?_=1658199329233&CODE_STATE=getMsg HTTP/1.1" 200 27
58.35.196.166 - - [19/Jul/2022:10:55:35 +0800] "GET /xingrg/all/function/internal_message.html?_=1658199332361&CODE_STATE=getMsg HTTP/1.1" 200 27
101.85.120.95 - - [19/Jul/2022:10:55:35 +0800] "GET /xingrg/all/function/internal_message.html?_=1658199334175&CODE_STATE=getMsg HTTP/1.1" 200 27
101.85.238.90 - - [19/Jul/2022:10:55:39 +0800] "GET /xingrg/all/function/internal_message.html?_=1658199402623&CODE_STATE=getMsg HTTP/1.1" 200 27
101.83.240.35 - - [19/Jul/2022:10:55:39 +0800] "GET /xingrg/kc/buy/cgsh_order_operate.html?command=get_materiel&rest_code=00149&code=00101004051&supplier_code=00100083&order_time=2022-07-19 HTTP/1.1" 200 409
58.37.4.65 - - [19/Jul/2022:10:55:45 +0800] "GET /xingrg/all/function/internal_message.html?_=1658199345109&CODE_STATE=getMsg HTTP/1.1" 200 27
180.175.103.110 - - [19/Jul/2022:10:55:46 +0800] "GET /xingrg/all/function/internal_message.html?_=1658199346750&CODE_STATE=getMsg HTTP/1.1" 200 27
101.83.240.35 - - [19/Jul/2022:10:55:48 +0800] "GET /xingrg/kc/buy/cgsh_order_operate.html?command=get_materiel&rest_code=00149&code=00101004067&supplier_code=00100083&order_time=2022-07-19 HTTP/1.1" 200 413
101.83.240.35 - - [19/Jul/2022:10:56:01 +0800] "GET /xingrg/kc/buy/cgsh_order_operate.html?command=get_materiel&rest_code=00149&code=00101004074&supplier_code=00100083&order_time=2022-07-19 HTTP/1.1" 200 406
114.86.187.244 - - [19/Jul/2022:10:56:05 +0800] "GET /xingrg/all/function/internal_message.html?_=1658199364672&CODE_STATE=getMsg HTTP/1.1" 200 27
180.175.103.110 - - [19/Jul/2022:10:56:08 +0800] "GET /xingrg/check_reg.html?_=1658199367909 HTTP/1.1" 200 22
218.81.223.53 - - [19/Jul/2022:10:56:12 +0800] "GET /xingrg/all/function/internal_message.html?_=1658199377241&CODE_STATE=getMsg HTTP/1.1" 200 27
101.83.240.35 - - [19/Jul/2022:10:56:13 +0800] "GET /xingrg/all/function/internal_message.html?_=1658199368898&CODE_STATE=getMsg HTTP/1.1" 200 27
114.84.2.83 - - [19/Jul/2022:10:56:16 +0800] "GET /xingrg/all/function/internal_message.html?_=1658199374039&CODE_STATE=getMsg HTTP/1.1" 200 27
116.230.110.48 - - [19/Jul/2022:10:56:30 +0800] "GET /xingrg/all/function/internal_message.html?_=1658199389230&CODE_STATE=getMsg HTTP/1.1" 200 27
58.35.196.166 - - [19/Jul/2022:10:56:35 +0800] "GET /xingrg/all/function/internal_message.html?_=1658199392330&CODE_STATE=getMsg HTTP/1.1" 200 27
101.85.120.95 - - [19/Jul/2022:10:56:35 +0800] "GET /xingrg/all/function/internal_message.html?_=1658199394175&CODE_STATE=getMsg HTTP/1.1" 200 27
101.85.238.90 - - [19/Jul/2022:10:56:39 +0800] "GET /xingrg/all/function/internal_message.html?_=1658199462765&CODE_STATE=getMsg HTTP/1.1" 200 27
101.83.240.35 - - [19/Jul/2022:10:56:41 +0800] "POST /xingrg/kc/buy/cgsh_order_operate.html HTTP/1.1" 200 37
58.37.4.65 - - [19/Jul/2022:10:56:45 +0800] "GET /xingrg/all/function/internal_message.html?_=1658199405109&CODE_STATE=getMsg HTTP/1.1" 200 27
180.175.103.110 - - [19/Jul/2022:10:56:46 +0800] "GET /xingrg/all/function/internal_message.html?_=1658199406721&CODE_STATE=getMsg HTTP/1.1" 200 27
101.83.240.35 - - [19/Jul/2022:10:56:47 +0800] "POST /xingrg/kc/buy/cgsh_order_operate.html HTTP/1.1" 200 12
101.83.240.35 - - [19/Jul/2022:10:56:54 +0800] "GET /xingrg/kc/buy/cgsh_order_info.html?code=212022071904755 HTTP/1.1" 200 62933
101.83.240.35 - - [19/Jul/2022:10:56:55 +0800] "GET /xingrg/javascript/easyui/themes/default/validatebox.css HTTP/1.1" 404 1104
101.83.240.35 - - [19/Jul/2022:10:56:55 +0800] "POST /xingrg/kc/buy/cgsh_order_operate.html HTTP/1.1" 200 2981
101.83.240.35 - - [19/Jul/2022:10:56:59 +0800] "GET /xingrg/kc/print/load_data.html?order_code=212022071904755&kc_code=cgsh&condition= HTTP/1.1" 200 1630
114.86.187.244 - - [19/Jul/2022:10:57:05 +0800] "GET /xingrg/all/function/internal_message.html?_=1658199424655&CODE_STATE=getMsg HTTP/1.1" 200 27
101.83.240.35 - - [19/Jul/2022:10:57:08 +0800] "GET /xingrg/kc/buy/cgsh_order_add.html HTTP/1.1" 200 68032
101.83.240.35 - - [19/Jul/2022:10:57:08 +0800] "POST /xingrg/kc/buy/cgsh_order_operate.html HTTP/1.1" 200 8245
101.83.240.35 - - [19/Jul/2022:10:57:08 +0800] "GET /xingrg/javascript/easyui/themes/default/validatebox.css HTTP/1.1" 404 1104
218.81.223.53 - - [19/Jul/2022:10:57:11 +0800] "GET /xingrg/check_reg.html?_=1658199435451 HTTP/1.1" 200 22
218.81.223.53 - - [19/Jul/2022:10:57:12 +0800] "GET /xingrg/all/function/internal_message.html?_=1658199437254&CODE_STATE=getMsg HTTP/1.1" 200 27
101.83.240.35 - - [19/Jul/2022:10:57:13 +0800] "GET /xingrg/all/function/internal_message.html?_=1658199428894&CODE_STATE=getMsg HTTP/1.1" 200 27
114.84.2.83 - - [19/Jul/2022:10:57:16 +0800] "GET /xingrg/all/function/internal_message.html?_=1658199434039&CODE_STATE=getMsg HTTP/1.1" 200 27
116.230.110.48 - - [19/Jul/2022:10:57:30 +0800] "GET /xingrg/all/function/internal_message.html?_=1658199449218&CODE_STATE=getMsg HTTP/1.1" 200 27
116.230.110.48 - - [19/Jul/2022:10:57:30 +0800] "GET /xingrg/check_reg.html?_=1658199449221 HTTP/1.1" 200 22
101.83.240.35 - - [19/Jul/2022:10:57:34 +0800] "GET /xingrg/kc/buy/cgsh_order_operate.html?command=get_materiel&rest_code=00149&code=00101007061&supplier_code=00100205&order_time=2022-07-19 HTTP/1.1" 200 426
58.35.196.166 - - [19/Jul/2022:10:57:35 +0800] "GET /xingrg/all/function/internal_message.html?_=1658199452300&CODE_STATE=getMsg HTTP/1.1" 200 27
101.85.120.95 - - [19/Jul/2022:10:57:35 +0800] "GET /xingrg/all/function/internal_message.html?_=1658199454181&CODE_STATE=getMsg HTTP/1.1" 200 27
101.85.238.90 - - [19/Jul/2022:10:57:40 +0800] "GET /xingrg/all/function/internal_message.html?_=1658199523145&CODE_STATE=getMsg HTTP/1.1" 200 27
58.37.4.65 - - [19/Jul/2022:10:57:45 +0800] "GET /xingrg/all/function/internal_message.html?_=1658199465109&CODE_STATE=getMsg HTTP/1.1" 200 27
101.83.240.35 - - [19/Jul/2022:10:57:46 +0800] "GET /xingrg/kc/buy/cgsh_order_operate.html?command=get_materiel&rest_code=00149&code=00101007049&supplier_code=00100205&order_time=2022-07-19 HTTP/1.1" 200 424
180.175.103.110 - - [19/Jul/2022:10:57:46 +0800] "GET /xingrg/all/function/internal_message.html?_=1658199466699&CODE_STATE=getMsg HTTP/1.1" 200 27
101.83.240.35 - - [19/Jul/2022:10:57:57 +0800] "GET /xingrg/kc/buy/cgsh_order_operate.html?command=get_materiel&rest_code=00149&code=00101007059&supplier_code=00100205&order_time=2022-07-19 HTTP/1.1" 200 411
114.86.187.244 - - [19/Jul/2022:10:58:05 +0800] "GET /xingrg/all/function/internal_message.html?_=1658199484657&CODE_STATE=getMsg HTTP/1.1" 200 27
218.81.223.53 - - [19/Jul/2022:10:58:12 +0800] "GET /xingrg/all/function/internal_message.html?_=1658199497267&CODE_STATE=getMsg HTTP/1.1" 200 27
101.83.240.35 - - [19/Jul/2022:10:58:13 +0800] "GET /xingrg/all/function/internal_message.html?_=1658199488907&CODE_STATE=getMsg HTTP/1.1" 200 27
101.83.240.35 - - [19/Jul/2022:10:58:13 +0800] "GET /xingrg/check_reg.html?_=1658199488912 HTTP/1.1" 200 22
101.83.240.35 - - [19/Jul/2022:10:58:15 +0800] "GET /xingrg/kc/buy/cgsh_order_operate.html?command=get_materiel&rest_code=00149&code=00101007071&supplier_code=00100205&order_time=2022-07-19 HTTP/1.1" 200 417
114.84.2.83 - - [19/Jul/2022:10:58:16 +0800] "GET /xingrg/all/function/internal_message.html?_=1658199494039&CODE_STATE=getMsg HTTP/1.1" 200 27
114.84.2.83 - - [19/Jul/2022:10:58:16 +0800] "GET /xingrg/check_reg.html?_=1658199494042 HTTP/1.1" 200 22
116.230.110.48 - - [19/Jul/2022:10:58:30 +0800] "GET /xingrg/all/function/internal_message.html?_=1658199509229&CODE_STATE=getMsg HTTP/1.1" 200 27
101.83.240.35 - - [19/Jul/2022:10:58:31 +0800] "POST /xingrg/kc/buy/cgsh_order_operate.html HTTP/1.1" 200 37
58.35.196.166 - - [19/Jul/2022:10:58:35 +0800] "GET /xingrg/all/function/internal_message.html?_=1658199512269&CODE_STATE=getMsg HTTP/1.1" 200 27
101.85.120.95 - - [19/Jul/2022:10:58:35 +0800] "GET /xingrg/all/function/internal_message.html?_=1658199514182&CODE_STATE=getMsg HTTP/1.1" 200 27
101.85.120.95 - - [19/Jul/2022:10:58:35 +0800] "GET /xingrg/check_reg.html?_=1658199514184 HTTP/1.1" 200 22
101.83.240.35 - - [19/Jul/2022:10:58:37 +0800] "POST /xingrg/kc/buy/cgsh_order_operate.html HTTP/1.1" 200 12
101.83.240.35 - - [19/Jul/2022:10:58:38 +0800] "GET /xingrg/kc/buy/cgsh_order_info.html?code=212022071904756 HTTP/1.1" 200 62933
101.83.240.35 - - [19/Jul/2022:10:58:39 +0800] "GET /xingrg/javascript/easyui/themes/default/validatebox.css HTTP/1.1" 404 1104
101.83.240.35 - - [19/Jul/2022:10:58:40 +0800] "POST /xingrg/kc/buy/cgsh_order_operate.html HTTP/1.1" 200 2378
101.83.240.35 - - [19/Jul/2022:10:58:41 +0800] "GET /xingrg/kc/print/load_data.html?order_code=212022071904756&kc_code=cgsh&condition= HTTP/1.1" 200 1365
101.85.238.90 - - [19/Jul/2022:10:58:41 +0800] "GET /xingrg/all/function/internal_message.html?_=1658199584436&CODE_STATE=getMsg HTTP/1.1" 200 27
58.37.4.65 - - [19/Jul/2022:10:58:45 +0800] "GET /xingrg/check_reg.html?_=1658199525109 HTTP/1.1" 200 22
58.37.4.65 - - [19/Jul/2022:10:58:45 +0800] "GET /xingrg/all/function/internal_message.html?_=1658199525112&CODE_STATE=getMsg HTTP/1.1" 200 27
101.83.240.35 - - [19/Jul/2022:10:58:45 +0800] "GET /xingrg/kc/buy/cgsh_order_add.html HTTP/1.1" 200 68032
101.83.240.35 - - [19/Jul/2022:10:58:46 +0800] "POST /xingrg/kc/buy/cgsh_order_operate.html HTTP/1.1" 200 8245
101.83.240.35 - - [19/Jul/2022:10:58:46 +0800] "GET /xingrg/javascript/easyui/themes/default/validatebox.css HTTP/1.1" 404 1104
180.175.103.110 - - [19/Jul/2022:10:58:46 +0800] "GET /xingrg/all/function/internal_message.html?_=1658199526675&CODE_STATE=getMsg HTTP/1.1" 200 27
101.85.238.90 - - [19/Jul/2022:10:58:54 +0800] "GET /xingrg/check_reg.html?_=1658199597243 HTTP/1.1" 200 22
58.35.196.166 - - [19/Jul/2022:10:58:54 +0800] "GET /xingrg/check_reg.html?_=1658199532069 HTTP/1.1" 200 22
114.86.187.244 - - [19/Jul/2022:10:59:05 +0800] "GET /xingrg/all/function/internal_message.html?_=1658199544683&CODE_STATE=getMsg HTTP/1.1" 200 27
114.86.187.244 - - [19/Jul/2022:10:59:05 +0800] "GET /xingrg/check_reg.html?_=1658199544685 HTTP/1.1" 200 22
101.83.240.35 - - [19/Jul/2022:10:59:09 +0800] "GET /xingrg/kc/buy/cgsh_order_operate.html?command=get_materiel&rest_code=00149&code=00101012030&supplier_code=00100036&order_time=2022-07-19 HTTP/1.1" 200 432
218.81.223.53 - - [19/Jul/2022:10:59:13 +0800] "GET /xingrg/all/function/internal_message.html?_=1658199557281&CODE_STATE=getMsg HTTP/1.1" 200 27
101.83.240.35 - - [19/Jul/2022:10:59:13 +0800] "GET /xingrg/all/function/internal_message.html?_=1658199548897&CODE_STATE=getMsg HTTP/1.1" 200 27
114.84.2.83 - - [19/Jul/2022:10:59:16 +0800] "GET /xingrg/all/function/internal_message.html?_=1658199554041&CODE_STATE=getMsg HTTP/1.1" 200 27
101.83.240.35 - - [19/Jul/2022:10:59:24 +0800] "GET /xingrg/kc/buy/cgsh_order_operate.html?command=get_materiel&rest_code=00149&code=00101016022&supplier_code=00100036&order_time=2022-07-19 HTTP/1.1" 200 408
116.230.110.48 - - [19/Jul/2022:10:59:30 +0800] "GET /xingrg/all/function/internal_message.html?_=1658199569220&CODE_STATE=getMsg HTTP/1.1" 200 27
101.83.240.35 - - [19/Jul/2022:10:59:32 +0800] "POST /xingrg/kc/buy/cgsh_order_operate.html HTTP/1.1" 200 37
58.35.196.166 - - [19/Jul/2022:10:59:35 +0800] "GET /xingrg/all/function/internal_message.html?_=1658199572241&CODE_STATE=getMsg HTTP/1.1" 200 27
101.85.120.95 - - [19/Jul/2022:10:59:35 +0800] "GET /xingrg/all/function/internal_message.html?_=1658199574183&CODE_STATE=getMsg HTTP/1.1" 200 27
101.83.240.35 - - [19/Jul/2022:10:59:36 +0800] "POST /xingrg/kc/buy/cgsh_order_operate.html HTTP/1.1" 200 12
101.83.240.35 - - [19/Jul/2022:10:59:37 +0800] "GET /xingrg/kc/buy/cgsh_order_info.html?code=212022071904757 HTTP/1.1" 200 62937
101.83.240.35 - - [19/Jul/2022:10:59:38 +0800] "GET /xingrg/javascript/easyui/themes/default/validatebox.css HTTP/1.1" 404 1104
101.83.240.35 - - [19/Jul/2022:10:59:38 +0800] "POST /xingrg/kc/buy/cgsh_order_operate.html HTTP/1.1" 200 1203
101.83.240.35 - - [19/Jul/2022:10:59:39 +0800] "GET /xingrg/kc/print/load_data.html?order_code=212022071904757&kc_code=cgsh&condition= HTTP/1.1" 200 1011
101.85.238.90 - - [19/Jul/2022:10:59:43 +0800] "GET /xingrg/all/function/internal_message.html?_=1658199645065&CODE_STATE=getMsg HTTP/1.1" 200 27
101.83.240.35 - - [19/Jul/2022:10:59:43 +0800] "GET /xingrg/kc/buy/cgsh_order_add.html HTTP/1.1" 200 68032
101.83.240.35 - - [19/Jul/2022:10:59:43 +0800] "POST /xingrg/kc/buy/cgsh_order_operate.html HTTP/1.1" 200 8245
101.83.240.35 - - [19/Jul/2022:10:59:43 +0800] "GET /xingrg/javascript/easyui/themes/default/validatebox.css HTTP/1.1" 404 1104
58.37.4.65 - - [19/Jul/2022:10:59:45 +0800] "GET /xingrg/all/function/internal_message.html?_=1658199585097&CODE_STATE=getMsg HTTP/1.1" 200 27
180.175.103.110 - - [19/Jul/2022:10:59:46 +0800] "GET /xingrg/all/function/internal_message.html?_=1658199586643&CODE_STATE=getMsg HTTP/1.1" 200 27
58.35.196.166 - - [19/Jul/2022:10:59:51 +0800] "GET /xingrg/kc/buy/cgsh_order_list.html HTTP/1.1" 200 52168
58.35.196.166 - - [19/Jul/2022:10:59:53 +0800] "POST /xingrg/kc/buy/cgsh_list_operate.html HTTP/1.1" 200 2110
58.35.196.166 - - [19/Jul/2022:10:59:56 +0800] "POST /xingrg/kc/buy/cgsh_list_operate.html HTTP/1.1" 200 567
58.35.196.166 - - [19/Jul/2022:10:59:56 +0800] "GET /xingrg/kc/buy/cgsh_order_info.html?code=212022071904743 HTTP/1.1" 200 68000
58.35.196.166 - - [19/Jul/2022:10:59:56 +0800] "GET /xingrg/javascript/easyui/themes/default/validatebox.css HTTP/1.1" 404 1104
58.35.196.166 - - [19/Jul/2022:10:59:57 +0800] "POST /xingrg/kc/buy/cgsh_order_operate.html HTTP/1.1" 200 5014
101.83.240.35 - - [19/Jul/2022:11:00:00 +0800] "GET /xingrg/kc/buy/cgsh_order_operate.html?command=get_materiel&rest_code=00149&code=00101006109&supplier_code=00100012&order_time=2022-07-19 HTTP/1.1" 200 424
58.40.7.146 - - [19/Jul/2022:11:00:04 +0800] "POST /xingrg/services/DataTransmitService HTTP/1.1" 200 524
114.86.187.244 - - [19/Jul/2022:11:00:05 +0800] "GET /xingrg/all/function/internal_message.html?_=1658199604685&CODE_STATE=getMsg HTTP/1.1" 200 27
101.83.240.35 - - [19/Jul/2022:11:00:09 +0800] "GET /xingrg/kc/buy/cgsh_order_operate.html?command=get_materiel&rest_code=00149&code=00101006130&supplier_code=00100012&order_time=2022-07-19 HTTP/1.1" 200 443
101.83.240.35 - - [19/Jul/2022:11:00:13 +0800] "GET /xingrg/all/function/internal_message.html?_=1658199608928&CODE_STATE=getMsg HTTP/1.1" 200 27
218.81.223.53 - - [19/Jul/2022:11:00:13 +0800] "GET /xingrg/all/function/internal_message.html?_=1658199617837&CODE_STATE=getMsg HTTP/1.1" 200 27
114.84.2.83 - - [19/Jul/2022:11:00:16 +0800] "GET /xingrg/all/function/internal_message.html?_=1658199614041&CODE_STATE=getMsg HTTP/1.1" 200 27
101.83.240.35 - - [19/Jul/2022:11:00:19 +0800] "GET /xingrg/kc/buy/cgsh_order_operate.html?command=get_materiel&rest_code=00149&code=00101006006&supplier_code=00100012&order_time=2022-07-19 HTTP/1.1" 200 409
218.81.223.53 - - [19/Jul/2022:11:00:19 +0800] "POST /xingrg/services/DataTransmitService HTTP/1.1" 200 524
218.81.223.53 - - [19/Jul/2022:11:00:20 +0800] "POST /xingrg/services/DataTransmitService HTTP/1.1" 200 501
58.35.196.166 - - [19/Jul/2022:11:00:28 +0800] "POST /xingrg/kc/buy/cgsh_order_operate.html HTTP/1.1" 200 37
101.83.240.35 - - [19/Jul/2022:11:00:29 +0800] "GET /xingrg/kc/buy/cgsh_order_operate.html?command=get_materiel&rest_code=00149&code=00101006136&supplier_code=00100012&order_time=2022-07-19 HTTP/1.1" 200 417
116.230.110.48 - - [19/Jul/2022:11:00:30 +0800] "GET /xingrg/all/function/internal_message.html?_=1658199629227&CODE_STATE=getMsg HTTP/1.1" 200 27
58.35.196.166 - - [19/Jul/2022:11:00:31 +0800] "POST /xingrg/kc/buy/cgsh_order_operate.html HTTP/1.1" 200 5011
58.35.196.166 - - [19/Jul/2022:11:00:35 +0800] "GET /xingrg/all/function/internal_message.html?_=1658199632218&CODE_STATE=getMsg HTTP/1.1" 200 27
101.85.120.95 - - [19/Jul/2022:11:00:35 +0800] "GET /xingrg/all/function/internal_message.html?_=1658199634182&CODE_STATE=getMsg HTTP/1.1" 200 27
101.85.238.90 - - [19/Jul/2022:11:00:42 +0800] "GET /xingrg/all/function/internal_message.html?_=1658199705078&CODE_STATE=getMsg HTTP/1.1" 200 27
58.37.4.65 - - [19/Jul/2022:11:00:45 +0800] "GET /xingrg/all/function/internal_message.html?_=1658199645110&CODE_STATE=getMsg HTTP/1.1" 200 27
180.175.103.110 - - [19/Jul/2022:11:00:46 +0800] "GET /xingrg/all/function/internal_message.html?_=1658199646613&CODE_STATE=getMsg HTTP/1.1" 200 27
218.81.223.53 - - [19/Jul/2022:11:00:50 +0800] "GET /xingrg/javascript/jquery_easy_ui/themes/default/images/tabs_active.png HTTP/1.1" 304 -
101.83.240.35 - - [19/Jul/2022:11:00:54 +0800] "GET /xingrg/kc/buy/cgsh_order_operate.html?command=get_materiel&rest_code=00149&code=00101006087&supplier_code=00100012&order_time=2022-07-19 HTTP/1.1" 200 425
101.85.238.90 - - [19/Jul/2022:11:01:02 +0800] "GET /xingrg/kc/base/wldb_order_list.html HTTP/1.1" 200 19142
114.84.2.83 - - [19/Jul/2022:11:01:03 +0800] "POST /xingrg/services/DataTransmitService HTTP/1.1" 200 524
114.84.2.83 - - [19/Jul/2022:11:01:03 +0800] "POST /xingrg/services/DataTransmitService HTTP/1.1" 200 412
114.86.187.244 - - [19/Jul/2022:11:01:05 +0800] "GET /xingrg/all/function/internal_message.html?_=1658199664685&CODE_STATE=getMsg HTTP/1.1" 200 27
101.85.238.90 - - [19/Jul/2022:11:01:05 +0800] "POST /xingrg/kc/base/wldb_list_operate.html HTTP/1.1" 200 928
101.85.238.90 - - [19/Jul/2022:11:01:07 +0800] "GET /xingrg/kc/base/wldb_order_add.html HTTP/1.1" 200 30352
180.175.103.110 - - [19/Jul/2022:11:01:08 +0800] "GET /xingrg/check_reg.html?_=1658199667886 HTTP/1.1" 200 22
101.85.238.90 - - [19/Jul/2022:11:01:11 +0800] "POST /xingrg/kc/base/wldb_order_operate.html HTTP/1.1" 200 6806
101.85.238.90 - - [19/Jul/2022:11:01:13 +0800] "GET /xingrg/all/common/auto_word.html?type=base&rest_code=00102 HTTP/1.1" 200 1857
101.85.238.90 - - [19/Jul/2022:11:01:13 +0800] "GET /xingrg/all/common/auto_word.html?type=base&rest_code=00102 HTTP/1.1" 200 1857
101.83.240.35 - - [19/Jul/2022:11:01:13 +0800] "GET /xingrg/all/function/internal_message.html?_=1658199668917&CODE_STATE=getMsg HTTP/1.1" 200 27
218.81.223.53 - - [19/Jul/2022:11:01:13 +0800] "GET /xingrg/all/function/internal_message.html?_=1658199677838&CODE_STATE=getMsg HTTP/1.1" 200 27
218.81.223.53 - - [19/Jul/2022:11:01:13 +0800] "POST /xingrg/kc/buy/cgsh_list_operate.html HTTP/1.1" 200 3038
101.85.238.90 - - [19/Jul/2022:11:01:13 +0800] "GET /xingrg/javascript/easyui/themes/default/validatebox.css HTTP/1.1" 404 1104
114.84.2.83 - - [19/Jul/2022:11:01:16 +0800] "GET /xingrg/all/function/internal_message.html?_=1658199674038&CODE_STATE=getMsg HTTP/1.1" 200 27
101.85.238.90 - - [19/Jul/2022:11:01:22 +0800] "POST /xingrg/all/common/load_combo.html?type=base HTTP/1.1" 200 3321
218.81.223.53 - - [19/Jul/2022:11:01:23 +0800] "GET /xingrg/kc/buy/cgsh_order_add.html HTTP/1.1" 200 67906
218.81.223.53 - - [19/Jul/2022:11:01:23 +0800] "GET /xingrg/javascript/easyui/themes/default/validatebox.css HTTP/1.1" 404 1104
218.81.223.53 - - [19/Jul/2022:11:01:23 +0800] "POST /xingrg/kc/buy/cgsh_order_operate.html HTTP/1.1" 200 8245
116.235.94.65 - - [19/Jul/2022:11:01:25 +0800] "POST /xingrg/services/DataTransmitService HTTP/1.1" 200 524
116.235.94.65 - - [19/Jul/2022:11:01:25 +0800] "POST /xingrg/services/DataTransmitService HTTP/1.1" 200 501
116.230.110.48 - - [19/Jul/2022:11:01:30 +0800] "GET /xingrg/all/function/internal_message.html?_=1658199689222&CODE_STATE=getMsg HTTP/1.1" 200 27
101.83.240.35 - - [19/Jul/2022:11:01:30 +0800] "POST /xingrg/kc/buy/cgsh_order_operate.html HTTP/1.1" 200 37
58.35.196.166 - - [19/Jul/2022:11:01:35 +0800] "GET /xingrg/all/function/internal_message.html?_=1658199692202&CODE_STATE=getMsg HTTP/1.1" 200 27
101.85.120.95 - - [19/Jul/2022:11:01:35 +0800] "GET /xingrg/all/function/internal_message.html?_=1658199694182&CODE_STATE=getMsg HTTP/1.1" 200 27
101.85.238.90 - - [19/Jul/2022:11:01:37 +0800] "POST /xingrg/all/common/load_combo.html?type=base HTTP/1.1" 200 3321
101.83.240.35 - - [19/Jul/2022:11:01:39 +0800] "POST /xingrg/kc/buy/cgsh_order_operate.html HTTP/1.1" 200 12
101.83.240.35 - - [19/Jul/2022:11:01:40 +0800] "GET /xingrg/kc/buy/cgsh_order_info.html?code=212022071904758 HTTP/1.1" 200 62935
101.83.240.35 - - [19/Jul/2022:11:01:41 +0800] "GET /xingrg/words/20220718133644_words.js HTTP/1.1" 304 -
101.83.240.35 - - [19/Jul/2022:11:01:41 +0800] "GET /xingrg/javascript/easyui/themes/default/validatebox.css HTTP/1.1" 404 1104
101.83.240.35 - - [19/Jul/2022:11:01:41 +0800] "POST /xingrg/kc/buy/cgsh_order_operate.html HTTP/1.1" 200 2989
101.83.240.35 - - [19/Jul/2022:11:01:43 +0800] "GET /xingrg/kc/print/load_data.html?order_code=212022071904758&kc_code=cgsh&condition= HTTP/1.1" 200 1723
101.85.238.90 - - [19/Jul/2022:11:01:45 +0800] "GET /xingrg/all/function/internal_message.html?_=1658199768024&CODE_STATE=getMsg HTTP/1.1" 200 27
58.37.4.65 - - [19/Jul/2022:11:01:45 +0800] "GET /xingrg/all/function/internal_message.html?_=1658199705106&CODE_STATE=getMsg HTTP/1.1" 200 27
180.175.103.110 - - [19/Jul/2022:11:01:46 +0800] "GET /xingrg/all/function/internal_message.html?_=1658199706586&CODE_STATE=getMsg HTTP/1.1" 200 27
101.83.240.35 - - [19/Jul/2022:11:01:48 +0800] "GET /xingrg/kc/buy/cgsh_order_add.html HTTP/1.1" 200 68032
101.83.240.35 - - [19/Jul/2022:11:01:48 +0800] "POST /xingrg/kc/buy/cgsh_order_operate.html HTTP/1.1" 200 8245
101.83.240.35 - - [19/Jul/2022:11:01:48 +0800] "GET /xingrg/javascript/easyui/themes/default/validatebox.css HTTP/1.1" 404 1104
114.86.187.244 - - [19/Jul/2022:11:02:05 +0800] "GET /xingrg/all/function/internal_message.html?_=1658199724690&CODE_STATE=getMsg HTTP/1.1" 200 27
101.83.240.35 - - [19/Jul/2022:11:02:05 +0800] "GET /xingrg/kc/buy/cgsh_order_operate.html?command=get_materiel&rest_code=00149&code=00101011003&supplier_code=00100051&order_time=2022-07-19 HTTP/1.1" 200 413
218.81.223.53 - - [19/Jul/2022:11:02:11 +0800] "GET /xingrg/check_reg.html?_=1658199735450 HTTP/1.1" 200 22
101.83.240.35 - - [19/Jul/2022:11:02:13 +0800] "GET /xingrg/all/function/internal_message.html?_=1658199728929&CODE_STATE=getMsg HTTP/1.1" 200 27
218.81.223.53 - - [19/Jul/2022:11:02:14 +0800] "GET /xingrg/all/function/internal_message.html?_=1658199738318&CODE_STATE=getMsg HTTP/1.1" 200 27
101.83.240.35 - - [19/Jul/2022:11:02:16 +0800] "GET /xingrg/kc/buy/cgsh_order_operate.html?command=get_materiel&rest_code=00149&code=00101011005&supplier_code=00100051&order_time=2022-07-19 HTTP/1.1" 200 425
114.84.2.83 - - [19/Jul/2022:11:02:16 +0800] "GET /xingrg/all/function/internal_message.html?_=1658199734036&CODE_STATE=getMsg HTTP/1.1" 200 27
101.83.240.35 - - [19/Jul/2022:11:02:28 +0800] "POST /xingrg/kc/buy/cgsh_order_operate.html HTTP/1.1" 200 37
116.230.110.48 - - [19/Jul/2022:11:02:30 +0800] "GET /xingrg/check_reg.html?_=1658199749222 HTTP/1.1" 200 22
116.230.110.48 - - [19/Jul/2022:11:02:30 +0800] "GET /xingrg/all/function/internal_message.html?_=1658199749226&CODE_STATE=getMsg HTTP/1.1" 200 27
101.83.240.35 - - [19/Jul/2022:11:02:32 +0800] "POST /xingrg/kc/buy/cgsh_order_operate.html HTTP/1.1" 200 12
101.83.240.35 - - [19/Jul/2022:11:02:33 +0800] "GET /xingrg/kc/buy/cgsh_order_info.html?code=212022071904759 HTTP/1.1" 200 62935
101.83.240.35 - - [19/Jul/2022:11:02:33 +0800] "GET /xingrg/javascript/easyui/themes/default/validatebox.css HTTP/1.1" 404 1104
101.83.240.35 - - [19/Jul/2022:11:02:34 +0800] "POST /xingrg/kc/buy/cgsh_order_operate.html HTTP/1.1" 200 1194
58.35.196.166 - - [19/Jul/2022:11:02:35 +0800] "GET /xingrg/all/function/internal_message.html?_=1658199752172&CODE_STATE=getMsg HTTP/1.1" 200 27
101.83.240.35 - - [19/Jul/2022:11:02:35 +0800] "GET /xingrg/kc/print/load_data.html?order_code=212022071904759&kc_code=cgsh&condition= HTTP/1.1" 200 942
101.85.120.95 - - [19/Jul/2022:11:02:35 +0800] "GET /xingrg/all/function/internal_message.html?_=1658199754182&CODE_STATE=getMsg HTTP/1.1" 200 27
58.37.4.65 - - [19/Jul/2022:11:02:45 +0800] "GET /xingrg/all/function/internal_message.html?_=1658199765107&CODE_STATE=getMsg HTTP/1.1" 200 27
180.175.103.110 - - [19/Jul/2022:11:02:46 +0800] "GET /xingrg/all/function/internal_message.html?_=1658199766565&CODE_STATE=getMsg HTTP/1.1" 200 27
114.86.227.120 - - [19/Jul/2022:11:02:51 +0800] "GET /favicon.ico HTTP/1.1" 404 -
114.86.187.244 - - [19/Jul/2022:11:03:05 +0800] "GET /xingrg/all/function/internal_message.html?_=1658199784690&CODE_STATE=getMsg HTTP/1.1" 200 27
101.83.240.35 - - [19/Jul/2022:11:03:13 +0800] "GET /xingrg/all/function/internal_message.html?_=1658199788909&CODE_STATE=getMsg HTTP/1.1" 200 27
101.83.240.35 - - [19/Jul/2022:11:03:13 +0800] "GET /xingrg/check_reg.html?_=1658199788915 HTTP/1.1" 200 22
218.81.223.53 - - [19/Jul/2022:11:03:14 +0800] "GET /xingrg/all/function/internal_message.html?_=1658199798319&CODE_STATE=getMsg HTTP/1.1" 200 27
114.84.2.83 - - [19/Jul/2022:11:03:16 +0800] "GET /xingrg/all/function/internal_message.html?_=1658199794036&CODE_STATE=getMsg HTTP/1.1" 200 27
114.84.2.83 - - [19/Jul/2022:11:03:16 +0800] "GET /xingrg/check_reg.html?_=1658199794038 HTTP/1.1" 200 22
116.230.110.48 - - [19/Jul/2022:11:03:30 +0800] "GET /xingrg/all/function/internal_message.html?_=1658199809226&CODE_STATE=getMsg HTTP/1.1" 200 27
58.35.196.166 - - [19/Jul/2022:11:03:35 +0800] "GET /xingrg/all/function/internal_message.html?_=1658199812158&CODE_STATE=getMsg HTTP/1.1" 200 27
101.85.120.95 - - [19/Jul/2022:11:03:35 +0800] "GET /xingrg/all/function/internal_message.html?_=1658199814181&CODE_STATE=getMsg HTTP/1.1" 200 27
101.85.120.95 - - [19/Jul/2022:11:03:35 +0800] "GET /xingrg/check_reg.html?_=1658199814183 HTTP/1.1" 200 22
58.37.4.65 - - [19/Jul/2022:11:03:45 +0800] "GET /xingrg/all/function/internal_message.html?_=1658199825107&CODE_STATE=getMsg HTTP/1.1" 200 27
58.37.4.65 - - [19/Jul/2022:11:03:45 +0800] "GET /xingrg/check_reg.html?_=1658199825110 HTTP/1.1" 200 22
180.175.103.110 - - [19/Jul/2022:11:03:46 +0800] "GET /xingrg/all/function/internal_message.html?_=1658199826539&CODE_STATE=getMsg HTTP/1.1" 200 27
58.35.196.166 - - [19/Jul/2022:11:03:54 +0800] "GET /xingrg/check_reg.html?_=1658199832066 HTTP/1.1" 200 22
114.86.187.244 - - [19/Jul/2022:11:04:05 +0800] "GET /xingrg/check_reg.html?_=1658199844690 HTTP/1.1" 200 22
114.86.187.244 - - [19/Jul/2022:11:04:05 +0800] "GET /xingrg/all/function/internal_message.html?_=1658199844692&CODE_STATE=getMsg HTTP/1.1" 200 27
101.83.240.35 - - [19/Jul/2022:11:04:13 +0800] "GET /xingrg/all/function/internal_message.html?_=1658199848915&CODE_STATE=getMsg HTTP/1.1" 200 27
218.81.223.53 - - [19/Jul/2022:11:04:14 +0800] "GET /xingrg/all/function/internal_message.html?_=1658199858842&CODE_STATE=getMsg HTTP/1.1" 200 27
114.84.2.83 - - [19/Jul/2022:11:04:16 +0800] "GET /xingrg/all/function/internal_message.html?_=1658199854039&CODE_STATE=getMsg HTTP/1.1" 200 27
