114.84.2.83 - - [19/Jul/2022:14:55:24 +0800] "GET /xingrg/all/report/report_query.html?isQuery=1&fileName=kc/buy/wlcg_cate_hz.xml&queryString=(CONVERT(char(10)%252Ca.order_time%252C%2520120)%253E%253D'2022-07-02')%2520and%2520(CONVERT(char(10)%252Ca.order_time%252C%2520120)%253C%253D'2022-07-02')%2520and%2520(a.supplier_code%2520in%2520('00100547'))%2520and%2520(a.supplier_code%253D'00100547')&queryText=%25E3%2580%2590%25E9%2587%2587%25E8%25B4%25AD%25E6%2597%25A5%25E6%259C%259F%253A2022-07-02%2520%25E8%2587%25B3%25202022-07-02%25E3%2580%2591%2520%25E5%25B9%25B6%25E4%25B8%2594%2520%2520%25E3%2580%2590%25E4%25BE%259B%25E5%25BA%2594%25E5%2595%2586%2520%253D%2520%25E6%259E%2597%25E6%2594%25AF%25E8%258E%25BA%25E3%2580%2591%2520%25E5%25B9%25B6%25E4%25B8%2594%2520%25E3%2580%2590%25E4%25BE%259B%25E5%25BA%2594%25E5%2595%2586%253D%25E6%259E%2597%25E6%2594%25AF%25E8%258E%25BA%25E3%2580%2591 HTTP/1.1" 200 54433
114.84.2.83 - - [19/Jul/2022:14:55:24 +0800] "GET /xingrg/dwr/interface/AjaxReportQueryService.js HTTP/1.1" 200 13203
114.84.2.83 - - [19/Jul/2022:14:55:24 +0800] "GET /xingrg/dwr/engine.js HTTP/1.1" 200 43631
114.84.2.83 - - [19/Jul/2022:14:55:25 +0800] "GET /xingrg/javascript/jquery_easy_ui/themes/default/images/button_plain_hover.png HTTP/1.1" 200 252
101.83.240.35 - - [19/Jul/2022:14:55:27 +0800] "POST /xingrg/kc/buy/cgsh_order_operate.html HTTP/1.1" 200 37
114.84.2.83 - - [19/Jul/2022:14:55:27 +0800] "POST /xingrg/all/report/load_report_page.html HTTP/1.1" 200 8717
114.84.2.83 - - [19/Jul/2022:14:55:27 +0800] "GET /xingrg/servlets/image?cache=0.03885016668743979&image=px HTTP/1.1" 200 807
114.84.2.83 - - [19/Jul/2022:14:55:28 +0800] "POST /xingrg/all/report/load_report_page.html HTTP/1.1" 200 13036
114.84.2.83 - - [19/Jul/2022:14:55:28 +0800] "GET /xingrg/servlets/image?cache=0.5022606114971367&image=px HTTP/1.1" 200 807
58.37.4.65 - - [19/Jul/2022:14:55:28 +0800] "GET /xingrg/kc/buy/cgsh_order_add.html HTTP/1.1" 200 67938
58.37.4.65 - - [19/Jul/2022:14:55:28 +0800] "POST /xingrg/kc/buy/cgsh_order_operate.html HTTP/1.1" 200 8245
58.37.4.65 - - [19/Jul/2022:14:55:28 +0800] "GET /xingrg/javascript/easyui/themes/default/validatebox.css HTTP/1.1" 404 1104
114.84.2.83 - - [19/Jul/2022:14:55:29 +0800] "POST /xingrg/all/report/report_print.html HTTP/1.1" 302 -
114.84.2.83 - - [19/Jul/2022:14:55:29 +0800] "GET /xingrg/servlets/html?sysBaseUrl=http%3A%2F%2F180.169.147.146%3A18081%2Fxingrg%2F&costTime=181×tamp=1658213729488 HTTP/1.1" 200 14720
114.84.2.83 - - [19/Jul/2022:14:55:29 +0800] "GET /xingrg/servlets/image?image=px HTTP/1.1" 200 807
114.84.2.83 - - [19/Jul/2022:14:55:29 +0800] "GET /xingrg/javascript/jquery_easy_ui/themes/default/images/tabs_active.png HTTP/1.1" 200 2894
114.84.2.83 - - [19/Jul/2022:14:55:29 +0800] "GET /favicon.ico HTTP/1.1" 404 -
58.37.4.65 - - [19/Jul/2022:14:55:30 +0800] "GET /xingrg/javascript/easyui/themes/default/tree.css HTTP/1.1" 404 1090
58.37.4.65 - - [19/Jul/2022:14:55:30 +0800] "POST /xingrg/all/common/load_tree.html?tree=supplier_tree_json&isDelete=1 HTTP/1.1" 200 66956
58.35.196.166 - - [19/Jul/2022:14:55:30 +0800] "GET /xingrg/all/function/internal_message.html?_=1658213727153&CODE_STATE=getMsg HTTP/1.1" 200 27
101.85.120.95 - - [19/Jul/2022:14:55:30 +0800] "GET /xingrg/all/function/internal_message.html?_=1658213729039&CODE_STATE=getMsg HTTP/1.1" 200 27
101.85.120.95 - - [19/Jul/2022:14:55:31 +0800] "GET /xingrg/check_reg.html?_=1658213729620 HTTP/1.1" 200 22
101.83.240.35 - - [19/Jul/2022:14:55:32 +0800] "POST /xingrg/kc/buy/cgsh_order_operate.html HTTP/1.1" 200 12
101.83.240.35 - - [19/Jul/2022:14:55:33 +0800] "GET /xingrg/kc/buy/cgsh_order_info.html?code=212022071904873 HTTP/1.1" 200 62939
101.83.240.35 - - [19/Jul/2022:14:55:33 +0800] "GET /xingrg/javascript/easyui/themes/default/validatebox.css HTTP/1.1" 404 1104
101.83.240.35 - - [19/Jul/2022:14:55:34 +0800] "POST /xingrg/kc/buy/cgsh_order_operate.html HTTP/1.1" 200 1206
101.83.240.35 - - [19/Jul/2022:14:55:35 +0800] "GET /xingrg/kc/print/load_data.html?order_code=212022071904873&kc_code=cgsh&condition= HTTP/1.1" 200 949
101.83.240.35 - - [19/Jul/2022:14:55:39 +0800] "GET /xingrg/kc/buy/cgsh_order_add.html HTTP/1.1" 200 68032
101.83.240.35 - - [19/Jul/2022:14:55:39 +0800] "POST /xingrg/kc/buy/cgsh_order_operate.html HTTP/1.1" 200 8245
101.83.240.35 - - [19/Jul/2022:14:55:39 +0800] "GET /xingrg/javascript/easyui/themes/default/validatebox.css HTTP/1.1" 404 1104
180.175.103.110 - - [19/Jul/2022:14:55:41 +0800] "GET /xingrg/all/function/internal_message.html?_=1658213741207&CODE_STATE=getMsg HTTP/1.1" 200 27
218.81.223.53 - - [19/Jul/2022:14:55:42 +0800] "GET /xingrg/css/base.css HTTP/1.1" 304 -
218.81.223.53 - - [19/Jul/2022:14:55:42 +0800] "GET /xingrg/css/site.css HTTP/1.1" 304 -
218.81.223.53 - - [19/Jul/2022:14:55:42 +0800] "GET /xingrg/javascript/jquery_tools/datebox.css HTTP/1.1" 304 -
218.81.223.53 - - [19/Jul/2022:14:55:42 +0800] "GET /xingrg/javascript/easyui/themes/default/easyui.css HTTP/1.1" 304 -
218.81.223.53 - - [19/Jul/2022:14:55:42 +0800] "GET /xingrg/javascript/easyui/themes/icon.css HTTP/1.1" 304 -
218.81.223.53 - - [19/Jul/2022:14:55:42 +0800] "GET /xingrg/javascript/auto/jquery.autocomplete.css HTTP/1.1" 304 -
218.81.223.53 - - [19/Jul/2022:14:55:42 +0800] "GET /xingrg/javascript/jquery_tools/fix.css HTTP/1.1" 304 -
218.81.223.53 - - [19/Jul/2022:14:55:42 +0800] "GET /xingrg/javascript/jquery_tools/jquery.tools.min.js HTTP/1.1" 304 -
218.81.223.53 - - [19/Jul/2022:14:55:42 +0800] "GET /xingrg/javascript/jquery_tools/jquery.tools.hotkey.js HTTP/1.1" 304 -
218.81.223.53 - - [19/Jul/2022:14:55:42 +0800] "GET /xingrg/javascript/jquery_tools/jquery.tools.table.js HTTP/1.1" 304 -
218.81.223.53 - - [19/Jul/2022:14:55:42 +0800] "GET /xingrg/javascript/auto/jquery.autocomplete.js HTTP/1.1" 304 -
218.81.223.53 - - [19/Jul/2022:14:55:42 +0800] "GET /xingrg/javascript/jquery_tools/list_manager.js HTTP/1.1" 304 -
218.81.223.53 - - [19/Jul/2022:14:55:42 +0800] "GET /xingrg/javascript/easyui/easyloader.js HTTP/1.1" 304 -
218.81.223.53 - - [19/Jul/2022:14:55:42 +0800] "GET /xingrg/javascript/jquery.cookie.js HTTP/1.1" 304 -
218.81.223.53 - - [19/Jul/2022:14:55:42 +0800] "GET /xingrg/javascript/print/LodopFuncs.js HTTP/1.1" 304 -
218.81.223.53 - - [19/Jul/2022:14:55:42 +0800] "GET /xingrg/kc/buy/cgsh_order_list.html HTTP/1.1" 200 52168
218.81.223.53 - - [19/Jul/2022:14:55:42 +0800] "GET /xingrg/javascript/jquery_tools/jquery.tools.extend.js HTTP/1.1" 304 -
218.81.223.53 - - [19/Jul/2022:14:55:42 +0800] "GET /xingrg/javascript/jquery_tools/table.css HTTP/1.1" 304 -
218.81.223.53 - - [19/Jul/2022:14:55:42 +0800] "GET /xingrg/javascript/easyui/plugins/jquery.parser.js HTTP/1.1" 304 -
218.81.223.53 - - [19/Jul/2022:14:55:45 +0800] "POST /xingrg/kc/buy/cgsh_list_operate.html HTTP/1.1" 200 4573
101.83.223.227 - - [19/Jul/2022:14:55:45 +0800] "GET /xingrg/all/function/internal_message.html?_=1658213695635&CODE_STATE=getMsg HTTP/1.1" 200 27
218.81.223.53 - - [19/Jul/2022:14:55:47 +0800] "GET /xingrg/javascript/pic_change.js HTTP/1.1" 304 -
218.81.223.53 - - [19/Jul/2022:14:55:47 +0800] "GET /xingrg/javascript/jquery_tools/order_manager.js HTTP/1.1" 304 -
218.81.223.53 - - [19/Jul/2022:14:55:47 +0800] "GET /xingrg/javascript/convert.js HTTP/1.1" 304 -
218.81.223.53 - - [19/Jul/2022:14:55:47 +0800] "GET /xingrg/javascript/json2.js HTTP/1.1" 304 -
218.81.223.53 - - [19/Jul/2022:14:55:47 +0800] "GET /xingrg/javascript/print/kc_print.js HTTP/1.1" 304 -
218.81.223.53 - - [19/Jul/2022:14:55:47 +0800] "GET /xingrg/kc/buy/cgsh_order_add.html HTTP/1.1" 200 67906
218.81.223.53 - - [19/Jul/2022:14:55:47 +0800] "GET /xingrg/words/20220718133644_words.js HTTP/1.1" 200 906184
218.81.223.53 - - [19/Jul/2022:14:55:47 +0800] "GET /xingrg/javascript/easyui/themes/icons/copy_new.png HTTP/1.1" 304 -
218.81.223.53 - - [19/Jul/2022:14:55:47 +0800] "GET /xingrg/javascript/easyui/themes/icons/template_new.png HTTP/1.1" 304 -
218.81.223.53 - - [19/Jul/2022:14:55:47 +0800] "GET /xingrg/javascript/easyui/themes/icons/ok.png HTTP/1.1" 304 -
218.81.223.53 - - [19/Jul/2022:14:55:48 +0800] "GET /xingrg/all/common/auto_word.html?type=employee&rest_code=00146 HTTP/1.1" 200 101
218.81.223.53 - - [19/Jul/2022:14:55:48 +0800] "GET /xingrg/all/common/auto_word.html?type=employee&rest_code=00146 HTTP/1.1" 200 101
218.81.223.53 - - [19/Jul/2022:14:55:48 +0800] "GET /xingrg/javascript/easyui/themes/default/validatebox.css HTTP/1.1" 404 1104
218.81.223.53 - - [19/Jul/2022:14:55:48 +0800] "GET /xingrg/javascript/easyui/plugins/jquery.validatebox.js HTTP/1.1" 304 -
218.81.223.53 - - [19/Jul/2022:14:55:48 +0800] "GET /xingrg/javascript/easyui/plugins/jquery.numberbox.js HTTP/1.1" 304 -
218.81.223.53 - - [19/Jul/2022:14:55:48 +0800] "POST /xingrg/kc/buy/cgsh_order_operate.html HTTP/1.1" 200 8245
58.37.4.65 - - [19/Jul/2022:14:55:48 +0800] "GET /xingrg/all/function/internal_message.html?_=1658213747944&CODE_STATE=getMsg HTTP/1.1" 200 27
101.83.240.35 - - [19/Jul/2022:14:55:48 +0800] "GET /xingrg/kc/buy/cgsh_order_operate.html?command=get_materiel&rest_code=00149&code=00101001045&supplier_code=00100439&order_time=2022-07-19 HTTP/1.1" 200 423
114.84.2.83 - - [19/Jul/2022:14:55:58 +0800] "GET /xingrg/all/function/internal_message.html?_=1658213762139&CODE_STATE=getMsg HTTP/1.1" 200 27
58.37.4.65 - - [19/Jul/2022:14:55:59 +0800] "GET /xingrg/kc/buy/cgsh_order_operate.html?command=get_materiel&rest_code=00106&code=00101009034&supplier_code=00100335&order_time=2022-07-19 HTTP/1.1" 200 444
114.86.187.244 - - [19/Jul/2022:14:56:05 +0800] "GET /xingrg/all/function/internal_message.html?_=1658213765150&CODE_STATE=getMsg HTTP/1.1" 200 27
180.175.103.110 - - [19/Jul/2022:14:56:06 +0800] "GET /xingrg/all/function/internal_message.html?_=1658213818270&CODE_STATE=getMsg HTTP/1.1" 200 27
218.81.223.53 - - [19/Jul/2022:14:56:07 +0800] "GET /xingrg/javascript/auto/indicator.gif HTTP/1.1" 404 1066
180.175.103.110 - - [19/Jul/2022:14:56:07 +0800] "GET /xingrg/check_reg.html?_=1658213767018 HTTP/1.1" 200 22
101.83.240.35 - - [19/Jul/2022:14:56:07 +0800] "POST /xingrg/kc/buy/cgsh_order_operate.html HTTP/1.1" 200 37
218.81.223.53 - - [19/Jul/2022:14:56:10 +0800] "GET /xingrg/all/function/internal_message.html?_=1658213774963&CODE_STATE=getMsg HTTP/1.1" 302 -
218.81.223.53 - - [19/Jul/2022:14:56:10 +0800] "GET /xingrg/login.html HTTP/1.1" 200 7641
101.83.240.35 - - [19/Jul/2022:14:56:10 +0800] "POST /xingrg/kc/buy/cgsh_order_operate.html HTTP/1.1" 200 12
101.83.240.35 - - [19/Jul/2022:14:56:12 +0800] "GET /xingrg/kc/buy/cgsh_order_info.html?code=212022071904874 HTTP/1.1" 200 62939
101.83.240.35 - - [19/Jul/2022:14:56:12 +0800] "GET /xingrg/javascript/easyui/themes/default/validatebox.css HTTP/1.1" 404 1104
114.88.155.189 - - [19/Jul/2022:14:56:12 +0800] "GET /xingrg/check_reg.html?_=1658213465904 HTTP/1.1" 200 22
114.88.155.189 - - [19/Jul/2022:14:56:12 +0800] "GET /xingrg/all/function/internal_message.html?_=1658213465905&CODE_STATE=getMsg HTTP/1.1" 200 27
101.83.240.35 - - [19/Jul/2022:14:56:13 +0800] "POST /xingrg/kc/buy/cgsh_order_operate.html HTTP/1.1" 200 620
101.83.240.35 - - [19/Jul/2022:14:56:14 +0800] "GET /xingrg/kc/print/load_data.html?order_code=212022071904874&kc_code=cgsh&condition= HTTP/1.1" 200 725
120.253.135.82 - - [19/Jul/2022:14:56:14 +0800] "GET /xingrg/all/function/internal_message.html?_=1658213902168&CODE_STATE=getMsg HTTP/1.1" 200 27
58.221.95.50 - - [19/Jul/2022:14:56:14 +0800] "GET /xingrg/all/function/internal_message.html?_=1658213773505&CODE_STATE=getMsg HTTP/1.1" 200 27
114.84.2.83 - - [19/Jul/2022:14:56:16 +0800] "GET /xingrg/all/function/internal_message.html?_=1658213774325&CODE_STATE=getMsg HTTP/1.1" 200 27
101.83.240.35 - - [19/Jul/2022:14:56:18 +0800] "GET /xingrg/kc/buy/cgsh_order_add.html HTTP/1.1" 200 68032
101.83.240.35 - - [19/Jul/2022:14:56:19 +0800] "POST /xingrg/kc/buy/cgsh_order_operate.html HTTP/1.1" 200 8245
101.83.240.35 - - [19/Jul/2022:14:56:19 +0800] "GET /xingrg/javascript/easyui/themes/default/validatebox.css HTTP/1.1" 404 1104
58.37.4.65 - - [19/Jul/2022:14:56:20 +0800] "POST /xingrg/kc/buy/cgsh_order_operate.html HTTP/1.1" 200 37
116.230.110.48 - - [19/Jul/2022:14:56:21 +0800] "GET /xingrg/all/function/internal_message.html?_=1658213779518&CODE_STATE=getMsg HTTP/1.1" 200 27
114.86.227.120 - - [19/Jul/2022:14:56:22 +0800] "GET /xingrg/all/function/internal_message.html?_=1658213780103&CODE_STATE=getMsg HTTP/1.1" 200 27
218.81.223.53 - - [19/Jul/2022:14:56:24 +0800] "GET /xingrg/all/function/internal_message.html?_=1658213787932&CODE_STATE=getMsg HTTP/1.1" 200 27
58.37.4.65 - - [19/Jul/2022:14:56:26 +0800] "POST /xingrg/kc/buy/cgsh_order_operate.html HTTP/1.1" 200 12
58.37.4.65 - - [19/Jul/2022:14:56:28 +0800] "GET /xingrg/kc/buy/cgsh_order_info.html?code=212022071904875 HTTP/1.1" 200 62841
58.37.4.65 - - [19/Jul/2022:14:56:28 +0800] "GET /xingrg/javascript/easyui/themes/default/validatebox.css HTTP/1.1" 404 1104
101.83.240.35 - - [19/Jul/2022:14:56:28 +0800] "GET /xingrg/kc/buy/cgsh_order_operate.html?command=get_materiel&rest_code=00149&code=00101002006&supplier_code=00100091&order_time=2022-07-19 HTTP/1.1" 200 413
58.37.4.65 - - [19/Jul/2022:14:56:29 +0800] "POST /xingrg/kc/buy/cgsh_order_operate.html HTTP/1.1" 200 616
58.35.196.166 - - [19/Jul/2022:14:56:30 +0800] "GET /xingrg/all/function/internal_message.html?_=1658213787139&CODE_STATE=getMsg HTTP/1.1" 200 27
101.85.120.95 - - [19/Jul/2022:14:56:30 +0800] "GET /xingrg/all/function/internal_message.html?_=1658213789011&CODE_STATE=getMsg HTTP/1.1" 200 27
58.37.4.65 - - [19/Jul/2022:14:56:31 +0800] "GET /xingrg/kc/print/load_data.html?order_code=212022071904875&kc_code=cgsh&condition= HTTP/1.1" 200 699
101.83.240.35 - - [19/Jul/2022:14:56:39 +0800] "POST /xingrg/kc/buy/cgsh_order_operate.html HTTP/1.1" 200 37
58.37.4.65 - - [19/Jul/2022:14:56:40 +0800] "GET /xingrg/kc/buy/cgsh_order_add.html HTTP/1.1" 200 67938
58.37.4.65 - - [19/Jul/2022:14:56:40 +0800] "POST /xingrg/kc/buy/cgsh_order_operate.html HTTP/1.1" 200 8245
58.37.4.65 - - [19/Jul/2022:14:56:40 +0800] "GET /xingrg/javascript/easyui/themes/default/validatebox.css HTTP/1.1" 404 1104
180.175.103.110 - - [19/Jul/2022:14:56:41 +0800] "GET /xingrg/all/function/internal_message.html?_=1658213801181&CODE_STATE=getMsg HTTP/1.1" 200 27
58.37.4.65 - - [19/Jul/2022:14:56:42 +0800] "GET /xingrg/javascript/easyui/themes/default/tree.css HTTP/1.1" 404 1090
58.37.4.65 - - [19/Jul/2022:14:56:42 +0800] "POST /xingrg/all/common/load_tree.html?tree=supplier_tree_json&isDelete=1 HTTP/1.1" 200 66956
101.83.240.35 - - [19/Jul/2022:14:56:42 +0800] "POST /xingrg/kc/buy/cgsh_order_operate.html HTTP/1.1" 200 12
101.83.240.35 - - [19/Jul/2022:14:56:43 +0800] "GET /xingrg/kc/buy/cgsh_order_info.html?code=212022071904876 HTTP/1.1" 200 62939
101.83.240.35 - - [19/Jul/2022:14:56:43 +0800] "GET /xingrg/javascript/easyui/themes/default/validatebox.css HTTP/1.1" 404 1104
101.83.240.35 - - [19/Jul/2022:14:56:44 +0800] "POST /xingrg/kc/buy/cgsh_order_operate.html HTTP/1.1" 200 610
101.83.223.227 - - [19/Jul/2022:14:56:45 +0800] "GET /xingrg/all/function/internal_message.html?_=1658213755722&CODE_STATE=getMsg HTTP/1.1" 200 27
101.83.240.35 - - [19/Jul/2022:14:56:46 +0800] "GET /xingrg/kc/print/load_data.html?order_code=212022071904876&kc_code=cgsh&condition= HTTP/1.1" 200 780
58.37.4.65 - - [19/Jul/2022:14:56:48 +0800] "GET /xingrg/all/function/internal_message.html?_=1658213807948&CODE_STATE=getMsg HTTP/1.1" 200 27
101.83.240.35 - - [19/Jul/2022:14:56:50 +0800] "GET /xingrg/kc/buy/cgsh_order_add.html HTTP/1.1" 200 68032
101.83.240.35 - - [19/Jul/2022:14:56:50 +0800] "POST /xingrg/kc/buy/cgsh_order_operate.html HTTP/1.1" 200 8245
101.83.240.35 - - [19/Jul/2022:14:56:50 +0800] "GET /xingrg/javascript/easyui/themes/default/validatebox.css HTTP/1.1" 404 1104
120.253.135.82 - - [19/Jul/2022:14:56:57 +0800] "GET /xingrg/check_reg.html?_=1658213944926 HTTP/1.1" 200 22
114.84.2.83 - - [19/Jul/2022:14:56:58 +0800] "GET /xingrg/all/function/internal_message.html?_=1658213822143&CODE_STATE=getMsg HTTP/1.1" 200 27
101.83.240.35 - - [19/Jul/2022:14:57:00 +0800] "GET /xingrg/kc/buy/cgsh_order_operate.html?command=get_materiel&rest_code=00149&code=00101002041&supplier_code=00100442&order_time=2022-07-19 HTTP/1.1" 200 410
58.37.4.65 - - [19/Jul/2022:14:57:01 +0800] "GET /xingrg/kc/buy/cgsh_order_operate.html?command=get_materiel&rest_code=00106&code=00101001213&supplier_code=00100323&order_time=2022-07-19 HTTP/1.1" 200 455
114.86.187.244 - - [19/Jul/2022:14:57:05 +0800] "GET /xingrg/all/function/internal_message.html?_=1658213825149&CODE_STATE=getMsg HTTP/1.1" 200 27
180.175.103.110 - - [19/Jul/2022:14:57:06 +0800] "GET /xingrg/all/function/internal_message.html?_=1658213878271&CODE_STATE=getMsg HTTP/1.1" 200 27
180.175.103.110 - - [19/Jul/2022:14:57:06 +0800] "GET /xingrg/check_reg.html?_=1658213878289 HTTP/1.1" 200 22
218.81.223.53 - - [19/Jul/2022:14:57:10 +0800] "GET /xingrg/all/function/internal_message.html?_=1658213835604&CODE_STATE=getMsg HTTP/1.1" 302 -
101.83.240.35 - - [19/Jul/2022:14:57:11 +0800] "GET /xingrg/all/function/internal_message.html?_=1658213826792&CODE_STATE=getMsg HTTP/1.1" 200 27
114.88.155.189 - - [19/Jul/2022:14:57:12 +0800] "GET /xingrg/all/function/internal_message.html?_=1658213525909&CODE_STATE=getMsg HTTP/1.1" 200 27
120.253.135.82 - - [19/Jul/2022:14:57:14 +0800] "GET /xingrg/all/function/internal_message.html?_=1658213962178&CODE_STATE=getMsg HTTP/1.1" 200 27
58.221.95.50 - - [19/Jul/2022:14:57:14 +0800] "GET /xingrg/all/function/internal_message.html?_=1658213833480&CODE_STATE=getMsg HTTP/1.1" 200 27
101.83.240.35 - - [19/Jul/2022:14:57:15 +0800] "POST /xingrg/kc/buy/cgsh_order_operate.html HTTP/1.1" 200 37
114.84.2.83 - - [19/Jul/2022:14:57:16 +0800] "GET /xingrg/all/function/internal_message.html?_=1658213834325&CODE_STATE=getMsg HTTP/1.1" 200 27
218.81.223.53 - - [19/Jul/2022:14:57:17 +0800] "GET /xingrg/check_reg.html?_=1658213841917 HTTP/1.1" 302 -
101.83.240.35 - - [19/Jul/2022:14:57:20 +0800] "POST /xingrg/kc/buy/cgsh_order_operate.html HTTP/1.1" 200 12
101.83.240.35 - - [19/Jul/2022:14:57:21 +0800] "GET /xingrg/kc/buy/cgsh_order_info.html?code=212022071904877 HTTP/1.1" 200 62937
116.230.110.48 - - [19/Jul/2022:14:57:21 +0800] "GET /xingrg/all/function/internal_message.html?_=1658213839498&CODE_STATE=getMsg HTTP/1.1" 200 27
101.83.240.35 - - [19/Jul/2022:14:57:21 +0800] "GET /xingrg/javascript/easyui/themes/default/validatebox.css HTTP/1.1" 404 1104
114.86.227.120 - - [19/Jul/2022:14:57:22 +0800] "GET /xingrg/all/function/internal_message.html?_=1658213840100&CODE_STATE=getMsg HTTP/1.1" 200 27
101.83.240.35 - - [19/Jul/2022:14:57:22 +0800] "POST /xingrg/kc/buy/cgsh_order_operate.html HTTP/1.1" 200 606
101.83.240.35 - - [19/Jul/2022:14:57:23 +0800] "GET /xingrg/kc/print/load_data.html?order_code=212022071904877&kc_code=cgsh&condition= HTTP/1.1" 200 713
218.81.223.53 - - [19/Jul/2022:14:57:24 +0800] "GET /xingrg/all/function/internal_message.html?_=1658213847946&CODE_STATE=getMsg HTTP/1.1" 200 27
101.83.240.35 - - [19/Jul/2022:14:57:27 +0800] "GET /xingrg/kc/buy/cgsh_order_add.html HTTP/1.1" 200 68032
101.83.240.35 - - [19/Jul/2022:14:57:27 +0800] "POST /xingrg/kc/buy/cgsh_order_operate.html HTTP/1.1" 200 8245
101.83.240.35 - - [19/Jul/2022:14:57:27 +0800] "GET /xingrg/javascript/easyui/themes/default/validatebox.css HTTP/1.1" 404 1104
58.37.4.65 - - [19/Jul/2022:14:57:28 +0800] "GET /xingrg/kc/buy/cgsh_order_operate.html?command=get_materiel&rest_code=00106&code=00101010348&supplier_code=00100323&order_time=2022-07-19 HTTP/1.1" 200 431
58.35.196.166 - - [19/Jul/2022:14:57:30 +0800] "GET /xingrg/all/function/internal_message.html?_=1658213847111&CODE_STATE=getMsg HTTP/1.1" 200 27
101.85.120.95 - - [19/Jul/2022:14:57:30 +0800] "GET /xingrg/all/function/internal_message.html?_=1658213848983&CODE_STATE=getMsg HTTP/1.1" 200 27
116.230.110.48 - - [19/Jul/2022:14:57:31 +0800] "GET /xingrg/check_reg.html?_=1658213849227 HTTP/1.1" 200 22
101.83.240.35 - - [19/Jul/2022:14:57:35 +0800] "GET /xingrg/kc/buy/cgsh_order_operate.html?command=get_materiel&rest_code=00149&code=00101002002&supplier_code=00100087&order_time=2022-07-19 HTTP/1.1" 200 420
180.175.103.110 - - [19/Jul/2022:14:57:41 +0800] "GET /xingrg/all/function/internal_message.html?_=1658213861152&CODE_STATE=getMsg HTTP/1.1" 200 27
101.83.223.227 - - [19/Jul/2022:14:57:45 +0800] "GET /xingrg/all/function/internal_message.html?_=1658213815725&CODE_STATE=getMsg HTTP/1.1" 200 27
58.37.4.65 - - [19/Jul/2022:14:57:48 +0800] "GET /xingrg/all/function/internal_message.html?_=1658213867925&CODE_STATE=getMsg HTTP/1.1" 200 27
101.83.240.35 - - [19/Jul/2022:14:57:50 +0800] "POST /xingrg/kc/buy/cgsh_order_operate.html HTTP/1.1" 200 37
58.37.4.65 - - [19/Jul/2022:14:57:52 +0800] "GET /xingrg/kc/buy/cgsh_order_operate.html?command=get_materiel&rest_code=00106&code=00101007095&supplier_code=00100323&order_time=2022-07-19 HTTP/1.1" 200 415
101.83.240.35 - - [19/Jul/2022:14:57:54 +0800] "POST /xingrg/kc/buy/cgsh_order_operate.html HTTP/1.1" 200 12
101.83.240.35 - - [19/Jul/2022:14:57:57 +0800] "GET /xingrg/kc/buy/cgsh_order_info.html?code=212022071904878 HTTP/1.1" 200 62935
101.83.240.35 - - [19/Jul/2022:14:57:58 +0800] "GET /xingrg/javascript/easyui/themes/default/validatebox.css HTTP/1.1" 404 1104
114.84.2.83 - - [19/Jul/2022:14:57:58 +0800] "GET /xingrg/all/function/internal_message.html?_=1658213882140&CODE_STATE=getMsg HTTP/1.1" 200 27
101.83.240.35 - - [19/Jul/2022:14:57:58 +0800] "POST /xingrg/kc/buy/cgsh_order_operate.html HTTP/1.1" 200 619
101.83.240.35 - - [19/Jul/2022:14:57:59 +0800] "GET /xingrg/kc/print/load_data.html?order_code=212022071904878&kc_code=cgsh&condition= HTTP/1.1" 200 772
114.86.187.244 - - [19/Jul/2022:14:58:05 +0800] "GET /xingrg/all/function/internal_message.html?_=1658213885149&CODE_STATE=getMsg HTTP/1.1" 200 27
180.175.103.110 - - [19/Jul/2022:14:58:06 +0800] "GET /xingrg/all/function/internal_message.html?_=1658213938267&CODE_STATE=getMsg HTTP/1.1" 200 27
101.83.240.35 - - [19/Jul/2022:14:58:11 +0800] "GET /xingrg/all/function/internal_message.html?_=1658213886773&CODE_STATE=getMsg HTTP/1.1" 200 27
218.81.223.53 - - [19/Jul/2022:14:58:11 +0800] "GET /xingrg/all/function/internal_message.html?_=1658213896214&CODE_STATE=getMsg HTTP/1.1" 302 -
114.88.155.189 - - [19/Jul/2022:14:58:12 +0800] "GET /xingrg/all/function/internal_message.html?_=1658213585904&CODE_STATE=getMsg HTTP/1.1" 200 27
101.83.240.35 - - [19/Jul/2022:14:58:14 +0800] "GET /xingrg/check_reg.html?_=1658213889832 HTTP/1.1" 200 22
120.253.135.82 - - [19/Jul/2022:14:58:14 +0800] "GET /xingrg/all/function/internal_message.html?_=1658214022192&CODE_STATE=getMsg HTTP/1.1" 200 27
58.221.95.50 - - [19/Jul/2022:14:58:14 +0800] "GET /xingrg/all/function/internal_message.html?_=1658213893479&CODE_STATE=getMsg HTTP/1.1" 200 27
58.37.4.65 - - [19/Jul/2022:14:58:14 +0800] "GET /xingrg/kc/buy/cgsh_order_operate.html?command=get_materiel&rest_code=00106&code=00101004017&supplier_code=00100323&order_time=2022-07-19 HTTP/1.1" 200 413
58.221.95.50 - - [19/Jul/2022:14:58:15 +0800] "GET /xingrg/check_reg.html?_=1658213894468 HTTP/1.1" 200 22
114.84.2.83 - - [19/Jul/2022:14:58:16 +0800] "GET /xingrg/all/function/internal_message.html?_=1658213894324&CODE_STATE=getMsg HTTP/1.1" 200 27
114.84.2.83 - - [19/Jul/2022:14:58:16 +0800] "GET /xingrg/check_reg.html?_=1658213894326 HTTP/1.1" 200 22
114.86.227.120 - - [19/Jul/2022:14:58:19 +0800] "GET /xingrg/kc/buy/buy_main.html HTTP/1.1" 200 12412
114.86.227.120 - - [19/Jul/2022:14:58:19 +0800] "GET /xingrg/javascript/jquery_easy_ui/themes/default/images/tabs_close.gif HTTP/1.1" 200 829
114.86.227.120 - - [19/Jul/2022:14:58:19 +0800] "GET /xingrg/javascript/jquery_easy_ui/themes/default/easyui.css HTTP/1.1" 200 26500
114.86.227.120 - - [19/Jul/2022:14:58:19 +0800] "GET /xingrg/javascript/jquery_easy_ui/themes/icon.css HTTP/1.1" 200 3949
114.86.227.120 - - [19/Jul/2022:14:58:19 +0800] "GET /xingrg/images/blue/button/cgxqd.gif HTTP/1.1" 200 2619
114.86.227.120 - - [19/Jul/2022:14:58:19 +0800] "GET /xingrg/javascript/jquery.utils.js HTTP/1.1" 200 11805
114.86.227.120 - - [19/Jul/2022:14:58:19 +0800] "GET /xingrg/images/blue/button/cgydd.gif HTTP/1.1" 200 2712
114.86.227.120 - - [19/Jul/2022:14:58:19 +0800] "GET /xingrg/images/blue/button/cgshd.gif HTTP/1.1" 200 2618
114.86.227.120 - - [19/Jul/2022:14:58:19 +0800] "GET /xingrg/images/blue/button/cgfkd.gif HTTP/1.1" 200 2075
114.86.227.120 - - [19/Jul/2022:14:58:19 +0800] "GET /xingrg/images/blue/button/kc.gif HTTP/1.1" 200 2160
114.86.227.120 - - [19/Jul/2022:14:58:19 +0800] "GET /xingrg/javascript/jquery_ui/themes/humanity/humanity.css HTTP/1.1" 200 27801
114.86.227.120 - - [19/Jul/2022:14:58:19 +0800] "GET /xingrg/css/new_ie.css HTTP/1.1" 404 1036
114.86.227.120 - - [19/Jul/2022:14:58:19 +0800] "GET /xingrg/images/blue/button/ckthd.gif HTTP/1.1" 200 2045
114.86.227.120 - - [19/Jul/2022:14:58:19 +0800] "GET /xingrg/images/blue/pic_form2.gif HTTP/1.1" 200 1853
114.86.227.120 - - [19/Jul/2022:14:58:19 +0800] "GET /xingrg/css/blue.css HTTP/1.1" 200 15949
114.86.227.120 - - [19/Jul/2022:14:58:19 +0800] "GET /xingrg/javascript/pic_change.js HTTP/1.1" 200 4739
114.86.227.120 - - [19/Jul/2022:14:58:19 +0800] "GET /xingrg/javascript/myfunction.js HTTP/1.1" 200 24559
114.86.227.120 - - [19/Jul/2022:14:58:19 +0800] "GET /xingrg/javascript/ToolTips.js HTTP/1.1" 200 5615
114.86.227.120 - - [19/Jul/2022:14:58:19 +0800] "GET /xingrg/javascript/jquery-1.4.2.min.js HTTP/1.1" 200 72205
114.86.227.120 - - [19/Jul/2022:14:58:19 +0800] "GET /xingrg/javascript/jquery_ui/jquery-ui.min.js HTTP/1.1" 200 186181
114.86.227.120 - - [19/Jul/2022:14:58:19 +0800] "GET /xingrg/images/blue/bg_dotted.jpg HTTP/1.1" 200 319
114.86.227.120 - - [19/Jul/2022:14:58:19 +0800] "GET /xingrg/javascript/jquery_ui/themes/humanity/images/ui-bg_inset-soft_100_f4f0ec_1x100.png HTTP/1.1" 200 141
114.86.227.120 - - [19/Jul/2022:14:58:19 +0800] "GET /xingrg/images/blue/button/right_ah.jpg HTTP/1.1" 200 1744
114.86.227.120 - - [19/Jul/2022:14:58:19 +0800] "GET /xingrg/images/blue/button/down_ah.jpg HTTP/1.1" 200 1732
114.86.227.120 - - [19/Jul/2022:14:58:19 +0800] "GET /xingrg/javascript/jquery_ui/themes/humanity/images/ui-iconsnew.jpg HTTP/1.1" 200 337
114.86.227.120 - - [19/Jul/2022:14:58:19 +0800] "GET /xingrg/javascript/jquery_ui/themes/humanity/images/ui-icons_ffffff_256x240.png HTTP/1.1" 200 4369
114.86.227.120 - - [19/Jul/2022:14:58:19 +0800] "GET /xingrg/javascript/jquery_ui/themes/humanity/images/ui-bg_glass_70_ede4d4_1x400.png HTTP/1.1" 200 161
114.86.227.120 - - [19/Jul/2022:14:58:19 +0800] "GET /xingrg/javascript/jquery_ui/themes/humanity/images/ui-icons_c47a23_256x240.png HTTP/1.1" 200 5355
114.86.227.120 - - [19/Jul/2022:14:58:20 +0800] "GET /xingrg/images/yd/bt.gif HTTP/1.1" 404 1040
114.86.227.120 - - [19/Jul/2022:14:58:20 +0800] "GET /xingrg/css/base.css HTTP/1.1" 200 2811
114.86.227.120 - - [19/Jul/2022:14:58:20 +0800] "GET /xingrg/css/site.css HTTP/1.1" 200 7541
114.86.227.120 - - [19/Jul/2022:14:58:20 +0800] "GET /xingrg/javascript/jquery_tools/datebox.css HTTP/1.1" 200 2597
114.86.227.120 - - [19/Jul/2022:14:58:20 +0800] "GET /xingrg/javascript/jquery_tools/table.css HTTP/1.1" 200 1032
114.86.227.120 - - [19/Jul/2022:14:58:20 +0800] "GET /xingrg/javascript/easyui/themes/icon.css HTTP/1.1" 200 4483
114.86.227.120 - - [19/Jul/2022:14:58:20 +0800] "GET /xingrg/javascript/jquery_tools/fix.css HTTP/1.1" 200 1702
114.86.227.120 - - [19/Jul/2022:14:58:20 +0800] "GET /xingrg/javascript/auto/jquery.autocomplete.css HTTP/1.1" 200 587
114.86.227.120 - - [19/Jul/2022:14:58:20 +0800] "GET /xingrg/javascript/jquery_tools/jquery.tools.hotkey.js HTTP/1.1" 200 3242
114.86.227.120 - - [19/Jul/2022:14:58:20 +0800] "GET /xingrg/javascript/jquery_tools/jquery.tools.table.js HTTP/1.1" 200 6994
114.86.227.120 - - [19/Jul/2022:14:58:20 +0800] "GET /xingrg/javascript/jquery_tools/list_manager.js HTTP/1.1" 200 3652
114.86.227.120 - - [19/Jul/2022:14:58:20 +0800] "GET /xingrg/javascript/jquery.cookie.js HTTP/1.1" 200 5513
114.86.227.120 - - [19/Jul/2022:14:58:20 +0800] "GET /xingrg/javascript/easyui/easyloader.js HTTP/1.1" 200 5975
114.86.227.120 - - [19/Jul/2022:14:58:20 +0800] "GET /xingrg/kc/buy/cgsh_order_list.html HTTP/1.1" 200 52162
114.86.227.120 - - [19/Jul/2022:14:58:20 +0800] "GET /xingrg/javascript/jquery_tools/jquery.tools.extend.js HTTP/1.1" 200 15385
114.86.227.120 - - [19/Jul/2022:14:58:20 +0800] "GET /xingrg/javascript/print/LodopFuncs.js HTTP/1.1" 200 5121
114.86.227.120 - - [19/Jul/2022:14:58:20 +0800] "GET /xingrg/javascript/auto/jquery.autocomplete.js HTTP/1.1" 200 21624
114.86.227.120 - - [19/Jul/2022:14:58:20 +0800] "GET /xingrg/javascript/easyui/themes/default/easyui.css HTTP/1.1" 200 30432
114.86.227.120 - - [19/Jul/2022:14:58:20 +0800] "GET /xingrg/javascript/jquery_tools/jquery.tools.min.js HTTP/1.1" 200 138801
114.86.227.120 - - [19/Jul/2022:14:58:20 +0800] "GET /xingrg/javascript/easyui/themes/icons/check_new.png HTTP/1.1" 200 3224
114.86.227.120 - - [19/Jul/2022:14:58:20 +0800] "GET /xingrg/javascript/easyui/themes/icons/edit_add_new.png HTTP/1.1" 200 2997
114.86.227.120 - - [19/Jul/2022:14:58:20 +0800] "GET /xingrg/javascript/easyui/themes/icons/import_new.png HTTP/1.1" 200 1247
114.86.227.120 - - [19/Jul/2022:14:58:20 +0800] "GET /xingrg/javascript/easyui/themes/icons/field_new.png HTTP/1.1" 200 1097
114.86.227.120 - - [19/Jul/2022:14:58:20 +0800] "GET /xingrg/javascript/easyui/themes/icons/cance_new.png HTTP/1.1" 200 3986
114.86.227.120 - - [19/Jul/2022:14:58:21 +0800] "GET /xingrg/javascript/easyui/plugins/jquery.parser.js HTTP/1.1" 200 1142
114.86.227.120 - - [19/Jul/2022:14:58:21 +0800] "GET /xingrg/images/control/ajaxLoader.gif HTTP/1.1" 200 4659
116.230.110.48 - - [19/Jul/2022:14:58:21 +0800] "GET /xingrg/all/function/internal_message.html?_=1658213899488&CODE_STATE=getMsg HTTP/1.1" 200 27
114.86.227.120 - - [19/Jul/2022:14:58:22 +0800] "GET /xingrg/all/function/internal_message.html?_=1658213900126&CODE_STATE=getMsg HTTP/1.1" 200 27
114.86.227.120 - - [19/Jul/2022:14:58:22 +0800] "GET /xingrg/check_reg.html?_=1658213900128 HTTP/1.1" 200 22
101.83.240.35 - - [19/Jul/2022:14:58:22 +0800] "GET /xingrg/kc/buy/cgsh_order_add.html HTTP/1.1" 200 68032
101.83.240.35 - - [19/Jul/2022:14:58:22 +0800] "POST /xingrg/kc/buy/cgsh_order_operate.html HTTP/1.1" 200 8245
101.83.240.35 - - [19/Jul/2022:14:58:22 +0800] "GET /xingrg/javascript/easyui/themes/default/validatebox.css HTTP/1.1" 404 1104
114.86.227.120 - - [19/Jul/2022:14:58:23 +0800] "POST /xingrg/kc/buy/cgsh_list_operate.html HTTP/1.1" 200 4432
218.81.223.53 - - [19/Jul/2022:14:58:24 +0800] "GET /xingrg/all/function/internal_message.html?_=1658213907960&CODE_STATE=getMsg HTTP/1.1" 200 27
114.86.227.120 - - [19/Jul/2022:14:58:28 +0800] "POST /xingrg/kc/buy/cgsh_list_operate.html HTTP/1.1" 200 7364
58.35.196.166 - - [19/Jul/2022:14:58:30 +0800] "GET /xingrg/all/function/internal_message.html?_=1658213907097&CODE_STATE=getMsg HTTP/1.1" 200 27
101.85.120.95 - - [19/Jul/2022:14:58:30 +0800] "GET /xingrg/all/function/internal_message.html?_=1658213908953&CODE_STATE=getMsg HTTP/1.1" 200 27
101.83.240.35 - - [19/Jul/2022:14:58:31 +0800] "GET /xingrg/kc/buy/cgsh_order_operate.html?command=get_materiel&rest_code=00149&code=00101003040&supplier_code=00100093&order_time=2022-07-19 HTTP/1.1" 200 435
114.86.227.120 - - [19/Jul/2022:14:58:33 +0800] "GET /xingrg/javascript/easyui/themes/default/images/button_plain_hover.png HTTP/1.1" 200 144
180.175.103.110 - - [19/Jul/2022:14:58:41 +0800] "GET /xingrg/all/function/internal_message.html?_=1658213921128&CODE_STATE=getMsg HTTP/1.1" 200 27
58.37.4.65 - - [19/Jul/2022:14:58:43 +0800] "POST /xingrg/kc/buy/cgsh_order_operate.html HTTP/1.1" 200 37
101.83.223.227 - - [19/Jul/2022:14:58:45 +0800] "GET /xingrg/all/function/internal_message.html?_=1658213875824&CODE_STATE=getMsg HTTP/1.1" 200 27
101.83.240.35 - - [19/Jul/2022:14:58:46 +0800] "GET /xingrg/kc/buy/cgsh_order_operate.html?command=get_materiel&rest_code=00149&code=00101003003&supplier_code=00100093&order_time=2022-07-19 HTTP/1.1" 200 418
58.37.4.65 - - [19/Jul/2022:14:58:48 +0800] "POST /xingrg/kc/buy/cgsh_order_operate.html HTTP/1.1" 200 12
58.37.4.65 - - [19/Jul/2022:14:58:48 +0800] "GET /xingrg/all/function/internal_message.html?_=1658213927909&CODE_STATE=getMsg HTTP/1.1" 200 27
58.37.4.65 - - [19/Jul/2022:14:58:52 +0800] "GET /xingrg/kc/buy/cgsh_order_info.html?code=212022071904879 HTTP/1.1" 200 62844
58.37.4.65 - - [19/Jul/2022:14:58:53 +0800] "GET /xingrg/javascript/easyui/themes/default/validatebox.css HTTP/1.1" 404 1104
58.37.4.65 - - [19/Jul/2022:14:58:53 +0800] "GET /xingrg/check_reg.html?_=1658213932454 HTTP/1.1" 200 22
58.37.4.65 - - [19/Jul/2022:14:58:53 +0800] "POST /xingrg/kc/buy/cgsh_order_operate.html HTTP/1.1" 200 2407
58.35.196.166 - - [19/Jul/2022:14:58:55 +0800] "GET /xingrg/check_reg.html?_=1658213932068 HTTP/1.1" 200 22
101.83.240.35 - - [19/Jul/2022:14:58:58 +0800] "POST /xingrg/kc/buy/cgsh_order_operate.html HTTP/1.1" 200 37
58.37.4.65 - - [19/Jul/2022:14:58:58 +0800] "GET /xingrg/kc/print/load_data.html?order_code=212022071904879&kc_code=cgsh&condition= HTTP/1.1" 200 1418
114.84.2.83 - - [19/Jul/2022:14:58:58 +0800] "GET /xingrg/all/function/internal_message.html?_=1658213942140&CODE_STATE=getMsg HTTP/1.1" 200 27
101.83.240.35 - - [19/Jul/2022:14:59:01 +0800] "POST /xingrg/kc/buy/cgsh_order_operate.html HTTP/1.1" 200 12
101.83.240.35 - - [19/Jul/2022:14:59:03 +0800] "GET /xingrg/kc/buy/cgsh_order_info.html?code=212022071904880 HTTP/1.1" 200 62937
101.83.240.35 - - [19/Jul/2022:14:59:03 +0800] "GET /xingrg/javascript/easyui/themes/default/validatebox.css HTTP/1.1" 404 1104
101.83.240.35 - - [19/Jul/2022:14:59:04 +0800] "POST /xingrg/kc/buy/cgsh_order_operate.html HTTP/1.1" 200 1217
58.37.4.65 - - [19/Jul/2022:14:59:05 +0800] "GET /xingrg/kc/buy/cgsh_order_add.html HTTP/1.1" 200 67938
58.37.4.65 - - [19/Jul/2022:14:59:05 +0800] "POST /xingrg/kc/buy/cgsh_order_operate.html HTTP/1.1" 200 8245
58.37.4.65 - - [19/Jul/2022:14:59:05 +0800] "GET /xingrg/javascript/easyui/themes/default/validatebox.css HTTP/1.1" 404 1104
101.83.240.35 - - [19/Jul/2022:14:59:05 +0800] "GET /xingrg/kc/print/load_data.html?order_code=212022071904880&kc_code=cgsh&condition= HTTP/1.1" 200 1003
114.86.187.244 - - [19/Jul/2022:14:59:05 +0800] "GET /xingrg/all/function/internal_message.html?_=1658213945148&CODE_STATE=getMsg HTTP/1.1" 200 27
114.86.187.244 - - [19/Jul/2022:14:59:05 +0800] "GET /xingrg/check_reg.html?_=1658213945150 HTTP/1.1" 200 22
180.175.103.110 - - [19/Jul/2022:14:59:06 +0800] "GET /xingrg/all/function/internal_message.html?_=1658213998272&CODE_STATE=getMsg HTTP/1.1" 200 27
58.37.4.65 - - [19/Jul/2022:14:59:07 +0800] "GET /xingrg/javascript/easyui/themes/default/tree.css HTTP/1.1" 404 1090
58.37.4.65 - - [19/Jul/2022:14:59:08 +0800] "POST /xingrg/all/common/load_tree.html?tree=supplier_tree_json&isDelete=1 HTTP/1.1" 200 66956
101.83.240.35 - - [19/Jul/2022:14:59:11 +0800] "GET /xingrg/all/function/internal_message.html?_=1658213946750&CODE_STATE=getMsg HTTP/1.1" 200 27
218.81.223.53 - - [19/Jul/2022:14:59:11 +0800] "GET /xingrg/all/function/internal_message.html?_=1658213956221&CODE_STATE=getMsg HTTP/1.1" 302 -
101.83.240.35 - - [19/Jul/2022:14:59:12 +0800] "GET /xingrg/kc/buy/cgsh_order_add.html HTTP/1.1" 200 68032
114.88.155.189 - - [19/Jul/2022:14:59:12 +0800] "GET /xingrg/all/function/internal_message.html?_=1658213645904&CODE_STATE=getMsg HTTP/1.1" 200 27
101.83.240.35 - - [19/Jul/2022:14:59:13 +0800] "POST /xingrg/kc/buy/cgsh_order_operate.html HTTP/1.1" 200 8245
101.83.240.35 - - [19/Jul/2022:14:59:13 +0800] "GET /xingrg/javascript/easyui/themes/default/validatebox.css HTTP/1.1" 404 1104
58.221.95.50 - - [19/Jul/2022:14:59:14 +0800] "GET /xingrg/all/function/internal_message.html?_=1658213953461&CODE_STATE=getMsg HTTP/1.1" 200 27
120.253.135.82 - - [19/Jul/2022:14:59:14 +0800] "GET /xingrg/all/function/internal_message.html?_=1658214082244&CODE_STATE=getMsg HTTP/1.1" 200 27
114.84.2.83 - - [19/Jul/2022:14:59:16 +0800] "GET /xingrg/all/function/internal_message.html?_=1658213954325&CODE_STATE=getMsg HTTP/1.1" 200 27
116.230.110.48 - - [19/Jul/2022:14:59:21 +0800] "GET /xingrg/all/function/internal_message.html?_=1658213959468&CODE_STATE=getMsg HTTP/1.1" 200 27
101.83.240.35 - - [19/Jul/2022:14:59:21 +0800] "GET /xingrg/kc/buy/cgsh_order_operate.html?command=get_materiel&rest_code=00149&code=00101001140&supplier_code=00100090&order_time=2022-07-19 HTTP/1.1" 200 431
114.86.227.120 - - [19/Jul/2022:14:59:22 +0800] "GET /xingrg/all/function/internal_message.html?_=1658213960134&CODE_STATE=getMsg HTTP/1.1" 200 27
218.81.223.53 - - [19/Jul/2022:14:59:24 +0800] "GET /xingrg/all/function/internal_message.html?_=1658213967976&CODE_STATE=getMsg HTTP/1.1" 200 27
58.35.196.166 - - [19/Jul/2022:14:59:30 +0800] "GET /xingrg/all/function/internal_message.html?_=1658213967071&CODE_STATE=getMsg HTTP/1.1" 200 27
101.85.120.95 - - [19/Jul/2022:14:59:30 +0800] "GET /xingrg/all/function/internal_message.html?_=1658213968923&CODE_STATE=getMsg HTTP/1.1" 200 27
114.86.227.120 - - [19/Jul/2022:14:59:30 +0800] "POST /xingrg/kc/buy/cgsh_list_operate.html HTTP/1.1" 200 4
58.37.4.65 - - [19/Jul/2022:14:59:33 +0800] "GET /xingrg/kc/buy/cgsh_order_operate.html?command=get_materiel&rest_code=00106&code=00101021021&supplier_code=00100479&order_time=2022-07-19 HTTP/1.1" 200 414
101.83.240.35 - - [19/Jul/2022:14:59:33 +0800] "GET /xingrg/kc/buy/cgsh_order_operate.html?command=get_materiel&rest_code=00149&code=00101001037&supplier_code=00100090&order_time=2022-07-19 HTTP/1.1" 200 434
114.86.227.120 - - [19/Jul/2022:14:59:34 +0800] "POST /xingrg/kc/buy/cgsh_list_operate.html HTTP/1.1" 200 693
101.83.223.227 - - [19/Jul/2022:14:59:39 +0800] "GET /xingrg/check_reg.html?_=1658213929839 HTTP/1.1" 200 22
180.175.103.110 - - [19/Jul/2022:14:59:41 +0800] "GET /xingrg/all/function/internal_message.html?_=1658213981108&CODE_STATE=getMsg HTTP/1.1" 200 27
101.83.223.227 - - [19/Jul/2022:14:59:45 +0800] "GET /xingrg/all/function/internal_message.html?_=1658213935830&CODE_STATE=getMsg HTTP/1.1" 200 27
101.83.240.35 - - [19/Jul/2022:14:59:47 +0800] "GET /xingrg/kc/buy/cgsh_order_operate.html?command=get_materiel&rest_code=00149&code=00101001093&supplier_code=00100090&order_time=2022-07-19 HTTP/1.1" 200 413
58.37.4.65 - - [19/Jul/2022:14:59:48 +0800] "GET /xingrg/all/function/internal_message.html?_=1658213987895&CODE_STATE=getMsg HTTP/1.1" 200 27
58.37.4.65 - - [19/Jul/2022:14:59:48 +0800] "GET /xingrg/check_reg.html?_=1658213988038 HTTP/1.1" 200 22
114.86.227.120 - - [19/Jul/2022:14:59:52 +0800] "GET /xingrg/kc/buy/cgsh_order_add.html HTTP/1.1" 200 68026
114.86.227.120 - - [19/Jul/2022:14:59:52 +0800] "GET /xingrg/javascript/jquery_tools/order_manager.js HTTP/1.1" 200 11183
114.86.227.120 - - [19/Jul/2022:14:59:52 +0800] "GET /xingrg/javascript/convert.js HTTP/1.1" 200 1239
114.86.227.120 - - [19/Jul/2022:14:59:52 +0800] "GET /xingrg/javascript/json2.js HTTP/1.1" 200 11259
114.86.227.120 - - [19/Jul/2022:14:59:52 +0800] "GET /xingrg/javascript/print/kc_print.js HTTP/1.1" 200 11415
114.86.227.120 - - [19/Jul/2022:14:59:52 +0800] "GET /xingrg/words/20220718133644_words.js HTTP/1.1" 200 906184
114.86.227.120 - - [19/Jul/2022:14:59:52 +0800] "GET /xingrg/javascript/easyui/themes/default/images/menu_downarrow.png HTTP/1.1" 200 173
114.86.227.120 - - [19/Jul/2022:14:59:52 +0800] "GET /xingrg/javascript/easyui/themes/icons/ok.png HTTP/1.1" 200 883
114.86.227.120 - - [19/Jul/2022:14:59:52 +0800] "GET /xingrg/javascript/easyui/themes/icons/cancel.png HTTP/1.1" 200 1133
114.86.227.120 - - [19/Jul/2022:14:59:52 +0800] "GET /xingrg/javascript/easyui/themes/icons/copy_new.png HTTP/1.1" 200 815
114.86.227.120 - - [19/Jul/2022:14:59:52 +0800] "GET /xingrg/javascript/easyui/themes/icons/template_new.png HTTP/1.1" 200 3956
114.86.227.120 - - [19/Jul/2022:14:59:52 +0800] "GET /xingrg/javascript/easyui/themes/icons/print.png HTTP/1.1" 200 1057
114.86.227.120 - - [19/Jul/2022:14:59:52 +0800] "POST /xingrg/kc/buy/cgsh_order_operate.html HTTP/1.1" 200 8245
114.86.227.120 - - [19/Jul/2022:14:59:52 +0800] "GET /xingrg/javascript/easyui/themes/default/validatebox.css HTTP/1.1" 404 1104
114.86.227.120 - - [19/Jul/2022:14:59:52 +0800] "GET /xingrg/all/common/auto_word.html?type=employee&rest_code=00109 HTTP/1.1" 200 255
114.86.227.120 - - [19/Jul/2022:14:59:52 +0800] "GET /xingrg/javascript/easyui/plugins/jquery.validatebox.js HTTP/1.1" 200 6103
114.86.227.120 - - [19/Jul/2022:14:59:52 +0800] "GET /xingrg/all/common/auto_word.html?type=employee&rest_code=00109 HTTP/1.1" 200 255
114.86.227.120 - - [19/Jul/2022:14:59:52 +0800] "GET /xingrg/javascript/easyui/plugins/jquery.numberbox.js HTTP/1.1" 200 5213
114.86.227.120 - - [19/Jul/2022:14:59:52 +0800] "GET /xingrg/javascript/easyui/themes/icons/edit_remove.png HTTP/1.1" 200 625
218.81.223.53 - - [19/Jul/2022:14:59:54 +0800] "GET /xingrg/kc/buy/cgsh_order_operate.html?command=get_materiel&rest_code=00146&code=00102005689&supplier_code=00100460&order_time=2022-07-19 HTTP/1.1" 302 -
101.83.240.35 - - [19/Jul/2022:14:59:57 +0800] "POST /xingrg/kc/buy/cgsh_order_operate.html HTTP/1.1" 200 37
114.84.2.83 - - [19/Jul/2022:14:59:58 +0800] "GET /xingrg/all/function/internal_message.html?_=1658214002142&CODE_STATE=getMsg HTTP/1.1" 200 27
114.84.2.83 - - [19/Jul/2022:14:59:58 +0800] "GET /xingrg/check_reg.html?_=1658214002139 HTTP/1.1" 200 22
101.83.240.35 - - [19/Jul/2022:15:00:02 +0800] "POST /xingrg/kc/buy/cgsh_order_operate.html HTTP/1.1" 200 12
101.83.240.35 - - [19/Jul/2022:15:00:03 +0800] "GET /xingrg/kc/buy/cgsh_order_info.html?code=212022071904881 HTTP/1.1" 200 62939
101.83.240.35 - - [19/Jul/2022:15:00:03 +0800] "GET /xingrg/javascript/easyui/themes/default/validatebox.css HTTP/1.1" 404 1104
101.83.240.35 - - [19/Jul/2022:15:00:04 +0800] "POST /xingrg/kc/buy/cgsh_order_operate.html HTTP/1.1" 200 1806
58.40.7.146 - - [19/Jul/2022:15:00:04 +0800] "POST /xingrg/services/DataTransmitService HTTP/1.1" 200 524
101.83.240.35 - - [19/Jul/2022:15:00:05 +0800] "GET /xingrg/kc/print/load_data.html?order_code=212022071904881&kc_code=cgsh&condition= HTTP/1.1" 200 1244
114.86.187.244 - - [19/Jul/2022:15:00:05 +0800] "GET /xingrg/all/function/internal_message.html?_=1658214005149&CODE_STATE=getMsg HTTP/1.1" 200 27
180.175.103.110 - - [19/Jul/2022:15:00:06 +0800] "GET /xingrg/all/function/internal_message.html?_=1658214058275&CODE_STATE=getMsg HTTP/1.1" 200 27
218.81.223.53 - - [19/Jul/2022:15:00:08 +0800] "GET /xingrg/login.html HTTP/1.1" 200 7641
218.81.223.53 - - [19/Jul/2022:15:00:08 +0800] "GET /favicon.ico HTTP/1.1" 404 -
58.37.4.65 - - [19/Jul/2022:15:00:08 +0800] "POST /xingrg/kc/buy/cgsh_order_operate.html HTTP/1.1" 200 37
114.88.155.189 - - [19/Jul/2022:15:00:12 +0800] "GET /xingrg/all/function/internal_message.html?_=1658213705905&CODE_STATE=getMsg HTTP/1.1" 200 27
58.37.4.65 - - [19/Jul/2022:15:00:13 +0800] "POST /xingrg/kc/buy/cgsh_order_operate.html HTTP/1.1" 200 12
58.221.95.50 - - [19/Jul/2022:15:00:14 +0800] "GET /xingrg/all/function/internal_message.html?_=1658214013444&CODE_STATE=getMsg HTTP/1.1" 200 27
120.253.135.82 - - [19/Jul/2022:15:00:14 +0800] "GET /xingrg/all/function/internal_message.html?_=1658214142250&CODE_STATE=getMsg HTTP/1.1" 200 27
58.37.4.65 - - [19/Jul/2022:15:00:15 +0800] "GET /xingrg/kc/buy/cgsh_order_info.html?code=212022071904882 HTTP/1.1" 200 62849
58.37.4.65 - - [19/Jul/2022:15:00:15 +0800] "GET /xingrg/javascript/easyui/themes/default/validatebox.css HTTP/1.1" 404 1104
58.37.4.65 - - [19/Jul/2022:15:00:16 +0800] "POST /xingrg/kc/buy/cgsh_order_operate.html HTTP/1.1" 200 609
114.84.2.83 - - [19/Jul/2022:15:00:16 +0800] "GET /xingrg/all/function/internal_message.html?_=1658214014325&CODE_STATE=getMsg HTTP/1.1" 200 27
58.37.4.65 - - [19/Jul/2022:15:00:18 +0800] "GET /xingrg/kc/print/load_data.html?order_code=212022071904882&kc_code=cgsh&condition= HTTP/1.1" 200 707
116.230.110.48 - - [19/Jul/2022:15:00:21 +0800] "GET /xingrg/all/function/internal_message.html?_=1658214019449&CODE_STATE=getMsg HTTP/1.1" 200 27
114.86.227.120 - - [19/Jul/2022:15:00:22 +0800] "GET /xingrg/all/function/internal_message.html?_=1658214020115&CODE_STATE=getMsg HTTP/1.1" 200 27
58.37.4.65 - - [19/Jul/2022:15:00:24 +0800] "GET /xingrg/kc/buy/cgsh_order_add.html HTTP/1.1" 200 67938
218.81.223.53 - - [19/Jul/2022:15:00:24 +0800] "GET /xingrg/check_reg.html?_=1658214027933 HTTP/1.1" 200 22
218.81.223.53 - - [19/Jul/2022:15:00:24 +0800] "GET /xingrg/all/function/internal_message.html?_=1658214027990&CODE_STATE=getMsg HTTP/1.1" 200 27
58.37.4.65 - - [19/Jul/2022:15:00:24 +0800] "POST /xingrg/kc/buy/cgsh_order_operate.html HTTP/1.1" 200 8245
58.37.4.65 - - [19/Jul/2022:15:00:24 +0800] "GET /xingrg/javascript/easyui/themes/default/validatebox.css HTTP/1.1" 404 1104
58.37.4.65 - - [19/Jul/2022:15:00:26 +0800] "GET /xingrg/javascript/easyui/themes/default/tree.css HTTP/1.1" 404 1090
58.37.4.65 - - [19/Jul/2022:15:00:26 +0800] "POST /xingrg/all/common/load_tree.html?tree=supplier_tree_json&isDelete=1 HTTP/1.1" 200 66956
218.81.223.53 - - [19/Jul/2022:15:00:29 +0800] "POST /xingrg/login.do HTTP/1.1" 302 -
218.81.223.53 - - [19/Jul/2022:15:00:29 +0800] "GET /xingrg/index.html?sysBaseUrl=http%3A%2F%2F180.169.147.146%3A18081%2Fxingrg%2F&costTime=43×tamp=1658214029376 HTTP/1.1" 200 17179
218.81.223.53 - - [19/Jul/2022:15:00:29 +0800] "GET /xingrg/javascript/jquery_easy_ui/themes/icon.css HTTP/1.1" 304 -
218.81.223.53 - - [19/Jul/2022:15:00:29 +0800] "GET /favicon.ico HTTP/1.1" 404 -
218.81.223.53 - - [19/Jul/2022:15:00:29 +0800] "GET /xingrg/javascript/jquery-1.4.2.min.js HTTP/1.1" 304 -
218.81.223.53 - - [19/Jul/2022:15:00:29 +0800] "GET /xingrg/javascript/jquery_easy_ui/themes/default/easyui.css HTTP/1.1" 304 -
218.81.223.53 - - [19/Jul/2022:15:00:29 +0800] "GET /xingrg/css/form.css HTTP/1.1" 304 -
218.81.223.53 - - [19/Jul/2022:15:00:29 +0800] "GET /xingrg/javascript/jquery_easy_ui/jquery.easyui.min.js HTTP/1.1" 304 -
218.81.223.53 - - [19/Jul/2022:15:00:29 +0800] "GET /xingrg/javascript/jquery.utils.js HTTP/1.1" 304 -
218.81.223.53 - - [19/Jul/2022:15:00:29 +0800] "GET /xingrg/javascript/jquery_easy_ui/easyui-lang-zh_CN.js HTTP/1.1" 304 -
218.81.223.53 - - [19/Jul/2022:15:00:29 +0800] "GET /xingrg/javascript/jquery.form.js HTTP/1.1" 304 -
218.81.223.53 - - [19/Jul/2022:15:00:29 +0800] "GET /xingrg/javascript/jquery.timers.js HTTP/1.1" 304 -
218.81.223.53 - - [19/Jul/2022:15:00:29 +0800] "POST /xingrg/all/common/load_tree.html?tree=area_rest_tree_json&manage=1 HTTP/1.1" 200 479
218.81.223.53 - - [19/Jul/2022:15:00:29 +0800] "GET /xingrg/all/function/internal_message.html?_=1658214034642&CODE_STATE=count HTTP/1.1" 200 11
218.81.223.53 - - [19/Jul/2022:15:00:29 +0800] "GET /xingrg/check_reg.html?_=1658214034642 HTTP/1.1" 200 22
218.81.223.53 - - [19/Jul/2022:15:00:29 +0800] "POST /xingrg/load_menu.html HTTP/1.1" 200 5138
58.35.196.166 - - [19/Jul/2022:15:00:30 +0800] "GET /xingrg/all/function/internal_message.html?_=1658214027042&CODE_STATE=getMsg HTTP/1.1" 200 27
101.85.120.95 - - [19/Jul/2022:15:00:30 +0800] "GET /xingrg/all/function/internal_message.html?_=1658214028894&CODE_STATE=getMsg HTTP/1.1" 200 27
101.85.120.95 - - [19/Jul/2022:15:00:31 +0800] "GET /xingrg/check_reg.html?_=1658214029615 HTTP/1.1" 200 22
218.81.223.53 - - [19/Jul/2022:15:00:32 +0800] "GET /xingrg/css/base.css HTTP/1.1" 304 -
218.81.223.53 - - [19/Jul/2022:15:00:32 +0800] "GET /xingrg/css/site.css HTTP/1.1" 304 -
218.81.223.53 - - [19/Jul/2022:15:00:32 +0800] "GET /xingrg/javascript/jquery_tools/datebox.css HTTP/1.1" 304 -
218.81.223.53 - - [19/Jul/2022:15:00:32 +0800] "GET /xingrg/javascript/easyui/themes/default/easyui.css HTTP/1.1" 304 -
218.81.223.53 - - [19/Jul/2022:15:00:32 +0800] "GET /xingrg/javascript/easyui/themes/icon.css HTTP/1.1" 304 -
218.81.223.53 - - [19/Jul/2022:15:00:32 +0800] "GET /xingrg/javascript/auto/jquery.autocomplete.css HTTP/1.1" 304 -
218.81.223.53 - - [19/Jul/2022:15:00:32 +0800] "GET /xingrg/javascript/jquery_tools/table.css HTTP/1.1" 304 -
218.81.223.53 - - [19/Jul/2022:15:00:32 +0800] "GET /xingrg/javascript/jquery_tools/jquery.tools.min.js HTTP/1.1" 304 -
218.81.223.53 - - [19/Jul/2022:15:00:32 +0800] "GET /xingrg/javascript/jquery_tools/fix.css HTTP/1.1" 304 -
218.81.223.53 - - [19/Jul/2022:15:00:32 +0800] "GET /xingrg/javascript/jquery_tools/jquery.tools.extend.js HTTP/1.1" 304 -
218.81.223.53 - - [19/Jul/2022:15:00:32 +0800] "GET /xingrg/javascript/jquery_tools/jquery.tools.hotkey.js HTTP/1.1" 304 -
218.81.223.53 - - [19/Jul/2022:15:00:32 +0800] "GET /xingrg/javascript/jquery_tools/list_manager.js HTTP/1.1" 304 -
218.81.223.53 - - [19/Jul/2022:15:00:32 +0800] "GET /xingrg/javascript/auto/jquery.autocomplete.js HTTP/1.1" 304 -
218.81.223.53 - - [19/Jul/2022:15:00:32 +0800] "GET /xingrg/javascript/jquery_tools/jquery.tools.table.js HTTP/1.1" 304 -
218.81.223.53 - - [19/Jul/2022:15:00:32 +0800] "GET /xingrg/javascript/jquery.cookie.js HTTP/1.1" 304 -
218.81.223.53 - - [19/Jul/2022:15:00:32 +0800] "GET /xingrg/javascript/easyui/easyloader.js HTTP/1.1" 304 -
218.81.223.53 - - [19/Jul/2022:15:00:32 +0800] "GET /xingrg/javascript/print/LodopFuncs.js HTTP/1.1" 304 -
218.81.223.53 - - [19/Jul/2022:15:00:32 +0800] "GET /xingrg/kc/buy/cgsh_order_list.html HTTP/1.1" 200 52168
218.81.223.53 - - [19/Jul/2022:15:00:32 +0800] "GET /xingrg/javascript/easyui/plugins/jquery.parser.js HTTP/1.1" 304 -
218.81.223.53 - - [19/Jul/2022:15:00:35 +0800] "POST /xingrg/kc/buy/cgsh_list_operate.html HTTP/1.1" 200 4573
218.81.223.53 - - [19/Jul/2022:15:00:36 +0800] "GET /xingrg/javascript/pic_change.js HTTP/1.1" 304 -
218.81.223.53 - - [19/Jul/2022:15:00:36 +0800] "GET /xingrg/javascript/jquery_tools/order_manager.js HTTP/1.1" 304 -
218.81.223.53 - - [19/Jul/2022:15:00:36 +0800] "GET /xingrg/javascript/json2.js HTTP/1.1" 304 -
