101.83.223.227 - - [18/Jul/2022:09:35:14 +0800] "GET /xingrg/javascript/jquery_easy_ui/themes/default/images/pagination_first.gif HTTP/1.1" 304 -
101.83.223.227 - - [18/Jul/2022:09:35:14 +0800] "GET /xingrg/javascript/jquery_easy_ui/themes/default/images/pagination_prev.gif HTTP/1.1" 304 -
101.83.223.227 - - [18/Jul/2022:09:35:14 +0800] "GET /xingrg/javascript/jquery_easy_ui/themes/default/images/pagination_next.gif HTTP/1.1" 304 -
101.83.223.227 - - [18/Jul/2022:09:35:14 +0800] "GET /xingrg/javascript/jquery_easy_ui/themes/default/images/pagination_last.gif HTTP/1.1" 304 -
101.83.223.227 - - [18/Jul/2022:09:35:14 +0800] "GET /xingrg/javascript/jquery_easy_ui/themes/default/images/pagination_load.png HTTP/1.1" 304 -
101.83.223.227 - - [18/Jul/2022:09:35:14 +0800] "GET /favicon.ico HTTP/1.1" 404 -
101.83.223.227 - - [18/Jul/2022:09:35:14 +0800] "POST /xingrg/all/common/load_tree.html?tree=materiel_sort_tree_json HTTP/1.1" 200 9388
120.253.135.82 - - [18/Jul/2022:09:35:15 +0800] "POST /xingrg/kc/pszx/mdps_order_operate.html HTTP/1.1" 200 2309
120.253.135.82 - - [18/Jul/2022:09:35:15 +0800] "GET /xingrg/javascript/easyui/themes/default/validatebox.css HTTP/1.1" 404 1104
120.253.135.82 - - [18/Jul/2022:09:35:19 +0800] "GET /xingrg/kc/pszx/mdps_order_info.html?code=312022071800311 HTTP/1.1" 200 23982
120.253.135.82 - - [18/Jul/2022:09:35:19 +0800] "GET /xingrg/javascript/easyui/themes/default/validatebox.css HTTP/1.1" 404 1104
120.253.135.82 - - [18/Jul/2022:09:35:20 +0800] "POST /xingrg/kc/pszx/mdps_order_operate.html HTTP/1.1" 200 2309
120.253.135.82 - - [18/Jul/2022:09:35:21 +0800] "POST /xingrg/kc/pszx/mdps_list_operate.html HTTP/1.1" 200 3142
101.83.223.227 - - [18/Jul/2022:09:35:22 +0800] "GET /xingrg/kc/buy/cgsh_order_operate.html?command=get_materiel&rest_code=00151&code=00101008318&supplier_code=00100007&order_time=2022-07-18 HTTP/1.1" 200 408
120.253.135.82 - - [18/Jul/2022:09:35:23 +0800] "POST /xingrg/kc/pszx/mdps_list_operate.html HTTP/1.1" 200 214
180.175.103.110 - - [18/Jul/2022:09:35:24 +0800] "GET /xingrg/check_reg.html?_=1658108015781 HTTP/1.1" 302 -
180.175.103.110 - - [18/Jul/2022:09:35:24 +0800] "GET /xingrg/all/function/internal_message.html?_=1658108015783&CODE_STATE=getMsg HTTP/1.1" 302 -
101.83.223.227 - - [18/Jul/2022:09:35:33 +0800] "GET /xingrg/kc/buy/cgsh_order_operate.html?command=get_materiel&rest_code=00151&code=00101016051&supplier_code=00100007&order_time=2022-07-18 HTTP/1.1" 200 408
114.84.2.83 - - [18/Jul/2022:09:35:37 +0800] "GET /xingrg/all/function/internal_message.html?_=1658108136332&CODE_STATE=getMsg HTTP/1.1" 200 27
114.84.2.83 - - [18/Jul/2022:09:35:37 +0800] "GET /xingrg/check_reg.html?_=1658108136333 HTTP/1.1" 200 22
101.83.223.227 - - [18/Jul/2022:09:35:42 +0800] "GET /xingrg/kc/buy/cgsh_order_operate.html?command=get_materiel&rest_code=00151&code=00101008370&supplier_code=00100007&order_time=2022-07-18 HTTP/1.1" 200 412
120.253.135.82 - - [18/Jul/2022:09:35:43 +0800] "GET /xingrg/all/function/internal_message.html?_=1658107950693&CODE_STATE=getMsg HTTP/1.1" 200 27
180.175.103.110 - - [18/Jul/2022:09:35:51 +0800] "GET /xingrg/kc/buy/cgsh_order_operate.html?command=get_materiel&rest_code=00105&code=00101009010&supplier_code=00100024&order_time=2022-07-18 HTTP/1.1" 200 427
101.83.223.227 - - [18/Jul/2022:09:35:52 +0800] "GET /xingrg/kc/buy/cgsh_order_operate.html?command=get_materiel&rest_code=00151&code=00101008095&supplier_code=00100007&order_time=2022-07-18 HTTP/1.1" 200 428
101.83.240.35 - - [18/Jul/2022:09:35:54 +0800] "GET /xingrg/all/function/internal_message.html?_=1658108151767&CODE_STATE=getMsg HTTP/1.1" 200 27
58.221.95.50 - - [18/Jul/2022:09:35:54 +0800] "GET /xingrg/all/function/internal_message.html?_=1658108153917&CODE_STATE=getMsg HTTP/1.1" 200 27
101.83.223.227 - - [18/Jul/2022:09:35:57 +0800] "GET /xingrg/all/function/internal_message.html?_=1658108109463&CODE_STATE=getMsg HTTP/1.1" 200 27
101.85.120.95 - - [18/Jul/2022:09:35:58 +0800] "GET /xingrg/all/function/internal_message.html?_=1658108157757&CODE_STATE=getMsg HTTP/1.1" 200 27
116.230.110.48 - - [18/Jul/2022:09:36:00 +0800] "GET /xingrg/all/function/internal_message.html?_=1658108157144&CODE_STATE=getMsg HTTP/1.1" 200 27
101.85.238.90 - - [18/Jul/2022:09:36:00 +0800] "GET /xingrg/all/function/internal_message.html?_=1658108224579&CODE_STATE=getMsg HTTP/1.1" 200 27
101.83.223.227 - - [18/Jul/2022:09:36:02 +0800] "GET /xingrg/kc/buy/cgsh_order_operate.html?command=get_materiel&rest_code=00151&code=00101008221&supplier_code=00100007&order_time=2022-07-18 HTTP/1.1" 200 412
218.81.223.53 - - [18/Jul/2022:09:36:03 +0800] "GET /xingrg/all/function/internal_message.html?_=1658108163961&CODE_STATE=getMsg HTTP/1.1" 200 27
58.35.196.166 - - [18/Jul/2022:09:36:06 +0800] "GET /xingrg/all/function/internal_message.html?_=1658108164841&CODE_STATE=getMsg HTTP/1.1" 200 27
124.78.155.217 - - [18/Jul/2022:09:36:07 +0800] "GET /xingrg/all/function/internal_message.html?_=1658108167581&CODE_STATE=getMsg HTTP/1.1" 200 27
180.175.103.110 - - [18/Jul/2022:09:36:11 +0800] "GET /xingrg/all/function/internal_message.html?_=1658108171388&CODE_STATE=getMsg HTTP/1.1" 200 27
101.83.223.227 - - [18/Jul/2022:09:36:12 +0800] "GET /favicon.ico HTTP/1.1" 404 -
101.83.223.227 - - [18/Jul/2022:09:36:13 +0800] "POST /xingrg/all/common/load_tree.html?tree=materiel_sort_tree_json HTTP/1.1" 200 9388
180.175.103.110 - - [18/Jul/2022:09:36:24 +0800] "GET /xingrg/all/function/internal_message.html?_=1658108075784&CODE_STATE=getMsg HTTP/1.1" 302 -
101.83.223.227 - - [18/Jul/2022:09:36:28 +0800] "GET /xingrg/kc/buy/cgsh_order_operate.html?command=get_materiel&rest_code=00151&code=00101008223&supplier_code=00100007&order_time=2022-07-18 HTTP/1.1" 200 412
101.83.223.227 - - [18/Jul/2022:09:36:33 +0800] "POST /xingrg/all/common/load_tree.html?tree=materiel_sort_tree_json HTTP/1.1" 200 9388
101.83.223.227 - - [18/Jul/2022:09:36:33 +0800] "GET /favicon.ico HTTP/1.1" 404 -
114.84.2.83 - - [18/Jul/2022:09:36:37 +0800] "GET /xingrg/all/function/internal_message.html?_=1658108196332&CODE_STATE=getMsg HTTP/1.1" 200 27
101.83.223.227 - - [18/Jul/2022:09:36:41 +0800] "GET /xingrg/kc/buy/cgsh_order_operate.html?command=get_materiel&rest_code=00151&code=00101008150&supplier_code=00100007&order_time=2022-07-18 HTTP/1.1" 200 408
120.253.135.82 - - [18/Jul/2022:09:36:43 +0800] "GET /xingrg/all/function/internal_message.html?_=1658108010705&CODE_STATE=getMsg HTTP/1.1" 200 27
180.175.103.110 - - [18/Jul/2022:09:36:43 +0800] "GET /xingrg/kc/buy/cgsh_order_operate.html?command=get_materiel&rest_code=00105&code=00101009073&supplier_code=00100024&order_time=2022-07-18 HTTP/1.1" 200 405
218.81.223.53 - - [18/Jul/2022:09:36:46 +0800] "GET /xingrg/check_reg.html?_=1658108207031 HTTP/1.1" 200 22
101.83.223.227 - - [18/Jul/2022:09:36:50 +0800] "GET /xingrg/kc/buy/cgsh_order_operate.html?command=get_materiel&rest_code=00151&code=00101020152&supplier_code=00100007&order_time=2022-07-18 HTTP/1.1" 200 431
180.175.103.110 - - [18/Jul/2022:09:36:53 +0800] "GET /xingrg/kc/buy/cgsh_order_operate.html?command=get_materiel&rest_code=00105&code=00101009024&supplier_code=00100024&order_time=2022-07-18 HTTP/1.1" 200 406
101.83.240.35 - - [18/Jul/2022:09:36:54 +0800] "GET /xingrg/all/function/internal_message.html?_=1658108211752&CODE_STATE=getMsg HTTP/1.1" 200 27
101.83.240.35 - - [18/Jul/2022:09:36:54 +0800] "GET /xingrg/check_reg.html?_=1658108211803 HTTP/1.1" 200 22
58.221.95.50 - - [18/Jul/2022:09:36:54 +0800] "GET /xingrg/all/function/internal_message.html?_=1658108213928&CODE_STATE=getMsg HTTP/1.1" 200 27
101.83.223.227 - - [18/Jul/2022:09:36:57 +0800] "GET /xingrg/all/function/internal_message.html?_=1658108169476&CODE_STATE=getMsg HTTP/1.1" 200 27
101.85.120.95 - - [18/Jul/2022:09:36:58 +0800] "GET /xingrg/all/function/internal_message.html?_=1658108217757&CODE_STATE=getMsg HTTP/1.1" 200 27
101.83.223.227 - - [18/Jul/2022:09:36:59 +0800] "GET /xingrg/kc/buy/cgsh_order_operate.html?command=get_materiel&rest_code=00151&code=00101008264&supplier_code=00100007&order_time=2022-07-18 HTTP/1.1" 200 428
116.230.110.48 - - [18/Jul/2022:09:37:00 +0800] "GET /xingrg/all/function/internal_message.html?_=1658108217136&CODE_STATE=getMsg HTTP/1.1" 200 27
101.85.238.90 - - [18/Jul/2022:09:37:00 +0800] "GET /xingrg/all/function/internal_message.html?_=1658108284675&CODE_STATE=getMsg HTTP/1.1" 200 27
101.83.240.35 - - [18/Jul/2022:09:37:02 +0800] "POST /xingrg/services/DataTransmitService HTTP/1.1" 200 524
218.81.223.53 - - [18/Jul/2022:09:37:03 +0800] "GET /xingrg/all/function/internal_message.html?_=1658108223968&CODE_STATE=getMsg HTTP/1.1" 200 27
101.83.223.227 - - [18/Jul/2022:09:37:03 +0800] "POST /xingrg/all/common/load_tree.html?tree=materiel_sort_tree_json HTTP/1.1" 200 9388
101.83.223.227 - - [18/Jul/2022:09:37:03 +0800] "GET /favicon.ico HTTP/1.1" 404 -
58.35.196.166 - - [18/Jul/2022:09:37:06 +0800] "GET /xingrg/all/function/internal_message.html?_=1658108224826&CODE_STATE=getMsg HTTP/1.1" 200 27
124.78.155.217 - - [18/Jul/2022:09:37:07 +0800] "GET /xingrg/all/function/internal_message.html?_=1658108227587&CODE_STATE=getMsg HTTP/1.1" 200 27
101.83.223.227 - - [18/Jul/2022:09:37:11 +0800] "GET /xingrg/kc/buy/cgsh_order_operate.html?command=get_materiel&rest_code=00151&code=00101008361&supplier_code=00100007&order_time=2022-07-18 HTTP/1.1" 200 408
180.175.103.110 - - [18/Jul/2022:09:37:24 +0800] "GET /xingrg/all/function/internal_message.html?_=1658108135785&CODE_STATE=getMsg HTTP/1.1" 302 -
58.35.196.166 - - [18/Jul/2022:09:37:27 +0800] "GET /xingrg/check_reg.html?_=1658108245218 HTTP/1.1" 200 22
101.83.223.227 - - [18/Jul/2022:09:37:30 +0800] "GET /xingrg/kc/buy/cgsh_order_operate.html?command=get_materiel&rest_code=00151&code=00101008133&supplier_code=00100007&order_time=2022-07-18 HTTP/1.1" 200 408
114.84.2.83 - - [18/Jul/2022:09:37:37 +0800] "GET /xingrg/all/function/internal_message.html?_=1658108256332&CODE_STATE=getMsg HTTP/1.1" 200 27
101.83.223.227 - - [18/Jul/2022:09:37:39 +0800] "GET /xingrg/kc/buy/cgsh_order_operate.html?command=get_materiel&rest_code=00151&code=00101008301&supplier_code=00100007&order_time=2022-07-18 HTTP/1.1" 200 422
180.175.103.110 - - [18/Jul/2022:09:37:42 +0800] "POST /xingrg/kc/buy/cgsh_order_operate.html HTTP/1.1" 200 37
120.253.135.82 - - [18/Jul/2022:09:37:43 +0800] "GET /xingrg/all/function/internal_message.html?_=1658108070719&CODE_STATE=getMsg HTTP/1.1" 200 27
180.175.103.110 - - [18/Jul/2022:09:37:44 +0800] "POST /xingrg/kc/buy/cgsh_order_operate.html HTTP/1.1" 200 5020
180.175.103.110 - - [18/Jul/2022:09:37:45 +0800] "GET /xingrg/kc/print/load_data.html?order_code=212022071804489&kc_code=cgsh&condition= HTTP/1.1" 200 1585
180.175.103.110 - - [18/Jul/2022:09:37:50 +0800] "GET /xingrg/kc/buy/cgsh_order_add.html HTTP/1.1" 200 68026
180.175.103.110 - - [18/Jul/2022:09:37:51 +0800] "GET /xingrg/javascript/easyui/themes/default/validatebox.css HTTP/1.1" 404 1104
180.175.103.110 - - [18/Jul/2022:09:37:51 +0800] "POST /xingrg/kc/buy/cgsh_order_operate.html HTTP/1.1" 200 8245
101.83.240.35 - - [18/Jul/2022:09:37:54 +0800] "GET /xingrg/all/function/internal_message.html?_=1658108271730&CODE_STATE=getMsg HTTP/1.1" 200 27
58.221.95.50 - - [18/Jul/2022:09:37:54 +0800] "GET /xingrg/all/function/internal_message.html?_=1658108273925&CODE_STATE=getMsg HTTP/1.1" 200 27
101.83.223.227 - - [18/Jul/2022:09:37:56 +0800] "GET /xingrg/check_reg.html?_=1658108228868 HTTP/1.1" 200 22
101.83.223.227 - - [18/Jul/2022:09:37:57 +0800] "GET /xingrg/all/function/internal_message.html?_=1658108229490&CODE_STATE=getMsg HTTP/1.1" 200 27
101.85.120.95 - - [18/Jul/2022:09:37:58 +0800] "GET /xingrg/all/function/internal_message.html?_=1658108277763&CODE_STATE=getMsg HTTP/1.1" 200 27
116.230.110.48 - - [18/Jul/2022:09:38:00 +0800] "GET /xingrg/all/function/internal_message.html?_=1658108277129&CODE_STATE=getMsg HTTP/1.1" 200 27
116.230.110.48 - - [18/Jul/2022:09:38:00 +0800] "GET /xingrg/check_reg.html?_=1658108277132 HTTP/1.1" 200 22
101.85.238.90 - - [18/Jul/2022:09:38:00 +0800] "GET /xingrg/all/function/internal_message.html?_=1658108344684&CODE_STATE=getMsg HTTP/1.1" 200 27
218.81.223.53 - - [18/Jul/2022:09:38:03 +0800] "GET /xingrg/all/function/internal_message.html?_=1658108283981&CODE_STATE=getMsg HTTP/1.1" 200 27
58.35.196.166 - - [18/Jul/2022:09:38:06 +0800] "GET /xingrg/all/function/internal_message.html?_=1658108284797&CODE_STATE=getMsg HTTP/1.1" 200 27
124.78.155.217 - - [18/Jul/2022:09:38:07 +0800] "GET /xingrg/all/function/internal_message.html?_=1658108287582&CODE_STATE=getMsg HTTP/1.1" 200 27
124.78.155.217 - - [18/Jul/2022:09:38:07 +0800] "GET /xingrg/check_reg.html?_=1658108287621 HTTP/1.1" 200 22
180.175.103.110 - - [18/Jul/2022:09:38:11 +0800] "GET /xingrg/all/function/internal_message.html?_=1658108291395&CODE_STATE=getMsg HTTP/1.1" 200 27
180.175.103.110 - - [18/Jul/2022:09:38:13 +0800] "GET /xingrg/kc/buy/cgsh_order_operate.html?command=get_materiel&rest_code=00105&code=00101008256&supplier_code=00100203&order_time=2022-07-18 HTTP/1.1" 200 412
101.83.223.227 - - [18/Jul/2022:09:38:19 +0800] "GET /xingrg/kc/buy/cgsh_order_operate.html?command=get_materiel&rest_code=00151&code=00101008286&supplier_code=00100007&order_time=2022-07-18 HTTP/1.1" 200 408
180.175.103.110 - - [18/Jul/2022:09:38:24 +0800] "GET /xingrg/all/function/internal_message.html?_=1658108195787&CODE_STATE=getMsg HTTP/1.1" 302 -
101.83.223.227 - - [18/Jul/2022:09:38:28 +0800] "GET /xingrg/kc/buy/cgsh_order_operate.html?command=get_materiel&rest_code=00151&code=00101008356&supplier_code=00100007&order_time=2022-07-18 HTTP/1.1" 200 408
180.175.103.110 - - [18/Jul/2022:09:38:36 +0800] "GET /xingrg/kc/buy/cgsh_order_operate.html?command=get_materiel&rest_code=00105&code=00101008045&supplier_code=00100203&order_time=2022-07-18 HTTP/1.1" 200 412
120.253.135.82 - - [18/Jul/2022:09:38:36 +0800] "GET /xingrg/check_reg.html?_=1658108123916 HTTP/1.1" 200 22
114.84.2.83 - - [18/Jul/2022:09:38:37 +0800] "GET /xingrg/all/function/internal_message.html?_=1658108316331&CODE_STATE=getMsg HTTP/1.1" 200 27
120.253.135.82 - - [18/Jul/2022:09:38:43 +0800] "GET /xingrg/all/function/internal_message.html?_=1658108130733&CODE_STATE=getMsg HTTP/1.1" 200 27
180.175.103.110 - - [18/Jul/2022:09:38:47 +0800] "GET /xingrg/kc/buy/cgsh_order_operate.html?command=get_materiel&rest_code=00105&code=00101008197&supplier_code=00100203&order_time=2022-07-18 HTTP/1.1" 200 432
101.83.240.35 - - [18/Jul/2022:09:38:54 +0800] "GET /xingrg/all/function/internal_message.html?_=1658108331700&CODE_STATE=getMsg HTTP/1.1" 200 27
58.221.95.50 - - [18/Jul/2022:09:38:54 +0800] "GET /xingrg/all/function/internal_message.html?_=1658108333926&CODE_STATE=getMsg HTTP/1.1" 200 27
180.175.103.110 - - [18/Jul/2022:09:38:55 +0800] "GET /xingrg/kc/buy/cgsh_order_operate.html?command=get_materiel&rest_code=00105&code=00101008352&supplier_code=00100203&order_time=2022-07-18 HTTP/1.1" 200 412
101.83.223.227 - - [18/Jul/2022:09:38:57 +0800] "GET /xingrg/all/function/internal_message.html?_=1658108289503&CODE_STATE=getMsg HTTP/1.1" 200 27
101.85.238.90 - - [18/Jul/2022:09:38:57 +0800] "GET /xingrg/check_reg.html?_=1658108401599 HTTP/1.1" 200 22
101.85.120.95 - - [18/Jul/2022:09:38:58 +0800] "GET /xingrg/all/function/internal_message.html?_=1658108337765&CODE_STATE=getMsg HTTP/1.1" 200 27
116.230.110.48 - - [18/Jul/2022:09:39:00 +0800] "GET /xingrg/all/function/internal_message.html?_=1658108337149&CODE_STATE=getMsg HTTP/1.1" 200 27
101.85.238.90 - - [18/Jul/2022:09:39:00 +0800] "GET /xingrg/all/function/internal_message.html?_=1658108404805&CODE_STATE=getMsg HTTP/1.1" 200 27
218.81.223.53 - - [18/Jul/2022:09:39:03 +0800] "GET /xingrg/all/function/internal_message.html?_=1658108344285&CODE_STATE=getMsg HTTP/1.1" 200 27
180.175.103.110 - - [18/Jul/2022:09:39:05 +0800] "GET /xingrg/kc/buy/cgsh_order_operate.html?command=get_materiel&rest_code=00105&code=00101008005&supplier_code=00100203&order_time=2022-07-18 HTTP/1.1" 200 429
58.35.196.166 - - [18/Jul/2022:09:39:06 +0800] "GET /xingrg/all/function/internal_message.html?_=1658108344782&CODE_STATE=getMsg HTTP/1.1" 200 27
124.78.155.217 - - [18/Jul/2022:09:39:07 +0800] "GET /xingrg/all/function/internal_message.html?_=1658108347573&CODE_STATE=getMsg HTTP/1.1" 200 27
180.175.103.110 - - [18/Jul/2022:09:39:11 +0800] "GET /xingrg/all/function/internal_message.html?_=1658108351364&CODE_STATE=getMsg HTTP/1.1" 200 27
180.175.103.110 - - [18/Jul/2022:09:39:12 +0800] "GET /xingrg/kc/buy/cgsh_order_operate.html?command=get_materiel&rest_code=00105&code=00101008271&supplier_code=00100203&order_time=2022-07-18 HTTP/1.1" 200 408
180.175.103.110 - - [18/Jul/2022:09:39:21 +0800] "GET /xingrg/kc/buy/cgsh_order_operate.html?command=get_materiel&rest_code=00105&code=00101008436&supplier_code=00100203&order_time=2022-07-18 HTTP/1.1" 200 412
180.175.103.110 - - [18/Jul/2022:09:39:24 +0800] "GET /xingrg/all/function/internal_message.html?_=1658108255773&CODE_STATE=getMsg HTTP/1.1" 302 -
180.175.103.110 - - [18/Jul/2022:09:39:31 +0800] "GET /xingrg/kc/buy/cgsh_order_operate.html?command=get_materiel&rest_code=00105&code=00101008176&supplier_code=00100203&order_time=2022-07-18 HTTP/1.1" 200 413
114.84.2.83 - - [18/Jul/2022:09:39:37 +0800] "GET /xingrg/all/function/internal_message.html?_=1658108376330&CODE_STATE=getMsg HTTP/1.1" 200 27
180.175.103.110 - - [18/Jul/2022:09:39:43 +0800] "GET /xingrg/kc/buy/cgsh_order_operate.html?command=get_materiel&rest_code=00105&code=00101008132&supplier_code=00100203&order_time=2022-07-18 HTTP/1.1" 200 424
120.253.135.82 - - [18/Jul/2022:09:39:43 +0800] "GET /xingrg/all/function/internal_message.html?_=1658108190940&CODE_STATE=getMsg HTTP/1.1" 200 27
114.86.187.244 - - [18/Jul/2022:09:39:46 +0800] "POST /xingrg/services/DataTransmitService HTTP/1.1" 200 524
101.83.240.35 - - [18/Jul/2022:09:39:54 +0800] "GET /xingrg/all/function/internal_message.html?_=1658108391670&CODE_STATE=getMsg HTTP/1.1" 200 27
58.221.95.50 - - [18/Jul/2022:09:39:54 +0800] "GET /xingrg/all/function/internal_message.html?_=1658108393928&CODE_STATE=getMsg HTTP/1.1" 200 27
58.221.95.50 - - [18/Jul/2022:09:39:54 +0800] "GET /xingrg/check_reg.html?_=1658108393930 HTTP/1.1" 200 22
101.83.223.227 - - [18/Jul/2022:09:39:57 +0800] "GET /xingrg/all/function/internal_message.html?_=1658108349517&CODE_STATE=getMsg HTTP/1.1" 200 27
101.85.120.95 - - [18/Jul/2022:09:39:58 +0800] "GET /xingrg/all/function/internal_message.html?_=1658108397770&CODE_STATE=getMsg HTTP/1.1" 200 27
101.85.120.95 - - [18/Jul/2022:09:39:58 +0800] "GET /xingrg/check_reg.html?_=1658108397766 HTTP/1.1" 200 22
116.230.110.48 - - [18/Jul/2022:09:40:00 +0800] "GET /xingrg/all/function/internal_message.html?_=1658108397145&CODE_STATE=getMsg HTTP/1.1" 200 27
101.85.238.90 - - [18/Jul/2022:09:40:00 +0800] "GET /xingrg/all/function/internal_message.html?_=1658108464820&CODE_STATE=getMsg HTTP/1.1" 200 27
218.81.223.53 - - [18/Jul/2022:09:40:03 +0800] "GET /xingrg/all/function/internal_message.html?_=1658108404290&CODE_STATE=getMsg HTTP/1.1" 200 27
58.35.196.166 - - [18/Jul/2022:09:40:06 +0800] "GET /xingrg/all/function/internal_message.html?_=1658108404751&CODE_STATE=getMsg HTTP/1.1" 200 27
124.78.155.217 - - [18/Jul/2022:09:40:07 +0800] "GET /xingrg/all/function/internal_message.html?_=1658108407602&CODE_STATE=getMsg HTTP/1.1" 200 27
101.83.223.227 - - [18/Jul/2022:09:40:10 +0800] "GET /xingrg/kc/buy/cgsh_order_operate.html?command=get_materiel&rest_code=00151&code=00101016025&supplier_code=00100007&order_time=2022-07-18 HTTP/1.1" 200 408
180.175.103.110 - - [18/Jul/2022:09:40:11 +0800] "GET /xingrg/all/function/internal_message.html?_=1658108411335&CODE_STATE=getMsg HTTP/1.1" 200 27
180.175.103.110 - - [18/Jul/2022:09:40:11 +0800] "GET /xingrg/check_reg.html?_=1658108411380 HTTP/1.1" 200 22
101.83.223.227 - - [18/Jul/2022:09:40:19 +0800] "GET /xingrg/kc/buy/cgsh_order_operate.html?command=get_materiel&rest_code=00151&code=00101008353&supplier_code=00100007&order_time=2022-07-18 HTTP/1.1" 200 424
180.175.103.110 - - [18/Jul/2022:09:40:24 +0800] "GET /xingrg/all/function/internal_message.html?_=1658108315773&CODE_STATE=getMsg HTTP/1.1" 302 -
180.175.103.110 - - [18/Jul/2022:09:40:24 +0800] "GET /xingrg/check_reg.html?_=1658108315775 HTTP/1.1" 302 -
101.83.223.227 - - [18/Jul/2022:09:40:25 +0800] "POST /xingrg/kc/buy/cgsh_order_operate.html HTTP/1.1" 200 37
101.83.223.227 - - [18/Jul/2022:09:40:27 +0800] "POST /xingrg/kc/buy/cgsh_order_operate.html HTTP/1.1" 200 14050
101.83.223.227 - - [18/Jul/2022:09:40:36 +0800] "GET /xingrg/kc/buy/cgsh_order_operate.html?command=get_materiel&rest_code=00151&code=00101008017&supplier_code=00100007&order_time=2022-07-18 HTTP/1.1" 200 416
114.84.2.83 - - [18/Jul/2022:09:40:37 +0800] "GET /xingrg/all/function/internal_message.html?_=1658108436355&CODE_STATE=getMsg HTTP/1.1" 200 27
114.84.2.83 - - [18/Jul/2022:09:40:37 +0800] "GET /xingrg/check_reg.html?_=1658108436356 HTTP/1.1" 200 22
120.253.135.82 - - [18/Jul/2022:09:40:43 +0800] "GET /xingrg/all/function/internal_message.html?_=1658108250947&CODE_STATE=getMsg HTTP/1.1" 200 27
101.83.223.227 - - [18/Jul/2022:09:40:46 +0800] "GET /xingrg/kc/buy/cgsh_order_operate.html?command=get_materiel&rest_code=00151&code=00101008224&supplier_code=00100007&order_time=2022-07-18 HTTP/1.1" 200 432
180.175.103.110 - - [18/Jul/2022:09:40:50 +0800] "GET /xingrg/kc/buy/cgsh_order_operate.html?command=get_materiel&rest_code=00105&code=00101008080&supplier_code=00100203&order_time=2022-07-18 HTTP/1.1" 200 416
101.83.240.35 - - [18/Jul/2022:09:40:54 +0800] "GET /xingrg/all/function/internal_message.html?_=1658108451641&CODE_STATE=getMsg HTTP/1.1" 200 27
58.221.95.50 - - [18/Jul/2022:09:40:54 +0800] "GET /xingrg/all/function/internal_message.html?_=1658108453929&CODE_STATE=getMsg HTTP/1.1" 200 27
101.83.223.227 - - [18/Jul/2022:09:40:55 +0800] "GET /xingrg/kc/buy/cgsh_order_operate.html?command=get_materiel&rest_code=00151&code=00101008125&supplier_code=00100007&order_time=2022-07-18 HTTP/1.1" 200 413
101.83.223.227 - - [18/Jul/2022:09:40:57 +0800] "GET /xingrg/all/function/internal_message.html?_=1658108409531&CODE_STATE=getMsg HTTP/1.1" 200 27
101.85.120.95 - - [18/Jul/2022:09:40:58 +0800] "GET /xingrg/all/function/internal_message.html?_=1658108457755&CODE_STATE=getMsg HTTP/1.1" 200 27
116.230.110.48 - - [18/Jul/2022:09:41:00 +0800] "GET /xingrg/all/function/internal_message.html?_=1658108457124&CODE_STATE=getMsg HTTP/1.1" 200 27
101.85.238.90 - - [18/Jul/2022:09:41:01 +0800] "GET /xingrg/all/function/internal_message.html?_=1658108524912&CODE_STATE=getMsg HTTP/1.1" 200 27
180.175.103.110 - - [18/Jul/2022:09:41:01 +0800] "GET /xingrg/kc/buy/cgsh_order_operate.html?command=get_materiel&rest_code=00105&code=00101008224&supplier_code=00100203&order_time=2022-07-18 HTTP/1.1" 200 432
218.81.223.53 - - [18/Jul/2022:09:41:03 +0800] "GET /xingrg/all/function/internal_message.html?_=1658108464555&CODE_STATE=getMsg HTTP/1.1" 200 27
101.83.223.227 - - [18/Jul/2022:09:41:04 +0800] "GET /xingrg/kc/buy/cgsh_order_operate.html?command=get_materiel&rest_code=00151&code=00101008087&supplier_code=00100007&order_time=2022-07-18 HTTP/1.1" 200 412
58.35.196.166 - - [18/Jul/2022:09:41:06 +0800] "GET /xingrg/all/function/internal_message.html?_=1658108464737&CODE_STATE=getMsg HTTP/1.1" 200 27
124.78.155.217 - - [18/Jul/2022:09:41:07 +0800] "GET /xingrg/all/function/internal_message.html?_=1658108467603&CODE_STATE=getMsg HTTP/1.1" 200 27
180.175.103.110 - - [18/Jul/2022:09:41:11 +0800] "GET /xingrg/all/function/internal_message.html?_=1658108471318&CODE_STATE=getMsg HTTP/1.1" 200 27
101.83.223.227 - - [18/Jul/2022:09:41:14 +0800] "GET /xingrg/kc/buy/cgsh_order_operate.html?command=get_materiel&rest_code=00151&code=00101008312&supplier_code=00100007&order_time=2022-07-18 HTTP/1.1" 200 412
180.175.103.110 - - [18/Jul/2022:09:41:14 +0800] "GET /xingrg/kc/buy/cgsh_order_operate.html?command=get_materiel&rest_code=00105&code=00101008209&supplier_code=00100203&order_time=2022-07-18 HTTP/1.1" 200 424
101.83.223.227 - - [18/Jul/2022:09:41:20 +0800] "POST /xingrg/kc/buy/cgsh_order_operate.html HTTP/1.1" 200 37
180.175.103.110 - - [18/Jul/2022:09:41:22 +0800] "GET /xingrg/kc/buy/cgsh_order_operate.html?command=get_materiel&rest_code=00105&code=00101008137&supplier_code=00100203&order_time=2022-07-18 HTTP/1.1" 200 408
101.83.223.227 - - [18/Jul/2022:09:41:22 +0800] "POST /xingrg/kc/buy/cgsh_order_operate.html HTTP/1.1" 200 17067
180.175.103.110 - - [18/Jul/2022:09:41:24 +0800] "GET /xingrg/all/function/internal_message.html?_=1658108375776&CODE_STATE=getMsg HTTP/1.1" 302 -
180.175.103.110 - - [18/Jul/2022:09:41:26 +0800] "POST /xingrg/kc/buy/cgsh_order_operate.html HTTP/1.1" 200 2065
180.175.103.110 - - [18/Jul/2022:09:41:27 +0800] "POST /xingrg/kc/buy/cgsh_order_operate.html HTTP/1.1" 200 2065
101.83.223.227 - - [18/Jul/2022:09:41:29 +0800] "GET /xingrg/kc/buy/cgsh_order_operate.html?command=get_materiel&rest_code=00151&code=00101008244&supplier_code=00100007&order_time=2022-07-18 HTTP/1.1" 200 424
114.84.2.83 - - [18/Jul/2022:09:41:37 +0800] "GET /xingrg/all/function/internal_message.html?_=1658108496355&CODE_STATE=getMsg HTTP/1.1" 200 27
180.175.103.110 - - [18/Jul/2022:09:41:38 +0800] "GET /xingrg/kc/buy/cgsh_order_operate.html?command=get_materiel&rest_code=00105&code=00101008219&supplier_code=00100203&order_time=2022-07-18 HTTP/1.1" 200 427
120.253.135.82 - - [18/Jul/2022:09:41:43 +0800] "GET /xingrg/all/function/internal_message.html?_=1658108311151&CODE_STATE=getMsg HTTP/1.1" 200 27
180.175.103.110 - - [18/Jul/2022:09:41:44 +0800] "GET /xingrg/kc/buy/cgsh_order_operate.html?command=get_materiel&rest_code=00105&code=00101008265&supplier_code=00100203&order_time=2022-07-18 HTTP/1.1" 200 408
218.81.223.53 - - [18/Jul/2022:09:41:46 +0800] "GET /xingrg/check_reg.html?_=1658108507033 HTTP/1.1" 200 22
101.83.223.227 - - [18/Jul/2022:09:41:53 +0800] "GET /xingrg/kc/buy/cgsh_order_operate.html?command=get_materiel&rest_code=00151&code=00101008069&supplier_code=00100007&order_time=2022-07-18 HTTP/1.1" 200 412
101.83.240.35 - - [18/Jul/2022:09:41:54 +0800] "GET /xingrg/all/function/internal_message.html?_=1658108511625&CODE_STATE=getMsg HTTP/1.1" 200 27
101.83.240.35 - - [18/Jul/2022:09:41:54 +0800] "GET /xingrg/check_reg.html?_=1658108511815 HTTP/1.1" 200 22
58.221.95.50 - - [18/Jul/2022:09:41:54 +0800] "GET /xingrg/all/function/internal_message.html?_=1658108513938&CODE_STATE=getMsg HTTP/1.1" 200 27
101.83.223.227 - - [18/Jul/2022:09:41:57 +0800] "GET /xingrg/all/function/internal_message.html?_=1658108469701&CODE_STATE=getMsg HTTP/1.1" 200 27
101.85.120.95 - - [18/Jul/2022:09:41:58 +0800] "GET /xingrg/all/function/internal_message.html?_=1658108517757&CODE_STATE=getMsg HTTP/1.1" 200 27
116.230.110.48 - - [18/Jul/2022:09:42:00 +0800] "GET /xingrg/all/function/internal_message.html?_=1658108517140&CODE_STATE=getMsg HTTP/1.1" 200 27
101.85.238.90 - - [18/Jul/2022:09:42:01 +0800] "GET /xingrg/all/function/internal_message.html?_=1658108584925&CODE_STATE=getMsg HTTP/1.1" 200 27
101.83.223.227 - - [18/Jul/2022:09:42:01 +0800] "GET /xingrg/kc/buy/cgsh_order_operate.html?command=get_materiel&rest_code=00151&code=00101008360&supplier_code=00100007&order_time=2022-07-18 HTTP/1.1" 200 412
218.81.223.53 - - [18/Jul/2022:09:42:03 +0800] "GET /xingrg/all/function/internal_message.html?_=1658108524566&CODE_STATE=getMsg HTTP/1.1" 200 27
58.35.196.166 - - [18/Jul/2022:09:42:06 +0800] "GET /xingrg/all/function/internal_message.html?_=1658108524722&CODE_STATE=getMsg HTTP/1.1" 200 27
124.78.155.217 - - [18/Jul/2022:09:42:07 +0800] "GET /xingrg/all/function/internal_message.html?_=1658108527601&CODE_STATE=getMsg HTTP/1.1" 200 27
180.175.103.110 - - [18/Jul/2022:09:42:11 +0800] "GET /xingrg/all/function/internal_message.html?_=1658108531290&CODE_STATE=getMsg HTTP/1.1" 200 27
180.175.103.110 - - [18/Jul/2022:09:42:12 +0800] "GET /xingrg/kc/buy/cgsh_order_operate.html?command=get_materiel&rest_code=00105&code=00101008041&supplier_code=00100203&order_time=2022-07-18 HTTP/1.1" 200 408
101.83.223.227 - - [18/Jul/2022:09:42:13 +0800] "GET /xingrg/kc/buy/cgsh_order_operate.html?command=get_materiel&rest_code=00151&code=00101008137&supplier_code=00100007&order_time=2022-07-18 HTTP/1.1" 200 408
180.175.103.110 - - [18/Jul/2022:09:42:20 +0800] "GET /xingrg/kc/buy/cgsh_order_operate.html?command=get_materiel&rest_code=00105&code=00101008350&supplier_code=00100203&order_time=2022-07-18 HTTP/1.1" 200 425
180.175.103.110 - - [18/Jul/2022:09:42:24 +0800] "GET /xingrg/all/function/internal_message.html?_=1658108435776&CODE_STATE=getMsg HTTP/1.1" 302 -
58.35.196.166 - - [18/Jul/2022:09:42:27 +0800] "GET /xingrg/check_reg.html?_=1658108545192 HTTP/1.1" 200 22
180.175.103.110 - - [18/Jul/2022:09:42:33 +0800] "GET /xingrg/kc/buy/cgsh_order_operate.html?command=get_materiel&rest_code=00105&code=00101008223&supplier_code=00100203&order_time=2022-07-18 HTTP/1.1" 200 412
114.84.2.83 - - [18/Jul/2022:09:42:37 +0800] "GET /xingrg/all/function/internal_message.html?_=1658108556353&CODE_STATE=getMsg HTTP/1.1" 200 27
180.175.103.110 - - [18/Jul/2022:09:42:43 +0800] "GET /xingrg/kc/buy/cgsh_order_operate.html?command=get_materiel&rest_code=00105&code=00101008236&supplier_code=00100203&order_time=2022-07-18 HTTP/1.1" 200 432
120.253.135.82 - - [18/Jul/2022:09:42:43 +0800] "GET /xingrg/all/function/internal_message.html?_=1658108371162&CODE_STATE=getMsg HTTP/1.1" 200 27
101.83.223.227 - - [18/Jul/2022:09:42:52 +0800] "POST /xingrg/kc/buy/cgsh_order_operate.html HTTP/1.1" 200 37
180.175.103.110 - - [18/Jul/2022:09:42:52 +0800] "GET /xingrg/kc/buy/cgsh_order_operate.html?command=get_materiel&rest_code=00105&code=00101008248&supplier_code=00100203&order_time=2022-07-18 HTTP/1.1" 200 23
101.83.240.35 - - [18/Jul/2022:09:42:54 +0800] "GET /xingrg/all/function/internal_message.html?_=1658108571616&CODE_STATE=getMsg HTTP/1.1" 200 27
101.83.223.227 - - [18/Jul/2022:09:42:54 +0800] "POST /xingrg/kc/buy/cgsh_order_operate.html HTTP/1.1" 200 19427
58.221.95.50 - - [18/Jul/2022:09:42:54 +0800] "GET /xingrg/all/function/internal_message.html?_=1658108573963&CODE_STATE=getMsg HTTP/1.1" 200 27
101.83.223.227 - - [18/Jul/2022:09:42:56 +0800] "GET /xingrg/check_reg.html?_=1658108528871 HTTP/1.1" 200 22
101.83.223.227 - - [18/Jul/2022:09:42:57 +0800] "GET /xingrg/all/function/internal_message.html?_=1658108529714&CODE_STATE=getMsg HTTP/1.1" 200 27
101.85.120.95 - - [18/Jul/2022:09:42:58 +0800] "GET /xingrg/all/function/internal_message.html?_=1658108577758&CODE_STATE=getMsg HTTP/1.1" 200 27
180.175.103.110 - - [18/Jul/2022:09:42:59 +0800] "POST /xingrg/kc/buy/cgsh_order_operate.html HTTP/1.1" 200 37
116.230.110.48 - - [18/Jul/2022:09:43:00 +0800] "GET /xingrg/check_reg.html?_=1658108577138 HTTP/1.1" 200 22
116.230.110.48 - - [18/Jul/2022:09:43:00 +0800] "GET /xingrg/all/function/internal_message.html?_=1658108577141&CODE_STATE=getMsg HTTP/1.1" 200 27
180.175.103.110 - - [18/Jul/2022:09:43:00 +0800] "POST /xingrg/kc/buy/cgsh_order_operate.html HTTP/1.1" 200 13892
101.85.238.90 - - [18/Jul/2022:09:43:01 +0800] "GET /xingrg/all/function/internal_message.html?_=1658108645015&CODE_STATE=getMsg HTTP/1.1" 200 27
218.81.223.53 - - [18/Jul/2022:09:43:03 +0800] "GET /xingrg/all/function/internal_message.html?_=1658108584581&CODE_STATE=getMsg HTTP/1.1" 200 27
180.175.103.110 - - [18/Jul/2022:09:43:05 +0800] "GET /xingrg/index.html?sysBaseUrl=http%3A%2F%2F180.169.147.146%3A18081%2Fxingrg%2F&costTime=36×tamp=1585223203754 HTTP/1.1" 302 -
180.175.103.110 - - [18/Jul/2022:09:43:05 +0800] "GET /xingrg/login.html HTTP/1.1" 200 7641
180.175.103.110 - - [18/Jul/2022:09:43:05 +0800] "GET /favicon.ico HTTP/1.1" 404 -
101.85.120.95 - - [18/Jul/2022:09:43:06 +0800] "GET /xingrg/kc/base/yddb_order_list.html HTTP/1.1" 200 16754
101.85.120.95 - - [18/Jul/2022:09:43:06 +0800] "GET /xingrg/javascript/auto/jquery.autocomplete.css HTTP/1.1" 304 -
101.85.120.95 - - [18/Jul/2022:09:43:06 +0800] "GET /xingrg/javascript/easyui/themes/icon.css HTTP/1.1" 304 -
101.85.120.95 - - [18/Jul/2022:09:43:06 +0800] "GET /xingrg/javascript/jquery_easy_ui/themes/default/images/tabs_close.gif HTTP/1.1" 304 -
101.85.120.95 - - [18/Jul/2022:09:43:06 +0800] "GET /xingrg/javascript/jquery_tools/fix.css HTTP/1.1" 304 -
101.85.120.95 - - [18/Jul/2022:09:43:06 +0800] "GET /xingrg/javascript/jquery_tools/table.css HTTP/1.1" 304 -
101.85.120.95 - - [18/Jul/2022:09:43:06 +0800] "GET /xingrg/javascript/jquery_tools/jquery.tools.min.js HTTP/1.1" 304 -
101.85.120.95 - - [18/Jul/2022:09:43:06 +0800] "GET /xingrg/javascript/jquery_tools/jquery.tools.extend.js HTTP/1.1" 304 -
101.85.120.95 - - [18/Jul/2022:09:43:06 +0800] "GET /xingrg/javascript/jquery_tools/jquery.tools.hotkey.js HTTP/1.1" 304 -
101.85.120.95 - - [18/Jul/2022:09:43:06 +0800] "GET /xingrg/javascript/jquery_tools/jquery.tools.table.js HTTP/1.1" 304 -
101.85.120.95 - - [18/Jul/2022:09:43:06 +0800] "GET /xingrg/javascript/auto/jquery.autocomplete.js HTTP/1.1" 304 -
101.85.120.95 - - [18/Jul/2022:09:43:06 +0800] "GET /xingrg/css/site.css HTTP/1.1" 304 -
101.85.120.95 - - [18/Jul/2022:09:43:06 +0800] "GET /xingrg/javascript/jquery_tools/list_manager.js HTTP/1.1" 304 -
101.85.120.95 - - [18/Jul/2022:09:43:06 +0800] "GET /xingrg/javascript/easyui/easyloader.js HTTP/1.1" 304 -
101.85.120.95 - - [18/Jul/2022:09:43:06 +0800] "GET /xingrg/javascript/jquery.cookie.js HTTP/1.1" 304 -
101.85.120.95 - - [18/Jul/2022:09:43:06 +0800] "GET /xingrg/javascript/print/LodopFuncs.js HTTP/1.1" 304 -
101.85.120.95 - - [18/Jul/2022:09:43:06 +0800] "GET /xingrg/css/base.css HTTP/1.1" 304 -
101.85.120.95 - - [18/Jul/2022:09:43:06 +0800] "GET /xingrg/javascript/jquery_tools/datebox.css HTTP/1.1" 304 -
101.85.120.95 - - [18/Jul/2022:09:43:06 +0800] "GET /xingrg/javascript/easyui/themes/default/easyui.css HTTP/1.1" 304 -
101.85.120.95 - - [18/Jul/2022:09:43:06 +0800] "GET /xingrg/javascript/easyui/themes/icons/edit_add_new.png HTTP/1.1" 304 -
101.85.120.95 - - [18/Jul/2022:09:43:06 +0800] "GET /xingrg/javascript/easyui/themes/icons/field_new.png HTTP/1.1" 304 -
101.85.120.95 - - [18/Jul/2022:09:43:06 +0800] "GET /xingrg/javascript/easyui/themes/icons/import_new.png HTTP/1.1" 304 -
58.35.196.166 - - [18/Jul/2022:09:43:06 +0800] "GET /xingrg/all/function/internal_message.html?_=1658108584693&CODE_STATE=getMsg HTTP/1.1" 200 27
101.85.120.95 - - [18/Jul/2022:09:43:06 +0800] "GET /xingrg/javascript/easyui/plugins/jquery.parser.js HTTP/1.1" 304 -
101.85.120.95 - - [18/Jul/2022:09:43:06 +0800] "GET /xingrg/images/control/ajaxLoader.gif HTTP/1.1" 304 -
101.85.120.95 - - [18/Jul/2022:09:43:06 +0800] "POST /xingrg/kc/base/yddb_list_operate.html HTTP/1.1" 200 636
124.78.155.217 - - [18/Jul/2022:09:43:07 +0800] "GET /xingrg/all/function/internal_message.html?_=1658108587613&CODE_STATE=getMsg HTTP/1.1" 200 27
124.78.155.217 - - [18/Jul/2022:09:43:07 +0800] "GET /xingrg/check_reg.html?_=1658108587619 HTTP/1.1" 200 22
101.85.120.95 - - [18/Jul/2022:09:43:08 +0800] "GET /xingrg/javascript/easyui/themes/default/images/button_plain_hover.png HTTP/1.1" 304 -
180.175.103.110 - - [18/Jul/2022:09:43:09 +0800] "POST /xingrg/login.do HTTP/1.1" 200 2421
180.175.103.110 - - [18/Jul/2022:09:43:09 +0800] "GET /favicon.ico HTTP/1.1" 404 -
180.175.103.110 - - [18/Jul/2022:09:43:10 +0800] "GET /xingrg/login.html HTTP/1.1" 200 7641
180.175.103.110 - - [18/Jul/2022:09:43:10 +0800] "GET /favicon.ico HTTP/1.1" 404 -
180.175.103.110 - - [18/Jul/2022:09:43:11 +0800] "POST /xingrg/login.do HTTP/1.1" 302 -
180.175.103.110 - - [18/Jul/2022:09:43:11 +0800] "GET /xingrg/index.html?sysBaseUrl=http%3A%2F%2F180.169.147.146%3A18081%2Fxingrg%2F&costTime=44×tamp=1658108591101 HTTP/1.1" 200 17173
180.175.103.110 - - [18/Jul/2022:09:43:11 +0800] "GET /favicon.ico HTTP/1.1" 404 -
180.175.103.110 - - [18/Jul/2022:09:43:11 +0800] "POST /xingrg/all/common/load_tree.html?tree=area_rest_tree_json&manage=1 HTTP/1.1" 200 3472
180.175.103.110 - - [18/Jul/2022:09:43:11 +0800] "GET /xingrg/check_reg.html?_=1658108591366 HTTP/1.1" 200 22
180.175.103.110 - - [18/Jul/2022:09:43:11 +0800] "GET /xingrg/all/function/internal_message.html?_=1658108591365&CODE_STATE=count HTTP/1.1" 200 11
180.175.103.110 - - [18/Jul/2022:09:43:11 +0800] "POST /xingrg/load_menu.html HTTP/1.1" 200 5138
101.85.120.95 - - [18/Jul/2022:09:43:11 +0800] "POST /xingrg/kc/base/yddb_list_operate.html HTTP/1.1" 200 4379
180.175.103.110 - - [18/Jul/2022:09:43:14 +0800] "GET /xingrg/kc/buy/cgsh_order_list.html HTTP/1.1" 200 52162
180.175.103.110 - - [18/Jul/2022:09:43:16 +0800] "POST /xingrg/kc/buy/cgsh_list_operate.html HTTP/1.1" 200 3291
180.175.103.110 - - [18/Jul/2022:09:43:20 +0800] "POST /xingrg/kc/buy/cgsh_list_operate.html HTTP/1.1" 200 571
180.175.103.110 - - [18/Jul/2022:09:43:20 +0800] "GET /xingrg/kc/buy/cgsh_order_info.html?code=212022071804491 HTTP/1.1" 200 68029
180.175.103.110 - - [18/Jul/2022:09:43:20 +0800] "GET /xingrg/all/common/auto_word.html?type=employee&rest_code=00105 HTTP/1.1" 200 193
180.175.103.110 - - [18/Jul/2022:09:43:20 +0800] "GET /xingrg/all/common/auto_word.html?type=employee&rest_code=00105 HTTP/1.1" 200 193
180.175.103.110 - - [18/Jul/2022:09:43:20 +0800] "GET /xingrg/javascript/easyui/themes/default/validatebox.css HTTP/1.1" 404 1104
180.175.103.110 - - [18/Jul/2022:09:43:21 +0800] "POST /xingrg/kc/buy/cgsh_order_operate.html HTTP/1.1" 200 13892
180.175.103.110 - - [18/Jul/2022:09:43:24 +0800] "GET /xingrg/all/function/internal_message.html?_=1658108495776&CODE_STATE=getMsg HTTP/1.1" 302 -
180.175.103.110 - - [18/Jul/2022:09:43:25 +0800] "POST /xingrg/kc/buy/cgsh_order_operate.html HTTP/1.1" 200 2065
180.175.103.110 - - [18/Jul/2022:09:43:26 +0800] "POST /xingrg/kc/buy/cgsh_order_operate.html HTTP/1.1" 200 2065
180.175.103.110 - - [18/Jul/2022:09:43:29 +0800] "GET /xingrg/javascript/auto/indicator.gif HTTP/1.1" 404 1066
120.253.135.82 - - [18/Jul/2022:09:43:36 +0800] "GET /xingrg/check_reg.html?_=1658108424134 HTTP/1.1" 200 22
114.84.2.83 - - [18/Jul/2022:09:43:37 +0800] "GET /xingrg/all/function/internal_message.html?_=1658108616353&CODE_STATE=getMsg HTTP/1.1" 200 27
180.175.103.110 - - [18/Jul/2022:09:43:37 +0800] "GET /xingrg/kc/buy/cgsh_order_operate.html?command=get_materiel&rest_code=00105&code=00101008248&supplier_code=00100203&order_time=2022-07-18 HTTP/1.1" 200 412
120.253.135.82 - - [18/Jul/2022:09:43:43 +0800] "GET /xingrg/all/function/internal_message.html?_=1658108431175&CODE_STATE=getMsg HTTP/1.1" 200 27
180.175.103.110 - - [18/Jul/2022:09:43:51 +0800] "GET /xingrg/kc/buy/cgsh_order_operate.html?command=get_materiel&rest_code=00105&code=00101008224&supplier_code=00100203&order_time=2022-07-18 HTTP/1.1" 200 432
101.83.240.35 - - [18/Jul/2022:09:43:54 +0800] "GET /xingrg/all/function/internal_message.html?_=1658108631601&CODE_STATE=getMsg HTTP/1.1" 200 27
58.221.95.50 - - [18/Jul/2022:09:43:54 +0800] "GET /xingrg/all/function/internal_message.html?_=1658108633969&CODE_STATE=getMsg HTTP/1.1" 200 27
101.85.238.90 - - [18/Jul/2022:09:43:57 +0800] "GET /xingrg/check_reg.html?_=1658108701598 HTTP/1.1" 200 22
101.83.223.227 - - [18/Jul/2022:09:43:57 +0800] "GET /xingrg/all/function/internal_message.html?_=1658108589727&CODE_STATE=getMsg HTTP/1.1" 200 27
101.85.120.95 - - [18/Jul/2022:09:43:58 +0800] "GET /xingrg/all/function/internal_message.html?_=1658108637787&CODE_STATE=getMsg HTTP/1.1" 200 27
180.175.103.110 - - [18/Jul/2022:09:43:59 +0800] "GET /xingrg/kc/buy/cgsh_order_operate.html?command=get_materiel&rest_code=00105&code=00101008059&supplier_code=00100203&order_time=2022-07-18 HTTP/1.1" 200 408
116.230.110.48 - - [18/Jul/2022:09:44:00 +0800] "GET /xingrg/all/function/internal_message.html?_=1658108637131&CODE_STATE=getMsg HTTP/1.1" 200 27
101.85.238.90 - - [18/Jul/2022:09:44:01 +0800] "GET /xingrg/all/function/internal_message.html?_=1658108705015&CODE_STATE=getMsg HTTP/1.1" 200 27
218.81.223.53 - - [18/Jul/2022:09:44:04 +0800] "GET /xingrg/all/function/internal_message.html?_=1658108644907&CODE_STATE=getMsg HTTP/1.1" 200 27
180.175.103.110 - - [18/Jul/2022:09:44:05 +0800] "GET /xingrg/kc/buy/cgsh_order_operate.html?command=get_materiel&rest_code=00105&code=00101008100&supplier_code=00100203&order_time=2022-07-18 HTTP/1.1" 200 408
58.35.196.166 - - [18/Jul/2022:09:44:06 +0800] "GET /xingrg/all/function/internal_message.html?_=1658108644678&CODE_STATE=getMsg HTTP/1.1" 200 27
124.78.155.217 - - [18/Jul/2022:09:44:07 +0800] "GET /xingrg/all/function/internal_message.html?_=1658108647611&CODE_STATE=getMsg HTTP/1.1" 200 27
180.175.103.110 - - [18/Jul/2022:09:44:11 +0800] "GET /xingrg/all/function/internal_message.html?_=1658108651383&CODE_STATE=getMsg HTTP/1.1" 200 27
180.175.103.110 - - [18/Jul/2022:09:44:21 +0800] "GET /xingrg/kc/buy/cgsh_order_operate.html?command=get_materiel&rest_code=00105&code=00101008131&supplier_code=00100203&order_time=2022-07-18 HTTP/1.1" 200 408
180.175.103.110 - - [18/Jul/2022:09:44:24 +0800] "GET /xingrg/all/function/internal_message.html?_=1658108555776&CODE_STATE=getMsg HTTP/1.1" 302 -
180.175.103.110 - - [18/Jul/2022:09:44:28 +0800] "GET /xingrg/kc/buy/cgsh_order_operate.html?command=get_materiel&rest_code=00105&code=00101008213&supplier_code=00100203&order_time=2022-07-18 HTTP/1.1" 200 428
180.175.103.110 - - [18/Jul/2022:09:44:35 +0800] "GET /xingrg/kc/buy/cgsh_order_operate.html?command=get_materiel&rest_code=00105&code=00101008283&supplier_code=00100203&order_time=2022-07-18 HTTP/1.1" 200 408
114.84.2.83 - - [18/Jul/2022:09:44:37 +0800] "GET /xingrg/all/function/internal_message.html?_=1658108676352&CODE_STATE=getMsg HTTP/1.1" 200 27
101.83.223.227 - - [18/Jul/2022:09:44:40 +0800] "GET /xingrg/kc/buy/cgsh_order_add.html HTTP/1.1" 200 67554
101.83.223.227 - - [18/Jul/2022:09:44:40 +0800] "POST /xingrg/kc/buy/cgsh_order_operate.html HTTP/1.1" 200 8245
101.83.223.227 - - [18/Jul/2022:09:44:41 +0800] "GET /xingrg/javascript/easyui/themes/default/validatebox.css HTTP/1.1" 404 1104
120.253.135.82 - - [18/Jul/2022:09:44:43 +0800] "GET /xingrg/all/function/internal_message.html?_=1658108491189&CODE_STATE=getMsg HTTP/1.1" 200 27
101.83.223.227 - - [18/Jul/2022:09:44:51 +0800] "GET /xingrg/kc/buy/cgsh_order_operate.html?command=get_materiel&rest_code=00151&code=00101009124&supplier_code=00100424&order_time=2022-07-18 HTTP/1.1" 200 416
101.83.240.35 - - [18/Jul/2022:09:44:54 +0800] "GET /xingrg/all/function/internal_message.html?_=1658108691584&CODE_STATE=getMsg HTTP/1.1" 200 27
58.221.95.50 - - [18/Jul/2022:09:44:54 +0800] "GET /xingrg/check_reg.html?_=1658108693959 HTTP/1.1" 200 22
58.221.95.50 - - [18/Jul/2022:09:44:54 +0800] "GET /xingrg/all/function/internal_message.html?_=1658108693962&CODE_STATE=getMsg HTTP/1.1" 200 27
101.83.223.227 - - [18/Jul/2022:09:44:57 +0800] "GET /xingrg/all/function/internal_message.html?_=1658108649741&CODE_STATE=getMsg HTTP/1.1" 200 27
101.85.120.95 - - [18/Jul/2022:09:44:58 +0800] "GET /xingrg/check_reg.html?_=1658108697794 HTTP/1.1" 200 22
101.85.120.95 - - [18/Jul/2022:09:44:58 +0800] "GET /xingrg/all/function/internal_message.html?_=1658108697789&CODE_STATE=getMsg HTTP/1.1" 200 27
116.230.110.48 - - [18/Jul/2022:09:45:00 +0800] "GET /xingrg/all/function/internal_message.html?_=1658108697138&CODE_STATE=getMsg HTTP/1.1" 200 27
101.85.238.90 - - [18/Jul/2022:09:45:01 +0800] "GET /xingrg/all/function/internal_message.html?_=1658108765028&CODE_STATE=getMsg HTTP/1.1" 200 27
180.175.103.110 - - [18/Jul/2022:09:45:01 +0800] "POST /xingrg/kc/buy/cgsh_order_operate.html HTTP/1.1" 200 37
101.83.223.227 - - [18/Jul/2022:09:45:02 +0800] "GET /xingrg/kc/buy/cgsh_order_operate.html?command=get_materiel&rest_code=00151&code=00101009025&supplier_code=00100424&order_time=2022-07-18 HTTP/1.1" 200 409
180.175.103.110 - - [18/Jul/2022:09:45:03 +0800] "POST /xingrg/kc/buy/cgsh_order_operate.html HTTP/1.1" 200 18072
218.81.223.53 - - [18/Jul/2022:09:45:04 +0800] "GET /xingrg/all/function/internal_message.html?_=1658108704920&CODE_STATE=getMsg HTTP/1.1" 200 27
58.35.196.166 - - [18/Jul/2022:09:45:06 +0800] "GET /xingrg/all/function/internal_message.html?_=1658108704648&CODE_STATE=getMsg HTTP/1.1" 200 27
124.78.155.217 - - [18/Jul/2022:09:45:07 +0800] "GET /xingrg/all/function/internal_message.html?_=1658108707607&CODE_STATE=getMsg HTTP/1.1" 200 27
101.83.223.227 - - [18/Jul/2022:09:45:10 +0800] "GET /xingrg/kc/buy/cgsh_order_operate.html?command=get_materiel&rest_code=00151&code=00101009053&supplier_code=00100424&order_time=2022-07-18 HTTP/1.1" 200 408
180.175.103.110 - - [18/Jul/2022:09:45:11 +0800] "GET /xingrg/all/function/internal_message.html?_=1658108711375&CODE_STATE=getMsg HTTP/1.1" 200 27
101.83.223.227 - - [18/Jul/2022:09:45:17 +0800] "GET /xingrg/kc/buy/cgsh_order_operate.html?command=get_materiel&rest_code=00151&code=00101009039&supplier_code=00100424&order_time=2022-07-18 HTTP/1.1" 200 408
180.175.103.110 - - [18/Jul/2022:09:45:24 +0800] "GET /xingrg/check_reg.html?_=1658108615776 HTTP/1.1" 302 -
180.175.103.110 - - [18/Jul/2022:09:45:24 +0800] "GET /xingrg/all/function/internal_message.html?_=1658108615779&CODE_STATE=getMsg HTTP/1.1" 302 -
101.83.223.227 - - [18/Jul/2022:09:45:26 +0800] "GET /xingrg/kc/buy/cgsh_order_operate.html?command=get_materiel&rest_code=00151&code=00101008031&supplier_code=00100424&order_time=2022-07-18 HTTP/1.1" 200 413
114.84.2.83 - - [18/Jul/2022:09:45:37 +0800] "GET /xingrg/all/function/internal_message.html?_=1658108736353&CODE_STATE=getMsg HTTP/1.1" 200 27
114.84.2.83 - - [18/Jul/2022:09:45:37 +0800] "GET /xingrg/check_reg.html?_=1658108736355 HTTP/1.1" 200 22
120.253.135.82 - - [18/Jul/2022:09:45:44 +0800] "GET /xingrg/all/function/internal_message.html?_=1658108551487&CODE_STATE=getMsg HTTP/1.1" 200 27
101.83.240.35 - - [18/Jul/2022:09:45:54 +0800] "GET /xingrg/all/function/internal_message.html?_=1658108751568&CODE_STATE=getMsg HTTP/1.1" 200 27
58.221.95.50 - - [18/Jul/2022:09:45:54 +0800] "GET /xingrg/all/function/internal_message.html?_=1658108753968&CODE_STATE=getMsg HTTP/1.1" 200 27
101.83.223.227 - - [18/Jul/2022:09:45:58 +0800] "GET /xingrg/all/function/internal_message.html?_=1658108709755&CODE_STATE=getMsg HTTP/1.1" 200 27
101.85.120.95 - - [18/Jul/2022:09:45:58 +0800] "GET /xingrg/all/function/internal_message.html?_=1658108757778&CODE_STATE=getMsg HTTP/1.1" 200 27
116.230.110.48 - - [18/Jul/2022:09:46:00 +0800] "GET /xingrg/all/function/internal_message.html?_=1658108757135&CODE_STATE=getMsg HTTP/1.1" 200 27
101.85.238.90 - - [18/Jul/2022:09:46:01 +0800] "GET /xingrg/all/function/internal_message.html?_=1658108825143&CODE_STATE=getMsg HTTP/1.1" 200 27
218.81.223.53 - - [18/Jul/2022:09:46:04 +0800] "GET /xingrg/all/function/internal_message.html?_=1658108765187&CODE_STATE=getMsg HTTP/1.1" 200 27
58.35.196.166 - - [18/Jul/2022:09:46:06 +0800] "GET /xingrg/all/function/internal_message.html?_=1658108764617&CODE_STATE=getMsg HTTP/1.1" 200 27
124.78.155.217 - - [18/Jul/2022:09:46:07 +0800] "GET /xingrg/all/function/internal_message.html?_=1658108767601&CODE_STATE=getMsg HTTP/1.1" 200 27
180.175.103.110 - - [18/Jul/2022:09:46:11 +0800] "GET /xingrg/all/function/internal_message.html?_=1658108771377&CODE_STATE=getMsg HTTP/1.1" 200 27
58.221.95.50 - - [18/Jul/2022:09:46:22 +0800] "GET /xingrg/kc/buy/cgsh_order_list.html HTTP/1.1" 200 52166
58.221.95.50 - - [18/Jul/2022:09:46:23 +0800] "POST /xingrg/kc/buy/cgsh_list_operate.html HTTP/1.1" 200 693
180.175.103.110 - - [18/Jul/2022:09:46:24 +0800] "GET /xingrg/all/function/internal_message.html?_=1658108675779&CODE_STATE=getMsg HTTP/1.1" 302 -
114.84.2.83 - - [18/Jul/2022:09:46:37 +0800] "GET /xingrg/all/function/internal_message.html?_=1658108796357&CODE_STATE=getMsg HTTP/1.1" 200 27
120.253.135.82 - - [18/Jul/2022:09:46:44 +0800] "GET /xingrg/all/function/internal_message.html?_=1658108611496&CODE_STATE=getMsg HTTP/1.1" 200 27
218.81.223.53 - - [18/Jul/2022:09:46:46 +0800] "GET /xingrg/check_reg.html?_=1658108807039 HTTP/1.1" 200 22
101.83.240.35 - - [18/Jul/2022:09:46:54 +0800] "GET /xingrg/all/function/internal_message.html?_=1658108811552&CODE_STATE=getMsg HTTP/1.1" 200 27
101.83.240.35 - - [18/Jul/2022:09:46:54 +0800] "GET /xingrg/check_reg.html?_=1658108811834 HTTP/1.1" 200 22
58.221.95.50 - - [18/Jul/2022:09:46:54 +0800] "GET /xingrg/all/function/internal_message.html?_=1658108813981&CODE_STATE=getMsg HTTP/1.1" 200 27
101.83.223.227 - - [18/Jul/2022:09:46:55 +0800] "GET /xingrg/kc/buy/cgsh_order_operate.html?command=get_materiel&rest_code=00151&code=00101009001&supplier_code=00100424&order_time=2022-07-18 HTTP/1.1" 200 416
101.83.223.227 - - [18/Jul/2022:09:46:57 +0800] "GET /xingrg/all/function/internal_message.html?_=1658108769768&CODE_STATE=getMsg HTTP/1.1" 200 27
101.85.120.95 - - [18/Jul/2022:09:46:58 +0800] "GET /xingrg/all/function/internal_message.html?_=1658108817779&CODE_STATE=getMsg HTTP/1.1" 200 27
116.230.110.48 - - [18/Jul/2022:09:47:00 +0800] "GET /xingrg/all/function/internal_message.html?_=1658108817130&CODE_STATE=getMsg HTTP/1.1" 200 27
101.85.238.90 - - [18/Jul/2022:09:47:01 +0800] "GET /xingrg/all/function/internal_message.html?_=1658108885149&CODE_STATE=getMsg HTTP/1.1" 200 27
218.81.223.53 - - [18/Jul/2022:09:47:04 +0800] "GET /xingrg/all/function/internal_message.html?_=1658108825195&CODE_STATE=getMsg HTTP/1.1" 200 27
58.35.196.166 - - [18/Jul/2022:09:47:06 +0800] "GET /xingrg/all/function/internal_message.html?_=1658108824602&CODE_STATE=getMsg HTTP/1.1" 200 27
124.78.155.217 - - [18/Jul/2022:09:47:07 +0800] "GET /xingrg/all/function/internal_message.html?_=1658108827614&CODE_STATE=getMsg HTTP/1.1" 200 27
101.83.223.227 - - [18/Jul/2022:09:47:07 +0800] "GET /xingrg/kc/buy/cgsh_order_operate.html?command=get_materiel&rest_code=00151&code=00101009121&supplier_code=00100424&order_time=2022-07-18 HTTP/1.1" 200 425
180.175.103.110 - - [18/Jul/2022:09:47:11 +0800] "GET /xingrg/all/function/internal_message.html?_=1658108831383&CODE_STATE=getMsg HTTP/1.1" 200 27
