124.78.155.217 - - [18/Jul/2022:11:43:07 +0800] "GET /xingrg/check_reg.html?_=1658115788223 HTTP/1.1" 200 22
101.85.238.90 - - [18/Jul/2022:11:43:10 +0800] "GET /favicon.ico HTTP/1.1" 404 -
218.81.223.53 - - [18/Jul/2022:11:43:17 +0800] "GET /xingrg/all/function/internal_message.html?_=1658115798472&CODE_STATE=getMsg HTTP/1.1" 200 27
101.85.238.90 - - [18/Jul/2022:11:43:21 +0800] "GET /xingrg/all/function/internal_message.html?_=1658115865294&CODE_STATE=getMsg HTTP/1.1" 200 27
180.175.103.110 - - [18/Jul/2022:11:43:24 +0800] "GET /xingrg/all/function/internal_message.html?_=1658115695982&CODE_STATE=getMsg HTTP/1.1" 302 -
180.175.103.110 - - [18/Jul/2022:11:43:33 +0800] "POST /xingrg/services/DataTransmitService HTTP/1.1" 200 524
180.175.103.110 - - [18/Jul/2022:11:43:34 +0800] "POST /xingrg/services/DataTransmitService HTTP/1.1" 200 412
101.83.223.227 - - [18/Jul/2022:11:43:34 +0800] "POST /xingrg/all/user/operate.html HTTP/1.1" 200 36
101.83.223.227 - - [18/Jul/2022:11:43:35 +0800] "GET /xingrg/index.html?sysBaseUrl=http%3A%2F%2F180.169.147.146%3A18081%2Fxingrg%2F&costTime=40×tamp=1658103710079 HTTP/1.1" 200 17177
101.83.223.227 - - [18/Jul/2022:11:43:35 +0800] "GET /xingrg/javascript/jquery_easy_ui/themes/default/easyui.css HTTP/1.1" 304 -
101.83.223.227 - - [18/Jul/2022:11:43:35 +0800] "GET /xingrg/javascript/jquery_easy_ui/themes/icon.css HTTP/1.1" 304 -
101.83.223.227 - - [18/Jul/2022:11:43:35 +0800] "GET /xingrg/css/form.css HTTP/1.1" 304 -
101.83.223.227 - - [18/Jul/2022:11:43:35 +0800] "GET /xingrg/javascript/jquery-1.4.2.min.js HTTP/1.1" 304 -
101.83.223.227 - - [18/Jul/2022:11:43:35 +0800] "GET /xingrg/javascript/jquery_easy_ui/jquery.easyui.min.js HTTP/1.1" 304 -
101.83.223.227 - - [18/Jul/2022:11:43:35 +0800] "GET /xingrg/javascript/jquery_easy_ui/easyui-lang-zh_CN.js HTTP/1.1" 304 -
101.83.223.227 - - [18/Jul/2022:11:43:35 +0800] "GET /xingrg/javascript/jquery.form.js HTTP/1.1" 304 -
101.83.223.227 - - [18/Jul/2022:11:43:35 +0800] "GET /xingrg/javascript/jquery.utils.js HTTP/1.1" 304 -
101.83.223.227 - - [18/Jul/2022:11:43:35 +0800] "GET /xingrg/javascript/jquery.timers.js HTTP/1.1" 304 -
101.83.223.227 - - [18/Jul/2022:11:43:35 +0800] "GET /xingrg/images/blue/jxLogo.png HTTP/1.1" 304 -
101.83.223.227 - - [18/Jul/2022:11:43:35 +0800] "GET /xingrg/images/blue/navBackgound.jpg HTTP/1.1" 304 -
120.253.135.82 - - [18/Jul/2022:11:43:35 +0800] "GET /xingrg/all/function/internal_message.html?_=1658115315738&CODE_STATE=getMsg HTTP/1.1" 200 27
101.83.223.227 - - [18/Jul/2022:11:43:35 +0800] "GET /xingrg/javascript/jquery_easy_ui/themes/icons/settle_new.png HTTP/1.1" 304 -
101.83.223.227 - - [18/Jul/2022:11:43:35 +0800] "GET /xingrg/images/blue/pingpu.png HTTP/1.1" 304 -
101.83.223.227 - - [18/Jul/2022:11:43:35 +0800] "POST /xingrg/all/common/load_tree.html?tree=area_rest_tree_json&manage=1 HTTP/1.1" 200 476
101.83.223.227 - - [18/Jul/2022:11:43:35 +0800] "GET /xingrg/javascript/jquery_easy_ui/themes/default/images/tabs_rightarrow.png HTTP/1.1" 304 -
101.83.223.227 - - [18/Jul/2022:11:43:35 +0800] "GET /xingrg/javascript/jquery_easy_ui/themes/default/images/tabs_leftarrow.png HTTP/1.1" 304 -
101.83.223.227 - - [18/Jul/2022:11:43:35 +0800] "GET /xingrg/javascript/jquery_easy_ui/themes/default/images/panel_tool_collapse.gif HTTP/1.1" 304 -
101.83.223.227 - - [18/Jul/2022:11:43:35 +0800] "GET /xingrg/all/function/internal_message.html?_=1658115767363&CODE_STATE=count HTTP/1.1" 200 11
101.83.223.227 - - [18/Jul/2022:11:43:35 +0800] "GET /xingrg/check_reg.html?_=1658115767364 HTTP/1.1" 200 22
101.83.223.227 - - [18/Jul/2022:11:43:35 +0800] "POST /xingrg/load_menu.html HTTP/1.1" 200 5138
120.253.135.82 - - [18/Jul/2022:11:43:36 +0800] "GET /xingrg/check_reg.html?_=1658115316907 HTTP/1.1" 200 22
114.84.2.83 - - [18/Jul/2022:11:43:37 +0800] "GET /xingrg/all/function/internal_message.html?_=1658115816481&CODE_STATE=getMsg HTTP/1.1" 200 27
101.83.223.227 - - [18/Jul/2022:11:43:45 +0800] "GET /xingrg/kc/mdqp/pssh_order_list.html HTTP/1.1" 200 17412
101.83.223.227 - - [18/Jul/2022:11:43:45 +0800] "POST /xingrg/kc/mdqp/pssh_list_operate.html HTTP/1.1" 200 5438
101.83.223.227 - - [18/Jul/2022:11:43:48 +0800] "POST /xingrg/kc/mdqp/pssh_list_operate.html HTTP/1.1" 200 634
101.83.223.227 - - [18/Jul/2022:11:43:49 +0800] "GET /xingrg/kc/mdqp/pssh_order_info.html?code=312022071800312 HTTP/1.1" 200 17270
101.83.223.227 - - [18/Jul/2022:11:43:49 +0800] "GET /xingrg/javascript/jquery_tools/jquery-1.4.2.min.js HTTP/1.1" 404 1094
101.83.223.227 - - [18/Jul/2022:11:43:50 +0800] "POST /xingrg/kc/mdqp/pssh_order_operate.html HTTP/1.1" 200 2552
101.83.223.227 - - [18/Jul/2022:11:43:50 +0800] "GET /xingrg/all/common/auto_word.html?type=base&rest_code=00151&rest_code=00151 HTTP/1.1" 200 1315
101.83.223.227 - - [18/Jul/2022:11:43:50 +0800] "GET /xingrg/javascript/easyui/themes/default/validatebox.css HTTP/1.1" 404 1104
101.83.240.35 - - [18/Jul/2022:11:43:51 +0800] "GET /xingrg/all/function/internal_message.html?_=1658115829493&CODE_STATE=getMsg HTTP/1.1" 200 27
101.83.223.227 - - [18/Jul/2022:11:43:52 +0800] "POST /xingrg/all/common/load_combo.html?type=base&rest_code=00151 HTTP/1.1" 200 2307
58.221.95.50 - - [18/Jul/2022:11:43:54 +0800] "GET /xingrg/all/function/internal_message.html?_=1658115833342&CODE_STATE=getMsg HTTP/1.1" 200 27
180.175.103.110 - - [18/Jul/2022:11:43:54 +0800] "GET /xingrg/all/function/internal_message.html?_=1658115834658&CODE_STATE=getMsg HTTP/1.1" 200 27
101.83.223.227 - - [18/Jul/2022:11:43:56 +0800] "POST /xingrg/all/common/load_combo.html?type=employee HTTP/1.1" 200 532
180.169.147.146 - - [18/Jul/2022:11:43:57 +0800] "GET /xingrg/all/function/internal_message.html?_=1658115837029&CODE_STATE=getMsg HTTP/1.1" 200 27
101.85.238.90 - - [18/Jul/2022:11:43:58 +0800] "GET /xingrg/check_reg.html?_=1658115902308 HTTP/1.1" 200 22
101.85.120.95 - - [18/Jul/2022:11:43:59 +0800] "GET /xingrg/all/function/internal_message.html?_=1658115837992&CODE_STATE=getMsg HTTP/1.1" 200 27
116.230.110.48 - - [18/Jul/2022:11:44:00 +0800] "GET /xingrg/all/function/internal_message.html?_=1658115839424&CODE_STATE=getMsg HTTP/1.1" 200 27
101.83.223.227 - - [18/Jul/2022:11:44:00 +0800] "POST /xingrg/kc/mdqp/pssh_order_operate.html HTTP/1.1" 200 37
101.83.223.227 - - [18/Jul/2022:11:44:01 +0800] "POST /xingrg/kc/mdqp/pssh_order_operate.html HTTP/1.1" 200 12
101.83.223.227 - - [18/Jul/2022:11:44:03 +0800] "GET /xingrg/kc/mdqp/pssh_order_info.html?code=312022071800312 HTTP/1.1" 200 14390
101.83.223.227 - - [18/Jul/2022:11:44:03 +0800] "GET /xingrg/javascript/jquery_tools/jquery-1.4.2.min.js HTTP/1.1" 404 1094
101.83.223.227 - - [18/Jul/2022:11:44:03 +0800] "GET /xingrg/javascript/easyui/themes/icons/uncheck_new.png HTTP/1.1" 304 -
101.83.223.227 - - [18/Jul/2022:11:44:03 +0800] "POST /xingrg/kc/mdqp/pssh_order_operate.html HTTP/1.1" 200 2552
101.83.223.227 - - [18/Jul/2022:11:44:03 +0800] "GET /xingrg/javascript/easyui/themes/default/validatebox.css HTTP/1.1" 404 1104
58.35.196.166 - - [18/Jul/2022:11:44:04 +0800] "GET /xingrg/all/function/internal_message.html?_=1658115842076&CODE_STATE=getMsg HTTP/1.1" 200 27
114.88.155.189 - - [18/Jul/2022:11:44:06 +0800] "GET /xingrg/all/function/internal_message.html?_=1658115540983&CODE_STATE=getMsg HTTP/1.1" 200 27
124.78.155.217 - - [18/Jul/2022:11:44:08 +0800] "GET /xingrg/all/function/internal_message.html?_=1658115848014&CODE_STATE=getMsg HTTP/1.1" 200 27
218.81.223.53 - - [18/Jul/2022:11:44:17 +0800] "GET /xingrg/all/function/internal_message.html?_=1658115858737&CODE_STATE=getMsg HTTP/1.1" 200 27
101.85.238.90 - - [18/Jul/2022:11:44:21 +0800] "GET /xingrg/all/function/internal_message.html?_=1658115925303&CODE_STATE=getMsg HTTP/1.1" 200 27
180.175.103.110 - - [18/Jul/2022:11:44:24 +0800] "GET /xingrg/all/function/internal_message.html?_=1658115755983&CODE_STATE=getMsg HTTP/1.1" 302 -
120.253.135.82 - - [18/Jul/2022:11:44:35 +0800] "GET /xingrg/all/function/internal_message.html?_=1658115375706&CODE_STATE=getMsg HTTP/1.1" 200 27
101.83.223.227 - - [18/Jul/2022:11:44:35 +0800] "GET /xingrg/all/function/internal_message.html?_=1658115827378&CODE_STATE=getMsg HTTP/1.1" 200 27
114.84.2.83 - - [18/Jul/2022:11:44:37 +0800] "GET /xingrg/all/function/internal_message.html?_=1658115876480&CODE_STATE=getMsg HTTP/1.1" 200 27
101.83.223.227 - - [18/Jul/2022:11:44:51 +0800] "GET /xingrg/kc/print/load_config.html?kc_code=pssh HTTP/1.1" 200 2291
101.83.223.227 - - [18/Jul/2022:11:44:51 +0800] "GET /xingrg/kc/print/load_data.html?order_code=312022071800312&kc_code=pssh&condition= HTTP/1.1" 200 1298
101.83.240.35 - - [18/Jul/2022:11:44:51 +0800] "GET /xingrg/all/function/internal_message.html?_=1658115889479&CODE_STATE=getMsg HTTP/1.1" 200 27
120.253.135.82 - - [18/Jul/2022:11:44:52 +0800] "GET /xingrg/all/function/internal_message.html?_=1658115633503&CODE_STATE=getMsg HTTP/1.1" 200 27
120.253.135.82 - - [18/Jul/2022:11:44:52 +0800] "GET /xingrg/check_reg.html?_=1658115633652 HTTP/1.1" 200 22
120.253.135.82 - - [18/Jul/2022:11:44:52 +0800] "GET /xingrg/kc/pszx/mdqp_order_list.html?state=10 HTTP/1.1" 200 11878
120.253.135.82 - - [18/Jul/2022:11:44:53 +0800] "GET /xingrg/dwr/interface/AjaxQqpsService.js HTTP/1.1" 200 16326
120.253.135.82 - - [18/Jul/2022:11:44:53 +0800] "GET /xingrg/dwr/interface/AjaxReportQueryService.js HTTP/1.1" 200 13203
120.253.135.82 - - [18/Jul/2022:11:44:53 +0800] "GET /xingrg/dwr/engine.js HTTP/1.1" 200 43631
120.253.135.82 - - [18/Jul/2022:11:44:53 +0800] "GET /xingrg/all/function/internal_message.html?_=1658115700617&CODE_STATE=getMsg HTTP/1.1" 200 27
58.221.95.50 - - [18/Jul/2022:11:44:54 +0800] "GET /xingrg/all/function/internal_message.html?_=1658115893362&CODE_STATE=getMsg HTTP/1.1" 200 27
180.175.103.110 - - [18/Jul/2022:11:44:54 +0800] "GET /xingrg/all/function/internal_message.html?_=1658115894662&CODE_STATE=getMsg HTTP/1.1" 200 27
58.221.95.50 - - [18/Jul/2022:11:44:55 +0800] "GET /xingrg/check_reg.html?_=1658115894267 HTTP/1.1" 200 22
180.175.103.110 - - [18/Jul/2022:11:44:56 +0800] "GET /xingrg/check_reg.html?_=1658115896771 HTTP/1.1" 200 22
180.169.147.146 - - [18/Jul/2022:11:44:57 +0800] "GET /xingrg/all/function/internal_message.html?_=1658115897012&CODE_STATE=getMsg HTTP/1.1" 200 27
120.253.135.82 - - [18/Jul/2022:11:44:58 +0800] "GET /xingrg/kc/pszx/mdqp_order_list.html?state=10 HTTP/1.1" 200 11878
120.253.135.82 - - [18/Jul/2022:11:44:58 +0800] "GET /xingrg/dwr/interface/AjaxQqpsService.js HTTP/1.1" 200 16326
120.253.135.82 - - [18/Jul/2022:11:44:58 +0800] "GET /xingrg/dwr/interface/AjaxReportQueryService.js HTTP/1.1" 200 13203
120.253.135.82 - - [18/Jul/2022:11:44:58 +0800] "GET /xingrg/dwr/engine.js HTTP/1.1" 200 43631
101.85.120.95 - - [18/Jul/2022:11:44:59 +0800] "GET /xingrg/all/function/internal_message.html?_=1658115897997&CODE_STATE=getMsg HTTP/1.1" 200 27
101.85.120.95 - - [18/Jul/2022:11:44:59 +0800] "GET /xingrg/check_reg.html?_=1658115897993 HTTP/1.1" 200 22
116.230.110.48 - - [18/Jul/2022:11:45:00 +0800] "GET /xingrg/all/function/internal_message.html?_=1658115899418&CODE_STATE=getMsg HTTP/1.1" 200 27
120.253.135.82 - - [18/Jul/2022:11:45:01 +0800] "GET /xingrg/kc/pszx/mdqp_order_info.html?code=302022071800251 HTTP/1.1" 200 13350
120.253.135.82 - - [18/Jul/2022:11:45:01 +0800] "GET /xingrg/javascript/tools/jquery.qtip-1.0.0-rc3.min.js HTTP/1.1" 304 -
120.253.135.82 - - [18/Jul/2022:11:45:01 +0800] "GET /xingrg/dwr/interface/AjaxQqpsService.js HTTP/1.1" 200 16326
120.253.135.82 - - [18/Jul/2022:11:45:01 +0800] "GET /xingrg/dwr/interface/AjaxComOrderService.js HTTP/1.1" 200 18264
120.253.135.82 - - [18/Jul/2022:11:45:01 +0800] "GET /xingrg/javascript/checkform.js HTTP/1.1" 304 -
120.253.135.82 - - [18/Jul/2022:11:45:01 +0800] "GET /xingrg/javascript/Grid.js HTTP/1.1" 304 -
120.253.135.82 - - [18/Jul/2022:11:45:01 +0800] "GET /xingrg/dwr/engine.js HTTP/1.1" 200 43631
120.253.135.82 - - [18/Jul/2022:11:45:01 +0800] "GET /xingrg/javascript/AjaxInfoList.js HTTP/1.1" 304 -
120.253.135.82 - - [18/Jul/2022:11:45:02 +0800] "GET /xingrg/javascript/jquery_easy_ui/themes/icons/print.png HTTP/1.1" 304 -
120.253.135.82 - - [18/Jul/2022:11:45:02 +0800] "GET /xingrg/javascript/jquery_easy_ui/themes/default/images/menu_downarrow.png HTTP/1.1" 304 -
120.253.135.82 - - [18/Jul/2022:11:45:02 +0800] "GET /xingrg/images/blue/button/kc_tab_edit.gif HTTP/1.1" 304 -
120.253.135.82 - - [18/Jul/2022:11:45:02 +0800] "GET /xingrg/images/blue/button/kc_tab_save.gif HTTP/1.1" 304 -
120.253.135.82 - - [18/Jul/2022:11:45:02 +0800] "GET /xingrg/images/blue/kc_tab_left.gif HTTP/1.1" 304 -
120.253.135.82 - - [18/Jul/2022:11:45:02 +0800] "GET /xingrg/images/blue/kc_tab_mid.gif HTTP/1.1" 304 -
120.253.135.82 - - [18/Jul/2022:11:45:02 +0800] "GET /xingrg/images/blue/kc_tab2_left.gif HTTP/1.1" 304 -
120.253.135.82 - - [18/Jul/2022:11:45:02 +0800] "GET /xingrg/images/blue/kc_tab2_right.gif HTTP/1.1" 304 -
120.253.135.82 - - [18/Jul/2022:11:45:02 +0800] "GET /xingrg/images/blue/kc_tab_right.gif HTTP/1.1" 304 -
120.253.135.82 - - [18/Jul/2022:11:45:02 +0800] "GET /xingrg/images/blue/wait.gif HTTP/1.1" 304 -
120.253.135.82 - - [18/Jul/2022:11:45:02 +0800] "POST /xingrg/dwr/call/plaincall/AjaxQqpsService.loadMaterielItems.dwr HTTP/1.1" 200 1775
58.35.196.166 - - [18/Jul/2022:11:45:04 +0800] "GET /xingrg/all/function/internal_message.html?_=1658115902047&CODE_STATE=getMsg HTTP/1.1" 200 27
114.88.155.189 - - [18/Jul/2022:11:45:06 +0800] "GET /xingrg/all/function/internal_message.html?_=1658115600951&CODE_STATE=getMsg HTTP/1.1" 200 27
101.83.223.227 - - [18/Jul/2022:11:45:06 +0800] "GET /xingrg/kc/buy/cgsh_order_list.html HTTP/1.1" 200 52166
114.88.155.189 - - [18/Jul/2022:11:45:07 +0800] "GET /xingrg/check_reg.html?_=1658115601746 HTTP/1.1" 200 22
101.83.223.227 - - [18/Jul/2022:11:45:07 +0800] "POST /xingrg/kc/buy/cgsh_list_operate.html HTTP/1.1" 200 693
124.78.155.217 - - [18/Jul/2022:11:45:07 +0800] "GET /xingrg/all/function/internal_message.html?_=1658115908015&CODE_STATE=getMsg HTTP/1.1" 200 27
101.83.223.227 - - [18/Jul/2022:11:45:09 +0800] "GET /xingrg/kc/buy/cgsh_order_add.html HTTP/1.1" 200 67554
101.83.223.227 - - [18/Jul/2022:11:45:09 +0800] "POST /xingrg/kc/buy/cgsh_order_operate.html HTTP/1.1" 200 8245
101.83.223.227 - - [18/Jul/2022:11:45:10 +0800] "GET /xingrg/javascript/easyui/themes/default/validatebox.css HTTP/1.1" 404 1104
101.83.223.227 - - [18/Jul/2022:11:45:11 +0800] "GET /xingrg/javascript/auto/indicator.gif HTTP/1.1" 404 1066
120.253.135.82 - - [18/Jul/2022:11:45:11 +0800] "GET /xingrg/images/yd/bt.gif HTTP/1.1" 404 1040
120.253.135.82 - - [18/Jul/2022:11:45:11 +0800] "GET /xingrg/images/yd/bt2.gif HTTP/1.1" 404 1042
120.253.135.82 - - [18/Jul/2022:11:45:16 +0800] "POST /xingrg/dwr/call/plaincall/AjaxQqpsService.psSaveMaterielItem.dwr HTTP/1.1" 200 78
218.81.223.53 - - [18/Jul/2022:11:45:17 +0800] "GET /xingrg/all/function/internal_message.html?_=1658115918749&CODE_STATE=getMsg HTTP/1.1" 200 27
120.253.135.82 - - [18/Jul/2022:11:45:20 +0800] "GET /xingrg/kc/pszx/mdqp_order_list.html?isBack=1 HTTP/1.1" 302 -
120.253.135.82 - - [18/Jul/2022:11:45:20 +0800] "GET /xingrg/kc/pszx/mdqp_order_list.html?state=10 HTTP/1.1" 200 11878
120.253.135.82 - - [18/Jul/2022:11:45:20 +0800] "GET /xingrg/dwr/interface/AjaxReportQueryService.js HTTP/1.1" 200 13203
120.253.135.82 - - [18/Jul/2022:11:45:20 +0800] "GET /xingrg/dwr/interface/AjaxQqpsService.js HTTP/1.1" 200 16326
120.253.135.82 - - [18/Jul/2022:11:45:20 +0800] "GET /xingrg/dwr/engine.js HTTP/1.1" 200 43631
101.85.238.90 - - [18/Jul/2022:11:45:21 +0800] "GET /xingrg/all/function/internal_message.html?_=1658115985316&CODE_STATE=getMsg HTTP/1.1" 200 27
101.83.223.227 - - [18/Jul/2022:11:45:24 +0800] "GET /xingrg/kc/buy/cgsh_order_operate.html?command=get_materiel&rest_code=00151&code=00102005525&supplier_code=00100077&order_time=2022-07-18 HTTP/1.1" 200 408
180.175.103.110 - - [18/Jul/2022:11:45:24 +0800] "GET /xingrg/check_reg.html?_=1658115815984 HTTP/1.1" 302 -
180.175.103.110 - - [18/Jul/2022:11:45:24 +0800] "GET /xingrg/all/function/internal_message.html?_=1658115815987&CODE_STATE=getMsg HTTP/1.1" 302 -
120.253.135.82 - - [18/Jul/2022:11:45:26 +0800] "GET /xingrg/kc/pszx/mdqp_order_info.html?code=302022071800252 HTTP/1.1" 200 13350
120.253.135.82 - - [18/Jul/2022:11:45:26 +0800] "GET /xingrg/dwr/interface/AjaxComOrderService.js HTTP/1.1" 200 18264
120.253.135.82 - - [18/Jul/2022:11:45:26 +0800] "GET /xingrg/dwr/engine.js HTTP/1.1" 200 43631
120.253.135.82 - - [18/Jul/2022:11:45:26 +0800] "GET /xingrg/dwr/interface/AjaxQqpsService.js HTTP/1.1" 200 16326
120.253.135.82 - - [18/Jul/2022:11:45:27 +0800] "POST /xingrg/dwr/call/plaincall/AjaxQqpsService.loadMaterielItems.dwr HTTP/1.1" 200 1025
101.85.238.90 - - [18/Jul/2022:11:45:30 +0800] "POST /xingrg/services/DataTransmitService HTTP/1.1" 200 524
101.85.238.90 - - [18/Jul/2022:11:45:30 +0800] "POST /xingrg/services/DataTransmitService HTTP/1.1" 200 501
120.253.135.82 - - [18/Jul/2022:11:45:35 +0800] "GET /xingrg/all/function/internal_message.html?_=1658115435675&CODE_STATE=getMsg HTTP/1.1" 200 27
101.83.223.227 - - [18/Jul/2022:11:45:35 +0800] "GET /xingrg/all/function/internal_message.html?_=1658115887393&CODE_STATE=getMsg HTTP/1.1" 200 27
120.253.135.82 - - [18/Jul/2022:11:45:36 +0800] "GET /xingrg/kc/pszx/mdqp_order_list.html?isBack=1 HTTP/1.1" 302 -
120.253.135.82 - - [18/Jul/2022:11:45:36 +0800] "GET /xingrg/kc/pszx/mdqp_order_list.html?state=10 HTTP/1.1" 200 11878
120.253.135.82 - - [18/Jul/2022:11:45:36 +0800] "GET /xingrg/dwr/interface/AjaxReportQueryService.js HTTP/1.1" 200 13203
120.253.135.82 - - [18/Jul/2022:11:45:36 +0800] "GET /xingrg/dwr/interface/AjaxQqpsService.js HTTP/1.1" 200 16326
120.253.135.82 - - [18/Jul/2022:11:45:36 +0800] "GET /xingrg/dwr/engine.js HTTP/1.1" 200 43631
114.84.2.83 - - [18/Jul/2022:11:45:37 +0800] "GET /xingrg/all/function/internal_message.html?_=1658115936480&CODE_STATE=getMsg HTTP/1.1" 200 27
114.84.2.83 - - [18/Jul/2022:11:45:37 +0800] "GET /xingrg/check_reg.html?_=1658115936482 HTTP/1.1" 200 22
101.83.223.227 - - [18/Jul/2022:11:45:41 +0800] "GET /favicon.ico HTTP/1.1" 404 -
101.83.223.227 - - [18/Jul/2022:11:45:41 +0800] "POST /xingrg/all/common/load_tree.html?tree=materiel_sort_tree_json HTTP/1.1" 200 9388
120.253.135.82 - - [18/Jul/2022:11:45:45 +0800] "GET /xingrg/kc/pszx/mdqp_order_info.html?code=302022071800253 HTTP/1.1" 200 13350
120.253.135.82 - - [18/Jul/2022:11:45:45 +0800] "GET /xingrg/dwr/interface/AjaxComOrderService.js HTTP/1.1" 200 18264
120.253.135.82 - - [18/Jul/2022:11:45:45 +0800] "GET /xingrg/dwr/interface/AjaxQqpsService.js HTTP/1.1" 200 16326
120.253.135.82 - - [18/Jul/2022:11:45:45 +0800] "GET /xingrg/dwr/engine.js HTTP/1.1" 200 43631
120.253.135.82 - - [18/Jul/2022:11:45:46 +0800] "POST /xingrg/dwr/call/plaincall/AjaxQqpsService.loadMaterielItems.dwr HTTP/1.1" 200 1655
101.83.240.35 - - [18/Jul/2022:11:45:51 +0800] "GET /xingrg/all/function/internal_message.html?_=1658115949458&CODE_STATE=getMsg HTTP/1.1" 200 27
120.253.135.82 - - [18/Jul/2022:11:45:52 +0800] "GET /xingrg/kc/pszx/mdqp_order_list.html?isBack=1 HTTP/1.1" 302 -
120.253.135.82 - - [18/Jul/2022:11:45:52 +0800] "GET /xingrg/kc/pszx/mdqp_order_list.html?state=10 HTTP/1.1" 200 11878
120.253.135.82 - - [18/Jul/2022:11:45:52 +0800] "GET /xingrg/dwr/interface/AjaxReportQueryService.js HTTP/1.1" 200 13203
120.253.135.82 - - [18/Jul/2022:11:45:52 +0800] "GET /xingrg/dwr/interface/AjaxQqpsService.js HTTP/1.1" 200 16326
120.253.135.82 - - [18/Jul/2022:11:45:52 +0800] "GET /xingrg/dwr/engine.js HTTP/1.1" 200 43631
120.253.135.82 - - [18/Jul/2022:11:45:53 +0800] "GET /xingrg/all/function/internal_message.html?_=1658115760706&CODE_STATE=getMsg HTTP/1.1" 200 27
58.221.95.50 - - [18/Jul/2022:11:45:54 +0800] "GET /xingrg/all/function/internal_message.html?_=1658115953351&CODE_STATE=getMsg HTTP/1.1" 200 27
180.175.103.110 - - [18/Jul/2022:11:45:54 +0800] "GET /xingrg/all/function/internal_message.html?_=1658115954634&CODE_STATE=getMsg HTTP/1.1" 200 27
180.169.147.146 - - [18/Jul/2022:11:45:57 +0800] "GET /xingrg/all/function/internal_message.html?_=1658115956996&CODE_STATE=getMsg HTTP/1.1" 200 27
180.169.147.146 - - [18/Jul/2022:11:45:58 +0800] "GET /xingrg/check_reg.html?_=1658115957700 HTTP/1.1" 200 22
120.253.135.82 - - [18/Jul/2022:11:45:58 +0800] "GET /xingrg/kc/pszx/mdqp_order_info.html?code=302022071800254 HTTP/1.1" 200 13350
120.253.135.82 - - [18/Jul/2022:11:45:58 +0800] "GET /xingrg/dwr/interface/AjaxComOrderService.js HTTP/1.1" 200 18264
120.253.135.82 - - [18/Jul/2022:11:45:58 +0800] "GET /xingrg/dwr/interface/AjaxQqpsService.js HTTP/1.1" 200 16326
120.253.135.82 - - [18/Jul/2022:11:45:58 +0800] "GET /xingrg/dwr/engine.js HTTP/1.1" 200 43631
101.83.223.227 - - [18/Jul/2022:11:45:59 +0800] "GET /xingrg/kc/buy/cgsh_order_operate.html?command=get_materiel&rest_code=00151&code=00102005918&supplier_code=00100077&order_time=2022-07-18 HTTP/1.1" 200 408
101.85.120.95 - - [18/Jul/2022:11:45:59 +0800] "GET /xingrg/all/function/internal_message.html?_=1658115957997&CODE_STATE=getMsg HTTP/1.1" 200 27
120.253.135.82 - - [18/Jul/2022:11:45:59 +0800] "POST /xingrg/dwr/call/plaincall/AjaxQqpsService.loadMaterielItems.dwr HTTP/1.1" 200 655
116.230.110.48 - - [18/Jul/2022:11:46:00 +0800] "GET /xingrg/all/function/internal_message.html?_=1658115959432&CODE_STATE=getMsg HTTP/1.1" 200 27
58.35.196.166 - - [18/Jul/2022:11:46:04 +0800] "GET /xingrg/all/function/internal_message.html?_=1658115962016&CODE_STATE=getMsg HTTP/1.1" 200 27
120.253.135.82 - - [18/Jul/2022:11:46:05 +0800] "GET /xingrg/kc/pszx/mdqp_order_list.html?isBack=1 HTTP/1.1" 302 -
120.253.135.82 - - [18/Jul/2022:11:46:05 +0800] "GET /xingrg/kc/pszx/mdqp_order_list.html?state=10 HTTP/1.1" 200 11878
120.253.135.82 - - [18/Jul/2022:11:46:05 +0800] "GET /xingrg/dwr/interface/AjaxQqpsService.js HTTP/1.1" 200 16326
120.253.135.82 - - [18/Jul/2022:11:46:05 +0800] "GET /xingrg/dwr/interface/AjaxReportQueryService.js HTTP/1.1" 200 13203
120.253.135.82 - - [18/Jul/2022:11:46:05 +0800] "GET /xingrg/dwr/engine.js HTTP/1.1" 200 43631
114.88.155.189 - - [18/Jul/2022:11:46:06 +0800] "GET /xingrg/all/function/internal_message.html?_=1658115660931&CODE_STATE=getMsg HTTP/1.1" 200 27
124.78.155.217 - - [18/Jul/2022:11:46:07 +0800] "GET /xingrg/all/function/internal_message.html?_=1658115968001&CODE_STATE=getMsg HTTP/1.1" 200 27
120.253.135.82 - - [18/Jul/2022:11:46:14 +0800] "GET /xingrg/kc/pszx/jzcl_ps.html HTTP/1.1" 200 7683
120.253.135.82 - - [18/Jul/2022:11:46:14 +0800] "GET /xingrg/javascript/step/step.css HTTP/1.1" 304 -
120.253.135.82 - - [18/Jul/2022:11:46:14 +0800] "GET /xingrg/css/table.css HTTP/1.1" 304 -
120.253.135.82 - - [18/Jul/2022:11:46:14 +0800] "GET /xingrg/javascript/step/images/navCurrentBtn.gif HTTP/1.1" 304 -
120.253.135.82 - - [18/Jul/2022:11:46:14 +0800] "GET /xingrg/javascript/jquery_easy_ui/themes/default/images/combo_arrow_dot.gif HTTP/1.1" 304 -
120.253.135.82 - - [18/Jul/2022:11:46:14 +0800] "POST /xingrg/all/common/load_tree.html?tree=area_rest_tree_json HTTP/1.1" 200 3472
120.253.135.82 - - [18/Jul/2022:11:46:14 +0800] "GET /xingrg/javascript/jquery_easy_ui/themes/default/images/calendar_prevmonth.gif HTTP/1.1" 304 -
120.253.135.82 - - [18/Jul/2022:11:46:14 +0800] "GET /xingrg/javascript/jquery_easy_ui/themes/default/images/calendar_nextyear.gif HTTP/1.1" 304 -
120.253.135.82 - - [18/Jul/2022:11:46:14 +0800] "GET /xingrg/javascript/jquery_easy_ui/themes/default/images/calendar_prevyear.gif HTTP/1.1" 304 -
120.253.135.82 - - [18/Jul/2022:11:46:14 +0800] "GET /xingrg/javascript/jquery_easy_ui/themes/default/images/calendar_nextmonth.gif HTTP/1.1" 304 -
120.253.135.82 - - [18/Jul/2022:11:46:14 +0800] "GET /xingrg/javascript/jquery_easy_ui/themes/default/images/pagination_loading.gif HTTP/1.1" 304 -
120.253.135.82 - - [18/Jul/2022:11:46:14 +0800] "GET /xingrg/javascript/jquery_easy_ui/themes/default/images/tree_checkbox_0.gif HTTP/1.1" 304 -
120.253.135.82 - - [18/Jul/2022:11:46:14 +0800] "GET /xingrg/javascript/jquery_easy_ui/themes/icons/rest.png HTTP/1.1" 304 -
120.253.135.82 - - [18/Jul/2022:11:46:14 +0800] "POST /xingrg/kc/pszx/jzcl_ps_operate.html HTTP/1.1" 200 1806
120.253.135.82 - - [18/Jul/2022:11:46:14 +0800] "POST /xingrg/kc/pszx/jzcl_ps_operate.html HTTP/1.1" 200 1806
218.81.223.53 - - [18/Jul/2022:11:46:18 +0800] "GET /xingrg/all/function/internal_message.html?_=1658115979010&CODE_STATE=getMsg HTTP/1.1" 200 27
101.85.238.90 - - [18/Jul/2022:11:46:21 +0800] "GET /xingrg/all/function/internal_message.html?_=1658116045681&CODE_STATE=getMsg HTTP/1.1" 200 27
120.253.135.82 - - [18/Jul/2022:11:46:22 +0800] "POST /xingrg/kc/pszx/jzcl_ps_operate.html HTTP/1.1" 200 4
120.253.135.82 - - [18/Jul/2022:11:46:22 +0800] "GET /xingrg/javascript/step/images/navBtn.gif HTTP/1.1" 200 361
120.253.135.82 - - [18/Jul/2022:11:46:22 +0800] "GET /xingrg/javascript/step/images/navLastDoneBtn.gif HTTP/1.1" 304 -
120.253.135.82 - - [18/Jul/2022:11:46:22 +0800] "GET /xingrg/javascript/step/images/navBtn.gif HTTP/1.1" 200 361
120.253.135.82 - - [18/Jul/2022:11:46:22 +0800] "GET /xingrg/javascript/step/images/navDoneBtn.gif HTTP/1.1" 304 -
120.253.135.82 - - [18/Jul/2022:11:46:23 +0800] "GET /xingrg/kc/pszx/mdps_order_list.html HTTP/1.1" 200 21007
120.253.135.82 - - [18/Jul/2022:11:46:23 +0800] "POST /xingrg/kc/pszx/jzcl_ps_operate.html HTTP/1.1" 200 924
120.253.135.82 - - [18/Jul/2022:11:46:24 +0800] "POST /xingrg/kc/pszx/mdps_list_operate.html HTTP/1.1" 200 5332
180.175.103.110 - - [18/Jul/2022:11:46:24 +0800] "GET /xingrg/all/function/internal_message.html?_=1658115875987&CODE_STATE=getMsg HTTP/1.1" 302 -
120.253.135.82 - - [18/Jul/2022:11:46:26 +0800] "GET /xingrg/kc/pszx/jzcl_ps.html HTTP/1.1" 200 7683
120.253.135.82 - - [18/Jul/2022:11:46:27 +0800] "POST /xingrg/all/common/load_tree.html?tree=area_rest_tree_json HTTP/1.1" 200 3472
120.253.135.82 - - [18/Jul/2022:11:46:27 +0800] "POST /xingrg/kc/pszx/jzcl_ps_operate.html HTTP/1.1" 200 924
120.253.135.82 - - [18/Jul/2022:11:46:27 +0800] "POST /xingrg/kc/pszx/jzcl_ps_operate.html HTTP/1.1" 200 924
120.253.135.82 - - [18/Jul/2022:11:46:34 +0800] "POST /xingrg/kc/pszx/jzcl_ps_operate.html HTTP/1.1" 200 4
120.253.135.82 - - [18/Jul/2022:11:46:35 +0800] "GET /xingrg/all/function/internal_message.html?_=1658115495644&CODE_STATE=getMsg HTTP/1.1" 200 27
101.83.223.227 - - [18/Jul/2022:11:46:35 +0800] "GET /xingrg/all/function/internal_message.html?_=1658115947405&CODE_STATE=getMsg HTTP/1.1" 200 27
120.253.135.82 - - [18/Jul/2022:11:46:36 +0800] "GET /xingrg/kc/pszx/mdps_order_list.html HTTP/1.1" 200 21007
120.253.135.82 - - [18/Jul/2022:11:46:37 +0800] "POST /xingrg/kc/pszx/mdps_list_operate.html HTTP/1.1" 200 5391
114.84.2.83 - - [18/Jul/2022:11:46:37 +0800] "GET /xingrg/all/function/internal_message.html?_=1658115996482&CODE_STATE=getMsg HTTP/1.1" 200 27
218.81.223.53 - - [18/Jul/2022:11:46:46 +0800] "GET /xingrg/check_reg.html?_=1658116007172 HTTP/1.1" 200 22
124.79.75.192 - - [18/Jul/2022:11:46:49 +0800] "POST /xingrg/services/DataTransmitService HTTP/1.1" 200 524
124.79.75.192 - - [18/Jul/2022:11:46:49 +0800] "POST /xingrg/services/DataTransmitService HTTP/1.1" 200 2147
124.79.75.192 - - [18/Jul/2022:11:46:49 +0800] "POST /xingrg/services/DataTransmitService HTTP/1.1" 200 524
124.79.75.192 - - [18/Jul/2022:11:46:50 +0800] "POST /xingrg/services/DataTransmitService HTTP/1.1" 200 2147
124.79.75.192 - - [18/Jul/2022:11:46:50 +0800] "POST /xingrg/services/DataTransmitService HTTP/1.1" 200 524
124.79.75.192 - - [18/Jul/2022:11:46:50 +0800] "POST /xingrg/services/DataTransmitService HTTP/1.1" 200 2147
124.79.75.192 - - [18/Jul/2022:11:46:50 +0800] "POST /xingrg/services/DataTransmitService HTTP/1.1" 200 524
124.79.75.192 - - [18/Jul/2022:11:46:51 +0800] "POST /xingrg/services/DataTransmitService HTTP/1.1" 200 2147
124.79.75.192 - - [18/Jul/2022:11:46:51 +0800] "POST /xingrg/services/DataTransmitService HTTP/1.1" 200 524
124.79.75.192 - - [18/Jul/2022:11:46:51 +0800] "POST /xingrg/services/DataTransmitService HTTP/1.1" 200 2147
101.83.240.35 - - [18/Jul/2022:11:46:51 +0800] "GET /xingrg/all/function/internal_message.html?_=1658116009434&CODE_STATE=getMsg HTTP/1.1" 200 27
124.79.75.192 - - [18/Jul/2022:11:46:51 +0800] "POST /xingrg/services/DataTransmitService HTTP/1.1" 200 524
124.79.75.192 - - [18/Jul/2022:11:46:52 +0800] "POST /xingrg/services/DataTransmitService HTTP/1.1" 200 2147
120.253.135.82 - - [18/Jul/2022:11:46:52 +0800] "POST /xingrg/kc/pszx/mdps_list_operate.html HTTP/1.1" 200 2433
124.79.75.192 - - [18/Jul/2022:11:46:52 +0800] "POST /xingrg/services/DataTransmitService HTTP/1.1" 200 524
124.79.75.192 - - [18/Jul/2022:11:46:52 +0800] "POST /xingrg/services/DataTransmitService HTTP/1.1" 200 2147
101.83.223.227 - - [18/Jul/2022:11:46:52 +0800] "POST /xingrg/kc/buy/cgsh_order_operate.html HTTP/1.1" 200 37
120.253.135.82 - - [18/Jul/2022:11:46:53 +0800] "GET /xingrg/all/function/internal_message.html?_=1658115820708&CODE_STATE=getMsg HTTP/1.1" 200 27
58.221.95.50 - - [18/Jul/2022:11:46:54 +0800] "GET /xingrg/all/function/internal_message.html?_=1658116013343&CODE_STATE=getMsg HTTP/1.1" 200 27
58.35.196.166 - - [18/Jul/2022:11:46:54 +0800] "GET /xingrg/kc/buy/cgsh_order_operate.html?command=get_materiel&rest_code=00156&code=00101008353&supplier_code=00100006&order_time=2022-07-18 HTTP/1.1" 200 424
120.253.135.82 - - [18/Jul/2022:11:46:54 +0800] "POST /xingrg/kc/pszx/mdps_list_operate.html HTTP/1.1" 200 557
124.79.75.192 - - [18/Jul/2022:11:46:54 +0800] "POST /xingrg/services/DataTransmitService HTTP/1.1" 200 524
124.79.75.192 - - [18/Jul/2022:11:46:54 +0800] "POST /xingrg/services/DataTransmitService HTTP/1.1" 200 2147
180.175.103.110 - - [18/Jul/2022:11:46:54 +0800] "GET /xingrg/all/function/internal_message.html?_=1658116014607&CODE_STATE=getMsg HTTP/1.1" 200 27
101.83.240.35 - - [18/Jul/2022:11:46:54 +0800] "GET /xingrg/check_reg.html?_=1658116012291 HTTP/1.1" 200 22
124.79.75.192 - - [18/Jul/2022:11:46:55 +0800] "POST /xingrg/services/DataTransmitService HTTP/1.1" 200 524
124.79.75.192 - - [18/Jul/2022:11:46:55 +0800] "POST /xingrg/services/DataTransmitService HTTP/1.1" 200 2147
120.253.135.82 - - [18/Jul/2022:11:46:55 +0800] "GET /xingrg/kc/pszx/mdps_order_info.html?code=312022071800319 HTTP/1.1" 200 23978
124.79.75.192 - - [18/Jul/2022:11:46:55 +0800] "POST /xingrg/services/DataTransmitService HTTP/1.1" 200 524
124.79.75.192 - - [18/Jul/2022:11:46:55 +0800] "POST /xingrg/services/DataTransmitService HTTP/1.1" 200 2147
120.253.135.82 - - [18/Jul/2022:11:46:56 +0800] "GET /xingrg/javascript/easyui/themes/default/validatebox.css HTTP/1.1" 404 1104
101.83.223.227 - - [18/Jul/2022:11:46:56 +0800] "POST /xingrg/kc/buy/cgsh_order_operate.html HTTP/1.1" 200 12
120.253.135.82 - - [18/Jul/2022:11:46:56 +0800] "POST /xingrg/kc/pszx/mdps_order_operate.html HTTP/1.1" 200 4334
124.79.75.192 - - [18/Jul/2022:11:46:56 +0800] "POST /xingrg/services/DataTransmitService HTTP/1.1" 200 524
124.79.75.192 - - [18/Jul/2022:11:46:56 +0800] "POST /xingrg/services/DataTransmitService HTTP/1.1" 200 2147
124.79.75.192 - - [18/Jul/2022:11:46:56 +0800] "POST /xingrg/services/DataTransmitService HTTP/1.1" 200 524
124.79.75.192 - - [18/Jul/2022:11:46:57 +0800] "POST /xingrg/services/DataTransmitService HTTP/1.1" 200 2147
124.79.75.192 - - [18/Jul/2022:11:46:57 +0800] "POST /xingrg/services/DataTransmitService HTTP/1.1" 200 524
101.83.223.227 - - [18/Jul/2022:11:46:57 +0800] "GET /xingrg/kc/buy/cgsh_order_info.html?code=212022071804525 HTTP/1.1" 200 62455
124.79.75.192 - - [18/Jul/2022:11:46:57 +0800] "POST /xingrg/services/DataTransmitService HTTP/1.1" 200 2147
101.83.223.227 - - [18/Jul/2022:11:46:57 +0800] "GET /xingrg/javascript/easyui/themes/default/validatebox.css HTTP/1.1" 404 1104
180.169.147.146 - - [18/Jul/2022:11:46:57 +0800] "GET /xingrg/all/function/internal_message.html?_=1658116016977&CODE_STATE=getMsg HTTP/1.1" 200 27
101.83.223.227 - - [18/Jul/2022:11:46:58 +0800] "POST /xingrg/kc/buy/cgsh_order_operate.html HTTP/1.1" 200 1195
120.253.135.82 - - [18/Jul/2022:11:46:58 +0800] "POST /xingrg/kc/pszx/mdps_order_operate.html HTTP/1.1" 200 37
101.85.120.95 - - [18/Jul/2022:11:46:59 +0800] "GET /xingrg/all/function/internal_message.html?_=1658116017983&CODE_STATE=getMsg HTTP/1.1" 200 27
120.253.135.82 - - [18/Jul/2022:11:46:59 +0800] "GET /xingrg/kc/pszx/mdps_order_info.html?code=312022071800319 HTTP/1.1" 200 23978
101.83.223.227 - - [18/Jul/2022:11:46:59 +0800] "GET /xingrg/kc/print/load_data.html?order_code=212022071804525&kc_code=cgsh&condition= HTTP/1.1" 200 980
116.230.110.48 - - [18/Jul/2022:11:47:00 +0800] "GET /xingrg/all/function/internal_message.html?_=1658116019426&CODE_STATE=getMsg HTTP/1.1" 200 27
120.253.135.82 - - [18/Jul/2022:11:47:00 +0800] "GET /xingrg/javascript/easyui/themes/default/validatebox.css HTTP/1.1" 404 1104
120.253.135.82 - - [18/Jul/2022:11:47:00 +0800] "POST /xingrg/kc/pszx/mdps_order_operate.html HTTP/1.1" 200 4372
58.35.196.166 - - [18/Jul/2022:11:47:03 +0800] "GET /xingrg/kc/buy/cgsh_order_operate.html?command=get_materiel&rest_code=00156&code=00101008417&supplier_code=00100006&order_time=2022-07-18 HTTP/1.1" 200 428
58.35.196.166 - - [18/Jul/2022:11:47:04 +0800] "GET /xingrg/all/function/internal_message.html?_=1658116021992&CODE_STATE=getMsg HTTP/1.1" 200 27
114.88.155.189 - - [18/Jul/2022:11:47:06 +0800] "GET /xingrg/all/function/internal_message.html?_=1658115720904&CODE_STATE=getMsg HTTP/1.1" 200 27
124.78.155.217 - - [18/Jul/2022:11:47:07 +0800] "GET /xingrg/all/function/internal_message.html?_=1658116028013&CODE_STATE=getMsg HTTP/1.1" 200 27
101.83.223.227 - - [18/Jul/2022:11:47:12 +0800] "GET /xingrg/kc/mdqp/qqps_order_list.html HTTP/1.1" 200 9222
101.83.223.227 - - [18/Jul/2022:11:47:12 +0800] "GET /xingrg/dwr/interface/AjaxQqpsService.js HTTP/1.1" 200 16326
101.83.223.227 - - [18/Jul/2022:11:47:12 +0800] "GET /xingrg/dwr/interface/AjaxReportQueryService.js HTTP/1.1" 200 13203
101.83.223.227 - - [18/Jul/2022:11:47:12 +0800] "GET /xingrg/dwr/engine.js HTTP/1.1" 200 43631
101.83.223.227 - - [18/Jul/2022:11:47:13 +0800] "GET /xingrg/kc/mdqp/qqps_order_add.html HTTP/1.1" 200 27580
101.83.223.227 - - [18/Jul/2022:11:47:13 +0800] "GET /xingrg/dwr/interface/AjaxComOrderService.js HTTP/1.1" 200 18264
101.83.223.227 - - [18/Jul/2022:11:47:14 +0800] "GET /xingrg/dwr/engine.js HTTP/1.1" 200 43631
101.83.223.227 - - [18/Jul/2022:11:47:14 +0800] "GET /xingrg/dwr/interface/AjaxQqpsService.js HTTP/1.1" 200 16326
120.253.135.82 - - [18/Jul/2022:11:47:14 +0800] "POST /xingrg/kc/pszx/mdps_list_operate.html HTTP/1.1" 200 292
120.253.135.82 - - [18/Jul/2022:11:47:15 +0800] "GET /xingrg/kc/pszx/mdps_order_info.html?code=312022071800320 HTTP/1.1" 200 23978
120.253.135.82 - - [18/Jul/2022:11:47:16 +0800] "GET /xingrg/javascript/easyui/themes/default/validatebox.css HTTP/1.1" 404 1104
120.253.135.82 - - [18/Jul/2022:11:47:16 +0800] "POST /xingrg/kc/pszx/mdps_order_operate.html HTTP/1.1" 200 2781
120.253.135.82 - - [18/Jul/2022:11:47:17 +0800] "POST /xingrg/all/common/load_combo.html?type=base HTTP/1.1" 200 1169
218.81.223.53 - - [18/Jul/2022:11:47:18 +0800] "GET /xingrg/all/function/internal_message.html?_=1658116039026&CODE_STATE=getMsg HTTP/1.1" 200 27
58.35.196.166 - - [18/Jul/2022:11:47:18 +0800] "GET /xingrg/kc/buy/cgsh_order_operate.html?command=get_materiel&rest_code=00156&code=00101008387&supplier_code=00100006&order_time=2022-07-18 HTTP/1.1" 200 412
120.253.135.82 - - [18/Jul/2022:11:47:21 +0800] "POST /xingrg/kc/pszx/mdps_order_operate.html HTTP/1.1" 200 37
101.85.238.90 - - [18/Jul/2022:11:47:21 +0800] "GET /xingrg/all/function/internal_message.html?_=1658116105687&CODE_STATE=getMsg HTTP/1.1" 200 27
120.253.135.82 - - [18/Jul/2022:11:47:22 +0800] "GET /xingrg/kc/pszx/mdps_order_info.html?code=312022071800320 HTTP/1.1" 200 23978
101.83.223.227 - - [18/Jul/2022:11:47:22 +0800] "POST /xingrg/dwr/call/plaincall/AjaxQqpsService.saveOrder.dwr HTTP/1.1" 200 78
120.253.135.82 - - [18/Jul/2022:11:47:23 +0800] "GET /xingrg/javascript/easyui/themes/default/validatebox.css HTTP/1.1" 404 1104
120.253.135.82 - - [18/Jul/2022:11:47:23 +0800] "POST /xingrg/kc/pszx/mdps_order_operate.html HTTP/1.1" 200 2797
180.175.103.110 - - [18/Jul/2022:11:47:24 +0800] "GET /xingrg/all/function/internal_message.html?_=1658115935987&CODE_STATE=getMsg HTTP/1.1" 302 -
116.233.73.229 - - [18/Jul/2022:11:47:26 +0800] "POST /xingrg/services/DataTransmitService HTTP/1.1" 200 524
58.35.196.166 - - [18/Jul/2022:11:47:26 +0800] "GET /xingrg/check_reg.html?_=1658116044628 HTTP/1.1" 200 22
116.233.73.229 - - [18/Jul/2022:11:47:26 +0800] "POST /xingrg/services/DataTransmitService HTTP/1.1" 200 501
101.83.223.227 - - [18/Jul/2022:11:47:26 +0800] "POST /xingrg/dwr/call/plaincall/AjaxQqpsService.getMaterielByCode.dwr HTTP/1.1" 200 2247
101.83.223.227 - - [18/Jul/2022:11:47:30 +0800] "POST /xingrg/dwr/call/plaincall/AjaxQqpsService.saveMaterielItem.dwr HTTP/1.1" 200 78
120.253.135.82 - - [18/Jul/2022:11:47:31 +0800] "POST /xingrg/kc/pszx/mdps_list_operate.html HTTP/1.1" 200 2433
58.35.196.166 - - [18/Jul/2022:11:47:31 +0800] "GET /xingrg/kc/buy/cgsh_order_operate.html?command=get_materiel&rest_code=00156&code=00101008005&supplier_code=00100006&order_time=2022-07-18 HTTP/1.1" 200 429
120.253.135.82 - - [18/Jul/2022:11:47:32 +0800] "POST /xingrg/kc/pszx/mdps_list_operate.html HTTP/1.1" 200 199
101.83.223.227 - - [18/Jul/2022:11:47:32 +0800] "POST /xingrg/dwr/call/plaincall/AjaxQqpsService.checkOrder.dwr HTTP/1.1" 200 78
120.253.135.82 - - [18/Jul/2022:11:47:33 +0800] "GET /xingrg/kc/pszx/mdps_order_info.html?code=312022071800306 HTTP/1.1" 200 23978
101.83.223.227 - - [18/Jul/2022:11:47:33 +0800] "GET /xingrg/kc/mdqp/qqps_order_info.html?code=302022071800255 HTTP/1.1" 200 25987
101.83.223.227 - - [18/Jul/2022:11:47:33 +0800] "GET /xingrg/dwr/interface/AjaxComOrderService.js HTTP/1.1" 200 18264
101.83.223.227 - - [18/Jul/2022:11:47:33 +0800] "GET /xingrg/dwr/engine.js HTTP/1.1" 200 43631
120.253.135.82 - - [18/Jul/2022:11:47:33 +0800] "POST /xingrg/kc/pszx/mdps_order_operate.html HTTP/1.1" 200 2277
120.253.135.82 - - [18/Jul/2022:11:47:33 +0800] "GET /xingrg/javascript/easyui/themes/default/validatebox.css HTTP/1.1" 404 1104
101.83.223.227 - - [18/Jul/2022:11:47:33 +0800] "GET /xingrg/dwr/interface/AjaxQqpsService.js HTTP/1.1" 200 16326
101.83.223.227 - - [18/Jul/2022:11:47:34 +0800] "POST /xingrg/dwr/call/plaincall/AjaxQqpsService.loadMaterielItems.dwr HTTP/1.1" 200 355
120.253.135.82 - - [18/Jul/2022:11:47:35 +0800] "GET /xingrg/all/function/internal_message.html?_=1658115555621&CODE_STATE=getMsg HTTP/1.1" 200 27
101.83.223.227 - - [18/Jul/2022:11:47:35 +0800] "GET /xingrg/all/function/internal_message.html?_=1658116007419&CODE_STATE=getMsg HTTP/1.1" 200 27
120.253.135.82 - - [18/Jul/2022:11:47:36 +0800] "GET /xingrg/kc/print/load_data.html?order_code=312022071800306&kc_code=mdps&condition= HTTP/1.1" 200 677
114.84.2.83 - - [18/Jul/2022:11:47:37 +0800] "GET /xingrg/all/function/internal_message.html?_=1658116056483&CODE_STATE=getMsg HTTP/1.1" 200 27
58.35.196.166 - - [18/Jul/2022:11:47:41 +0800] "GET /xingrg/kc/buy/cgsh_order_operate.html?command=get_materiel&rest_code=00156&code=00101008358&supplier_code=00100006&order_time=2022-07-18 HTTP/1.1" 200 412
120.253.135.82 - - [18/Jul/2022:11:47:43 +0800] "POST /xingrg/kc/pszx/mdps_list_operate.html HTTP/1.1" 200 2433
120.253.135.82 - - [18/Jul/2022:11:47:45 +0800] "POST /xingrg/kc/pszx/mdps_list_operate.html HTTP/1.1" 200 557
120.253.135.82 - - [18/Jul/2022:11:47:46 +0800] "GET /xingrg/kc/pszx/mdps_order_info.html?code=312022071800319 HTTP/1.1" 200 23978
120.253.135.82 - - [18/Jul/2022:11:47:46 +0800] "POST /xingrg/kc/pszx/mdps_order_operate.html HTTP/1.1" 200 4372
120.253.135.82 - - [18/Jul/2022:11:47:46 +0800] "GET /xingrg/javascript/easyui/themes/default/validatebox.css HTTP/1.1" 404 1104
58.35.196.166 - - [18/Jul/2022:11:47:50 +0800] "GET /xingrg/kc/buy/cgsh_order_operate.html?command=get_materiel&rest_code=00156&code=00101008370&supplier_code=00100006&order_time=2022-07-18 HTTP/1.1" 200 412
120.253.135.82 - - [18/Jul/2022:11:47:51 +0800] "GET /xingrg/kc/print/load_data.html?order_code=312022071800319&kc_code=mdps&condition= HTTP/1.1" 200 1699
101.83.240.35 - - [18/Jul/2022:11:47:51 +0800] "GET /xingrg/all/function/internal_message.html?_=1658116069408&CODE_STATE=getMsg HTTP/1.1" 200 27
120.253.135.82 - - [18/Jul/2022:11:47:53 +0800] "GET /xingrg/all/function/internal_message.html?_=1658115880722&CODE_STATE=getMsg HTTP/1.1" 200 27
58.221.95.50 - - [18/Jul/2022:11:47:54 +0800] "GET /xingrg/all/function/internal_message.html?_=1658116073337&CODE_STATE=getMsg HTTP/1.1" 200 27
180.175.103.110 - - [18/Jul/2022:11:47:54 +0800] "GET /xingrg/all/function/internal_message.html?_=1658116074577&CODE_STATE=getMsg HTTP/1.1" 200 27
120.253.135.82 - - [18/Jul/2022:11:47:57 +0800] "POST /xingrg/kc/pszx/mdps_list_operate.html HTTP/1.1" 200 2433
180.169.147.146 - - [18/Jul/2022:11:47:57 +0800] "GET /xingrg/all/function/internal_message.html?_=1658116076976&CODE_STATE=getMsg HTTP/1.1" 200 27
120.253.135.82 - - [18/Jul/2022:11:47:58 +0800] "POST /xingrg/kc/pszx/mdps_list_operate.html HTTP/1.1" 200 292
101.85.120.95 - - [18/Jul/2022:11:47:59 +0800] "GET /xingrg/all/function/internal_message.html?_=1658116077985&CODE_STATE=getMsg HTTP/1.1" 200 27
58.35.196.166 - - [18/Jul/2022:11:47:59 +0800] "GET /xingrg/kc/buy/cgsh_order_operate.html?command=get_materiel&rest_code=00156&code=00101008355&supplier_code=00100006&order_time=2022-07-18 HTTP/1.1" 200 408
120.253.135.82 - - [18/Jul/2022:11:47:59 +0800] "GET /xingrg/kc/pszx/mdps_order_info.html?code=312022071800320 HTTP/1.1" 200 23978
120.253.135.82 - - [18/Jul/2022:11:48:00 +0800] "POST /xingrg/kc/pszx/mdps_order_operate.html HTTP/1.1" 200 2797
120.253.135.82 - - [18/Jul/2022:11:48:00 +0800] "GET /xingrg/javascript/easyui/themes/default/validatebox.css HTTP/1.1" 404 1104
116.230.110.48 - - [18/Jul/2022:11:48:00 +0800] "GET /xingrg/check_reg.html?_=1658116079424 HTTP/1.1" 200 22
116.230.110.48 - - [18/Jul/2022:11:48:00 +0800] "GET /xingrg/all/function/internal_message.html?_=1658116079427&CODE_STATE=getMsg HTTP/1.1" 200 27
120.253.135.82 - - [18/Jul/2022:11:48:02 +0800] "GET /xingrg/kc/print/load_data.html?order_code=312022071800320&kc_code=mdps&condition= HTTP/1.1" 200 924
58.35.196.166 - - [18/Jul/2022:11:48:03 +0800] "GET /xingrg/all/function/internal_message.html?_=1658116081967&CODE_STATE=getMsg HTTP/1.1" 200 27
114.88.155.189 - - [18/Jul/2022:11:48:06 +0800] "GET /xingrg/all/function/internal_message.html?_=1658115780877&CODE_STATE=getMsg HTTP/1.1" 200 27
58.35.196.166 - - [18/Jul/2022:11:48:07 +0800] "GET /xingrg/kc/buy/cgsh_order_operate.html?command=get_materiel&rest_code=00156&code=00101012019&supplier_code=00100006&order_time=2022-07-18 HTTP/1.1" 200 412
124.78.155.217 - - [18/Jul/2022:11:48:07 +0800] "GET /xingrg/all/function/internal_message.html?_=1658116088001&CODE_STATE=getMsg HTTP/1.1" 200 27
124.78.155.217 - - [18/Jul/2022:11:48:07 +0800] "GET /xingrg/check_reg.html?_=1658116088197 HTTP/1.1" 200 22
120.253.135.82 - - [18/Jul/2022:11:48:08 +0800] "POST /xingrg/kc/pszx/mdps_list_operate.html HTTP/1.1" 200 2433
218.81.223.53 - - [18/Jul/2022:11:48:18 +0800] "GET /xingrg/all/function/internal_message.html?_=1658116099039&CODE_STATE=getMsg HTTP/1.1" 200 27
101.85.238.90 - - [18/Jul/2022:11:48:21 +0800] "GET /xingrg/all/function/internal_message.html?_=1658116166058&CODE_STATE=getMsg HTTP/1.1" 200 27
180.175.103.110 - - [18/Jul/2022:11:48:24 +0800] "GET /xingrg/all/function/internal_message.html?_=1658115995987&CODE_STATE=getMsg HTTP/1.1" 302 -
120.253.135.82 - - [18/Jul/2022:11:48:35 +0800] "GET /xingrg/all/function/internal_message.html?_=1658115615597&CODE_STATE=getMsg HTTP/1.1" 200 27
101.83.223.227 - - [18/Jul/2022:11:48:35 +0800] "GET /xingrg/check_reg.html?_=1658116067370 HTTP/1.1" 200 22
101.83.223.227 - - [18/Jul/2022:11:48:35 +0800] "GET /xingrg/all/function/internal_message.html?_=1658116067432&CODE_STATE=getMsg HTTP/1.1" 200 27
120.253.135.82 - - [18/Jul/2022:11:48:36 +0800] "GET /xingrg/check_reg.html?_=1658115616933 HTTP/1.1" 200 22
114.84.2.83 - - [18/Jul/2022:11:48:37 +0800] "GET /xingrg/all/function/internal_message.html?_=1658116116482&CODE_STATE=getMsg HTTP/1.1" 200 27
58.35.196.166 - - [18/Jul/2022:11:48:43 +0800] "GET /xingrg/kc/buy/cgsh_order_operate.html?command=get_materiel&rest_code=00156&code=00101009134&supplier_code=00100006&order_time=2022-07-18 HTTP/1.1" 200 416
120.253.135.82 - - [18/Jul/2022:11:48:46 +0800] "GET /xingrg/check_reg.html?_=1658115933848 HTTP/1.1" 200 22
58.35.196.166 - - [18/Jul/2022:11:48:49 +0800] "POST /xingrg/kc/buy/cgsh_order_operate.html HTTP/1.1" 200 2065
101.83.240.35 - - [18/Jul/2022:11:48:51 +0800] "GET /xingrg/all/function/internal_message.html?_=1658116129378&CODE_STATE=getMsg HTTP/1.1" 200 27
120.253.135.82 - - [18/Jul/2022:11:48:53 +0800] "GET /xingrg/all/function/internal_message.html?_=1658115940735&CODE_STATE=getMsg HTTP/1.1" 200 27
58.221.95.50 - - [18/Jul/2022:11:48:54 +0800] "GET /xingrg/all/function/internal_message.html?_=1658116133332&CODE_STATE=getMsg HTTP/1.1" 200 27
180.175.103.110 - - [18/Jul/2022:11:48:54 +0800] "GET /xingrg/all/function/internal_message.html?_=1658116134546&CODE_STATE=getMsg HTTP/1.1" 200 27
58.35.196.166 - - [18/Jul/2022:11:48:56 +0800] "GET /xingrg/kc/buy/cgsh_order_operate.html?command=get_materiel&rest_code=00156&code=00101009041&supplier_code=00100006&order_time=2022-07-18 HTTP/1.1" 200 411
180.169.147.146 - - [18/Jul/2022:11:48:57 +0800] "GET /xingrg/all/function/internal_message.html?_=1658116136944&CODE_STATE=getMsg HTTP/1.1" 200 27
101.85.238.90 - - [18/Jul/2022:11:48:58 +0800] "GET /xingrg/check_reg.html?_=1658116202314 HTTP/1.1" 200 22
101.85.120.95 - - [18/Jul/2022:11:48:59 +0800] "GET /xingrg/all/function/internal_message.html?_=1658116137987&CODE_STATE=getMsg HTTP/1.1" 200 27
116.230.110.48 - - [18/Jul/2022:11:49:00 +0800] "GET /xingrg/all/function/internal_message.html?_=1658116139424&CODE_STATE=getMsg HTTP/1.1" 200 27
58.35.196.166 - - [18/Jul/2022:11:49:03 +0800] "GET /xingrg/all/function/internal_message.html?_=1658116141939&CODE_STATE=getMsg HTTP/1.1" 200 27
114.88.155.189 - - [18/Jul/2022:11:49:06 +0800] "GET /xingrg/all/function/internal_message.html?_=1658115840847&CODE_STATE=getMsg HTTP/1.1" 200 27
124.78.155.217 - - [18/Jul/2022:11:49:07 +0800] "GET /xingrg/all/function/internal_message.html?_=1658116148012&CODE_STATE=getMsg HTTP/1.1" 200 27
58.35.196.166 - - [18/Jul/2022:11:49:08 +0800] "POST /xingrg/kc/buy/cgsh_order_operate.html HTTP/1.1" 200 37
58.35.196.166 - - [18/Jul/2022:11:49:11 +0800] "POST /xingrg/kc/buy/cgsh_order_operate.html HTTP/1.1" 200 13891
218.81.223.53 - - [18/Jul/2022:11:49:18 +0800] "GET /xingrg/all/function/internal_message.html?_=1658116159306&CODE_STATE=getMsg HTTP/1.1" 200 27
101.85.238.90 - - [18/Jul/2022:11:49:21 +0800] "GET /xingrg/all/function/internal_message.html?_=1658116226073&CODE_STATE=getMsg HTTP/1.1" 200 27
58.35.196.166 - - [18/Jul/2022:11:49:23 +0800] "GET /xingrg/kc/print/load_config.html?kc_code=cgsh HTTP/1.1" 200 1943
58.35.196.166 - - [18/Jul/2022:11:49:23 +0800] "GET /xingrg/kc/print/load_data.html?order_code=212022071804526&kc_code=cgsh&condition= HTTP/1.1" 200 4941
180.175.103.110 - - [18/Jul/2022:11:49:24 +0800] "GET /xingrg/all/function/internal_message.html?_=1658116055987&CODE_STATE=getMsg HTTP/1.1" 302 -
120.253.135.82 - - [18/Jul/2022:11:49:35 +0800] "GET /xingrg/all/function/internal_message.html?_=1658115675592&CODE_STATE=getMsg HTTP/1.1" 200 27
101.83.223.227 - - [18/Jul/2022:11:49:35 +0800] "GET /xingrg/all/function/internal_message.html?_=1658116127446&CODE_STATE=getMsg HTTP/1.1" 200 27
114.84.2.83 - - [18/Jul/2022:11:49:37 +0800] "GET /xingrg/all/function/internal_message.html?_=1658116176482&CODE_STATE=getMsg HTTP/1.1" 200 27
120.253.135.82 - - [18/Jul/2022:11:49:47 +0800] "POST /xingrg/kc/pszx/mdps_list_operate.html HTTP/1.1" 200 2433
120.253.135.82 - - [18/Jul/2022:11:49:50 +0800] "POST /xingrg/kc/pszx/mdps_list_operate.html HTTP/1.1" 200 280
101.83.240.35 - - [18/Jul/2022:11:49:51 +0800] "GET /xingrg/all/function/internal_message.html?_=1658116189370&CODE_STATE=getMsg HTTP/1.1" 200 27
120.253.135.82 - - [18/Jul/2022:11:49:52 +0800] "GET /xingrg/kc/pszx/mdps_order_info.html?code=312022071800305 HTTP/1.1" 200 23978
120.253.135.82 - - [18/Jul/2022:11:49:52 +0800] "POST /xingrg/kc/pszx/mdps_order_operate.html HTTP/1.1" 200 2774
120.253.135.82 - - [18/Jul/2022:11:49:52 +0800] "GET /xingrg/javascript/easyui/themes/default/validatebox.css HTTP/1.1" 404 1104
120.253.135.82 - - [18/Jul/2022:11:49:53 +0800] "GET /xingrg/all/function/internal_message.html?_=1658116000750&CODE_STATE=getMsg HTTP/1.1" 200 27
58.221.95.50 - - [18/Jul/2022:11:49:54 +0800] "GET /xingrg/all/function/internal_message.html?_=1658116193323&CODE_STATE=getMsg HTTP/1.1" 200 27
180.175.103.110 - - [18/Jul/2022:11:49:54 +0800] "GET /xingrg/all/function/internal_message.html?_=1658116194524&CODE_STATE=getMsg HTTP/1.1" 200 27
58.221.95.50 - - [18/Jul/2022:11:49:55 +0800] "GET /xingrg/check_reg.html?_=1658116194276 HTTP/1.1" 200 22
120.253.135.82 - - [18/Jul/2022:11:49:55 +0800] "GET /xingrg/javascript/jquery_tools/images/prev.gif HTTP/1.1" 404 1086
120.253.135.82 - - [18/Jul/2022:11:49:55 +0800] "GET /xingrg/javascript/jquery_tools/images/next.gif HTTP/1.1" 404 1086
180.175.103.110 - - [18/Jul/2022:11:49:56 +0800] "GET /xingrg/check_reg.html?_=1658116196773 HTTP/1.1" 200 22
180.169.147.146 - - [18/Jul/2022:11:49:57 +0800] "GET /xingrg/all/function/internal_message.html?_=1658116196927&CODE_STATE=getMsg HTTP/1.1" 200 27
101.85.120.95 - - [18/Jul/2022:11:49:59 +0800] "GET /xingrg/all/function/internal_message.html?_=1658116197988&CODE_STATE=getMsg HTTP/1.1" 200 27
101.85.120.95 - - [18/Jul/2022:11:49:59 +0800] "GET /xingrg/check_reg.html?_=1658116197991 HTTP/1.1" 200 22
120.253.135.82 - - [18/Jul/2022:11:50:00 +0800] "POST /xingrg/kc/pszx/mdps_order_operate.html HTTP/1.1" 200 37
