114.84.2.83 - - [18/Jul/2022:11:17:37 +0800] "GET /xingrg/all/function/internal_message.html?_=1658114256458&CODE_STATE=getMsg HTTP/1.1" 200 27
101.83.240.35 - - [18/Jul/2022:11:17:52 +0800] "GET /xingrg/all/function/internal_message.html?_=1658114269928&CODE_STATE=getMsg HTTP/1.1" 200 27
58.221.95.50 - - [18/Jul/2022:11:17:54 +0800] "GET /xingrg/all/function/internal_message.html?_=1658114273500&CODE_STATE=getMsg HTTP/1.1" 200 27
180.175.103.110 - - [18/Jul/2022:11:17:55 +0800] "GET /xingrg/all/function/internal_message.html?_=1658114275304&CODE_STATE=getMsg HTTP/1.1" 200 27
180.169.147.146 - - [18/Jul/2022:11:17:58 +0800] "GET /xingrg/all/function/internal_message.html?_=1658114277512&CODE_STATE=getMsg HTTP/1.1" 200 27
101.85.120.95 - - [18/Jul/2022:11:17:58 +0800] "GET /xingrg/all/function/internal_message.html?_=1658114277943&CODE_STATE=getMsg HTTP/1.1" 200 27
116.230.110.48 - - [18/Jul/2022:11:18:00 +0800] "GET /xingrg/check_reg.html?_=1658114279423 HTTP/1.1" 200 22
116.230.110.48 - - [18/Jul/2022:11:18:00 +0800] "GET /xingrg/all/function/internal_message.html?_=1658114279427&CODE_STATE=getMsg HTTP/1.1" 200 27
58.35.196.166 - - [18/Jul/2022:11:18:04 +0800] "GET /xingrg/all/function/internal_message.html?_=1658114282645&CODE_STATE=getMsg HTTP/1.1" 200 27
101.83.223.227 - - [18/Jul/2022:11:18:05 +0800] "GET /xingrg/all/function/internal_message.html?_=1658114237627&CODE_STATE=getMsg HTTP/1.1" 200 27
114.88.155.189 - - [18/Jul/2022:11:18:07 +0800] "GET /xingrg/all/function/internal_message.html?_=1658113981529&CODE_STATE=getMsg HTTP/1.1" 200 27
124.78.155.217 - - [18/Jul/2022:11:18:07 +0800] "GET /xingrg/all/function/internal_message.html?_=1658114287909&CODE_STATE=getMsg HTTP/1.1" 200 27
124.78.155.217 - - [18/Jul/2022:11:18:07 +0800] "GET /xingrg/check_reg.html?_=1658114288125 HTTP/1.1" 200 22
218.81.223.53 - - [18/Jul/2022:11:18:14 +0800] "GET /xingrg/all/function/internal_message.html?_=1658114295559&CODE_STATE=getMsg HTTP/1.1" 200 27
101.85.238.90 - - [18/Jul/2022:11:18:17 +0800] "GET /xingrg/all/function/internal_message.html?_=1658114361319&CODE_STATE=getMsg HTTP/1.1" 200 27
180.175.103.110 - - [18/Jul/2022:11:18:24 +0800] "GET /xingrg/all/function/internal_message.html?_=1658114195937&CODE_STATE=getMsg HTTP/1.1" 302 -
175.42.36.208 - - [18/Jul/2022:11:18:28 +0800] "GET /xingrg/all/function/internal_message.html?_=1658114307136&CODE_STATE=getMsg HTTP/1.1" 200 27
120.253.135.82 - - [18/Jul/2022:11:18:36 +0800] "GET /xingrg/all/function/internal_message.html?_=1658113816310&CODE_STATE=getMsg HTTP/1.1" 200 27
120.253.135.82 - - [18/Jul/2022:11:18:36 +0800] "GET /xingrg/check_reg.html?_=1658113816762 HTTP/1.1" 200 22
114.84.2.83 - - [18/Jul/2022:11:18:37 +0800] "GET /xingrg/all/function/internal_message.html?_=1658114316457&CODE_STATE=getMsg HTTP/1.1" 200 27
101.83.240.35 - - [18/Jul/2022:11:18:39 +0800] "POST /xingrg/services/DataTransmitService HTTP/1.1" 200 524
101.83.240.35 - - [18/Jul/2022:11:18:39 +0800] "POST /xingrg/services/DataTransmitService HTTP/1.1" 200 2159
101.83.240.35 - - [18/Jul/2022:11:18:43 +0800] "POST /xingrg/services/DataTransmitService HTTP/1.1" 200 524
101.83.240.35 - - [18/Jul/2022:11:18:43 +0800] "POST /xingrg/services/DataTransmitService HTTP/1.1" 200 2159
101.83.240.35 - - [18/Jul/2022:11:18:52 +0800] "GET /xingrg/all/function/internal_message.html?_=1658114329912&CODE_STATE=getMsg HTTP/1.1" 200 27
58.221.95.50 - - [18/Jul/2022:11:18:54 +0800] "GET /xingrg/all/function/internal_message.html?_=1658114333494&CODE_STATE=getMsg HTTP/1.1" 200 27
180.175.103.110 - - [18/Jul/2022:11:18:55 +0800] "GET /xingrg/all/function/internal_message.html?_=1658114335280&CODE_STATE=getMsg HTTP/1.1" 200 27
101.85.238.90 - - [18/Jul/2022:11:18:58 +0800] "GET /xingrg/check_reg.html?_=1658114402282 HTTP/1.1" 200 22
180.169.147.146 - - [18/Jul/2022:11:18:58 +0800] "GET /xingrg/all/function/internal_message.html?_=1658114337496&CODE_STATE=getMsg HTTP/1.1" 200 27
101.85.120.95 - - [18/Jul/2022:11:18:58 +0800] "GET /xingrg/all/function/internal_message.html?_=1658114337944&CODE_STATE=getMsg HTTP/1.1" 200 27
116.230.110.48 - - [18/Jul/2022:11:19:00 +0800] "GET /xingrg/all/function/internal_message.html?_=1658114339425&CODE_STATE=getMsg HTTP/1.1" 200 27
58.35.196.166 - - [18/Jul/2022:11:19:04 +0800] "GET /xingrg/all/function/internal_message.html?_=1658114342631&CODE_STATE=getMsg HTTP/1.1" 200 27
101.83.223.227 - - [18/Jul/2022:11:19:05 +0800] "GET /xingrg/all/function/internal_message.html?_=1658114297632&CODE_STATE=getMsg HTTP/1.1" 200 27
114.88.155.189 - - [18/Jul/2022:11:19:07 +0800] "GET /xingrg/all/function/internal_message.html?_=1658114041501&CODE_STATE=getMsg HTTP/1.1" 200 27
124.78.155.217 - - [18/Jul/2022:11:19:07 +0800] "GET /xingrg/all/function/internal_message.html?_=1658114347927&CODE_STATE=getMsg HTTP/1.1" 200 27
101.83.223.227 - - [18/Jul/2022:11:19:14 +0800] "GET /xingrg/kc/base/wldb_order_list.html HTTP/1.1" 200 19148
101.83.223.227 - - [18/Jul/2022:11:19:14 +0800] "POST /xingrg/kc/base/wldb_list_operate.html HTTP/1.1" 200 928
218.81.223.53 - - [18/Jul/2022:11:19:15 +0800] "GET /xingrg/all/function/internal_message.html?_=1658114355881&CODE_STATE=getMsg HTTP/1.1" 200 27
101.85.238.90 - - [18/Jul/2022:11:19:17 +0800] "GET /xingrg/all/function/internal_message.html?_=1658114421328&CODE_STATE=getMsg HTTP/1.1" 200 27
101.83.223.227 - - [18/Jul/2022:11:19:17 +0800] "GET /xingrg/kc/base/wldb_order_add.html HTTP/1.1" 200 30370
101.83.223.227 - - [18/Jul/2022:11:19:17 +0800] "POST /xingrg/kc/base/wldb_order_operate.html HTTP/1.1" 200 6806
101.83.223.227 - - [18/Jul/2022:11:19:17 +0800] "GET /xingrg/all/common/auto_word.html?type=base&rest_code=00150 HTTP/1.1" 200 1699
101.83.223.227 - - [18/Jul/2022:11:19:17 +0800] "GET /xingrg/all/common/auto_word.html?type=base&rest_code=00150 HTTP/1.1" 200 1699
101.83.223.227 - - [18/Jul/2022:11:19:17 +0800] "GET /xingrg/javascript/easyui/themes/default/validatebox.css HTTP/1.1" 404 1104
101.83.223.227 - - [18/Jul/2022:11:19:18 +0800] "GET /xingrg/css/images/panel_loading.gif HTTP/1.1" 304 -
101.83.223.227 - - [18/Jul/2022:11:19:18 +0800] "POST /xingrg/all/common/load_combo.html?type=base HTTP/1.1" 200 3051
180.175.103.110 - - [18/Jul/2022:11:19:24 +0800] "GET /xingrg/all/function/internal_message.html?_=1658114255938&CODE_STATE=getMsg HTTP/1.1" 302 -
101.83.223.227 - - [18/Jul/2022:11:19:27 +0800] "GET /xingrg/javascript/auto/indicator.gif HTTP/1.1" 404 1066
175.42.36.208 - - [18/Jul/2022:11:19:28 +0800] "GET /xingrg/all/function/internal_message.html?_=1658114367139&CODE_STATE=getMsg HTTP/1.1" 200 27
175.42.36.208 - - [18/Jul/2022:11:19:28 +0800] "GET /xingrg/check_reg.html?_=1658114367142 HTTP/1.1" 200 22
101.83.223.227 - - [18/Jul/2022:11:19:32 +0800] "GET /xingrg/kc/base/wldb_order_operate.html?command=get_materiel&rest_code=00150&base_code=0010445&code=00102002321 HTTP/1.1" 200 446
120.253.135.82 - - [18/Jul/2022:11:19:36 +0800] "GET /xingrg/all/function/internal_message.html?_=1658113876308&CODE_STATE=getMsg HTTP/1.1" 200 27
114.84.2.83 - - [18/Jul/2022:11:19:37 +0800] "GET /xingrg/all/function/internal_message.html?_=1658114376457&CODE_STATE=getMsg HTTP/1.1" 200 27
101.83.223.227 - - [18/Jul/2022:11:19:39 +0800] "GET /favicon.ico HTTP/1.1" 404 -
101.83.223.227 - - [18/Jul/2022:11:19:39 +0800] "POST /xingrg/all/common/load_tree.html?tree=materiel_sort_tree_json HTTP/1.1" 200 9388
101.83.223.227 - - [18/Jul/2022:11:19:44 +0800] "GET /xingrg/kc/base/wldb_order_operate.html?command=get_materiel&rest_code=00150&base_code=0010446&code=00102002321 HTTP/1.1" 200 447
101.83.240.35 - - [18/Jul/2022:11:19:52 +0800] "GET /xingrg/all/function/internal_message.html?_=1658114389905&CODE_STATE=getMsg HTTP/1.1" 200 27
58.221.95.50 - - [18/Jul/2022:11:19:54 +0800] "GET /xingrg/all/function/internal_message.html?_=1658114393507&CODE_STATE=getMsg HTTP/1.1" 200 27
58.221.95.50 - - [18/Jul/2022:11:19:55 +0800] "GET /xingrg/check_reg.html?_=1658114394227 HTTP/1.1" 200 22
180.175.103.110 - - [18/Jul/2022:11:19:55 +0800] "GET /xingrg/all/function/internal_message.html?_=1658114395261&CODE_STATE=getMsg HTTP/1.1" 200 27
180.175.103.110 - - [18/Jul/2022:11:19:56 +0800] "GET /xingrg/check_reg.html?_=1658114396747 HTTP/1.1" 200 22
101.83.223.227 - - [18/Jul/2022:11:19:57 +0800] "POST /xingrg/kc/base/wldb_order_operate.html HTTP/1.1" 200 37
180.169.147.146 - - [18/Jul/2022:11:19:58 +0800] "GET /xingrg/all/function/internal_message.html?_=1658114397479&CODE_STATE=getMsg HTTP/1.1" 200 27
101.85.120.95 - - [18/Jul/2022:11:19:58 +0800] "GET /xingrg/check_reg.html?_=1658114397948 HTTP/1.1" 200 22
101.85.120.95 - - [18/Jul/2022:11:19:58 +0800] "GET /xingrg/all/function/internal_message.html?_=1658114397944&CODE_STATE=getMsg HTTP/1.1" 200 27
101.83.223.227 - - [18/Jul/2022:11:19:59 +0800] "POST /xingrg/kc/base/wldb_order_operate.html HTTP/1.1" 200 12
101.83.223.227 - - [18/Jul/2022:11:19:59 +0800] "POST /xingrg/kc/base/wldb_order_operate.html HTTP/1.1" 200 2195
116.230.110.48 - - [18/Jul/2022:11:20:00 +0800] "GET /xingrg/all/function/internal_message.html?_=1658114399425&CODE_STATE=getMsg HTTP/1.1" 200 27
101.83.223.227 - - [18/Jul/2022:11:20:01 +0800] "GET /xingrg/kc/base/wldb_order_info.html?code=422022071801084 HTTP/1.1" 200 26249
101.83.223.227 - - [18/Jul/2022:11:20:01 +0800] "GET /xingrg/javascript/easyui/themes/default/validatebox.css HTTP/1.1" 404 1104
101.83.223.227 - - [18/Jul/2022:11:20:01 +0800] "POST /xingrg/kc/base/wldb_order_operate.html HTTP/1.1" 200 489
101.83.223.227 - - [18/Jul/2022:11:20:04 +0800] "GET /xingrg/kc/base/wldb_order_add.html HTTP/1.1" 200 30370
58.35.196.166 - - [18/Jul/2022:11:20:04 +0800] "GET /xingrg/all/function/internal_message.html?_=1658114402600&CODE_STATE=getMsg HTTP/1.1" 200 27
101.83.223.227 - - [18/Jul/2022:11:20:04 +0800] "POST /xingrg/kc/base/wldb_order_operate.html HTTP/1.1" 200 6806
101.83.223.227 - - [18/Jul/2022:11:20:05 +0800] "GET /xingrg/javascript/easyui/themes/default/validatebox.css HTTP/1.1" 404 1104
101.83.223.227 - - [18/Jul/2022:11:20:05 +0800] "GET /xingrg/check_reg.html?_=1658114357521 HTTP/1.1" 200 22
101.83.223.227 - - [18/Jul/2022:11:20:05 +0800] "GET /xingrg/all/function/internal_message.html?_=1658114357646&CODE_STATE=getMsg HTTP/1.1" 200 27
101.83.223.227 - - [18/Jul/2022:11:20:06 +0800] "POST /xingrg/all/common/load_combo.html?type=base HTTP/1.1" 200 3051
114.88.155.189 - - [18/Jul/2022:11:20:07 +0800] "GET /xingrg/all/function/internal_message.html?_=1658114101471&CODE_STATE=getMsg HTTP/1.1" 200 27
114.88.155.189 - - [18/Jul/2022:11:20:07 +0800] "GET /xingrg/check_reg.html?_=1658114101731 HTTP/1.1" 200 22
124.78.155.217 - - [18/Jul/2022:11:20:07 +0800] "GET /xingrg/all/function/internal_message.html?_=1658114407927&CODE_STATE=getMsg HTTP/1.1" 200 27
101.83.223.227 - - [18/Jul/2022:11:20:14 +0800] "GET /xingrg/kc/base/wldb_order_operate.html?command=get_materiel&rest_code=00150&base_code=0010445&code=00101019295 HTTP/1.1" 200 477
218.81.223.53 - - [18/Jul/2022:11:20:14 +0800] "GET /xingrg/all/function/internal_message.html?_=1658114415882&CODE_STATE=getMsg HTTP/1.1" 200 27
101.85.238.90 - - [18/Jul/2022:11:20:17 +0800] "GET /xingrg/all/function/internal_message.html?_=1658114481343&CODE_STATE=getMsg HTTP/1.1" 200 27
101.83.223.227 - - [18/Jul/2022:11:20:20 +0800] "GET /xingrg/kc/base/wldb_order_operate.html?command=get_materiel&rest_code=00150&base_code=0010445&code=00101019079 HTTP/1.1" 200 479
180.175.103.110 - - [18/Jul/2022:11:20:24 +0800] "GET /xingrg/check_reg.html?_=1658114315970 HTTP/1.1" 302 -
180.175.103.110 - - [18/Jul/2022:11:20:24 +0800] "GET /xingrg/all/function/internal_message.html?_=1658114315974&CODE_STATE=getMsg HTTP/1.1" 302 -
101.83.223.227 - - [18/Jul/2022:11:20:26 +0800] "GET /xingrg/kc/base/wldb_order_operate.html?command=get_materiel&rest_code=00150&base_code=0010445&code=00101019422 HTTP/1.1" 200 474
175.42.36.208 - - [18/Jul/2022:11:20:28 +0800] "GET /xingrg/all/function/internal_message.html?_=1658114427131&CODE_STATE=getMsg HTTP/1.1" 200 27
101.83.223.227 - - [18/Jul/2022:11:20:33 +0800] "GET /xingrg/kc/base/wldb_order_operate.html?command=get_materiel&rest_code=00150&base_code=0010445&code=00101016060 HTTP/1.1" 200 466
120.253.135.82 - - [18/Jul/2022:11:20:35 +0800] "GET /xingrg/all/function/internal_message.html?_=1658113936286&CODE_STATE=getMsg HTTP/1.1" 200 27
114.84.2.83 - - [18/Jul/2022:11:20:37 +0800] "GET /xingrg/all/function/internal_message.html?_=1658114436457&CODE_STATE=getMsg HTTP/1.1" 200 27
114.84.2.83 - - [18/Jul/2022:11:20:37 +0800] "GET /xingrg/check_reg.html?_=1658114436459 HTTP/1.1" 200 22
101.83.223.227 - - [18/Jul/2022:11:20:39 +0800] "GET /xingrg/kc/base/wldb_order_operate.html?command=get_materiel&rest_code=00150&base_code=0010445&code=00101019416 HTTP/1.1" 200 466
114.88.155.189 - - [18/Jul/2022:11:20:42 +0800] "GET /xingrg/kc/buy/cgsh_order_add.html HTTP/1.1" 200 67944
114.88.155.189 - - [18/Jul/2022:11:20:43 +0800] "POST /xingrg/kc/buy/cgsh_order_operate.html HTTP/1.1" 200 8245
114.88.155.189 - - [18/Jul/2022:11:20:43 +0800] "GET /xingrg/javascript/easyui/themes/default/validatebox.css HTTP/1.1" 404 1104
101.83.223.227 - - [18/Jul/2022:11:20:52 +0800] "POST /xingrg/kc/base/wldb_order_operate.html HTTP/1.1" 200 37
101.83.240.35 - - [18/Jul/2022:11:20:52 +0800] "GET /xingrg/all/function/internal_message.html?_=1658114449894&CODE_STATE=getMsg HTTP/1.1" 200 27
101.83.223.227 - - [18/Jul/2022:11:20:54 +0800] "POST /xingrg/kc/base/wldb_order_operate.html HTTP/1.1" 200 12
58.221.95.50 - - [18/Jul/2022:11:20:54 +0800] "GET /xingrg/all/function/internal_message.html?_=1658114453485&CODE_STATE=getMsg HTTP/1.1" 200 27
101.83.223.227 - - [18/Jul/2022:11:20:54 +0800] "POST /xingrg/kc/base/wldb_order_operate.html HTTP/1.1" 200 4239
101.83.223.227 - - [18/Jul/2022:11:20:55 +0800] "GET /xingrg/kc/base/wldb_order_info.html?code=422022071801085 HTTP/1.1" 200 26253
180.175.103.110 - - [18/Jul/2022:11:20:55 +0800] "GET /xingrg/all/function/internal_message.html?_=1658114455234&CODE_STATE=getMsg HTTP/1.1" 200 27
101.83.223.227 - - [18/Jul/2022:11:20:55 +0800] "GET /xingrg/javascript/easyui/themes/default/validatebox.css HTTP/1.1" 404 1104
101.83.223.227 - - [18/Jul/2022:11:20:55 +0800] "POST /xingrg/kc/base/wldb_order_operate.html HTTP/1.1" 200 2489
180.169.147.146 - - [18/Jul/2022:11:20:58 +0800] "GET /xingrg/all/function/internal_message.html?_=1658114457463&CODE_STATE=getMsg HTTP/1.1" 200 27
180.169.147.146 - - [18/Jul/2022:11:20:58 +0800] "GET /xingrg/check_reg.html?_=1658114457682 HTTP/1.1" 200 22
101.85.120.95 - - [18/Jul/2022:11:20:58 +0800] "GET /xingrg/all/function/internal_message.html?_=1658114457933&CODE_STATE=getMsg HTTP/1.1" 200 27
116.230.110.48 - - [18/Jul/2022:11:21:00 +0800] "GET /xingrg/all/function/internal_message.html?_=1658114459428&CODE_STATE=getMsg HTTP/1.1" 200 27
101.83.223.227 - - [18/Jul/2022:11:21:00 +0800] "GET /xingrg/kc/base/wldb_order_add.html HTTP/1.1" 200 30370
101.83.223.227 - - [18/Jul/2022:11:21:01 +0800] "POST /xingrg/kc/base/wldb_order_operate.html HTTP/1.1" 200 6806
101.83.223.227 - - [18/Jul/2022:11:21:01 +0800] "GET /xingrg/javascript/easyui/themes/default/validatebox.css HTTP/1.1" 404 1104
101.83.223.227 - - [18/Jul/2022:11:21:02 +0800] "POST /xingrg/all/common/load_combo.html?type=base HTTP/1.1" 200 3051
58.35.196.166 - - [18/Jul/2022:11:21:04 +0800] "GET /xingrg/all/function/internal_message.html?_=1658114462586&CODE_STATE=getMsg HTTP/1.1" 200 27
101.83.223.227 - - [18/Jul/2022:11:21:05 +0800] "GET /xingrg/all/function/internal_message.html?_=1658114417660&CODE_STATE=getMsg HTTP/1.1" 200 27
114.88.155.189 - - [18/Jul/2022:11:21:07 +0800] "GET /xingrg/all/function/internal_message.html?_=1658114161477&CODE_STATE=getMsg HTTP/1.1" 200 27
124.78.155.217 - - [18/Jul/2022:11:21:07 +0800] "GET /xingrg/all/function/internal_message.html?_=1658114467928&CODE_STATE=getMsg HTTP/1.1" 200 27
101.83.223.227 - - [18/Jul/2022:11:21:08 +0800] "GET /xingrg/kc/base/wldb_order_operate.html?command=get_materiel&rest_code=00150&base_code=0010445&code=00101013158 HTTP/1.1" 200 430
218.81.223.53 - - [18/Jul/2022:11:21:15 +0800] "GET /xingrg/all/function/internal_message.html?_=1658114476148&CODE_STATE=getMsg HTTP/1.1" 200 27
101.83.223.227 - - [18/Jul/2022:11:21:15 +0800] "GET /xingrg/kc/base/wldb_order_operate.html?command=get_materiel&rest_code=00150&base_code=0010445&code=00101019258 HTTP/1.1" 200 483
101.85.238.90 - - [18/Jul/2022:11:21:17 +0800] "GET /xingrg/all/function/internal_message.html?_=1658114541745&CODE_STATE=getMsg HTTP/1.1" 200 27
101.83.223.227 - - [18/Jul/2022:11:21:22 +0800] "GET /xingrg/kc/base/wldb_order_operate.html?command=get_materiel&rest_code=00150&base_code=0010445&code=00101019222 HTTP/1.1" 200 454
180.175.103.110 - - [18/Jul/2022:11:21:24 +0800] "GET /xingrg/all/function/internal_message.html?_=1658114375958&CODE_STATE=getMsg HTTP/1.1" 302 -
114.88.155.189 - - [18/Jul/2022:11:21:25 +0800] "GET /xingrg/kc/buy/cgsh_order_operate.html?command=get_materiel&rest_code=00141&code=00101008137&supplier_code=00100007&order_time=2022-07-18 HTTP/1.1" 200 408
101.83.223.227 - - [18/Jul/2022:11:21:28 +0800] "GET /xingrg/kc/base/wldb_order_operate.html?command=get_materiel&rest_code=00150&base_code=0010445&code=00101019400 HTTP/1.1" 200 463
180.169.147.146 - - [18/Jul/2022:11:21:28 +0800] "GET /xingrg/kc/buy/buy_main.html HTTP/1.1" 200 12412
180.169.147.146 - - [18/Jul/2022:11:21:28 +0800] "GET /xingrg/css/new_ie.css HTTP/1.1" 404 1036
175.42.36.208 - - [18/Jul/2022:11:21:28 +0800] "GET /xingrg/all/function/internal_message.html?_=1658114487152&CODE_STATE=getMsg HTTP/1.1" 200 27
180.169.147.146 - - [18/Jul/2022:11:21:29 +0800] "GET /xingrg/images/yd/bt.gif HTTP/1.1" 404 1040
180.169.147.146 - - [18/Jul/2022:11:21:29 +0800] "GET /xingrg/kc/buy/cgsh_order_list.html HTTP/1.1" 200 52168
180.169.147.146 - - [18/Jul/2022:11:21:31 +0800] "POST /xingrg/kc/buy/cgsh_list_operate.html HTTP/1.1" 200 2731
180.169.147.146 - - [18/Jul/2022:11:21:33 +0800] "GET /xingrg/kc/buy/cgsh_order_add.html HTTP/1.1" 200 67947
180.169.147.146 - - [18/Jul/2022:11:21:33 +0800] "POST /xingrg/kc/buy/cgsh_order_operate.html HTTP/1.1" 200 8245
180.169.147.146 - - [18/Jul/2022:11:21:33 +0800] "GET /xingrg/javascript/easyui/themes/default/validatebox.css HTTP/1.1" 404 1104
180.169.147.146 - - [18/Jul/2022:11:21:34 +0800] "GET /xingrg/javascript/auto/indicator.gif HTTP/1.1" 404 1066
120.253.135.82 - - [18/Jul/2022:11:21:35 +0800] "GET /xingrg/all/function/internal_message.html?_=1658113996258&CODE_STATE=getMsg HTTP/1.1" 200 27
114.84.2.83 - - [18/Jul/2022:11:21:37 +0800] "GET /xingrg/all/function/internal_message.html?_=1658114496458&CODE_STATE=getMsg HTTP/1.1" 200 27
101.83.223.227 - - [18/Jul/2022:11:21:41 +0800] "POST /xingrg/kc/base/wldb_order_operate.html HTTP/1.1" 200 37
101.83.223.227 - - [18/Jul/2022:11:21:43 +0800] "POST /xingrg/kc/base/wldb_order_operate.html HTTP/1.1" 200 12
101.83.223.227 - - [18/Jul/2022:11:21:43 +0800] "POST /xingrg/kc/base/wldb_order_operate.html HTTP/1.1" 200 3676
101.83.223.227 - - [18/Jul/2022:11:21:44 +0800] "GET /xingrg/kc/base/wldb_order_info.html?code=422022071801086 HTTP/1.1" 200 26253
101.83.223.227 - - [18/Jul/2022:11:21:44 +0800] "GET /xingrg/javascript/easyui/themes/default/validatebox.css HTTP/1.1" 404 1104
101.83.223.227 - - [18/Jul/2022:11:21:44 +0800] "POST /xingrg/kc/base/wldb_order_operate.html HTTP/1.1" 200 1936
218.81.223.53 - - [18/Jul/2022:11:21:46 +0800] "GET /xingrg/check_reg.html?_=1658114507147 HTTP/1.1" 200 22
101.83.223.227 - - [18/Jul/2022:11:21:47 +0800] "GET /xingrg/kc/base/wldb_order_add.html HTTP/1.1" 200 30370
101.83.223.227 - - [18/Jul/2022:11:21:47 +0800] "POST /xingrg/kc/base/wldb_order_operate.html HTTP/1.1" 200 6806
101.83.223.227 - - [18/Jul/2022:11:21:47 +0800] "GET /xingrg/javascript/easyui/themes/default/validatebox.css HTTP/1.1" 404 1104
180.169.147.146 - - [18/Jul/2022:11:21:47 +0800] "GET /xingrg/javascript/jquery_tools/images/prev.gif HTTP/1.1" 404 1086
180.169.147.146 - - [18/Jul/2022:11:21:47 +0800] "GET /xingrg/javascript/jquery_tools/images/next.gif HTTP/1.1" 404 1086
101.83.223.227 - - [18/Jul/2022:11:21:48 +0800] "POST /xingrg/all/common/load_combo.html?type=base HTTP/1.1" 200 3051
101.83.240.35 - - [18/Jul/2022:11:21:52 +0800] "GET /xingrg/all/function/internal_message.html?_=1658114509863&CODE_STATE=getMsg HTTP/1.1" 200 27
58.221.95.50 - - [18/Jul/2022:11:21:54 +0800] "GET /xingrg/all/function/internal_message.html?_=1658114513474&CODE_STATE=getMsg HTTP/1.1" 200 27
101.83.240.35 - - [18/Jul/2022:11:21:54 +0800] "GET /xingrg/check_reg.html?_=1658114512191 HTTP/1.1" 200 22
180.175.103.110 - - [18/Jul/2022:11:21:55 +0800] "GET /xingrg/all/function/internal_message.html?_=1658114515203&CODE_STATE=getMsg HTTP/1.1" 200 27
180.169.147.146 - - [18/Jul/2022:11:21:56 +0800] "GET /xingrg/kc/buy/cgsh_order_operate.html?command=get_materiel&rest_code=00147&code=00102007039&supplier_code=00100082&order_time=2022-07-18 HTTP/1.1" 200 413
101.83.223.227 - - [18/Jul/2022:11:21:57 +0800] "GET /xingrg/kc/base/wldb_order_operate.html?command=get_materiel&rest_code=00150&base_code=0010450&code=00101003006 HTTP/1.1" 200 434
180.169.147.146 - - [18/Jul/2022:11:21:58 +0800] "GET /xingrg/all/function/internal_message.html?_=1658114517450&CODE_STATE=getMsg HTTP/1.1" 200 27
114.88.155.189 - - [18/Jul/2022:11:21:58 +0800] "GET /xingrg/kc/buy/cgsh_order_operate.html?command=get_materiel&rest_code=00141&code=00101008079&supplier_code=00100007&order_time=2022-07-18 HTTP/1.1" 200 416
101.85.120.95 - - [18/Jul/2022:11:21:58 +0800] "GET /xingrg/all/function/internal_message.html?_=1658114517932&CODE_STATE=getMsg HTTP/1.1" 200 27
116.230.110.48 - - [18/Jul/2022:11:22:00 +0800] "GET /xingrg/all/function/internal_message.html?_=1658114519425&CODE_STATE=getMsg HTTP/1.1" 200 27
58.35.196.166 - - [18/Jul/2022:11:22:04 +0800] "GET /xingrg/all/function/internal_message.html?_=1658114522571&CODE_STATE=getMsg HTTP/1.1" 200 27
101.83.223.227 - - [18/Jul/2022:11:22:05 +0800] "GET /xingrg/all/function/internal_message.html?_=1658114477673&CODE_STATE=getMsg HTTP/1.1" 200 27
101.83.223.227 - - [18/Jul/2022:11:22:06 +0800] "GET /xingrg/kc/base/wldb_order_operate.html?command=get_materiel&rest_code=00150&base_code=0010450&code=00101001135 HTTP/1.1" 200 434
114.88.155.189 - - [18/Jul/2022:11:22:07 +0800] "GET /xingrg/all/function/internal_message.html?_=1658114221434&CODE_STATE=getMsg HTTP/1.1" 200 27
124.78.155.217 - - [18/Jul/2022:11:22:07 +0800] "GET /xingrg/all/function/internal_message.html?_=1658114527935&CODE_STATE=getMsg HTTP/1.1" 200 27
180.169.147.146 - - [18/Jul/2022:11:22:09 +0800] "GET /xingrg/kc/buy/cgsh_order_operate.html?command=get_materiel&rest_code=00147&code=00102007025&supplier_code=00100082&order_time=2022-07-18 HTTP/1.1" 200 413
218.81.223.53 - - [18/Jul/2022:11:22:15 +0800] "GET /xingrg/all/function/internal_message.html?_=1658114536159&CODE_STATE=getMsg HTTP/1.1" 200 27
180.169.147.146 - - [18/Jul/2022:11:22:17 +0800] "POST /xingrg/kc/buy/cgsh_order_operate.html HTTP/1.1" 200 37
101.83.223.227 - - [18/Jul/2022:11:22:17 +0800] "GET /xingrg/kc/base/wldb_order_operate.html?command=get_materiel&rest_code=00150&base_code=0010450&code=00101004038 HTTP/1.1" 200 431
101.85.238.90 - - [18/Jul/2022:11:22:17 +0800] "GET /xingrg/all/function/internal_message.html?_=1658114601761&CODE_STATE=getMsg HTTP/1.1" 200 27
101.83.223.227 - - [18/Jul/2022:11:22:23 +0800] "GET /xingrg/kc/base/wldb_order_operate.html?command=get_materiel&rest_code=00150&base_code=0010450&code=00101003035 HTTP/1.1" 200 434
180.175.103.110 - - [18/Jul/2022:11:22:24 +0800] "GET /xingrg/all/function/internal_message.html?_=1658114435958&CODE_STATE=getMsg HTTP/1.1" 302 -
58.35.196.166 - - [18/Jul/2022:11:22:26 +0800] "GET /xingrg/check_reg.html?_=1658114544711 HTTP/1.1" 200 22
175.42.36.208 - - [18/Jul/2022:11:22:28 +0800] "GET /xingrg/all/function/internal_message.html?_=1658114547139&CODE_STATE=getMsg HTTP/1.1" 200 27
120.253.135.82 - - [18/Jul/2022:11:22:35 +0800] "GET /xingrg/all/function/internal_message.html?_=1658114056226&CODE_STATE=getMsg HTTP/1.1" 200 27
114.84.2.83 - - [18/Jul/2022:11:22:37 +0800] "GET /xingrg/all/function/internal_message.html?_=1658114556458&CODE_STATE=getMsg HTTP/1.1" 200 27
180.169.147.146 - - [18/Jul/2022:11:22:48 +0800] "POST /xingrg/kc/buy/cgsh_order_operate.html HTTP/1.1" 200 3251
114.88.155.189 - - [18/Jul/2022:11:22:50 +0800] "GET /xingrg/kc/buy/cgsh_order_operate.html?command=get_materiel&rest_code=00141&code=00101008219&supplier_code=00100007&order_time=2022-07-18 HTTP/1.1" 200 427
101.83.240.35 - - [18/Jul/2022:11:22:52 +0800] "GET /xingrg/all/function/internal_message.html?_=1658114569837&CODE_STATE=getMsg HTTP/1.1" 200 27
58.221.95.50 - - [18/Jul/2022:11:22:54 +0800] "GET /xingrg/all/function/internal_message.html?_=1658114573467&CODE_STATE=getMsg HTTP/1.1" 200 27
180.175.103.110 - - [18/Jul/2022:11:22:55 +0800] "GET /xingrg/all/function/internal_message.html?_=1658114575173&CODE_STATE=getMsg HTTP/1.1" 200 27
180.169.147.146 - - [18/Jul/2022:11:22:58 +0800] "GET /xingrg/all/function/internal_message.html?_=1658114577430&CODE_STATE=getMsg HTTP/1.1" 200 27
101.85.120.95 - - [18/Jul/2022:11:22:58 +0800] "GET /xingrg/all/function/internal_message.html?_=1658114577934&CODE_STATE=getMsg HTTP/1.1" 200 27
116.230.110.48 - - [18/Jul/2022:11:23:00 +0800] "GET /xingrg/check_reg.html?_=1658114579423 HTTP/1.1" 200 22
116.230.110.48 - - [18/Jul/2022:11:23:00 +0800] "GET /xingrg/all/function/internal_message.html?_=1658114579425&CODE_STATE=getMsg HTTP/1.1" 200 27
114.88.155.189 - - [18/Jul/2022:11:23:01 +0800] "GET /xingrg/kc/buy/cgsh_order_operate.html?command=get_materiel&rest_code=00141&code=00101008132&supplier_code=00100007&order_time=2022-07-18 HTTP/1.1" 200 424
58.35.196.166 - - [18/Jul/2022:11:23:04 +0800] "GET /xingrg/all/function/internal_message.html?_=1658114582542&CODE_STATE=getMsg HTTP/1.1" 200 27
101.83.223.227 - - [18/Jul/2022:11:23:05 +0800] "GET /xingrg/all/function/internal_message.html?_=1658114537751&CODE_STATE=getMsg HTTP/1.1" 200 27
101.83.223.227 - - [18/Jul/2022:11:23:06 +0800] "GET /xingrg/kc/base/wldb_order_operate.html?command=get_materiel&rest_code=00150&base_code=0010450&code=00101004101 HTTP/1.1" 200 435
114.88.155.189 - - [18/Jul/2022:11:23:07 +0800] "GET /xingrg/all/function/internal_message.html?_=1658114281431&CODE_STATE=getMsg HTTP/1.1" 200 27
124.78.155.217 - - [18/Jul/2022:11:23:07 +0800] "GET /xingrg/all/function/internal_message.html?_=1658114587925&CODE_STATE=getMsg HTTP/1.1" 200 27
124.78.155.217 - - [18/Jul/2022:11:23:07 +0800] "GET /xingrg/check_reg.html?_=1658114588124 HTTP/1.1" 200 22
218.81.223.53 - - [18/Jul/2022:11:23:15 +0800] "GET /xingrg/all/function/internal_message.html?_=1658114596172&CODE_STATE=getMsg HTTP/1.1" 200 27
101.85.238.90 - - [18/Jul/2022:11:23:18 +0800] "GET /xingrg/all/function/internal_message.html?_=1658114662175&CODE_STATE=getMsg HTTP/1.1" 200 27
114.88.155.189 - - [18/Jul/2022:11:23:22 +0800] "GET /xingrg/kc/buy/cgsh_order_operate.html?command=get_materiel&rest_code=00141&code=00101008038&supplier_code=00100007&order_time=2022-07-18 HTTP/1.1" 200 412
180.175.103.110 - - [18/Jul/2022:11:23:24 +0800] "GET /xingrg/all/function/internal_message.html?_=1658114495958&CODE_STATE=getMsg HTTP/1.1" 302 -
101.83.223.227 - - [18/Jul/2022:11:23:28 +0800] "POST /xingrg/kc/base/wldb_order_operate.html HTTP/1.1" 200 37
175.42.36.208 - - [18/Jul/2022:11:23:28 +0800] "GET /xingrg/all/function/internal_message.html?_=1658114607133&CODE_STATE=getMsg HTTP/1.1" 200 27
101.83.223.227 - - [18/Jul/2022:11:23:31 +0800] "POST /xingrg/kc/base/wldb_order_operate.html HTTP/1.1" 200 12
101.83.223.227 - - [18/Jul/2022:11:23:31 +0800] "POST /xingrg/kc/base/wldb_order_operate.html HTTP/1.1" 200 4073
101.83.223.227 - - [18/Jul/2022:11:23:31 +0800] "GET /xingrg/kc/base/wldb_order_info.html?code=422022071801087 HTTP/1.1" 200 26250
101.83.223.227 - - [18/Jul/2022:11:23:32 +0800] "GET /xingrg/javascript/easyui/themes/default/validatebox.css HTTP/1.1" 404 1104
101.83.223.227 - - [18/Jul/2022:11:23:32 +0800] "POST /xingrg/kc/base/wldb_order_operate.html HTTP/1.1" 200 2321
114.88.155.189 - - [18/Jul/2022:11:23:32 +0800] "GET /xingrg/kc/buy/cgsh_order_operate.html?command=get_materiel&rest_code=00141&code=00101008396&supplier_code=00100007&order_time=2022-07-18 HTTP/1.1" 200 412
101.83.223.227 - - [18/Jul/2022:11:23:34 +0800] "GET /xingrg/kc/base/wldb_order_add.html HTTP/1.1" 200 30370
101.83.223.227 - - [18/Jul/2022:11:23:35 +0800] "POST /xingrg/kc/base/wldb_order_operate.html HTTP/1.1" 200 6806
101.83.223.227 - - [18/Jul/2022:11:23:35 +0800] "GET /xingrg/javascript/easyui/themes/default/validatebox.css HTTP/1.1" 404 1104
120.253.135.82 - - [18/Jul/2022:11:23:36 +0800] "GET /xingrg/all/function/internal_message.html?_=1658114116196&CODE_STATE=getMsg HTTP/1.1" 200 27
101.83.223.227 - - [18/Jul/2022:11:23:36 +0800] "POST /xingrg/all/common/load_combo.html?type=base HTTP/1.1" 200 3051
120.253.135.82 - - [18/Jul/2022:11:23:36 +0800] "GET /xingrg/check_reg.html?_=1658114116773 HTTP/1.1" 200 22
114.84.2.83 - - [18/Jul/2022:11:23:37 +0800] "GET /xingrg/all/function/internal_message.html?_=1658114616457&CODE_STATE=getMsg HTTP/1.1" 200 27
114.88.155.189 - - [18/Jul/2022:11:23:43 +0800] "GET /xingrg/kc/buy/cgsh_order_operate.html?command=get_materiel&rest_code=00141&code=00101008224&supplier_code=00100007&order_time=2022-07-18 HTTP/1.1" 200 432
180.169.147.146 - - [18/Jul/2022:11:23:43 +0800] "GET /xingrg/kc/buy/cgsh_order_operate.html?command=get_materiel&rest_code=00147&code=00102002097&supplier_code=00100082&order_time=2022-07-18 HTTP/1.1" 200 412
101.83.223.227 - - [18/Jul/2022:11:23:45 +0800] "GET /xingrg/kc/base/wldb_order_operate.html?command=get_materiel&rest_code=00150&base_code=0010445&code=00101008316 HTTP/1.1" 200 435
101.83.240.35 - - [18/Jul/2022:11:23:52 +0800] "GET /xingrg/all/function/internal_message.html?_=1658114629834&CODE_STATE=getMsg HTTP/1.1" 200 27
180.169.147.146 - - [18/Jul/2022:11:23:53 +0800] "POST /xingrg/kc/buy/cgsh_order_operate.html HTTP/1.1" 200 37
58.221.95.50 - - [18/Jul/2022:11:23:54 +0800] "GET /xingrg/all/function/internal_message.html?_=1658114633452&CODE_STATE=getMsg HTTP/1.1" 200 27
180.175.103.110 - - [18/Jul/2022:11:23:55 +0800] "GET /xingrg/all/function/internal_message.html?_=1658114635155&CODE_STATE=getMsg HTTP/1.1" 200 27
180.169.147.146 - - [18/Jul/2022:11:23:55 +0800] "POST /xingrg/kc/buy/cgsh_order_operate.html HTTP/1.1" 200 3844
180.169.147.146 - - [18/Jul/2022:11:23:56 +0800] "GET /xingrg/kc/print/load_data.html?order_code=212022071804523&kc_code=cgsh&condition= HTTP/1.1" 200 1194
101.85.238.90 - - [18/Jul/2022:11:23:58 +0800] "GET /xingrg/check_reg.html?_=1658114702285 HTTP/1.1" 200 22
180.169.147.146 - - [18/Jul/2022:11:23:58 +0800] "GET /xingrg/all/function/internal_message.html?_=1658114637404&CODE_STATE=getMsg HTTP/1.1" 200 27
101.85.120.95 - - [18/Jul/2022:11:23:58 +0800] "GET /xingrg/all/function/internal_message.html?_=1658114637935&CODE_STATE=getMsg HTTP/1.1" 200 27
116.230.110.48 - - [18/Jul/2022:11:24:00 +0800] "GET /xingrg/all/function/internal_message.html?_=1658114639426&CODE_STATE=getMsg HTTP/1.1" 200 27
114.88.155.189 - - [18/Jul/2022:11:24:03 +0800] "GET /xingrg/kc/buy/cgsh_order_operate.html?command=get_materiel&rest_code=00141&code=00101008300&supplier_code=00100007&order_time=2022-07-18 HTTP/1.1" 200 427
58.35.196.166 - - [18/Jul/2022:11:24:04 +0800] "GET /xingrg/all/function/internal_message.html?_=1658114642512&CODE_STATE=getMsg HTTP/1.1" 200 27
101.83.223.227 - - [18/Jul/2022:11:24:05 +0800] "POST /xingrg/kc/base/wldb_order_operate.html HTTP/1.1" 200 37
101.83.223.227 - - [18/Jul/2022:11:24:05 +0800] "GET /xingrg/all/function/internal_message.html?_=1658114597762&CODE_STATE=getMsg HTTP/1.1" 200 27
114.88.155.189 - - [18/Jul/2022:11:24:07 +0800] "GET /xingrg/all/function/internal_message.html?_=1658114341428&CODE_STATE=getMsg HTTP/1.1" 200 27
124.78.155.217 - - [18/Jul/2022:11:24:07 +0800] "GET /xingrg/all/function/internal_message.html?_=1658114647926&CODE_STATE=getMsg HTTP/1.1" 200 27
101.83.223.227 - - [18/Jul/2022:11:24:08 +0800] "POST /xingrg/kc/base/wldb_order_operate.html HTTP/1.1" 200 12
101.83.223.227 - - [18/Jul/2022:11:24:08 +0800] "POST /xingrg/kc/base/wldb_order_operate.html HTTP/1.1" 200 2184
101.83.223.227 - - [18/Jul/2022:11:24:08 +0800] "GET /xingrg/kc/base/wldb_order_info.html?code=422022071801088 HTTP/1.1" 200 26253
101.83.223.227 - - [18/Jul/2022:11:24:09 +0800] "GET /xingrg/javascript/easyui/themes/default/validatebox.css HTTP/1.1" 404 1104
101.83.223.227 - - [18/Jul/2022:11:24:09 +0800] "POST /xingrg/kc/base/wldb_order_operate.html HTTP/1.1" 200 479
218.81.223.53 - - [18/Jul/2022:11:24:15 +0800] "GET /xingrg/all/function/internal_message.html?_=1658114656472&CODE_STATE=getMsg HTTP/1.1" 200 27
101.85.238.90 - - [18/Jul/2022:11:24:18 +0800] "GET /xingrg/all/function/internal_message.html?_=1658114722175&CODE_STATE=getMsg HTTP/1.1" 200 27
114.88.155.189 - - [18/Jul/2022:11:24:19 +0800] "GET /xingrg/kc/buy/cgsh_order_operate.html?command=get_materiel&rest_code=00141&code=00101008371&supplier_code=00100007&order_time=2022-07-18 HTTP/1.1" 200 412
101.83.223.227 - - [18/Jul/2022:11:24:22 +0800] "GET /xingrg/kc/base/wldb_order_add.html HTTP/1.1" 200 30370
101.83.223.227 - - [18/Jul/2022:11:24:22 +0800] "POST /xingrg/kc/base/wldb_order_operate.html HTTP/1.1" 200 6806
101.83.223.227 - - [18/Jul/2022:11:24:23 +0800] "GET /xingrg/javascript/easyui/themes/default/validatebox.css HTTP/1.1" 404 1104
101.83.223.227 - - [18/Jul/2022:11:24:23 +0800] "POST /xingrg/all/common/load_combo.html?type=base HTTP/1.1" 200 3051
180.175.103.110 - - [18/Jul/2022:11:24:24 +0800] "GET /xingrg/all/function/internal_message.html?_=1658114555959&CODE_STATE=getMsg HTTP/1.1" 302 -
175.42.36.208 - - [18/Jul/2022:11:24:28 +0800] "GET /xingrg/all/function/internal_message.html?_=1658114667127&CODE_STATE=getMsg HTTP/1.1" 200 27
175.42.36.208 - - [18/Jul/2022:11:24:28 +0800] "GET /xingrg/check_reg.html?_=1658114667131 HTTP/1.1" 200 22
101.83.223.227 - - [18/Jul/2022:11:24:30 +0800] "GET /xingrg/kc/base/wldb_order_operate.html?command=get_materiel&rest_code=00150&base_code=0010446&code=00102002610 HTTP/1.1" 200 444
114.88.155.189 - - [18/Jul/2022:11:24:31 +0800] "GET /xingrg/kc/buy/cgsh_order_operate.html?command=get_materiel&rest_code=00141&code=00101008005&supplier_code=00100007&order_time=2022-07-18 HTTP/1.1" 200 429
120.253.135.82 - - [18/Jul/2022:11:24:35 +0800] "GET /xingrg/all/function/internal_message.html?_=1658114176167&CODE_STATE=getMsg HTTP/1.1" 200 27
114.84.2.83 - - [18/Jul/2022:11:24:37 +0800] "GET /xingrg/all/function/internal_message.html?_=1658114676457&CODE_STATE=getMsg HTTP/1.1" 200 27
101.83.223.227 - - [18/Jul/2022:11:24:48 +0800] "POST /xingrg/kc/base/wldb_order_operate.html HTTP/1.1" 200 37
101.83.223.227 - - [18/Jul/2022:11:24:50 +0800] "POST /xingrg/kc/base/wldb_order_operate.html HTTP/1.1" 200 12
101.83.223.227 - - [18/Jul/2022:11:24:50 +0800] "POST /xingrg/kc/base/wldb_order_operate.html HTTP/1.1" 200 2193
101.83.240.35 - - [18/Jul/2022:11:24:52 +0800] "GET /xingrg/all/function/internal_message.html?_=1658114689809&CODE_STATE=getMsg HTTP/1.1" 200 27
58.221.95.50 - - [18/Jul/2022:11:24:54 +0800] "GET /xingrg/all/function/internal_message.html?_=1658114693440&CODE_STATE=getMsg HTTP/1.1" 200 27
58.221.95.50 - - [18/Jul/2022:11:24:55 +0800] "GET /xingrg/check_reg.html?_=1658114694238 HTTP/1.1" 200 22
180.175.103.110 - - [18/Jul/2022:11:24:55 +0800] "GET /xingrg/all/function/internal_message.html?_=1658114695132&CODE_STATE=getMsg HTTP/1.1" 200 27
114.88.155.189 - - [18/Jul/2022:11:24:56 +0800] "GET /xingrg/kc/buy/cgsh_order_operate.html?command=get_materiel&rest_code=00141&code=00101008114&supplier_code=00100007&order_time=2022-07-18 HTTP/1.1" 200 413
180.175.103.110 - - [18/Jul/2022:11:24:56 +0800] "GET /xingrg/check_reg.html?_=1658114696758 HTTP/1.1" 200 22
180.169.147.146 - - [18/Jul/2022:11:24:58 +0800] "GET /xingrg/all/function/internal_message.html?_=1658114697382&CODE_STATE=getMsg HTTP/1.1" 200 27
101.85.120.95 - - [18/Jul/2022:11:24:58 +0800] "GET /xingrg/all/function/internal_message.html?_=1658114697937&CODE_STATE=getMsg HTTP/1.1" 200 27
101.85.120.95 - - [18/Jul/2022:11:24:58 +0800] "GET /xingrg/check_reg.html?_=1658114697939 HTTP/1.1" 200 22
116.230.110.48 - - [18/Jul/2022:11:25:00 +0800] "GET /xingrg/all/function/internal_message.html?_=1658114699426&CODE_STATE=getMsg HTTP/1.1" 200 27
101.83.223.227 - - [18/Jul/2022:11:25:03 +0800] "GET /xingrg/kc/base/wldb_order_info.html?code=422022071801089 HTTP/1.1" 200 26252
114.88.155.189 - - [18/Jul/2022:11:25:03 +0800] "POST /xingrg/kc/buy/cgsh_order_operate.html HTTP/1.1" 200 2065
101.83.223.227 - - [18/Jul/2022:11:25:04 +0800] "GET /xingrg/javascript/easyui/themes/default/validatebox.css HTTP/1.1" 404 1104
101.83.223.227 - - [18/Jul/2022:11:25:04 +0800] "POST /xingrg/kc/base/wldb_order_operate.html HTTP/1.1" 200 487
58.35.196.166 - - [18/Jul/2022:11:25:04 +0800] "GET /xingrg/all/function/internal_message.html?_=1658114702497&CODE_STATE=getMsg HTTP/1.1" 200 27
101.83.223.227 - - [18/Jul/2022:11:25:05 +0800] "GET /xingrg/check_reg.html?_=1658114657533 HTTP/1.1" 200 22
101.83.223.227 - - [18/Jul/2022:11:25:05 +0800] "GET /xingrg/all/function/internal_message.html?_=1658114657778&CODE_STATE=getMsg HTTP/1.1" 200 27
101.83.223.227 - - [18/Jul/2022:11:25:06 +0800] "GET /xingrg/kc/base/yddb_order_list.html HTTP/1.1" 200 16754
101.83.223.227 - - [18/Jul/2022:11:25:06 +0800] "POST /xingrg/kc/base/yddb_list_operate.html HTTP/1.1" 200 636
114.88.155.189 - - [18/Jul/2022:11:25:07 +0800] "GET /xingrg/all/function/internal_message.html?_=1658114401410&CODE_STATE=getMsg HTTP/1.1" 200 27
114.88.155.189 - - [18/Jul/2022:11:25:07 +0800] "GET /xingrg/check_reg.html?_=1658114401782 HTTP/1.1" 200 22
124.78.155.217 - - [18/Jul/2022:11:25:07 +0800] "GET /xingrg/all/function/internal_message.html?_=1658114707937&CODE_STATE=getMsg HTTP/1.1" 200 27
218.81.223.53 - - [18/Jul/2022:11:25:15 +0800] "GET /xingrg/all/function/internal_message.html?_=1658114716480&CODE_STATE=getMsg HTTP/1.1" 200 27
101.85.238.90 - - [18/Jul/2022:11:25:18 +0800] "GET /xingrg/all/function/internal_message.html?_=1658114782191&CODE_STATE=getMsg HTTP/1.1" 200 27
180.175.103.110 - - [18/Jul/2022:11:25:24 +0800] "GET /xingrg/all/function/internal_message.html?_=1658114615959&CODE_STATE=getMsg HTTP/1.1" 302 -
180.175.103.110 - - [18/Jul/2022:11:25:24 +0800] "GET /xingrg/check_reg.html?_=1658114615962 HTTP/1.1" 302 -
175.42.36.208 - - [18/Jul/2022:11:25:28 +0800] "GET /xingrg/all/function/internal_message.html?_=1658114727137&CODE_STATE=getMsg HTTP/1.1" 200 27
114.88.155.189 - - [18/Jul/2022:11:25:30 +0800] "GET /xingrg/kc/buy/cgsh_order_operate.html?command=get_materiel&rest_code=00141&code=00101008072&supplier_code=00100007&order_time=2022-07-18 HTTP/1.1" 200 408
120.253.135.82 - - [18/Jul/2022:11:25:35 +0800] "GET /xingrg/all/function/internal_message.html?_=1658114236178&CODE_STATE=getMsg HTTP/1.1" 200 27
180.169.147.146 - - [18/Jul/2022:11:25:36 +0800] "GET /xingrg/kc/mdqp/qqps_order_list.html HTTP/1.1" 200 9222
180.169.147.146 - - [18/Jul/2022:11:25:36 +0800] "GET /xingrg/dwr/interface/AjaxQqpsService.js HTTP/1.1" 200 16326
180.169.147.146 - - [18/Jul/2022:11:25:36 +0800] "GET /xingrg/dwr/interface/AjaxReportQueryService.js HTTP/1.1" 200 13203
180.169.147.146 - - [18/Jul/2022:11:25:36 +0800] "GET /xingrg/dwr/engine.js HTTP/1.1" 200 43631
114.84.2.83 - - [18/Jul/2022:11:25:37 +0800] "GET /xingrg/all/function/internal_message.html?_=1658114736457&CODE_STATE=getMsg HTTP/1.1" 200 27
114.84.2.83 - - [18/Jul/2022:11:25:37 +0800] "GET /xingrg/check_reg.html?_=1658114736459 HTTP/1.1" 200 22
180.169.147.146 - - [18/Jul/2022:11:25:37 +0800] "GET /xingrg/kc/mdqp/qqps_order_add.html HTTP/1.1" 200 28074
180.169.147.146 - - [18/Jul/2022:11:25:37 +0800] "GET /xingrg/dwr/interface/AjaxQqpsService.js HTTP/1.1" 200 16326
180.169.147.146 - - [18/Jul/2022:11:25:37 +0800] "GET /xingrg/dwr/interface/AjaxComOrderService.js HTTP/1.1" 200 18264
180.169.147.146 - - [18/Jul/2022:11:25:37 +0800] "GET /xingrg/dwr/engine.js HTTP/1.1" 200 43631
180.169.147.146 - - [18/Jul/2022:11:25:46 +0800] "POST /xingrg/dwr/call/plaincall/AjaxQqpsService.saveOrder.dwr HTTP/1.1" 200 78
101.83.240.35 - - [18/Jul/2022:11:25:52 +0800] "GET /xingrg/all/function/internal_message.html?_=1658114749783&CODE_STATE=getMsg HTTP/1.1" 200 27
58.221.95.50 - - [18/Jul/2022:11:25:54 +0800] "GET /xingrg/all/function/internal_message.html?_=1658114753452&CODE_STATE=getMsg HTTP/1.1" 200 27
180.175.103.110 - - [18/Jul/2022:11:25:55 +0800] "GET /xingrg/all/function/internal_message.html?_=1658114755111&CODE_STATE=getMsg HTTP/1.1" 200 27
180.169.147.146 - - [18/Jul/2022:11:25:58 +0800] "GET /xingrg/all/function/internal_message.html?_=1658114757368&CODE_STATE=getMsg HTTP/1.1" 200 27
180.169.147.146 - - [18/Jul/2022:11:25:58 +0800] "POST /xingrg/dwr/call/plaincall/AjaxQqpsService.getMaterielByCode.dwr HTTP/1.1" 200 2844
180.169.147.146 - - [18/Jul/2022:11:25:58 +0800] "GET /xingrg/check_reg.html?_=1658114757695 HTTP/1.1" 200 22
101.85.120.95 - - [18/Jul/2022:11:25:58 +0800] "GET /xingrg/all/function/internal_message.html?_=1658114757938&CODE_STATE=getMsg HTTP/1.1" 200 27
116.230.110.48 - - [18/Jul/2022:11:26:00 +0800] "GET /xingrg/all/function/internal_message.html?_=1658114759421&CODE_STATE=getMsg HTTP/1.1" 200 27
180.169.147.146 - - [18/Jul/2022:11:26:01 +0800] "POST /xingrg/dwr/call/plaincall/AjaxQqpsService.saveMaterielItem.dwr HTTP/1.1" 200 78
58.35.196.166 - - [18/Jul/2022:11:26:04 +0800] "GET /xingrg/all/function/internal_message.html?_=1658114762481&CODE_STATE=getMsg HTTP/1.1" 200 27
114.88.155.189 - - [18/Jul/2022:11:26:05 +0800] "GET /xingrg/kc/buy/cgsh_order_operate.html?command=get_materiel&rest_code=00141&code=00101008182&supplier_code=00100007&order_time=2022-07-18 HTTP/1.1" 200 432
101.83.223.227 - - [18/Jul/2022:11:26:05 +0800] "GET /xingrg/all/function/internal_message.html?_=1658114717790&CODE_STATE=getMsg HTTP/1.1" 200 27
114.88.155.189 - - [18/Jul/2022:11:26:07 +0800] "GET /xingrg/all/function/internal_message.html?_=1658114461349&CODE_STATE=getMsg HTTP/1.1" 200 27
124.78.155.217 - - [18/Jul/2022:11:26:07 +0800] "GET /xingrg/all/function/internal_message.html?_=1658114767929&CODE_STATE=getMsg HTTP/1.1" 200 27
101.83.223.227 - - [18/Jul/2022:11:26:10 +0800] "GET /xingrg/kc/base/yddb_order_add.html HTTP/1.1" 200 29841
101.83.223.227 - - [18/Jul/2022:11:26:10 +0800] "GET /xingrg/dwr/interface/AjaxYddbService.js HTTP/1.1" 200 13201
101.83.223.227 - - [18/Jul/2022:11:26:10 +0800] "GET /xingrg/dwr/interface/AjaxComOrderService.js HTTP/1.1" 200 18264
101.83.223.227 - - [18/Jul/2022:11:26:10 +0800] "GET /xingrg/dwr/engine.js HTTP/1.1" 200 43631
101.83.223.227 - - [18/Jul/2022:11:26:14 +0800] "POST /xingrg/dwr/call/plaincall/AjaxYddbService.getRestBases.dwr HTTP/1.1" 200 1562
218.81.223.53 - - [18/Jul/2022:11:26:15 +0800] "GET /xingrg/all/function/internal_message.html?_=1658114776752&CODE_STATE=getMsg HTTP/1.1" 200 27
101.85.238.90 - - [18/Jul/2022:11:26:18 +0800] "GET /xingrg/all/function/internal_message.html?_=1658114842617&CODE_STATE=getMsg HTTP/1.1" 200 27
114.88.155.189 - - [18/Jul/2022:11:26:20 +0800] "POST /xingrg/kc/buy/cgsh_order_operate.html HTTP/1.1" 200 2065
180.169.147.146 - - [18/Jul/2022:11:26:21 +0800] "POST /xingrg/dwr/call/plaincall/AjaxQqpsService.getMaterielByCode.dwr HTTP/1.1" 200 2800
180.169.147.146 - - [18/Jul/2022:11:26:23 +0800] "POST /xingrg/dwr/call/plaincall/AjaxQqpsService.saveMaterielItem.dwr HTTP/1.1" 200 78
180.175.103.110 - - [18/Jul/2022:11:26:24 +0800] "GET /xingrg/all/function/internal_message.html?_=1658114675962&CODE_STATE=getMsg HTTP/1.1" 302 -
180.169.147.146 - - [18/Jul/2022:11:26:26 +0800] "POST /xingrg/dwr/call/plaincall/AjaxQqpsService.getMaterielByCode.dwr HTTP/1.1" 200 2843
114.88.155.189 - - [18/Jul/2022:11:26:27 +0800] "GET /xingrg/kc/buy/cgsh_order_operate.html?command=get_materiel&rest_code=00141&code=00101008372&supplier_code=00100007&order_time=2022-07-18 HTTP/1.1" 200 408
180.169.147.146 - - [18/Jul/2022:11:26:28 +0800] "POST /xingrg/dwr/call/plaincall/AjaxQqpsService.saveMaterielItem.dwr HTTP/1.1" 200 78
175.42.36.208 - - [18/Jul/2022:11:26:28 +0800] "GET /xingrg/all/function/internal_message.html?_=1658114787136&CODE_STATE=getMsg HTTP/1.1" 200 27
180.169.147.146 - - [18/Jul/2022:11:26:32 +0800] "POST /xingrg/dwr/call/plaincall/AjaxQqpsService.getMaterielByCode.dwr HTTP/1.1" 200 2829
180.169.147.146 - - [18/Jul/2022:11:26:32 +0800] "POST /xingrg/dwr/call/plaincall/AjaxQqpsService.saveMaterielItem.dwr HTTP/1.1" 200 78
120.253.135.82 - - [18/Jul/2022:11:26:35 +0800] "GET /xingrg/all/function/internal_message.html?_=1658114296156&CODE_STATE=getMsg HTTP/1.1" 200 27
180.169.147.146 - - [18/Jul/2022:11:26:36 +0800] "POST /xingrg/dwr/call/plaincall/AjaxQqpsService.getMaterielByCode.dwr HTTP/1.1" 200 2785
114.84.2.83 - - [18/Jul/2022:11:26:37 +0800] "GET /xingrg/all/function/internal_message.html?_=1658114796459&CODE_STATE=getMsg HTTP/1.1" 200 27
180.169.147.146 - - [18/Jul/2022:11:26:42 +0800] "POST /xingrg/dwr/call/plaincall/AjaxQqpsService.getMaterielByCode.dwr HTTP/1.1" 200 2854
180.169.147.146 - - [18/Jul/2022:11:26:44 +0800] "POST /xingrg/dwr/call/plaincall/AjaxQqpsService.saveMaterielItem.dwr HTTP/1.1" 200 79
218.81.223.53 - - [18/Jul/2022:11:26:46 +0800] "GET /xingrg/check_reg.html?_=1658114807152 HTTP/1.1" 200 22
101.83.240.35 - - [18/Jul/2022:11:26:52 +0800] "GET /xingrg/all/function/internal_message.html?_=1658114809770&CODE_STATE=getMsg HTTP/1.1" 200 27
58.221.95.50 - - [18/Jul/2022:11:26:54 +0800] "GET /xingrg/all/function/internal_message.html?_=1658114813443&CODE_STATE=getMsg HTTP/1.1" 200 27
101.83.240.35 - - [18/Jul/2022:11:26:54 +0800] "GET /xingrg/check_reg.html?_=1658114812223 HTTP/1.1" 200 22
180.175.103.110 - - [18/Jul/2022:11:26:55 +0800] "GET /xingrg/all/function/internal_message.html?_=1658114815088&CODE_STATE=getMsg HTTP/1.1" 200 27
180.169.147.146 - - [18/Jul/2022:11:26:58 +0800] "GET /xingrg/all/function/internal_message.html?_=1658114817353&CODE_STATE=getMsg HTTP/1.1" 200 27
180.169.147.146 - - [18/Jul/2022:11:26:58 +0800] "POST /xingrg/dwr/call/plaincall/AjaxQqpsService.getMaterielByCode.dwr HTTP/1.1" 200 2787
101.85.120.95 - - [18/Jul/2022:11:26:58 +0800] "GET /xingrg/all/function/internal_message.html?_=1658114817940&CODE_STATE=getMsg HTTP/1.1" 200 27
116.230.110.48 - - [18/Jul/2022:11:27:00 +0800] "GET /xingrg/all/function/internal_message.html?_=1658114819428&CODE_STATE=getMsg HTTP/1.1" 200 27
180.169.147.146 - - [18/Jul/2022:11:27:03 +0800] "POST /xingrg/dwr/call/plaincall/AjaxQqpsService.saveMaterielItem.dwr HTTP/1.1" 200 79
58.35.196.166 - - [18/Jul/2022:11:27:04 +0800] "GET /xingrg/all/function/internal_message.html?_=1658114822468&CODE_STATE=getMsg HTTP/1.1" 200 27
101.83.223.227 - - [18/Jul/2022:11:27:05 +0800] "GET /xingrg/all/function/internal_message.html?_=1658114777803&CODE_STATE=getMsg HTTP/1.1" 200 27
124.78.155.217 - - [18/Jul/2022:11:27:07 +0800] "GET /xingrg/all/function/internal_message.html?_=1658114827962&CODE_STATE=getMsg HTTP/1.1" 200 27
114.88.155.189 - - [18/Jul/2022:11:27:10 +0800] "POST /xingrg/kc/buy/cgsh_order_operate.html HTTP/1.1" 200 37
114.88.155.189 - - [18/Jul/2022:11:27:14 +0800] "POST /xingrg/kc/buy/cgsh_order_operate.html HTTP/1.1" 200 12
114.88.155.189 - - [18/Jul/2022:11:27:15 +0800] "GET /xingrg/kc/buy/cgsh_order_info.html?code=212022071804524 HTTP/1.1" 200 62847
218.81.223.53 - - [18/Jul/2022:11:27:15 +0800] "GET /xingrg/all/function/internal_message.html?_=1658114836756&CODE_STATE=getMsg HTTP/1.1" 200 27
114.88.155.189 - - [18/Jul/2022:11:27:16 +0800] "GET /xingrg/javascript/easyui/themes/default/validatebox.css HTTP/1.1" 404 1104
114.88.155.189 - - [18/Jul/2022:11:27:16 +0800] "POST /xingrg/kc/buy/cgsh_order_operate.html HTTP/1.1" 200 14787
101.85.238.90 - - [18/Jul/2022:11:27:18 +0800] "GET /xingrg/all/function/internal_message.html?_=1658114902624&CODE_STATE=getMsg HTTP/1.1" 200 27
114.88.155.189 - - [18/Jul/2022:11:27:18 +0800] "GET /xingrg/kc/print/load_data.html?order_code=212022071804524&kc_code=cgsh&condition= HTTP/1.1" 200 6110
180.169.147.146 - - [18/Jul/2022:11:27:20 +0800] "GET /xingrg/kc/mdqp/qqps_order_add.html HTTP/1.1" 200 28074
180.169.147.146 - - [18/Jul/2022:11:27:20 +0800] "GET /xingrg/dwr/interface/AjaxComOrderService.js HTTP/1.1" 200 18264
180.169.147.146 - - [18/Jul/2022:11:27:20 +0800] "GET /xingrg/dwr/interface/AjaxQqpsService.js HTTP/1.1" 200 16326
180.169.147.146 - - [18/Jul/2022:11:27:20 +0800] "GET /xingrg/dwr/engine.js HTTP/1.1" 200 43631
101.83.223.227 - - [18/Jul/2022:11:27:23 +0800] "POST /xingrg/dwr/call/plaincall/AjaxYddbService.saveOrder.dwr HTTP/1.1" 200 78
180.175.103.110 - - [18/Jul/2022:11:27:24 +0800] "GET /xingrg/all/function/internal_message.html?_=1658114735963&CODE_STATE=getMsg HTTP/1.1" 302 -
58.35.196.166 - - [18/Jul/2022:11:27:26 +0800] "GET /xingrg/check_reg.html?_=1658114844686 HTTP/1.1" 200 22
101.83.223.227 - - [18/Jul/2022:11:27:27 +0800] "GET /xingrg/images/yd/bt.gif HTTP/1.1" 404 1040
180.169.147.146 - - [18/Jul/2022:11:27:28 +0800] "POST /xingrg/dwr/call/plaincall/AjaxQqpsService.saveOrder.dwr HTTP/1.1" 200 78
175.42.36.208 - - [18/Jul/2022:11:27:28 +0800] "GET /xingrg/all/function/internal_message.html?_=1658114847128&CODE_STATE=getMsg HTTP/1.1" 200 27
101.83.223.227 - - [18/Jul/2022:11:27:29 +0800] "POST /xingrg/dwr/call/plaincall/AjaxComOrderService.getMaterielSearchList.dwr HTTP/1.1" 200 9802
101.83.223.227 - - [18/Jul/2022:11:27:30 +0800] "POST /xingrg/dwr/call/plaincall/AjaxComOrderService.getMaterielSearchList.dwr HTTP/1.1" 200 1590
101.83.223.227 - - [18/Jul/2022:11:27:32 +0800] "POST /xingrg/dwr/call/plaincall/AjaxYddbService.getMaterielByMap.dwr HTTP/1.1" 200 3765
180.169.147.146 - - [18/Jul/2022:11:27:33 +0800] "POST /xingrg/dwr/call/plaincall/AjaxQqpsService.getMaterielByCode.dwr HTTP/1.1" 200 2874
