101.85.238.90 - - [17/Jul/2022:10:50:00 +0800] "GET /xingrg/all/function/internal_message.html?_=1658026205149&CODE_STATE=getMsg HTTP/1.1" 200 27
114.84.151.115 - - [17/Jul/2022:10:50:03 +0800] "POST /xingrg/kc/buy/cgsh_order_operate.html HTTP/1.1" 200 37
116.230.110.48 - - [17/Jul/2022:10:50:03 +0800] "GET /xingrg/check_reg.html?_=1658026203586 HTTP/1.1" 200 22
180.175.103.110 - - [17/Jul/2022:10:50:05 +0800] "GET /xingrg/kc/buy/cgsh_order_operate.html?command=get_materiel&rest_code=00105&code=00101009013&supplier_code=00100024&order_time=2022-07-17 HTTP/1.1" 200 438
114.84.151.115 - - [17/Jul/2022:10:50:06 +0800] "GET /xingrg/all/function/internal_message.html?_=1658025902495&CODE_STATE=getMsg HTTP/1.1" 200 27
101.83.223.227 - - [17/Jul/2022:10:50:07 +0800] "GET /xingrg/check_reg.html?_=1658026161388 HTTP/1.1" 200 22
101.83.223.227 - - [17/Jul/2022:10:50:08 +0800] "GET /xingrg/all/function/internal_message.html?_=1658026161872&CODE_STATE=getMsg HTTP/1.1" 200 27
180.169.147.146 - - [17/Jul/2022:10:50:09 +0800] "GET /xingrg/all/function/internal_message.html?_=1658026203271&CODE_STATE=getMsg HTTP/1.1" 200 27
114.84.151.115 - - [17/Jul/2022:10:50:09 +0800] "POST /xingrg/kc/buy/cgsh_order_operate.html HTTP/1.1" 200 12
114.84.151.115 - - [17/Jul/2022:10:50:10 +0800] "GET /xingrg/kc/buy/cgsh_order_info.html?code=212022071704245 HTTP/1.1" 200 62847
114.84.151.115 - - [17/Jul/2022:10:50:10 +0800] "GET /xingrg/javascript/easyui/themes/default/validatebox.css HTTP/1.1" 404 1104
114.84.151.115 - - [17/Jul/2022:10:50:11 +0800] "POST /xingrg/kc/buy/cgsh_order_operate.html HTTP/1.1" 200 1200
101.83.241.136 - - [17/Jul/2022:10:50:12 +0800] "GET /xingrg/kc/buy/cgsh_order_operate.html?command=get_materiel&rest_code=00149&code=00101008257&supplier_code=00100005&order_time=2022-07-17 HTTP/1.1" 200 433
114.84.151.115 - - [17/Jul/2022:10:50:13 +0800] "GET /xingrg/kc/print/load_config.html?kc_code=cgsh HTTP/1.1" 200 1943
114.84.151.115 - - [17/Jul/2022:10:50:13 +0800] "GET /xingrg/kc/print/load_data.html?order_code=212022071704245&kc_code=cgsh&condition= HTTP/1.1" 200 982
101.85.120.95 - - [17/Jul/2022:10:50:15 +0800] "GET /xingrg/all/function/internal_message.html?_=1658026213589&CODE_STATE=getMsg HTTP/1.1" 200 27
101.85.120.95 - - [17/Jul/2022:10:50:15 +0800] "GET /xingrg/check_reg.html?_=1658026213592 HTTP/1.1" 200 22
124.78.156.103 - - [17/Jul/2022:10:50:15 +0800] "GET /xingrg/all/function/internal_message.html?_=1658026217236&CODE_STATE=getMsg HTTP/1.1" 200 27
218.81.223.53 - - [17/Jul/2022:10:50:17 +0800] "GET /xingrg/all/function/internal_message.html?_=1658026242974&CODE_STATE=getMsg HTTP/1.1" 200 27
114.84.151.115 - - [17/Jul/2022:10:50:18 +0800] "GET /xingrg/kc/buy/cgsh_order_add.html HTTP/1.1" 200 67944
114.84.151.115 - - [17/Jul/2022:10:50:18 +0800] "POST /xingrg/kc/buy/cgsh_order_operate.html HTTP/1.1" 200 8245
114.84.151.115 - - [17/Jul/2022:10:50:18 +0800] "GET /xingrg/javascript/easyui/themes/default/validatebox.css HTTP/1.1" 404 1104
101.83.241.136 - - [17/Jul/2022:10:50:19 +0800] "GET /xingrg/check_reg.html?_=1658026218379 HTTP/1.1" 200 22
180.175.103.110 - - [17/Jul/2022:10:50:25 +0800] "GET /xingrg/kc/buy/cgsh_order_operate.html?command=get_materiel&rest_code=00105&code=00101009001&supplier_code=00100024&order_time=2022-07-17 HTTP/1.1" 200 416
101.83.241.136 - - [17/Jul/2022:10:50:26 +0800] "GET /xingrg/all/function/internal_message.html?_=1658026225205&CODE_STATE=getMsg HTTP/1.1" 200 27
101.85.238.90 - - [17/Jul/2022:10:50:30 +0800] "GET /xingrg/all/function/internal_message.html?_=1658026295825&CODE_STATE=getMsg HTTP/1.1" 200 27
180.175.103.110 - - [17/Jul/2022:10:50:35 +0800] "GET /xingrg/all/function/internal_message.html?_=1658026235028&CODE_STATE=getMsg HTTP/1.1" 200 27
116.235.94.65 - - [17/Jul/2022:10:50:36 +0800] "GET /xingrg/all/function/internal_message.html?_=1658026419218&CODE_STATE=getMsg HTTP/1.1" 200 27
114.84.151.115 - - [17/Jul/2022:10:50:39 +0800] "GET /xingrg/kc/buy/cgsh_order_operate.html?command=get_materiel&rest_code=00141&code=00101009118&supplier_code=00100036&order_time=2022-07-17 HTTP/1.1" 200 405
101.83.241.136 - - [17/Jul/2022:10:50:40 +0800] "POST /xingrg/kc/buy/cgsh_order_operate.html HTTP/1.1" 200 2065
116.230.110.48 - - [17/Jul/2022:10:50:44 +0800] "GET /xingrg/all/function/internal_message.html?_=1658026243960&CODE_STATE=getMsg HTTP/1.1" 200 27
101.83.241.136 - - [17/Jul/2022:10:50:45 +0800] "GET /xingrg/kc/buy/cgsh_order_operate.html?command=get_materiel&rest_code=00149&code=00101008198&supplier_code=00100005&order_time=2022-07-17 HTTP/1.1" 200 413
124.78.156.103 - - [17/Jul/2022:10:50:48 +0800] "GET /xingrg/all/function/internal_message.html?_=1658026239195&CODE_STATE=getMsg HTTP/1.1" 200 27
116.228.172.94 - - [17/Jul/2022:10:50:50 +0800] "GET /xingrg/all/function/internal_message.html?_=1658026037956&CODE_STATE=getMsg HTTP/1.1" 200 27
218.81.223.53 - - [17/Jul/2022:10:50:54 +0800] "GET /xingrg/check_reg.html?_=1658026279894 HTTP/1.1" 200 22
114.84.151.115 - - [17/Jul/2022:10:50:56 +0800] "GET /xingrg/kc/buy/cgsh_order_operate.html?command=get_materiel&rest_code=00141&code=00101019816&supplier_code=00100036&order_time=2022-07-17 HTTP/1.1" 200 447
101.85.238.90 - - [17/Jul/2022:10:51:00 +0800] "GET /xingrg/all/function/internal_message.html?_=1658026265150&CODE_STATE=getMsg HTTP/1.1" 200 27
101.85.238.90 - - [17/Jul/2022:10:51:02 +0800] "GET /xingrg/kc/base/wldb_order_operate.html?command=get_materiel&rest_code=00102&base_code=0010476&code=00101019390 HTTP/1.1" 200 470
114.84.151.115 - - [17/Jul/2022:10:51:02 +0800] "POST /xingrg/all/common/load_select.html HTTP/1.1" 200 25
114.84.151.115 - - [17/Jul/2022:10:51:06 +0800] "GET /xingrg/kc/buy/cgsh_order_operate.html?command=get_materiel_price&rest_code=00141&code=00101019816&unit_code=00100073&supplier_code=00100036&order_time=2022-07-17 HTTP/1.1" 200 29
114.84.151.115 - - [17/Jul/2022:10:51:06 +0800] "GET /xingrg/all/function/internal_message.html?_=1658025962468&CODE_STATE=getMsg HTTP/1.1" 200 27
101.85.238.90 - - [17/Jul/2022:10:51:07 +0800] "GET /xingrg/kc/base/wldb_order_operate.html?command=get_materiel&rest_code=00102&base_code=0010476&code=00101013139 HTTP/1.1" 200 451
180.169.147.146 - - [17/Jul/2022:10:51:08 +0800] "GET /xingrg/javascript/jquery_tools/images/prev.gif HTTP/1.1" 404 1086
180.169.147.146 - - [17/Jul/2022:10:51:08 +0800] "GET /xingrg/javascript/jquery_tools/images/next.gif HTTP/1.1" 404 1086
101.83.223.227 - - [17/Jul/2022:10:51:08 +0800] "GET /xingrg/all/function/internal_message.html?_=1658026221886&CODE_STATE=getMsg HTTP/1.1" 200 27
180.169.147.146 - - [17/Jul/2022:10:51:09 +0800] "GET /xingrg/all/function/internal_message.html?_=1658026263280&CODE_STATE=getMsg HTTP/1.1" 200 27
180.175.103.110 - - [17/Jul/2022:10:51:11 +0800] "POST /xingrg/kc/buy/cgsh_order_operate.html HTTP/1.1" 200 37
114.84.151.115 - - [17/Jul/2022:10:51:12 +0800] "GET /xingrg/kc/buy/cgsh_order_operate.html?command=get_materiel_price&rest_code=00141&code=00101019816&unit_code=00100074&supplier_code=00100036&order_time=2022-07-17 HTTP/1.1" 200 29
101.83.241.136 - - [17/Jul/2022:10:51:12 +0800] "GET /xingrg/kc/buy/cgsh_order_operate.html?command=get_materiel&rest_code=00149&code=00101008125&supplier_code=00100005&order_time=2022-07-17 HTTP/1.1" 200 413
180.175.103.110 - - [17/Jul/2022:10:51:13 +0800] "POST /xingrg/kc/buy/cgsh_order_operate.html HTTP/1.1" 200 5628
101.85.238.90 - - [17/Jul/2022:10:51:14 +0800] "POST /xingrg/kc/base/wldb_order_operate.html HTTP/1.1" 200 37
180.175.103.110 - - [17/Jul/2022:10:51:14 +0800] "GET /xingrg/kc/print/load_data.html?order_code=212022071704246&kc_code=cgsh&condition= HTTP/1.1" 200 1822
101.85.120.95 - - [17/Jul/2022:10:51:15 +0800] "GET /xingrg/all/function/internal_message.html?_=1658026273592&CODE_STATE=getMsg HTTP/1.1" 200 27
124.78.156.103 - - [17/Jul/2022:10:51:15 +0800] "GET /xingrg/check_reg.html?_=1658026277236 HTTP/1.1" 200 22
124.78.156.103 - - [17/Jul/2022:10:51:16 +0800] "GET /xingrg/all/function/internal_message.html?_=1658026277239&CODE_STATE=getMsg HTTP/1.1" 200 27
101.85.238.90 - - [17/Jul/2022:10:51:16 +0800] "POST /xingrg/kc/base/wldb_order_operate.html HTTP/1.1" 200 12
101.85.238.90 - - [17/Jul/2022:10:51:16 +0800] "POST /xingrg/kc/base/wldb_order_operate.html HTTP/1.1" 200 2692
218.81.223.53 - - [17/Jul/2022:10:51:17 +0800] "GET /xingrg/all/function/internal_message.html?_=1658026302979&CODE_STATE=getMsg HTTP/1.1" 200 27
101.85.238.90 - - [17/Jul/2022:10:51:18 +0800] "GET /xingrg/kc/base/wldb_order_info.html?code=422022071701017 HTTP/1.1" 200 26228
101.85.238.90 - - [17/Jul/2022:10:51:20 +0800] "POST /xingrg/kc/base/wldb_order_operate.html HTTP/1.1" 200 976
101.85.238.90 - - [17/Jul/2022:10:51:20 +0800] "GET /xingrg/javascript/easyui/themes/default/validatebox.css HTTP/1.1" 404 1104
101.85.238.90 - - [17/Jul/2022:10:51:22 +0800] "GET /xingrg/check_reg.html?_=1658026347181 HTTP/1.1" 200 22
101.85.238.90 - - [17/Jul/2022:10:51:23 +0800] "GET /xingrg/kc/base/wldb_order_add.html HTTP/1.1" 200 30352
101.85.238.90 - - [17/Jul/2022:10:51:25 +0800] "POST /xingrg/kc/base/wldb_order_operate.html HTTP/1.1" 200 6806
180.175.103.110 - - [17/Jul/2022:10:51:25 +0800] "GET /xingrg/kc/buy/cgsh_order_add.html HTTP/1.1" 200 68026
101.85.238.90 - - [17/Jul/2022:10:51:26 +0800] "GET /xingrg/javascript/easyui/themes/default/validatebox.css HTTP/1.1" 404 1104
180.175.103.110 - - [17/Jul/2022:10:51:26 +0800] "POST /xingrg/kc/buy/cgsh_order_operate.html HTTP/1.1" 200 8245
180.175.103.110 - - [17/Jul/2022:10:51:26 +0800] "GET /xingrg/javascript/easyui/themes/default/validatebox.css HTTP/1.1" 404 1104
101.83.241.136 - - [17/Jul/2022:10:51:26 +0800] "GET /xingrg/all/function/internal_message.html?_=1658026285189&CODE_STATE=getMsg HTTP/1.1" 200 27
101.85.238.90 - - [17/Jul/2022:10:51:29 +0800] "POST /xingrg/all/common/load_combo.html?type=base HTTP/1.1" 200 3321
101.85.238.90 - - [17/Jul/2022:10:51:30 +0800] "GET /xingrg/all/function/internal_message.html?_=1658026356031&CODE_STATE=getMsg HTTP/1.1" 200 27
101.85.238.90 - - [17/Jul/2022:10:51:32 +0800] "POST /xingrg/all/common/load_combo.html?type=base HTTP/1.1" 200 3321
114.84.151.115 - - [17/Jul/2022:10:51:32 +0800] "GET /xingrg/kc/buy/cgsh_order_operate.html?command=get_materiel&rest_code=00141&code=00101007109&supplier_code=00100036&order_time=2022-07-17 HTTP/1.1" 200 408
180.175.103.110 - - [17/Jul/2022:10:51:35 +0800] "GET /xingrg/all/function/internal_message.html?_=1658026295024&CODE_STATE=getMsg HTTP/1.1" 200 27
116.235.94.65 - - [17/Jul/2022:10:51:36 +0800] "GET /xingrg/check_reg.html?_=1658026479217 HTTP/1.1" 200 22
116.235.94.65 - - [17/Jul/2022:10:51:36 +0800] "GET /xingrg/all/function/internal_message.html?_=1658026479218&CODE_STATE=getMsg HTTP/1.1" 200 27
101.83.241.136 - - [17/Jul/2022:10:51:36 +0800] "GET /xingrg/kc/buy/cgsh_order_operate.html?command=get_materiel&rest_code=00149&code=00101015066&supplier_code=00100005&order_time=2022-07-17 HTTP/1.1" 200 413
114.84.151.115 - - [17/Jul/2022:10:51:43 +0800] "GET /xingrg/kc/buy/cgsh_order_operate.html?command=get_materiel&rest_code=00141&code=00101011001&supplier_code=00100036&order_time=2022-07-17 HTTP/1.1" 200 423
116.230.110.48 - - [17/Jul/2022:10:51:44 +0800] "GET /xingrg/all/function/internal_message.html?_=1658026303947&CODE_STATE=getMsg HTTP/1.1" 200 27
101.85.238.90 - - [17/Jul/2022:10:51:44 +0800] "GET /xingrg/kc/base/wldb_order_operate.html?command=get_materiel&rest_code=00102&base_code=0010476&code=00101019543 HTTP/1.1" 200 470
124.78.156.103 - - [17/Jul/2022:10:51:48 +0800] "GET /xingrg/all/function/internal_message.html?_=1658026299178&CODE_STATE=getMsg HTTP/1.1" 200 27
116.228.172.94 - - [17/Jul/2022:10:51:50 +0800] "GET /xingrg/all/function/internal_message.html?_=1658026097927&CODE_STATE=getMsg HTTP/1.1" 200 27
101.85.238.90 - - [17/Jul/2022:10:51:50 +0800] "POST /xingrg/kc/base/wldb_order_operate.html HTTP/1.1" 200 37
114.84.151.115 - - [17/Jul/2022:10:51:51 +0800] "GET /xingrg/kc/buy/cgsh_order_operate.html?command=get_materiel&rest_code=00141&code=00101010063&supplier_code=00100036&order_time=2022-07-17 HTTP/1.1" 200 409
101.85.238.90 - - [17/Jul/2022:10:51:52 +0800] "POST /xingrg/kc/base/wldb_order_operate.html HTTP/1.1" 200 12
101.85.238.90 - - [17/Jul/2022:10:51:52 +0800] "POST /xingrg/kc/base/wldb_order_operate.html HTTP/1.1" 200 2687
101.85.238.90 - - [17/Jul/2022:10:51:55 +0800] "GET /xingrg/kc/base/wldb_order_info.html?code=422022071701018 HTTP/1.1" 200 26228
180.169.147.146 - - [17/Jul/2022:10:51:57 +0800] "GET /xingrg/check_reg.html?_=1658026311374 HTTP/1.1" 200 22
101.85.238.90 - - [17/Jul/2022:10:51:57 +0800] "POST /xingrg/kc/base/wldb_order_operate.html HTTP/1.1" 200 972
101.85.238.90 - - [17/Jul/2022:10:51:58 +0800] "GET /xingrg/javascript/easyui/themes/default/validatebox.css HTTP/1.1" 404 1104
114.84.151.115 - - [17/Jul/2022:10:51:58 +0800] "GET /xingrg/kc/buy/cgsh_order_operate.html?command=get_materiel&rest_code=00141&code=00101012025&supplier_code=00100036&order_time=2022-07-17 HTTP/1.1" 200 428
101.85.238.90 - - [17/Jul/2022:10:52:00 +0800] "GET /xingrg/all/function/internal_message.html?_=1658026325152&CODE_STATE=getMsg HTTP/1.1" 200 27
101.85.238.90 - - [17/Jul/2022:10:52:00 +0800] "GET /xingrg/check_reg.html?_=1658026325157 HTTP/1.1" 200 22
101.83.241.136 - - [17/Jul/2022:10:52:00 +0800] "GET /xingrg/kc/buy/cgsh_order_operate.html?command=get_materiel&rest_code=00149&code=00101008284&supplier_code=00100005&order_time=2022-07-17 HTTP/1.1" 200 412
180.175.103.110 - - [17/Jul/2022:10:52:04 +0800] "GET /xingrg/kc/buy/cgsh_order_list.html HTTP/1.1" 200 52162
114.84.151.115 - - [17/Jul/2022:10:52:06 +0800] "GET /xingrg/all/function/internal_message.html?_=1658026022494&CODE_STATE=getMsg HTTP/1.1" 200 27
180.175.103.110 - - [17/Jul/2022:10:52:06 +0800] "POST /xingrg/kc/buy/cgsh_list_operate.html HTTP/1.1" 200 2688
101.85.238.90 - - [17/Jul/2022:10:52:07 +0800] "GET /xingrg/kc/base/wldb_order_add.html HTTP/1.1" 200 30352
180.175.103.110 - - [17/Jul/2022:10:52:07 +0800] "GET /xingrg/kc/buy/cgsh_order_list.html HTTP/1.1" 200 52162
101.83.223.227 - - [17/Jul/2022:10:52:08 +0800] "GET /xingrg/all/function/internal_message.html?_=1658026281899&CODE_STATE=getMsg HTTP/1.1" 200 27
101.85.238.90 - - [17/Jul/2022:10:52:08 +0800] "POST /xingrg/kc/base/wldb_order_operate.html HTTP/1.1" 200 6806
114.84.151.115 - - [17/Jul/2022:10:52:08 +0800] "POST /xingrg/kc/buy/cgsh_order_operate.html HTTP/1.1" 200 37
180.169.147.146 - - [17/Jul/2022:10:52:09 +0800] "GET /xingrg/all/function/internal_message.html?_=1658026323258&CODE_STATE=getMsg HTTP/1.1" 200 27
101.85.238.90 - - [17/Jul/2022:10:52:09 +0800] "GET /xingrg/javascript/easyui/themes/default/validatebox.css HTTP/1.1" 404 1104
180.175.103.110 - - [17/Jul/2022:10:52:09 +0800] "POST /xingrg/kc/buy/cgsh_list_operate.html HTTP/1.1" 200 2688
101.85.238.90 - - [17/Jul/2022:10:52:10 +0800] "POST /xingrg/all/common/load_combo.html?type=base HTTP/1.1" 200 3321
114.84.151.115 - - [17/Jul/2022:10:52:13 +0800] "POST /xingrg/kc/buy/cgsh_order_operate.html HTTP/1.1" 200 12
180.175.103.110 - - [17/Jul/2022:10:52:13 +0800] "POST /xingrg/kc/buy/cgsh_list_operate.html HTTP/1.1" 200 2688
114.84.151.115 - - [17/Jul/2022:10:52:14 +0800] "GET /xingrg/kc/buy/cgsh_order_info.html?code=212022071704247 HTTP/1.1" 200 62849
114.84.151.115 - - [17/Jul/2022:10:52:14 +0800] "GET /xingrg/javascript/easyui/themes/default/validatebox.css HTTP/1.1" 404 1104
101.85.120.95 - - [17/Jul/2022:10:52:15 +0800] "GET /xingrg/all/function/internal_message.html?_=1658026333592&CODE_STATE=getMsg HTTP/1.1" 200 27
114.84.151.115 - - [17/Jul/2022:10:52:15 +0800] "POST /xingrg/kc/buy/cgsh_order_operate.html HTTP/1.1" 200 3561
124.78.156.103 - - [17/Jul/2022:10:52:15 +0800] "GET /xingrg/all/function/internal_message.html?_=1658026337239&CODE_STATE=getMsg HTTP/1.1" 200 27
218.81.223.53 - - [17/Jul/2022:10:52:17 +0800] "GET /xingrg/all/function/internal_message.html?_=1658026362993&CODE_STATE=getMsg HTTP/1.1" 200 27
101.85.238.90 - - [17/Jul/2022:10:52:17 +0800] "POST /xingrg/all/common/load_combo.html?type=base HTTP/1.1" 200 3321
114.84.151.115 - - [17/Jul/2022:10:52:17 +0800] "GET /xingrg/kc/print/load_data.html?order_code=212022071704247&kc_code=cgsh&condition= HTTP/1.1" 200 1909
101.83.241.136 - - [17/Jul/2022:10:52:18 +0800] "GET /xingrg/kc/buy/cgsh_order_operate.html?command=get_materiel&rest_code=00149&code=00101015038&supplier_code=00100005&order_time=2022-07-17 HTTP/1.1" 200 418
180.175.103.110 - - [17/Jul/2022:10:52:20 +0800] "POST /xingrg/kc/buy/cgsh_list_operate.html HTTP/1.1" 200 583
180.175.103.110 - - [17/Jul/2022:10:52:20 +0800] "GET /xingrg/kc/buy/cgsh_order_info.html?code=212022071704246 HTTP/1.1" 200 68035
180.175.103.110 - - [17/Jul/2022:10:52:20 +0800] "GET /xingrg/javascript/easyui/themes/default/validatebox.css HTTP/1.1" 404 1104
180.175.103.110 - - [17/Jul/2022:10:52:21 +0800] "POST /xingrg/kc/buy/cgsh_order_operate.html HTTP/1.1" 200 5628
114.84.151.115 - - [17/Jul/2022:10:52:23 +0800] "GET /xingrg/kc/buy/cgsh_order_add.html HTTP/1.1" 200 67944
114.84.151.115 - - [17/Jul/2022:10:52:23 +0800] "POST /xingrg/kc/buy/cgsh_order_operate.html HTTP/1.1" 200 8245
114.84.151.115 - - [17/Jul/2022:10:52:23 +0800] "GET /xingrg/javascript/easyui/themes/default/validatebox.css HTTP/1.1" 404 1104
101.85.238.90 - - [17/Jul/2022:10:52:25 +0800] "GET /xingrg/kc/base/wldb_order_operate.html?command=get_materiel&rest_code=00102&base_code=0010479&code=00101036002 HTTP/1.1" 200 440
180.175.103.110 - - [17/Jul/2022:10:52:26 +0800] "GET /xingrg/kc/buy/cgsh_order_add.html HTTP/1.1" 200 68026
101.83.241.136 - - [17/Jul/2022:10:52:26 +0800] "POST /xingrg/kc/buy/cgsh_order_operate.html HTTP/1.1" 200 2065
180.175.103.110 - - [17/Jul/2022:10:52:26 +0800] "POST /xingrg/kc/buy/cgsh_order_operate.html HTTP/1.1" 200 8245
180.175.103.110 - - [17/Jul/2022:10:52:26 +0800] "GET /xingrg/javascript/easyui/themes/default/validatebox.css HTTP/1.1" 404 1104
101.83.241.136 - - [17/Jul/2022:10:52:26 +0800] "GET /xingrg/all/function/internal_message.html?_=1658026345176&CODE_STATE=getMsg HTTP/1.1" 200 27
180.175.103.110 - - [17/Jul/2022:10:52:27 +0800] "GET /xingrg/javascript/auto/indicator.gif HTTP/1.1" 404 1066
101.83.241.136 - - [17/Jul/2022:10:52:31 +0800] "GET /xingrg/kc/buy/cgsh_order_operate.html?command=get_materiel&rest_code=00149&code=00101008314&supplier_code=00100005&order_time=2022-07-17 HTTP/1.1" 200 413
101.85.238.90 - - [17/Jul/2022:10:52:32 +0800] "POST /xingrg/kc/base/wldb_order_operate.html HTTP/1.1" 200 37
180.175.103.110 - - [17/Jul/2022:10:52:35 +0800] "GET /xingrg/all/function/internal_message.html?_=1658026354997&CODE_STATE=getMsg HTTP/1.1" 200 27
101.85.238.90 - - [17/Jul/2022:10:52:35 +0800] "POST /xingrg/kc/base/wldb_order_operate.html HTTP/1.1" 200 12
101.85.238.90 - - [17/Jul/2022:10:52:35 +0800] "POST /xingrg/kc/base/wldb_order_operate.html HTTP/1.1" 200 2192
116.235.94.65 - - [17/Jul/2022:10:52:36 +0800] "GET /xingrg/all/function/internal_message.html?_=1658026539217&CODE_STATE=getMsg HTTP/1.1" 200 27
180.175.103.110 - - [17/Jul/2022:10:52:37 +0800] "GET /xingrg/kc/buy/cgsh_order_operate.html?command=get_materiel&rest_code=00105&code=00101008230&supplier_code=00100203&order_time=2022-07-17 HTTP/1.1" 200 408
114.84.151.115 - - [17/Jul/2022:10:52:38 +0800] "GET /xingrg/kc/buy/cgsh_order_operate.html?command=get_materiel&rest_code=00141&code=00101001010&supplier_code=00100040&order_time=2022-07-17 HTTP/1.1" 200 425
101.85.238.90 - - [17/Jul/2022:10:52:40 +0800] "GET /xingrg/kc/base/wldb_order_info.html?code=422022071701019 HTTP/1.1" 200 26228
101.85.238.90 - - [17/Jul/2022:10:52:41 +0800] "GET /xingrg/all/function/internal_message.html?_=1658026426775&CODE_STATE=getMsg HTTP/1.1" 200 27
101.85.238.90 - - [17/Jul/2022:10:52:41 +0800] "POST /xingrg/kc/base/wldb_order_operate.html HTTP/1.1" 200 486
101.85.238.90 - - [17/Jul/2022:10:52:41 +0800] "GET /xingrg/javascript/easyui/themes/default/validatebox.css HTTP/1.1" 404 1104
116.230.110.48 - - [17/Jul/2022:10:52:44 +0800] "GET /xingrg/all/function/internal_message.html?_=1658026363920&CODE_STATE=getMsg HTTP/1.1" 200 27
180.175.103.110 - - [17/Jul/2022:10:52:47 +0800] "GET /xingrg/kc/buy/cgsh_order_operate.html?command=get_materiel&rest_code=00105&code=00101008036&supplier_code=00100203&order_time=2022-07-17 HTTP/1.1" 200 408
124.78.156.103 - - [17/Jul/2022:10:52:48 +0800] "GET /xingrg/all/function/internal_message.html?_=1658026359154&CODE_STATE=getMsg HTTP/1.1" 200 27
124.78.156.103 - - [17/Jul/2022:10:52:48 +0800] "GET /xingrg/check_reg.html?_=1658026359370 HTTP/1.1" 200 22
116.228.172.94 - - [17/Jul/2022:10:52:50 +0800] "GET /xingrg/all/function/internal_message.html?_=1658026157897&CODE_STATE=getMsg HTTP/1.1" 200 27
114.84.151.115 - - [17/Jul/2022:10:52:51 +0800] "GET /xingrg/kc/buy/cgsh_order_operate.html?command=get_materiel&rest_code=00141&code=00101005037&supplier_code=00100040&order_time=2022-07-17 HTTP/1.1" 200 425
101.83.241.136 - - [17/Jul/2022:10:52:54 +0800] "GET /xingrg/kc/buy/cgsh_order_operate.html?command=get_materiel&rest_code=00149&code=00101008109&supplier_code=00100005&order_time=2022-07-17 HTTP/1.1" 200 413
180.175.103.110 - - [17/Jul/2022:10:52:55 +0800] "GET /xingrg/kc/buy/cgsh_order_operate.html?command=get_materiel&rest_code=00105&code=00101008353&supplier_code=00100203&order_time=2022-07-17 HTTP/1.1" 200 424
101.85.238.90 - - [17/Jul/2022:10:53:00 +0800] "GET /xingrg/all/function/internal_message.html?_=1658026385158&CODE_STATE=getMsg HTTP/1.1" 200 27
114.84.151.115 - - [17/Jul/2022:10:53:00 +0800] "POST /xingrg/kc/buy/cgsh_order_operate.html HTTP/1.1" 200 37
114.84.151.115 - - [17/Jul/2022:10:53:05 +0800] "POST /xingrg/kc/buy/cgsh_order_operate.html HTTP/1.1" 200 12
114.84.151.115 - - [17/Jul/2022:10:53:07 +0800] "GET /xingrg/kc/buy/cgsh_order_info.html?code=212022071704248 HTTP/1.1" 200 62847
114.84.151.115 - - [17/Jul/2022:10:53:07 +0800] "GET /xingrg/javascript/easyui/themes/default/validatebox.css HTTP/1.1" 404 1104
101.83.223.227 - - [17/Jul/2022:10:53:08 +0800] "GET /xingrg/all/function/internal_message.html?_=1658026341928&CODE_STATE=getMsg HTTP/1.1" 200 27
114.84.151.115 - - [17/Jul/2022:10:53:08 +0800] "POST /xingrg/kc/buy/cgsh_order_operate.html HTTP/1.1" 200 1192
180.169.147.146 - - [17/Jul/2022:10:53:09 +0800] "GET /xingrg/all/function/internal_message.html?_=1658026383235&CODE_STATE=getMsg HTTP/1.1" 200 27
114.84.151.115 - - [17/Jul/2022:10:53:09 +0800] "GET /xingrg/kc/print/load_data.html?order_code=212022071704248&kc_code=cgsh&condition= HTTP/1.1" 200 1003
180.175.103.110 - - [17/Jul/2022:10:53:12 +0800] "GET /xingrg/kc/buy/cgsh_order_operate.html?command=get_materiel&rest_code=00105&code=00101008275&supplier_code=00100203&order_time=2022-07-17 HTTP/1.1" 200 417
101.85.238.90 - - [17/Jul/2022:10:53:13 +0800] "GET /xingrg/kc/base/wldb_order_add.html HTTP/1.1" 200 30352
101.85.238.90 - - [17/Jul/2022:10:53:14 +0800] "POST /xingrg/kc/base/wldb_order_operate.html HTTP/1.1" 200 6806
114.84.151.115 - - [17/Jul/2022:10:53:15 +0800] "GET /xingrg/kc/buy/cgsh_order_add.html HTTP/1.1" 200 67944
101.85.120.95 - - [17/Jul/2022:10:53:15 +0800] "GET /xingrg/all/function/internal_message.html?_=1658026393592&CODE_STATE=getMsg HTTP/1.1" 200 27
114.84.151.115 - - [17/Jul/2022:10:53:15 +0800] "POST /xingrg/kc/buy/cgsh_order_operate.html HTTP/1.1" 200 8245
114.84.151.115 - - [17/Jul/2022:10:53:15 +0800] "GET /xingrg/javascript/easyui/themes/default/validatebox.css HTTP/1.1" 404 1104
101.85.238.90 - - [17/Jul/2022:10:53:15 +0800] "GET /xingrg/javascript/easyui/themes/default/validatebox.css HTTP/1.1" 404 1104
124.78.156.103 - - [17/Jul/2022:10:53:15 +0800] "GET /xingrg/all/function/internal_message.html?_=1658026397239&CODE_STATE=getMsg HTTP/1.1" 200 27
101.85.238.90 - - [17/Jul/2022:10:53:16 +0800] "POST /xingrg/all/common/load_combo.html?type=base HTTP/1.1" 200 3321
218.81.223.53 - - [17/Jul/2022:10:53:17 +0800] "GET /xingrg/all/function/internal_message.html?_=1658026423007&CODE_STATE=getMsg HTTP/1.1" 200 27
180.175.103.110 - - [17/Jul/2022:10:53:20 +0800] "GET /xingrg/kc/buy/cgsh_order_operate.html?command=get_materiel&rest_code=00105&code=00101008312&supplier_code=00100203&order_time=2022-07-17 HTTP/1.1" 200 412
101.83.241.136 - - [17/Jul/2022:10:53:21 +0800] "GET /xingrg/kc/buy/cgsh_order_operate.html?command=get_materiel&rest_code=00149&code=00101008236&supplier_code=00100005&order_time=2022-07-17 HTTP/1.1" 200 432
101.83.241.136 - - [17/Jul/2022:10:53:26 +0800] "GET /xingrg/all/function/internal_message.html?_=1658026405151&CODE_STATE=getMsg HTTP/1.1" 200 27
180.175.103.110 - - [17/Jul/2022:10:53:29 +0800] "GET /xingrg/kc/buy/cgsh_order_operate.html?command=get_materiel&rest_code=00105&code=00101008256&supplier_code=00100203&order_time=2022-07-17 HTTP/1.1" 200 412
101.85.238.90 - - [17/Jul/2022:10:53:32 +0800] "POST /xingrg/all/common/load_combo.html?type=base HTTP/1.1" 200 3321
180.175.103.110 - - [17/Jul/2022:10:53:35 +0800] "GET /xingrg/all/function/internal_message.html?_=1658026415019&CODE_STATE=getMsg HTTP/1.1" 200 27
116.235.94.65 - - [17/Jul/2022:10:53:36 +0800] "GET /xingrg/all/function/internal_message.html?_=1658026599215&CODE_STATE=getMsg HTTP/1.1" 200 27
180.169.147.146 - - [17/Jul/2022:10:53:36 +0800] "GET /xingrg/kc/buy/cgsh_order_operate.html?command=get_materiel&rest_code=00147&code=00101008356&supplier_code=00100006&order_time=2022-07-17 HTTP/1.1" 200 408
180.175.103.110 - - [17/Jul/2022:10:53:37 +0800] "GET /xingrg/check_reg.html?_=1658026417066 HTTP/1.1" 200 22
101.83.223.227 - - [17/Jul/2022:10:53:37 +0800] "POST /xingrg/services/DataTransmitService HTTP/1.1" 200 524
101.83.223.227 - - [17/Jul/2022:10:53:37 +0800] "POST /xingrg/services/DataTransmitService HTTP/1.1" 200 501
101.85.238.90 - - [17/Jul/2022:10:53:41 +0800] "GET /xingrg/all/function/internal_message.html?_=1658026486788&CODE_STATE=getMsg HTTP/1.1" 200 27
116.230.110.48 - - [17/Jul/2022:10:53:44 +0800] "GET /xingrg/all/function/internal_message.html?_=1658026423894&CODE_STATE=getMsg HTTP/1.1" 200 27
124.78.156.103 - - [17/Jul/2022:10:53:47 +0800] "GET /xingrg/all/function/internal_message.html?_=1658026419134&CODE_STATE=getMsg HTTP/1.1" 200 27
116.228.172.94 - - [17/Jul/2022:10:53:50 +0800] "GET /xingrg/all/function/internal_message.html?_=1658026217885&CODE_STATE=getMsg HTTP/1.1" 200 27
180.175.103.110 - - [17/Jul/2022:10:53:51 +0800] "GET /xingrg/kc/buy/cgsh_order_operate.html?command=get_materiel&rest_code=00105&code=00101008163&supplier_code=00100203&order_time=2022-07-17 HTTP/1.1" 200 424
180.169.147.146 - - [17/Jul/2022:10:53:52 +0800] "GET /xingrg/kc/buy/cgsh_order_operate.html?command=get_materiel&rest_code=00147&code=00101008118&supplier_code=00100006&order_time=2022-07-17 HTTP/1.1" 200 418
101.85.238.90 - - [17/Jul/2022:10:53:53 +0800] "GET /xingrg/kc/base/wldb_order_operate.html?command=get_materiel&rest_code=00102&base_code=0010476&code=00101027001 HTTP/1.1" 200 471
114.84.151.115 - - [17/Jul/2022:10:53:53 +0800] "GET /xingrg/kc/buy/cgsh_order_operate.html?command=get_materiel&rest_code=00141&code=00101006111&supplier_code=00100012&order_time=2022-07-17 HTTP/1.1" 200 409
120.253.135.82 - - [17/Jul/2022:10:53:55 +0800] "GET /xingrg/check_reg.html?_=1658026244068 HTTP/1.1" 200 22
101.85.238.90 - - [17/Jul/2022:10:54:00 +0800] "POST /xingrg/kc/base/wldb_order_operate.html HTTP/1.1" 200 37
101.85.238.90 - - [17/Jul/2022:10:54:00 +0800] "GET /xingrg/all/function/internal_message.html?_=1658026445160&CODE_STATE=getMsg HTTP/1.1" 200 27
180.175.103.110 - - [17/Jul/2022:10:54:02 +0800] "GET /xingrg/kc/buy/cgsh_order_operate.html?command=get_materiel&rest_code=00105&code=00101008355&supplier_code=00100203&order_time=2022-07-17 HTTP/1.1" 200 23
101.85.238.90 - - [17/Jul/2022:10:54:03 +0800] "POST /xingrg/kc/base/wldb_order_operate.html HTTP/1.1" 200 12
101.85.238.90 - - [17/Jul/2022:10:54:03 +0800] "POST /xingrg/kc/base/wldb_order_operate.html HTTP/1.1" 200 2216
114.84.151.115 - - [17/Jul/2022:10:54:03 +0800] "GET /xingrg/check_reg.html?_=1658026140070 HTTP/1.1" 200 22
114.84.151.115 - - [17/Jul/2022:10:54:06 +0800] "GET /xingrg/all/function/internal_message.html?_=1658026142514&CODE_STATE=getMsg HTTP/1.1" 200 27
101.83.241.136 - - [17/Jul/2022:10:54:07 +0800] "POST /xingrg/kc/buy/cgsh_order_operate.html HTTP/1.1" 200 37
180.169.147.146 - - [17/Jul/2022:10:54:07 +0800] "GET /xingrg/kc/buy/cgsh_order_operate.html?command=get_materiel&rest_code=00147&code=00101008136&supplier_code=00100006&order_time=2022-07-17 HTTP/1.1" 200 23
101.83.223.227 - - [17/Jul/2022:10:54:08 +0800] "GET /xingrg/all/function/internal_message.html?_=1658026401942&CODE_STATE=getMsg HTTP/1.1" 200 27
101.85.238.90 - - [17/Jul/2022:10:54:08 +0800] "GET /xingrg/kc/base/wldb_order_info.html?code=422022071701020 HTTP/1.1" 200 26229
101.85.238.90 - - [17/Jul/2022:10:54:10 +0800] "POST /xingrg/kc/base/wldb_order_operate.html HTTP/1.1" 200 510
180.169.147.146 - - [17/Jul/2022:10:54:10 +0800] "GET /xingrg/all/function/internal_message.html?_=1658026444746&CODE_STATE=getMsg HTTP/1.1" 200 27
101.85.238.90 - - [17/Jul/2022:10:54:10 +0800] "GET /xingrg/javascript/easyui/themes/default/validatebox.css HTTP/1.1" 404 1104
180.175.103.110 - - [17/Jul/2022:10:54:10 +0800] "POST /xingrg/kc/buy/cgsh_order_operate.html HTTP/1.1" 200 37
114.84.151.115 - - [17/Jul/2022:10:54:11 +0800] "GET /xingrg/kc/buy/cgsh_order_operate.html?command=get_materiel&rest_code=00141&code=00101006193&supplier_code=00100012&order_time=2022-07-17 HTTP/1.1" 200 425
180.175.103.110 - - [17/Jul/2022:10:54:12 +0800] "POST /xingrg/kc/buy/cgsh_order_operate.html HTTP/1.1" 200 6188
101.83.241.136 - - [17/Jul/2022:10:54:13 +0800] "POST /xingrg/kc/buy/cgsh_order_operate.html HTTP/1.1" 200 12
101.85.120.95 - - [17/Jul/2022:10:54:15 +0800] "GET /xingrg/all/function/internal_message.html?_=1658026453591&CODE_STATE=getMsg HTTP/1.1" 200 27
124.78.156.103 - - [17/Jul/2022:10:54:16 +0800] "GET /xingrg/all/function/internal_message.html?_=1658026457239&CODE_STATE=getMsg HTTP/1.1" 200 27
180.175.103.110 - - [17/Jul/2022:10:54:16 +0800] "GET /xingrg/index.html?sysBaseUrl=http%3A%2F%2F180.169.147.146%3A18081%2Fxingrg%2F&costTime=36×tamp=1585223203754 HTTP/1.1" 302 -
180.175.103.110 - - [17/Jul/2022:10:54:16 +0800] "GET /xingrg/login.html HTTP/1.1" 200 7641
180.175.103.110 - - [17/Jul/2022:10:54:17 +0800] "GET /favicon.ico HTTP/1.1" 404 -
218.81.223.53 - - [17/Jul/2022:10:54:17 +0800] "GET /xingrg/all/function/internal_message.html?_=1658026483020&CODE_STATE=getMsg HTTP/1.1" 200 27
180.175.103.110 - - [17/Jul/2022:10:54:18 +0800] "POST /xingrg/login.do HTTP/1.1" 200 2421
180.175.103.110 - - [17/Jul/2022:10:54:18 +0800] "GET /favicon.ico HTTP/1.1" 404 -
180.175.103.110 - - [17/Jul/2022:10:54:19 +0800] "GET /xingrg/login.html HTTP/1.1" 200 7641
180.175.103.110 - - [17/Jul/2022:10:54:19 +0800] "GET /favicon.ico HTTP/1.1" 404 -
180.175.103.110 - - [17/Jul/2022:10:54:20 +0800] "POST /xingrg/login.do HTTP/1.1" 302 -
180.175.103.110 - - [17/Jul/2022:10:54:20 +0800] "GET /xingrg/index.html?sysBaseUrl=http%3A%2F%2F180.169.147.146%3A18081%2Fxingrg%2F&costTime=48×tamp=1658026460075 HTTP/1.1" 200 17173
180.175.103.110 - - [17/Jul/2022:10:54:20 +0800] "POST /xingrg/all/common/load_tree.html?tree=area_rest_tree_json&manage=1 HTTP/1.1" 200 3472
180.175.103.110 - - [17/Jul/2022:10:54:20 +0800] "GET /favicon.ico HTTP/1.1" 404 -
180.175.103.110 - - [17/Jul/2022:10:54:20 +0800] "GET /xingrg/all/function/internal_message.html?_=1658026460284&CODE_STATE=count HTTP/1.1" 200 11
180.175.103.110 - - [17/Jul/2022:10:54:20 +0800] "GET /xingrg/check_reg.html?_=1658026460285 HTTP/1.1" 200 22
180.175.103.110 - - [17/Jul/2022:10:54:20 +0800] "POST /xingrg/load_menu.html HTTP/1.1" 200 5138
180.169.147.146 - - [17/Jul/2022:10:54:20 +0800] "POST /xingrg/kc/buy/cgsh_order_operate.html HTTP/1.1" 200 37
101.85.238.90 - - [17/Jul/2022:10:54:20 +0800] "GET /xingrg/kc/base/wldb_order_add.html HTTP/1.1" 200 30352
101.83.241.136 - - [17/Jul/2022:10:54:20 +0800] "GET /xingrg/kc/buy/cgsh_order_info.html?code=212022071704242 HTTP/1.1" 200 62935
180.169.147.146 - - [17/Jul/2022:10:54:22 +0800] "POST /xingrg/kc/buy/cgsh_order_operate.html HTTP/1.1" 200 3246
180.175.103.110 - - [17/Jul/2022:10:54:22 +0800] "GET /xingrg/kc/buy/cgsh_order_list.html HTTP/1.1" 200 52162
101.85.238.90 - - [17/Jul/2022:10:54:22 +0800] "POST /xingrg/kc/base/wldb_order_operate.html HTTP/1.1" 200 6806
101.83.241.136 - - [17/Jul/2022:10:54:23 +0800] "GET /xingrg/words/20220716212426_words.js HTTP/1.1" 304 -
101.85.238.90 - - [17/Jul/2022:10:54:23 +0800] "GET /xingrg/javascript/easyui/themes/default/validatebox.css HTTP/1.1" 404 1104
101.83.241.136 - - [17/Jul/2022:10:54:23 +0800] "GET /xingrg/javascript/easyui/themes/default/validatebox.css HTTP/1.1" 404 1104
101.83.241.136 - - [17/Jul/2022:10:54:24 +0800] "POST /xingrg/kc/buy/cgsh_order_operate.html HTTP/1.1" 200 37323
180.175.103.110 - - [17/Jul/2022:10:54:24 +0800] "POST /xingrg/kc/buy/cgsh_list_operate.html HTTP/1.1" 200 2986
101.85.238.90 - - [17/Jul/2022:10:54:26 +0800] "POST /xingrg/all/common/load_combo.html?type=base HTTP/1.1" 200 3321
114.84.151.115 - - [17/Jul/2022:10:54:26 +0800] "GET /xingrg/kc/buy/cgsh_order_operate.html?command=get_materiel&rest_code=00141&code=00101006129&supplier_code=00100012&order_time=2022-07-17 HTTP/1.1" 200 447
101.83.241.136 - - [17/Jul/2022:10:54:26 +0800] "GET /xingrg/all/function/internal_message.html?_=1658026465136&CODE_STATE=getMsg HTTP/1.1" 200 27
180.175.103.110 - - [17/Jul/2022:10:54:27 +0800] "POST /xingrg/kc/buy/cgsh_list_operate.html HTTP/1.1" 200 567
180.175.103.110 - - [17/Jul/2022:10:54:29 +0800] "GET /xingrg/kc/buy/cgsh_order_info.html?code=212022071704249 HTTP/1.1" 200 68029
180.175.103.110 - - [17/Jul/2022:10:54:29 +0800] "GET /xingrg/words/20220716212426_words.js HTTP/1.1" 304 -
180.175.103.110 - - [17/Jul/2022:10:54:29 +0800] "GET /xingrg/all/common/auto_word.html?type=employee&rest_code=00105 HTTP/1.1" 200 193
180.175.103.110 - - [17/Jul/2022:10:54:29 +0800] "GET /xingrg/all/common/auto_word.html?type=employee&rest_code=00105 HTTP/1.1" 200 193
180.175.103.110 - - [17/Jul/2022:10:54:29 +0800] "GET /xingrg/javascript/easyui/themes/default/validatebox.css HTTP/1.1" 404 1104
101.85.238.90 - - [17/Jul/2022:10:54:29 +0800] "POST /xingrg/all/common/load_combo.html?type=base HTTP/1.1" 200 3321
180.175.103.110 - - [17/Jul/2022:10:54:30 +0800] "POST /xingrg/kc/buy/cgsh_order_operate.html HTTP/1.1" 200 6188
101.83.241.136 - - [17/Jul/2022:10:54:32 +0800] "GET /xingrg/kc/print/load_config.html?kc_code=cgsh HTTP/1.1" 200 1943
101.83.241.136 - - [17/Jul/2022:10:54:33 +0800] "GET /xingrg/kc/print/load_data.html?order_code=212022071704242&kc_code=cgsh&condition= HTTP/1.1" 200 14666
180.175.103.110 - - [17/Jul/2022:10:54:33 +0800] "GET /xingrg/javascript/auto/indicator.gif HTTP/1.1" 404 1066
101.85.238.90 - - [17/Jul/2022:10:54:36 +0800] "GET /xingrg/kc/base/wldb_order_operate.html?command=get_materiel&rest_code=00102&base_code=0010476&code=00101013011 HTTP/1.1" 200 451
116.235.94.65 - - [17/Jul/2022:10:54:36 +0800] "GET /xingrg/all/function/internal_message.html?_=1658026659214&CODE_STATE=getMsg HTTP/1.1" 200 27
101.85.238.90 - - [17/Jul/2022:10:54:41 +0800] "POST /xingrg/kc/base/wldb_order_operate.html HTTP/1.1" 200 37
101.85.238.90 - - [17/Jul/2022:10:54:41 +0800] "GET /xingrg/all/function/internal_message.html?_=1658026546800&CODE_STATE=getMsg HTTP/1.1" 200 27
101.85.238.90 - - [17/Jul/2022:10:54:43 +0800] "POST /xingrg/kc/base/wldb_order_operate.html HTTP/1.1" 200 12
101.85.238.90 - - [17/Jul/2022:10:54:43 +0800] "POST /xingrg/kc/base/wldb_order_operate.html HTTP/1.1" 200 2193
116.230.110.48 - - [17/Jul/2022:10:54:44 +0800] "GET /xingrg/all/function/internal_message.html?_=1658026483872&CODE_STATE=getMsg HTTP/1.1" 200 27
114.84.151.115 - - [17/Jul/2022:10:54:45 +0800] "GET /xingrg/kc/buy/cgsh_order_operate.html?command=get_materiel&rest_code=00141&code=00101006113&supplier_code=00100012&order_time=2022-07-17 HTTP/1.1" 200 413
101.85.238.90 - - [17/Jul/2022:10:54:46 +0800] "GET /xingrg/kc/base/wldb_order_info.html?code=422022071701021 HTTP/1.1" 200 26230
124.78.156.103 - - [17/Jul/2022:10:54:47 +0800] "GET /xingrg/all/function/internal_message.html?_=1658026479103&CODE_STATE=getMsg HTTP/1.1" 200 27
180.169.147.146 - - [17/Jul/2022:10:54:48 +0800] "GET /xingrg/login.html HTTP/1.1" 200 7641
180.169.147.146 - - [17/Jul/2022:10:54:48 +0800] "GET /favicon.ico HTTP/1.1" 404 -
101.85.238.90 - - [17/Jul/2022:10:54:48 +0800] "POST /xingrg/kc/base/wldb_order_operate.html HTTP/1.1" 200 487
101.85.238.90 - - [17/Jul/2022:10:54:48 +0800] "GET /xingrg/javascript/easyui/themes/default/validatebox.css HTTP/1.1" 404 1104
116.228.172.94 - - [17/Jul/2022:10:54:49 +0800] "GET /xingrg/check_reg.html?_=1658026277185 HTTP/1.1" 200 22
180.169.147.146 - - [17/Jul/2022:10:54:49 +0800] "POST /xingrg/login.do HTTP/1.1" 302 -
180.169.147.146 - - [17/Jul/2022:10:54:49 +0800] "GET /xingrg/index.html?sysBaseUrl=http%3A%2F%2F180.169.147.146%3A18081%2Fxingrg%2F&costTime=40×tamp=1658026489592 HTTP/1.1" 200 17179
180.169.147.146 - - [17/Jul/2022:10:54:49 +0800] "GET /favicon.ico HTTP/1.1" 404 -
180.169.147.146 - - [17/Jul/2022:10:54:49 +0800] "POST /xingrg/all/common/load_tree.html?tree=area_rest_tree_json&manage=1 HTTP/1.1" 200 351
180.169.147.146 - - [17/Jul/2022:10:54:49 +0800] "GET /xingrg/all/function/internal_message.html?_=1658026483971&CODE_STATE=count HTTP/1.1" 200 11
180.169.147.146 - - [17/Jul/2022:10:54:49 +0800] "POST /xingrg/load_menu.html HTTP/1.1" 200 5138
180.169.147.146 - - [17/Jul/2022:10:54:49 +0800] "GET /xingrg/check_reg.html?_=1658026483971 HTTP/1.1" 200 22
116.228.172.94 - - [17/Jul/2022:10:54:50 +0800] "GET /xingrg/all/function/internal_message.html?_=1658026277885&CODE_STATE=getMsg HTTP/1.1" 200 27
180.169.147.146 - - [17/Jul/2022:10:54:54 +0800] "GET /xingrg/kc/buy/buy_main.html HTTP/1.1" 200 12412
180.169.147.146 - - [17/Jul/2022:10:54:54 +0800] "GET /xingrg/css/new_ie.css HTTP/1.1" 404 1036
180.169.147.146 - - [17/Jul/2022:10:54:55 +0800] "GET /xingrg/images/yd/bt.gif HTTP/1.1" 404 1040
180.169.147.146 - - [17/Jul/2022:10:54:55 +0800] "GET /xingrg/kc/buy/cgsh_order_list.html HTTP/1.1" 200 52168
180.169.147.146 - - [17/Jul/2022:10:54:57 +0800] "POST /xingrg/kc/buy/cgsh_list_operate.html HTTP/1.1" 200 1458
101.85.238.90 - - [17/Jul/2022:10:55:00 +0800] "GET /xingrg/all/function/internal_message.html?_=1658026505147&CODE_STATE=getMsg HTTP/1.1" 200 27
116.230.110.48 - - [17/Jul/2022:10:55:03 +0800] "GET /xingrg/check_reg.html?_=1658026503587 HTTP/1.1" 200 22
114.84.151.115 - - [17/Jul/2022:10:55:06 +0800] "GET /xingrg/all/function/internal_message.html?_=1658026202495&CODE_STATE=getMsg HTTP/1.1" 200 27
101.83.223.227 - - [17/Jul/2022:10:55:07 +0800] "GET /xingrg/check_reg.html?_=1658026461409 HTTP/1.1" 200 22
101.83.223.227 - - [17/Jul/2022:10:55:08 +0800] "GET /xingrg/all/function/internal_message.html?_=1658026461955&CODE_STATE=getMsg HTTP/1.1" 200 27
101.83.241.136 - - [17/Jul/2022:10:55:10 +0800] "GET /xingrg/kc/buy/cgsh_order_add.html HTTP/1.1" 200 68032
101.83.241.136 - - [17/Jul/2022:10:55:10 +0800] "POST /xingrg/kc/buy/cgsh_order_operate.html HTTP/1.1" 200 8245
101.83.241.136 - - [17/Jul/2022:10:55:10 +0800] "GET /xingrg/javascript/easyui/themes/default/validatebox.css HTTP/1.1" 404 1104
101.85.238.90 - - [17/Jul/2022:10:55:11 +0800] "GET /xingrg/kc/base/wldb_order_add.html HTTP/1.1" 200 30352
101.85.238.90 - - [17/Jul/2022:10:55:13 +0800] "POST /xingrg/kc/base/wldb_order_operate.html HTTP/1.1" 200 6806
101.85.238.90 - - [17/Jul/2022:10:55:14 +0800] "GET /xingrg/javascript/easyui/themes/default/validatebox.css HTTP/1.1" 404 1104
101.85.120.95 - - [17/Jul/2022:10:55:15 +0800] "GET /xingrg/all/function/internal_message.html?_=1658026513591&CODE_STATE=getMsg HTTP/1.1" 200 27
101.85.120.95 - - [17/Jul/2022:10:55:15 +0800] "GET /xingrg/check_reg.html?_=1658026513594 HTTP/1.1" 200 22
114.84.151.115 - - [17/Jul/2022:10:55:15 +0800] "POST /xingrg/kc/buy/cgsh_order_operate.html HTTP/1.1" 200 37
180.169.147.146 - - [17/Jul/2022:10:55:15 +0800] "POST /xingrg/kc/buy/cgsh_list_operate.html HTTP/1.1" 200 275
124.78.156.103 - - [17/Jul/2022:10:55:16 +0800] "GET /xingrg/all/function/internal_message.html?_=1658026517239&CODE_STATE=getMsg HTTP/1.1" 200 27
218.81.223.53 - - [17/Jul/2022:10:55:17 +0800] "GET /xingrg/all/function/internal_message.html?_=1658026543361&CODE_STATE=getMsg HTTP/1.1" 200 27
180.169.147.146 - - [17/Jul/2022:10:55:17 +0800] "GET /xingrg/kc/buy/cgsh_order_info.html?code=212022071704250 HTTP/1.1" 200 67956
180.169.147.146 - - [17/Jul/2022:10:55:18 +0800] "GET /xingrg/all/common/auto_word.html?type=employee&rest_code=00147 HTTP/1.1" 200 101
180.169.147.146 - - [17/Jul/2022:10:55:18 +0800] "GET /xingrg/all/common/auto_word.html?type=employee&rest_code=00147 HTTP/1.1" 200 101
180.169.147.146 - - [17/Jul/2022:10:55:18 +0800] "GET /xingrg/javascript/easyui/themes/default/validatebox.css HTTP/1.1" 404 1104
180.169.147.146 - - [17/Jul/2022:10:55:18 +0800] "POST /xingrg/kc/buy/cgsh_order_operate.html HTTP/1.1" 200 3246
101.83.241.136 - - [17/Jul/2022:10:55:19 +0800] "GET /xingrg/check_reg.html?_=1658026518389 HTTP/1.1" 200 22
101.85.238.90 - - [17/Jul/2022:10:55:19 +0800] "POST /xingrg/all/common/load_combo.html?type=base HTTP/1.1" 200 3321
180.175.103.110 - - [17/Jul/2022:10:55:20 +0800] "GET /xingrg/all/function/internal_message.html?_=1658026520294&CODE_STATE=getMsg HTTP/1.1" 200 27
101.85.238.90 - - [17/Jul/2022:10:55:21 +0800] "POST /xingrg/all/common/load_combo.html?type=base HTTP/1.1" 200 3321
114.84.151.115 - - [17/Jul/2022:10:55:22 +0800] "POST /xingrg/kc/buy/cgsh_order_operate.html HTTP/1.1" 200 12
101.83.241.136 - - [17/Jul/2022:10:55:26 +0800] "GET /xingrg/all/function/internal_message.html?_=1658026525108&CODE_STATE=getMsg HTTP/1.1" 200 27
101.85.238.90 - - [17/Jul/2022:10:55:29 +0800] "GET /xingrg/kc/base/wldb_order_operate.html?command=get_materiel&rest_code=00102&base_code=0010476&code=00101019185 HTTP/1.1" 200 467
116.235.94.65 - - [17/Jul/2022:10:55:36 +0800] "GET /xingrg/all/function/internal_message.html?_=1658026719212&CODE_STATE=getMsg HTTP/1.1" 200 27
101.85.238.90 - - [17/Jul/2022:10:55:39 +0800] "GET /xingrg/kc/base/wldb_order_operate.html?command=get_materiel&rest_code=00102&base_code=0010476&code=00101019372 HTTP/1.1" 200 479
101.85.238.90 - - [17/Jul/2022:10:55:41 +0800] "GET /xingrg/all/function/internal_message.html?_=1658026606815&CODE_STATE=getMsg HTTP/1.1" 200 27
114.84.151.115 - - [17/Jul/2022:10:55:42 +0800] "GET /xingrg/kc/buy/cgsh_order_info.html?code=212022071704251 HTTP/1.1" 200 62847
114.84.151.115 - - [17/Jul/2022:10:55:42 +0800] "GET /xingrg/javascript/easyui/themes/default/validatebox.css HTTP/1.1" 404 1104
114.84.151.115 - - [17/Jul/2022:10:55:43 +0800] "POST /xingrg/kc/buy/cgsh_order_operate.html HTTP/1.1" 200 2400
116.230.110.48 - - [17/Jul/2022:10:55:44 +0800] "GET /xingrg/all/function/internal_message.html?_=1658026543857&CODE_STATE=getMsg HTTP/1.1" 200 27
114.84.151.115 - - [17/Jul/2022:10:55:44 +0800] "POST /xingrg/services/DataTransmitService HTTP/1.1" 200 524
114.84.151.115 - - [17/Jul/2022:10:55:45 +0800] "POST /xingrg/services/DataTransmitService HTTP/1.1" 200 412
180.169.147.146 - - [17/Jul/2022:10:55:46 +0800] "GET /xingrg/javascript/auto/indicator.gif HTTP/1.1" 404 1066
124.78.156.103 - - [17/Jul/2022:10:55:47 +0800] "GET /xingrg/all/function/internal_message.html?_=1658026539087&CODE_STATE=getMsg HTTP/1.1" 200 27
101.85.238.90 - - [17/Jul/2022:10:55:48 +0800] "GET /xingrg/kc/base/wldb_order_operate.html?command=get_materiel&rest_code=00102&base_code=0010476&code=00101019438 HTTP/1.1" 200 461
180.175.103.110 - - [17/Jul/2022:10:55:48 +0800] "GET /xingrg/kc/buy/cgsh_order_operate.html?command=get_materiel&rest_code=00105&code=00101008355&supplier_code=00100203&order_time=2022-07-17 HTTP/1.1" 200 408
180.169.147.146 - - [17/Jul/2022:10:55:49 +0800] "GET /xingrg/all/function/internal_message.html?_=1658026543982&CODE_STATE=getMsg HTTP/1.1" 200 27
116.228.172.94 - - [17/Jul/2022:10:55:50 +0800] "GET /xingrg/all/function/internal_message.html?_=1658026337871&CODE_STATE=getMsg HTTP/1.1" 200 27
180.169.147.146 - - [17/Jul/2022:10:55:50 +0800] "GET /xingrg/kc/buy/cgsh_order_operate.html?command=get_materiel&rest_code=00147&code=00101008136&supplier_code=00100006&order_time=2022-07-17 HTTP/1.1" 200 412
218.81.223.53 - - [17/Jul/2022:10:55:54 +0800] "GET /xingrg/check_reg.html?_=1658026579897 HTTP/1.1" 200 22
114.84.151.115 - - [17/Jul/2022:10:55:55 +0800] "GET /xingrg/kc/print/load_data.html?order_code=212022071704251&kc_code=cgsh&condition= HTTP/1.1" 200 1499
101.85.238.90 - - [17/Jul/2022:10:56:00 +0800] "GET /xingrg/all/function/internal_message.html?_=1658026565148&CODE_STATE=getMsg HTTP/1.1" 200 27
180.175.103.110 - - [17/Jul/2022:10:56:03 +0800] "GET /xingrg/kc/buy/cgsh_order_operate.html?command=get_materiel&rest_code=00105&code=00101008264&supplier_code=00100203&order_time=2022-07-17 HTTP/1.1" 200 428
114.84.151.115 - - [17/Jul/2022:10:56:06 +0800] "GET /xingrg/all/function/internal_message.html?_=1658026262474&CODE_STATE=getMsg HTTP/1.1" 200 27
101.83.223.227 - - [17/Jul/2022:10:56:08 +0800] "GET /xingrg/all/function/internal_message.html?_=1658026521969&CODE_STATE=getMsg HTTP/1.1" 200 27
180.169.147.146 - - [17/Jul/2022:10:56:10 +0800] "GET /xingrg/kc/buy/cgsh_order_operate.html?command=get_materiel&rest_code=00147&code=00101008036&supplier_code=00100006&order_time=2022-07-17 HTTP/1.1" 200 408
180.175.103.110 - - [17/Jul/2022:10:56:14 +0800] "GET /xingrg/kc/buy/cgsh_order_operate.html?command=get_materiel&rest_code=00105&code=00101008212&supplier_code=00100203&order_time=2022-07-17 HTTP/1.1" 200 412
101.85.120.95 - - [17/Jul/2022:10:56:15 +0800] "GET /xingrg/all/function/internal_message.html?_=1658026573594&CODE_STATE=getMsg HTTP/1.1" 200 27
124.78.156.103 - - [17/Jul/2022:10:56:16 +0800] "GET /xingrg/check_reg.html?_=1658026577239 HTTP/1.1" 200 22
124.78.156.103 - - [17/Jul/2022:10:56:16 +0800] "GET /xingrg/all/function/internal_message.html?_=1658026577242&CODE_STATE=getMsg HTTP/1.1" 200 27
218.81.223.53 - - [17/Jul/2022:10:56:17 +0800] "GET /xingrg/all/function/internal_message.html?_=1658026603375&CODE_STATE=getMsg HTTP/1.1" 200 27
180.175.103.110 - - [17/Jul/2022:10:56:20 +0800] "GET /xingrg/all/function/internal_message.html?_=1658026580295&CODE_STATE=getMsg HTTP/1.1" 200 27
101.85.238.90 - - [17/Jul/2022:10:56:22 +0800] "GET /xingrg/check_reg.html?_=1658026647190 HTTP/1.1" 200 22
101.83.241.136 - - [17/Jul/2022:10:56:26 +0800] "GET /xingrg/all/function/internal_message.html?_=1658026585087&CODE_STATE=getMsg HTTP/1.1" 200 27
116.235.94.65 - - [17/Jul/2022:10:56:36 +0800] "GET /xingrg/all/function/internal_message.html?_=1658026779210&CODE_STATE=getMsg HTTP/1.1" 200 27
116.235.94.65 - - [17/Jul/2022:10:56:36 +0800] "GET /xingrg/check_reg.html?_=1658026779211 HTTP/1.1" 200 22
101.85.238.90 - - [17/Jul/2022:10:56:37 +0800] "POST /xingrg/kc/base/wldb_order_operate.html HTTP/1.1" 200 37
101.85.238.90 - - [17/Jul/2022:10:56:40 +0800] "POST /xingrg/kc/base/wldb_order_operate.html HTTP/1.1" 200 12
101.85.238.90 - - [17/Jul/2022:10:56:40 +0800] "POST /xingrg/kc/base/wldb_order_operate.html HTTP/1.1" 200 3698
101.85.238.90 - - [17/Jul/2022:10:56:41 +0800] "GET /xingrg/all/function/internal_message.html?_=1658026666899&CODE_STATE=getMsg HTTP/1.1" 200 27
101.85.238.90 - - [17/Jul/2022:10:56:41 +0800] "GET /xingrg/kc/base/wldb_order_info.html?code=422022071701022 HTTP/1.1" 200 26229
180.175.103.110 - - [17/Jul/2022:10:56:42 +0800] "GET /xingrg/kc/buy/cgsh_order_operate.html?command=get_materiel&rest_code=00105&code=00101008197&supplier_code=00100203&order_time=2022-07-17 HTTP/1.1" 200 432
101.85.238.90 - - [17/Jul/2022:10:56:43 +0800] "POST /xingrg/kc/base/wldb_order_operate.html HTTP/1.1" 200 1961
116.230.110.48 - - [17/Jul/2022:10:56:44 +0800] "GET /xingrg/all/function/internal_message.html?_=1658026603840&CODE_STATE=getMsg HTTP/1.1" 200 27
101.85.238.90 - - [17/Jul/2022:10:56:44 +0800] "GET /xingrg/javascript/easyui/themes/default/validatebox.css HTTP/1.1" 404 1104
124.78.156.103 - - [17/Jul/2022:10:56:47 +0800] "GET /xingrg/all/function/internal_message.html?_=1658026599070&CODE_STATE=getMsg HTTP/1.1" 200 27
180.169.147.146 - - [17/Jul/2022:10:56:49 +0800] "GET /xingrg/all/function/internal_message.html?_=1658026603974&CODE_STATE=getMsg HTTP/1.1" 200 27
116.228.172.94 - - [17/Jul/2022:10:56:50 +0800] "GET /xingrg/all/function/internal_message.html?_=1658026397855&CODE_STATE=getMsg HTTP/1.1" 200 27
180.175.103.110 - - [17/Jul/2022:10:56:51 +0800] "GET /xingrg/kc/buy/cgsh_order_operate.html?command=get_materiel&rest_code=00105&code=00101008318&supplier_code=00100203&order_time=2022-07-17 HTTP/1.1" 200 408
180.169.147.146 - - [17/Jul/2022:10:56:57 +0800] "GET /xingrg/kc/buy/cgsh_order_operate.html?command=get_materiel&rest_code=00147&code=00101008286&supplier_code=00100006&order_time=2022-07-17 HTTP/1.1" 200 408
101.85.238.90 - - [17/Jul/2022:10:57:00 +0800] "GET /xingrg/all/function/internal_message.html?_=1658026625150&CODE_STATE=getMsg HTTP/1.1" 200 27
101.85.238.90 - - [17/Jul/2022:10:57:00 +0800] "GET /xingrg/check_reg.html?_=1658026625154 HTTP/1.1" 200 22
114.84.151.115 - - [17/Jul/2022:10:57:06 +0800] "GET /xingrg/all/function/internal_message.html?_=1658026322451&CODE_STATE=getMsg HTTP/1.1" 200 27
101.83.223.227 - - [17/Jul/2022:10:57:08 +0800] "GET /xingrg/all/function/internal_message.html?_=1658026581983&CODE_STATE=getMsg HTTP/1.1" 200 27
180.169.147.146 - - [17/Jul/2022:10:57:09 +0800] "GET /xingrg/kc/buy/cgsh_order_operate.html?command=get_materiel&rest_code=00147&code=00101008131&supplier_code=00100006&order_time=2022-07-17 HTTP/1.1" 200 408
101.85.120.95 - - [17/Jul/2022:10:57:15 +0800] "GET /xingrg/all/function/internal_message.html?_=1658026633594&CODE_STATE=getMsg HTTP/1.1" 200 27
124.78.156.103 - - [17/Jul/2022:10:57:16 +0800] "GET /xingrg/all/function/internal_message.html?_=1658026637254&CODE_STATE=getMsg HTTP/1.1" 200 27
