120.253.135.82 - - [17/Jul/2022:12:18:22 +0800] "POST /xingrg/kc/pszx/mdps_list_operate.html HTTP/1.1" 200 448
120.253.135.82 - - [17/Jul/2022:12:18:23 +0800] "GET /xingrg/kc/pszx/mdps_order_info.html?code=312022071700275 HTTP/1.1" 200 23978
120.253.135.82 - - [17/Jul/2022:12:18:24 +0800] "POST /xingrg/kc/pszx/mdps_order_operate.html HTTP/1.1" 200 3792
120.253.135.82 - - [17/Jul/2022:12:18:24 +0800] "GET /xingrg/javascript/easyui/themes/default/validatebox.css HTTP/1.1" 404 1104
101.83.241.136 - - [17/Jul/2022:12:18:24 +0800] "GET /xingrg/kc/base/wldb_order_operate.html?command=get_materiel&rest_code=00149&base_code=0010400&code=00101004065 HTTP/1.1" 200 435
101.83.241.136 - - [17/Jul/2022:12:18:24 +0800] "GET /xingrg/all/function/internal_message.html?_=1658031503686&CODE_STATE=getMsg HTTP/1.1" 200 27
180.175.103.110 - - [17/Jul/2022:12:18:27 +0800] "GET /xingrg/kc/buy/cgsh_order_operate.html?command=get_materiel&rest_code=00105&code=00101020019&supplier_code=00100323&order_time=2022-07-17 HTTP/1.1" 200 426
116.232.54.118 - - [17/Jul/2022:12:18:28 +0800] "GET /xingrg/login.html HTTP/1.1" 200 7641
116.232.54.118 - - [17/Jul/2022:12:18:28 +0800] "GET /xingrg/images/blue/jxLogo.png HTTP/1.1" 200 6156
116.232.54.118 - - [17/Jul/2022:12:18:28 +0800] "GET /xingrg/images/blue/login_bg.png HTTP/1.1" 200 22101
116.232.54.118 - - [17/Jul/2022:12:18:28 +0800] "GET /xingrg/images/blue/srbg.png HTTP/1.1" 200 138
116.232.54.118 - - [17/Jul/2022:12:18:29 +0800] "GET /xingrg/images/blue/hj.png HTTP/1.1" 200 1014
116.232.54.118 - - [17/Jul/2022:12:18:29 +0800] "GET /favicon.ico HTTP/1.1" 404 -
124.78.156.103 - - [17/Jul/2022:12:18:29 +0800] "POST /xingrg/kc/base/wldb_list_operate.html HTTP/1.1" 200 6285
120.253.135.82 - - [17/Jul/2022:12:18:29 +0800] "POST /xingrg/kc/pszx/mdps_list_operate.html HTTP/1.1" 200 2804
120.253.135.82 - - [17/Jul/2022:12:18:31 +0800] "POST /xingrg/kc/pszx/mdps_list_operate.html HTTP/1.1" 200 202
120.253.135.82 - - [17/Jul/2022:12:18:31 +0800] "GET /xingrg/all/function/internal_message.html?_=1658031319475&CODE_STATE=getMsg HTTP/1.1" 200 27
58.35.196.166 - - [17/Jul/2022:12:18:31 +0800] "GET /xingrg/all/function/internal_message.html?_=1658031510661&CODE_STATE=getMsg HTTP/1.1" 200 27
120.253.135.82 - - [17/Jul/2022:12:18:32 +0800] "GET /xingrg/kc/pszx/mdps_order_info.html?code=312022071700272 HTTP/1.1" 200 23976
120.253.135.82 - - [17/Jul/2022:12:18:32 +0800] "POST /xingrg/kc/pszx/mdps_order_operate.html HTTP/1.1" 200 2286
120.253.135.82 - - [17/Jul/2022:12:18:32 +0800] "GET /xingrg/javascript/easyui/themes/default/validatebox.css HTTP/1.1" 404 1104
120.253.135.82 - - [17/Jul/2022:12:18:34 +0800] "GET /xingrg/kc/print/load_data.html?order_code=312022071700272&kc_code=mdps&condition= HTTP/1.1" 200 691
124.78.156.103 - - [17/Jul/2022:12:18:35 +0800] "POST /xingrg/kc/base/wldb_list_operate.html HTTP/1.1" 200 6275
116.235.94.65 - - [17/Jul/2022:12:18:36 +0800] "GET /xingrg/all/function/internal_message.html?_=1658031699014&CODE_STATE=getMsg HTTP/1.1" 200 27
120.253.135.82 - - [17/Jul/2022:12:18:40 +0800] "POST /xingrg/kc/pszx/mdps_list_operate.html HTTP/1.1" 200 2804
120.253.135.82 - - [17/Jul/2022:12:18:41 +0800] "POST /xingrg/kc/pszx/mdps_list_operate.html HTTP/1.1" 200 278
120.253.135.82 - - [17/Jul/2022:12:18:42 +0800] "GET /xingrg/kc/pszx/mdps_order_info.html?code=312022071700273 HTTP/1.1" 200 23978
120.253.135.82 - - [17/Jul/2022:12:18:42 +0800] "POST /xingrg/kc/pszx/mdps_order_operate.html HTTP/1.1" 200 2778
120.253.135.82 - - [17/Jul/2022:12:18:42 +0800] "GET /xingrg/javascript/easyui/themes/default/validatebox.css HTTP/1.1" 404 1104
116.230.110.48 - - [17/Jul/2022:12:18:42 +0800] "GET /xingrg/all/function/internal_message.html?_=1658031522299&CODE_STATE=getMsg HTTP/1.1" 200 27
124.78.156.103 - - [17/Jul/2022:12:18:43 +0800] "POST /xingrg/kc/base/wldb_list_operate.html HTTP/1.1" 200 6282
120.253.135.82 - - [17/Jul/2022:12:18:44 +0800] "GET /xingrg/kc/print/load_data.html?order_code=312022071700273&kc_code=mdps&condition= HTTP/1.1" 200 899
124.78.156.103 - - [17/Jul/2022:12:18:46 +0800] "GET /xingrg/all/function/internal_message.html?_=1658031517632&CODE_STATE=getMsg HTTP/1.1" 200 27
120.253.135.82 - - [17/Jul/2022:12:18:49 +0800] "POST /xingrg/kc/pszx/mdps_list_operate.html HTTP/1.1" 200 2804
120.253.135.82 - - [17/Jul/2022:12:18:50 +0800] "POST /xingrg/kc/pszx/mdps_list_operate.html HTTP/1.1" 200 648
120.253.135.82 - - [17/Jul/2022:12:18:51 +0800] "GET /xingrg/kc/pszx/mdps_order_info.html?code=312022071700274 HTTP/1.1" 200 23978
120.253.135.82 - - [17/Jul/2022:12:18:52 +0800] "POST /xingrg/kc/pszx/mdps_order_operate.html HTTP/1.1" 200 5391
120.253.135.82 - - [17/Jul/2022:12:18:52 +0800] "GET /xingrg/javascript/easyui/themes/default/validatebox.css HTTP/1.1" 404 1104
124.78.156.103 - - [17/Jul/2022:12:18:53 +0800] "POST /xingrg/kc/base/wldb_list_operate.html HTTP/1.1" 200 276
120.253.135.82 - - [17/Jul/2022:12:18:54 +0800] "GET /xingrg/kc/print/load_data.html?order_code=312022071700274&kc_code=mdps&condition= HTTP/1.1" 200 2183
180.175.103.110 - - [17/Jul/2022:12:18:56 +0800] "GET /xingrg/kc/buy/cgsh_order_operate.html?command=get_materiel&rest_code=00105&code=00101007057&supplier_code=00100323&order_time=2022-07-17 HTTP/1.1" 200 429
101.83.241.136 - - [17/Jul/2022:12:18:57 +0800] "POST /xingrg/kc/base/wldb_order_operate.html HTTP/1.1" 200 37
124.78.156.103 - - [17/Jul/2022:12:18:57 +0800] "GET /xingrg/kc/base/wldb_order_info.html?code=422022062901200 HTTP/1.1" 200 26235
124.78.156.103 - - [17/Jul/2022:12:18:57 +0800] "GET /xingrg/javascript/easyui/themes/default/validatebox.css HTTP/1.1" 404 1104
101.83.241.136 - - [17/Jul/2022:12:18:57 +0800] "POST /xingrg/kc/base/wldb_order_operate.html HTTP/1.1" 200 3130
124.78.156.103 - - [17/Jul/2022:12:18:57 +0800] "POST /xingrg/kc/base/wldb_order_operate.html HTTP/1.1" 200 940
101.83.241.136 - - [17/Jul/2022:12:18:59 +0800] "GET /xingrg/kc/base/wldb_order_info.html?code=422022071701023 HTTP/1.1" 200 30375
101.83.241.136 - - [17/Jul/2022:12:18:59 +0800] "GET /xingrg/javascript/easyui/themes/default/validatebox.css HTTP/1.1" 404 1104
101.83.241.136 - - [17/Jul/2022:12:18:59 +0800] "POST /xingrg/kc/base/wldb_order_operate.html HTTP/1.1" 200 3130
101.85.238.90 - - [17/Jul/2022:12:19:00 +0800] "GET /xingrg/all/function/internal_message.html?_=1658031605479&CODE_STATE=getMsg HTTP/1.1" 200 27
101.83.241.136 - - [17/Jul/2022:12:19:02 +0800] "GET /xingrg/kc/base/wldb_order_add.html HTTP/1.1" 200 30362
120.253.135.82 - - [17/Jul/2022:12:19:03 +0800] "POST /xingrg/kc/pszx/mdps_list_operate.html HTTP/1.1" 200 2804
101.83.241.136 - - [17/Jul/2022:12:19:03 +0800] "POST /xingrg/kc/base/wldb_order_operate.html HTTP/1.1" 200 6806
101.83.241.136 - - [17/Jul/2022:12:19:03 +0800] "GET /xingrg/javascript/easyui/themes/default/validatebox.css HTTP/1.1" 404 1104
120.253.135.82 - - [17/Jul/2022:12:19:04 +0800] "POST /xingrg/kc/pszx/mdps_list_operate.html HTTP/1.1" 200 448
124.78.156.103 - - [17/Jul/2022:12:19:04 +0800] "GET /xingrg/kc/base/base_main.html HTTP/1.1" 200 12142
120.253.135.82 - - [17/Jul/2022:12:19:04 +0800] "GET /xingrg/kc/pszx/mdps_order_info.html?code=312022071700275 HTTP/1.1" 200 23978
114.84.2.83 - - [17/Jul/2022:12:19:05 +0800] "GET /xingrg/all/function/internal_message.html?_=1658031539713&CODE_STATE=getMsg HTTP/1.1" 200 27
120.253.135.82 - - [17/Jul/2022:12:19:05 +0800] "POST /xingrg/kc/pszx/mdps_order_operate.html HTTP/1.1" 200 3792
120.253.135.82 - - [17/Jul/2022:12:19:05 +0800] "GET /xingrg/javascript/easyui/themes/default/validatebox.css HTTP/1.1" 404 1104
120.253.135.82 - - [17/Jul/2022:12:19:07 +0800] "GET /xingrg/kc/print/load_data.html?order_code=312022071700275&kc_code=mdps&condition= HTTP/1.1" 200 1400
114.86.187.244 - - [17/Jul/2022:12:19:07 +0800] "GET /xingrg/all/function/internal_message.html?_=1658031555571&CODE_STATE=getMsg HTTP/1.1" 200 27
101.83.223.227 - - [17/Jul/2022:12:19:09 +0800] "GET /xingrg/all/function/internal_message.html?_=1658031503362&CODE_STATE=getMsg HTTP/1.1" 200 27
120.253.135.82 - - [17/Jul/2022:12:19:12 +0800] "POST /xingrg/kc/pszx/mdps_list_operate.html HTTP/1.1" 200 2804
101.85.120.95 - - [17/Jul/2022:12:19:15 +0800] "GET /xingrg/all/function/internal_message.html?_=1658031553748&CODE_STATE=getMsg HTTP/1.1" 200 27
180.175.103.110 - - [17/Jul/2022:12:19:15 +0800] "GET /xingrg/kc/buy/cgsh_order_operate.html?command=get_materiel&rest_code=00105&code=00101006021&supplier_code=00100323&order_time=2022-07-17 HTTP/1.1" 200 427
114.84.151.115 - - [17/Jul/2022:12:19:16 +0800] "GET /xingrg/all/function/internal_message.html?_=1658031252410&CODE_STATE=getMsg HTTP/1.1" 200 27
101.83.241.136 - - [17/Jul/2022:12:19:17 +0800] "GET /xingrg/kc/base/wldb_order_operate.html?command=get_materiel&rest_code=00149&base_code=0010394&code=00101019184 HTTP/1.1" 200 458
124.78.156.103 - - [17/Jul/2022:12:19:19 +0800] "GET /xingrg/kc/base/wldb_order_list.html HTTP/1.1" 200 19142
124.78.156.103 - - [17/Jul/2022:12:19:20 +0800] "POST /xingrg/kc/base/wldb_list_operate.html HTTP/1.1" 200 928
180.175.103.110 - - [17/Jul/2022:12:19:20 +0800] "GET /xingrg/check_reg.html?_=1658031560524 HTTP/1.1" 200 22
180.175.103.110 - - [17/Jul/2022:12:19:20 +0800] "GET /xingrg/all/function/internal_message.html?_=1658031560525&CODE_STATE=getMsg HTTP/1.1" 200 27
124.78.156.103 - - [17/Jul/2022:12:19:23 +0800] "GET /xingrg/kc/base/base_main.html HTTP/1.1" 200 12142
180.175.103.110 - - [17/Jul/2022:12:19:23 +0800] "GET /xingrg/kc/buy/cgsh_order_operate.html?command=get_materiel&rest_code=00105&code=00101010760&supplier_code=00100323&order_time=2022-07-17 HTTP/1.1" 200 468
101.83.241.136 - - [17/Jul/2022:12:19:24 +0800] "GET /xingrg/kc/base/wldb_order_operate.html?command=get_materiel&rest_code=00149&base_code=0010394&code=00101019391 HTTP/1.1" 200 485
101.83.241.136 - - [17/Jul/2022:12:19:24 +0800] "GET /xingrg/all/function/internal_message.html?_=1658031563677&CODE_STATE=getMsg HTTP/1.1" 200 27
124.78.156.103 - - [17/Jul/2022:12:19:25 +0800] "GET /xingrg/kc/base/wldb_order_list.html HTTP/1.1" 200 19142
124.78.156.103 - - [17/Jul/2022:12:19:26 +0800] "POST /xingrg/kc/base/wldb_list_operate.html HTTP/1.1" 200 928
120.253.135.82 - - [17/Jul/2022:12:19:28 +0800] "GET /xingrg/check_reg.html?_=1658031376759 HTTP/1.1" 200 22
124.78.156.103 - - [17/Jul/2022:12:19:30 +0800] "GET /xingrg/kc/base/base_main.html HTTP/1.1" 200 12142
120.253.135.82 - - [17/Jul/2022:12:19:31 +0800] "GET /xingrg/all/function/internal_message.html?_=1658031379489&CODE_STATE=getMsg HTTP/1.1" 200 27
58.35.196.166 - - [17/Jul/2022:12:19:31 +0800] "GET /xingrg/all/function/internal_message.html?_=1658031570646&CODE_STATE=getMsg HTTP/1.1" 200 27
124.78.156.103 - - [17/Jul/2022:12:19:33 +0800] "GET /xingrg/kc/base/wldb_order_list.html HTTP/1.1" 200 19142
124.78.156.103 - - [17/Jul/2022:12:19:33 +0800] "POST /xingrg/kc/base/wldb_list_operate.html HTTP/1.1" 200 928
116.235.94.65 - - [17/Jul/2022:12:19:36 +0800] "GET /xingrg/all/function/internal_message.html?_=1658031758986&CODE_STATE=getMsg HTTP/1.1" 200 27
101.83.241.136 - - [17/Jul/2022:12:19:36 +0800] "POST /xingrg/kc/base/wldb_order_operate.html HTTP/1.1" 200 37
101.83.241.136 - - [17/Jul/2022:12:19:36 +0800] "POST /xingrg/kc/base/wldb_order_operate.html HTTP/1.1" 200 2715
101.83.241.136 - - [17/Jul/2022:12:19:37 +0800] "GET /xingrg/kc/base/wldb_order_info.html?code=422022071701024 HTTP/1.1" 200 30376
124.78.156.103 - - [17/Jul/2022:12:19:37 +0800] "GET /xingrg/kc/base/base_main.html HTTP/1.1" 200 12142
101.83.241.136 - - [17/Jul/2022:12:19:38 +0800] "GET /xingrg/javascript/easyui/themes/default/validatebox.css HTTP/1.1" 404 1104
101.83.241.136 - - [17/Jul/2022:12:19:38 +0800] "POST /xingrg/kc/base/wldb_order_operate.html HTTP/1.1" 200 2715
124.78.156.103 - - [17/Jul/2022:12:19:39 +0800] "GET /xingrg/kc/base/wldb_order_list.html HTTP/1.1" 200 19142
124.78.156.103 - - [17/Jul/2022:12:19:40 +0800] "POST /xingrg/kc/base/wldb_list_operate.html HTTP/1.1" 200 928
101.83.241.136 - - [17/Jul/2022:12:19:40 +0800] "GET /xingrg/kc/base/wldb_order_add.html HTTP/1.1" 200 30362
101.83.241.136 - - [17/Jul/2022:12:19:40 +0800] "POST /xingrg/kc/base/wldb_order_operate.html HTTP/1.1" 200 6806
101.83.241.136 - - [17/Jul/2022:12:19:40 +0800] "GET /xingrg/javascript/easyui/themes/default/validatebox.css HTTP/1.1" 404 1104
116.230.110.48 - - [17/Jul/2022:12:19:42 +0800] "GET /xingrg/all/function/internal_message.html?_=1658031582270&CODE_STATE=getMsg HTTP/1.1" 200 27
124.78.156.103 - - [17/Jul/2022:12:19:44 +0800] "GET /xingrg/kc/base/base_main.html HTTP/1.1" 200 12142
124.78.156.103 - - [17/Jul/2022:12:19:45 +0800] "GET /xingrg/kc/base/wldb_order_list.html HTTP/1.1" 200 19142
124.78.156.103 - - [17/Jul/2022:12:19:46 +0800] "POST /xingrg/kc/base/wldb_list_operate.html HTTP/1.1" 200 928
124.78.156.103 - - [17/Jul/2022:12:19:46 +0800] "GET /xingrg/all/function/internal_message.html?_=1658031577614&CODE_STATE=getMsg HTTP/1.1" 200 27
180.169.147.146 - - [17/Jul/2022:12:19:46 +0800] "GET /xingrg/check_reg.html?_=1658031580403 HTTP/1.1" 200 22
180.169.147.146 - - [17/Jul/2022:12:19:46 +0800] "GET /xingrg/all/function/internal_message.html?_=1658031575501&CODE_STATE=getMsg HTTP/1.1" 200 27
180.169.147.146 - - [17/Jul/2022:12:19:47 +0800] "GET /xingrg/kc/buy/cgsh_order_add.html HTTP/1.1" 200 67947
180.169.147.146 - - [17/Jul/2022:12:19:47 +0800] "GET /xingrg/words/20220716212426_words.js HTTP/1.1" 304 -
180.169.147.146 - - [17/Jul/2022:12:19:47 +0800] "POST /xingrg/kc/buy/cgsh_order_operate.html HTTP/1.1" 200 8245
180.169.147.146 - - [17/Jul/2022:12:19:47 +0800] "GET /xingrg/javascript/easyui/themes/default/validatebox.css HTTP/1.1" 404 1104
180.175.103.110 - - [17/Jul/2022:12:19:50 +0800] "GET /xingrg/kc/buy/cgsh_order_operate.html?command=get_materiel&rest_code=00105&code=00101010338&supplier_code=00100323&order_time=2022-07-17 HTTP/1.1" 200 442
101.83.241.136 - - [17/Jul/2022:12:19:50 +0800] "GET /xingrg/kc/base/wldb_order_operate.html?command=get_materiel&rest_code=00149&base_code=0010400&code=00101001016 HTTP/1.1" 200 435
124.78.156.103 - - [17/Jul/2022:12:19:52 +0800] "GET /xingrg/kc/base/base_main.html HTTP/1.1" 200 12142
124.78.156.103 - - [17/Jul/2022:12:19:54 +0800] "GET /xingrg/kc/base/wldb_order_list.html HTTP/1.1" 200 19142
124.78.156.103 - - [17/Jul/2022:12:19:54 +0800] "POST /xingrg/kc/base/wldb_list_operate.html HTTP/1.1" 200 928
101.83.241.136 - - [17/Jul/2022:12:19:58 +0800] "GET /xingrg/kc/base/wldb_order_operate.html?command=get_materiel&rest_code=00149&base_code=0010400&code=00101004010 HTTP/1.1" 200 431
124.78.156.103 - - [17/Jul/2022:12:19:59 +0800] "POST /xingrg/kc/base/wldb_list_operate.html HTTP/1.1" 200 6146
180.169.147.146 - - [17/Jul/2022:12:19:59 +0800] "GET /xingrg/kc/buy/cgsh_order_operate.html?command=get_materiel&rest_code=00147&code=00102002167&supplier_code=00100494&order_time=2022-07-16 HTTP/1.1" 200 409
101.85.238.90 - - [17/Jul/2022:12:20:00 +0800] "GET /xingrg/all/function/internal_message.html?_=1658031665489&CODE_STATE=getMsg HTTP/1.1" 200 27
116.230.110.48 - - [17/Jul/2022:12:20:04 +0800] "GET /xingrg/check_reg.html?_=1658031603574 HTTP/1.1" 200 22
114.84.2.83 - - [17/Jul/2022:12:20:05 +0800] "GET /xingrg/all/function/internal_message.html?_=1658031599698&CODE_STATE=getMsg HTTP/1.1" 200 27
114.84.2.83 - - [17/Jul/2022:12:20:05 +0800] "GET /xingrg/check_reg.html?_=1658031600074 HTTP/1.1" 200 22
180.169.147.146 - - [17/Jul/2022:12:20:06 +0800] "POST /xingrg/kc/buy/cgsh_order_operate.html HTTP/1.1" 200 37
101.83.223.227 - - [17/Jul/2022:12:20:06 +0800] "GET /xingrg/kc/mdqp/pssh_order_list.html HTTP/1.1" 200 17412
101.83.223.227 - - [17/Jul/2022:12:20:06 +0800] "POST /xingrg/kc/mdqp/pssh_list_operate.html HTTP/1.1" 200 5444
114.86.187.244 - - [17/Jul/2022:12:20:07 +0800] "GET /xingrg/all/function/internal_message.html?_=1658031615571&CODE_STATE=getMsg HTTP/1.1" 200 27
101.83.223.227 - - [17/Jul/2022:12:20:07 +0800] "GET /xingrg/kc/mdqp/psth_order_list1.html HTTP/1.1" 200 17927
101.83.223.227 - - [17/Jul/2022:12:20:07 +0800] "GET /xingrg/javascript/easyui/themes/icons/uncheck_new.png HTTP/1.1" 304 -
101.83.223.227 - - [17/Jul/2022:12:20:07 +0800] "POST /xingrg/kc/mdqp/psth_list_operate.html HTTP/1.1" 200 749
180.169.147.146 - - [17/Jul/2022:12:20:07 +0800] "POST /xingrg/kc/buy/cgsh_order_operate.html HTTP/1.1" 200 2652
101.83.223.227 - - [17/Jul/2022:12:20:08 +0800] "GET /xingrg/check_reg.html?_=1658031561756 HTTP/1.1" 200 22
180.169.147.146 - - [17/Jul/2022:12:20:08 +0800] "GET /xingrg/kc/print/load_data.html?order_code=212022071704285&kc_code=cgsh&condition= HTTP/1.1" 200 661
101.83.223.227 - - [17/Jul/2022:12:20:08 +0800] "GET /xingrg/kc/mdqp/psth_order_add1.html HTTP/1.1" 200 25292
101.83.223.227 - - [17/Jul/2022:12:20:09 +0800] "GET /xingrg/javascript/jquery_tools/jquery-1.4.2.min.js HTTP/1.1" 404 1094
124.78.156.103 - - [17/Jul/2022:12:20:09 +0800] "GET /xingrg/kc/base/base_main.html HTTP/1.1" 200 12142
101.83.223.227 - - [17/Jul/2022:12:20:09 +0800] "POST /xingrg/kc/mdqp/psth_order_operate.html HTTP/1.1" 200 6806
101.83.223.227 - - [17/Jul/2022:12:20:09 +0800] "GET /xingrg/all/common/auto_word.html?type=base&rest_code=00151&rest_code=00101 HTTP/1.1" 200 1315
101.83.223.227 - - [17/Jul/2022:12:20:09 +0800] "GET /xingrg/javascript/easyui/themes/default/validatebox.css HTTP/1.1" 404 1104
101.83.223.227 - - [17/Jul/2022:12:20:09 +0800] "GET /xingrg/all/function/internal_message.html?_=1658031563376&CODE_STATE=getMsg HTTP/1.1" 200 27
101.83.241.136 - - [17/Jul/2022:12:20:10 +0800] "POST /xingrg/kc/base/wldb_order_operate.html HTTP/1.1" 200 37
101.83.223.227 - - [17/Jul/2022:12:20:10 +0800] "GET /xingrg/css/images/panel_loading.gif HTTP/1.1" 304 -
101.83.223.227 - - [17/Jul/2022:12:20:10 +0800] "POST /xingrg/all/common/load_combo.html?type=base&rest_code=00151 HTTP/1.1" 200 2307
101.83.241.136 - - [17/Jul/2022:12:20:10 +0800] "POST /xingrg/kc/base/wldb_order_operate.html HTTP/1.1" 200 2655
101.83.241.136 - - [17/Jul/2022:12:20:11 +0800] "GET /xingrg/kc/base/wldb_order_info.html?code=422022071701025 HTTP/1.1" 200 30375
124.78.156.103 - - [17/Jul/2022:12:20:11 +0800] "GET /xingrg/kc/buy/buy_main.html HTTP/1.1" 200 12412
180.169.147.146 - - [17/Jul/2022:12:20:11 +0800] "GET /xingrg/kc/buy/cgsh_order_add.html HTTP/1.1" 200 67947
124.78.156.103 - - [17/Jul/2022:12:20:11 +0800] "GET /xingrg/css/new_ie.css HTTP/1.1" 404 1036
180.169.147.146 - - [17/Jul/2022:12:20:11 +0800] "POST /xingrg/kc/buy/cgsh_order_operate.html HTTP/1.1" 200 8245
180.169.147.146 - - [17/Jul/2022:12:20:11 +0800] "GET /xingrg/javascript/easyui/themes/default/validatebox.css HTTP/1.1" 404 1104
101.83.241.136 - - [17/Jul/2022:12:20:11 +0800] "GET /xingrg/javascript/easyui/themes/default/validatebox.css HTTP/1.1" 404 1104
101.83.241.136 - - [17/Jul/2022:12:20:12 +0800] "POST /xingrg/kc/base/wldb_order_operate.html HTTP/1.1" 200 2655
101.83.241.136 - - [17/Jul/2022:12:20:15 +0800] "GET /xingrg/kc/base/wldb_order_add.html HTTP/1.1" 200 30362
101.83.241.136 - - [17/Jul/2022:12:20:15 +0800] "POST /xingrg/kc/base/wldb_order_operate.html HTTP/1.1" 200 6806
101.85.120.95 - - [17/Jul/2022:12:20:15 +0800] "GET /xingrg/all/function/internal_message.html?_=1658031613748&CODE_STATE=getMsg HTTP/1.1" 200 27
101.85.120.95 - - [17/Jul/2022:12:20:15 +0800] "GET /xingrg/check_reg.html?_=1658031613750 HTTP/1.1" 200 22
101.83.241.136 - - [17/Jul/2022:12:20:15 +0800] "GET /xingrg/javascript/easyui/themes/default/validatebox.css HTTP/1.1" 404 1104
114.84.151.115 - - [17/Jul/2022:12:20:16 +0800] "GET /xingrg/all/function/internal_message.html?_=1658031312404&CODE_STATE=getMsg HTTP/1.1" 200 27
101.83.223.227 - - [17/Jul/2022:12:20:16 +0800] "GET /xingrg/kc/mdqp/psth_order_operate.html?command=get_materiel&base_code=0010718&rest_code=00151&code=00101019240 HTTP/1.1" 200 437
101.83.241.136 - - [17/Jul/2022:12:20:19 +0800] "GET /xingrg/check_reg.html?_=1658031618701 HTTP/1.1" 200 22
180.175.103.110 - - [17/Jul/2022:12:20:20 +0800] "GET /xingrg/all/function/internal_message.html?_=1658031620559&CODE_STATE=getMsg HTTP/1.1" 200 27
180.169.147.146 - - [17/Jul/2022:12:20:22 +0800] "GET /xingrg/kc/buy/cgsh_order_operate.html?command=get_materiel&rest_code=00147&code=00101007085&supplier_code=00100328&order_time=2022-07-17 HTTP/1.1" 200 429
101.83.223.227 - - [17/Jul/2022:12:20:22 +0800] "POST /xingrg/kc/mdqp/psth_order_operate.html HTTP/1.1" 200 37
101.83.241.136 - - [17/Jul/2022:12:20:24 +0800] "GET /xingrg/all/function/internal_message.html?_=1658031623657&CODE_STATE=getMsg HTTP/1.1" 200 27
101.83.241.136 - - [17/Jul/2022:12:20:25 +0800] "GET /xingrg/kc/base/wldb_order_operate.html?command=get_materiel&rest_code=00149&base_code=0010395&code=00102002448 HTTP/1.1" 200 440
101.83.223.227 - - [17/Jul/2022:12:20:27 +0800] "POST /xingrg/kc/mdqp/psth_order_operate.html HTTP/1.1" 200 2184
101.83.223.227 - - [17/Jul/2022:12:20:27 +0800] "POST /xingrg/kc/mdqp/psth_order_operate.html HTTP/1.1" 200 12
101.83.223.227 - - [17/Jul/2022:12:20:29 +0800] "GET /xingrg/javascript/jquery_tools/jquery-1.4.2.min.js HTTP/1.1" 404 1094
101.83.223.227 - - [17/Jul/2022:12:20:29 +0800] "GET /xingrg/kc/mdqp/psth_order_info1.html?code=322022071700005 HTTP/1.1" 200 22398
101.83.223.227 - - [17/Jul/2022:12:20:30 +0800] "POST /xingrg/kc/mdqp/psth_order_operate.html HTTP/1.1" 200 486
124.78.156.103 - - [17/Jul/2022:12:20:30 +0800] "GET /xingrg/check_reg.html?_=1658031631589 HTTP/1.1" 200 22
101.83.223.227 - - [17/Jul/2022:12:20:30 +0800] "GET /xingrg/javascript/easyui/themes/default/validatebox.css HTTP/1.1" 404 1104
120.253.135.82 - - [17/Jul/2022:12:20:31 +0800] "GET /xingrg/all/function/internal_message.html?_=1658031439502&CODE_STATE=getMsg HTTP/1.1" 200 27
58.35.196.166 - - [17/Jul/2022:12:20:31 +0800] "GET /xingrg/all/function/internal_message.html?_=1658031630631&CODE_STATE=getMsg HTTP/1.1" 200 27
58.35.196.166 - - [17/Jul/2022:12:20:33 +0800] "GET /xingrg/kc/buy/cgsh_order_add.html HTTP/1.1" 200 67991
58.35.196.166 - - [17/Jul/2022:12:20:34 +0800] "GET /xingrg/words/20220716212426_words.js HTTP/1.1" 304 -
58.35.196.166 - - [17/Jul/2022:12:20:34 +0800] "POST /xingrg/kc/buy/cgsh_order_operate.html HTTP/1.1" 200 8245
58.35.196.166 - - [17/Jul/2022:12:20:34 +0800] "GET /xingrg/javascript/easyui/themes/default/validatebox.css HTTP/1.1" 404 1104
116.235.94.65 - - [17/Jul/2022:12:20:36 +0800] "GET /xingrg/all/function/internal_message.html?_=1658031818965&CODE_STATE=getMsg HTTP/1.1" 200 27
180.169.147.146 - - [17/Jul/2022:12:20:36 +0800] "POST /xingrg/kc/buy/cgsh_order_operate.html HTTP/1.1" 200 37
58.35.196.166 - - [17/Jul/2022:12:20:37 +0800] "GET /xingrg/javascript/auto/indicator.gif HTTP/1.1" 404 1066
180.169.147.146 - - [17/Jul/2022:12:20:38 +0800] "POST /xingrg/kc/buy/cgsh_order_operate.html HTTP/1.1" 200 2657
180.169.147.146 - - [17/Jul/2022:12:20:38 +0800] "GET /xingrg/kc/print/load_data.html?order_code=212022071704286&kc_code=cgsh&condition= HTTP/1.1" 200 679
58.35.196.166 - - [17/Jul/2022:12:20:41 +0800] "GET /xingrg/javascript/jquery_tools/images/next.gif HTTP/1.1" 404 1086
58.35.196.166 - - [17/Jul/2022:12:20:41 +0800] "GET /xingrg/javascript/jquery_tools/images/prev.gif HTTP/1.1" 404 1086
180.169.147.146 - - [17/Jul/2022:12:20:41 +0800] "GET /xingrg/kc/buy/cgsh_order_add.html HTTP/1.1" 200 67947
180.169.147.146 - - [17/Jul/2022:12:20:41 +0800] "POST /xingrg/kc/buy/cgsh_order_operate.html HTTP/1.1" 200 8245
180.175.103.110 - - [17/Jul/2022:12:20:41 +0800] "POST /xingrg/kc/buy/cgsh_order_operate.html HTTP/1.1" 200 37
180.169.147.146 - - [17/Jul/2022:12:20:41 +0800] "GET /xingrg/javascript/easyui/themes/default/validatebox.css HTTP/1.1" 404 1104
180.169.147.146 - - [17/Jul/2022:12:20:41 +0800] "GET /xingrg/all/function/internal_message.html?_=1658031635482&CODE_STATE=getMsg HTTP/1.1" 200 27
116.230.110.48 - - [17/Jul/2022:12:20:42 +0800] "GET /xingrg/all/function/internal_message.html?_=1658031642262&CODE_STATE=getMsg HTTP/1.1" 200 27
180.175.103.110 - - [17/Jul/2022:12:20:43 +0800] "POST /xingrg/kc/buy/cgsh_order_operate.html HTTP/1.1" 200 4509
180.175.103.110 - - [17/Jul/2022:12:20:44 +0800] "GET /xingrg/kc/print/load_data.html?order_code=212022071704287&kc_code=cgsh&condition= HTTP/1.1" 200 1433
124.78.156.103 - - [17/Jul/2022:12:20:46 +0800] "GET /xingrg/all/function/internal_message.html?_=1658031637597&CODE_STATE=getMsg HTTP/1.1" 200 27
180.175.103.110 - - [17/Jul/2022:12:20:48 +0800] "GET /xingrg/kc/buy/cgsh_order_add.html HTTP/1.1" 200 68026
180.175.103.110 - - [17/Jul/2022:12:20:48 +0800] "GET /xingrg/javascript/easyui/themes/default/validatebox.css HTTP/1.1" 404 1104
180.175.103.110 - - [17/Jul/2022:12:20:48 +0800] "POST /xingrg/kc/buy/cgsh_order_operate.html HTTP/1.1" 200 8245
180.169.147.146 - - [17/Jul/2022:12:20:52 +0800] "GET /xingrg/kc/buy/cgsh_order_operate.html?command=get_materiel&rest_code=00147&code=00101010108&supplier_code=00100336&order_time=2022-07-17 HTTP/1.1" 200 437
101.83.241.136 - - [17/Jul/2022:12:20:54 +0800] "GET /xingrg/kc/base/wldb_order_operate.html?command=get_materiel&rest_code=00149&base_code=0010395&code=00102002304 HTTP/1.1" 200 462
180.169.147.146 - - [17/Jul/2022:12:21:00 +0800] "POST /xingrg/kc/buy/cgsh_order_operate.html HTTP/1.1" 200 37
101.85.238.90 - - [17/Jul/2022:12:21:00 +0800] "GET /xingrg/all/function/internal_message.html?_=1658031725939&CODE_STATE=getMsg HTTP/1.1" 200 27
180.175.103.110 - - [17/Jul/2022:12:21:01 +0800] "GET /xingrg/kc/buy/cgsh_order_operate.html?command=get_materiel&rest_code=00105&code=00101010511&supplier_code=00100322&order_time=2022-07-17 HTTP/1.1" 200 436
58.35.196.166 - - [17/Jul/2022:12:21:01 +0800] "GET /xingrg/kc/buy/cgsh_order_operate.html?command=get_materiel&rest_code=00156&code=00101010193&supplier_code=00100323&order_time=2022-07-17 HTTP/1.1" 200 416
180.169.147.146 - - [17/Jul/2022:12:21:01 +0800] "POST /xingrg/kc/buy/cgsh_order_operate.html HTTP/1.1" 200 2665
180.169.147.146 - - [17/Jul/2022:12:21:02 +0800] "GET /xingrg/kc/print/load_data.html?order_code=212022071704288&kc_code=cgsh&condition= HTTP/1.1" 200 690
101.83.241.136 - - [17/Jul/2022:12:21:02 +0800] "GET /xingrg/kc/base/wldb_order_operate.html?command=get_materiel&rest_code=00149&base_code=0010395&code=00102002497 HTTP/1.1" 200 439
114.84.2.83 - - [17/Jul/2022:12:21:05 +0800] "GET /xingrg/all/function/internal_message.html?_=1658031659668&CODE_STATE=getMsg HTTP/1.1" 200 27
114.86.187.244 - - [17/Jul/2022:12:21:07 +0800] "GET /xingrg/check_reg.html?_=1658031675572 HTTP/1.1" 200 22
114.86.187.244 - - [17/Jul/2022:12:21:07 +0800] "GET /xingrg/all/function/internal_message.html?_=1658031675574&CODE_STATE=getMsg HTTP/1.1" 200 27
101.83.241.136 - - [17/Jul/2022:12:21:08 +0800] "GET /xingrg/kc/base/wldb_order_operate.html?command=get_materiel&rest_code=00149&base_code=0010395&code=00102002006 HTTP/1.1" 200 467
101.83.223.227 - - [17/Jul/2022:12:21:09 +0800] "GET /xingrg/all/function/internal_message.html?_=1658031623389&CODE_STATE=getMsg HTTP/1.1" 200 27
58.35.196.166 - - [17/Jul/2022:12:21:12 +0800] "GET /xingrg/kc/buy/cgsh_order_operate.html?command=get_materiel&rest_code=00156&code=00101020115&supplier_code=00100323&order_time=2022-07-17 HTTP/1.1" 200 410
101.83.241.136 - - [17/Jul/2022:12:21:13 +0800] "GET /xingrg/kc/base/wldb_order_operate.html?command=get_materiel&rest_code=00149&base_code=0010395&code=00102002238 HTTP/1.1" 200 434
101.85.120.95 - - [17/Jul/2022:12:21:15 +0800] "GET /xingrg/all/function/internal_message.html?_=1658031673750&CODE_STATE=getMsg HTTP/1.1" 200 27
114.84.151.115 - - [17/Jul/2022:12:21:16 +0800] "GET /xingrg/all/function/internal_message.html?_=1658031372413&CODE_STATE=getMsg HTTP/1.1" 200 27
114.84.151.115 - - [17/Jul/2022:12:21:16 +0800] "GET /xingrg/check_reg.html?_=1658031372429 HTTP/1.1" 200 22
180.175.103.110 - - [17/Jul/2022:12:21:20 +0800] "GET /xingrg/all/function/internal_message.html?_=1658031680699&CODE_STATE=getMsg HTTP/1.1" 200 27
101.85.238.90 - - [17/Jul/2022:12:21:22 +0800] "GET /xingrg/check_reg.html?_=1658031748205 HTTP/1.1" 200 22
101.83.241.136 - - [17/Jul/2022:12:21:24 +0800] "GET /xingrg/all/function/internal_message.html?_=1658031683634&CODE_STATE=getMsg HTTP/1.1" 200 27
101.83.241.136 - - [17/Jul/2022:12:21:27 +0800] "POST /xingrg/kc/base/wldb_order_operate.html HTTP/1.1" 200 37
101.83.241.136 - - [17/Jul/2022:12:21:27 +0800] "POST /xingrg/kc/base/wldb_order_operate.html HTTP/1.1" 200 4131
101.83.241.136 - - [17/Jul/2022:12:21:27 +0800] "GET /xingrg/kc/base/wldb_order_info.html?code=422022071701026 HTTP/1.1" 200 30377
101.83.241.136 - - [17/Jul/2022:12:21:28 +0800] "GET /xingrg/javascript/easyui/themes/default/validatebox.css HTTP/1.1" 404 1104
101.83.241.136 - - [17/Jul/2022:12:21:28 +0800] "POST /xingrg/kc/base/wldb_order_operate.html HTTP/1.1" 200 4131
120.253.135.82 - - [17/Jul/2022:12:21:31 +0800] "GET /xingrg/all/function/internal_message.html?_=1658031499516&CODE_STATE=getMsg HTTP/1.1" 200 27
58.35.196.166 - - [17/Jul/2022:12:21:31 +0800] "GET /xingrg/all/function/internal_message.html?_=1658031690610&CODE_STATE=getMsg HTTP/1.1" 200 27
180.175.103.110 - - [17/Jul/2022:12:21:32 +0800] "POST /xingrg/kc/buy/cgsh_order_operate.html HTTP/1.1" 200 37
180.175.103.110 - - [17/Jul/2022:12:21:34 +0800] "POST /xingrg/kc/buy/cgsh_order_operate.html HTTP/1.1" 200 2660
101.83.241.136 - - [17/Jul/2022:12:21:34 +0800] "GET /xingrg/kc/mdqp/qqps_order_list.html HTTP/1.1" 200 10480
101.83.241.136 - - [17/Jul/2022:12:21:34 +0800] "GET /xingrg/dwr/interface/AjaxQqpsService.js HTTP/1.1" 200 16326
101.83.241.136 - - [17/Jul/2022:12:21:34 +0800] "GET /xingrg/dwr/engine.js HTTP/1.1" 200 43631
101.83.241.136 - - [17/Jul/2022:12:21:34 +0800] "GET /xingrg/dwr/interface/AjaxReportQueryService.js HTTP/1.1" 200 13203
58.35.196.166 - - [17/Jul/2022:12:21:35 +0800] "GET /xingrg/kc/buy/cgsh_order_operate.html?command=get_materiel&rest_code=00156&code=00101013175&supplier_code=00100323&order_time=2022-07-17 HTTP/1.1" 200 432
116.235.94.65 - - [17/Jul/2022:12:21:35 +0800] "GET /xingrg/all/function/internal_message.html?_=1658031878935&CODE_STATE=getMsg HTTP/1.1" 200 27
116.235.94.65 - - [17/Jul/2022:12:21:36 +0800] "GET /xingrg/check_reg.html?_=1658031879250 HTTP/1.1" 200 22
101.83.241.136 - - [17/Jul/2022:12:21:38 +0800] "GET /xingrg/kc/mdqp/qqps_order_add.html HTTP/1.1" 200 28398
101.83.241.136 - - [17/Jul/2022:12:21:38 +0800] "GET /xingrg/dwr/interface/AjaxComOrderService.js HTTP/1.1" 200 18264
101.83.241.136 - - [17/Jul/2022:12:21:38 +0800] "GET /xingrg/dwr/engine.js HTTP/1.1" 200 43631
101.83.241.136 - - [17/Jul/2022:12:21:38 +0800] "GET /xingrg/dwr/interface/AjaxQqpsService.js HTTP/1.1" 200 16326
180.175.103.110 - - [17/Jul/2022:12:21:39 +0800] "GET /xingrg/kc/print/load_data.html?order_code=212022071704289&kc_code=cgsh&condition= HTTP/1.1" 200 672
180.169.147.146 - - [17/Jul/2022:12:21:41 +0800] "GET /xingrg/all/function/internal_message.html?_=1658031695454&CODE_STATE=getMsg HTTP/1.1" 200 27
180.175.103.110 - - [17/Jul/2022:12:21:42 +0800] "GET /xingrg/kc/buy/cgsh_order_add.html HTTP/1.1" 200 68026
116.230.110.48 - - [17/Jul/2022:12:21:42 +0800] "GET /xingrg/all/function/internal_message.html?_=1658031702237&CODE_STATE=getMsg HTTP/1.1" 200 27
180.175.103.110 - - [17/Jul/2022:12:21:43 +0800] "GET /xingrg/javascript/easyui/themes/default/validatebox.css HTTP/1.1" 404 1104
180.175.103.110 - - [17/Jul/2022:12:21:43 +0800] "POST /xingrg/kc/buy/cgsh_order_operate.html HTTP/1.1" 200 8245
124.78.156.103 - - [17/Jul/2022:12:21:46 +0800] "GET /xingrg/all/function/internal_message.html?_=1658031697580&CODE_STATE=getMsg HTTP/1.1" 200 27
101.83.241.136 - - [17/Jul/2022:12:21:50 +0800] "POST /xingrg/dwr/call/plaincall/AjaxQqpsService.saveOrder.dwr HTTP/1.1" 200 78
101.83.241.136 - - [17/Jul/2022:12:21:52 +0800] "POST /xingrg/dwr/call/plaincall/AjaxQqpsService.getMaterielByCode.dwr HTTP/1.1" 200 2743
101.83.241.136 - - [17/Jul/2022:12:21:54 +0800] "POST /xingrg/dwr/call/plaincall/AjaxQqpsService.saveMaterielItem.dwr HTTP/1.1" 200 78
180.175.103.110 - - [17/Jul/2022:12:21:55 +0800] "GET /xingrg/kc/buy/cgsh_order_operate.html?command=get_materiel&rest_code=00105&code=00101008094&supplier_code=00100339&order_time=2022-07-17 HTTP/1.1" 200 417
101.83.241.136 - - [17/Jul/2022:12:21:57 +0800] "POST /xingrg/dwr/call/plaincall/AjaxQqpsService.checkOrder.dwr HTTP/1.1" 200 78
101.83.241.136 - - [17/Jul/2022:12:21:57 +0800] "GET /xingrg/kc/mdqp/qqps_order_info.html?code=302022071700238 HTTP/1.1" 200 26801
101.83.241.136 - - [17/Jul/2022:12:21:57 +0800] "GET /xingrg/dwr/interface/AjaxComOrderService.js HTTP/1.1" 200 18264
101.83.241.136 - - [17/Jul/2022:12:21:57 +0800] "GET /xingrg/dwr/interface/AjaxQqpsService.js HTTP/1.1" 200 16326
101.83.241.136 - - [17/Jul/2022:12:21:58 +0800] "GET /xingrg/dwr/engine.js HTTP/1.1" 200 43631
101.83.241.136 - - [17/Jul/2022:12:21:58 +0800] "POST /xingrg/dwr/call/plaincall/AjaxQqpsService.loadMaterielItems.dwr HTTP/1.1" 200 329
101.83.241.136 - - [17/Jul/2022:12:21:59 +0800] "GET /xingrg/kc/mdqp/qqps_order_list.html?isBack=1 HTTP/1.1" 200 10900
101.83.241.136 - - [17/Jul/2022:12:21:59 +0800] "GET /xingrg/dwr/interface/AjaxReportQueryService.js HTTP/1.1" 200 13203
101.83.241.136 - - [17/Jul/2022:12:21:59 +0800] "GET /xingrg/dwr/interface/AjaxQqpsService.js HTTP/1.1" 200 16326
101.83.241.136 - - [17/Jul/2022:12:22:00 +0800] "GET /xingrg/dwr/engine.js HTTP/1.1" 200 43631
101.85.238.90 - - [17/Jul/2022:12:22:00 +0800] "GET /xingrg/all/function/internal_message.html?_=1658031785953&CODE_STATE=getMsg HTTP/1.1" 200 27
180.175.103.110 - - [17/Jul/2022:12:22:03 +0800] "POST /xingrg/kc/buy/cgsh_order_operate.html HTTP/1.1" 200 37
101.83.241.136 - - [17/Jul/2022:12:22:04 +0800] "POST /xingrg/kc/base/wldb_list_operate.html HTTP/1.1" 200 2981
114.84.2.83 - - [17/Jul/2022:12:22:05 +0800] "GET /xingrg/all/function/internal_message.html?_=1658031719652&CODE_STATE=getMsg HTTP/1.1" 200 27
114.86.187.244 - - [17/Jul/2022:12:22:07 +0800] "GET /xingrg/all/function/internal_message.html?_=1658031735601&CODE_STATE=getMsg HTTP/1.1" 200 27
101.83.241.136 - - [17/Jul/2022:12:22:07 +0800] "GET /xingrg/kc/base/wldb_order_add.html HTTP/1.1" 200 30362
101.83.241.136 - - [17/Jul/2022:12:22:07 +0800] "GET /xingrg/javascript/easyui/themes/default/validatebox.css HTTP/1.1" 404 1104
101.83.241.136 - - [17/Jul/2022:12:22:07 +0800] "POST /xingrg/kc/base/wldb_order_operate.html HTTP/1.1" 200 6806
101.83.223.227 - - [17/Jul/2022:12:22:09 +0800] "GET /xingrg/all/function/internal_message.html?_=1658031683402&CODE_STATE=getMsg HTTP/1.1" 200 27
180.175.103.110 - - [17/Jul/2022:12:22:12 +0800] "POST /xingrg/kc/buy/cgsh_order_operate.html HTTP/1.1" 200 2660
180.175.103.110 - - [17/Jul/2022:12:22:13 +0800] "GET /xingrg/kc/print/load_data.html?order_code=212022071704290&kc_code=cgsh&condition= HTTP/1.1" 200 670
101.85.120.95 - - [17/Jul/2022:12:22:15 +0800] "GET /xingrg/all/function/internal_message.html?_=1658031733750&CODE_STATE=getMsg HTTP/1.1" 200 27
120.253.135.82 - - [17/Jul/2022:12:22:16 +0800] "POST /xingrg/kc/pszx/mdps_list_operate.html HTTP/1.1" 200 2434
101.83.241.136 - - [17/Jul/2022:12:22:16 +0800] "GET /xingrg/kc/base/wldb_order_operate.html?command=get_materiel&rest_code=00149&base_code=0010436&code=00101014041 HTTP/1.1" 200 435
114.84.151.115 - - [17/Jul/2022:12:22:16 +0800] "GET /xingrg/all/function/internal_message.html?_=1658031432402&CODE_STATE=getMsg HTTP/1.1" 200 27
120.253.135.82 - - [17/Jul/2022:12:22:17 +0800] "POST /xingrg/kc/pszx/mdps_list_operate.html HTTP/1.1" 200 366
180.175.103.110 - - [17/Jul/2022:12:22:17 +0800] "GET /xingrg/kc/buy/cgsh_order_add.html HTTP/1.1" 200 68026
120.253.135.82 - - [17/Jul/2022:12:22:18 +0800] "GET /xingrg/kc/pszx/mdps_order_info.html?code=312022071700276 HTTP/1.1" 200 23978
180.175.103.110 - - [17/Jul/2022:12:22:18 +0800] "POST /xingrg/kc/buy/cgsh_order_operate.html HTTP/1.1" 200 8245
180.175.103.110 - - [17/Jul/2022:12:22:18 +0800] "GET /xingrg/javascript/easyui/themes/default/validatebox.css HTTP/1.1" 404 1104
120.253.135.82 - - [17/Jul/2022:12:22:18 +0800] "POST /xingrg/kc/pszx/mdps_order_operate.html HTTP/1.1" 200 3272
120.253.135.82 - - [17/Jul/2022:12:22:18 +0800] "GET /xingrg/javascript/easyui/themes/default/validatebox.css HTTP/1.1" 404 1104
180.175.103.110 - - [17/Jul/2022:12:22:20 +0800] "GET /xingrg/all/function/internal_message.html?_=1658031740644&CODE_STATE=getMsg HTTP/1.1" 200 27
101.83.241.136 - - [17/Jul/2022:12:22:24 +0800] "GET /xingrg/all/function/internal_message.html?_=1658031743607&CODE_STATE=getMsg HTTP/1.1" 200 27
120.253.135.82 - - [17/Jul/2022:12:22:27 +0800] "POST /xingrg/kc/pszx/mdps_list_operate.html HTTP/1.1" 200 2434
120.253.135.82 - - [17/Jul/2022:12:22:28 +0800] "POST /xingrg/kc/pszx/mdps_list_operate.html HTTP/1.1" 200 591
120.253.135.82 - - [17/Jul/2022:12:22:29 +0800] "GET /xingrg/kc/pszx/mdps_order_info.html?code=312022071700279 HTTP/1.1" 200 23978
58.35.196.166 - - [17/Jul/2022:12:22:29 +0800] "POST /xingrg/kc/buy/cgsh_order_operate.html HTTP/1.1" 200 37
120.253.135.82 - - [17/Jul/2022:12:22:29 +0800] "POST /xingrg/kc/pszx/mdps_order_operate.html HTTP/1.1" 200 6247
120.253.135.82 - - [17/Jul/2022:12:22:29 +0800] "GET /xingrg/javascript/easyui/themes/default/validatebox.css HTTP/1.1" 404 1104
180.175.103.110 - - [17/Jul/2022:12:22:30 +0800] "GET /xingrg/kc/buy/cgsh_order_operate.html?command=get_materiel&rest_code=00105&code=00101002041&supplier_code=00100442&order_time=2022-07-17 HTTP/1.1" 200 409
120.253.135.82 - - [17/Jul/2022:12:22:31 +0800] "GET /xingrg/all/function/internal_message.html?_=1658031559530&CODE_STATE=getMsg HTTP/1.1" 200 27
58.35.196.166 - - [17/Jul/2022:12:22:32 +0800] "GET /xingrg/check_reg.html?_=1658031751269 HTTP/1.1" 200 22
58.35.196.166 - - [17/Jul/2022:12:22:32 +0800] "POST /xingrg/kc/buy/cgsh_order_operate.html HTTP/1.1" 200 3247
58.35.196.166 - - [17/Jul/2022:12:22:33 +0800] "GET /xingrg/kc/print/load_data.html?order_code=212022071704291&kc_code=cgsh&condition= HTTP/1.1" 200 907
116.235.94.65 - - [17/Jul/2022:12:22:35 +0800] "GET /xingrg/all/function/internal_message.html?_=1658031938906&CODE_STATE=getMsg HTTP/1.1" 200 27
58.35.196.166 - - [17/Jul/2022:12:22:40 +0800] "GET /xingrg/kc/buy/cgsh_order_add.html HTTP/1.1" 200 67991
58.35.196.166 - - [17/Jul/2022:12:22:40 +0800] "POST /xingrg/kc/buy/cgsh_order_operate.html HTTP/1.1" 200 8245
58.35.196.166 - - [17/Jul/2022:12:22:40 +0800] "GET /xingrg/javascript/easyui/themes/default/validatebox.css HTTP/1.1" 404 1104
180.169.147.146 - - [17/Jul/2022:12:22:41 +0800] "GET /xingrg/all/function/internal_message.html?_=1658031755435&CODE_STATE=getMsg HTTP/1.1" 200 27
116.230.110.48 - - [17/Jul/2022:12:22:42 +0800] "GET /xingrg/all/function/internal_message.html?_=1658031762210&CODE_STATE=getMsg HTTP/1.1" 200 27
124.78.156.103 - - [17/Jul/2022:12:22:46 +0800] "GET /xingrg/all/function/internal_message.html?_=1658031757563&CODE_STATE=getMsg HTTP/1.1" 200 27
124.78.156.103 - - [17/Jul/2022:12:22:47 +0800] "GET /xingrg/check_reg.html?_=1658031759092 HTTP/1.1" 200 22
101.83.241.136 - - [17/Jul/2022:12:22:48 +0800] "POST /xingrg/kc/base/wldb_order_operate.html HTTP/1.1" 200 37
101.83.241.136 - - [17/Jul/2022:12:22:48 +0800] "POST /xingrg/kc/base/wldb_order_operate.html HTTP/1.1" 200 2186
101.83.241.136 - - [17/Jul/2022:12:22:51 +0800] "GET /xingrg/kc/base/wldb_order_info.html?code=422022071701027 HTTP/1.1" 200 30379
101.83.241.136 - - [17/Jul/2022:12:22:51 +0800] "GET /xingrg/javascript/easyui/themes/default/validatebox.css HTTP/1.1" 404 1104
101.83.241.136 - - [17/Jul/2022:12:22:52 +0800] "POST /xingrg/kc/base/wldb_order_operate.html HTTP/1.1" 200 2186
58.35.196.166 - - [17/Jul/2022:12:22:58 +0800] "GET /xingrg/kc/buy/cgsh_order_operate.html?command=get_materiel&rest_code=00156&code=00102002097&supplier_code=00100151&order_time=2022-07-17 HTTP/1.1" 200 413
120.253.135.82 - - [17/Jul/2022:12:22:59 +0800] "POST /xingrg/kc/pszx/mdps_list_operate.html HTTP/1.1" 200 2434
101.85.238.90 - - [17/Jul/2022:12:23:00 +0800] "GET /xingrg/all/function/internal_message.html?_=1658031845967&CODE_STATE=getMsg HTTP/1.1" 200 27
180.175.103.110 - - [17/Jul/2022:12:23:00 +0800] "POST /xingrg/kc/buy/cgsh_order_operate.html HTTP/1.1" 200 37
120.253.135.82 - - [17/Jul/2022:12:23:01 +0800] "POST /xingrg/kc/pszx/mdps_list_operate.html HTTP/1.1" 200 645
120.253.135.82 - - [17/Jul/2022:12:23:02 +0800] "GET /xingrg/kc/pszx/mdps_order_info.html?code=312022071700280 HTTP/1.1" 200 23978
180.175.103.110 - - [17/Jul/2022:12:23:02 +0800] "POST /xingrg/kc/buy/cgsh_order_operate.html HTTP/1.1" 200 2656
120.253.135.82 - - [17/Jul/2022:12:23:02 +0800] "POST /xingrg/kc/pszx/mdps_order_operate.html HTTP/1.1" 200 6954
120.253.135.82 - - [17/Jul/2022:12:23:02 +0800] "GET /xingrg/javascript/easyui/themes/default/validatebox.css HTTP/1.1" 404 1104
180.175.103.110 - - [17/Jul/2022:12:23:03 +0800] "GET /xingrg/kc/print/load_data.html?order_code=212022071704292&kc_code=cgsh&condition= HTTP/1.1" 200 666
114.84.2.83 - - [17/Jul/2022:12:23:05 +0800] "GET /xingrg/all/function/internal_message.html?_=1658031779637&CODE_STATE=getMsg HTTP/1.1" 200 27
114.86.187.244 - - [17/Jul/2022:12:23:07 +0800] "GET /xingrg/all/function/internal_message.html?_=1658031795600&CODE_STATE=getMsg HTTP/1.1" 200 27
180.175.103.110 - - [17/Jul/2022:12:23:07 +0800] "GET /xingrg/kc/buy/cgsh_order_add.html HTTP/1.1" 200 68026
180.175.103.110 - - [17/Jul/2022:12:23:07 +0800] "POST /xingrg/kc/buy/cgsh_order_operate.html HTTP/1.1" 200 8245
180.175.103.110 - - [17/Jul/2022:12:23:07 +0800] "GET /xingrg/javascript/easyui/themes/default/validatebox.css HTTP/1.1" 404 1104
101.83.223.227 - - [17/Jul/2022:12:23:09 +0800] "GET /xingrg/all/function/internal_message.html?_=1658031743439&CODE_STATE=getMsg HTTP/1.1" 200 27
101.85.120.95 - - [17/Jul/2022:12:23:15 +0800] "GET /xingrg/all/function/internal_message.html?_=1658031793750&CODE_STATE=getMsg HTTP/1.1" 200 27
114.84.151.115 - - [17/Jul/2022:12:23:16 +0800] "GET /xingrg/all/function/internal_message.html?_=1658031492407&CODE_STATE=getMsg HTTP/1.1" 200 27
180.175.103.110 - - [17/Jul/2022:12:23:17 +0800] "GET /xingrg/kc/buy/cgsh_order_operate.html?command=get_materiel&rest_code=00105&code=00101002002&supplier_code=00100087&order_time=2022-07-17 HTTP/1.1" 200 422
120.253.135.82 - - [17/Jul/2022:12:23:18 +0800] "POST /xingrg/kc/pszx/mdps_list_operate.html HTTP/1.1" 200 2434
120.253.135.82 - - [17/Jul/2022:12:23:20 +0800] "POST /xingrg/kc/pszx/mdps_list_operate.html HTTP/1.1" 200 366
180.175.103.110 - - [17/Jul/2022:12:23:20 +0800] "GET /xingrg/all/function/internal_message.html?_=1658031800487&CODE_STATE=getMsg HTTP/1.1" 200 27
120.253.135.82 - - [17/Jul/2022:12:23:20 +0800] "GET /xingrg/kc/pszx/mdps_order_info.html?code=312022071700276 HTTP/1.1" 200 23978
120.253.135.82 - - [17/Jul/2022:12:23:21 +0800] "POST /xingrg/kc/pszx/mdps_order_operate.html HTTP/1.1" 200 3272
120.253.135.82 - - [17/Jul/2022:12:23:21 +0800] "GET /xingrg/javascript/easyui/themes/default/validatebox.css HTTP/1.1" 404 1104
58.35.196.166 - - [17/Jul/2022:12:23:21 +0800] "POST /xingrg/kc/buy/cgsh_order_operate.html HTTP/1.1" 200 37
120.253.135.82 - - [17/Jul/2022:12:23:23 +0800] "GET /xingrg/kc/print/load_data.html?order_code=312022071700276&kc_code=mdps&condition= HTTP/1.1" 200 1140
58.35.196.166 - - [17/Jul/2022:12:23:23 +0800] "POST /xingrg/kc/buy/cgsh_order_operate.html HTTP/1.1" 200 2658
101.83.241.136 - - [17/Jul/2022:12:23:24 +0800] "GET /xingrg/all/function/internal_message.html?_=1658031803580&CODE_STATE=getMsg HTTP/1.1" 200 27
58.35.196.166 - - [17/Jul/2022:12:23:24 +0800] "GET /xingrg/kc/print/load_data.html?order_code=212022071704293&kc_code=cgsh&condition= HTTP/1.1" 200 651
180.175.103.110 - - [17/Jul/2022:12:23:28 +0800] "POST /xingrg/kc/buy/cgsh_order_operate.html HTTP/1.1" 200 37
120.253.135.82 - - [17/Jul/2022:12:23:28 +0800] "POST /xingrg/kc/pszx/mdps_list_operate.html HTTP/1.1" 200 2434
120.253.135.82 - - [17/Jul/2022:12:23:29 +0800] "POST /xingrg/kc/pszx/mdps_list_operate.html HTTP/1.1" 200 591
120.253.135.82 - - [17/Jul/2022:12:23:30 +0800] "GET /xingrg/kc/pszx/mdps_order_info.html?code=312022071700279 HTTP/1.1" 200 23978
58.35.196.166 - - [17/Jul/2022:12:23:30 +0800] "GET /xingrg/kc/buy/cgsh_order_add.html HTTP/1.1" 200 67991
120.253.135.82 - - [17/Jul/2022:12:23:30 +0800] "POST /xingrg/kc/pszx/mdps_order_operate.html HTTP/1.1" 200 6247
120.253.135.82 - - [17/Jul/2022:12:23:30 +0800] "GET /xingrg/javascript/easyui/themes/default/validatebox.css HTTP/1.1" 404 1104
58.35.196.166 - - [17/Jul/2022:12:23:30 +0800] "POST /xingrg/kc/buy/cgsh_order_operate.html HTTP/1.1" 200 8245
58.35.196.166 - - [17/Jul/2022:12:23:31 +0800] "GET /xingrg/javascript/easyui/themes/default/validatebox.css HTTP/1.1" 404 1104
120.253.135.82 - - [17/Jul/2022:12:23:31 +0800] "GET /xingrg/all/function/internal_message.html?_=1658031619570&CODE_STATE=getMsg HTTP/1.1" 200 27
58.35.196.166 - - [17/Jul/2022:12:23:31 +0800] "GET /xingrg/all/function/internal_message.html?_=1658031810613&CODE_STATE=getMsg HTTP/1.1" 200 27
120.253.135.82 - - [17/Jul/2022:12:23:33 +0800] "GET /xingrg/kc/print/load_data.html?order_code=312022071700279&kc_code=mdps&condition= HTTP/1.1" 200 2488
116.235.94.65 - - [17/Jul/2022:12:23:35 +0800] "GET /xingrg/all/function/internal_message.html?_=1658031998877&CODE_STATE=getMsg HTTP/1.1" 200 27
101.83.223.227 - - [17/Jul/2022:12:23:37 +0800] "POST /xingrg/services/DataTransmitService HTTP/1.1" 200 524
101.83.223.227 - - [17/Jul/2022:12:23:38 +0800] "POST /xingrg/services/DataTransmitService HTTP/1.1" 200 501
120.253.135.82 - - [17/Jul/2022:12:23:38 +0800] "POST /xingrg/kc/pszx/mdps_list_operate.html HTTP/1.1" 200 2434
101.83.223.227 - - [17/Jul/2022:12:23:38 +0800] "POST /xingrg/services/DataTransmitService HTTP/1.1" 200 501
101.83.223.227 - - [17/Jul/2022:12:23:38 +0800] "POST /xingrg/services/DataTransmitService HTTP/1.1" 200 501
101.83.223.227 - - [17/Jul/2022:12:23:38 +0800] "POST /xingrg/services/DataTransmitService HTTP/1.1" 200 501
101.83.223.227 - - [17/Jul/2022:12:23:38 +0800] "POST /xingrg/services/DataTransmitService HTTP/1.1" 200 501
120.253.135.82 - - [17/Jul/2022:12:23:39 +0800] "POST /xingrg/kc/pszx/mdps_list_operate.html HTTP/1.1" 200 645
101.83.223.227 - - [17/Jul/2022:12:23:39 +0800] "POST /xingrg/services/DataTransmitService HTTP/1.1" 200 501
101.83.223.227 - - [17/Jul/2022:12:23:39 +0800] "POST /xingrg/services/DataTransmitService HTTP/1.1" 200 412
120.253.135.82 - - [17/Jul/2022:12:23:40 +0800] "GET /xingrg/kc/pszx/mdps_order_info.html?code=312022071700280 HTTP/1.1" 200 23978
120.253.135.82 - - [17/Jul/2022:12:23:40 +0800] "POST /xingrg/kc/pszx/mdps_order_operate.html HTTP/1.1" 200 6954
120.253.135.82 - - [17/Jul/2022:12:23:40 +0800] "GET /xingrg/javascript/easyui/themes/default/validatebox.css HTTP/1.1" 404 1104
180.169.147.146 - - [17/Jul/2022:12:23:41 +0800] "GET /xingrg/all/function/internal_message.html?_=1658031815419&CODE_STATE=getMsg HTTP/1.1" 200 27
120.253.135.82 - - [17/Jul/2022:12:23:42 +0800] "GET /xingrg/kc/print/load_data.html?order_code=312022071700280&kc_code=mdps&condition= HTTP/1.1" 200 2937
180.175.103.110 - - [17/Jul/2022:12:23:42 +0800] "POST /xingrg/kc/buy/cgsh_order_operate.html HTTP/1.1" 200 2670
116.230.110.48 - - [17/Jul/2022:12:23:42 +0800] "GET /xingrg/all/function/internal_message.html?_=1658031822192&CODE_STATE=getMsg HTTP/1.1" 200 27
58.35.196.166 - - [17/Jul/2022:12:23:42 +0800] "GET /xingrg/kc/buy/cgsh_order_operate.html?command=get_materiel&rest_code=00156&code=00101020058&supplier_code=00100337&order_time=2022-07-17 HTTP/1.1" 200 413
180.175.103.110 - - [17/Jul/2022:12:23:44 +0800] "GET /xingrg/kc/print/load_data.html?order_code=212022071704294&kc_code=cgsh&condition= HTTP/1.1" 200 733
124.78.156.103 - - [17/Jul/2022:12:23:46 +0800] "GET /xingrg/all/function/internal_message.html?_=1658031817546&CODE_STATE=getMsg HTTP/1.1" 200 27
180.175.103.110 - - [17/Jul/2022:12:23:49 +0800] "GET /xingrg/kc/buy/cgsh_order_add.html HTTP/1.1" 200 68026
180.175.103.110 - - [17/Jul/2022:12:23:50 +0800] "GET /xingrg/javascript/easyui/themes/default/validatebox.css HTTP/1.1" 404 1104
180.175.103.110 - - [17/Jul/2022:12:23:50 +0800] "POST /xingrg/kc/buy/cgsh_order_operate.html HTTP/1.1" 200 8245
180.169.147.146 - - [17/Jul/2022:12:23:51 +0800] "GET /xingrg/kc/buy/cgsh_order_add.html HTTP/1.1" 200 67947
180.169.147.146 - - [17/Jul/2022:12:23:51 +0800] "POST /xingrg/kc/buy/cgsh_order_operate.html HTTP/1.1" 200 8245
180.169.147.146 - - [17/Jul/2022:12:23:52 +0800] "GET /xingrg/javascript/easyui/themes/default/validatebox.css HTTP/1.1" 404 1104
120.253.135.82 - - [17/Jul/2022:12:23:52 +0800] "POST /xingrg/kc/pszx/mdps_list_operate.html HTTP/1.1" 200 2434
120.253.135.82 - - [17/Jul/2022:12:23:53 +0800] "POST /xingrg/kc/pszx/mdps_list_operate.html HTTP/1.1" 200 366
58.35.196.166 - - [17/Jul/2022:12:23:54 +0800] "POST /xingrg/kc/buy/cgsh_order_operate.html HTTP/1.1" 200 37
120.253.135.82 - - [17/Jul/2022:12:23:55 +0800] "POST /xingrg/kc/pszx/mdps_list_operate.html HTTP/1.1" 200 591
58.35.196.166 - - [17/Jul/2022:12:23:56 +0800] "POST /xingrg/kc/buy/cgsh_order_operate.html HTTP/1.1" 200 2657
120.253.135.82 - - [17/Jul/2022:12:23:56 +0800] "POST /xingrg/kc/pszx/mdps_list_operate.html HTTP/1.1" 200 645
58.35.196.166 - - [17/Jul/2022:12:23:57 +0800] "GET /xingrg/kc/print/load_data.html?order_code=212022071704295&kc_code=cgsh&condition= HTTP/1.1" 200 682
120.253.135.82 - - [17/Jul/2022:12:24:00 +0800] "GET /xingrg/kc/pszx/mdps_order_info.html?code=312022071700280 HTTP/1.1" 200 23978
120.253.135.82 - - [17/Jul/2022:12:24:00 +0800] "POST /xingrg/kc/pszx/mdps_order_operate.html HTTP/1.1" 200 6954
120.253.135.82 - - [17/Jul/2022:12:24:00 +0800] "GET /xingrg/javascript/easyui/themes/default/validatebox.css HTTP/1.1" 404 1104
180.169.147.146 - - [17/Jul/2022:12:24:00 +0800] "GET /xingrg/kc/buy/cgsh_order_operate.html?command=get_materiel&rest_code=00147&code=00101005037&supplier_code=00100334&order_time=2022-07-17 HTTP/1.1" 200 425
101.85.238.90 - - [17/Jul/2022:12:24:01 +0800] "GET /xingrg/all/function/internal_message.html?_=1658031906404&CODE_STATE=getMsg HTTP/1.1" 200 27
