180.169.147.146 - - [17/Jul/2022:10:57:16 +0800] "POST /xingrg/kc/buy/cgsh_order_operate.html HTTP/1.1" 200 2065
218.81.223.53 - - [17/Jul/2022:10:57:17 +0800] "GET /xingrg/all/function/internal_message.html?_=1658026663389&CODE_STATE=getMsg HTTP/1.1" 200 27
180.175.103.110 - - [17/Jul/2022:10:57:20 +0800] "GET /xingrg/all/function/internal_message.html?_=1658026640343&CODE_STATE=getMsg HTTP/1.1" 200 27
180.169.147.146 - - [17/Jul/2022:10:57:25 +0800] "GET /xingrg/kc/buy/cgsh_order_operate.html?command=get_materiel&rest_code=00147&code=00101001152&supplier_code=00100006&order_time=2022-07-17 HTTP/1.1" 200 410
101.83.241.136 - - [17/Jul/2022:10:57:26 +0800] "GET /xingrg/all/function/internal_message.html?_=1658026645069&CODE_STATE=getMsg HTTP/1.1" 200 27
180.169.147.146 - - [17/Jul/2022:10:57:33 +0800] "GET /xingrg/kc/buy/cgsh_order_operate.html?command=get_materiel&rest_code=00147&code=00101008318&supplier_code=00100006&order_time=2022-07-17 HTTP/1.1" 200 408
116.235.94.65 - - [17/Jul/2022:10:57:36 +0800] "GET /xingrg/all/function/internal_message.html?_=1658026839208&CODE_STATE=getMsg HTTP/1.1" 200 27
180.169.147.146 - - [17/Jul/2022:10:57:42 +0800] "GET /xingrg/kc/buy/cgsh_order_operate.html?command=get_materiel&rest_code=00147&code=00101009030&supplier_code=00100006&order_time=2022-07-17 HTTP/1.1" 200 413
101.85.238.90 - - [17/Jul/2022:10:57:42 +0800] "GET /xingrg/all/function/internal_message.html?_=1658026727868&CODE_STATE=getMsg HTTP/1.1" 200 27
116.230.110.48 - - [17/Jul/2022:10:57:44 +0800] "GET /xingrg/all/function/internal_message.html?_=1658026663811&CODE_STATE=getMsg HTTP/1.1" 200 27
124.78.156.103 - - [17/Jul/2022:10:57:47 +0800] "GET /xingrg/all/function/internal_message.html?_=1658026659053&CODE_STATE=getMsg HTTP/1.1" 200 27
124.78.156.103 - - [17/Jul/2022:10:57:48 +0800] "GET /xingrg/check_reg.html?_=1658026659351 HTTP/1.1" 200 22
180.169.147.146 - - [17/Jul/2022:10:57:49 +0800] "GET /xingrg/all/function/internal_message.html?_=1658026663978&CODE_STATE=getMsg HTTP/1.1" 200 27
116.228.172.94 - - [17/Jul/2022:10:57:50 +0800] "GET /xingrg/all/function/internal_message.html?_=1658026457842&CODE_STATE=getMsg HTTP/1.1" 200 27
101.85.238.90 - - [17/Jul/2022:10:58:00 +0800] "GET /xingrg/all/function/internal_message.html?_=1658026685156&CODE_STATE=getMsg HTTP/1.1" 200 27
114.84.151.115 - - [17/Jul/2022:10:58:06 +0800] "GET /xingrg/all/function/internal_message.html?_=1658026382424&CODE_STATE=getMsg HTTP/1.1" 200 27
101.83.223.227 - - [17/Jul/2022:10:58:08 +0800] "GET /xingrg/all/function/internal_message.html?_=1658026642011&CODE_STATE=getMsg HTTP/1.1" 200 27
116.228.172.94 - - [17/Jul/2022:10:58:13 +0800] "GET /xingrg/kc/buy/cgsh_order_add.html HTTP/1.1" 200 66991
116.228.172.94 - - [17/Jul/2022:10:58:14 +0800] "POST /xingrg/kc/buy/cgsh_order_operate.html HTTP/1.1" 200 8245
116.228.172.94 - - [17/Jul/2022:10:58:14 +0800] "GET /xingrg/javascript/easyui/themes/default/validatebox.css HTTP/1.1" 404 1104
101.85.120.95 - - [17/Jul/2022:10:58:15 +0800] "GET /xingrg/all/function/internal_message.html?_=1658026693590&CODE_STATE=getMsg HTTP/1.1" 200 27
124.78.156.103 - - [17/Jul/2022:10:58:16 +0800] "GET /xingrg/all/function/internal_message.html?_=1658026697254&CODE_STATE=getMsg HTTP/1.1" 200 27
218.81.223.53 - - [17/Jul/2022:10:58:18 +0800] "GET /xingrg/all/function/internal_message.html?_=1658026723812&CODE_STATE=getMsg HTTP/1.1" 200 27
180.175.103.110 - - [17/Jul/2022:10:58:19 +0800] "POST /xingrg/kc/buy/cgsh_order_operate.html HTTP/1.1" 200 2065
180.175.103.110 - - [17/Jul/2022:10:58:20 +0800] "GET /xingrg/all/function/internal_message.html?_=1658026700360&CODE_STATE=getMsg HTTP/1.1" 200 27
180.175.103.110 - - [17/Jul/2022:10:58:22 +0800] "POST /xingrg/kc/buy/cgsh_order_operate.html HTTP/1.1" 200 2065
180.175.103.110 - - [17/Jul/2022:10:58:24 +0800] "POST /xingrg/kc/buy/cgsh_order_operate.html HTTP/1.1" 200 2065
101.83.241.136 - - [17/Jul/2022:10:58:26 +0800] "GET /xingrg/all/function/internal_message.html?_=1658026705047&CODE_STATE=getMsg HTTP/1.1" 200 27
180.175.103.110 - - [17/Jul/2022:10:58:33 +0800] "GET /xingrg/kc/buy/cgsh_order_operate.html?command=get_materiel&rest_code=00105&code=00101008352&supplier_code=00100203&order_time=2022-07-17 HTTP/1.1" 200 412
116.235.94.65 - - [17/Jul/2022:10:58:36 +0800] "GET /xingrg/all/function/internal_message.html?_=1658026899207&CODE_STATE=getMsg HTTP/1.1" 200 27
180.175.103.110 - - [17/Jul/2022:10:58:39 +0800] "GET /xingrg/kc/buy/cgsh_order_operate.html?command=get_materiel&rest_code=00105&code=00101008271&supplier_code=00100203&order_time=2022-07-17 HTTP/1.1" 200 408
101.85.238.90 - - [17/Jul/2022:10:58:42 +0800] "GET /xingrg/all/function/internal_message.html?_=1658026787884&CODE_STATE=getMsg HTTP/1.1" 200 27
116.230.110.48 - - [17/Jul/2022:10:58:44 +0800] "GET /xingrg/all/function/internal_message.html?_=1658026723787&CODE_STATE=getMsg HTTP/1.1" 200 27
180.175.103.110 - - [17/Jul/2022:10:58:46 +0800] "GET /xingrg/kc/buy/cgsh_order_operate.html?command=get_materiel&rest_code=00105&code=00101008105&supplier_code=00100203&order_time=2022-07-17 HTTP/1.1" 200 412
124.78.156.103 - - [17/Jul/2022:10:58:47 +0800] "GET /xingrg/all/function/internal_message.html?_=1658026719048&CODE_STATE=getMsg HTTP/1.1" 200 27
180.169.147.146 - - [17/Jul/2022:10:58:48 +0800] "GET /xingrg/kc/buy/cgsh_order_operate.html?command=get_materiel&rest_code=00147&code=00101008173&supplier_code=00100006&order_time=2022-07-17 HTTP/1.1" 200 413
180.169.147.146 - - [17/Jul/2022:10:58:49 +0800] "GET /xingrg/all/function/internal_message.html?_=1658026723985&CODE_STATE=getMsg HTTP/1.1" 200 27
116.228.172.94 - - [17/Jul/2022:10:58:50 +0800] "GET /xingrg/all/function/internal_message.html?_=1658026517846&CODE_STATE=getMsg HTTP/1.1" 200 27
180.175.103.110 - - [17/Jul/2022:10:58:53 +0800] "GET /xingrg/kc/buy/cgsh_order_operate.html?command=get_materiel&rest_code=00105&code=00101008436&supplier_code=00100203&order_time=2022-07-17 HTTP/1.1" 200 412
116.228.172.94 - - [17/Jul/2022:10:58:55 +0800] "GET /xingrg/kc/buy/cgsh_order_operate.html?command=get_materiel&rest_code=00153&code=00102016392&supplier_code=00100224&order_time=2022-07-17 HTTP/1.1" 200 409
101.85.238.90 - - [17/Jul/2022:10:59:00 +0800] "GET /xingrg/all/function/internal_message.html?_=1658026745156&CODE_STATE=getMsg HTTP/1.1" 200 27
180.175.103.110 - - [17/Jul/2022:10:59:03 +0800] "GET /xingrg/kc/buy/cgsh_order_operate.html?command=get_materiel&rest_code=00105&code=00101008330&supplier_code=00100203&order_time=2022-07-17 HTTP/1.1" 200 408
114.84.151.115 - - [17/Jul/2022:10:59:03 +0800] "GET /xingrg/check_reg.html?_=1658026440074 HTTP/1.1" 200 22
114.84.151.115 - - [17/Jul/2022:10:59:06 +0800] "GET /xingrg/all/function/internal_message.html?_=1658026442399&CODE_STATE=getMsg HTTP/1.1" 200 27
101.83.223.227 - - [17/Jul/2022:10:59:08 +0800] "GET /xingrg/all/function/internal_message.html?_=1658026702025&CODE_STATE=getMsg HTTP/1.1" 200 27
116.228.172.94 - - [17/Jul/2022:10:59:10 +0800] "GET /xingrg/kc/buy/cgsh_order_operate.html?command=get_materiel&rest_code=00153&code=00102002489&supplier_code=00100224&order_time=2022-07-17 HTTP/1.1" 200 414
101.85.120.95 - - [17/Jul/2022:10:59:15 +0800] "GET /xingrg/all/function/internal_message.html?_=1658026753591&CODE_STATE=getMsg HTTP/1.1" 200 27
180.175.103.110 - - [17/Jul/2022:10:59:15 +0800] "GET /xingrg/kc/buy/cgsh_order_operate.html?command=get_materiel&rest_code=00105&code=00101008219&supplier_code=00100203&order_time=2022-07-17 HTTP/1.1" 200 427
124.78.156.103 - - [17/Jul/2022:10:59:16 +0800] "GET /xingrg/all/function/internal_message.html?_=1658026757254&CODE_STATE=getMsg HTTP/1.1" 200 27
218.81.223.53 - - [17/Jul/2022:10:59:18 +0800] "GET /xingrg/all/function/internal_message.html?_=1658026783822&CODE_STATE=getMsg HTTP/1.1" 200 27
180.169.147.146 - - [17/Jul/2022:10:59:19 +0800] "GET /xingrg/kc/buy/cgsh_order_operate.html?command=get_materiel&rest_code=00147&code=00101008350&supplier_code=00100006&order_time=2022-07-17 HTTP/1.1" 200 425
180.175.103.110 - - [17/Jul/2022:10:59:20 +0800] "GET /xingrg/check_reg.html?_=1658026760295 HTTP/1.1" 200 22
180.175.103.110 - - [17/Jul/2022:10:59:20 +0800] "GET /xingrg/all/function/internal_message.html?_=1658026760329&CODE_STATE=getMsg HTTP/1.1" 200 27
101.83.241.136 - - [17/Jul/2022:10:59:26 +0800] "GET /xingrg/all/function/internal_message.html?_=1658026765031&CODE_STATE=getMsg HTTP/1.1" 200 27
116.228.172.94 - - [17/Jul/2022:10:59:31 +0800] "POST /xingrg/kc/buy/cgsh_order_operate.html HTTP/1.1" 200 37
180.169.147.146 - - [17/Jul/2022:10:59:32 +0800] "GET /xingrg/kc/buy/cgsh_order_operate.html?command=get_materiel&rest_code=00147&code=00101008358&supplier_code=00100006&order_time=2022-07-17 HTTP/1.1" 200 412
180.175.103.110 - - [17/Jul/2022:10:59:32 +0800] "GET /xingrg/kc/buy/cgsh_order_operate.html?command=get_materiel&rest_code=00105&code=00101008244&supplier_code=00100203&order_time=2022-07-17 HTTP/1.1" 200 424
116.228.172.94 - - [17/Jul/2022:10:59:33 +0800] "POST /xingrg/kc/buy/cgsh_order_operate.html HTTP/1.1" 200 3246
116.235.94.65 - - [17/Jul/2022:10:59:36 +0800] "GET /xingrg/all/function/internal_message.html?_=1658026959221&CODE_STATE=getMsg HTTP/1.1" 200 27
180.175.103.110 - - [17/Jul/2022:10:59:39 +0800] "GET /xingrg/kc/buy/cgsh_order_operate.html?command=get_materiel&rest_code=00105&code=00101008155&supplier_code=00100203&order_time=2022-07-17 HTTP/1.1" 200 409
180.169.147.146 - - [17/Jul/2022:10:59:42 +0800] "GET /xingrg/kc/buy/cgsh_order_operate.html?command=get_materiel&rest_code=00147&code=00101008370&supplier_code=00100006&order_time=2022-07-17 HTTP/1.1" 200 412
101.85.238.90 - - [17/Jul/2022:10:59:42 +0800] "GET /xingrg/all/function/internal_message.html?_=1658026847898&CODE_STATE=getMsg HTTP/1.1" 200 27
116.230.110.48 - - [17/Jul/2022:10:59:44 +0800] "GET /xingrg/all/function/internal_message.html?_=1658026783773&CODE_STATE=getMsg HTTP/1.1" 200 27
180.169.147.146 - - [17/Jul/2022:10:59:45 +0800] "POST /xingrg/kc/buy/cgsh_order_operate.html HTTP/1.1" 200 2065
124.78.156.103 - - [17/Jul/2022:10:59:47 +0800] "GET /xingrg/all/function/internal_message.html?_=1658026779009&CODE_STATE=getMsg HTTP/1.1" 200 27
116.228.172.94 - - [17/Jul/2022:10:59:49 +0800] "GET /xingrg/check_reg.html?_=1658026577174 HTTP/1.1" 200 22
180.169.147.146 - - [17/Jul/2022:10:59:49 +0800] "GET /xingrg/check_reg.html?_=1658026783982 HTTP/1.1" 200 22
180.169.147.146 - - [17/Jul/2022:10:59:49 +0800] "GET /xingrg/all/function/internal_message.html?_=1658026783984&CODE_STATE=getMsg HTTP/1.1" 200 27
116.228.172.94 - - [17/Jul/2022:10:59:50 +0800] "GET /xingrg/all/function/internal_message.html?_=1658026577819&CODE_STATE=getMsg HTTP/1.1" 200 27
180.175.103.110 - - [17/Jul/2022:10:59:56 +0800] "GET /xingrg/kc/buy/cgsh_order_operate.html?command=get_materiel&rest_code=00105&code=00101008351&supplier_code=00100203&order_time=2022-07-17 HTTP/1.1" 200 408
58.40.7.146 - - [17/Jul/2022:10:59:59 +0800] "POST /xingrg/services/DataTransmitService HTTP/1.1" 200 524
101.85.238.90 - - [17/Jul/2022:11:00:00 +0800] "GET /xingrg/all/function/internal_message.html?_=1658026805158&CODE_STATE=getMsg HTTP/1.1" 200 27
180.175.103.110 - - [17/Jul/2022:11:00:03 +0800] "GET /xingrg/kc/buy/cgsh_order_operate.html?command=get_materiel&rest_code=00105&code=00101008126&supplier_code=00100203&order_time=2022-07-17 HTTP/1.1" 200 412
116.230.110.48 - - [17/Jul/2022:11:00:03 +0800] "GET /xingrg/check_reg.html?_=1658026803588 HTTP/1.1" 200 22
114.84.151.115 - - [17/Jul/2022:11:00:06 +0800] "GET /xingrg/all/function/internal_message.html?_=1658026502373&CODE_STATE=getMsg HTTP/1.1" 200 27
101.83.223.227 - - [17/Jul/2022:11:00:07 +0800] "GET /xingrg/check_reg.html?_=1658026761430 HTTP/1.1" 200 22
101.83.223.227 - - [17/Jul/2022:11:00:08 +0800] "GET /xingrg/all/function/internal_message.html?_=1658026762039&CODE_STATE=getMsg HTTP/1.1" 200 27
180.175.103.110 - - [17/Jul/2022:11:00:10 +0800] "GET /xingrg/kc/buy/cgsh_order_operate.html?command=get_materiel&rest_code=00105&code=00101008361&supplier_code=00100203&order_time=2022-07-17 HTTP/1.1" 200 408
180.175.103.110 - - [17/Jul/2022:11:00:14 +0800] "POST /xingrg/kc/buy/cgsh_order_operate.html HTTP/1.1" 200 2065
101.85.120.95 - - [17/Jul/2022:11:00:15 +0800] "GET /xingrg/all/function/internal_message.html?_=1658026813592&CODE_STATE=getMsg HTTP/1.1" 200 27
101.85.120.95 - - [17/Jul/2022:11:00:15 +0800] "GET /xingrg/check_reg.html?_=1658026813595 HTTP/1.1" 200 22
124.78.156.103 - - [17/Jul/2022:11:00:16 +0800] "GET /xingrg/all/function/internal_message.html?_=1658026817254&CODE_STATE=getMsg HTTP/1.1" 200 27
180.175.103.110 - - [17/Jul/2022:11:00:17 +0800] "POST /xingrg/kc/buy/cgsh_order_operate.html HTTP/1.1" 200 2065
218.81.223.53 - - [17/Jul/2022:11:00:18 +0800] "GET /xingrg/all/function/internal_message.html?_=1658026844205&CODE_STATE=getMsg HTTP/1.1" 200 27
101.83.241.136 - - [17/Jul/2022:11:00:19 +0800] "GET /xingrg/check_reg.html?_=1658026818410 HTTP/1.1" 200 22
180.175.103.110 - - [17/Jul/2022:11:00:20 +0800] "GET /xingrg/all/function/internal_message.html?_=1658026820367&CODE_STATE=getMsg HTTP/1.1" 200 27
180.175.103.110 - - [17/Jul/2022:11:00:24 +0800] "GET /xingrg/kc/buy/cgsh_order_operate.html?command=get_materiel&rest_code=00105&code=00101008067&supplier_code=00100203&order_time=2022-07-17 HTTP/1.1" 200 416
114.84.2.83 - - [17/Jul/2022:11:00:26 +0800] "POST /xingrg/services/DataTransmitService HTTP/1.1" 200 524
101.83.241.136 - - [17/Jul/2022:11:00:26 +0800] "GET /xingrg/all/function/internal_message.html?_=1658026825031&CODE_STATE=getMsg HTTP/1.1" 200 27
114.84.2.83 - - [17/Jul/2022:11:00:26 +0800] "POST /xingrg/services/DataTransmitService HTTP/1.1" 200 501
116.235.94.65 - - [17/Jul/2022:11:00:36 +0800] "GET /xingrg/all/function/internal_message.html?_=1658027019219&CODE_STATE=getMsg HTTP/1.1" 200 27
180.175.103.110 - - [17/Jul/2022:11:00:37 +0800] "GET /xingrg/kc/buy/cgsh_order_operate.html?command=get_materiel&rest_code=00105&code=00101008196&supplier_code=00100203&order_time=2022-07-17 HTTP/1.1" 200 416
101.85.238.90 - - [17/Jul/2022:11:00:43 +0800] "GET /xingrg/all/function/internal_message.html?_=1658026908297&CODE_STATE=getMsg HTTP/1.1" 200 27
116.230.110.48 - - [17/Jul/2022:11:00:44 +0800] "GET /xingrg/all/function/internal_message.html?_=1658026843748&CODE_STATE=getMsg HTTP/1.1" 200 27
180.175.103.110 - - [17/Jul/2022:11:00:44 +0800] "GET /xingrg/kc/buy/cgsh_order_operate.html?command=get_materiel&rest_code=00105&code=00101008286&supplier_code=00100203&order_time=2022-07-17 HTTP/1.1" 200 408
124.78.156.103 - - [17/Jul/2022:11:00:48 +0800] "GET /xingrg/all/function/internal_message.html?_=1658026838987&CODE_STATE=getMsg HTTP/1.1" 200 27
180.169.147.146 - - [17/Jul/2022:11:00:49 +0800] "GET /xingrg/all/function/internal_message.html?_=1658026843981&CODE_STATE=getMsg HTTP/1.1" 200 27
116.228.172.94 - - [17/Jul/2022:11:00:50 +0800] "GET /xingrg/all/function/internal_message.html?_=1658026637817&CODE_STATE=getMsg HTTP/1.1" 200 27
116.235.94.65 - - [17/Jul/2022:11:00:51 +0800] "POST /xingrg/services/DataTransmitService HTTP/1.1" 200 524
180.175.103.110 - - [17/Jul/2022:11:00:51 +0800] "GET /xingrg/kc/buy/cgsh_order_operate.html?command=get_materiel&rest_code=00105&code=00101008291&supplier_code=00100203&order_time=2022-07-17 HTTP/1.1" 200 408
116.235.94.65 - - [17/Jul/2022:11:00:51 +0800] "POST /xingrg/services/DataTransmitService HTTP/1.1" 200 501
218.81.223.53 - - [17/Jul/2022:11:00:54 +0800] "GET /xingrg/check_reg.html?_=1658026880230 HTTP/1.1" 200 22
180.175.103.110 - - [17/Jul/2022:11:00:59 +0800] "GET /xingrg/kc/buy/cgsh_order_operate.html?command=get_materiel&rest_code=00105&code=00101008298&supplier_code=00100203&order_time=2022-07-17 HTTP/1.1" 200 428
101.85.238.90 - - [17/Jul/2022:11:01:00 +0800] "GET /xingrg/all/function/internal_message.html?_=1658026865160&CODE_STATE=getMsg HTTP/1.1" 200 27
114.86.187.244 - - [17/Jul/2022:11:01:04 +0800] "GET /xingrg/index.html?sysBaseUrl=http%3A%2F%2F180.169.147.146%3A18081%2Fxingrg%2F&costTime=44×tamp=1622098168715 HTTP/1.1" 302 -
114.86.187.244 - - [17/Jul/2022:11:01:04 +0800] "GET /xingrg/login.html HTTP/1.1" 200 7641
114.86.187.244 - - [17/Jul/2022:11:01:04 +0800] "GET /favicon.ico HTTP/1.1" 404 -
114.84.151.115 - - [17/Jul/2022:11:01:06 +0800] "GET /xingrg/all/function/internal_message.html?_=1658026562343&CODE_STATE=getMsg HTTP/1.1" 200 27
114.86.187.244 - - [17/Jul/2022:11:01:06 +0800] "POST /xingrg/login.do HTTP/1.1" 302 -
114.86.187.244 - - [17/Jul/2022:11:01:06 +0800] "GET /xingrg/index.html?sysBaseUrl=http%3A%2F%2F180.169.147.146%3A18081%2Fxingrg%2F&costTime=40×tamp=1658026866680 HTTP/1.1" 200 17179
114.86.187.244 - - [17/Jul/2022:11:01:06 +0800] "GET /favicon.ico HTTP/1.1" 404 -
114.86.187.244 - - [17/Jul/2022:11:01:06 +0800] "POST /xingrg/all/common/load_tree.html?tree=area_rest_tree_json&manage=1 HTTP/1.1" 200 351
114.86.187.244 - - [17/Jul/2022:11:01:06 +0800] "GET /xingrg/all/function/internal_message.html?_=1658026875471&CODE_STATE=count HTTP/1.1" 200 11
114.86.187.244 - - [17/Jul/2022:11:01:06 +0800] "POST /xingrg/load_menu.html HTTP/1.1" 200 5138
114.86.187.244 - - [17/Jul/2022:11:01:06 +0800] "GET /xingrg/check_reg.html?_=1658026875472 HTTP/1.1" 200 22
180.175.103.110 - - [17/Jul/2022:11:01:07 +0800] "GET /xingrg/kc/buy/cgsh_order_operate.html?command=get_materiel&rest_code=00105&code=00101008350&supplier_code=00100203&order_time=2022-07-17 HTTP/1.1" 200 425
101.83.223.227 - - [17/Jul/2022:11:01:08 +0800] "GET /xingrg/all/function/internal_message.html?_=1658026822053&CODE_STATE=getMsg HTTP/1.1" 200 27
114.86.187.244 - - [17/Jul/2022:11:01:09 +0800] "GET /xingrg/kc/base/wldb_order_list.html HTTP/1.1" 200 19148
114.86.187.244 - - [17/Jul/2022:11:01:10 +0800] "POST /xingrg/kc/base/wldb_list_operate.html HTTP/1.1" 200 928
114.86.187.244 - - [17/Jul/2022:11:01:15 +0800] "GET /xingrg/javascript/jquery_tools/images/prev.gif HTTP/1.1" 404 1086
114.86.187.244 - - [17/Jul/2022:11:01:15 +0800] "GET /xingrg/javascript/jquery_tools/images/next.gif HTTP/1.1" 404 1086
101.85.120.95 - - [17/Jul/2022:11:01:15 +0800] "GET /xingrg/all/function/internal_message.html?_=1658026873594&CODE_STATE=getMsg HTTP/1.1" 200 27
124.78.156.103 - - [17/Jul/2022:11:01:16 +0800] "GET /xingrg/all/function/internal_message.html?_=1658026877256&CODE_STATE=getMsg HTTP/1.1" 200 27
124.78.156.103 - - [17/Jul/2022:11:01:16 +0800] "GET /xingrg/check_reg.html?_=1658026877258 HTTP/1.1" 200 22
180.175.103.110 - - [17/Jul/2022:11:01:17 +0800] "GET /xingrg/kc/buy/cgsh_order_operate.html?command=get_materiel&rest_code=00105&code=00101008036&supplier_code=00100203&order_time=2022-07-17 HTTP/1.1" 200 408
180.169.147.146 - - [17/Jul/2022:11:01:17 +0800] "GET /xingrg/kc/buy/cgsh_order_operate.html?command=get_materiel&rest_code=00147&code=00101008415&supplier_code=00100006&order_time=2022-07-17 HTTP/1.1" 200 412
218.81.223.53 - - [17/Jul/2022:11:01:18 +0800] "GET /xingrg/all/function/internal_message.html?_=1658026904208&CODE_STATE=getMsg HTTP/1.1" 200 27
180.175.103.110 - - [17/Jul/2022:11:01:20 +0800] "GET /xingrg/all/function/internal_message.html?_=1658026880287&CODE_STATE=getMsg HTTP/1.1" 200 27
114.86.187.244 - - [17/Jul/2022:11:01:21 +0800] "POST /xingrg/kc/base/wldb_list_operate.html HTTP/1.1" 200 5678
101.85.238.90 - - [17/Jul/2022:11:01:22 +0800] "GET /xingrg/check_reg.html?_=1658026947191 HTTP/1.1" 200 22
101.83.241.136 - - [17/Jul/2022:11:01:26 +0800] "GET /xingrg/all/function/internal_message.html?_=1658026885031&CODE_STATE=getMsg HTTP/1.1" 200 27
180.169.147.146 - - [17/Jul/2022:11:01:27 +0800] "GET /xingrg/kc/buy/cgsh_order_operate.html?command=get_materiel&rest_code=00147&code=00101008084&supplier_code=00100006&order_time=2022-07-17 HTTP/1.1" 200 412
114.86.187.244 - - [17/Jul/2022:11:01:33 +0800] "POST /xingrg/kc/base/wldb_list_operate.html HTTP/1.1" 200 5280
114.86.187.244 - - [17/Jul/2022:11:01:35 +0800] "POST /xingrg/kc/base/wldb_list_operate.html HTTP/1.1" 200 355
180.169.147.146 - - [17/Jul/2022:11:01:35 +0800] "GET /xingrg/kc/buy/cgsh_order_operate.html?command=get_materiel&rest_code=00147&code=00101008134&supplier_code=00100006&order_time=2022-07-17 HTTP/1.1" 200 412
116.235.94.65 - - [17/Jul/2022:11:01:36 +0800] "GET /xingrg/check_reg.html?_=1658027079217 HTTP/1.1" 200 22
116.235.94.65 - - [17/Jul/2022:11:01:36 +0800] "GET /xingrg/all/function/internal_message.html?_=1658027079218&CODE_STATE=getMsg HTTP/1.1" 200 27
114.86.187.244 - - [17/Jul/2022:11:01:37 +0800] "GET /xingrg/kc/base/wldb_order_info.html?code=422022062901207 HTTP/1.1" 200 26239
114.86.187.244 - - [17/Jul/2022:11:01:37 +0800] "GET /xingrg/words/20220716212426_words.js HTTP/1.1" 200 906008
114.86.187.244 - - [17/Jul/2022:11:01:37 +0800] "GET /xingrg/javascript/easyui/themes/default/validatebox.css HTTP/1.1" 404 1104
114.86.187.244 - - [17/Jul/2022:11:01:38 +0800] "POST /xingrg/kc/base/wldb_order_operate.html HTTP/1.1" 200 1413
180.175.103.110 - - [17/Jul/2022:11:01:40 +0800] "GET /xingrg/kc/buy/cgsh_order_operate.html?command=get_materiel&rest_code=00105&code=00101008323&supplier_code=00100203&order_time=2022-07-17 HTTP/1.1" 200 408
101.85.238.90 - - [17/Jul/2022:11:01:43 +0800] "GET /xingrg/all/function/internal_message.html?_=1658026968299&CODE_STATE=getMsg HTTP/1.1" 200 27
116.230.110.48 - - [17/Jul/2022:11:01:44 +0800] "GET /xingrg/all/function/internal_message.html?_=1658026903720&CODE_STATE=getMsg HTTP/1.1" 200 27
124.78.156.103 - - [17/Jul/2022:11:01:47 +0800] "GET /xingrg/all/function/internal_message.html?_=1658026898958&CODE_STATE=getMsg HTTP/1.1" 200 27
180.169.147.146 - - [17/Jul/2022:11:01:49 +0800] "GET /xingrg/all/function/internal_message.html?_=1658026903986&CODE_STATE=getMsg HTTP/1.1" 200 27
180.175.103.110 - - [17/Jul/2022:11:01:50 +0800] "GET /xingrg/kc/buy/cgsh_order_operate.html?command=get_materiel&rest_code=00105&code=00101016122&supplier_code=00100203&order_time=2022-07-17 HTTP/1.1" 200 409
116.228.172.94 - - [17/Jul/2022:11:01:50 +0800] "GET /xingrg/all/function/internal_message.html?_=1658026697801&CODE_STATE=getMsg HTTP/1.1" 200 27
180.169.147.146 - - [17/Jul/2022:11:01:51 +0800] "GET /xingrg/kc/buy/cgsh_order_operate.html?command=get_materiel&rest_code=00147&code=00101008558&supplier_code=00100006&order_time=2022-07-17 HTTP/1.1" 200 409
180.169.147.146 - - [17/Jul/2022:11:01:59 +0800] "GET /xingrg/kc/buy/cgsh_order_operate.html?command=get_materiel&rest_code=00147&code=00101008041&supplier_code=00100006&order_time=2022-07-17 HTTP/1.1" 200 408
101.85.238.90 - - [17/Jul/2022:11:02:00 +0800] "GET /xingrg/check_reg.html?_=1658026925171 HTTP/1.1" 200 22
101.85.238.90 - - [17/Jul/2022:11:02:00 +0800] "GET /xingrg/all/function/internal_message.html?_=1658026925175&CODE_STATE=getMsg HTTP/1.1" 200 27
180.175.103.110 - - [17/Jul/2022:11:02:01 +0800] "POST /xingrg/kc/buy/cgsh_order_operate.html HTTP/1.1" 200 2065
180.175.103.110 - - [17/Jul/2022:11:02:03 +0800] "POST /xingrg/kc/buy/cgsh_order_operate.html HTTP/1.1" 200 2065
114.84.151.115 - - [17/Jul/2022:11:02:06 +0800] "GET /xingrg/all/function/internal_message.html?_=1658026622325&CODE_STATE=getMsg HTTP/1.1" 200 27
114.86.187.244 - - [17/Jul/2022:11:02:06 +0800] "GET /xingrg/all/function/internal_message.html?_=1658026935487&CODE_STATE=getMsg HTTP/1.1" 200 27
101.83.223.227 - - [17/Jul/2022:11:02:08 +0800] "GET /xingrg/all/function/internal_message.html?_=1658026882068&CODE_STATE=getMsg HTTP/1.1" 200 27
180.175.103.110 - - [17/Jul/2022:11:02:11 +0800] "GET /xingrg/kc/buy/cgsh_order_operate.html?command=get_materiel&rest_code=00105&code=00101008096&supplier_code=00100203&order_time=2022-07-17 HTTP/1.1" 200 413
101.85.120.95 - - [17/Jul/2022:11:02:15 +0800] "GET /xingrg/all/function/internal_message.html?_=1658026933620&CODE_STATE=getMsg HTTP/1.1" 200 27
124.78.156.103 - - [17/Jul/2022:11:02:16 +0800] "GET /xingrg/all/function/internal_message.html?_=1658026937258&CODE_STATE=getMsg HTTP/1.1" 200 27
218.81.223.53 - - [17/Jul/2022:11:02:18 +0800] "GET /xingrg/all/function/internal_message.html?_=1658026964221&CODE_STATE=getMsg HTTP/1.1" 200 27
180.175.103.110 - - [17/Jul/2022:11:02:20 +0800] "GET /xingrg/all/function/internal_message.html?_=1658026940290&CODE_STATE=getMsg HTTP/1.1" 200 27
180.175.103.110 - - [17/Jul/2022:11:02:21 +0800] "GET /xingrg/kc/buy/cgsh_order_operate.html?command=get_materiel&rest_code=00105&code=00101008119&supplier_code=00100203&order_time=2022-07-17 HTTP/1.1" 200 412
101.83.241.136 - - [17/Jul/2022:11:02:26 +0800] "GET /xingrg/all/function/internal_message.html?_=1658026945007&CODE_STATE=getMsg HTTP/1.1" 200 27
116.235.94.65 - - [17/Jul/2022:11:02:36 +0800] "GET /xingrg/all/function/internal_message.html?_=1658027139216&CODE_STATE=getMsg HTTP/1.1" 200 27
180.175.103.110 - - [17/Jul/2022:11:02:38 +0800] "GET /xingrg/kc/buy/cgsh_order_operate.html?command=get_materiel&rest_code=00105&code=00101008123&supplier_code=00100203&order_time=2022-07-17 HTTP/1.1" 200 412
101.85.238.90 - - [17/Jul/2022:11:02:43 +0800] "GET /xingrg/all/function/internal_message.html?_=1658027028312&CODE_STATE=getMsg HTTP/1.1" 200 27
116.230.110.48 - - [17/Jul/2022:11:02:44 +0800] "GET /xingrg/all/function/internal_message.html?_=1658026963708&CODE_STATE=getMsg HTTP/1.1" 200 27
180.175.103.110 - - [17/Jul/2022:11:02:45 +0800] "GET /xingrg/kc/buy/cgsh_order_operate.html?command=get_materiel&rest_code=00105&code=00101008509&supplier_code=00100203&order_time=2022-07-17 HTTP/1.1" 200 409
124.78.156.103 - - [17/Jul/2022:11:02:47 +0800] "GET /xingrg/all/function/internal_message.html?_=1658026958968&CODE_STATE=getMsg HTTP/1.1" 200 27
124.78.156.103 - - [17/Jul/2022:11:02:48 +0800] "GET /xingrg/check_reg.html?_=1658026959357 HTTP/1.1" 200 22
180.169.147.146 - - [17/Jul/2022:11:02:49 +0800] "GET /xingrg/all/function/internal_message.html?_=1658026963973&CODE_STATE=getMsg HTTP/1.1" 200 27
116.228.172.94 - - [17/Jul/2022:11:02:50 +0800] "GET /xingrg/all/function/internal_message.html?_=1658026757793&CODE_STATE=getMsg HTTP/1.1" 200 27
180.175.103.110 - - [17/Jul/2022:11:02:52 +0800] "GET /xingrg/kc/buy/cgsh_order_operate.html?command=get_materiel&rest_code=00105&code=00101008114&supplier_code=00100203&order_time=2022-07-17 HTTP/1.1" 200 412
180.169.147.146 - - [17/Jul/2022:11:02:59 +0800] "GET /xingrg/kc/print/load_config.html?kc_code=cgsh HTTP/1.1" 200 1943
180.169.147.146 - - [17/Jul/2022:11:02:59 +0800] "GET /xingrg/kc/print/load_data.html?order_code=212022071704250&kc_code=cgsh&condition= HTTP/1.1" 200 929
101.85.238.90 - - [17/Jul/2022:11:03:00 +0800] "GET /xingrg/all/function/internal_message.html?_=1658026985176&CODE_STATE=getMsg HTTP/1.1" 200 27
180.175.103.110 - - [17/Jul/2022:11:03:02 +0800] "GET /xingrg/kc/buy/cgsh_order_operate.html?command=get_materiel&rest_code=00105&code=00101008261&supplier_code=00100203&order_time=2022-07-17 HTTP/1.1" 200 424
114.84.151.115 - - [17/Jul/2022:11:03:06 +0800] "GET /xingrg/all/function/internal_message.html?_=1658026682307&CODE_STATE=getMsg HTTP/1.1" 200 27
114.86.187.244 - - [17/Jul/2022:11:03:06 +0800] "GET /xingrg/all/function/internal_message.html?_=1658026995488&CODE_STATE=getMsg HTTP/1.1" 200 27
101.83.223.227 - - [17/Jul/2022:11:03:08 +0800] "GET /xingrg/all/function/internal_message.html?_=1658026942094&CODE_STATE=getMsg HTTP/1.1" 200 27
180.169.147.146 - - [17/Jul/2022:11:03:12 +0800] "POST /xingrg/kc/buy/cgsh_order_operate.html HTTP/1.1" 200 37
180.169.147.146 - - [17/Jul/2022:11:03:14 +0800] "POST /xingrg/kc/buy/cgsh_order_operate.html HTTP/1.1" 200 11531
180.175.103.110 - - [17/Jul/2022:11:03:14 +0800] "GET /xingrg/kc/buy/cgsh_order_operate.html?command=get_materiel&rest_code=00105&code=00101008049&supplier_code=00100203&order_time=2022-07-17 HTTP/1.1" 200 408
101.85.120.95 - - [17/Jul/2022:11:03:15 +0800] "GET /xingrg/all/function/internal_message.html?_=1658026993620&CODE_STATE=getMsg HTTP/1.1" 200 27
124.78.156.103 - - [17/Jul/2022:11:03:16 +0800] "GET /xingrg/all/function/internal_message.html?_=1658026997258&CODE_STATE=getMsg HTTP/1.1" 200 27
180.175.103.110 - - [17/Jul/2022:11:03:20 +0800] "GET /xingrg/all/function/internal_message.html?_=1658027000300&CODE_STATE=getMsg HTTP/1.1" 200 27
180.169.147.146 - - [17/Jul/2022:11:03:20 +0800] "GET /xingrg/login.html HTTP/1.1" 200 7641
180.169.147.146 - - [17/Jul/2022:11:03:21 +0800] "GET /favicon.ico HTTP/1.1" 404 -
101.83.241.136 - - [17/Jul/2022:11:03:26 +0800] "GET /xingrg/all/function/internal_message.html?_=1658027004984&CODE_STATE=getMsg HTTP/1.1" 200 27
180.169.147.146 - - [17/Jul/2022:11:03:26 +0800] "POST /xingrg/login.do HTTP/1.1" 302 -
180.169.147.146 - - [17/Jul/2022:11:03:26 +0800] "GET /xingrg/index.html?sysBaseUrl=http%3A%2F%2F180.169.147.146%3A18081%2Fxingrg%2F&costTime=40×tamp=1658027006346 HTTP/1.1" 200 17179
180.169.147.146 - - [17/Jul/2022:11:03:26 +0800] "GET /favicon.ico HTTP/1.1" 404 -
180.169.147.146 - - [17/Jul/2022:11:03:26 +0800] "POST /xingrg/all/common/load_tree.html?tree=area_rest_tree_json&manage=1 HTTP/1.1" 200 351
180.169.147.146 - - [17/Jul/2022:11:03:26 +0800] "GET /xingrg/all/function/internal_message.html?_=1658027000717&CODE_STATE=count HTTP/1.1" 200 11
180.169.147.146 - - [17/Jul/2022:11:03:26 +0800] "POST /xingrg/load_menu.html HTTP/1.1" 200 5138
180.169.147.146 - - [17/Jul/2022:11:03:26 +0800] "GET /xingrg/check_reg.html?_=1658027000718 HTTP/1.1" 200 22
116.228.172.94 - - [17/Jul/2022:11:03:27 +0800] "GET /xingrg/kc/print/load_data.html?order_code=212022071704252&kc_code=cgsh&condition= HTTP/1.1" 200 865
180.169.147.146 - - [17/Jul/2022:11:03:28 +0800] "GET /xingrg/kc/buy/buy_main.html HTTP/1.1" 200 12412
180.169.147.146 - - [17/Jul/2022:11:03:28 +0800] "GET /xingrg/css/new_ie.css HTTP/1.1" 404 1036
180.169.147.146 - - [17/Jul/2022:11:03:28 +0800] "GET /xingrg/images/yd/bt.gif HTTP/1.1" 404 1040
180.169.147.146 - - [17/Jul/2022:11:03:28 +0800] "GET /xingrg/kc/buy/cgsh_order_list.html HTTP/1.1" 200 52168
180.169.147.146 - - [17/Jul/2022:11:03:31 +0800] "POST /xingrg/kc/buy/cgsh_list_operate.html HTTP/1.1" 200 1460
180.169.147.146 - - [17/Jul/2022:11:03:35 +0800] "POST /xingrg/kc/buy/cgsh_list_operate.html HTTP/1.1" 200 562
180.169.147.146 - - [17/Jul/2022:11:03:35 +0800] "GET /xingrg/kc/buy/cgsh_order_info.html?code=212022071704250 HTTP/1.1" 200 67956
180.169.147.146 - - [17/Jul/2022:11:03:35 +0800] "GET /xingrg/all/common/auto_word.html?type=employee&rest_code=00147 HTTP/1.1" 200 101
180.169.147.146 - - [17/Jul/2022:11:03:35 +0800] "GET /xingrg/javascript/easyui/themes/default/validatebox.css HTTP/1.1" 404 1104
180.169.147.146 - - [17/Jul/2022:11:03:35 +0800] "GET /xingrg/all/common/auto_word.html?type=employee&rest_code=00147 HTTP/1.1" 200 101
116.235.94.65 - - [17/Jul/2022:11:03:36 +0800] "GET /xingrg/all/function/internal_message.html?_=1658027199214&CODE_STATE=getMsg HTTP/1.1" 200 27
180.169.147.146 - - [17/Jul/2022:11:03:36 +0800] "POST /xingrg/kc/buy/cgsh_order_operate.html HTTP/1.1" 200 11531
180.169.147.146 - - [17/Jul/2022:11:03:37 +0800] "GET /xingrg/kc/print/load_config.html?kc_code=cgsh HTTP/1.1" 200 1943
180.169.147.146 - - [17/Jul/2022:11:03:37 +0800] "GET /xingrg/kc/print/load_data.html?order_code=212022071704250&kc_code=cgsh&condition= HTTP/1.1" 200 4052
180.175.103.110 - - [17/Jul/2022:11:03:40 +0800] "GET /xingrg/kc/buy/cgsh_order_operate.html?command=get_materiel&rest_code=00105&code=00101008201&supplier_code=00100203&order_time=2022-07-17 HTTP/1.1" 200 412
180.169.147.146 - - [17/Jul/2022:11:03:40 +0800] "GET /xingrg/kc/buy/cgsh_order_add.html HTTP/1.1" 200 67947
180.169.147.146 - - [17/Jul/2022:11:03:40 +0800] "POST /xingrg/kc/buy/cgsh_order_operate.html HTTP/1.1" 200 8245
180.169.147.146 - - [17/Jul/2022:11:03:40 +0800] "GET /xingrg/javascript/easyui/themes/default/validatebox.css HTTP/1.1" 404 1104
101.85.238.90 - - [17/Jul/2022:11:03:43 +0800] "GET /xingrg/all/function/internal_message.html?_=1658027088766&CODE_STATE=getMsg HTTP/1.1" 200 27
116.230.110.48 - - [17/Jul/2022:11:03:44 +0800] "GET /xingrg/all/function/internal_message.html?_=1658027023690&CODE_STATE=getMsg HTTP/1.1" 200 27
124.78.156.103 - - [17/Jul/2022:11:03:47 +0800] "GET /xingrg/all/function/internal_message.html?_=1658027018950&CODE_STATE=getMsg HTTP/1.1" 200 27
116.228.172.94 - - [17/Jul/2022:11:03:50 +0800] "GET /xingrg/all/function/internal_message.html?_=1658026817769&CODE_STATE=getMsg HTTP/1.1" 200 27
180.175.103.110 - - [17/Jul/2022:11:03:51 +0800] "GET /xingrg/kc/buy/cgsh_order_operate.html?command=get_materiel&rest_code=00105&code=00101008131&supplier_code=00100203&order_time=2022-07-17 HTTP/1.1" 200 408
180.175.103.110 - - [17/Jul/2022:11:03:58 +0800] "GET /xingrg/kc/buy/cgsh_order_operate.html?command=get_materiel&rest_code=00105&code=00101008108&supplier_code=00100203&order_time=2022-07-17 HTTP/1.1" 200 412
101.85.238.90 - - [17/Jul/2022:11:04:00 +0800] "GET /xingrg/all/function/internal_message.html?_=1658027045178&CODE_STATE=getMsg HTTP/1.1" 200 27
114.84.151.115 - - [17/Jul/2022:11:04:03 +0800] "GET /xingrg/check_reg.html?_=1658026740097 HTTP/1.1" 200 22
180.169.147.146 - - [17/Jul/2022:11:04:05 +0800] "GET /xingrg/javascript/auto/indicator.gif HTTP/1.1" 404 1066
180.175.103.110 - - [17/Jul/2022:11:04:05 +0800] "GET /xingrg/kc/buy/cgsh_order_operate.html?command=get_materiel&rest_code=00105&code=00101008353&supplier_code=00100203&order_time=2022-07-17 HTTP/1.1" 200 424
114.84.151.115 - - [17/Jul/2022:11:04:06 +0800] "GET /xingrg/all/function/internal_message.html?_=1658026742302&CODE_STATE=getMsg HTTP/1.1" 200 27
114.86.187.244 - - [17/Jul/2022:11:04:06 +0800] "GET /xingrg/all/function/internal_message.html?_=1658027055483&CODE_STATE=getMsg HTTP/1.1" 200 27
101.83.223.227 - - [17/Jul/2022:11:04:08 +0800] "GET /xingrg/all/function/internal_message.html?_=1658027002109&CODE_STATE=getMsg HTTP/1.1" 200 27
180.169.147.146 - - [17/Jul/2022:11:04:08 +0800] "GET /xingrg/javascript/jquery_tools/images/prev.gif HTTP/1.1" 404 1086
180.169.147.146 - - [17/Jul/2022:11:04:08 +0800] "GET /xingrg/javascript/jquery_tools/images/next.gif HTTP/1.1" 404 1086
101.85.120.95 - - [17/Jul/2022:11:04:15 +0800] "GET /xingrg/all/function/internal_message.html?_=1658027053619&CODE_STATE=getMsg HTTP/1.1" 200 27
124.78.156.103 - - [17/Jul/2022:11:04:16 +0800] "GET /xingrg/all/function/internal_message.html?_=1658027057258&CODE_STATE=getMsg HTTP/1.1" 200 27
180.169.147.146 - - [17/Jul/2022:11:04:16 +0800] "GET /xingrg/kc/buy/cgsh_order_operate.html?command=get_materiel&rest_code=00147&code=00101008355&supplier_code=00100006&order_time=2022-07-17 HTTP/1.1" 200 408
180.175.103.110 - - [17/Jul/2022:11:04:18 +0800] "GET /xingrg/kc/buy/cgsh_order_operate.html?command=get_materiel&rest_code=00105&code=00101008149&supplier_code=00100203&order_time=2022-07-17 HTTP/1.1" 200 408
180.175.103.110 - - [17/Jul/2022:11:04:20 +0800] "GET /xingrg/check_reg.html?_=1658027060289 HTTP/1.1" 200 22
180.175.103.110 - - [17/Jul/2022:11:04:20 +0800] "GET /xingrg/all/function/internal_message.html?_=1658027060292&CODE_STATE=getMsg HTTP/1.1" 200 27
180.169.147.146 - - [17/Jul/2022:11:04:25 +0800] "GET /xingrg/kc/buy/cgsh_order_operate.html?command=get_materiel&rest_code=00147&code=00101008069&supplier_code=00100006&order_time=2022-07-17 HTTP/1.1" 200 412
101.83.241.136 - - [17/Jul/2022:11:04:26 +0800] "GET /xingrg/all/function/internal_message.html?_=1658027064958&CODE_STATE=getMsg HTTP/1.1" 200 27
180.169.147.146 - - [17/Jul/2022:11:04:26 +0800] "GET /xingrg/all/function/internal_message.html?_=1658027060730&CODE_STATE=getMsg HTTP/1.1" 200 27
180.175.103.110 - - [17/Jul/2022:11:04:30 +0800] "GET /xingrg/kc/buy/cgsh_order_operate.html?command=get_materiel&rest_code=00105&code=00101008312&supplier_code=00100203&order_time=2022-07-17 HTTP/1.1" 200 412
180.169.147.146 - - [17/Jul/2022:11:04:33 +0800] "GET /xingrg/kc/buy/cgsh_order_operate.html?command=get_materiel&rest_code=00147&code=00101008131&supplier_code=00100006&order_time=2022-07-17 HTTP/1.1" 200 408
116.235.94.65 - - [17/Jul/2022:11:04:36 +0800] "GET /xingrg/all/function/internal_message.html?_=1658027259211&CODE_STATE=getMsg HTTP/1.1" 200 27
180.175.103.110 - - [17/Jul/2022:11:04:42 +0800] "POST /xingrg/kc/buy/cgsh_order_operate.html HTTP/1.1" 200 37
180.169.147.146 - - [17/Jul/2022:11:04:42 +0800] "GET /xingrg/kc/buy/cgsh_order_operate.html?command=get_materiel&rest_code=00147&code=00101008296&supplier_code=00100006&order_time=2022-07-17 HTTP/1.1" 200 416
101.85.238.90 - - [17/Jul/2022:11:04:43 +0800] "GET /xingrg/all/function/internal_message.html?_=1658027148776&CODE_STATE=getMsg HTTP/1.1" 200 27
116.230.110.48 - - [17/Jul/2022:11:04:44 +0800] "GET /xingrg/all/function/internal_message.html?_=1658027083670&CODE_STATE=getMsg HTTP/1.1" 200 27
180.175.103.110 - - [17/Jul/2022:11:04:44 +0800] "POST /xingrg/kc/buy/cgsh_order_operate.html HTTP/1.1" 200 29849
124.78.156.103 - - [17/Jul/2022:11:04:47 +0800] "GET /xingrg/all/function/internal_message.html?_=1658027078933&CODE_STATE=getMsg HTTP/1.1" 200 27
116.228.172.94 - - [17/Jul/2022:11:04:49 +0800] "GET /xingrg/check_reg.html?_=1658026877164 HTTP/1.1" 200 22
116.228.172.94 - - [17/Jul/2022:11:04:50 +0800] "GET /xingrg/all/function/internal_message.html?_=1658026877755&CODE_STATE=getMsg HTTP/1.1" 200 27
180.169.147.146 - - [17/Jul/2022:11:04:51 +0800] "GET /xingrg/kc/buy/cgsh_order_operate.html?command=get_materiel&rest_code=00147&code=00101008318&supplier_code=00100006&order_time=2022-07-17 HTTP/1.1" 200 408
180.169.147.146 - - [17/Jul/2022:11:05:00 +0800] "GET /xingrg/kc/buy/cgsh_order_operate.html?command=get_materiel&rest_code=00147&code=00101008411&supplier_code=00100006&order_time=2022-07-17 HTTP/1.1" 200 413
101.85.238.90 - - [17/Jul/2022:11:05:00 +0800] "GET /xingrg/all/function/internal_message.html?_=1658027105178&CODE_STATE=getMsg HTTP/1.1" 200 27
116.230.110.48 - - [17/Jul/2022:11:05:03 +0800] "GET /xingrg/check_reg.html?_=1658027103591 HTTP/1.1" 200 22
114.84.151.115 - - [17/Jul/2022:11:05:06 +0800] "GET /xingrg/all/function/internal_message.html?_=1658026802281&CODE_STATE=getMsg HTTP/1.1" 200 27
114.86.187.244 - - [17/Jul/2022:11:05:06 +0800] "GET /xingrg/all/function/internal_message.html?_=1658027115486&CODE_STATE=getMsg HTTP/1.1" 200 27
101.83.223.227 - - [17/Jul/2022:11:05:07 +0800] "GET /xingrg/check_reg.html?_=1658027061451 HTTP/1.1" 200 22
101.83.223.227 - - [17/Jul/2022:11:05:08 +0800] "GET /xingrg/all/function/internal_message.html?_=1658027062123&CODE_STATE=getMsg HTTP/1.1" 200 27
180.169.147.146 - - [17/Jul/2022:11:05:10 +0800] "GET /xingrg/kc/buy/cgsh_order_operate.html?command=get_materiel&rest_code=00147&code=00101013179&supplier_code=00100006&order_time=2022-07-17 HTTP/1.1" 200 413
101.85.120.95 - - [17/Jul/2022:11:05:15 +0800] "GET /xingrg/all/function/internal_message.html?_=1658027113617&CODE_STATE=getMsg HTTP/1.1" 200 27
101.85.120.95 - - [17/Jul/2022:11:05:15 +0800] "GET /xingrg/check_reg.html?_=1658027113620 HTTP/1.1" 200 22
124.78.156.103 - - [17/Jul/2022:11:05:16 +0800] "GET /xingrg/all/function/internal_message.html?_=1658027117285&CODE_STATE=getMsg HTTP/1.1" 200 27
101.83.241.136 - - [17/Jul/2022:11:05:19 +0800] "GET /xingrg/check_reg.html?_=1658027118425 HTTP/1.1" 200 22
180.175.103.110 - - [17/Jul/2022:11:05:20 +0800] "GET /xingrg/all/function/internal_message.html?_=1658027120301&CODE_STATE=getMsg HTTP/1.1" 200 27
180.169.147.146 - - [17/Jul/2022:11:05:20 +0800] "GET /xingrg/kc/buy/cgsh_order_operate.html?command=get_materiel&rest_code=00147&code=00101008101&supplier_code=00100006&order_time=2022-07-17 HTTP/1.1" 200 412
101.83.241.136 - - [17/Jul/2022:11:05:26 +0800] "GET /xingrg/all/function/internal_message.html?_=1658027124949&CODE_STATE=getMsg HTTP/1.1" 200 27
180.169.147.146 - - [17/Jul/2022:11:05:26 +0800] "GET /xingrg/all/function/internal_message.html?_=1658027120731&CODE_STATE=getMsg HTTP/1.1" 200 27
180.169.147.146 - - [17/Jul/2022:11:05:27 +0800] "GET /xingrg/kc/buy/cgsh_order_operate.html?command=get_materiel&rest_code=00147&code=00101008349&supplier_code=00100006&order_time=2022-07-17 HTTP/1.1" 200 412
116.235.94.65 - - [17/Jul/2022:11:05:36 +0800] "GET /xingrg/all/function/internal_message.html?_=1658027319210&CODE_STATE=getMsg HTTP/1.1" 200 27
180.169.147.146 - - [17/Jul/2022:11:05:40 +0800] "GET /xingrg/kc/buy/cgsh_order_operate.html?command=get_materiel&rest_code=00147&code=00101008141&supplier_code=00100006&order_time=2022-07-17 HTTP/1.1" 200 412
116.230.110.48 - - [17/Jul/2022:11:05:44 +0800] "GET /xingrg/all/function/internal_message.html?_=1658027143646&CODE_STATE=getMsg HTTP/1.1" 200 27
101.85.238.90 - - [17/Jul/2022:11:05:44 +0800] "GET /xingrg/all/function/internal_message.html?_=1658027209323&CODE_STATE=getMsg HTTP/1.1" 200 27
124.78.156.103 - - [17/Jul/2022:11:05:47 +0800] "GET /xingrg/all/function/internal_message.html?_=1658027138912&CODE_STATE=getMsg HTTP/1.1" 200 27
116.228.172.94 - - [17/Jul/2022:11:05:50 +0800] "GET /xingrg/all/function/internal_message.html?_=1658026937735&CODE_STATE=getMsg HTTP/1.1" 200 27
180.169.147.146 - - [17/Jul/2022:11:05:52 +0800] "GET /xingrg/kc/buy/cgsh_order_operate.html?command=get_materiel&rest_code=00147&code=00101008098&supplier_code=00100006&order_time=2022-07-17 HTTP/1.1" 200 412
101.85.238.90 - - [17/Jul/2022:11:06:00 +0800] "GET /xingrg/all/function/internal_message.html?_=1658027165180&CODE_STATE=getMsg HTTP/1.1" 200 27
116.228.172.94 - - [17/Jul/2022:11:06:00 +0800] "POST /xingrg/kc/buy/cgsh_order_operate.html HTTP/1.1" 200 37
180.169.147.146 - - [17/Jul/2022:11:06:04 +0800] "GET /xingrg/kc/buy/cgsh_order_operate.html?command=get_materiel&rest_code=00147&code=00101008213&supplier_code=00100006&order_time=2022-07-17 HTTP/1.1" 200 428
116.228.172.94 - - [17/Jul/2022:11:06:05 +0800] "POST /xingrg/kc/buy/cgsh_order_operate.html HTTP/1.1" 200 12
114.84.151.115 - - [17/Jul/2022:11:06:06 +0800] "GET /xingrg/all/function/internal_message.html?_=1658026862261&CODE_STATE=getMsg HTTP/1.1" 200 27
114.86.187.244 - - [17/Jul/2022:11:06:06 +0800] "GET /xingrg/check_reg.html?_=1658027175476 HTTP/1.1" 200 22
114.86.187.244 - - [17/Jul/2022:11:06:07 +0800] "GET /xingrg/all/function/internal_message.html?_=1658027175479&CODE_STATE=getMsg HTTP/1.1" 200 27
101.83.223.227 - - [17/Jul/2022:11:06:08 +0800] "GET /xingrg/all/function/internal_message.html?_=1658027122136&CODE_STATE=getMsg HTTP/1.1" 200 27
101.85.120.95 - - [17/Jul/2022:11:06:15 +0800] "GET /xingrg/all/function/internal_message.html?_=1658027173620&CODE_STATE=getMsg HTTP/1.1" 200 27
124.78.156.103 - - [17/Jul/2022:11:06:16 +0800] "GET /xingrg/check_reg.html?_=1658027177285 HTTP/1.1" 200 22
124.78.156.103 - - [17/Jul/2022:11:06:16 +0800] "GET /xingrg/all/function/internal_message.html?_=1658027177288&CODE_STATE=getMsg HTTP/1.1" 200 27
180.175.103.110 - - [17/Jul/2022:11:06:20 +0800] "GET /xingrg/all/function/internal_message.html?_=1658027180386&CODE_STATE=getMsg HTTP/1.1" 200 27
101.85.238.90 - - [17/Jul/2022:11:06:22 +0800] "GET /xingrg/check_reg.html?_=1658027247198 HTTP/1.1" 200 22
101.83.241.136 - - [17/Jul/2022:11:06:26 +0800] "GET /xingrg/all/function/internal_message.html?_=1658027184927&CODE_STATE=getMsg HTTP/1.1" 200 27
180.169.147.146 - - [17/Jul/2022:11:06:26 +0800] "GET /xingrg/all/function/internal_message.html?_=1658027180724&CODE_STATE=getMsg HTTP/1.1" 200 27
101.83.241.136 - - [17/Jul/2022:11:06:31 +0800] "POST /xingrg/services/DataTransmitService HTTP/1.1" 200 524
101.83.241.136 - - [17/Jul/2022:11:06:32 +0800] "POST /xingrg/services/DataTransmitService HTTP/1.1" 200 412
116.235.94.65 - - [17/Jul/2022:11:06:36 +0800] "GET /xingrg/check_reg.html?_=1658027379211 HTTP/1.1" 200 22
116.235.94.65 - - [17/Jul/2022:11:06:36 +0800] "GET /xingrg/all/function/internal_message.html?_=1658027379210&CODE_STATE=getMsg HTTP/1.1" 200 27
116.230.110.48 - - [17/Jul/2022:11:06:43 +0800] "GET /xingrg/all/function/internal_message.html?_=1658027203624&CODE_STATE=getMsg HTTP/1.1" 200 27
101.85.238.90 - - [17/Jul/2022:11:06:44 +0800] "GET /xingrg/all/function/internal_message.html?_=1658027269334&CODE_STATE=getMsg HTTP/1.1" 200 27
124.78.156.103 - - [17/Jul/2022:11:06:47 +0800] "GET /xingrg/all/function/internal_message.html?_=1658027198895&CODE_STATE=getMsg HTTP/1.1" 200 27
180.169.147.146 - - [17/Jul/2022:11:06:52 +0800] "GET /xingrg/kc/buy/cgsh_order_operate.html?command=get_materiel&rest_code=00147&code=00101008004&supplier_code=00100006&order_time=2022-07-17 HTTP/1.1" 200 416
180.169.147.146 - - [17/Jul/2022:11:06:59 +0800] "GET /xingrg/kc/buy/cgsh_order_operate.html?command=get_materiel&rest_code=00147&code=00101008312&supplier_code=00100006&order_time=2022-07-17 HTTP/1.1" 200 412
101.85.238.90 - - [17/Jul/2022:11:07:00 +0800] "GET /xingrg/check_reg.html?_=1658027225182 HTTP/1.1" 200 22
101.85.238.90 - - [17/Jul/2022:11:07:00 +0800] "GET /xingrg/all/function/internal_message.html?_=1658027225186&CODE_STATE=getMsg HTTP/1.1" 200 27
114.84.151.115 - - [17/Jul/2022:11:07:06 +0800] "GET /xingrg/all/function/internal_message.html?_=1658026922239&CODE_STATE=getMsg HTTP/1.1" 200 27
114.86.187.244 - - [17/Jul/2022:11:07:06 +0800] "GET /xingrg/all/function/internal_message.html?_=1658027235481&CODE_STATE=getMsg HTTP/1.1" 200 27
101.83.223.227 - - [17/Jul/2022:11:07:08 +0800] "GET /xingrg/all/function/internal_message.html?_=1658027182150&CODE_STATE=getMsg HTTP/1.1" 200 27
180.169.147.146 - - [17/Jul/2022:11:07:13 +0800] "GET /xingrg/kc/buy/cgsh_order_operate.html?command=get_materiel&rest_code=00147&code=00101008350&supplier_code=00100006&order_time=2022-07-17 HTTP/1.1" 200 425
101.85.120.95 - - [17/Jul/2022:11:07:15 +0800] "GET /xingrg/all/function/internal_message.html?_=1658027233621&CODE_STATE=getMsg HTTP/1.1" 200 27
124.78.156.103 - - [17/Jul/2022:11:07:16 +0800] "GET /xingrg/all/function/internal_message.html?_=1658027237288&CODE_STATE=getMsg HTTP/1.1" 200 27
180.175.103.110 - - [17/Jul/2022:11:07:20 +0800] "GET /xingrg/all/function/internal_message.html?_=1658027240289&CODE_STATE=getMsg HTTP/1.1" 200 27
180.169.147.146 - - [17/Jul/2022:11:07:24 +0800] "GET /xingrg/kc/buy/cgsh_order_operate.html?command=get_materiel&rest_code=00147&code=00101008036&supplier_code=00100006&order_time=2022-07-17 HTTP/1.1" 200 408
101.83.241.136 - - [17/Jul/2022:11:07:26 +0800] "GET /xingrg/all/function/internal_message.html?_=1658027244900&CODE_STATE=getMsg HTTP/1.1" 200 27
180.169.147.146 - - [17/Jul/2022:11:07:26 +0800] "GET /xingrg/all/function/internal_message.html?_=1658027240728&CODE_STATE=getMsg HTTP/1.1" 200 27
180.169.147.146 - - [17/Jul/2022:11:07:33 +0800] "GET /xingrg/kc/buy/cgsh_order_operate.html?command=get_materiel&rest_code=00147&code=00101008356&supplier_code=00100006&order_time=2022-07-17 HTTP/1.1" 200 408
116.235.94.65 - - [17/Jul/2022:11:07:36 +0800] "GET /xingrg/all/function/internal_message.html?_=1658027439235&CODE_STATE=getMsg HTTP/1.1" 200 27
180.169.147.146 - - [17/Jul/2022:11:07:41 +0800] "GET /xingrg/kc/buy/cgsh_order_operate.html?command=get_materiel&rest_code=00147&code=00101009030&supplier_code=00100006&order_time=2022-07-17 HTTP/1.1" 200 413
116.230.110.48 - - [17/Jul/2022:11:07:43 +0800] "GET /xingrg/all/function/internal_message.html?_=1658027263605&CODE_STATE=getMsg HTTP/1.1" 200 27
101.85.238.90 - - [17/Jul/2022:11:07:44 +0800] "GET /xingrg/all/function/internal_message.html?_=1658027329804&CODE_STATE=getMsg HTTP/1.1" 200 27
124.78.156.103 - - [17/Jul/2022:11:07:47 +0800] "GET /xingrg/all/function/internal_message.html?_=1658027258878&CODE_STATE=getMsg HTTP/1.1" 200 27
124.78.156.103 - - [17/Jul/2022:11:07:48 +0800] "GET /xingrg/check_reg.html?_=1658027259331 HTTP/1.1" 200 22
180.169.147.146 - - [17/Jul/2022:11:07:49 +0800] "POST /xingrg/kc/buy/cgsh_order_operate.html HTTP/1.1" 200 37
180.169.147.146 - - [17/Jul/2022:11:07:50 +0800] "POST /xingrg/kc/buy/cgsh_order_operate.html HTTP/1.1" 200 12726
180.169.147.146 - - [17/Jul/2022:11:07:52 +0800] "GET /xingrg/kc/print/load_data.html?order_code=212022071704253&kc_code=cgsh&condition= HTTP/1.1" 200 4509
101.85.238.90 - - [17/Jul/2022:11:08:00 +0800] "GET /xingrg/all/function/internal_message.html?_=1658027285173&CODE_STATE=getMsg HTTP/1.1" 200 27
114.84.151.115 - - [17/Jul/2022:11:08:06 +0800] "GET /xingrg/all/function/internal_message.html?_=1658026982221&CODE_STATE=getMsg HTTP/1.1" 200 27
114.86.187.244 - - [17/Jul/2022:11:08:06 +0800] "GET /xingrg/all/function/internal_message.html?_=1658027295477&CODE_STATE=getMsg HTTP/1.1" 200 27
101.83.223.227 - - [17/Jul/2022:11:08:08 +0800] "GET /xingrg/all/function/internal_message.html?_=1658027242180&CODE_STATE=getMsg HTTP/1.1" 200 27
101.85.120.95 - - [17/Jul/2022:11:08:15 +0800] "GET /xingrg/all/function/internal_message.html?_=1658027293621&CODE_STATE=getMsg HTTP/1.1" 200 27
124.78.156.103 - - [17/Jul/2022:11:08:16 +0800] "GET /xingrg/all/function/internal_message.html?_=1658027297288&CODE_STATE=getMsg HTTP/1.1" 200 27
180.175.103.110 - - [17/Jul/2022:11:08:20 +0800] "GET /xingrg/all/function/internal_message.html?_=1658027300307&CODE_STATE=getMsg HTTP/1.1" 200 27
101.83.241.136 - - [17/Jul/2022:11:08:26 +0800] "GET /xingrg/all/function/internal_message.html?_=1658027304885&CODE_STATE=getMsg HTTP/1.1" 200 27
180.169.147.146 - - [17/Jul/2022:11:08:26 +0800] "GET /xingrg/check_reg.html?_=1658027300722 HTTP/1.1" 200 22
180.169.147.146 - - [17/Jul/2022:11:08:26 +0800] "GET /xingrg/all/function/internal_message.html?_=1658027300724&CODE_STATE=getMsg HTTP/1.1" 200 27
116.235.94.65 - - [17/Jul/2022:11:08:36 +0800] "GET /xingrg/all/function/internal_message.html?_=1658027499233&CODE_STATE=getMsg HTTP/1.1" 200 27
180.175.103.110 - - [17/Jul/2022:11:08:39 +0800] "POST /xingrg/kc/buy/cgsh_order_operate.html HTTP/1.1" 200 37
180.175.103.110 - - [17/Jul/2022:11:08:42 +0800] "POST /xingrg/kc/buy/cgsh_order_operate.html HTTP/1.1" 200 29850
116.230.110.48 - - [17/Jul/2022:11:08:43 +0800] "GET /xingrg/all/function/internal_message.html?_=1658027323588&CODE_STATE=getMsg HTTP/1.1" 200 27
101.85.238.90 - - [17/Jul/2022:11:08:45 +0800] "GET /xingrg/all/function/internal_message.html?_=1658027389814&CODE_STATE=getMsg HTTP/1.1" 200 27
