101.83.241.136 - - [13/Jul/2022:11:06:28 +0800] "GET /xingrg/kc/buy/cgsh_order_operate.html?command=get_materiel&rest_code=00149&code=00101006006&supplier_code=00100012&order_time=2022-07-11 HTTP/1.1" 200 409
172.20.0.100 - - [13/Jul/2022:11:06:28 +0800] "GET /xingrg/all/function/internal_message.html?_=1657681587286&CODE_STATE=getMsg HTTP/1.1" 200 27
120.253.135.82 - - [13/Jul/2022:11:06:29 +0800] "POST /xingrg/dwr/call/plaincall/AjaxComOrderService.getMaterielSearchList.dwr HTTP/1.1" 200 445
116.230.110.24 - - [13/Jul/2022:11:06:34 +0800] "GET /xingrg/all/function/internal_message.html?_=1657681593534&CODE_STATE=getMsg HTTP/1.1" 200 27
101.83.241.136 - - [13/Jul/2022:11:06:34 +0800] "GET /xingrg/all/function/internal_message.html?_=1657681592826&CODE_STATE=getMsg HTTP/1.1" 200 27
101.83.241.136 - - [13/Jul/2022:11:06:35 +0800] "GET /xingrg/check_reg.html?_=1657681593423 HTTP/1.1" 200 22
120.253.135.82 - - [13/Jul/2022:11:06:39 +0800] "POST /xingrg/dwr/call/plaincall/AjaxCgthService.getMaterielByMap.dwr HTTP/1.1" 200 1716
180.175.103.110 - - [13/Jul/2022:11:06:39 +0800] "GET /xingrg/all/function/internal_message.html?_=1657681598967&CODE_STATE=getMsg HTTP/1.1" 200 27
120.253.135.82 - - [13/Jul/2022:11:06:43 +0800] "POST /xingrg/dwr/call/plaincall/AjaxCgthService.getUnitPrice.dwr HTTP/1.1" 200 87
222.69.129.110 - - [13/Jul/2022:11:06:47 +0800] "GET /xingrg/all/function/internal_message.html?_=1657681657779&CODE_STATE=getMsg HTTP/1.1" 200 27
61.170.235.209 - - [13/Jul/2022:11:06:48 +0800] "GET /xingrg/kc/buy/cgsh_order_operate.html?command=get_materiel&rest_code=00106&code=00101008087&supplier_code=00100007&order_time=2022-07-13 HTTP/1.1" 200 412
101.83.241.136 - - [13/Jul/2022:11:06:48 +0800] "GET /xingrg/kc/buy/cgsh_order_operate.html?command=get_materiel&rest_code=00149&code=00101006130&supplier_code=00100012&order_time=2022-07-11 HTTP/1.1" 200 443
61.170.235.209 - - [13/Jul/2022:11:06:50 +0800] "POST /xingrg/services/DataTransmitService HTTP/1.1" 200 524
120.253.135.82 - - [13/Jul/2022:11:06:51 +0800] "POST /xingrg/dwr/call/plaincall/AjaxCgthService.saveMaterielItem.dwr HTTP/1.1" 200 79
120.253.135.82 - - [13/Jul/2022:11:06:55 +0800] "POST /xingrg/dwr/call/plaincall/AjaxCgthService.saveOrder.dwr HTTP/1.1" 200 79
101.83.241.136 - - [13/Jul/2022:11:06:57 +0800] "GET /xingrg/kc/buy/cgsh_order_operate.html?command=get_materiel&rest_code=00149&code=00101006056&supplier_code=00100012&order_time=2022-07-11 HTTP/1.1" 200 430
120.253.135.82 - - [13/Jul/2022:11:06:59 +0800] "GET /xingrg/all/function/internal_message.html?_=1657681426736&CODE_STATE=getMsg HTTP/1.1" 200 27
120.253.135.82 - - [13/Jul/2022:11:07:01 +0800] "POST /xingrg/dwr/call/plaincall/AjaxComOrderService.getMaterielSearchList.dwr HTTP/1.1" 200 22593
61.170.235.209 - - [13/Jul/2022:11:07:01 +0800] "GET /xingrg/kc/buy/cgsh_order_operate.html?command=get_materiel&rest_code=00106&code=00101008144&supplier_code=00100007&order_time=2022-07-13 HTTP/1.1" 200 412
120.253.135.82 - - [13/Jul/2022:11:07:02 +0800] "POST /xingrg/dwr/call/plaincall/AjaxComOrderService.getMaterielSearchList.dwr HTTP/1.1" 200 293
61.170.235.209 - - [13/Jul/2022:11:07:02 +0800] "GET /xingrg/all/function/internal_message.html?_=1657681622672&CODE_STATE=getMsg HTTP/1.1" 200 27
101.85.238.90 - - [13/Jul/2022:11:07:03 +0800] "GET /xingrg/all/function/internal_message.html?_=1657681689550&CODE_STATE=getMsg HTTP/1.1" 200 27
120.253.135.82 - - [13/Jul/2022:11:07:06 +0800] "POST /xingrg/dwr/call/plaincall/AjaxCgthService.getMaterielByMap.dwr HTTP/1.1" 200 1696
101.83.241.136 - - [13/Jul/2022:11:07:08 +0800] "POST /xingrg/kc/buy/cgsh_order_operate.html HTTP/1.1" 200 37
116.235.94.65 - - [13/Jul/2022:11:07:09 +0800] "GET /xingrg/all/function/internal_message.html?_=1657681809029&CODE_STATE=getMsg HTTP/1.1" 200 27
120.253.135.82 - - [13/Jul/2022:11:07:09 +0800] "POST /xingrg/dwr/call/plaincall/AjaxCgthService.getUnitPrice.dwr HTTP/1.1" 200 87
101.85.107.1 - - [13/Jul/2022:11:07:10 +0800] "GET /xingrg/all/function/internal_message.html?_=1657681627339&CODE_STATE=getMsg HTTP/1.1" 200 27
116.230.110.24 - - [13/Jul/2022:11:07:12 +0800] "GET /xingrg/all/function/internal_message.html?_=1657681631152&CODE_STATE=getMsg HTTP/1.1" 200 27
180.175.103.110 - - [13/Jul/2022:11:07:13 +0800] "GET /xingrg/check_reg.html?_=1657681632672 HTTP/1.1" 200 22
120.253.135.82 - - [13/Jul/2022:11:07:14 +0800] "POST /xingrg/dwr/call/plaincall/AjaxCgthService.saveMaterielItem.dwr HTTP/1.1" 200 79
101.83.241.136 - - [13/Jul/2022:11:07:14 +0800] "POST /xingrg/kc/buy/cgsh_order_operate.html HTTP/1.1" 200 12
61.170.235.209 - - [13/Jul/2022:11:07:16 +0800] "GET /xingrg/kc/buy/cgsh_order_operate.html?command=get_materiel&rest_code=00106&code=00101008264&supplier_code=00100007&order_time=2022-07-13 HTTP/1.1" 200 428
120.253.135.82 - - [13/Jul/2022:11:07:17 +0800] "POST /xingrg/dwr/call/plaincall/AjaxCgthService.saveOrder.dwr HTTP/1.1" 200 79
116.228.172.94 - - [13/Jul/2022:11:07:18 +0800] "GET /xingrg/all/function/internal_message.html?_=1657681425373&CODE_STATE=getMsg HTTP/1.1" 200 27
116.228.172.94 - - [13/Jul/2022:11:07:18 +0800] "GET /xingrg/check_reg.html?_=1657681425378 HTTP/1.1" 200 22
58.35.196.166 - - [13/Jul/2022:11:07:19 +0800] "GET /xingrg/all/function/internal_message.html?_=1657681638644&CODE_STATE=getMsg HTTP/1.1" 200 27
120.253.135.82 - - [13/Jul/2022:11:07:21 +0800] "GET /xingrg/kc/buy/cgth_order_list.html?isBack=1 HTTP/1.1" 200 51497
101.83.241.136 - - [13/Jul/2022:11:07:21 +0800] "GET /xingrg/kc/buy/cgsh_order_info.html?code=212022071303225 HTTP/1.1" 200 62867
101.83.241.136 - - [13/Jul/2022:11:07:21 +0800] "GET /xingrg/javascript/easyui/themes/default/validatebox.css HTTP/1.1" 404 1104
120.253.135.82 - - [13/Jul/2022:11:07:22 +0800] "POST /xingrg/kc/buy/cgth_list_operate.html HTTP/1.1" 200 1941
101.83.241.136 - - [13/Jul/2022:11:07:22 +0800] "POST /xingrg/kc/buy/cgsh_order_operate.html HTTP/1.1" 200 2390
101.83.223.227 - - [13/Jul/2022:11:07:23 +0800] "GET /xingrg/all/function/internal_message.html?_=1657681600232&CODE_STATE=getMsg HTTP/1.1" 200 27
120.253.135.82 - - [13/Jul/2022:11:07:24 +0800] "POST /xingrg/kc/buy/cgth_list_operate.html HTTP/1.1" 200 541
101.83.241.136 - - [13/Jul/2022:11:07:25 +0800] "GET /xingrg/kc/print/load_data.html?order_code=212022071303225&kc_code=cgsh&condition= HTTP/1.1" 200 1475
114.86.187.244 - - [13/Jul/2022:11:07:25 +0800] "POST /xingrg/services/DataTransmitService HTTP/1.1" 200 524
114.86.187.244 - - [13/Jul/2022:11:07:25 +0800] "POST /xingrg/services/DataTransmitService HTTP/1.1" 200 501
120.253.135.82 - - [13/Jul/2022:11:07:26 +0800] "GET /xingrg/kc/buy/cgth_order_info.html?code=232022071300007 HTTP/1.1" 200 69414
120.253.135.82 - - [13/Jul/2022:11:07:26 +0800] "GET /xingrg/dwr/interface/AjaxComOrderService.js HTTP/1.1" 200 18264
120.253.135.82 - - [13/Jul/2022:11:07:26 +0800] "GET /xingrg/dwr/interface/AjaxCgthService.js HTTP/1.1" 200 14519
120.253.135.82 - - [13/Jul/2022:11:07:26 +0800] "GET /xingrg/dwr/engine.js HTTP/1.1" 200 43631
120.253.135.82 - - [13/Jul/2022:11:07:26 +0800] "POST /xingrg/all/common/load_tree.html?tree=supplier_tree_json&isDelete=1 HTTP/1.1" 200 66828
120.253.135.82 - - [13/Jul/2022:11:07:27 +0800] "POST /xingrg/dwr/call/plaincall/AjaxCgthService.loadMaterielItems.dwr HTTP/1.1" 200 4033
218.81.223.53 - - [13/Jul/2022:11:07:27 +0800] "GET /xingrg/all/function/internal_message.html?_=1657681656756&CODE_STATE=getMsg HTTP/1.1" 200 27
172.20.0.100 - - [13/Jul/2022:11:07:28 +0800] "GET /xingrg/all/function/internal_message.html?_=1657681647288&CODE_STATE=getMsg HTTP/1.1" 200 27
101.83.241.136 - - [13/Jul/2022:11:07:29 +0800] "GET /xingrg/kc/buy/cgsh_order_add.html HTTP/1.1" 200 67964
101.83.241.136 - - [13/Jul/2022:11:07:30 +0800] "POST /xingrg/kc/buy/cgsh_order_operate.html HTTP/1.1" 200 8245
101.83.241.136 - - [13/Jul/2022:11:07:30 +0800] "GET /xingrg/javascript/easyui/themes/default/validatebox.css HTTP/1.1" 404 1104
116.230.110.24 - - [13/Jul/2022:11:07:34 +0800] "GET /xingrg/all/function/internal_message.html?_=1657681653530&CODE_STATE=getMsg HTTP/1.1" 200 27
116.230.110.24 - - [13/Jul/2022:11:07:34 +0800] "GET /xingrg/check_reg.html?_=1657681653533 HTTP/1.1" 200 22
101.83.241.136 - - [13/Jul/2022:11:07:34 +0800] "GET /xingrg/all/function/internal_message.html?_=1657681652813&CODE_STATE=getMsg HTTP/1.1" 200 27
61.170.235.209 - - [13/Jul/2022:11:07:39 +0800] "GET /xingrg/kc/buy/cgsh_order_operate.html?command=get_materiel&rest_code=00106&code=00101008356&supplier_code=00100007&order_time=2022-07-13 HTTP/1.1" 200 408
180.175.103.110 - - [13/Jul/2022:11:07:39 +0800] "GET /xingrg/all/function/internal_message.html?_=1657681658947&CODE_STATE=getMsg HTTP/1.1" 200 27
58.35.196.166 - - [13/Jul/2022:11:07:46 +0800] "GET /xingrg/check_reg.html?_=1657681666411 HTTP/1.1" 200 22
222.69.129.110 - - [13/Jul/2022:11:07:47 +0800] "GET /xingrg/all/function/internal_message.html?_=1657681717774&CODE_STATE=getMsg HTTP/1.1" 200 27
61.170.235.209 - - [13/Jul/2022:11:07:56 +0800] "GET /xingrg/kc/buy/cgsh_order_operate.html?command=get_materiel&rest_code=00106&code=00101008077&supplier_code=00100007&order_time=2022-07-13 HTTP/1.1" 200 416
120.253.135.82 - - [13/Jul/2022:11:07:58 +0800] "POST /xingrg/dwr/call/plaincall/AjaxCgthService.saveMaterielItem.dwr HTTP/1.1" 200 78
120.253.135.82 - - [13/Jul/2022:11:07:59 +0800] "GET /xingrg/all/function/internal_message.html?_=1657681486749&CODE_STATE=getMsg HTTP/1.1" 200 27
120.253.135.82 - - [13/Jul/2022:11:08:01 +0800] "POST /xingrg/dwr/call/plaincall/AjaxCgthService.saveOrder.dwr HTTP/1.1" 200 78
61.170.235.209 - - [13/Jul/2022:11:08:02 +0800] "GET /xingrg/all/function/internal_message.html?_=1657681682669&CODE_STATE=getMsg HTTP/1.1" 200 27
101.85.238.90 - - [13/Jul/2022:11:08:03 +0800] "GET /xingrg/all/function/internal_message.html?_=1657681749561&CODE_STATE=getMsg HTTP/1.1" 200 27
120.253.135.82 - - [13/Jul/2022:11:08:05 +0800] "GET /xingrg/images/yd/bt.gif HTTP/1.1" 404 1040
120.253.135.82 - - [13/Jul/2022:11:08:06 +0800] "POST /xingrg/dwr/call/plaincall/AjaxCgthService.saveOrder.dwr HTTP/1.1" 200 78
116.235.94.65 - - [13/Jul/2022:11:08:09 +0800] "GET /xingrg/all/function/internal_message.html?_=1657681869007&CODE_STATE=getMsg HTTP/1.1" 200 27
101.85.107.1 - - [13/Jul/2022:11:08:09 +0800] "GET /xingrg/check_reg.html?_=1657681687182 HTTP/1.1" 200 22
101.85.107.1 - - [13/Jul/2022:11:08:10 +0800] "GET /xingrg/all/function/internal_message.html?_=1657681687325&CODE_STATE=getMsg HTTP/1.1" 200 27
61.170.235.209 - - [13/Jul/2022:11:08:11 +0800] "GET /xingrg/kc/buy/cgsh_order_operate.html?command=get_materiel&rest_code=00106&code=00101008069&supplier_code=00100007&order_time=2022-07-13 HTTP/1.1" 200 412
116.230.110.24 - - [13/Jul/2022:11:08:12 +0800] "GET /xingrg/check_reg.html?_=1657681691141 HTTP/1.1" 200 22
116.230.110.24 - - [13/Jul/2022:11:08:12 +0800] "GET /xingrg/all/function/internal_message.html?_=1657681691147&CODE_STATE=getMsg HTTP/1.1" 200 27
116.228.172.94 - - [13/Jul/2022:11:08:18 +0800] "GET /xingrg/all/function/internal_message.html?_=1657681485364&CODE_STATE=getMsg HTTP/1.1" 200 27
58.35.196.166 - - [13/Jul/2022:11:08:19 +0800] "GET /xingrg/all/function/internal_message.html?_=1657681698615&CODE_STATE=getMsg HTTP/1.1" 200 27
120.253.135.82 - - [13/Jul/2022:11:08:20 +0800] "GET /xingrg/kc/buy/cgth_order_list.html?isBack=1 HTTP/1.1" 200 51497
120.253.135.82 - - [13/Jul/2022:11:08:21 +0800] "POST /xingrg/kc/buy/cgth_list_operate.html HTTP/1.1" 200 1941
101.83.223.227 - - [13/Jul/2022:11:08:22 +0800] "GET /xingrg/check_reg.html?_=1657681659272 HTTP/1.1" 200 22
180.169.147.146 - - [13/Jul/2022:11:08:22 +0800] "GET /xingrg/check_reg.html?_=1657681699279 HTTP/1.1" 302 -
101.83.223.227 - - [13/Jul/2022:11:08:23 +0800] "GET /xingrg/all/function/internal_message.html?_=1657681660246&CODE_STATE=getMsg HTTP/1.1" 200 27
120.253.135.82 - - [13/Jul/2022:11:08:23 +0800] "POST /xingrg/kc/buy/cgth_list_operate.html HTTP/1.1" 200 541
120.253.135.82 - - [13/Jul/2022:11:08:24 +0800] "GET /xingrg/kc/buy/cgth_order_info.html?code=232022071300007 HTTP/1.1" 200 69414
120.253.135.82 - - [13/Jul/2022:11:08:24 +0800] "GET /xingrg/dwr/interface/AjaxComOrderService.js HTTP/1.1" 200 18264
120.253.135.82 - - [13/Jul/2022:11:08:24 +0800] "GET /xingrg/dwr/interface/AjaxCgthService.js HTTP/1.1" 200 14519
120.253.135.82 - - [13/Jul/2022:11:08:24 +0800] "GET /xingrg/dwr/engine.js HTTP/1.1" 200 43631
120.253.135.82 - - [13/Jul/2022:11:08:24 +0800] "POST /xingrg/all/common/load_tree.html?tree=supplier_tree_json&isDelete=1 HTTP/1.1" 200 66828
120.253.135.82 - - [13/Jul/2022:11:08:25 +0800] "POST /xingrg/dwr/call/plaincall/AjaxCgthService.loadMaterielItems.dwr HTTP/1.1" 200 4033
61.170.235.209 - - [13/Jul/2022:11:08:27 +0800] "GET /xingrg/kc/buy/cgsh_order_operate.html?command=get_materiel&rest_code=00106&code=00101008286&supplier_code=00100007&order_time=2022-07-13 HTTP/1.1" 200 408
218.81.223.53 - - [13/Jul/2022:11:08:28 +0800] "GET /xingrg/all/function/internal_message.html?_=1657681716927&CODE_STATE=getMsg HTTP/1.1" 200 27
120.253.135.82 - - [13/Jul/2022:11:08:28 +0800] "GET /xingrg/images/yd/bt.gif HTTP/1.1" 404 1040
172.20.0.100 - - [13/Jul/2022:11:08:29 +0800] "GET /xingrg/all/function/internal_message.html?_=1657681707291&CODE_STATE=getMsg HTTP/1.1" 200 27
172.20.0.100 - - [13/Jul/2022:11:08:29 +0800] "GET /xingrg/check_reg.html?_=1657681707292 HTTP/1.1" 200 22
120.253.135.82 - - [13/Jul/2022:11:08:30 +0800] "GET /xingrg/kc/print/load_config.html?_=1657681518245&kc_code=cgth HTTP/1.1" 200 2458
120.253.135.82 - - [13/Jul/2022:11:08:30 +0800] "GET /xingrg/kc/print/load_data.html?_=1657681518266&order_code=232022071300007&kc_code=cgth&condition= HTTP/1.1" 200 1336
116.230.110.24 - - [13/Jul/2022:11:08:34 +0800] "GET /xingrg/all/function/internal_message.html?_=1657681713537&CODE_STATE=getMsg HTTP/1.1" 200 27
101.83.241.136 - - [13/Jul/2022:11:08:34 +0800] "GET /xingrg/all/function/internal_message.html?_=1657681712785&CODE_STATE=getMsg HTTP/1.1" 200 27
180.175.103.110 - - [13/Jul/2022:11:08:39 +0800] "GET /xingrg/all/function/internal_message.html?_=1657681718917&CODE_STATE=getMsg HTTP/1.1" 200 27
61.170.235.209 - - [13/Jul/2022:11:08:44 +0800] "GET /xingrg/kc/buy/cgsh_order_operate.html?command=get_materiel&rest_code=00106&code=00101008353&supplier_code=00100007&order_time=2022-07-13 HTTP/1.1" 200 424
222.69.129.110 - - [13/Jul/2022:11:08:47 +0800] "GET /xingrg/all/function/internal_message.html?_=1657681777789&CODE_STATE=getMsg HTTP/1.1" 200 27
222.69.129.110 - - [13/Jul/2022:11:08:47 +0800] "GET /xingrg/check_reg.html?_=1657681777793 HTTP/1.1" 200 22
61.170.235.209 - - [13/Jul/2022:11:08:56 +0800] "GET /xingrg/kc/buy/cgsh_order_operate.html?command=get_materiel&rest_code=00106&code=00101008283&supplier_code=00100007&order_time=2022-07-13 HTTP/1.1" 200 408
101.83.241.136 - - [13/Jul/2022:11:08:57 +0800] "GET /xingrg/kc/buy/cgsh_order_operate.html?command=get_materiel&rest_code=00149&code=00101006130&supplier_code=00100012&order_time=2022-07-10 HTTP/1.1" 200 443
120.253.135.82 - - [13/Jul/2022:11:08:59 +0800] "GET /xingrg/all/function/internal_message.html?_=1657681546763&CODE_STATE=getMsg HTTP/1.1" 200 27
61.170.235.209 - - [13/Jul/2022:11:09:02 +0800] "GET /xingrg/all/function/internal_message.html?_=1657681742621&CODE_STATE=getMsg HTTP/1.1" 200 27
101.85.238.90 - - [13/Jul/2022:11:09:03 +0800] "GET /xingrg/all/function/internal_message.html?_=1657681809945&CODE_STATE=getMsg HTTP/1.1" 200 27
61.170.235.209 - - [13/Jul/2022:11:09:04 +0800] "GET /xingrg/check_reg.html?_=1657681744225 HTTP/1.1" 200 22
116.235.94.65 - - [13/Jul/2022:11:09:09 +0800] "GET /xingrg/all/function/internal_message.html?_=1657681928980&CODE_STATE=getMsg HTTP/1.1" 200 27
101.85.107.1 - - [13/Jul/2022:11:09:10 +0800] "GET /xingrg/all/function/internal_message.html?_=1657681747310&CODE_STATE=getMsg HTTP/1.1" 200 27
61.170.235.209 - - [13/Jul/2022:11:09:11 +0800] "GET /xingrg/kc/buy/cgsh_order_operate.html?command=get_materiel&rest_code=00106&code=00101008125&supplier_code=00100007&order_time=2022-07-13 HTTP/1.1" 200 413
116.230.110.24 - - [13/Jul/2022:11:09:12 +0800] "GET /xingrg/all/function/internal_message.html?_=1657681751139&CODE_STATE=getMsg HTTP/1.1" 200 27
116.228.172.94 - - [13/Jul/2022:11:09:18 +0800] "GET /xingrg/all/function/internal_message.html?_=1657681545376&CODE_STATE=getMsg HTTP/1.1" 200 27
58.35.196.166 - - [13/Jul/2022:11:09:19 +0800] "GET /xingrg/all/function/internal_message.html?_=1657681758600&CODE_STATE=getMsg HTTP/1.1" 200 27
222.69.129.110 - - [13/Jul/2022:11:09:21 +0800] "POST /xingrg/kc/buy/cgsh_list_operate.html HTTP/1.1" 200 1746
101.83.223.227 - - [13/Jul/2022:11:09:23 +0800] "GET /xingrg/all/function/internal_message.html?_=1657681720259&CODE_STATE=getMsg HTTP/1.1" 200 27
120.253.135.82 - - [13/Jul/2022:11:09:23 +0800] "POST /xingrg/dwr/call/plaincall/AjaxCgthService.checkOrder.dwr HTTP/1.1" 200 78
61.170.235.209 - - [13/Jul/2022:11:09:26 +0800] "GET /xingrg/kc/buy/cgsh_order_operate.html?command=get_materiel&rest_code=00106&code=00101008010&supplier_code=00100007&order_time=2022-07-13 HTTP/1.1" 200 412
218.81.223.53 - - [13/Jul/2022:11:09:28 +0800] "GET /xingrg/all/function/internal_message.html?_=1657681776940&CODE_STATE=getMsg HTTP/1.1" 200 27
116.235.94.65 - - [13/Jul/2022:11:09:28 +0800] "GET /xingrg/check_reg.html?_=1657681948047 HTTP/1.1" 200 22
172.20.0.100 - - [13/Jul/2022:11:09:29 +0800] "GET /xingrg/all/function/internal_message.html?_=1657681767295&CODE_STATE=getMsg HTTP/1.1" 200 27
120.253.135.82 - - [13/Jul/2022:11:09:30 +0800] "GET /xingrg/kc/buy/cgth_order_info.html?code=232022071300007&part=buyck HTTP/1.1" 200 67161
120.253.135.82 - - [13/Jul/2022:11:09:30 +0800] "GET /xingrg/dwr/interface/AjaxComOrderService.js HTTP/1.1" 200 18264
120.253.135.82 - - [13/Jul/2022:11:09:30 +0800] "GET /xingrg/dwr/interface/AjaxCgthService.js HTTP/1.1" 200 14519
120.253.135.82 - - [13/Jul/2022:11:09:30 +0800] "GET /xingrg/dwr/engine.js HTTP/1.1" 200 43631
120.253.135.82 - - [13/Jul/2022:11:09:31 +0800] "POST /xingrg/all/common/load_tree.html?tree=supplier_tree_json&isDelete=1 HTTP/1.1" 200 66828
120.253.135.82 - - [13/Jul/2022:11:09:32 +0800] "POST /xingrg/dwr/call/plaincall/AjaxCgthService.loadMaterielItems.dwr HTTP/1.1" 200 3585
116.230.110.24 - - [13/Jul/2022:11:09:34 +0800] "GET /xingrg/all/function/internal_message.html?_=1657681773537&CODE_STATE=getMsg HTTP/1.1" 200 27
101.83.241.136 - - [13/Jul/2022:11:09:34 +0800] "GET /xingrg/all/function/internal_message.html?_=1657681772764&CODE_STATE=getMsg HTTP/1.1" 200 27
61.170.235.209 - - [13/Jul/2022:11:09:36 +0800] "GET /xingrg/kc/buy/cgsh_order_operate.html?command=get_materiel&rest_code=00106&code=00101011005&supplier_code=00100007&order_time=2022-07-13 HTTP/1.1" 200 425
180.175.103.110 - - [13/Jul/2022:11:09:39 +0800] "GET /xingrg/all/function/internal_message.html?_=1657681778895&CODE_STATE=getMsg HTTP/1.1" 200 27
101.83.241.136 - - [13/Jul/2022:11:09:42 +0800] "GET /xingrg/kc/buy/cgsh_order_operate.html?command=get_materiel&rest_code=00149&code=00101006109&supplier_code=00100012&order_time=2022-07-10 HTTP/1.1" 200 424
120.253.135.82 - - [13/Jul/2022:11:09:45 +0800] "GET /xingrg/kc/buy/cgth_order_list.html?isBack=1 HTTP/1.1" 200 51497
120.253.135.82 - - [13/Jul/2022:11:09:45 +0800] "POST /xingrg/kc/buy/cgth_list_operate.html HTTP/1.1" 200 1035
222.69.129.110 - - [13/Jul/2022:11:09:47 +0800] "GET /xingrg/all/function/internal_message.html?_=1657681837773&CODE_STATE=getMsg HTTP/1.1" 200 27
101.83.241.136 - - [13/Jul/2022:11:09:52 +0800] "GET /xingrg/kc/buy/cgsh_order_operate.html?command=get_materiel&rest_code=00149&code=00101006058&supplier_code=00100012&order_time=2022-07-10 HTTP/1.1" 200 413
120.253.135.82 - - [13/Jul/2022:11:09:59 +0800] "GET /xingrg/all/function/internal_message.html?_=1657681606776&CODE_STATE=getMsg HTTP/1.1" 200 27
61.170.235.209 - - [13/Jul/2022:11:10:02 +0800] "GET /xingrg/all/function/internal_message.html?_=1657681802592&CODE_STATE=getMsg HTTP/1.1" 200 27
101.85.238.90 - - [13/Jul/2022:11:10:03 +0800] "GET /xingrg/all/function/internal_message.html?_=1657681869948&CODE_STATE=getMsg HTTP/1.1" 200 27
101.83.241.136 - - [13/Jul/2022:11:10:08 +0800] "POST /xingrg/kc/buy/cgsh_order_operate.html HTTP/1.1" 200 37
116.235.94.65 - - [13/Jul/2022:11:10:09 +0800] "GET /xingrg/all/function/internal_message.html?_=1657681988954&CODE_STATE=getMsg HTTP/1.1" 200 27
101.85.107.1 - - [13/Jul/2022:11:10:09 +0800] "GET /xingrg/all/function/internal_message.html?_=1657681807291&CODE_STATE=getMsg HTTP/1.1" 200 27
101.83.241.136 - - [13/Jul/2022:11:10:12 +0800] "POST /xingrg/kc/buy/cgsh_order_operate.html HTTP/1.1" 200 12
116.230.110.24 - - [13/Jul/2022:11:10:12 +0800] "GET /xingrg/all/function/internal_message.html?_=1657681811144&CODE_STATE=getMsg HTTP/1.1" 200 27
101.83.241.136 - - [13/Jul/2022:11:10:13 +0800] "GET /xingrg/kc/buy/cgsh_order_info.html?code=212022071303226 HTTP/1.1" 200 62867
101.83.241.136 - - [13/Jul/2022:11:10:14 +0800] "GET /xingrg/javascript/easyui/themes/default/validatebox.css HTTP/1.1" 404 1104
101.83.241.136 - - [13/Jul/2022:11:10:14 +0800] "POST /xingrg/kc/buy/cgsh_order_operate.html HTTP/1.1" 200 1806
101.83.241.136 - - [13/Jul/2022:11:10:17 +0800] "GET /xingrg/kc/print/load_data.html?order_code=212022071303226&kc_code=cgsh&condition= HTTP/1.1" 200 1267
116.228.172.94 - - [13/Jul/2022:11:10:18 +0800] "GET /xingrg/all/function/internal_message.html?_=1657681605379&CODE_STATE=getMsg HTTP/1.1" 200 27
58.35.196.166 - - [13/Jul/2022:11:10:19 +0800] "GET /xingrg/all/function/internal_message.html?_=1657681818586&CODE_STATE=getMsg HTTP/1.1" 200 27
101.83.223.227 - - [13/Jul/2022:11:10:23 +0800] "GET /xingrg/all/function/internal_message.html?_=1657681780273&CODE_STATE=getMsg HTTP/1.1" 200 27
218.81.223.53 - - [13/Jul/2022:11:10:28 +0800] "GET /xingrg/all/function/internal_message.html?_=1657681837094&CODE_STATE=getMsg HTTP/1.1" 200 27
172.20.0.100 - - [13/Jul/2022:11:10:29 +0800] "GET /xingrg/all/function/internal_message.html?_=1657681827301&CODE_STATE=getMsg HTTP/1.1" 200 27
116.230.110.24 - - [13/Jul/2022:11:10:34 +0800] "GET /xingrg/all/function/internal_message.html?_=1657681833544&CODE_STATE=getMsg HTTP/1.1" 200 27
101.83.241.136 - - [13/Jul/2022:11:10:34 +0800] "GET /xingrg/all/function/internal_message.html?_=1657681832759&CODE_STATE=getMsg HTTP/1.1" 200 27
101.83.241.136 - - [13/Jul/2022:11:10:36 +0800] "GET /xingrg/kc/buy/cgsh_order_add.html HTTP/1.1" 200 67964
101.83.241.136 - - [13/Jul/2022:11:10:37 +0800] "POST /xingrg/kc/buy/cgsh_order_operate.html HTTP/1.1" 200 8245
101.83.241.136 - - [13/Jul/2022:11:10:37 +0800] "GET /xingrg/javascript/easyui/themes/default/validatebox.css HTTP/1.1" 404 1104
180.175.103.110 - - [13/Jul/2022:11:10:39 +0800] "GET /xingrg/all/function/internal_message.html?_=1657681838871&CODE_STATE=getMsg HTTP/1.1" 200 27
222.69.129.110 - - [13/Jul/2022:11:10:47 +0800] "GET /xingrg/all/function/internal_message.html?_=1657681897782&CODE_STATE=getMsg HTTP/1.1" 200 27
120.253.135.82 - - [13/Jul/2022:11:10:48 +0800] "GET /xingrg/check_reg.html?_=1657681656010 HTTP/1.1" 200 22
101.83.241.136 - - [13/Jul/2022:11:10:56 +0800] "GET /xingrg/kc/buy/cgsh_order_operate.html?command=get_materiel&rest_code=00149&code=00101012040&supplier_code=00100036&order_time=2022-07-12 HTTP/1.1" 200 413
120.253.135.82 - - [13/Jul/2022:11:10:59 +0800] "GET /xingrg/all/function/internal_message.html?_=1657681666790&CODE_STATE=getMsg HTTP/1.1" 200 27
101.85.238.90 - - [13/Jul/2022:11:11:01 +0800] "GET /xingrg/check_reg.html?_=1657681927440 HTTP/1.1" 200 22
61.170.235.209 - - [13/Jul/2022:11:11:02 +0800] "GET /xingrg/all/function/internal_message.html?_=1657681862614&CODE_STATE=getMsg HTTP/1.1" 200 27
101.85.238.90 - - [13/Jul/2022:11:11:03 +0800] "GET /xingrg/all/function/internal_message.html?_=1657681929960&CODE_STATE=getMsg HTTP/1.1" 200 27
218.81.223.53 - - [13/Jul/2022:11:11:07 +0800] "GET /xingrg/check_reg.html?_=1657681876128 HTTP/1.1" 200 22
116.235.94.65 - - [13/Jul/2022:11:11:09 +0800] "GET /xingrg/all/function/internal_message.html?_=1657682048923&CODE_STATE=getMsg HTTP/1.1" 200 27
101.85.107.1 - - [13/Jul/2022:11:11:09 +0800] "GET /xingrg/all/function/internal_message.html?_=1657681867303&CODE_STATE=getMsg HTTP/1.1" 200 27
101.83.241.136 - - [13/Jul/2022:11:11:10 +0800] "POST /xingrg/kc/buy/cgsh_order_operate.html HTTP/1.1" 200 37
116.230.110.24 - - [13/Jul/2022:11:11:12 +0800] "GET /xingrg/all/function/internal_message.html?_=1657681871134&CODE_STATE=getMsg HTTP/1.1" 200 27
101.83.241.136 - - [13/Jul/2022:11:11:16 +0800] "POST /xingrg/kc/buy/cgsh_order_operate.html HTTP/1.1" 200 12
101.83.241.136 - - [13/Jul/2022:11:11:17 +0800] "GET /xingrg/kc/buy/cgsh_order_info.html?code=212022071303227 HTTP/1.1" 200 62869
101.83.241.136 - - [13/Jul/2022:11:11:17 +0800] "GET /xingrg/javascript/easyui/themes/default/validatebox.css HTTP/1.1" 404 1104
101.83.241.136 - - [13/Jul/2022:11:11:18 +0800] "POST /xingrg/kc/buy/cgsh_order_operate.html HTTP/1.1" 200 606
116.228.172.94 - - [13/Jul/2022:11:11:18 +0800] "GET /xingrg/all/function/internal_message.html?_=1657681665376&CODE_STATE=getMsg HTTP/1.1" 200 27
58.35.196.166 - - [13/Jul/2022:11:11:19 +0800] "GET /xingrg/all/function/internal_message.html?_=1657681878571&CODE_STATE=getMsg HTTP/1.1" 200 27
101.83.241.136 - - [13/Jul/2022:11:11:23 +0800] "GET /xingrg/kc/print/load_data.html?order_code=212022071303227&kc_code=cgsh&condition= HTTP/1.1" 200 774
101.83.223.227 - - [13/Jul/2022:11:11:23 +0800] "GET /xingrg/all/function/internal_message.html?_=1657681840311&CODE_STATE=getMsg HTTP/1.1" 200 27
61.170.235.209 - - [13/Jul/2022:11:11:26 +0800] "GET /xingrg/kc/buy/cgsh_order_operate.html?command=get_materiel&rest_code=00106&code=00101008132&supplier_code=00100007&order_time=2022-07-13 HTTP/1.1" 200 424
218.81.223.53 - - [13/Jul/2022:11:11:28 +0800] "GET /xingrg/all/function/internal_message.html?_=1657681897107&CODE_STATE=getMsg HTTP/1.1" 200 27
101.83.241.136 - - [13/Jul/2022:11:11:28 +0800] "GET /xingrg/kc/buy/cgsh_order_add.html HTTP/1.1" 200 67964
172.20.0.100 - - [13/Jul/2022:11:11:29 +0800] "GET /xingrg/all/function/internal_message.html?_=1657681887289&CODE_STATE=getMsg HTTP/1.1" 200 27
101.83.241.136 - - [13/Jul/2022:11:11:29 +0800] "POST /xingrg/kc/buy/cgsh_order_operate.html HTTP/1.1" 200 8245
101.83.241.136 - - [13/Jul/2022:11:11:29 +0800] "GET /xingrg/javascript/easyui/themes/default/validatebox.css HTTP/1.1" 404 1104
116.230.110.24 - - [13/Jul/2022:11:11:34 +0800] "GET /xingrg/all/function/internal_message.html?_=1657681893542&CODE_STATE=getMsg HTTP/1.1" 200 27
101.83.241.136 - - [13/Jul/2022:11:11:34 +0800] "GET /xingrg/all/function/internal_message.html?_=1657681892750&CODE_STATE=getMsg HTTP/1.1" 200 27
101.83.241.136 - - [13/Jul/2022:11:11:35 +0800] "GET /xingrg/check_reg.html?_=1657681893406 HTTP/1.1" 200 22
180.175.103.110 - - [13/Jul/2022:11:11:39 +0800] "GET /xingrg/all/function/internal_message.html?_=1657681898844&CODE_STATE=getMsg HTTP/1.1" 200 27
101.83.241.136 - - [13/Jul/2022:11:11:46 +0800] "GET /xingrg/kc/buy/cgsh_order_operate.html?command=get_materiel&rest_code=00149&code=00101016030&supplier_code=00100036&order_time=2022-07-11 HTTP/1.1" 200 412
222.69.129.110 - - [13/Jul/2022:11:11:47 +0800] "GET /xingrg/all/function/internal_message.html?_=1657681957784&CODE_STATE=getMsg HTTP/1.1" 200 27
101.83.241.136 - - [13/Jul/2022:11:11:57 +0800] "GET /xingrg/kc/buy/cgsh_order_operate.html?command=get_materiel&rest_code=00149&code=00101010092&supplier_code=00100036&order_time=2022-07-11 HTTP/1.1" 200 449
61.170.235.209 - - [13/Jul/2022:11:11:59 +0800] "GET /xingrg/kc/buy/cgsh_order_operate.html?command=get_materiel&rest_code=00106&code=00101008244&supplier_code=00100007&order_time=2022-07-13 HTTP/1.1" 200 424
120.253.135.82 - - [13/Jul/2022:11:11:59 +0800] "GET /xingrg/all/function/internal_message.html?_=1657681726803&CODE_STATE=getMsg HTTP/1.1" 200 27
61.170.235.209 - - [13/Jul/2022:11:12:01 +0800] "POST /xingrg/kc/buy/cgsh_order_operate.html HTTP/1.1" 200 2065
61.170.235.209 - - [13/Jul/2022:11:12:02 +0800] "GET /xingrg/all/function/internal_message.html?_=1657681922585&CODE_STATE=getMsg HTTP/1.1" 200 27
101.85.238.90 - - [13/Jul/2022:11:12:03 +0800] "GET /xingrg/all/function/internal_message.html?_=1657681989974&CODE_STATE=getMsg HTTP/1.1" 200 27
218.81.223.53 - - [13/Jul/2022:11:12:05 +0800] "POST /xingrg/services/DataTransmitService HTTP/1.1" 200 524
116.235.94.65 - - [13/Jul/2022:11:12:09 +0800] "GET /xingrg/all/function/internal_message.html?_=1657682108894&CODE_STATE=getMsg HTTP/1.1" 200 27
101.85.107.1 - - [13/Jul/2022:11:12:09 +0800] "GET /xingrg/all/function/internal_message.html?_=1657681927288&CODE_STATE=getMsg HTTP/1.1" 200 27
218.81.223.53 - - [13/Jul/2022:11:12:11 +0800] "POST /xingrg/services/DataTransmitService HTTP/1.1" 200 501
116.230.110.24 - - [13/Jul/2022:11:12:12 +0800] "GET /xingrg/all/function/internal_message.html?_=1657681931139&CODE_STATE=getMsg HTTP/1.1" 200 27
180.175.103.110 - - [13/Jul/2022:11:12:13 +0800] "GET /xingrg/check_reg.html?_=1657681932642 HTTP/1.1" 200 22
61.170.235.209 - - [13/Jul/2022:11:12:14 +0800] "GET /xingrg/kc/buy/cgsh_order_operate.html?command=get_materiel&rest_code=00106&code=00101008182&supplier_code=00100007&order_time=2022-07-13 HTTP/1.1" 200 432
116.228.172.94 - - [13/Jul/2022:11:12:18 +0800] "GET /xingrg/all/function/internal_message.html?_=1657681725373&CODE_STATE=getMsg HTTP/1.1" 200 27
116.228.172.94 - - [13/Jul/2022:11:12:18 +0800] "GET /xingrg/check_reg.html?_=1657681725376 HTTP/1.1" 200 22
58.35.196.166 - - [13/Jul/2022:11:12:19 +0800] "GET /xingrg/all/function/internal_message.html?_=1657681938556&CODE_STATE=getMsg HTTP/1.1" 200 27
101.83.223.227 - - [13/Jul/2022:11:12:23 +0800] "GET /xingrg/all/function/internal_message.html?_=1657681900316&CODE_STATE=getMsg HTTP/1.1" 200 27
218.81.223.53 - - [13/Jul/2022:11:12:28 +0800] "GET /xingrg/all/function/internal_message.html?_=1657681957120&CODE_STATE=getMsg HTTP/1.1" 200 27
61.170.235.209 - - [13/Jul/2022:11:12:28 +0800] "GET /xingrg/kc/buy/cgsh_order_operate.html?command=get_materiel&rest_code=00106&code=00101008370&supplier_code=00100007&order_time=2022-07-13 HTTP/1.1" 200 412
172.20.0.100 - - [13/Jul/2022:11:12:29 +0800] "GET /xingrg/all/function/internal_message.html?_=1657681947291&CODE_STATE=getMsg HTTP/1.1" 200 27
116.230.110.24 - - [13/Jul/2022:11:12:34 +0800] "GET /xingrg/check_reg.html?_=1657681953530 HTTP/1.1" 200 22
116.230.110.24 - - [13/Jul/2022:11:12:34 +0800] "GET /xingrg/all/function/internal_message.html?_=1657681953533&CODE_STATE=getMsg HTTP/1.1" 200 27
101.83.241.136 - - [13/Jul/2022:11:12:34 +0800] "GET /xingrg/all/function/internal_message.html?_=1657681952722&CODE_STATE=getMsg HTTP/1.1" 200 27
101.83.241.136 - - [13/Jul/2022:11:12:35 +0800] "POST /xingrg/kc/buy/cgsh_order_operate.html HTTP/1.1" 200 37
180.175.103.110 - - [13/Jul/2022:11:12:39 +0800] "GET /xingrg/all/function/internal_message.html?_=1657681958824&CODE_STATE=getMsg HTTP/1.1" 200 27
101.83.241.136 - - [13/Jul/2022:11:12:45 +0800] "POST /xingrg/kc/buy/cgsh_order_operate.html HTTP/1.1" 200 12
101.83.241.136 - - [13/Jul/2022:11:12:46 +0800] "GET /xingrg/kc/buy/cgsh_order_info.html?code=212022071303228 HTTP/1.1" 200 62869
58.35.196.166 - - [13/Jul/2022:11:12:46 +0800] "GET /xingrg/check_reg.html?_=1657681966416 HTTP/1.1" 200 22
101.83.241.136 - - [13/Jul/2022:11:12:46 +0800] "GET /xingrg/javascript/easyui/themes/default/validatebox.css HTTP/1.1" 404 1104
222.69.129.110 - - [13/Jul/2022:11:12:47 +0800] "GET /xingrg/all/function/internal_message.html?_=1657682017778&CODE_STATE=getMsg HTTP/1.1" 200 27
101.83.241.136 - - [13/Jul/2022:11:12:47 +0800] "POST /xingrg/kc/buy/cgsh_order_operate.html HTTP/1.1" 200 1210
180.169.147.146 - - [13/Jul/2022:11:12:58 +0800] "GET /xingrg/check_reg.html?_=1657681978148 HTTP/1.1" 200 22
180.169.147.146 - - [13/Jul/2022:11:12:58 +0800] "GET /xingrg/all/function/internal_message.html?_=1657681978146&CODE_STATE=getMsg HTTP/1.1" 200 27
180.169.147.146 - - [13/Jul/2022:11:12:58 +0800] "GET /xingrg/kc/buy/cgsh_order_info.html?code=212022070501340 HTTP/1.1" 200 63034
180.169.147.146 - - [13/Jul/2022:11:12:59 +0800] "GET /xingrg/javascript/easyui/themes/default/validatebox.css HTTP/1.1" 404 1104
101.83.241.136 - - [13/Jul/2022:11:12:59 +0800] "GET /xingrg/kc/print/load_data.html?order_code=212022071303228&kc_code=cgsh&condition= HTTP/1.1" 200 1019
120.253.135.82 - - [13/Jul/2022:11:12:59 +0800] "GET /xingrg/all/function/internal_message.html?_=1657681786869&CODE_STATE=getMsg HTTP/1.1" 200 27
180.169.147.146 - - [13/Jul/2022:11:12:59 +0800] "POST /xingrg/kc/buy/cgsh_order_operate.html HTTP/1.1" 200 605
61.170.235.209 - - [13/Jul/2022:11:13:02 +0800] "GET /xingrg/all/function/internal_message.html?_=1657681982593&CODE_STATE=getMsg HTTP/1.1" 200 27
101.85.238.90 - - [13/Jul/2022:11:13:03 +0800] "GET /xingrg/all/function/internal_message.html?_=1657682049988&CODE_STATE=getMsg HTTP/1.1" 200 27
101.83.241.136 - - [13/Jul/2022:11:13:05 +0800] "GET /xingrg/kc/buy/cgsh_order_add.html HTTP/1.1" 200 67964
101.83.241.136 - - [13/Jul/2022:11:13:05 +0800] "POST /xingrg/kc/buy/cgsh_order_operate.html HTTP/1.1" 200 8245
101.83.241.136 - - [13/Jul/2022:11:13:05 +0800] "GET /xingrg/javascript/easyui/themes/default/validatebox.css HTTP/1.1" 404 1104
116.235.94.65 - - [13/Jul/2022:11:13:09 +0800] "GET /xingrg/all/function/internal_message.html?_=1657682168865&CODE_STATE=getMsg HTTP/1.1" 200 27
101.85.107.1 - - [13/Jul/2022:11:13:09 +0800] "GET /xingrg/check_reg.html?_=1657681987210 HTTP/1.1" 200 22
101.85.107.1 - - [13/Jul/2022:11:13:09 +0800] "GET /xingrg/all/function/internal_message.html?_=1657681987259&CODE_STATE=getMsg HTTP/1.1" 200 27
101.83.241.136 - - [13/Jul/2022:11:13:11 +0800] "GET /xingrg/kc/buy/cgsh_order_add.html HTTP/1.1" 200 67964
101.83.241.136 - - [13/Jul/2022:11:13:12 +0800] "POST /xingrg/kc/buy/cgsh_order_operate.html HTTP/1.1" 200 8245
101.83.241.136 - - [13/Jul/2022:11:13:12 +0800] "GET /xingrg/javascript/easyui/themes/default/validatebox.css HTTP/1.1" 404 1104
116.230.110.24 - - [13/Jul/2022:11:13:12 +0800] "GET /xingrg/all/function/internal_message.html?_=1657681991159&CODE_STATE=getMsg HTTP/1.1" 200 27
116.230.110.24 - - [13/Jul/2022:11:13:12 +0800] "GET /xingrg/check_reg.html?_=1657681991163 HTTP/1.1" 200 22
61.170.235.209 - - [13/Jul/2022:11:13:12 +0800] "GET /xingrg/kc/buy/cgsh_order_operate.html?command=get_materiel&rest_code=00106&code=00101008300&supplier_code=00100007&order_time=2022-07-13 HTTP/1.1" 200 427
61.170.235.209 - - [13/Jul/2022:11:13:15 +0800] "POST /xingrg/kc/buy/cgsh_order_operate.html HTTP/1.1" 200 2065
116.228.172.94 - - [13/Jul/2022:11:13:18 +0800] "GET /xingrg/all/function/internal_message.html?_=1657681785368&CODE_STATE=getMsg HTTP/1.1" 200 27
58.35.196.166 - - [13/Jul/2022:11:13:18 +0800] "GET /xingrg/all/function/internal_message.html?_=1657681998526&CODE_STATE=getMsg HTTP/1.1" 200 27
101.83.223.227 - - [13/Jul/2022:11:13:22 +0800] "GET /xingrg/check_reg.html?_=1657681959302 HTTP/1.1" 200 22
180.169.147.146 - - [13/Jul/2022:11:13:22 +0800] "GET /xingrg/check_reg.html?_=1657681999249 HTTP/1.1" 302 -
101.83.223.227 - - [13/Jul/2022:11:13:23 +0800] "GET /xingrg/all/function/internal_message.html?_=1657681960329&CODE_STATE=getMsg HTTP/1.1" 200 27
218.81.223.53 - - [13/Jul/2022:11:13:28 +0800] "GET /xingrg/all/function/internal_message.html?_=1657682017302&CODE_STATE=getMsg HTTP/1.1" 200 27
172.20.0.100 - - [13/Jul/2022:11:13:29 +0800] "GET /xingrg/all/function/internal_message.html?_=1657682007293&CODE_STATE=getMsg HTTP/1.1" 200 27
172.20.0.100 - - [13/Jul/2022:11:13:29 +0800] "GET /xingrg/check_reg.html?_=1657682007294 HTTP/1.1" 200 22
116.230.110.24 - - [13/Jul/2022:11:13:34 +0800] "GET /xingrg/all/function/internal_message.html?_=1657682013537&CODE_STATE=getMsg HTTP/1.1" 200 27
101.83.241.136 - - [13/Jul/2022:11:13:34 +0800] "GET /xingrg/all/function/internal_message.html?_=1657682012721&CODE_STATE=getMsg HTTP/1.1" 200 27
180.175.103.110 - - [13/Jul/2022:11:13:39 +0800] "GET /xingrg/all/function/internal_message.html?_=1657682018807&CODE_STATE=getMsg HTTP/1.1" 200 27
101.83.241.136 - - [13/Jul/2022:11:13:43 +0800] "GET /xingrg/kc/buy/cgsh_order_operate.html?command=get_materiel&rest_code=00149&code=00101010348&supplier_code=00100036&order_time=2022-07-10 HTTP/1.1" 200 431
222.69.129.110 - - [13/Jul/2022:11:13:47 +0800] "GET /xingrg/all/function/internal_message.html?_=1657682077781&CODE_STATE=getMsg HTTP/1.1" 200 27
222.69.129.110 - - [13/Jul/2022:11:13:47 +0800] "GET /xingrg/check_reg.html?_=1657682077786 HTTP/1.1" 200 22
180.169.147.146 - - [13/Jul/2022:11:13:58 +0800] "GET /xingrg/all/function/internal_message.html?_=1657682038131&CODE_STATE=getMsg HTTP/1.1" 200 27
120.253.135.82 - - [13/Jul/2022:11:13:59 +0800] "GET /xingrg/all/function/internal_message.html?_=1657681846877&CODE_STATE=getMsg HTTP/1.1" 200 27
172.20.0.100 - - [13/Jul/2022:11:14:00 +0800] "GET /xingrg/login.html HTTP/1.1" 200 7636
172.20.0.100 - - [13/Jul/2022:11:14:00 +0800] "GET /favicon.ico HTTP/1.1" 404 -
61.170.235.209 - - [13/Jul/2022:11:14:02 +0800] "GET /xingrg/all/function/internal_message.html?_=1657682042546&CODE_STATE=getMsg HTTP/1.1" 200 27
101.85.238.90 - - [13/Jul/2022:11:14:04 +0800] "GET /xingrg/all/function/internal_message.html?_=1657682110335&CODE_STATE=getMsg HTTP/1.1" 200 27
61.170.235.209 - - [13/Jul/2022:11:14:04 +0800] "GET /xingrg/check_reg.html?_=1657682044243 HTTP/1.1" 200 22
172.20.0.100 - - [13/Jul/2022:11:14:04 +0800] "POST /xingrg/login.do HTTP/1.1" 302 -
172.20.0.100 - - [13/Jul/2022:11:14:04 +0800] "GET /xingrg/index.html?sysBaseUrl=http%3A%2F%2F172.20.0.8%3A18081%2Fxingrg%2F&costTime=39×tamp=1657682044594 HTTP/1.1" 200 17448
172.20.0.100 - - [13/Jul/2022:11:14:04 +0800] "GET /favicon.ico HTTP/1.1" 404 -
172.20.0.100 - - [13/Jul/2022:11:14:04 +0800] "POST /xingrg/all/common/load_tree.html?tree=area_rest_tree_json&manage=1 HTTP/1.1" 200 3472
172.20.0.100 - - [13/Jul/2022:11:14:04 +0800] "GET /xingrg/all/function/internal_message.html?_=1657682044387&CODE_STATE=count HTTP/1.1" 200 11
172.20.0.100 - - [13/Jul/2022:11:14:04 +0800] "GET /xingrg/check_reg.html?_=1657682044388 HTTP/1.1" 200 22
172.20.0.100 - - [13/Jul/2022:11:14:05 +0800] "POST /xingrg/load_menu.html HTTP/1.1" 200 11529
116.235.94.65 - - [13/Jul/2022:11:14:09 +0800] "GET /xingrg/all/function/internal_message.html?_=1657682228843&CODE_STATE=getMsg HTTP/1.1" 200 27
172.20.0.100 - - [13/Jul/2022:11:14:09 +0800] "POST /xingrg/all/user/operate.html HTTP/1.1" 200 36
172.20.0.100 - - [13/Jul/2022:11:14:09 +0800] "GET /xingrg/index.html?sysBaseUrl=http%3A%2F%2F172.20.0.8%3A18081%2Fxingrg%2F&costTime=39×tamp=1657682044594 HTTP/1.1" 200 17454
172.20.0.100 - - [13/Jul/2022:11:14:09 +0800] "GET /xingrg/javascript/jquery_easy_ui/themes/default/easyui.css HTTP/1.1" 304 -
172.20.0.100 - - [13/Jul/2022:11:14:09 +0800] "GET /xingrg/javascript/jquery_easy_ui/themes/icon.css HTTP/1.1" 304 -
172.20.0.100 - - [13/Jul/2022:11:14:09 +0800] "GET /xingrg/css/form.css HTTP/1.1" 304 -
172.20.0.100 - - [13/Jul/2022:11:14:09 +0800] "GET /xingrg/javascript/jquery-1.4.2.min.js HTTP/1.1" 304 -
172.20.0.100 - - [13/Jul/2022:11:14:09 +0800] "GET /xingrg/javascript/jquery_easy_ui/jquery.easyui.min.js HTTP/1.1" 304 -
172.20.0.100 - - [13/Jul/2022:11:14:09 +0800] "GET /xingrg/javascript/jquery_easy_ui/easyui-lang-zh_CN.js HTTP/1.1" 304 -
172.20.0.100 - - [13/Jul/2022:11:14:09 +0800] "GET /xingrg/javascript/jquery.form.js HTTP/1.1" 304 -
172.20.0.100 - - [13/Jul/2022:11:14:09 +0800] "GET /xingrg/javascript/jquery.utils.js HTTP/1.1" 304 -
172.20.0.100 - - [13/Jul/2022:11:14:09 +0800] "GET /xingrg/javascript/jquery.timers.js HTTP/1.1" 304 -
172.20.0.100 - - [13/Jul/2022:11:14:09 +0800] "GET /xingrg/images/blue/jxLogo.png HTTP/1.1" 304 -
172.20.0.100 - - [13/Jul/2022:11:14:09 +0800] "GET /xingrg/javascript/jquery_easy_ui/themes/icons/settle_new.png HTTP/1.1" 304 -
172.20.0.100 - - [13/Jul/2022:11:14:09 +0800] "GET /xingrg/images/blue/navBackgound.jpg HTTP/1.1" 304 -
172.20.0.100 - - [13/Jul/2022:11:14:09 +0800] "POST /xingrg/all/common/load_tree.html?tree=area_rest_tree_json&manage=1 HTTP/1.1" 200 3472
172.20.0.100 - - [13/Jul/2022:11:14:09 +0800] "GET /xingrg/all/function/internal_message.html?_=1657682049046&CODE_STATE=count HTTP/1.1" 200 11
172.20.0.100 - - [13/Jul/2022:11:14:09 +0800] "GET /xingrg/check_reg.html?_=1657682049049 HTTP/1.1" 200 22
172.20.0.100 - - [13/Jul/2022:11:14:09 +0800] "GET /xingrg/javascript/jquery_easy_ui/themes/default/images/tabs_rightarrow.png HTTP/1.1" 304 -
172.20.0.100 - - [13/Jul/2022:11:14:09 +0800] "GET /xingrg/javascript/jquery_easy_ui/themes/default/images/panel_tool_collapse.gif HTTP/1.1" 304 -
172.20.0.100 - - [13/Jul/2022:11:14:09 +0800] "GET /xingrg/javascript/jquery_easy_ui/themes/default/images/panel_tool_expand.gif HTTP/1.1" 304 -
172.20.0.100 - - [13/Jul/2022:11:14:09 +0800] "GET /xingrg/images/blue/pingpu.png HTTP/1.1" 304 -
172.20.0.100 - - [13/Jul/2022:11:14:09 +0800] "GET /xingrg/javascript/jquery_easy_ui/themes/default/images/tabs_leftarrow.png HTTP/1.1" 304 -
172.20.0.100 - - [13/Jul/2022:11:14:09 +0800] "POST /xingrg/load_menu.html HTTP/1.1" 200 9924
101.85.107.1 - - [13/Jul/2022:11:14:09 +0800] "GET /xingrg/all/function/internal_message.html?_=1657682047243&CODE_STATE=getMsg HTTP/1.1" 200 27
101.83.241.136 - - [13/Jul/2022:11:14:10 +0800] "POST /xingrg/kc/buy/cgsh_order_operate.html HTTP/1.1" 200 37
172.20.0.100 - - [13/Jul/2022:11:14:12 +0800] "GET /xingrg/kc/buy/cgsh_order_list.html HTTP/1.1" 200 52335
116.230.110.24 - - [13/Jul/2022:11:14:12 +0800] "GET /xingrg/all/function/internal_message.html?_=1657682051144&CODE_STATE=getMsg HTTP/1.1" 200 27
172.20.0.100 - - [13/Jul/2022:11:14:12 +0800] "GET /xingrg/javascript/easyui/themes/icons/import_new.png HTTP/1.1" 200 1247
101.83.241.136 - - [13/Jul/2022:11:14:13 +0800] "POST /xingrg/kc/buy/cgsh_order_operate.html HTTP/1.1" 200 12
101.83.241.136 - - [13/Jul/2022:11:14:14 +0800] "GET /xingrg/kc/buy/cgsh_order_info.html?code=212022071303229 HTTP/1.1" 200 62869
101.83.241.136 - - [13/Jul/2022:11:14:15 +0800] "GET /xingrg/javascript/easyui/themes/default/validatebox.css HTTP/1.1" 404 1104
101.83.241.136 - - [13/Jul/2022:11:14:15 +0800] "POST /xingrg/kc/buy/cgsh_order_operate.html HTTP/1.1" 200 618
172.20.0.100 - - [13/Jul/2022:11:14:16 +0800] "POST /xingrg/kc/buy/cgsh_list_operate.html HTTP/1.1" 200 1466
101.83.241.136 - - [13/Jul/2022:11:14:16 +0800] "GET /xingrg/kc/print/load_data.html?order_code=212022071303229&kc_code=cgsh&condition= HTTP/1.1" 200 792
116.228.172.94 - - [13/Jul/2022:11:14:18 +0800] "GET /xingrg/all/function/internal_message.html?_=1657681845388&CODE_STATE=getMsg HTTP/1.1" 200 27
58.35.196.166 - - [13/Jul/2022:11:14:18 +0800] "GET /xingrg/all/function/internal_message.html?_=1657682058512&CODE_STATE=getMsg HTTP/1.1" 200 27
61.170.235.209 - - [13/Jul/2022:11:14:20 +0800] "GET /xingrg/kc/buy/cgsh_order_operate.html?command=get_materiel&rest_code=00106&code=00101008152&supplier_code=00100007&order_time=2022-07-13 HTTP/1.1" 200 408
172.20.0.100 - - [13/Jul/2022:11:14:22 +0800] "GET /xingrg/javascript/auto/indicator.gif HTTP/1.1" 404 1066
101.83.223.227 - - [13/Jul/2022:11:14:23 +0800] "GET /xingrg/all/function/internal_message.html?_=1657682020343&CODE_STATE=getMsg HTTP/1.1" 200 27
172.20.0.100 - - [13/Jul/2022:11:14:27 +0800] "POST /xingrg/kc/buy/cgsh_list_operate.html HTTP/1.1" 200 5014
116.235.94.65 - - [13/Jul/2022:11:14:28 +0800] "GET /xingrg/check_reg.html?_=1657682248027 HTTP/1.1" 200 22
218.81.223.53 - - [13/Jul/2022:11:14:28 +0800] "GET /xingrg/all/function/internal_message.html?_=1657682077304&CODE_STATE=getMsg HTTP/1.1" 200 27
172.20.0.100 - - [13/Jul/2022:11:14:29 +0800] "GET /xingrg/all/function/internal_message.html?_=1657682067297&CODE_STATE=getMsg HTTP/1.1" 200 27
172.20.0.100 - - [13/Jul/2022:11:14:31 +0800] "POST /xingrg/kc/buy/cgsh_list_operate.html HTTP/1.1" 200 599
172.20.0.100 - - [13/Jul/2022:11:14:31 +0800] "GET /xingrg/kc/buy/cgsh_order_info.html?code=212022070701876 HTTP/1.1" 200 62940
172.20.0.100 - - [13/Jul/2022:11:14:31 +0800] "GET /xingrg/javascript/easyui/themes/icons/copy_new.png HTTP/1.1" 200 815
172.20.0.100 - - [13/Jul/2022:11:14:31 +0800] "GET /xingrg/javascript/easyui/themes/default/validatebox.css HTTP/1.1" 404 1104
172.20.0.100 - - [13/Jul/2022:11:14:32 +0800] "POST /xingrg/kc/buy/cgsh_order_operate.html HTTP/1.1" 200 3594
172.20.0.100 - - [13/Jul/2022:11:14:34 +0800] "POST /xingrg/kc/buy/cgsh_order_operate.html HTTP/1.1" 200 12
116.230.110.24 - - [13/Jul/2022:11:14:34 +0800] "GET /xingrg/all/function/internal_message.html?_=1657682073539&CODE_STATE=getMsg HTTP/1.1" 200 27
101.83.241.136 - - [13/Jul/2022:11:14:34 +0800] "GET /xingrg/all/function/internal_message.html?_=1657682072705&CODE_STATE=getMsg HTTP/1.1" 200 27
172.20.0.100 - - [13/Jul/2022:11:14:36 +0800] "GET /xingrg/kc/buy/cgsh_order_info.html?code=212022070701876 HTTP/1.1" 200 67780
172.20.0.100 - - [13/Jul/2022:11:14:37 +0800] "GET /xingrg/javascript/easyui/themes/icons/template_new.png HTTP/1.1" 200 3956
172.20.0.100 - - [13/Jul/2022:11:14:37 +0800] "GET /xingrg/all/common/auto_word.html?type=employee&rest_code=00150 HTTP/1.1" 200 159
172.20.0.100 - - [13/Jul/2022:11:14:37 +0800] "GET /xingrg/all/common/auto_word.html?type=employee&rest_code=00150 HTTP/1.1" 200 159
172.20.0.100 - - [13/Jul/2022:11:14:37 +0800] "GET /xingrg/javascript/easyui/themes/default/validatebox.css HTTP/1.1" 404 1104
172.20.0.100 - - [13/Jul/2022:11:14:37 +0800] "POST /xingrg/kc/buy/cgsh_order_operate.html HTTP/1.1" 200 5646
180.175.103.110 - - [13/Jul/2022:11:14:39 +0800] "GET /xingrg/all/function/internal_message.html?_=1657682078778&CODE_STATE=getMsg HTTP/1.1" 200 27
61.170.235.209 - - [13/Jul/2022:11:14:41 +0800] "POST /xingrg/kc/buy/cgsh_order_operate.html HTTP/1.1" 200 2065
222.69.129.110 - - [13/Jul/2022:11:14:47 +0800] "GET /xingrg/all/function/internal_message.html?_=1657682137783&CODE_STATE=getMsg HTTP/1.1" 200 27
61.170.235.209 - - [13/Jul/2022:11:14:49 +0800] "GET /xingrg/kc/buy/cgsh_order_operate.html?command=get_materiel&rest_code=00106&code=00101008041&supplier_code=00100007&order_time=2022-07-13 HTTP/1.1" 200 408
180.169.147.146 - - [13/Jul/2022:11:14:58 +0800] "GET /xingrg/all/function/internal_message.html?_=1657682098185&CODE_STATE=getMsg HTTP/1.1" 200 27
120.253.135.82 - - [13/Jul/2022:11:14:59 +0800] "GET /xingrg/all/function/internal_message.html?_=1657681906942&CODE_STATE=getMsg HTTP/1.1" 200 27
101.85.238.90 - - [13/Jul/2022:11:15:04 +0800] "GET /xingrg/all/function/internal_message.html?_=1657682170341&CODE_STATE=getMsg HTTP/1.1" 200 27
61.170.235.209 - - [13/Jul/2022:11:15:08 +0800] "POST /xingrg/kc/buy/cgsh_order_operate.html HTTP/1.1" 200 37
116.235.94.65 - - [13/Jul/2022:11:15:09 +0800] "GET /xingrg/all/function/internal_message.html?_=1657682288813&CODE_STATE=getMsg HTTP/1.1" 200 27
101.85.107.1 - - [13/Jul/2022:11:15:09 +0800] "GET /xingrg/all/function/internal_message.html?_=1657682107228&CODE_STATE=getMsg HTTP/1.1" 200 27
61.170.235.209 - - [13/Jul/2022:11:15:10 +0800] "POST /xingrg/kc/buy/cgsh_order_operate.html HTTP/1.1" 200 19193
116.230.110.24 - - [13/Jul/2022:11:15:12 +0800] "GET /xingrg/all/function/internal_message.html?_=1657682111140&CODE_STATE=getMsg HTTP/1.1" 200 27
61.170.235.209 - - [13/Jul/2022:11:15:13 +0800] "GET /xingrg/kc/buy/buy_main.html HTTP/1.1" 200 12412
61.170.235.209 - - [13/Jul/2022:11:15:13 +0800] "GET /xingrg/css/new_ie.css HTTP/1.1" 404 1036
61.170.235.209 - - [13/Jul/2022:11:15:14 +0800] "GET /xingrg/images/yd/bt.gif HTTP/1.1" 404 1040
61.170.235.209 - - [13/Jul/2022:11:15:14 +0800] "GET /xingrg/kc/buy/cgsh_order_list.html HTTP/1.1" 200 52094
61.170.235.209 - - [13/Jul/2022:11:15:17 +0800] "POST /xingrg/kc/buy/cgsh_list_operate.html HTTP/1.1" 200 2069
116.228.172.94 - - [13/Jul/2022:11:15:18 +0800] "GET /xingrg/all/function/internal_message.html?_=1657681905362&CODE_STATE=getMsg HTTP/1.1" 200 27
58.35.196.166 - - [13/Jul/2022:11:15:18 +0800] "GET /xingrg/all/function/internal_message.html?_=1657682118498&CODE_STATE=getMsg HTTP/1.1" 200 27
61.170.235.209 - - [13/Jul/2022:11:15:21 +0800] "GET /xingrg/kc/base/base_main.html HTTP/1.1" 200 12142
101.83.223.227 - - [13/Jul/2022:11:15:23 +0800] "GET /xingrg/all/function/internal_message.html?_=1657682080357&CODE_STATE=getMsg HTTP/1.1" 200 27
218.81.223.53 - - [13/Jul/2022:11:15:28 +0800] "GET /xingrg/all/function/internal_message.html?_=1657682137453&CODE_STATE=getMsg HTTP/1.1" 200 27
172.20.0.100 - - [13/Jul/2022:11:15:29 +0800] "GET /xingrg/all/function/internal_message.html?_=1657682127284&CODE_STATE=getMsg HTTP/1.1" 200 27
116.230.110.24 - - [13/Jul/2022:11:15:34 +0800] "GET /xingrg/all/function/internal_message.html?_=1657682133535&CODE_STATE=getMsg HTTP/1.1" 200 27
101.83.241.136 - - [13/Jul/2022:11:15:34 +0800] "GET /xingrg/all/function/internal_message.html?_=1657682132675&CODE_STATE=getMsg HTTP/1.1" 200 27
180.175.103.110 - - [13/Jul/2022:11:15:39 +0800] "GET /xingrg/all/function/internal_message.html?_=1657682138747&CODE_STATE=getMsg HTTP/1.1" 200 27
222.69.129.110 - - [13/Jul/2022:11:15:47 +0800] "GET /xingrg/all/function/internal_message.html?_=1657682197771&CODE_STATE=getMsg HTTP/1.1" 200 27
120.253.135.82 - - [13/Jul/2022:11:15:48 +0800] "GET /xingrg/check_reg.html?_=1657681956015 HTTP/1.1" 200 22
180.169.147.146 - - [13/Jul/2022:11:15:58 +0800] "GET /xingrg/all/function/internal_message.html?_=1657682158074&CODE_STATE=getMsg HTTP/1.1" 200 27
120.253.135.82 - - [13/Jul/2022:11:15:59 +0800] "GET /xingrg/all/function/internal_message.html?_=1657681966952&CODE_STATE=getMsg HTTP/1.1" 200 27
101.85.238.90 - - [13/Jul/2022:11:16:01 +0800] "GET /xingrg/check_reg.html?_=1657682227817 HTTP/1.1" 200 22
61.170.235.209 - - [13/Jul/2022:11:16:02 +0800] "GET /xingrg/all/function/internal_message.html?_=1657682162564&CODE_STATE=getMsg HTTP/1.1" 200 27
