101.83.223.227 - - [13/Jul/2022:08:35:52 +0800] "POST /xingrg/dwr/call/plaincall/AjaxYddbService.getRestBases.dwr HTTP/1.1" 200 1562
101.83.223.227 - - [13/Jul/2022:08:36:00 +0800] "POST /xingrg/dwr/call/plaincall/AjaxYddbService.saveOrder.dwr HTTP/1.1" 200 78
101.83.223.227 - - [13/Jul/2022:08:36:04 +0800] "POST /xingrg/dwr/call/plaincall/AjaxComOrderService.getMaterielSearchList.dwr HTTP/1.1" 200 55676
101.83.223.227 - - [13/Jul/2022:08:36:05 +0800] "POST /xingrg/dwr/call/plaincall/AjaxComOrderService.getMaterielSearchList.dwr HTTP/1.1" 200 9910
101.83.223.227 - - [13/Jul/2022:08:36:07 +0800] "POST /xingrg/dwr/call/plaincall/AjaxYddbService.getMaterielByMap.dwr HTTP/1.1" 200 3762
218.81.223.53 - - [13/Jul/2022:08:36:07 +0800] "GET /xingrg/check_reg.html?_=1657672575675 HTTP/1.1" 200 22
101.83.223.227 - - [13/Jul/2022:08:36:09 +0800] "GET /xingrg/images/yd/bt.gif HTTP/1.1" 404 1040
101.83.223.227 - - [13/Jul/2022:08:36:10 +0800] "GET /xingrg/all/function/internal_message.html?_=1657672527744&CODE_STATE=getMsg HTTP/1.1" 200 27
116.235.94.65 - - [13/Jul/2022:08:36:12 +0800] "GET /xingrg/all/function/internal_message.html?_=1657672752636&CODE_STATE=getMsg HTTP/1.1" 200 27
101.83.223.227 - - [13/Jul/2022:08:36:16 +0800] "POST /xingrg/dwr/call/plaincall/AjaxYddbService.saveMaterielItem.dwr HTTP/1.1" 200 78
101.83.223.227 - - [13/Jul/2022:08:36:17 +0800] "GET /xingrg/javascript/jquery_easy_ui/themes/default/images/button_plain_hover.png HTTP/1.1" 304 -
218.81.223.53 - - [13/Jul/2022:08:36:18 +0800] "GET /xingrg/all/function/internal_message.html?_=1657672587201&CODE_STATE=getMsg HTTP/1.1" 200 27
101.83.223.227 - - [13/Jul/2022:08:36:20 +0800] "POST /xingrg/dwr/call/plaincall/AjaxYddbService.checkOrder.dwr HTTP/1.1" 200 78
101.83.223.227 - - [13/Jul/2022:08:36:21 +0800] "GET /xingrg/kc/base/yddb_order_info.html?code=482022071300060 HTTP/1.1" 200 29513
101.83.223.227 - - [13/Jul/2022:08:36:21 +0800] "GET /xingrg/dwr/interface/AjaxYddbService.js HTTP/1.1" 200 13201
101.83.223.227 - - [13/Jul/2022:08:36:21 +0800] "GET /xingrg/dwr/interface/AjaxComOrderService.js HTTP/1.1" 200 18264
101.83.223.227 - - [13/Jul/2022:08:36:21 +0800] "GET /xingrg/dwr/engine.js HTTP/1.1" 200 43631
101.83.223.227 - - [13/Jul/2022:08:36:21 +0800] "POST /xingrg/dwr/call/plaincall/AjaxYddbService.loadMaterielItems.dwr HTTP/1.1" 200 392
58.35.196.166 - - [13/Jul/2022:08:36:22 +0800] "GET /xingrg/all/function/internal_message.html?_=1657672581863&CODE_STATE=getMsg HTTP/1.1" 200 27
101.83.223.227 - - [13/Jul/2022:08:36:23 +0800] "GET /xingrg/kc/base/wldb_order_list.html HTTP/1.1" 200 19148
101.83.223.227 - - [13/Jul/2022:08:36:24 +0800] "POST /xingrg/kc/base/wldb_list_operate.html HTTP/1.1" 200 928
101.83.223.227 - - [13/Jul/2022:08:36:25 +0800] "GET /xingrg/kc/base/wldb_order_add.html HTTP/1.1" 200 30370
101.83.223.227 - - [13/Jul/2022:08:36:26 +0800] "POST /xingrg/kc/base/wldb_order_operate.html HTTP/1.1" 200 6806
101.83.223.227 - - [13/Jul/2022:08:36:26 +0800] "GET /xingrg/all/common/auto_word.html?type=base&rest_code=00150 HTTP/1.1" 200 1699
101.83.223.227 - - [13/Jul/2022:08:36:26 +0800] "GET /xingrg/all/common/auto_word.html?type=base&rest_code=00150 HTTP/1.1" 200 1699
101.83.223.227 - - [13/Jul/2022:08:36:26 +0800] "GET /xingrg/javascript/easyui/themes/default/validatebox.css HTTP/1.1" 404 1104
101.83.223.227 - - [13/Jul/2022:08:36:28 +0800] "GET /xingrg/css/images/panel_loading.gif HTTP/1.1" 304 -
101.83.223.227 - - [13/Jul/2022:08:36:28 +0800] "POST /xingrg/all/common/load_combo.html?type=base HTTP/1.1" 200 3051
101.83.241.136 - - [13/Jul/2022:08:36:31 +0800] "GET /xingrg/login.html?sysBaseUrl=http%3A%2F%2F180.169.147.146%3A18081%2Fxingrg%2F&costTime=31×tamp=1615347190560 HTTP/1.1" 200 7641
101.83.241.136 - - [13/Jul/2022:08:36:32 +0800] "GET /favicon.ico HTTP/1.1" 404 -
101.83.241.136 - - [13/Jul/2022:08:36:34 +0800] "POST /xingrg/login.do HTTP/1.1" 302 -
101.83.241.136 - - [13/Jul/2022:08:36:34 +0800] "GET /xingrg/index.html?sysBaseUrl=http%3A%2F%2F180.169.147.146%3A18081%2Fxingrg%2F&costTime=54×tamp=1657672594729 HTTP/1.1" 200 17179
101.83.241.136 - - [13/Jul/2022:08:36:34 +0800] "GET /favicon.ico HTTP/1.1" 404 -
101.83.241.136 - - [13/Jul/2022:08:36:35 +0800] "POST /xingrg/all/common/load_tree.html?tree=area_rest_tree_json&manage=1 HTTP/1.1" 200 351
101.83.241.136 - - [13/Jul/2022:08:36:35 +0800] "GET /xingrg/all/function/internal_message.html?_=1657672592895&CODE_STATE=count HTTP/1.1" 200 11
101.83.241.136 - - [13/Jul/2022:08:36:35 +0800] "POST /xingrg/load_menu.html HTTP/1.1" 200 5138
101.83.241.136 - - [13/Jul/2022:08:36:35 +0800] "GET /xingrg/check_reg.html?_=1657672592898 HTTP/1.1" 200 22
101.83.223.227 - - [13/Jul/2022:08:36:37 +0800] "GET /xingrg/kc/base/wldb_order_operate.html?command=get_materiel&rest_code=00150&base_code=0010446&code=00102002321 HTTP/1.1" 200 447
180.175.103.110 - - [13/Jul/2022:08:36:42 +0800] "GET /xingrg/all/function/internal_message.html?_=1657672602564&CODE_STATE=getMsg HTTP/1.1" 200 27
101.83.223.227 - - [13/Jul/2022:08:36:44 +0800] "GET /xingrg/kc/base/wldb_order_operate.html?command=get_materiel&rest_code=00150&base_code=0010446&code=00102002025 HTTP/1.1" 200 452
120.253.135.82 - - [13/Jul/2022:08:36:46 +0800] "GET /xingrg/check_reg.html?_=1657672413653 HTTP/1.1" 200 22
120.253.135.82 - - [13/Jul/2022:08:36:46 +0800] "GET /xingrg/all/function/internal_message.html?_=1657672414216&CODE_STATE=getMsg HTTP/1.1" 200 27
222.69.129.110 - - [13/Jul/2022:08:36:47 +0800] "GET /xingrg/all/function/internal_message.html?_=1657672657784&CODE_STATE=getMsg HTTP/1.1" 200 27
101.83.223.227 - - [13/Jul/2022:08:37:10 +0800] "GET /xingrg/all/function/internal_message.html?_=1657672587758&CODE_STATE=getMsg HTTP/1.1" 200 27
101.83.223.227 - - [13/Jul/2022:08:37:10 +0800] "POST /xingrg/kc/base/wldb_order_operate.html HTTP/1.1" 200 37
116.235.94.65 - - [13/Jul/2022:08:37:12 +0800] "GET /xingrg/all/function/internal_message.html?_=1657672812609&CODE_STATE=getMsg HTTP/1.1" 200 27
101.83.223.227 - - [13/Jul/2022:08:37:12 +0800] "POST /xingrg/kc/base/wldb_order_operate.html HTTP/1.1" 200 12
101.83.223.227 - - [13/Jul/2022:08:37:13 +0800] "POST /xingrg/kc/base/wldb_order_operate.html HTTP/1.1" 200 2689
180.175.103.110 - - [13/Jul/2022:08:37:13 +0800] "GET /xingrg/check_reg.html?_=1657672633297 HTTP/1.1" 200 22
101.83.223.227 - - [13/Jul/2022:08:37:13 +0800] "GET /xingrg/kc/base/wldb_order_info.html?code=422022071300790 HTTP/1.1" 200 26249
101.83.223.227 - - [13/Jul/2022:08:37:14 +0800] "GET /xingrg/javascript/easyui/themes/default/validatebox.css HTTP/1.1" 404 1104
101.83.223.227 - - [13/Jul/2022:08:37:14 +0800] "POST /xingrg/kc/base/wldb_order_operate.html HTTP/1.1" 200 972
101.83.223.227 - - [13/Jul/2022:08:37:16 +0800] "GET /xingrg/kc/base/wldb_order_add.html HTTP/1.1" 200 30370
101.83.223.227 - - [13/Jul/2022:08:37:16 +0800] "POST /xingrg/kc/base/wldb_order_operate.html HTTP/1.1" 200 6806
101.83.223.227 - - [13/Jul/2022:08:37:16 +0800] "GET /xingrg/javascript/easyui/themes/default/validatebox.css HTTP/1.1" 404 1104
101.83.223.227 - - [13/Jul/2022:08:37:18 +0800] "POST /xingrg/all/common/load_combo.html?type=base HTTP/1.1" 200 3051
218.81.223.53 - - [13/Jul/2022:08:37:18 +0800] "GET /xingrg/all/function/internal_message.html?_=1657672647215&CODE_STATE=getMsg HTTP/1.1" 200 27
58.35.196.166 - - [13/Jul/2022:08:37:22 +0800] "GET /xingrg/all/function/internal_message.html?_=1657672641834&CODE_STATE=getMsg HTTP/1.1" 200 27
101.83.223.227 - - [13/Jul/2022:08:37:25 +0800] "GET /xingrg/kc/base/wldb_order_operate.html?command=get_materiel&rest_code=00150&base_code=0010445&code=00101019222 HTTP/1.1" 200 454
101.83.223.227 - - [13/Jul/2022:08:37:32 +0800] "GET /xingrg/kc/base/wldb_order_operate.html?command=get_materiel&rest_code=00150&base_code=0010445&code=00101019400 HTTP/1.1" 200 463
101.83.241.136 - - [13/Jul/2022:08:37:35 +0800] "GET /xingrg/all/function/internal_message.html?_=1657672652913&CODE_STATE=getMsg HTTP/1.1" 200 27
101.83.223.227 - - [13/Jul/2022:08:37:37 +0800] "GET /xingrg/kc/base/wldb_order_operate.html?command=get_materiel&rest_code=00150&base_code=0010445&code=00101019438 HTTP/1.1" 200 462
180.175.103.110 - - [13/Jul/2022:08:37:42 +0800] "GET /xingrg/all/function/internal_message.html?_=1657672662535&CODE_STATE=getMsg HTTP/1.1" 200 27
101.83.223.227 - - [13/Jul/2022:08:37:43 +0800] "GET /xingrg/kc/base/wldb_order_operate.html?command=get_materiel&rest_code=00150&base_code=0010445&code=00101019310 HTTP/1.1" 200 477
120.253.135.82 - - [13/Jul/2022:08:37:46 +0800] "GET /xingrg/all/function/internal_message.html?_=1657672474228&CODE_STATE=getMsg HTTP/1.1" 200 27
58.35.196.166 - - [13/Jul/2022:08:37:46 +0800] "GET /xingrg/check_reg.html?_=1657672666414 HTTP/1.1" 200 22
222.69.129.110 - - [13/Jul/2022:08:37:47 +0800] "GET /xingrg/all/function/internal_message.html?_=1657672717776&CODE_STATE=getMsg HTTP/1.1" 200 27
101.83.241.136 - - [13/Jul/2022:08:37:48 +0800] "GET /xingrg/kc/buy/cgsh_order_list.html HTTP/1.1" 200 52100
101.83.241.136 - - [13/Jul/2022:08:37:50 +0800] "POST /xingrg/kc/buy/cgsh_list_operate.html HTTP/1.1" 200 693
101.83.241.136 - - [13/Jul/2022:08:37:51 +0800] "GET /xingrg/kc/buy/cgsh_order_add.html HTTP/1.1" 200 67964
101.83.241.136 - - [13/Jul/2022:08:37:51 +0800] "GET /xingrg/words/20220709093651_words.js HTTP/1.1" 304 -
101.83.241.136 - - [13/Jul/2022:08:37:51 +0800] "POST /xingrg/kc/buy/cgsh_order_operate.html HTTP/1.1" 200 8245
101.83.241.136 - - [13/Jul/2022:08:37:51 +0800] "GET /xingrg/all/common/auto_word.html?type=employee&rest_code=00149 HTTP/1.1" 200 197
101.83.241.136 - - [13/Jul/2022:08:37:51 +0800] "GET /xingrg/all/common/auto_word.html?type=employee&rest_code=00149 HTTP/1.1" 200 197
101.83.241.136 - - [13/Jul/2022:08:37:51 +0800] "GET /xingrg/javascript/easyui/themes/default/validatebox.css HTTP/1.1" 404 1104
101.83.223.227 - - [13/Jul/2022:08:37:53 +0800] "POST /xingrg/kc/base/wldb_order_operate.html HTTP/1.1" 200 37
101.83.223.227 - - [13/Jul/2022:08:37:55 +0800] "POST /xingrg/kc/base/wldb_order_operate.html HTTP/1.1" 200 12
101.83.223.227 - - [13/Jul/2022:08:37:55 +0800] "POST /xingrg/kc/base/wldb_order_operate.html HTTP/1.1" 200 3698
101.83.223.227 - - [13/Jul/2022:08:37:58 +0800] "GET /xingrg/kc/base/wldb_order_info.html?code=422022071300791 HTTP/1.1" 200 26253
101.83.223.227 - - [13/Jul/2022:08:37:58 +0800] "GET /xingrg/javascript/easyui/themes/default/validatebox.css HTTP/1.1" 404 1104
101.83.223.227 - - [13/Jul/2022:08:37:59 +0800] "POST /xingrg/kc/base/wldb_order_operate.html HTTP/1.1" 200 1959
101.83.223.227 - - [13/Jul/2022:08:38:01 +0800] "GET /xingrg/kc/base/wldb_order_add.html HTTP/1.1" 200 30370
101.83.223.227 - - [13/Jul/2022:08:38:01 +0800] "POST /xingrg/kc/base/wldb_order_operate.html HTTP/1.1" 200 6806
101.83.223.227 - - [13/Jul/2022:08:38:01 +0800] "GET /xingrg/javascript/easyui/themes/default/validatebox.css HTTP/1.1" 404 1104
101.83.223.227 - - [13/Jul/2022:08:38:02 +0800] "POST /xingrg/all/common/load_combo.html?type=base HTTP/1.1" 200 3051
101.83.223.227 - - [13/Jul/2022:08:38:10 +0800] "GET /xingrg/all/function/internal_message.html?_=1657672647772&CODE_STATE=getMsg HTTP/1.1" 200 27
101.83.223.227 - - [13/Jul/2022:08:38:10 +0800] "GET /xingrg/kc/base/wldb_order_operate.html?command=get_materiel&rest_code=00150&base_code=0010445&code=00101016097 HTTP/1.1" 200 470
116.235.94.65 - - [13/Jul/2022:08:38:12 +0800] "GET /xingrg/all/function/internal_message.html?_=1657672872577&CODE_STATE=getMsg HTTP/1.1" 200 27
101.83.223.227 - - [13/Jul/2022:08:38:13 +0800] "POST /xingrg/all/common/load_select.html HTTP/1.1" 200 25
101.83.223.227 - - [13/Jul/2022:08:38:15 +0800] "GET /xingrg/kc/base/wldb_order_operate.html?command=get_materiel_price&rest_code=00150&base_code=0010445&code=00101016097&unit_code=00100163 HTTP/1.1" 200 36
218.81.223.53 - - [13/Jul/2022:08:38:18 +0800] "GET /xingrg/all/function/internal_message.html?_=1657672707375&CODE_STATE=getMsg HTTP/1.1" 200 27
101.83.223.227 - - [13/Jul/2022:08:38:22 +0800] "GET /xingrg/kc/base/wldb_order_operate.html?command=get_materiel&rest_code=00150&base_code=0010445&code=00101019247 HTTP/1.1" 200 456
58.35.196.166 - - [13/Jul/2022:08:38:22 +0800] "GET /xingrg/all/function/internal_message.html?_=1657672701805&CODE_STATE=getMsg HTTP/1.1" 200 27
180.169.147.146 - - [13/Jul/2022:08:38:22 +0800] "GET /xingrg/check_reg.html?_=1657672699579 HTTP/1.1" 302 -
101.83.223.227 - - [13/Jul/2022:08:38:33 +0800] "POST /xingrg/kc/base/wldb_order_operate.html HTTP/1.1" 200 37
101.83.241.136 - - [13/Jul/2022:08:38:35 +0800] "GET /xingrg/all/function/internal_message.html?_=1657672712919&CODE_STATE=getMsg HTTP/1.1" 200 27
101.83.223.227 - - [13/Jul/2022:08:38:35 +0800] "POST /xingrg/kc/base/wldb_order_operate.html HTTP/1.1" 200 12
101.83.223.227 - - [13/Jul/2022:08:38:35 +0800] "POST /xingrg/kc/base/wldb_order_operate.html HTTP/1.1" 200 2701
101.83.223.227 - - [13/Jul/2022:08:38:36 +0800] "GET /xingrg/kc/base/wldb_order_info.html?code=422022071300792 HTTP/1.1" 200 26255
101.83.223.227 - - [13/Jul/2022:08:38:37 +0800] "GET /xingrg/javascript/easyui/themes/default/validatebox.css HTTP/1.1" 404 1104
101.83.223.227 - - [13/Jul/2022:08:38:37 +0800] "POST /xingrg/kc/base/wldb_order_operate.html HTTP/1.1" 200 985
180.175.103.110 - - [13/Jul/2022:08:38:42 +0800] "GET /xingrg/all/function/internal_message.html?_=1657672722509&CODE_STATE=getMsg HTTP/1.1" 200 27
120.253.135.82 - - [13/Jul/2022:08:38:46 +0800] "GET /xingrg/all/function/internal_message.html?_=1657672534242&CODE_STATE=getMsg HTTP/1.1" 200 27
222.69.129.110 - - [13/Jul/2022:08:38:47 +0800] "GET /xingrg/check_reg.html?_=1657672777771 HTTP/1.1" 200 22
222.69.129.110 - - [13/Jul/2022:08:38:47 +0800] "GET /xingrg/all/function/internal_message.html?_=1657672777774&CODE_STATE=getMsg HTTP/1.1" 200 27
101.83.223.227 - - [13/Jul/2022:08:39:02 +0800] "GET /xingrg/kc/base/yddb_order_list.html HTTP/1.1" 200 16754
101.83.223.227 - - [13/Jul/2022:08:39:02 +0800] "POST /xingrg/kc/base/yddb_list_operate.html HTTP/1.1" 200 636
101.83.241.136 - - [13/Jul/2022:08:39:10 +0800] "GET /xingrg/javascript/auto/indicator.gif HTTP/1.1" 404 1066
101.83.223.227 - - [13/Jul/2022:08:39:10 +0800] "GET /xingrg/all/function/internal_message.html?_=1657672707785&CODE_STATE=getMsg HTTP/1.1" 200 27
101.83.241.136 - - [13/Jul/2022:08:39:11 +0800] "GET /xingrg/javascript/jquery_tools/images/prev.gif HTTP/1.1" 404 1086
101.83.241.136 - - [13/Jul/2022:08:39:11 +0800] "GET /xingrg/javascript/jquery_tools/images/next.gif HTTP/1.1" 404 1086
116.235.94.65 - - [13/Jul/2022:08:39:12 +0800] "GET /xingrg/all/function/internal_message.html?_=1657672932557&CODE_STATE=getMsg HTTP/1.1" 200 27
218.81.223.53 - - [13/Jul/2022:08:39:18 +0800] "GET /xingrg/all/function/internal_message.html?_=1657672767383&CODE_STATE=getMsg HTTP/1.1" 200 27
101.83.241.136 - - [13/Jul/2022:08:39:21 +0800] "GET /xingrg/kc/buy/cgsh_order_operate.html?command=get_materiel&rest_code=00149&code=00101008219&supplier_code=00100005&order_time=2022-07-10 HTTP/1.1" 200 427
58.35.196.166 - - [13/Jul/2022:08:39:22 +0800] "GET /xingrg/all/function/internal_message.html?_=1657672761790&CODE_STATE=getMsg HTTP/1.1" 200 27
101.83.223.227 - - [13/Jul/2022:08:39:23 +0800] "GET /xingrg/kc/base/yddb_order_add.html HTTP/1.1" 200 29841
101.83.223.227 - - [13/Jul/2022:08:39:23 +0800] "GET /xingrg/dwr/interface/AjaxYddbService.js HTTP/1.1" 200 13201
101.83.223.227 - - [13/Jul/2022:08:39:23 +0800] "GET /xingrg/dwr/interface/AjaxComOrderService.js HTTP/1.1" 200 18264
101.83.223.227 - - [13/Jul/2022:08:39:23 +0800] "GET /xingrg/dwr/engine.js HTTP/1.1" 200 43631
101.83.223.227 - - [13/Jul/2022:08:39:26 +0800] "POST /xingrg/dwr/call/plaincall/AjaxYddbService.getRestBases.dwr HTTP/1.1" 200 1562
116.235.94.65 - - [13/Jul/2022:08:39:28 +0800] "GET /xingrg/check_reg.html?_=1657672948703 HTTP/1.1" 200 22
101.83.223.227 - - [13/Jul/2022:08:39:33 +0800] "POST /xingrg/dwr/call/plaincall/AjaxYddbService.saveOrder.dwr HTTP/1.1" 200 78
101.83.241.136 - - [13/Jul/2022:08:39:35 +0800] "GET /xingrg/all/function/internal_message.html?_=1657672772918&CODE_STATE=getMsg HTTP/1.1" 200 27
101.83.223.227 - - [13/Jul/2022:08:39:36 +0800] "GET /xingrg/images/yd/bt.gif HTTP/1.1" 404 1040
101.83.223.227 - - [13/Jul/2022:08:39:38 +0800] "POST /xingrg/dwr/call/plaincall/AjaxComOrderService.getMaterielSearchList.dwr HTTP/1.1" 200 27143
101.83.223.227 - - [13/Jul/2022:08:39:38 +0800] "POST /xingrg/dwr/call/plaincall/AjaxComOrderService.getMaterielSearchList.dwr HTTP/1.1" 200 1575
101.83.223.227 - - [13/Jul/2022:08:39:40 +0800] "POST /xingrg/dwr/call/plaincall/AjaxYddbService.getMaterielByMap.dwr HTTP/1.1" 200 3851
180.175.103.110 - - [13/Jul/2022:08:39:41 +0800] "POST /xingrg/services/DataTransmitService HTTP/1.1" 200 524
101.83.241.136 - - [13/Jul/2022:08:39:42 +0800] "GET /xingrg/kc/buy/cgsh_order_operate.html?command=get_materiel&rest_code=00149&code=00101008257&supplier_code=00100005&order_time=2022-07-10 HTTP/1.1" 200 433
180.175.103.110 - - [13/Jul/2022:08:39:42 +0800] "GET /xingrg/all/function/internal_message.html?_=1657672782479&CODE_STATE=getMsg HTTP/1.1" 200 27
101.83.223.227 - - [13/Jul/2022:08:39:42 +0800] "POST /xingrg/dwr/call/plaincall/AjaxYddbService.saveMaterielItem.dwr HTTP/1.1" 200 78
101.83.223.227 - - [13/Jul/2022:08:39:45 +0800] "POST /xingrg/dwr/call/plaincall/AjaxComOrderService.getMaterielSearchList.dwr HTTP/1.1" 200 2808
101.83.223.227 - - [13/Jul/2022:08:39:46 +0800] "POST /xingrg/dwr/call/plaincall/AjaxComOrderService.getMaterielSearchList.dwr HTTP/1.1" 200 2808
120.253.135.82 - - [13/Jul/2022:08:39:46 +0800] "GET /xingrg/all/function/internal_message.html?_=1657672594428&CODE_STATE=getMsg HTTP/1.1" 200 27
101.83.223.227 - - [13/Jul/2022:08:39:47 +0800] "POST /xingrg/dwr/call/plaincall/AjaxYddbService.getMaterielByMap.dwr HTTP/1.1" 200 3868
222.69.129.110 - - [13/Jul/2022:08:39:47 +0800] "GET /xingrg/all/function/internal_message.html?_=1657672837784&CODE_STATE=getMsg HTTP/1.1" 200 27
101.83.223.227 - - [13/Jul/2022:08:39:50 +0800] "POST /xingrg/dwr/call/plaincall/AjaxYddbService.saveMaterielItem.dwr HTTP/1.1" 200 78
101.83.223.227 - - [13/Jul/2022:08:39:51 +0800] "POST /xingrg/dwr/call/plaincall/AjaxComOrderService.getMaterielSearchList.dwr HTTP/1.1" 200 77
101.83.223.227 - - [13/Jul/2022:08:39:53 +0800] "POST /xingrg/dwr/call/plaincall/AjaxComOrderService.getMaterielSearchList.dwr HTTP/1.1" 200 1972
101.83.223.227 - - [13/Jul/2022:08:39:54 +0800] "POST /xingrg/dwr/call/plaincall/AjaxYddbService.getMaterielByMap.dwr HTTP/1.1" 200 3864
101.83.223.227 - - [13/Jul/2022:08:39:58 +0800] "POST /xingrg/dwr/call/plaincall/AjaxYddbService.saveMaterielItem.dwr HTTP/1.1" 200 79
101.83.223.227 - - [13/Jul/2022:08:39:59 +0800] "POST /xingrg/dwr/call/plaincall/AjaxComOrderService.getMaterielSearchList.dwr HTTP/1.1" 200 77
101.83.223.227 - - [13/Jul/2022:08:40:00 +0800] "GET /xingrg/check_reg.html?_=1657672757799 HTTP/1.1" 200 22
101.83.223.227 - - [13/Jul/2022:08:40:03 +0800] "POST /xingrg/dwr/call/plaincall/AjaxComOrderService.getMaterielSearchList.dwr HTTP/1.1" 200 15031
101.83.223.227 - - [13/Jul/2022:08:40:04 +0800] "POST /xingrg/dwr/call/plaincall/AjaxComOrderService.getMaterielSearchList.dwr HTTP/1.1" 200 298
101.83.223.227 - - [13/Jul/2022:08:40:05 +0800] "POST /xingrg/dwr/call/plaincall/AjaxYddbService.getMaterielByMap.dwr HTTP/1.1" 200 3829
101.83.223.227 - - [13/Jul/2022:08:40:09 +0800] "POST /xingrg/dwr/call/plaincall/AjaxYddbService.saveMaterielItem.dwr HTTP/1.1" 200 79
101.83.223.227 - - [13/Jul/2022:08:40:10 +0800] "GET /xingrg/all/function/internal_message.html?_=1657672767799&CODE_STATE=getMsg HTTP/1.1" 200 27
101.83.223.227 - - [13/Jul/2022:08:40:11 +0800] "GET /xingrg/images/yd/bt.gif HTTP/1.1" 404 1040
116.235.94.65 - - [13/Jul/2022:08:40:12 +0800] "GET /xingrg/all/function/internal_message.html?_=1657672992529&CODE_STATE=getMsg HTTP/1.1" 200 27
101.83.223.227 - - [13/Jul/2022:08:40:12 +0800] "POST /xingrg/dwr/call/plaincall/AjaxComOrderService.getMaterielSearchList.dwr HTTP/1.1" 200 15031
101.83.223.227 - - [13/Jul/2022:08:40:13 +0800] "POST /xingrg/dwr/call/plaincall/AjaxComOrderService.getMaterielSearchList.dwr HTTP/1.1" 200 582
101.83.223.227 - - [13/Jul/2022:08:40:14 +0800] "POST /xingrg/dwr/call/plaincall/AjaxYddbService.getMaterielByMap.dwr HTTP/1.1" 200 3856
101.83.223.227 - - [13/Jul/2022:08:40:17 +0800] "POST /xingrg/dwr/call/plaincall/AjaxYddbService.saveMaterielItem.dwr HTTP/1.1" 200 79
101.83.241.136 - - [13/Jul/2022:08:40:18 +0800] "GET /xingrg/kc/buy/cgsh_order_operate.html?command=get_materiel&rest_code=00149&code=00101008331&supplier_code=00100005&order_time=2022-07-10 HTTP/1.1" 200 416
218.81.223.53 - - [13/Jul/2022:08:40:19 +0800] "GET /xingrg/all/function/internal_message.html?_=1657672827537&CODE_STATE=getMsg HTTP/1.1" 200 27
101.83.223.227 - - [13/Jul/2022:08:40:20 +0800] "POST /xingrg/dwr/call/plaincall/AjaxComOrderService.getMaterielSearchList.dwr HTTP/1.1" 200 25141
101.83.223.227 - - [13/Jul/2022:08:40:21 +0800] "GET /xingrg/images/yd/bt.gif HTTP/1.1" 404 1040
101.83.223.227 - - [13/Jul/2022:08:40:21 +0800] "POST /xingrg/dwr/call/plaincall/AjaxComOrderService.getMaterielSearchList.dwr HTTP/1.1" 200 592
58.35.196.166 - - [13/Jul/2022:08:40:22 +0800] "GET /xingrg/all/function/internal_message.html?_=1657672821776&CODE_STATE=getMsg HTTP/1.1" 200 27
101.83.223.227 - - [13/Jul/2022:08:40:22 +0800] "POST /xingrg/dwr/call/plaincall/AjaxYddbService.getMaterielByMap.dwr HTTP/1.1" 200 3850
101.83.223.227 - - [13/Jul/2022:08:40:25 +0800] "POST /xingrg/dwr/call/plaincall/AjaxYddbService.getUnitPrice.dwr HTTP/1.1" 200 87
101.83.241.136 - - [13/Jul/2022:08:40:25 +0800] "GET /xingrg/kc/buy/cgsh_order_operate.html?command=get_materiel&rest_code=00149&code=00101008349&supplier_code=00100005&order_time=2022-07-10 HTTP/1.1" 200 412
180.175.103.110 - - [13/Jul/2022:08:40:26 +0800] "GET /xingrg/kc/buy/cgsh_order_add.html HTTP/1.1" 200 67958
180.175.103.110 - - [13/Jul/2022:08:40:26 +0800] "POST /xingrg/kc/buy/cgsh_order_operate.html HTTP/1.1" 200 8245
180.175.103.110 - - [13/Jul/2022:08:40:26 +0800] "GET /xingrg/javascript/easyui/themes/default/validatebox.css HTTP/1.1" 404 1104
101.83.223.227 - - [13/Jul/2022:08:40:28 +0800] "POST /xingrg/dwr/call/plaincall/AjaxYddbService.saveMaterielItem.dwr HTTP/1.1" 200 79
101.83.223.227 - - [13/Jul/2022:08:40:30 +0800] "POST /xingrg/dwr/call/plaincall/AjaxComOrderService.getMaterielSearchList.dwr HTTP/1.1" 200 739
101.83.223.227 - - [13/Jul/2022:08:40:31 +0800] "POST /xingrg/dwr/call/plaincall/AjaxComOrderService.getMaterielSearchList.dwr HTTP/1.1" 200 739
101.83.223.227 - - [13/Jul/2022:08:40:32 +0800] "POST /xingrg/dwr/call/plaincall/AjaxYddbService.getMaterielByMap.dwr HTTP/1.1" 200 3845
101.83.241.136 - - [13/Jul/2022:08:40:35 +0800] "GET /xingrg/all/function/internal_message.html?_=1657672832924&CODE_STATE=getMsg HTTP/1.1" 200 27
101.83.223.227 - - [13/Jul/2022:08:40:36 +0800] "POST /xingrg/dwr/call/plaincall/AjaxYddbService.saveMaterielItem.dwr HTTP/1.1" 200 79
101.83.241.136 - - [13/Jul/2022:08:40:37 +0800] "GET /xingrg/kc/buy/cgsh_order_operate.html?command=get_materiel&rest_code=00149&code=00101008350&supplier_code=00100005&order_time=2022-07-10 HTTP/1.1" 200 425
101.83.223.227 - - [13/Jul/2022:08:40:40 +0800] "POST /xingrg/dwr/call/plaincall/AjaxYddbService.checkOrder.dwr HTTP/1.1" 200 79
101.83.223.227 - - [13/Jul/2022:08:40:41 +0800] "GET /xingrg/kc/base/yddb_order_info.html?code=482022071300061 HTTP/1.1" 200 29513
101.83.223.227 - - [13/Jul/2022:08:40:41 +0800] "GET /xingrg/dwr/interface/AjaxYddbService.js HTTP/1.1" 200 13201
101.83.223.227 - - [13/Jul/2022:08:40:41 +0800] "GET /xingrg/dwr/interface/AjaxComOrderService.js HTTP/1.1" 200 18264
101.83.223.227 - - [13/Jul/2022:08:40:41 +0800] "GET /xingrg/dwr/engine.js HTTP/1.1" 200 43631
101.83.223.227 - - [13/Jul/2022:08:40:41 +0800] "POST /xingrg/dwr/call/plaincall/AjaxYddbService.loadMaterielItems.dwr HTTP/1.1" 200 2750
180.175.103.110 - - [13/Jul/2022:08:40:42 +0800] "GET /xingrg/all/function/internal_message.html?_=1657672842461&CODE_STATE=getMsg HTTP/1.1" 200 27
120.253.135.82 - - [13/Jul/2022:08:40:46 +0800] "GET /xingrg/all/function/internal_message.html?_=1657672654440&CODE_STATE=getMsg HTTP/1.1" 200 27
222.69.129.110 - - [13/Jul/2022:08:40:47 +0800] "GET /xingrg/all/function/internal_message.html?_=1657672897781&CODE_STATE=getMsg HTTP/1.1" 200 27
101.83.223.227 - - [13/Jul/2022:08:40:53 +0800] "GET /xingrg/kc/base/yddb_order_add.html HTTP/1.1" 200 29841
101.83.223.227 - - [13/Jul/2022:08:40:53 +0800] "GET /xingrg/dwr/interface/AjaxComOrderService.js HTTP/1.1" 200 18264
101.83.223.227 - - [13/Jul/2022:08:40:53 +0800] "GET /xingrg/dwr/interface/AjaxYddbService.js HTTP/1.1" 200 13201
101.83.223.227 - - [13/Jul/2022:08:40:53 +0800] "GET /xingrg/dwr/engine.js HTTP/1.1" 200 43631
101.83.223.227 - - [13/Jul/2022:08:40:57 +0800] "POST /xingrg/dwr/call/plaincall/AjaxYddbService.getRestBases.dwr HTTP/1.1" 200 1562
101.83.241.136 - - [13/Jul/2022:08:41:00 +0800] "GET /xingrg/kc/buy/cgsh_order_operate.html?command=get_materiel&rest_code=00149&code=00101008049&supplier_code=00100005&order_time=2022-07-10 HTTP/1.1" 200 408
101.83.223.227 - - [13/Jul/2022:08:41:02 +0800] "POST /xingrg/dwr/call/plaincall/AjaxYddbService.saveOrder.dwr HTTP/1.1" 200 78
101.83.223.227 - - [13/Jul/2022:08:41:06 +0800] "POST /xingrg/dwr/call/plaincall/AjaxComOrderService.getMaterielSearchList.dwr HTTP/1.1" 200 1002
180.175.103.110 - - [13/Jul/2022:08:41:07 +0800] "GET /xingrg/kc/buy/cgsh_order_operate.html?command=get_materiel&rest_code=00105&code=00101007089&supplier_code=00100002&order_time=2022-07-13 HTTP/1.1" 200 408
218.81.223.53 - - [13/Jul/2022:08:41:07 +0800] "GET /xingrg/check_reg.html?_=1657672875679 HTTP/1.1" 200 22
101.83.223.227 - - [13/Jul/2022:08:41:09 +0800] "POST /xingrg/dwr/call/plaincall/AjaxYddbService.getMaterielByMap.dwr HTTP/1.1" 200 3825
101.83.223.227 - - [13/Jul/2022:08:41:10 +0800] "GET /xingrg/all/function/internal_message.html?_=1657672827812&CODE_STATE=getMsg HTTP/1.1" 200 27
116.235.94.65 - - [13/Jul/2022:08:41:12 +0800] "GET /xingrg/all/function/internal_message.html?_=1657673052509&CODE_STATE=getMsg HTTP/1.1" 200 27
101.83.223.227 - - [13/Jul/2022:08:41:13 +0800] "POST /xingrg/dwr/call/plaincall/AjaxYddbService.saveMaterielItem.dwr HTTP/1.1" 200 78
101.83.223.227 - - [13/Jul/2022:08:41:13 +0800] "POST /xingrg/dwr/call/plaincall/AjaxComOrderService.getMaterielSearchList.dwr HTTP/1.1" 200 76
101.83.241.136 - - [13/Jul/2022:08:41:15 +0800] "GET /xingrg/kc/buy/cgsh_order_operate.html?command=get_materiel&rest_code=00149&code=00101008149&supplier_code=00100005&order_time=2022-07-10 HTTP/1.1" 200 408
101.83.223.227 - - [13/Jul/2022:08:41:16 +0800] "POST /xingrg/dwr/call/plaincall/AjaxComOrderService.getMaterielSearchList.dwr HTTP/1.1" 200 32544
101.83.223.227 - - [13/Jul/2022:08:41:17 +0800] "POST /xingrg/dwr/call/plaincall/AjaxComOrderService.getMaterielSearchList.dwr HTTP/1.1" 200 449
101.83.223.227 - - [13/Jul/2022:08:41:18 +0800] "POST /xingrg/dwr/call/plaincall/AjaxYddbService.getMaterielByMap.dwr HTTP/1.1" 200 3848
218.81.223.53 - - [13/Jul/2022:08:41:19 +0800] "GET /xingrg/all/function/internal_message.html?_=1657672887549&CODE_STATE=getMsg HTTP/1.1" 200 27
101.83.223.227 - - [13/Jul/2022:08:41:20 +0800] "POST /xingrg/dwr/call/plaincall/AjaxYddbService.saveMaterielItem.dwr HTTP/1.1" 200 78
101.83.223.227 - - [13/Jul/2022:08:41:20 +0800] "POST /xingrg/dwr/call/plaincall/AjaxComOrderService.getMaterielSearchList.dwr HTTP/1.1" 200 77
101.83.223.227 - - [13/Jul/2022:08:41:21 +0800] "POST /xingrg/dwr/call/plaincall/AjaxComOrderService.getMaterielSearchList.dwr HTTP/1.1" 200 33991
58.35.196.166 - - [13/Jul/2022:08:41:22 +0800] "GET /xingrg/all/function/internal_message.html?_=1657672881745&CODE_STATE=getMsg HTTP/1.1" 200 27
101.83.223.227 - - [13/Jul/2022:08:41:22 +0800] "POST /xingrg/dwr/call/plaincall/AjaxComOrderService.getMaterielSearchList.dwr HTTP/1.1" 200 1387
101.83.223.227 - - [13/Jul/2022:08:41:22 +0800] "GET /xingrg/images/yd/bt.gif HTTP/1.1" 404 1040
101.83.223.227 - - [13/Jul/2022:08:41:23 +0800] "POST /xingrg/dwr/call/plaincall/AjaxYddbService.getMaterielByMap.dwr HTTP/1.1" 200 3812
101.83.241.136 - - [13/Jul/2022:08:41:24 +0800] "GET /xingrg/kc/buy/cgsh_order_operate.html?command=get_materiel&rest_code=00149&code=00101008185&supplier_code=00100005&order_time=2022-07-10 HTTP/1.1" 200 408
101.83.223.227 - - [13/Jul/2022:08:41:25 +0800] "POST /xingrg/dwr/call/plaincall/AjaxYddbService.saveMaterielItem.dwr HTTP/1.1" 200 79
101.83.223.227 - - [13/Jul/2022:08:41:26 +0800] "GET /xingrg/images/yd/bt.gif HTTP/1.1" 404 1040
101.83.223.227 - - [13/Jul/2022:08:41:27 +0800] "POST /xingrg/dwr/call/plaincall/AjaxComOrderService.getMaterielSearchList.dwr HTTP/1.1" 200 2722
101.83.223.227 - - [13/Jul/2022:08:41:28 +0800] "POST /xingrg/dwr/call/plaincall/AjaxComOrderService.getMaterielSearchList.dwr HTTP/1.1" 200 2722
101.83.223.227 - - [13/Jul/2022:08:41:31 +0800] "POST /xingrg/dwr/call/plaincall/AjaxYddbService.getMaterielByMap.dwr HTTP/1.1" 200 3832
101.83.241.136 - - [13/Jul/2022:08:41:33 +0800] "GET /xingrg/kc/buy/cgsh_order_operate.html?command=get_materiel&rest_code=00149&code=00101008354&supplier_code=00100005&order_time=2022-07-10 HTTP/1.1" 200 412
101.83.241.136 - - [13/Jul/2022:08:41:35 +0800] "GET /xingrg/check_reg.html?_=1657672892914 HTTP/1.1" 200 22
101.83.241.136 - - [13/Jul/2022:08:41:35 +0800] "GET /xingrg/all/function/internal_message.html?_=1657672892918&CODE_STATE=getMsg HTTP/1.1" 200 27
180.175.103.110 - - [13/Jul/2022:08:41:35 +0800] "GET /xingrg/kc/buy/cgsh_order_operate.html?command=get_materiel&rest_code=00105&code=00101007081&supplier_code=00100002&order_time=2022-07-13 HTTP/1.1" 200 413
101.83.241.136 - - [13/Jul/2022:08:41:37 +0800] "POST /xingrg/services/DataTransmitService HTTP/1.1" 200 524
101.83.223.227 - - [13/Jul/2022:08:41:38 +0800] "POST /xingrg/dwr/call/plaincall/AjaxYddbService.saveMaterielItem.dwr HTTP/1.1" 200 79
101.83.223.227 - - [13/Jul/2022:08:41:42 +0800] "POST /xingrg/dwr/call/plaincall/AjaxYddbService.checkOrder.dwr HTTP/1.1" 200 79
180.175.103.110 - - [13/Jul/2022:08:41:42 +0800] "GET /xingrg/all/function/internal_message.html?_=1657672902441&CODE_STATE=getMsg HTTP/1.1" 200 27
101.83.223.227 - - [13/Jul/2022:08:41:43 +0800] "GET /xingrg/kc/base/yddb_order_info.html?code=482022071300062 HTTP/1.1" 200 29513
101.83.223.227 - - [13/Jul/2022:08:41:43 +0800] "GET /xingrg/dwr/interface/AjaxComOrderService.js HTTP/1.1" 200 18264
101.83.223.227 - - [13/Jul/2022:08:41:43 +0800] "GET /xingrg/dwr/interface/AjaxYddbService.js HTTP/1.1" 200 13201
101.83.223.227 - - [13/Jul/2022:08:41:43 +0800] "GET /xingrg/dwr/engine.js HTTP/1.1" 200 43631
101.83.223.227 - - [13/Jul/2022:08:41:43 +0800] "POST /xingrg/dwr/call/plaincall/AjaxYddbService.loadMaterielItems.dwr HTTP/1.1" 200 1542
120.253.135.82 - - [13/Jul/2022:08:41:46 +0800] "GET /xingrg/check_reg.html?_=1657672713842 HTTP/1.1" 200 22
120.253.135.82 - - [13/Jul/2022:08:41:46 +0800] "GET /xingrg/all/function/internal_message.html?_=1657672714454&CODE_STATE=getMsg HTTP/1.1" 200 27
222.69.129.110 - - [13/Jul/2022:08:41:47 +0800] "GET /xingrg/all/function/internal_message.html?_=1657672957782&CODE_STATE=getMsg HTTP/1.1" 200 27
101.83.223.227 - - [13/Jul/2022:08:41:51 +0800] "GET /xingrg/kc/base/yddb_order_add.html HTTP/1.1" 200 29841
101.83.223.227 - - [13/Jul/2022:08:41:51 +0800] "GET /xingrg/dwr/interface/AjaxYddbService.js HTTP/1.1" 200 13201
101.83.223.227 - - [13/Jul/2022:08:41:51 +0800] "GET /xingrg/dwr/interface/AjaxComOrderService.js HTTP/1.1" 200 18264
101.83.223.227 - - [13/Jul/2022:08:41:51 +0800] "GET /xingrg/dwr/engine.js HTTP/1.1" 200 43631
101.83.223.227 - - [13/Jul/2022:08:41:53 +0800] "POST /xingrg/dwr/call/plaincall/AjaxYddbService.getRestBases.dwr HTTP/1.1" 200 1562
180.175.103.110 - - [13/Jul/2022:08:41:55 +0800] "POST /xingrg/kc/buy/cgsh_order_operate.html HTTP/1.1" 200 37
180.175.103.110 - - [13/Jul/2022:08:41:58 +0800] "POST /xingrg/kc/buy/cgsh_order_operate.html HTTP/1.1" 200 3250
101.83.223.227 - - [13/Jul/2022:08:42:00 +0800] "POST /xingrg/dwr/call/plaincall/AjaxYddbService.saveOrder.dwr HTTP/1.1" 200 78
180.175.103.110 - - [13/Jul/2022:08:42:01 +0800] "GET /xingrg/kc/print/load_data.html?order_code=212022071303177&kc_code=cgsh&condition= HTTP/1.1" 200 972
101.83.223.227 - - [13/Jul/2022:08:42:04 +0800] "POST /xingrg/dwr/call/plaincall/AjaxComOrderService.getMaterielSearchList.dwr HTTP/1.1" 200 24827
101.83.223.227 - - [13/Jul/2022:08:42:04 +0800] "POST /xingrg/dwr/call/plaincall/AjaxComOrderService.getMaterielSearchList.dwr HTTP/1.1" 200 6167
101.83.223.227 - - [13/Jul/2022:08:42:06 +0800] "POST /xingrg/dwr/call/plaincall/AjaxComOrderService.getMaterielSearchList.dwr HTTP/1.1" 200 429
101.83.223.227 - - [13/Jul/2022:08:42:07 +0800] "POST /xingrg/dwr/call/plaincall/AjaxYddbService.getMaterielByMap.dwr HTTP/1.1" 200 3809
101.83.223.227 - - [13/Jul/2022:08:42:09 +0800] "GET /xingrg/images/yd/bt.gif HTTP/1.1" 404 1040
101.83.223.227 - - [13/Jul/2022:08:42:10 +0800] "GET /xingrg/all/function/internal_message.html?_=1657672887838&CODE_STATE=getMsg HTTP/1.1" 200 27
101.83.223.227 - - [13/Jul/2022:08:42:10 +0800] "POST /xingrg/dwr/call/plaincall/AjaxYddbService.saveMaterielItem.dwr HTTP/1.1" 200 78
101.83.241.136 - - [13/Jul/2022:08:42:11 +0800] "GET /xingrg/kc/buy/cgsh_order_operate.html?command=get_materiel&rest_code=00149&code=00101008351&supplier_code=00100005&order_time=2022-07-10 HTTP/1.1" 200 408
116.235.94.65 - - [13/Jul/2022:08:42:12 +0800] "GET /xingrg/all/function/internal_message.html?_=1657673112490&CODE_STATE=getMsg HTTP/1.1" 200 27
180.175.103.110 - - [13/Jul/2022:08:42:13 +0800] "GET /xingrg/check_reg.html?_=1657672933294 HTTP/1.1" 200 22
101.83.223.227 - - [13/Jul/2022:08:42:14 +0800] "POST /xingrg/dwr/call/plaincall/AjaxYddbService.checkOrder.dwr HTTP/1.1" 200 78
101.83.223.227 - - [13/Jul/2022:08:42:14 +0800] "GET /xingrg/kc/base/yddb_order_info.html?code=482022071300063 HTTP/1.1" 200 29511
101.83.223.227 - - [13/Jul/2022:08:42:14 +0800] "GET /xingrg/dwr/interface/AjaxComOrderService.js HTTP/1.1" 200 18264
101.83.223.227 - - [13/Jul/2022:08:42:14 +0800] "GET /xingrg/dwr/interface/AjaxYddbService.js HTTP/1.1" 200 13201
101.83.223.227 - - [13/Jul/2022:08:42:14 +0800] "GET /xingrg/dwr/engine.js HTTP/1.1" 200 43631
101.83.223.227 - - [13/Jul/2022:08:42:15 +0800] "POST /xingrg/dwr/call/plaincall/AjaxYddbService.loadMaterielItems.dwr HTTP/1.1" 200 421
218.81.223.53 - - [13/Jul/2022:08:42:19 +0800] "GET /xingrg/all/function/internal_message.html?_=1657672947564&CODE_STATE=getMsg HTTP/1.1" 200 27
101.83.223.227 - - [13/Jul/2022:08:42:20 +0800] "GET /xingrg/kc/base/yddb_order_add.html HTTP/1.1" 200 29841
101.83.223.227 - - [13/Jul/2022:08:42:20 +0800] "GET /xingrg/dwr/interface/AjaxYddbService.js HTTP/1.1" 200 13201
101.83.223.227 - - [13/Jul/2022:08:42:20 +0800] "GET /xingrg/dwr/engine.js HTTP/1.1" 200 43631
101.83.223.227 - - [13/Jul/2022:08:42:20 +0800] "GET /xingrg/dwr/interface/AjaxComOrderService.js HTTP/1.1" 200 18264
101.83.241.136 - - [13/Jul/2022:08:42:21 +0800] "GET /xingrg/kc/buy/cgsh_order_operate.html?command=get_materiel&rest_code=00149&code=00101008096&supplier_code=00100005&order_time=2022-07-10 HTTP/1.1" 200 413
58.35.196.166 - - [13/Jul/2022:08:42:22 +0800] "GET /xingrg/all/function/internal_message.html?_=1657672941731&CODE_STATE=getMsg HTTP/1.1" 200 27
101.83.223.227 - - [13/Jul/2022:08:42:25 +0800] "POST /xingrg/dwr/call/plaincall/AjaxYddbService.getRestBases.dwr HTTP/1.1" 200 1562
101.83.241.136 - - [13/Jul/2022:08:42:33 +0800] "GET /xingrg/kc/buy/cgsh_order_operate.html?command=get_materiel&rest_code=00149&code=00101008283&supplier_code=00100005&order_time=2022-07-10 HTTP/1.1" 200 408
101.83.223.227 - - [13/Jul/2022:08:42:34 +0800] "POST /xingrg/dwr/call/plaincall/AjaxYddbService.saveOrder.dwr HTTP/1.1" 200 78
101.83.241.136 - - [13/Jul/2022:08:42:35 +0800] "GET /xingrg/all/function/internal_message.html?_=1657672952924&CODE_STATE=getMsg HTTP/1.1" 200 27
101.83.223.227 - - [13/Jul/2022:08:42:38 +0800] "GET /xingrg/images/yd/bt.gif HTTP/1.1" 404 1040
101.83.223.227 - - [13/Jul/2022:08:42:40 +0800] "POST /xingrg/dwr/call/plaincall/AjaxComOrderService.getMaterielSearchList.dwr HTTP/1.1" 200 2721
101.83.241.136 - - [13/Jul/2022:08:42:41 +0800] "GET /xingrg/kc/buy/cgsh_order_operate.html?command=get_materiel&rest_code=00149&code=00101008358&supplier_code=00100005&order_time=2022-07-10 HTTP/1.1" 200 412
180.175.103.110 - - [13/Jul/2022:08:42:42 +0800] "GET /xingrg/all/function/internal_message.html?_=1657672962421&CODE_STATE=getMsg HTTP/1.1" 200 27
101.83.223.227 - - [13/Jul/2022:08:42:43 +0800] "POST /xingrg/dwr/call/plaincall/AjaxYddbService.getMaterielByMap.dwr HTTP/1.1" 200 3834
101.83.223.227 - - [13/Jul/2022:08:42:46 +0800] "POST /xingrg/dwr/call/plaincall/AjaxYddbService.saveMaterielItem.dwr HTTP/1.1" 200 78
58.35.196.166 - - [13/Jul/2022:08:42:46 +0800] "GET /xingrg/check_reg.html?_=1657672966403 HTTP/1.1" 200 22
120.253.135.82 - - [13/Jul/2022:08:42:46 +0800] "GET /xingrg/all/function/internal_message.html?_=1657672774468&CODE_STATE=getMsg HTTP/1.1" 200 27
222.69.129.110 - - [13/Jul/2022:08:42:47 +0800] "GET /xingrg/all/function/internal_message.html?_=1657673017775&CODE_STATE=getMsg HTTP/1.1" 200 27
101.83.223.227 - - [13/Jul/2022:08:42:48 +0800] "POST /xingrg/dwr/call/plaincall/AjaxComOrderService.getMaterielSearchList.dwr HTTP/1.1" 200 1889
101.83.223.227 - - [13/Jul/2022:08:42:49 +0800] "POST /xingrg/dwr/call/plaincall/AjaxComOrderService.getMaterielSearchList.dwr HTTP/1.1" 200 1889
101.83.223.227 - - [13/Jul/2022:08:42:50 +0800] "POST /xingrg/dwr/call/plaincall/AjaxYddbService.getMaterielByMap.dwr HTTP/1.1" 200 3818
101.83.241.136 - - [13/Jul/2022:08:42:50 +0800] "GET /xingrg/kc/buy/cgsh_order_operate.html?command=get_materiel&rest_code=00149&code=00101008163&supplier_code=00100005&order_time=2022-07-10 HTTP/1.1" 200 425
101.85.238.90 - - [13/Jul/2022:08:42:52 +0800] "POST /xingrg/services/DataTransmitService HTTP/1.1" 200 524
101.83.223.227 - - [13/Jul/2022:08:42:53 +0800] "POST /xingrg/dwr/call/plaincall/AjaxYddbService.saveMaterielItem.dwr HTTP/1.1" 200 78
101.83.223.227 - - [13/Jul/2022:08:42:54 +0800] "POST /xingrg/dwr/call/plaincall/AjaxComOrderService.getMaterielSearchList.dwr HTTP/1.1" 200 25695
101.83.223.227 - - [13/Jul/2022:08:42:55 +0800] "POST /xingrg/dwr/call/plaincall/AjaxComOrderService.getMaterielSearchList.dwr HTTP/1.1" 200 2809
101.83.223.227 - - [13/Jul/2022:08:42:56 +0800] "POST /xingrg/dwr/call/plaincall/AjaxYddbService.getMaterielByMap.dwr HTTP/1.1" 200 3869
101.83.241.136 - - [13/Jul/2022:08:42:58 +0800] "GET /xingrg/kc/buy/cgsh_order_operate.html?command=get_materiel&rest_code=00149&code=00101008224&supplier_code=00100005&order_time=2022-07-10 HTTP/1.1" 200 432
101.83.223.227 - - [13/Jul/2022:08:42:59 +0800] "POST /xingrg/dwr/call/plaincall/AjaxYddbService.saveMaterielItem.dwr HTTP/1.1" 200 79
101.83.223.227 - - [13/Jul/2022:08:43:02 +0800] "POST /xingrg/dwr/call/plaincall/AjaxComOrderService.getMaterielSearchList.dwr HTTP/1.1" 200 33991
101.83.223.227 - - [13/Jul/2022:08:43:03 +0800] "GET /xingrg/images/yd/bt.gif HTTP/1.1" 404 1040
101.83.223.227 - - [13/Jul/2022:08:43:03 +0800] "POST /xingrg/dwr/call/plaincall/AjaxComOrderService.getMaterielSearchList.dwr HTTP/1.1" 200 1387
101.83.223.227 - - [13/Jul/2022:08:43:04 +0800] "POST /xingrg/dwr/call/plaincall/AjaxYddbService.getMaterielByMap.dwr HTTP/1.1" 200 3812
101.83.223.227 - - [13/Jul/2022:08:43:07 +0800] "POST /xingrg/dwr/call/plaincall/AjaxYddbService.saveMaterielItem.dwr HTTP/1.1" 200 79
101.83.223.227 - - [13/Jul/2022:08:43:08 +0800] "POST /xingrg/dwr/call/plaincall/AjaxComOrderService.getMaterielSearchList.dwr HTTP/1.1" 200 27241
101.83.223.227 - - [13/Jul/2022:08:43:09 +0800] "POST /xingrg/dwr/call/plaincall/AjaxComOrderService.getMaterielSearchList.dwr HTTP/1.1" 200 1509
101.83.223.227 - - [13/Jul/2022:08:43:10 +0800] "GET /xingrg/all/function/internal_message.html?_=1657672947840&CODE_STATE=getMsg HTTP/1.1" 200 27
116.235.94.65 - - [13/Jul/2022:08:43:12 +0800] "GET /xingrg/all/function/internal_message.html?_=1657673172461&CODE_STATE=getMsg HTTP/1.1" 200 27
101.83.223.227 - - [13/Jul/2022:08:43:13 +0800] "POST /xingrg/dwr/call/plaincall/AjaxYddbService.getMaterielByMap.dwr HTTP/1.1" 200 3808
101.83.241.136 - - [13/Jul/2022:08:43:15 +0800] "GET /xingrg/kc/buy/cgsh_order_operate.html?command=get_materiel&rest_code=00149&code=00101008126&supplier_code=00100005&order_time=2022-07-10 HTTP/1.1" 200 412
101.83.223.227 - - [13/Jul/2022:08:43:16 +0800] "POST /xingrg/dwr/call/plaincall/AjaxYddbService.saveMaterielItem.dwr HTTP/1.1" 200 79
218.81.223.53 - - [13/Jul/2022:08:43:19 +0800] "GET /xingrg/all/function/internal_message.html?_=1657673007719&CODE_STATE=getMsg HTTP/1.1" 200 27
101.83.223.227 - - [13/Jul/2022:08:43:20 +0800] "POST /xingrg/dwr/call/plaincall/AjaxYddbService.checkOrder.dwr HTTP/1.1" 200 79
101.83.223.227 - - [13/Jul/2022:08:43:21 +0800] "GET /xingrg/kc/base/yddb_order_info.html?code=482022071300064 HTTP/1.1" 200 29513
101.83.223.227 - - [13/Jul/2022:08:43:21 +0800] "GET /xingrg/dwr/interface/AjaxComOrderService.js HTTP/1.1" 200 18264
101.83.223.227 - - [13/Jul/2022:08:43:21 +0800] "GET /xingrg/dwr/interface/AjaxYddbService.js HTTP/1.1" 200 13201
101.83.223.227 - - [13/Jul/2022:08:43:21 +0800] "GET /xingrg/dwr/engine.js HTTP/1.1" 200 43631
101.83.223.227 - - [13/Jul/2022:08:43:21 +0800] "POST /xingrg/dwr/call/plaincall/AjaxYddbService.loadMaterielItems.dwr HTTP/1.1" 200 1894
58.35.196.166 - - [13/Jul/2022:08:43:22 +0800] "GET /xingrg/all/function/internal_message.html?_=1657673001700&CODE_STATE=getMsg HTTP/1.1" 200 27
180.169.147.146 - - [13/Jul/2022:08:43:22 +0800] "GET /xingrg/check_reg.html?_=1657672999577 HTTP/1.1" 302 -
101.83.223.227 - - [13/Jul/2022:08:43:30 +0800] "GET /xingrg/kc/base/yddb_order_add.html HTTP/1.1" 200 29841
101.83.223.227 - - [13/Jul/2022:08:43:30 +0800] "GET /xingrg/dwr/interface/AjaxComOrderService.js HTTP/1.1" 200 18264
101.83.223.227 - - [13/Jul/2022:08:43:30 +0800] "GET /xingrg/dwr/interface/AjaxYddbService.js HTTP/1.1" 200 13201
101.83.223.227 - - [13/Jul/2022:08:43:30 +0800] "GET /xingrg/dwr/engine.js HTTP/1.1" 200 43631
101.83.241.136 - - [13/Jul/2022:08:43:30 +0800] "GET /xingrg/kc/buy/cgsh_order_operate.html?command=get_materiel&rest_code=00149&code=00101008087&supplier_code=00100005&order_time=2022-07-10 HTTP/1.1" 200 412
101.83.223.227 - - [13/Jul/2022:08:43:34 +0800] "POST /xingrg/dwr/call/plaincall/AjaxYddbService.getRestBases.dwr HTTP/1.1" 200 1562
101.83.241.136 - - [13/Jul/2022:08:43:35 +0800] "GET /xingrg/all/function/internal_message.html?_=1657673012937&CODE_STATE=getMsg HTTP/1.1" 200 27
114.86.224.8 - - [13/Jul/2022:08:43:35 +0800] "GET /favicon.ico HTTP/1.1" 404 -
101.83.241.136 - - [13/Jul/2022:08:43:41 +0800] "GET /xingrg/kc/buy/cgsh_order_operate.html?command=get_materiel&rest_code=00149&code=00101008148&supplier_code=00100005&order_time=2022-07-10 HTTP/1.1" 200 416
180.175.103.110 - - [13/Jul/2022:08:43:42 +0800] "GET /xingrg/all/function/internal_message.html?_=1657673022388&CODE_STATE=getMsg HTTP/1.1" 200 27
101.83.223.227 - - [13/Jul/2022:08:43:43 +0800] "POST /xingrg/dwr/call/plaincall/AjaxYddbService.saveOrder.dwr HTTP/1.1" 200 78
101.83.241.136 - - [13/Jul/2022:08:43:46 +0800] "POST /xingrg/kc/buy/cgsh_order_operate.html HTTP/1.1" 200 2065
120.253.135.82 - - [13/Jul/2022:08:43:46 +0800] "GET /xingrg/all/function/internal_message.html?_=1657672834481&CODE_STATE=getMsg HTTP/1.1" 200 27
222.69.129.110 - - [13/Jul/2022:08:43:47 +0800] "GET /xingrg/check_reg.html?_=1657673077767 HTTP/1.1" 200 22
222.69.129.110 - - [13/Jul/2022:08:43:47 +0800] "GET /xingrg/all/function/internal_message.html?_=1657673077771&CODE_STATE=getMsg HTTP/1.1" 200 27
101.83.223.227 - - [13/Jul/2022:08:43:47 +0800] "GET /xingrg/images/yd/bt.gif HTTP/1.1" 404 1040
101.83.223.227 - - [13/Jul/2022:08:43:49 +0800] "POST /xingrg/dwr/call/plaincall/AjaxComOrderService.getMaterielSearchList.dwr HTTP/1.1" 200 24827
101.83.223.227 - - [13/Jul/2022:08:43:50 +0800] "POST /xingrg/dwr/call/plaincall/AjaxComOrderService.getMaterielSearchList.dwr HTTP/1.1" 200 6167
101.83.223.227 - - [13/Jul/2022:08:43:51 +0800] "POST /xingrg/dwr/call/plaincall/AjaxComOrderService.getMaterielSearchList.dwr HTTP/1.1" 200 429
101.83.241.136 - - [13/Jul/2022:08:43:51 +0800] "GET /xingrg/kc/buy/cgsh_order_operate.html?command=get_materiel&rest_code=00149&code=00101008004&supplier_code=00100005&order_time=2022-07-10 HTTP/1.1" 200 416
101.83.223.227 - - [13/Jul/2022:08:43:52 +0800] "POST /xingrg/dwr/call/plaincall/AjaxYddbService.getMaterielByMap.dwr HTTP/1.1" 200 3809
101.83.223.227 - - [13/Jul/2022:08:43:57 +0800] "POST /xingrg/dwr/call/plaincall/AjaxYddbService.saveMaterielItem.dwr HTTP/1.1" 200 78
101.83.223.227 - - [13/Jul/2022:08:43:57 +0800] "POST /xingrg/dwr/call/plaincall/AjaxComOrderService.getMaterielSearchList.dwr HTTP/1.1" 200 76
101.83.223.227 - - [13/Jul/2022:08:43:58 +0800] "POST /xingrg/dwr/call/plaincall/AjaxComOrderService.getMaterielSearchList.dwr HTTP/1.1" 200 47121
101.83.223.227 - - [13/Jul/2022:08:43:59 +0800] "POST /xingrg/dwr/call/plaincall/AjaxComOrderService.getMaterielSearchList.dwr HTTP/1.1" 200 297
101.83.223.227 - - [13/Jul/2022:08:43:59 +0800] "POST /xingrg/dwr/call/plaincall/AjaxComOrderService.getMaterielSearchList.dwr HTTP/1.1" 200 298
101.83.223.227 - - [13/Jul/2022:08:44:00 +0800] "POST /xingrg/dwr/call/plaincall/AjaxYddbService.getMaterielByMap.dwr HTTP/1.1" 200 3824
101.83.223.227 - - [13/Jul/2022:08:44:01 +0800] "GET /xingrg/images/yd/bt.gif HTTP/1.1" 404 1040
101.83.241.136 - - [13/Jul/2022:08:44:02 +0800] "GET /xingrg/kc/buy/cgsh_order_operate.html?command=get_materiel&rest_code=00149&code=00101008264&supplier_code=00100005&order_time=2022-07-10 HTTP/1.1" 200 428
101.83.223.227 - - [13/Jul/2022:08:44:03 +0800] "POST /xingrg/dwr/call/plaincall/AjaxYddbService.getUnitPrice.dwr HTTP/1.1" 200 86
101.83.223.227 - - [13/Jul/2022:08:44:05 +0800] "POST /xingrg/dwr/call/plaincall/AjaxYddbService.saveMaterielItem.dwr HTTP/1.1" 200 79
101.83.223.227 - - [13/Jul/2022:08:44:06 +0800] "POST /xingrg/dwr/call/plaincall/AjaxComOrderService.getMaterielSearchList.dwr HTTP/1.1" 200 77
101.83.223.227 - - [13/Jul/2022:08:44:07 +0800] "GET /xingrg/images/yd/bt.gif HTTP/1.1" 404 1040
114.86.224.8 - - [13/Jul/2022:08:44:07 +0800] "POST /xingrg/services/DataTransmitService HTTP/1.1" 200 524
101.83.223.227 - - [13/Jul/2022:08:44:08 +0800] "POST /xingrg/dwr/call/plaincall/AjaxComOrderService.getMaterielSearchList.dwr HTTP/1.1" 200 17179
101.83.223.227 - - [13/Jul/2022:08:44:09 +0800] "POST /xingrg/dwr/call/plaincall/AjaxComOrderService.getMaterielSearchList.dwr HTTP/1.1" 200 684
101.83.223.227 - - [13/Jul/2022:08:44:10 +0800] "GET /xingrg/all/function/internal_message.html?_=1657673007853&CODE_STATE=getMsg HTTP/1.1" 200 27
101.83.223.227 - - [13/Jul/2022:08:44:11 +0800] "POST /xingrg/dwr/call/plaincall/AjaxYddbService.getMaterielByMap.dwr HTTP/1.1" 200 3767
101.83.241.136 - - [13/Jul/2022:08:44:12 +0800] "GET /xingrg/kc/buy/cgsh_order_operate.html?command=get_materiel&rest_code=00149&code=00101008321&supplier_code=00100005&order_time=2022-07-10 HTTP/1.1" 200 412
116.235.94.65 - - [13/Jul/2022:08:44:12 +0800] "GET /xingrg/all/function/internal_message.html?_=1657673232440&CODE_STATE=getMsg HTTP/1.1" 200 27
101.83.223.227 - - [13/Jul/2022:08:44:13 +0800] "POST /xingrg/dwr/call/plaincall/AjaxYddbService.saveMaterielItem.dwr HTTP/1.1" 200 79
124.79.75.192 - - [13/Jul/2022:08:44:15 +0800] "POST /xingrg/services/DataTransmitService HTTP/1.1" 200 524
101.83.223.227 - - [13/Jul/2022:08:44:17 +0800] "POST /xingrg/dwr/call/plaincall/AjaxYddbService.checkOrder.dwr HTTP/1.1" 200 79
101.83.223.227 - - [13/Jul/2022:08:44:18 +0800] "GET /xingrg/kc/base/yddb_order_info.html?code=482022071300065 HTTP/1.1" 200 29513
101.83.223.227 - - [13/Jul/2022:08:44:18 +0800] "GET /xingrg/dwr/interface/AjaxYddbService.js HTTP/1.1" 200 13201
101.83.223.227 - - [13/Jul/2022:08:44:18 +0800] "GET /xingrg/dwr/interface/AjaxComOrderService.js HTTP/1.1" 200 18264
101.83.223.227 - - [13/Jul/2022:08:44:18 +0800] "GET /xingrg/dwr/engine.js HTTP/1.1" 200 43631
101.83.223.227 - - [13/Jul/2022:08:44:18 +0800] "POST /xingrg/dwr/call/plaincall/AjaxYddbService.loadMaterielItems.dwr HTTP/1.1" 200 1102
218.81.223.53 - - [13/Jul/2022:08:44:19 +0800] "GET /xingrg/all/function/internal_message.html?_=1657673067731&CODE_STATE=getMsg HTTP/1.1" 200 27
58.35.196.166 - - [13/Jul/2022:08:44:22 +0800] "GET /xingrg/all/function/internal_message.html?_=1657673061686&CODE_STATE=getMsg HTTP/1.1" 200 27
101.83.241.136 - - [13/Jul/2022:08:44:22 +0800] "GET /xingrg/kc/buy/cgsh_order_operate.html?command=get_materiel&rest_code=00149&code=00101008356&supplier_code=00100005&order_time=2022-07-10 HTTP/1.1" 200 408
101.83.223.227 - - [13/Jul/2022:08:44:25 +0800] "GET /xingrg/javascript/jquery_easy_ui/themes/default/images/button_a_bg.gif HTTP/1.1" 304 -
101.83.223.227 - - [13/Jul/2022:08:44:25 +0800] "GET /xingrg/javascript/jquery_easy_ui/themes/default/images/button_span_bg.gif HTTP/1.1" 304 -
101.83.223.227 - - [13/Jul/2022:08:44:25 +0800] "GET /xingrg/javascript/jquery_easy_ui/themes/icons/ok.png HTTP/1.1" 304 -
101.83.223.227 - - [13/Jul/2022:08:44:25 +0800] "GET /xingrg/javascript/jquery_easy_ui/themes/default/images/panel_tools.gif HTTP/1.1" 304 -
101.83.223.227 - - [13/Jul/2022:08:44:25 +0800] "GET /xingrg/javascript/jquery_easy_ui/themes/default/images/panel_title.png HTTP/1.1" 304 -
101.83.223.227 - - [13/Jul/2022:08:44:27 +0800] "POST /xingrg/all/user/operate.html HTTP/1.1" 200 36
101.83.223.227 - - [13/Jul/2022:08:44:28 +0800] "GET /xingrg/javascript/jquery_easy_ui/themes/default/easyui.css HTTP/1.1" 304 -
101.83.223.227 - - [13/Jul/2022:08:44:28 +0800] "GET /xingrg/javascript/jquery_easy_ui/themes/icon.css HTTP/1.1" 304 -
