114.86.187.244 - - [13/Jul/2022:12:32:22 +0800] "GET /xingrg/all/report/report_query.html?isQuery=1&onlyBody=1&rh=2000&fileName=kc/base/kc_stock_detail_new.xml&queryString=(1=1)&queryText=&tableQueryString=init_table$sp1$$sp$crk_table$sp1$order_day%20between%2020210701%20and%2020220731&varString=start_day:20210701,materiel_code:00101025032,cost_id:3206,end_date:20210630 HTTP/1.1" 200 48701
114.86.187.244 - - [13/Jul/2022:12:32:22 +0800] "GET /xingrg/dwr/interface/AjaxReportQueryService.js HTTP/1.1" 200 13203
114.86.187.244 - - [13/Jul/2022:12:32:22 +0800] "GET /xingrg/dwr/engine.js HTTP/1.1" 200 43631
114.86.187.244 - - [13/Jul/2022:12:32:22 +0800] "POST /xingrg/all/report/load_report_page.html HTTP/1.1" 200 49529
114.86.187.244 - - [13/Jul/2022:12:32:22 +0800] "GET /xingrg/servlets/image?cache=0.49868693678671017&image=px HTTP/1.1" 200 807
120.253.135.82 - - [13/Jul/2022:12:32:23 +0800] "GET /xingrg/kc/buy/cgsh_order_operate.html?command=get_materiel_price&rest_code=00101&code=00101019476&unit_code=00100157&supplier_code=00100100&order_time=2022-07-13 HTTP/1.1" 200 29
120.253.135.82 - - [13/Jul/2022:12:32:23 +0800] "GET /xingrg/all/function/internal_message.html?_=1657686551071&CODE_STATE=getMsg HTTP/1.1" 200 27
114.86.187.244 - - [13/Jul/2022:12:32:23 +0800] "GET /xingrg/all/function/internal_message.html?_=1657686744634&CODE_STATE=getMsg HTTP/1.1" 200 27
172.20.0.100 - - [13/Jul/2022:12:32:29 +0800] "GET /xingrg/all/function/internal_message.html?_=1657686747291&CODE_STATE=getMsg HTTP/1.1" 200 27
114.86.187.244 - - [13/Jul/2022:12:32:29 +0800] "GET /xingrg/kc/guide/show_order.html?code=312022011800631&type=31 HTTP/1.1" 302 -
114.86.187.244 - - [13/Jul/2022:12:32:29 +0800] "GET /xingrg/kc/mdqp/pssh_order_info.html?code=312022011800631&sysBaseUrl=http%3A%2F%2F180.169.147.146%3A18081%2Fxingrg%2F&costTime=1×tamp=1657686749322 HTTP/1.1" 200 14384
114.86.187.244 - - [13/Jul/2022:12:32:29 +0800] "GET /xingrg/javascript/jquery_tools/jquery-1.4.2.min.js HTTP/1.1" 404 1094
114.86.187.244 - - [13/Jul/2022:12:32:29 +0800] "GET /favicon.ico HTTP/1.1" 404 -
114.86.187.244 - - [13/Jul/2022:12:32:29 +0800] "POST /xingrg/kc/mdqp/pssh_order_operate.html HTTP/1.1" 200 1623
114.86.187.244 - - [13/Jul/2022:12:32:29 +0800] "GET /xingrg/javascript/easyui/themes/default/validatebox.css HTTP/1.1" 404 1104
61.170.235.209 - - [13/Jul/2022:12:32:29 +0800] "GET /xingrg/all/function/internal_message.html?_=1657686749737&CODE_STATE=getMsg HTTP/1.1" 200 27
101.83.223.227 - - [13/Jul/2022:12:32:31 +0800] "GET /xingrg/all/function/internal_message.html?_=1657686708251&CODE_STATE=getMsg HTTP/1.1" 200 27
101.83.241.136 - - [13/Jul/2022:12:32:33 +0800] "GET /xingrg/all/function/internal_message.html?_=1657686751468&CODE_STATE=getMsg HTTP/1.1" 200 27
116.230.110.24 - - [13/Jul/2022:12:32:34 +0800] "GET /xingrg/check_reg.html?_=1657686753541 HTTP/1.1" 200 22
116.230.110.24 - - [13/Jul/2022:12:32:34 +0800] "GET /xingrg/all/function/internal_message.html?_=1657686753545&CODE_STATE=getMsg HTTP/1.1" 200 27
180.175.103.110 - - [13/Jul/2022:12:32:37 +0800] "GET /xingrg/all/function/internal_message.html?_=1657686756919&CODE_STATE=getMsg HTTP/1.1" 200 27
218.81.223.53 - - [13/Jul/2022:12:32:40 +0800] "GET /xingrg/all/function/internal_message.html?_=1657686769501&CODE_STATE=getMsg HTTP/1.1" 200 27
61.170.235.209 - - [13/Jul/2022:12:32:41 +0800] "POST /xingrg/kc/buy/cgsh_order_operate.html HTTP/1.1" 200 37
120.253.135.82 - - [13/Jul/2022:12:32:43 +0800] "GET /xingrg/kc/buy/cgsh_order_operate.html?command=get_materiel&rest_code=00101&code=00102015076&supplier_code=00100100&order_time=2022-07-13 HTTP/1.1" 200 446
120.253.135.82 - - [13/Jul/2022:12:32:44 +0800] "POST /xingrg/all/common/load_select.html HTTP/1.1" 200 25
61.170.235.209 - - [13/Jul/2022:12:32:45 +0800] "POST /xingrg/kc/buy/cgsh_order_operate.html HTTP/1.1" 200 12
58.35.196.166 - - [13/Jul/2022:12:32:46 +0800] "GET /xingrg/check_reg.html?_=1657686766372 HTTP/1.1" 200 22
222.69.129.110 - - [13/Jul/2022:12:32:46 +0800] "GET /xingrg/all/function/internal_message.html?_=1657686817783&CODE_STATE=getMsg HTTP/1.1" 200 27
120.253.135.82 - - [13/Jul/2022:12:32:48 +0800] "GET /xingrg/kc/buy/cgsh_order_operate.html?command=get_materiel_price&rest_code=00101&code=00102015076&unit_code=00100159&supplier_code=00100100&order_time=2022-07-13 HTTP/1.1" 200 29
61.170.235.209 - - [13/Jul/2022:12:32:50 +0800] "GET /xingrg/kc/buy/cgsh_order_info.html?code=212022071303281 HTTP/1.1" 200 62775
61.170.235.209 - - [13/Jul/2022:12:32:50 +0800] "GET /xingrg/javascript/easyui/themes/default/validatebox.css HTTP/1.1" 404 1104
61.170.235.209 - - [13/Jul/2022:12:32:51 +0800] "POST /xingrg/kc/buy/cgsh_order_operate.html HTTP/1.1" 200 616
61.170.235.209 - - [13/Jul/2022:12:32:55 +0800] "GET /xingrg/kc/print/load_config.html?kc_code=cgsh HTTP/1.1" 200 1943
61.170.235.209 - - [13/Jul/2022:12:32:55 +0800] "GET /xingrg/kc/print/load_data.html?order_code=212022071303281&kc_code=cgsh&condition= HTTP/1.1" 200 703
101.85.107.1 - - [13/Jul/2022:12:33:06 +0800] "GET /xingrg/all/function/internal_message.html?_=1657686783547&CODE_STATE=getMsg HTTP/1.1" 200 27
116.235.94.65 - - [13/Jul/2022:12:33:07 +0800] "GET /xingrg/all/function/internal_message.html?_=1657686966873&CODE_STATE=getMsg HTTP/1.1" 200 27
101.85.238.90 - - [13/Jul/2022:12:33:11 +0800] "GET /xingrg/all/function/internal_message.html?_=1657686857629&CODE_STATE=getMsg HTTP/1.1" 200 27
116.230.110.24 - - [13/Jul/2022:12:33:12 +0800] "GET /xingrg/all/function/internal_message.html?_=1657686791142&CODE_STATE=getMsg HTTP/1.1" 200 27
116.230.110.24 - - [13/Jul/2022:12:33:12 +0800] "GET /xingrg/check_reg.html?_=1657686791144 HTTP/1.1" 200 22
120.253.135.82 - - [13/Jul/2022:12:33:14 +0800] "GET /xingrg/kc/buy/cgsh_order_operate.html?command=get_materiel&rest_code=00101&code=00101019196&supplier_code=00100100&order_time=2022-07-13 HTTP/1.1" 200 470
120.253.135.82 - - [13/Jul/2022:12:33:15 +0800] "POST /xingrg/all/common/load_select.html HTTP/1.1" 200 25
61.170.235.209 - - [13/Jul/2022:12:33:16 +0800] "GET /xingrg/kc/buy/cgsh_order_add.html HTTP/1.1" 200 67870
61.170.235.209 - - [13/Jul/2022:12:33:16 +0800] "GET /xingrg/words/20220713121711_words.js HTTP/1.1" 304 -
61.170.235.209 - - [13/Jul/2022:12:33:17 +0800] "POST /xingrg/kc/buy/cgsh_order_operate.html HTTP/1.1" 200 8245
61.170.235.209 - - [13/Jul/2022:12:33:17 +0800] "GET /xingrg/javascript/easyui/themes/default/validatebox.css HTTP/1.1" 404 1104
58.35.196.166 - - [13/Jul/2022:12:33:17 +0800] "GET /xingrg/all/function/internal_message.html?_=1657686796749&CODE_STATE=getMsg HTTP/1.1" 200 27
116.228.172.94 - - [13/Jul/2022:12:33:18 +0800] "GET /xingrg/all/function/internal_message.html?_=1657686585375&CODE_STATE=getMsg HTTP/1.1" 200 27
120.253.135.82 - - [13/Jul/2022:12:33:18 +0800] "GET /xingrg/kc/buy/cgsh_order_operate.html?command=get_materiel_price&rest_code=00101&code=00101019196&unit_code=00100189&supplier_code=00100100&order_time=2022-07-13 HTTP/1.1" 200 29
61.170.235.209 - - [13/Jul/2022:12:33:19 +0800] "GET /xingrg/javascript/easyui/themes/default/tree.css HTTP/1.1" 404 1090
61.170.235.209 - - [13/Jul/2022:12:33:19 +0800] "POST /xingrg/all/common/load_tree.html?tree=supplier_tree_json&isDelete=1 HTTP/1.1" 200 66828
180.169.147.146 - - [13/Jul/2022:12:33:22 +0800] "GET /xingrg/check_reg.html?_=1657686801651 HTTP/1.1" 302 -
120.253.135.82 - - [13/Jul/2022:12:33:23 +0800] "GET /xingrg/all/function/internal_message.html?_=1657686611086&CODE_STATE=getMsg HTTP/1.1" 200 27
114.86.187.244 - - [13/Jul/2022:12:33:23 +0800] "GET /xingrg/all/function/internal_message.html?_=1657686804651&CODE_STATE=getMsg HTTP/1.1" 200 27
172.20.0.100 - - [13/Jul/2022:12:33:29 +0800] "GET /xingrg/all/function/internal_message.html?_=1657686807295&CODE_STATE=getMsg HTTP/1.1" 200 27
172.20.0.100 - - [13/Jul/2022:12:33:29 +0800] "GET /xingrg/check_reg.html?_=1657686807296 HTTP/1.1" 200 22
61.170.235.209 - - [13/Jul/2022:12:33:29 +0800] "GET /xingrg/all/function/internal_message.html?_=1657686809739&CODE_STATE=getMsg HTTP/1.1" 200 27
101.83.223.227 - - [13/Jul/2022:12:33:31 +0800] "GET /xingrg/all/function/internal_message.html?_=1657686768265&CODE_STATE=getMsg HTTP/1.1" 200 27
101.83.241.136 - - [13/Jul/2022:12:33:33 +0800] "GET /xingrg/all/function/internal_message.html?_=1657686811439&CODE_STATE=getMsg HTTP/1.1" 200 27
116.230.110.24 - - [13/Jul/2022:12:33:34 +0800] "GET /xingrg/all/function/internal_message.html?_=1657686813536&CODE_STATE=getMsg HTTP/1.1" 200 27
120.253.135.82 - - [13/Jul/2022:12:33:36 +0800] "GET /xingrg/kc/buy/cgsh_order_operate.html?command=get_materiel&rest_code=00101&code=00101019844&supplier_code=00100100&order_time=2022-07-13 HTTP/1.1" 200 434
180.175.103.110 - - [13/Jul/2022:12:33:37 +0800] "GET /xingrg/all/function/internal_message.html?_=1657686816890&CODE_STATE=getMsg HTTP/1.1" 200 27
218.81.223.53 - - [13/Jul/2022:12:33:40 +0800] "GET /xingrg/all/function/internal_message.html?_=1657686829516&CODE_STATE=getMsg HTTP/1.1" 200 27
222.69.129.110 - - [13/Jul/2022:12:33:46 +0800] "GET /xingrg/check_reg.html?_=1657686877774 HTTP/1.1" 200 22
222.69.129.110 - - [13/Jul/2022:12:33:47 +0800] "GET /xingrg/all/function/internal_message.html?_=1657686877780&CODE_STATE=getMsg HTTP/1.1" 200 27
61.170.235.209 - - [13/Jul/2022:12:33:53 +0800] "GET /xingrg/kc/buy/cgsh_order_operate.html?command=get_materiel&rest_code=00106&code=00101010081&supplier_code=00100480&order_time=2022-07-13 HTTP/1.1" 200 433
120.253.135.82 - - [13/Jul/2022:12:34:02 +0800] "GET /xingrg/kc/buy/cgsh_order_operate.html?command=get_materiel&rest_code=00101&code=00101019058&supplier_code=00100100&order_time=2022-07-13 HTTP/1.1" 200 453
101.85.107.1 - - [13/Jul/2022:12:34:06 +0800] "GET /xingrg/all/function/internal_message.html?_=1657686843520&CODE_STATE=getMsg HTTP/1.1" 200 27
101.85.107.1 - - [13/Jul/2022:12:34:07 +0800] "GET /xingrg/check_reg.html?_=1657686844255 HTTP/1.1" 200 22
116.235.94.65 - - [13/Jul/2022:12:34:07 +0800] "GET /xingrg/all/function/internal_message.html?_=1657687026853&CODE_STATE=getMsg HTTP/1.1" 200 27
101.85.238.90 - - [13/Jul/2022:12:34:11 +0800] "GET /xingrg/all/function/internal_message.html?_=1657686917640&CODE_STATE=getMsg HTTP/1.1" 200 27
116.230.110.24 - - [13/Jul/2022:12:34:12 +0800] "GET /xingrg/all/function/internal_message.html?_=1657686851133&CODE_STATE=getMsg HTTP/1.1" 200 27
120.253.135.82 - - [13/Jul/2022:12:34:16 +0800] "GET /xingrg/kc/buy/cgsh_order_operate.html?command=get_materiel&rest_code=00101&code=00101019248&supplier_code=00100100&order_time=2022-07-13 HTTP/1.1" 200 459
58.35.196.166 - - [13/Jul/2022:12:34:17 +0800] "GET /xingrg/all/function/internal_message.html?_=1657686856735&CODE_STATE=getMsg HTTP/1.1" 200 27
116.228.172.94 - - [13/Jul/2022:12:34:18 +0800] "GET /xingrg/all/function/internal_message.html?_=1657686645376&CODE_STATE=getMsg HTTP/1.1" 200 27
120.253.135.82 - - [13/Jul/2022:12:34:23 +0800] "GET /xingrg/all/function/internal_message.html?_=1657686671099&CODE_STATE=getMsg HTTP/1.1" 200 27
114.86.187.244 - - [13/Jul/2022:12:34:23 +0800] "GET /xingrg/all/function/internal_message.html?_=1657686864639&CODE_STATE=getMsg HTTP/1.1" 200 27
116.235.94.65 - - [13/Jul/2022:12:34:28 +0800] "GET /xingrg/check_reg.html?_=1657687047679 HTTP/1.1" 200 22
172.20.0.100 - - [13/Jul/2022:12:34:29 +0800] "GET /xingrg/all/function/internal_message.html?_=1657686867297&CODE_STATE=getMsg HTTP/1.1" 200 27
101.83.223.227 - - [13/Jul/2022:12:34:31 +0800] "GET /xingrg/all/function/internal_message.html?_=1657686828285&CODE_STATE=getMsg HTTP/1.1" 200 27
61.170.235.209 - - [13/Jul/2022:12:34:32 +0800] "POST /xingrg/kc/buy/cgsh_order_operate.html HTTP/1.1" 200 37
120.253.135.82 - - [13/Jul/2022:12:34:32 +0800] "GET /xingrg/kc/buy/cgsh_order_operate.html?command=get_materiel&rest_code=00101&code=00101019114&supplier_code=00100100&order_time=2022-07-13 HTTP/1.1" 200 451
101.83.241.136 - - [13/Jul/2022:12:34:33 +0800] "GET /xingrg/all/function/internal_message.html?_=1657686871422&CODE_STATE=getMsg HTTP/1.1" 200 27
120.253.135.82 - - [13/Jul/2022:12:34:33 +0800] "POST /xingrg/all/common/load_select.html HTTP/1.1" 200 25
116.230.110.24 - - [13/Jul/2022:12:34:34 +0800] "GET /xingrg/all/function/internal_message.html?_=1657686873548&CODE_STATE=getMsg HTTP/1.1" 200 27
61.170.235.209 - - [13/Jul/2022:12:34:36 +0800] "POST /xingrg/kc/buy/cgsh_order_operate.html HTTP/1.1" 200 12
61.170.235.209 - - [13/Jul/2022:12:34:37 +0800] "GET /xingrg/kc/buy/cgsh_order_info.html?code=212022071303282 HTTP/1.1" 200 62779
180.175.103.110 - - [13/Jul/2022:12:34:37 +0800] "GET /xingrg/all/function/internal_message.html?_=1657686876861&CODE_STATE=getMsg HTTP/1.1" 200 27
61.170.235.209 - - [13/Jul/2022:12:34:37 +0800] "GET /xingrg/javascript/easyui/themes/default/validatebox.css HTTP/1.1" 404 1104
61.170.235.209 - - [13/Jul/2022:12:34:37 +0800] "POST /xingrg/kc/buy/cgsh_order_operate.html HTTP/1.1" 200 612
120.253.135.82 - - [13/Jul/2022:12:34:38 +0800] "GET /xingrg/kc/buy/cgsh_order_operate.html?command=get_materiel_price&rest_code=00101&code=00101019114&unit_code=00100154&supplier_code=00100100&order_time=2022-07-13 HTTP/1.1" 200 28
218.81.223.53 - - [13/Jul/2022:12:34:40 +0800] "GET /xingrg/all/function/internal_message.html?_=1657686889751&CODE_STATE=getMsg HTTP/1.1" 200 27
61.170.235.209 - - [13/Jul/2022:12:34:40 +0800] "GET /xingrg/kc/print/load_data.html?order_code=212022071303282&kc_code=cgsh&condition= HTTP/1.1" 200 714
222.69.129.110 - - [13/Jul/2022:12:34:46 +0800] "GET /xingrg/all/function/internal_message.html?_=1657686937776&CODE_STATE=getMsg HTTP/1.1" 200 27
61.170.235.209 - - [13/Jul/2022:12:34:50 +0800] "GET /xingrg/kc/buy/cgsh_order_add.html HTTP/1.1" 200 67870
61.170.235.209 - - [13/Jul/2022:12:34:50 +0800] "POST /xingrg/kc/buy/cgsh_order_operate.html HTTP/1.1" 200 8245
61.170.235.209 - - [13/Jul/2022:12:34:50 +0800] "GET /xingrg/javascript/easyui/themes/default/validatebox.css HTTP/1.1" 404 1104
61.170.235.209 - - [13/Jul/2022:12:34:52 +0800] "GET /xingrg/javascript/easyui/themes/default/tree.css HTTP/1.1" 404 1090
61.170.235.209 - - [13/Jul/2022:12:34:52 +0800] "POST /xingrg/all/common/load_tree.html?tree=supplier_tree_json&isDelete=1 HTTP/1.1" 200 66828
120.253.135.82 - - [13/Jul/2022:12:34:52 +0800] "GET /xingrg/kc/buy/cgsh_order_operate.html?command=get_materiel&rest_code=00101&code=00101019271&supplier_code=00100100&order_time=2022-07-13 HTTP/1.1" 200 440
120.253.135.82 - - [13/Jul/2022:12:34:54 +0800] "POST /xingrg/all/common/load_select.html HTTP/1.1" 200 25
120.253.135.82 - - [13/Jul/2022:12:34:58 +0800] "GET /xingrg/kc/buy/cgsh_order_operate.html?command=get_materiel_price&rest_code=00101&code=00101019271&unit_code=00100156&supplier_code=00100100&order_time=2022-07-13 HTTP/1.1" 200 28
101.85.107.1 - - [13/Jul/2022:12:35:06 +0800] "GET /xingrg/all/function/internal_message.html?_=1657686903490&CODE_STATE=getMsg HTTP/1.1" 200 27
116.235.94.65 - - [13/Jul/2022:12:35:07 +0800] "GET /xingrg/all/function/internal_message.html?_=1657687086849&CODE_STATE=getMsg HTTP/1.1" 200 27
101.85.238.90 - - [13/Jul/2022:12:35:11 +0800] "GET /xingrg/all/function/internal_message.html?_=1657686977926&CODE_STATE=getMsg HTTP/1.1" 200 27
116.230.110.24 - - [13/Jul/2022:12:35:12 +0800] "GET /xingrg/all/function/internal_message.html?_=1657686911141&CODE_STATE=getMsg HTTP/1.1" 200 27
120.253.135.82 - - [13/Jul/2022:12:35:16 +0800] "GET /xingrg/kc/buy/cgsh_order_operate.html?command=get_materiel&rest_code=00101&code=00101019504&supplier_code=00100100&order_time=2022-07-13 HTTP/1.1" 200 449
58.35.196.166 - - [13/Jul/2022:12:35:17 +0800] "GET /xingrg/all/function/internal_message.html?_=1657686916721&CODE_STATE=getMsg HTTP/1.1" 200 27
116.228.172.94 - - [13/Jul/2022:12:35:18 +0800] "GET /xingrg/all/function/internal_message.html?_=1657686705374&CODE_STATE=getMsg HTTP/1.1" 200 27
61.170.235.209 - - [13/Jul/2022:12:35:19 +0800] "GET /xingrg/kc/buy/cgsh_order_operate.html?command=get_materiel&rest_code=00106&code=00101006047&supplier_code=00100323&order_time=2022-07-13 HTTP/1.1" 200 428
120.253.135.82 - - [13/Jul/2022:12:35:23 +0800] "GET /xingrg/all/function/internal_message.html?_=1657686731114&CODE_STATE=getMsg HTTP/1.1" 200 27
114.86.187.244 - - [13/Jul/2022:12:35:23 +0800] "GET /xingrg/check_reg.html?_=1657686924642 HTTP/1.1" 200 22
114.86.187.244 - - [13/Jul/2022:12:35:23 +0800] "GET /xingrg/all/function/internal_message.html?_=1657686924645&CODE_STATE=getMsg HTTP/1.1" 200 27
172.20.0.100 - - [13/Jul/2022:12:35:29 +0800] "GET /xingrg/all/function/internal_message.html?_=1657686927282&CODE_STATE=getMsg HTTP/1.1" 200 27
61.170.235.209 - - [13/Jul/2022:12:35:29 +0800] "GET /xingrg/all/function/internal_message.html?_=1657686929768&CODE_STATE=getMsg HTTP/1.1" 200 27
101.83.223.227 - - [13/Jul/2022:12:35:31 +0800] "GET /xingrg/all/function/internal_message.html?_=1657686888292&CODE_STATE=getMsg HTTP/1.1" 200 27
101.83.241.136 - - [13/Jul/2022:12:35:33 +0800] "GET /xingrg/all/function/internal_message.html?_=1657686931407&CODE_STATE=getMsg HTTP/1.1" 200 27
116.230.110.24 - - [13/Jul/2022:12:35:34 +0800] "GET /xingrg/all/function/internal_message.html?_=1657686933542&CODE_STATE=getMsg HTTP/1.1" 200 27
120.253.135.82 - - [13/Jul/2022:12:35:35 +0800] "GET /xingrg/kc/buy/cgsh_order_operate.html?command=get_materiel&rest_code=00101&code=00101019367&supplier_code=00100100&order_time=2022-07-13 HTTP/1.1" 200 424
180.175.103.110 - - [13/Jul/2022:12:35:37 +0800] "GET /xingrg/all/function/internal_message.html?_=1657686936837&CODE_STATE=getMsg HTTP/1.1" 200 27
218.81.223.53 - - [13/Jul/2022:12:35:40 +0800] "GET /xingrg/all/function/internal_message.html?_=1657686949761&CODE_STATE=getMsg HTTP/1.1" 200 27
222.69.129.110 - - [13/Jul/2022:12:35:46 +0800] "GET /xingrg/all/function/internal_message.html?_=1657686997774&CODE_STATE=getMsg HTTP/1.1" 200 27
61.170.235.209 - - [13/Jul/2022:12:35:53 +0800] "POST /xingrg/kc/buy/cgsh_order_operate.html HTTP/1.1" 200 37
61.170.235.209 - - [13/Jul/2022:12:35:58 +0800] "POST /xingrg/kc/buy/cgsh_order_operate.html HTTP/1.1" 200 12
61.170.235.209 - - [13/Jul/2022:12:36:01 +0800] "GET /xingrg/kc/buy/cgsh_order_info.html?code=212022071303283 HTTP/1.1" 200 62776
61.170.235.209 - - [13/Jul/2022:12:36:01 +0800] "GET /xingrg/words/20220713121711_words.js HTTP/1.1" 304 -
61.170.235.209 - - [13/Jul/2022:12:36:01 +0800] "GET /xingrg/javascript/easyui/themes/default/validatebox.css HTTP/1.1" 404 1104
61.170.235.209 - - [13/Jul/2022:12:36:02 +0800] "POST /xingrg/kc/buy/cgsh_order_operate.html HTTP/1.1" 200 607
101.85.238.90 - - [13/Jul/2022:12:36:04 +0800] "GET /xingrg/check_reg.html?_=1657687030475 HTTP/1.1" 200 22
61.170.235.209 - - [13/Jul/2022:12:36:05 +0800] "GET /xingrg/kc/print/load_data.html?order_code=212022071303283&kc_code=cgsh&condition= HTTP/1.1" 200 707
101.85.107.1 - - [13/Jul/2022:12:36:06 +0800] "GET /xingrg/all/function/internal_message.html?_=1657686963500&CODE_STATE=getMsg HTTP/1.1" 200 27
116.235.94.65 - - [13/Jul/2022:12:36:07 +0800] "GET /xingrg/all/function/internal_message.html?_=1657687146816&CODE_STATE=getMsg HTTP/1.1" 200 27
120.253.135.82 - - [13/Jul/2022:12:36:07 +0800] "GET /xingrg/kc/buy/cgsh_order_operate.html?command=get_materiel&rest_code=00101&code=00101019267&supplier_code=00100100&order_time=2022-07-13 HTTP/1.1" 200 480
218.81.223.53 - - [13/Jul/2022:12:36:08 +0800] "GET /xingrg/check_reg.html?_=1657686976910 HTTP/1.1" 200 22
120.253.135.82 - - [13/Jul/2022:12:36:08 +0800] "POST /xingrg/all/common/load_select.html HTTP/1.1" 200 25
101.85.238.90 - - [13/Jul/2022:12:36:11 +0800] "GET /xingrg/all/function/internal_message.html?_=1657687037932&CODE_STATE=getMsg HTTP/1.1" 200 27
120.253.135.82 - - [13/Jul/2022:12:36:12 +0800] "GET /xingrg/kc/buy/cgsh_order_operate.html?command=get_materiel_price&rest_code=00101&code=00101019267&unit_code=00100157&supplier_code=00100100&order_time=2022-07-13 HTTP/1.1" 200 30
116.230.110.24 - - [13/Jul/2022:12:36:12 +0800] "GET /xingrg/all/function/internal_message.html?_=1657686971129&CODE_STATE=getMsg HTTP/1.1" 200 27
58.35.196.166 - - [13/Jul/2022:12:36:17 +0800] "GET /xingrg/all/function/internal_message.html?_=1657686976692&CODE_STATE=getMsg HTTP/1.1" 200 27
116.228.172.94 - - [13/Jul/2022:12:36:18 +0800] "GET /xingrg/all/function/internal_message.html?_=1657686765371&CODE_STATE=getMsg HTTP/1.1" 200 27
120.253.135.82 - - [13/Jul/2022:12:36:23 +0800] "GET /xingrg/check_reg.html?_=1657686790645 HTTP/1.1" 200 22
120.253.135.82 - - [13/Jul/2022:12:36:23 +0800] "GET /xingrg/all/function/internal_message.html?_=1657686791127&CODE_STATE=getMsg HTTP/1.1" 200 27
114.86.187.244 - - [13/Jul/2022:12:36:23 +0800] "GET /xingrg/all/function/internal_message.html?_=1657686984632&CODE_STATE=getMsg HTTP/1.1" 200 27
120.253.135.82 - - [13/Jul/2022:12:36:27 +0800] "GET /xingrg/kc/buy/cgsh_order_operate.html?command=get_materiel&rest_code=00101&code=00101019277&supplier_code=00100100&order_time=2022-07-13 HTTP/1.1" 200 459
172.20.0.100 - - [13/Jul/2022:12:36:29 +0800] "GET /xingrg/all/function/internal_message.html?_=1657686987284&CODE_STATE=getMsg HTTP/1.1" 200 27
61.170.235.209 - - [13/Jul/2022:12:36:29 +0800] "GET /xingrg/check_reg.html?_=1657686989744 HTTP/1.1" 200 22
61.170.235.209 - - [13/Jul/2022:12:36:29 +0800] "GET /xingrg/all/function/internal_message.html?_=1657686989747&CODE_STATE=getMsg HTTP/1.1" 200 27
101.83.223.227 - - [13/Jul/2022:12:36:30 +0800] "GET /xingrg/check_reg.html?_=1657686948048 HTTP/1.1" 200 22
101.83.223.227 - - [13/Jul/2022:12:36:31 +0800] "GET /xingrg/all/function/internal_message.html?_=1657686948305&CODE_STATE=getMsg HTTP/1.1" 200 27
101.83.241.136 - - [13/Jul/2022:12:36:33 +0800] "GET /xingrg/all/function/internal_message.html?_=1657686991377&CODE_STATE=getMsg HTTP/1.1" 200 27
61.170.235.209 - - [13/Jul/2022:12:36:34 +0800] "GET /xingrg/kc/buy/buy_main.html HTTP/1.1" 200 12412
61.170.235.209 - - [13/Jul/2022:12:36:34 +0800] "GET /xingrg/css/new_ie.css HTTP/1.1" 404 1036
116.230.110.24 - - [13/Jul/2022:12:36:34 +0800] "GET /xingrg/all/function/internal_message.html?_=1657686993530&CODE_STATE=getMsg HTTP/1.1" 200 27
61.170.235.209 - - [13/Jul/2022:12:36:35 +0800] "GET /xingrg/images/yd/bt.gif HTTP/1.1" 404 1040
101.83.241.136 - - [13/Jul/2022:12:36:35 +0800] "GET /xingrg/check_reg.html?_=1657686993472 HTTP/1.1" 200 22
61.170.235.209 - - [13/Jul/2022:12:36:35 +0800] "GET /xingrg/kc/buy/cgsh_order_list.html HTTP/1.1" 200 52094
180.175.103.110 - - [13/Jul/2022:12:36:37 +0800] "GET /xingrg/all/function/internal_message.html?_=1657686996809&CODE_STATE=getMsg HTTP/1.1" 200 27
61.170.235.209 - - [13/Jul/2022:12:36:38 +0800] "POST /xingrg/kc/buy/cgsh_list_operate.html HTTP/1.1" 200 2069
218.81.223.53 - - [13/Jul/2022:12:36:40 +0800] "GET /xingrg/all/function/internal_message.html?_=1657687009775&CODE_STATE=getMsg HTTP/1.1" 200 27
61.170.235.209 - - [13/Jul/2022:12:36:41 +0800] "POST /xingrg/kc/buy/cgsh_list_operate.html HTTP/1.1" 200 342
61.170.235.209 - - [13/Jul/2022:12:36:43 +0800] "GET /xingrg/kc/buy/cgsh_order_info.html?code=212022071303196 HTTP/1.1" 200 67879
61.170.235.209 - - [13/Jul/2022:12:36:43 +0800] "GET /xingrg/javascript/easyui/themes/default/validatebox.css HTTP/1.1" 404 1104
61.170.235.209 - - [13/Jul/2022:12:36:44 +0800] "POST /xingrg/kc/buy/cgsh_order_operate.html HTTP/1.1" 200 3832
222.69.129.110 - - [13/Jul/2022:12:36:46 +0800] "GET /xingrg/all/function/internal_message.html?_=1657687057785&CODE_STATE=getMsg HTTP/1.1" 200 27
61.170.235.209 - - [13/Jul/2022:12:36:50 +0800] "POST /xingrg/kc/buy/cgsh_order_operate.html HTTP/1.1" 200 37
61.170.235.209 - - [13/Jul/2022:12:36:53 +0800] "POST /xingrg/kc/buy/cgsh_order_operate.html HTTP/1.1" 200 12
61.170.235.209 - - [13/Jul/2022:12:36:56 +0800] "GET /xingrg/kc/buy/cgsh_order_info.html?code=212022071303196 HTTP/1.1" 200 62773
61.170.235.209 - - [13/Jul/2022:12:36:56 +0800] "GET /xingrg/javascript/easyui/themes/default/validatebox.css HTTP/1.1" 404 1104
61.170.235.209 - - [13/Jul/2022:12:36:57 +0800] "POST /xingrg/kc/buy/cgsh_order_operate.html HTTP/1.1" 200 1782
120.253.135.82 - - [13/Jul/2022:12:37:00 +0800] "POST /xingrg/kc/buy/cgsh_order_operate.html HTTP/1.1" 200 37
61.170.235.209 - - [13/Jul/2022:12:37:01 +0800] "GET /xingrg/kc/print/load_data.html?order_code=212022071303196&kc_code=cgsh&condition= HTTP/1.1" 200 1226
120.253.135.82 - - [13/Jul/2022:12:37:02 +0800] "POST /xingrg/kc/buy/cgsh_order_operate.html HTTP/1.1" 200 11454
101.85.107.1 - - [13/Jul/2022:12:37:06 +0800] "GET /xingrg/all/function/internal_message.html?_=1657687023484&CODE_STATE=getMsg HTTP/1.1" 200 27
116.235.94.65 - - [13/Jul/2022:12:37:07 +0800] "GET /xingrg/all/function/internal_message.html?_=1657687206807&CODE_STATE=getMsg HTTP/1.1" 200 27
61.170.235.209 - - [13/Jul/2022:12:37:08 +0800] "POST /xingrg/kc/buy/cgsh_list_operate.html HTTP/1.1" 200 1762
120.253.135.82 - - [13/Jul/2022:12:37:09 +0800] "POST /xingrg/kc/buy/cgsh_order_operate.html HTTP/1.1" 200 37
61.170.235.209 - - [13/Jul/2022:12:37:11 +0800] "POST /xingrg/kc/buy/cgsh_list_operate.html HTTP/1.1" 200 568
120.253.135.82 - - [13/Jul/2022:12:37:11 +0800] "POST /xingrg/kc/buy/cgsh_order_operate.html HTTP/1.1" 200 11454
101.85.238.90 - - [13/Jul/2022:12:37:11 +0800] "GET /xingrg/all/function/internal_message.html?_=1657687097946&CODE_STATE=getMsg HTTP/1.1" 200 27
61.170.235.209 - - [13/Jul/2022:12:37:12 +0800] "GET /xingrg/kc/buy/cgsh_order_info.html?code=212022071303194 HTTP/1.1" 200 67881
116.230.110.24 - - [13/Jul/2022:12:37:12 +0800] "GET /xingrg/all/function/internal_message.html?_=1657687031144&CODE_STATE=getMsg HTTP/1.1" 200 27
61.170.235.209 - - [13/Jul/2022:12:37:12 +0800] "GET /xingrg/javascript/easyui/themes/default/validatebox.css HTTP/1.1" 404 1104
180.175.103.110 - - [13/Jul/2022:12:37:12 +0800] "GET /xingrg/check_reg.html?_=1657687032312 HTTP/1.1" 200 22
120.253.135.82 - - [13/Jul/2022:12:37:13 +0800] "GET /xingrg/kc/print/load_data.html?order_code=212022071303284&kc_code=cgsh&condition= HTTP/1.1" 200 4336
61.170.235.209 - - [13/Jul/2022:12:37:13 +0800] "POST /xingrg/kc/buy/cgsh_order_operate.html HTTP/1.1" 200 5609
61.170.235.209 - - [13/Jul/2022:12:37:14 +0800] "POST /xingrg/kc/buy/cgsh_list_operate.html HTTP/1.1" 200 1762
58.35.196.166 - - [13/Jul/2022:12:37:17 +0800] "GET /xingrg/all/function/internal_message.html?_=1657687036660&CODE_STATE=getMsg HTTP/1.1" 200 27
116.228.172.94 - - [13/Jul/2022:12:37:18 +0800] "GET /xingrg/check_reg.html?_=1657686825371 HTTP/1.1" 200 22
116.228.172.94 - - [13/Jul/2022:12:37:18 +0800] "GET /xingrg/all/function/internal_message.html?_=1657686825374&CODE_STATE=getMsg HTTP/1.1" 200 27
61.170.235.209 - - [13/Jul/2022:12:37:20 +0800] "POST /xingrg/kc/buy/cgsh_order_operate.html HTTP/1.1" 200 37
61.170.235.209 - - [13/Jul/2022:12:37:23 +0800] "POST /xingrg/kc/buy/cgsh_order_operate.html HTTP/1.1" 200 12
120.253.135.82 - - [13/Jul/2022:12:37:23 +0800] "GET /xingrg/all/function/internal_message.html?_=1657686851140&CODE_STATE=getMsg HTTP/1.1" 200 27
114.86.187.244 - - [13/Jul/2022:12:37:23 +0800] "GET /xingrg/all/function/internal_message.html?_=1657687044649&CODE_STATE=getMsg HTTP/1.1" 200 27
61.170.235.209 - - [13/Jul/2022:12:37:24 +0800] "GET /xingrg/kc/buy/cgsh_order_info.html?code=212022071303194 HTTP/1.1" 200 62775
61.170.235.209 - - [13/Jul/2022:12:37:24 +0800] "GET /xingrg/javascript/easyui/themes/default/validatebox.css HTTP/1.1" 404 1104
114.86.187.244 - - [13/Jul/2022:12:37:25 +0800] "POST /xingrg/services/DataTransmitService HTTP/1.1" 200 524
61.170.235.209 - - [13/Jul/2022:12:37:25 +0800] "POST /xingrg/kc/buy/cgsh_order_operate.html HTTP/1.1" 200 3557
114.86.187.244 - - [13/Jul/2022:12:37:26 +0800] "POST /xingrg/services/DataTransmitService HTTP/1.1" 200 501
114.86.187.244 - - [13/Jul/2022:12:37:26 +0800] "POST /xingrg/services/DataTransmitService HTTP/1.1" 200 501
114.86.187.244 - - [13/Jul/2022:12:37:26 +0800] "POST /xingrg/services/DataTransmitService HTTP/1.1" 200 501
114.86.187.244 - - [13/Jul/2022:12:37:27 +0800] "POST /xingrg/services/DataTransmitService HTTP/1.1" 200 501
114.86.187.244 - - [13/Jul/2022:12:37:27 +0800] "POST /xingrg/services/DataTransmitService HTTP/1.1" 200 501
114.86.187.244 - - [13/Jul/2022:12:37:27 +0800] "POST /xingrg/services/DataTransmitService HTTP/1.1" 200 501
114.86.187.244 - - [13/Jul/2022:12:37:27 +0800] "POST /xingrg/services/DataTransmitService HTTP/1.1" 200 501
114.86.187.244 - - [13/Jul/2022:12:37:28 +0800] "POST /xingrg/services/DataTransmitService HTTP/1.1" 200 501
114.86.187.244 - - [13/Jul/2022:12:37:28 +0800] "POST /xingrg/services/DataTransmitService HTTP/1.1" 200 412
61.170.235.209 - - [13/Jul/2022:12:37:28 +0800] "GET /xingrg/kc/print/load_data.html?order_code=212022071303194&kc_code=cgsh&condition= HTTP/1.1" 200 1832
172.20.0.100 - - [13/Jul/2022:12:37:29 +0800] "GET /xingrg/all/function/internal_message.html?_=1657687047287&CODE_STATE=getMsg HTTP/1.1" 200 27
61.170.235.209 - - [13/Jul/2022:12:37:29 +0800] "GET /xingrg/all/function/internal_message.html?_=1657687049763&CODE_STATE=getMsg HTTP/1.1" 200 27
101.83.223.227 - - [13/Jul/2022:12:37:31 +0800] "GET /xingrg/all/function/internal_message.html?_=1657687008319&CODE_STATE=getMsg HTTP/1.1" 200 27
101.83.241.136 - - [13/Jul/2022:12:37:33 +0800] "GET /xingrg/all/function/internal_message.html?_=1657687051365&CODE_STATE=getMsg HTTP/1.1" 200 27
116.230.110.24 - - [13/Jul/2022:12:37:34 +0800] "GET /xingrg/all/function/internal_message.html?_=1657687053544&CODE_STATE=getMsg HTTP/1.1" 200 27
116.230.110.24 - - [13/Jul/2022:12:37:34 +0800] "GET /xingrg/check_reg.html?_=1657687053547 HTTP/1.1" 200 22
61.170.235.209 - - [13/Jul/2022:12:37:37 +0800] "POST /xingrg/kc/buy/cgsh_list_operate.html HTTP/1.1" 200 1451
180.175.103.110 - - [13/Jul/2022:12:37:37 +0800] "GET /xingrg/all/function/internal_message.html?_=1657687056780&CODE_STATE=getMsg HTTP/1.1" 200 27
61.170.235.209 - - [13/Jul/2022:12:37:39 +0800] "POST /xingrg/kc/buy/cgsh_list_operate.html HTTP/1.1" 200 571
218.81.223.53 - - [13/Jul/2022:12:37:40 +0800] "GET /xingrg/all/function/internal_message.html?_=1657687069789&CODE_STATE=getMsg HTTP/1.1" 200 27
61.170.235.209 - - [13/Jul/2022:12:37:40 +0800] "GET /xingrg/kc/buy/cgsh_order_info.html?code=212022071303230 HTTP/1.1" 200 67879
61.170.235.209 - - [13/Jul/2022:12:37:41 +0800] "GET /xingrg/javascript/easyui/themes/default/validatebox.css HTTP/1.1" 404 1104
61.170.235.209 - - [13/Jul/2022:12:37:41 +0800] "POST /xingrg/kc/buy/cgsh_order_operate.html HTTP/1.1" 200 19193
61.170.235.209 - - [13/Jul/2022:12:37:42 +0800] "POST /xingrg/kc/buy/cgsh_list_operate.html HTTP/1.1" 200 1451
58.35.196.166 - - [13/Jul/2022:12:37:46 +0800] "GET /xingrg/check_reg.html?_=1657687066366 HTTP/1.1" 200 22
222.69.129.110 - - [13/Jul/2022:12:37:46 +0800] "GET /xingrg/all/function/internal_message.html?_=1657687117776&CODE_STATE=getMsg HTTP/1.1" 200 27
61.170.235.209 - - [13/Jul/2022:12:37:48 +0800] "POST /xingrg/kc/buy/cgsh_order_operate.html HTTP/1.1" 200 37
61.170.235.209 - - [13/Jul/2022:12:37:51 +0800] "POST /xingrg/kc/buy/cgsh_order_operate.html HTTP/1.1" 200 12
61.170.235.209 - - [13/Jul/2022:12:37:52 +0800] "GET /xingrg/kc/buy/cgsh_order_info.html?code=212022071303230 HTTP/1.1" 200 62773
61.170.235.209 - - [13/Jul/2022:12:37:52 +0800] "GET /xingrg/javascript/easyui/themes/default/validatebox.css HTTP/1.1" 404 1104
61.170.235.209 - - [13/Jul/2022:12:37:53 +0800] "POST /xingrg/kc/buy/cgsh_order_operate.html HTTP/1.1" 200 17138
61.170.235.209 - - [13/Jul/2022:12:37:56 +0800] "GET /xingrg/kc/print/load_data.html?order_code=212022071303230&kc_code=cgsh&condition= HTTP/1.1" 200 6974
101.85.107.1 - - [13/Jul/2022:12:38:06 +0800] "GET /xingrg/all/function/internal_message.html?_=1657687083455&CODE_STATE=getMsg HTTP/1.1" 200 27
116.235.94.65 - - [13/Jul/2022:12:38:07 +0800] "GET /xingrg/all/function/internal_message.html?_=1657687266771&CODE_STATE=getMsg HTTP/1.1" 200 27
61.170.235.209 - - [13/Jul/2022:12:38:11 +0800] "GET /xingrg/kc/buy/buy_main.html HTTP/1.1" 200 12412
61.170.235.209 - - [13/Jul/2022:12:38:11 +0800] "GET /xingrg/css/new_ie.css HTTP/1.1" 404 1036
101.85.238.90 - - [13/Jul/2022:12:38:11 +0800] "GET /xingrg/all/function/internal_message.html?_=1657687158209&CODE_STATE=getMsg HTTP/1.1" 200 27
61.170.235.209 - - [13/Jul/2022:12:38:12 +0800] "GET /xingrg/images/yd/bt.gif HTTP/1.1" 404 1040
116.230.110.24 - - [13/Jul/2022:12:38:13 +0800] "GET /xingrg/check_reg.html?_=1657687091143 HTTP/1.1" 200 22
116.230.110.24 - - [13/Jul/2022:12:38:13 +0800] "GET /xingrg/all/function/internal_message.html?_=1657687091144&CODE_STATE=getMsg HTTP/1.1" 200 27
61.170.235.209 - - [13/Jul/2022:12:38:13 +0800] "GET /xingrg/kc/buy/cgsh_order_list.html HTTP/1.1" 200 52094
61.170.235.209 - - [13/Jul/2022:12:38:14 +0800] "POST /xingrg/kc/buy/cgsh_list_operate.html HTTP/1.1" 200 693
58.35.196.166 - - [13/Jul/2022:12:38:17 +0800] "GET /xingrg/all/function/internal_message.html?_=1657687096632&CODE_STATE=getMsg HTTP/1.1" 200 27
61.170.235.209 - - [13/Jul/2022:12:38:17 +0800] "POST /xingrg/kc/buy/cgsh_list_operate.html HTTP/1.1" 200 693
61.170.235.209 - - [13/Jul/2022:12:38:18 +0800] "GET /xingrg/kc/buy/buy_main.html HTTP/1.1" 200 12412
61.170.235.209 - - [13/Jul/2022:12:38:18 +0800] "GET /xingrg/css/new_ie.css HTTP/1.1" 404 1036
116.228.172.94 - - [13/Jul/2022:12:38:18 +0800] "GET /xingrg/all/function/internal_message.html?_=1657686885365&CODE_STATE=getMsg HTTP/1.1" 200 27
61.170.235.209 - - [13/Jul/2022:12:38:19 +0800] "GET /xingrg/images/yd/bt.gif HTTP/1.1" 404 1040
61.170.235.209 - - [13/Jul/2022:12:38:20 +0800] "GET /xingrg/kc/buy/cgsh_order_list.html HTTP/1.1" 200 52094
61.170.235.209 - - [13/Jul/2022:12:38:21 +0800] "POST /xingrg/kc/buy/cgsh_list_operate.html HTTP/1.1" 200 693
180.169.147.146 - - [13/Jul/2022:12:38:22 +0800] "GET /xingrg/check_reg.html?_=1657687101631 HTTP/1.1" 302 -
114.86.187.244 - - [13/Jul/2022:12:38:23 +0800] "GET /xingrg/all/function/internal_message.html?_=1657687104638&CODE_STATE=getMsg HTTP/1.1" 200 27
120.253.135.82 - - [13/Jul/2022:12:38:24 +0800] "GET /xingrg/all/function/internal_message.html?_=1657686911311&CODE_STATE=getMsg HTTP/1.1" 200 27
61.170.235.209 - - [13/Jul/2022:12:38:25 +0800] "GET /xingrg/kc/base/base_main.html HTTP/1.1" 200 12142
61.170.235.209 - - [13/Jul/2022:12:38:26 +0800] "GET /xingrg/kc/base/wldb_order_list.html HTTP/1.1" 200 19142
61.170.235.209 - - [13/Jul/2022:12:38:27 +0800] "POST /xingrg/kc/base/wldb_list_operate.html HTTP/1.1" 200 928
172.20.0.100 - - [13/Jul/2022:12:38:29 +0800] "GET /xingrg/all/function/internal_message.html?_=1657687107290&CODE_STATE=getMsg HTTP/1.1" 200 27
172.20.0.100 - - [13/Jul/2022:12:38:29 +0800] "GET /xingrg/check_reg.html?_=1657687107291 HTTP/1.1" 200 22
61.170.235.209 - - [13/Jul/2022:12:38:29 +0800] "GET /xingrg/all/function/internal_message.html?_=1657687109746&CODE_STATE=getMsg HTTP/1.1" 200 27
101.83.223.227 - - [13/Jul/2022:12:38:31 +0800] "GET /xingrg/all/function/internal_message.html?_=1657687068332&CODE_STATE=getMsg HTTP/1.1" 200 27
116.235.94.65 - - [13/Jul/2022:12:38:33 +0800] "POST /xingrg/kc/buy/cgsh_order_operate.html HTTP/1.1" 200 37
101.83.241.136 - - [13/Jul/2022:12:38:33 +0800] "GET /xingrg/all/function/internal_message.html?_=1657687111338&CODE_STATE=getMsg HTTP/1.1" 200 27
116.230.110.24 - - [13/Jul/2022:12:38:35 +0800] "GET /xingrg/all/function/internal_message.html?_=1657687113537&CODE_STATE=getMsg HTTP/1.1" 200 27
180.175.103.110 - - [13/Jul/2022:12:38:37 +0800] "GET /xingrg/all/function/internal_message.html?_=1657687116750&CODE_STATE=getMsg HTTP/1.1" 200 27
218.81.223.53 - - [13/Jul/2022:12:38:41 +0800] "GET /xingrg/all/function/internal_message.html?_=1657687130050&CODE_STATE=getMsg HTTP/1.1" 200 27
222.69.129.110 - - [13/Jul/2022:12:38:46 +0800] "GET /xingrg/check_reg.html?_=1657687177772 HTTP/1.1" 200 22
222.69.129.110 - - [13/Jul/2022:12:38:46 +0800] "GET /xingrg/all/function/internal_message.html?_=1657687177775&CODE_STATE=getMsg HTTP/1.1" 200 27
120.253.135.82 - - [13/Jul/2022:12:38:52 +0800] "POST /xingrg/kc/buy/cgsh_order_operate.html HTTP/1.1" 200 37
120.253.135.82 - - [13/Jul/2022:12:38:56 +0800] "POST /xingrg/kc/buy/cgsh_order_operate.html HTTP/1.1" 200 12
120.253.135.82 - - [13/Jul/2022:12:38:57 +0800] "GET /xingrg/kc/buy/cgsh_order_info.html?code=212022071303284 HTTP/1.1" 200 61847
120.253.135.82 - - [13/Jul/2022:12:38:59 +0800] "GET /xingrg/javascript/easyui/themes/default/validatebox.css HTTP/1.1" 404 1104
120.253.135.82 - - [13/Jul/2022:12:38:59 +0800] "POST /xingrg/kc/buy/cgsh_order_operate.html HTTP/1.1" 200 9399
120.253.135.82 - - [13/Jul/2022:12:39:03 +0800] "POST /xingrg/kc/buy/cgsh_list_operate.html HTTP/1.1" 200 1454
120.253.135.82 - - [13/Jul/2022:12:39:05 +0800] "POST /xingrg/kc/buy/cgsh_list_operate.html HTTP/1.1" 200 417
101.85.107.1 - - [13/Jul/2022:12:39:06 +0800] "GET /xingrg/all/function/internal_message.html?_=1657687143440&CODE_STATE=getMsg HTTP/1.1" 200 27
120.253.135.82 - - [13/Jul/2022:12:39:06 +0800] "GET /xingrg/kc/buy/cgsh_order_info.html?code=212022071303277 HTTP/1.1" 200 66949
101.85.107.1 - - [13/Jul/2022:12:39:07 +0800] "GET /xingrg/check_reg.html?_=1657687144269 HTTP/1.1" 200 22
120.253.135.82 - - [13/Jul/2022:12:39:07 +0800] "GET /xingrg/javascript/easyui/themes/default/validatebox.css HTTP/1.1" 404 1104
120.253.135.82 - - [13/Jul/2022:12:39:07 +0800] "POST /xingrg/kc/buy/cgsh_order_operate.html HTTP/1.1" 200 4442
101.85.238.90 - - [13/Jul/2022:12:39:11 +0800] "GET /xingrg/all/function/internal_message.html?_=1657687218223&CODE_STATE=getMsg HTTP/1.1" 200 27
116.230.110.24 - - [13/Jul/2022:12:39:12 +0800] "GET /xingrg/all/function/internal_message.html?_=1657687151140&CODE_STATE=getMsg HTTP/1.1" 200 27
58.35.196.166 - - [13/Jul/2022:12:39:17 +0800] "GET /xingrg/all/function/internal_message.html?_=1657687156601&CODE_STATE=getMsg HTTP/1.1" 200 27
116.228.172.94 - - [13/Jul/2022:12:39:18 +0800] "GET /xingrg/all/function/internal_message.html?_=1657686945382&CODE_STATE=getMsg HTTP/1.1" 200 27
114.86.187.244 - - [13/Jul/2022:12:39:23 +0800] "GET /xingrg/all/function/internal_message.html?_=1657687164641&CODE_STATE=getMsg HTTP/1.1" 200 27
120.253.135.82 - - [13/Jul/2022:12:39:24 +0800] "GET /xingrg/all/function/internal_message.html?_=1657686971322&CODE_STATE=getMsg HTTP/1.1" 200 27
116.235.94.65 - - [13/Jul/2022:12:39:28 +0800] "GET /xingrg/check_reg.html?_=1657687347674 HTTP/1.1" 200 22
116.235.94.65 - - [13/Jul/2022:12:39:28 +0800] "POST /xingrg/kc/buy/cgsh_order_operate.html HTTP/1.1" 200 3851
172.20.0.100 - - [13/Jul/2022:12:39:29 +0800] "GET /xingrg/all/function/internal_message.html?_=1657687167292&CODE_STATE=getMsg HTTP/1.1" 200 27
101.83.223.227 - - [13/Jul/2022:12:39:31 +0800] "GET /xingrg/all/function/internal_message.html?_=1657687128354&CODE_STATE=getMsg HTTP/1.1" 200 27
116.235.94.65 - - [13/Jul/2022:12:39:31 +0800] "POST /xingrg/kc/buy/cgsh_list_operate.html HTTP/1.1" 200 2954
101.83.241.136 - - [13/Jul/2022:12:39:33 +0800] "GET /xingrg/all/function/internal_message.html?_=1657687171310&CODE_STATE=getMsg HTTP/1.1" 200 27
116.230.110.24 - - [13/Jul/2022:12:39:34 +0800] "GET /xingrg/all/function/internal_message.html?_=1657687173534&CODE_STATE=getMsg HTTP/1.1" 200 27
116.235.94.65 - - [13/Jul/2022:12:39:35 +0800] "POST /xingrg/kc/buy/cgsh_list_operate.html HTTP/1.1" 200 422
180.175.103.110 - - [13/Jul/2022:12:39:37 +0800] "GET /xingrg/all/function/internal_message.html?_=1657687176719&CODE_STATE=getMsg HTTP/1.1" 200 27
116.235.94.65 - - [13/Jul/2022:12:39:38 +0800] "GET /xingrg/kc/buy/cgsh_order_info.html?code=212022071203145 HTTP/1.1" 200 67916
116.235.94.65 - - [13/Jul/2022:12:39:38 +0800] "GET /xingrg/words/20220713121711_words.js HTTP/1.1" 200 904596
116.235.94.65 - - [13/Jul/2022:12:39:38 +0800] "GET /xingrg/all/common/auto_word.html?type=employee&rest_code=00104 HTTP/1.1" 200 245
116.235.94.65 - - [13/Jul/2022:12:39:38 +0800] "GET /xingrg/javascript/easyui/themes/default/validatebox.css HTTP/1.1" 404 1104
116.235.94.65 - - [13/Jul/2022:12:39:38 +0800] "GET /xingrg/all/common/auto_word.html?type=employee&rest_code=00104 HTTP/1.1" 200 245
116.235.94.65 - - [13/Jul/2022:12:39:39 +0800] "POST /xingrg/kc/buy/cgsh_order_operate.html HTTP/1.1" 200 4431
218.81.223.53 - - [13/Jul/2022:12:39:41 +0800] "GET /xingrg/all/function/internal_message.html?_=1657687190065&CODE_STATE=getMsg HTTP/1.1" 200 27
222.69.129.110 - - [13/Jul/2022:12:39:46 +0800] "GET /xingrg/all/function/internal_message.html?_=1657687237792&CODE_STATE=getMsg HTTP/1.1" 200 27
27.150.111.222 - - [13/Jul/2022:12:39:52 +0800] "GET /favicon.ico HTTP/1.1" 404 -
27.150.111.222 - - [13/Jul/2022:12:39:58 +0800] "GET /xingrg/index.html?sysBaseUrl=http%3A%2F%2F180.169.147.146%3A18081%2Fxingrg%2F&costTime=39×tamp=1592034574635 HTTP/1.1" 302 -
27.150.111.222 - - [13/Jul/2022:12:39:59 +0800] "GET /xingrg/login.html HTTP/1.1" 200 7641
27.150.111.222 - - [13/Jul/2022:12:39:59 +0800] "GET /favicon.ico HTTP/1.1" 404 -
27.150.111.222 - - [13/Jul/2022:12:40:00 +0800] "POST /xingrg/login.do HTTP/1.1" 302 -
27.150.111.222 - - [13/Jul/2022:12:40:00 +0800] "GET /xingrg/index.html?sysBaseUrl=http%3A%2F%2F180.169.147.146%3A18081%2Fxingrg%2F&costTime=40×tamp=1657687200558 HTTP/1.1" 200 17503
27.150.111.222 - - [13/Jul/2022:12:40:00 +0800] "GET /favicon.ico HTTP/1.1" 404 -
27.150.111.222 - - [13/Jul/2022:12:40:00 +0800] "POST /xingrg/all/common/load_tree.html?tree=area_rest_tree_json&manage=1 HTTP/1.1" 200 3472
27.150.111.222 - - [13/Jul/2022:12:40:00 +0800] "GET /xingrg/all/function/internal_message.html?_=1657687199505&CODE_STATE=count HTTP/1.1" 200 11
27.150.111.222 - - [13/Jul/2022:12:40:00 +0800] "GET /xingrg/check_reg.html?_=1657687199506 HTTP/1.1" 200 22
27.150.111.222 - - [13/Jul/2022:12:40:00 +0800] "POST /xingrg/load_menu.html HTTP/1.1" 200 11564
27.150.111.222 - - [13/Jul/2022:12:40:04 +0800] "POST /xingrg/all/user/operate.html HTTP/1.1" 200 36
27.150.111.222 - - [13/Jul/2022:12:40:04 +0800] "GET /xingrg/javascript/jquery_easy_ui/themes/default/easyui.css HTTP/1.1" 304 -
27.150.111.222 - - [13/Jul/2022:12:40:04 +0800] "GET /xingrg/index.html?sysBaseUrl=http%3A%2F%2F180.169.147.146%3A18081%2Fxingrg%2F&costTime=40×tamp=1657687200558 HTTP/1.1" 200 17509
27.150.111.222 - - [13/Jul/2022:12:40:04 +0800] "GET /xingrg/javascript/jquery_easy_ui/themes/icon.css HTTP/1.1" 304 -
27.150.111.222 - - [13/Jul/2022:12:40:04 +0800] "GET /xingrg/css/form.css HTTP/1.1" 304 -
27.150.111.222 - - [13/Jul/2022:12:40:04 +0800] "GET /xingrg/javascript/jquery-1.4.2.min.js HTTP/1.1" 304 -
27.150.111.222 - - [13/Jul/2022:12:40:04 +0800] "GET /xingrg/javascript/jquery_easy_ui/jquery.easyui.min.js HTTP/1.1" 304 -
27.150.111.222 - - [13/Jul/2022:12:40:04 +0800] "GET /xingrg/javascript/jquery_easy_ui/easyui-lang-zh_CN.js HTTP/1.1" 304 -
27.150.111.222 - - [13/Jul/2022:12:40:04 +0800] "GET /xingrg/javascript/jquery.form.js HTTP/1.1" 304 -
27.150.111.222 - - [13/Jul/2022:12:40:04 +0800] "GET /xingrg/javascript/jquery.utils.js HTTP/1.1" 304 -
27.150.111.222 - - [13/Jul/2022:12:40:04 +0800] "GET /xingrg/javascript/jquery.timers.js HTTP/1.1" 304 -
27.150.111.222 - - [13/Jul/2022:12:40:04 +0800] "GET /xingrg/images/blue/navBackgound.jpg HTTP/1.1" 304 -
27.150.111.222 - - [13/Jul/2022:12:40:04 +0800] "GET /xingrg/images/blue/jxLogo.png HTTP/1.1" 304 -
27.150.111.222 - - [13/Jul/2022:12:40:04 +0800] "GET /xingrg/javascript/jquery_easy_ui/themes/icons/settle_new.png HTTP/1.1" 304 -
27.150.111.222 - - [13/Jul/2022:12:40:04 +0800] "POST /xingrg/all/common/load_tree.html?tree=area_rest_tree_json&manage=1 HTTP/1.1" 200 3472
27.150.111.222 - - [13/Jul/2022:12:40:04 +0800] "GET /xingrg/all/function/internal_message.html?_=1657687203264&CODE_STATE=count HTTP/1.1" 200 11
27.150.111.222 - - [13/Jul/2022:12:40:04 +0800] "GET /xingrg/check_reg.html?_=1657687203265 HTTP/1.1" 200 22
27.150.111.222 - - [13/Jul/2022:12:40:04 +0800] "GET /xingrg/javascript/jquery_easy_ui/themes/default/images/tabs_leftarrow.png HTTP/1.1" 304 -
27.150.111.222 - - [13/Jul/2022:12:40:04 +0800] "GET /xingrg/javascript/jquery_easy_ui/themes/default/images/panel_tool_collapse.gif HTTP/1.1" 304 -
27.150.111.222 - - [13/Jul/2022:12:40:04 +0800] "GET /xingrg/javascript/jquery_easy_ui/themes/default/images/tabs_rightarrow.png HTTP/1.1" 304 -
27.150.111.222 - - [13/Jul/2022:12:40:04 +0800] "POST /xingrg/load_menu.html HTTP/1.1" 200 9959
27.150.111.222 - - [13/Jul/2022:12:40:04 +0800] "GET /xingrg/images/blue/pingpu.png HTTP/1.1" 304 -
27.150.111.222 - - [13/Jul/2022:12:40:04 +0800] "GET /xingrg/javascript/jquery_easy_ui/themes/default/images/panel_tool_expand.gif HTTP/1.1" 304 -
27.150.111.222 - - [13/Jul/2022:12:40:04 +0800] "GET /xingrg/javascript/jquery_easy_ui/themes/default/images/tree_folder.gif HTTP/1.1" 304 -
27.150.111.222 - - [13/Jul/2022:12:40:04 +0800] "GET /xingrg/javascript/jquery_easy_ui/themes/default/images/tree_folder_open.gif HTTP/1.1" 304 -
27.150.111.222 - - [13/Jul/2022:12:40:04 +0800] "GET /xingrg/javascript/jquery_easy_ui/themes/icons/forms_new.png HTTP/1.1" 304 -
27.150.111.222 - - [13/Jul/2022:12:40:04 +0800] "GET /xingrg/javascript/jquery_easy_ui/themes/icons/search_new.png HTTP/1.1" 304 -
27.150.111.222 - - [13/Jul/2022:12:40:04 +0800] "GET /xingrg/javascript/jquery_easy_ui/themes/icons/storage_new.png HTTP/1.1" 304 -
27.150.111.222 - - [13/Jul/2022:12:40:04 +0800] "GET /xingrg/javascript/jquery_easy_ui/themes/icons/checkout_new.png HTTP/1.1" 304 -
27.150.111.222 - - [13/Jul/2022:12:40:04 +0800] "GET /xingrg/javascript/jquery_easy_ui/themes/icons/setting_new.png HTTP/1.1" 304 -
27.150.111.222 - - [13/Jul/2022:12:40:04 +0800] "GET /xingrg/javascript/jquery_easy_ui/themes/default/images/tree_arrows.gif HTTP/1.1" 304 -
27.150.111.222 - - [13/Jul/2022:12:40:04 +0800] "GET /xingrg/javascript/jquery_easy_ui/themes/icons/systemset_new.png HTTP/1.1" 304 -
27.150.111.222 - - [13/Jul/2022:12:40:04 +0800] "GET /xingrg/javascript/jquery_easy_ui/themes/default/images/tree_file.gif HTTP/1.1" 304 -
101.85.107.1 - - [13/Jul/2022:12:40:06 +0800] "GET /xingrg/all/function/internal_message.html?_=1657687203411&CODE_STATE=getMsg HTTP/1.1" 200 27
27.150.111.222 - - [13/Jul/2022:12:40:07 +0800] "GET /xingrg/kc/base/wlsy_order_list.html?syType=0 HTTP/1.1" 200 17517
27.150.111.222 - - [13/Jul/2022:12:40:07 +0800] "POST /xingrg/kc/base/wlsy_list_operate.html?syType=0 HTTP/1.1" 200 862
116.235.94.65 - - [13/Jul/2022:12:40:07 +0800] "GET /xingrg/all/function/internal_message.html?_=1657687386777&CODE_STATE=getMsg HTTP/1.1" 200 27
27.150.111.222 - - [13/Jul/2022:12:40:10 +0800] "POST /xingrg/kc/base/wlsy_list_operate.html?syType=0 HTTP/1.1" 200 2496
101.85.238.90 - - [13/Jul/2022:12:40:12 +0800] "GET /xingrg/all/function/internal_message.html?_=1657687278497&CODE_STATE=getMsg HTTP/1.1" 200 27
116.230.110.24 - - [13/Jul/2022:12:40:12 +0800] "GET /xingrg/all/function/internal_message.html?_=1657687211155&CODE_STATE=getMsg HTTP/1.1" 200 27
58.35.196.166 - - [13/Jul/2022:12:40:17 +0800] "GET /xingrg/all/function/internal_message.html?_=1657687216587&CODE_STATE=getMsg HTTP/1.1" 200 27
116.228.172.94 - - [13/Jul/2022:12:40:18 +0800] "GET /xingrg/all/function/internal_message.html?_=1657687005378&CODE_STATE=getMsg HTTP/1.1" 200 27
114.86.187.244 - - [13/Jul/2022:12:40:23 +0800] "GET /xingrg/all/function/internal_message.html?_=1657687224650&CODE_STATE=getMsg HTTP/1.1" 200 27
114.86.187.244 - - [13/Jul/2022:12:40:23 +0800] "GET /xingrg/check_reg.html?_=1657687224653 HTTP/1.1" 200 22
172.20.0.100 - - [13/Jul/2022:12:40:29 +0800] "GET /xingrg/all/function/internal_message.html?_=1657687227294&CODE_STATE=getMsg HTTP/1.1" 200 27
101.83.223.227 - - [13/Jul/2022:12:40:31 +0800] "GET /xingrg/all/function/internal_message.html?_=1657687188360&CODE_STATE=getMsg HTTP/1.1" 200 27
101.83.241.136 - - [13/Jul/2022:12:40:33 +0800] "GET /xingrg/all/function/internal_message.html?_=1657687231292&CODE_STATE=getMsg HTTP/1.1" 200 27
116.230.110.24 - - [13/Jul/2022:12:40:34 +0800] "GET /xingrg/all/function/internal_message.html?_=1657687233532&CODE_STATE=getMsg HTTP/1.1" 200 27
180.175.103.110 - - [13/Jul/2022:12:40:37 +0800] "GET /xingrg/all/function/internal_message.html?_=1657687236699&CODE_STATE=getMsg HTTP/1.1" 200 27
218.81.223.53 - - [13/Jul/2022:12:40:41 +0800] "GET /xingrg/all/function/internal_message.html?_=1657687250298&CODE_STATE=getMsg HTTP/1.1" 200 27
222.69.129.110 - - [13/Jul/2022:12:40:46 +0800] "GET /xingrg/all/function/internal_message.html?_=1657687297764&CODE_STATE=getMsg HTTP/1.1" 200 27
120.253.135.82 - - [13/Jul/2022:12:40:49 +0800] "GET /xingrg/login.html HTTP/1.1" 200 7641
120.253.135.82 - - [13/Jul/2022:12:40:50 +0800] "GET /xingrg/images/blue/jxLogo.png HTTP/1.1" 304 -
120.253.135.82 - - [13/Jul/2022:12:40:50 +0800] "GET /xingrg/images/blue/login_bg.png HTTP/1.1" 304 -
120.253.135.82 - - [13/Jul/2022:12:40:50 +0800] "GET /xingrg/images/blue/srbg.png HTTP/1.1" 304 -
120.253.135.82 - - [13/Jul/2022:12:40:50 +0800] "GET /xingrg/images/blue/hj.png HTTP/1.1" 304 -
120.253.135.82 - - [13/Jul/2022:12:40:50 +0800] "GET /favicon.ico HTTP/1.1" 404 -
120.253.135.82 - - [13/Jul/2022:12:40:54 +0800] "POST /xingrg/login.do HTTP/1.1" 302 -
120.253.135.82 - - [13/Jul/2022:12:40:54 +0800] "GET /xingrg/index.html?sysBaseUrl=http%3A%2F%2F180.169.147.146%3A18081%2Fxingrg%2F&costTime=40×tamp=1657687254028 HTTP/1.1" 200 17173
120.253.135.82 - - [13/Jul/2022:12:40:54 +0800] "GET /xingrg/javascript/jquery_easy_ui/themes/default/easyui.css HTTP/1.1" 304 -
120.253.135.82 - - [13/Jul/2022:12:40:54 +0800] "GET /xingrg/css/form.css HTTP/1.1" 304 -
120.253.135.82 - - [13/Jul/2022:12:40:54 +0800] "GET /xingrg/javascript/jquery-1.4.2.min.js HTTP/1.1" 304 -
120.253.135.82 - - [13/Jul/2022:12:40:54 +0800] "GET /xingrg/javascript/jquery_easy_ui/themes/icon.css HTTP/1.1" 304 -
120.253.135.82 - - [13/Jul/2022:12:40:54 +0800] "GET /favicon.ico HTTP/1.1" 404 -
120.253.135.82 - - [13/Jul/2022:12:40:54 +0800] "GET /xingrg/javascript/jquery_easy_ui/jquery.easyui.min.js HTTP/1.1" 304 -
120.253.135.82 - - [13/Jul/2022:12:40:54 +0800] "GET /xingrg/javascript/jquery_easy_ui/easyui-lang-zh_CN.js HTTP/1.1" 304 -
