120.253.135.82 - - [13/Jul/2022:06:19:54 +0800] "POST /xingrg/kc/pszx/mdps_order_operate.html HTTP/1.1" 200 37
120.253.135.82 - - [13/Jul/2022:06:19:54 +0800] "GET /xingrg/kc/pszx/mdps_order_info.html?code=312022071300213 HTTP/1.1" 200 23978
120.253.135.82 - - [13/Jul/2022:06:19:55 +0800] "POST /xingrg/kc/pszx/mdps_order_operate.html HTTP/1.1" 200 2805
120.253.135.82 - - [13/Jul/2022:06:19:55 +0800] "GET /xingrg/javascript/easyui/themes/default/validatebox.css HTTP/1.1" 404 1104
120.253.135.82 - - [13/Jul/2022:06:20:02 +0800] "POST /xingrg/kc/pszx/mdps_list_operate.html HTTP/1.1" 200 203
120.253.135.82 - - [13/Jul/2022:06:20:03 +0800] "GET /xingrg/kc/pszx/mdps_order_info.html?code=312022071300214 HTTP/1.1" 200 23978
218.81.223.53 - - [13/Jul/2022:06:20:03 +0800] "GET /xingrg/check_reg.html?_=1657664411454 HTTP/1.1" 200 22
120.253.135.82 - - [13/Jul/2022:06:20:03 +0800] "POST /xingrg/kc/pszx/mdps_order_operate.html HTTP/1.1" 200 2287
120.253.135.82 - - [13/Jul/2022:06:20:03 +0800] "GET /xingrg/javascript/easyui/themes/default/validatebox.css HTTP/1.1" 404 1104
120.253.135.82 - - [13/Jul/2022:06:20:05 +0800] "POST /xingrg/all/common/load_combo.html?type=base HTTP/1.1" 200 1169
120.253.135.82 - - [13/Jul/2022:06:20:11 +0800] "POST /xingrg/kc/pszx/mdps_order_operate.html HTTP/1.1" 200 37
120.253.135.82 - - [13/Jul/2022:06:20:12 +0800] "GET /xingrg/kc/pszx/mdps_order_info.html?code=312022071300214 HTTP/1.1" 200 23976
120.253.135.82 - - [13/Jul/2022:06:20:13 +0800] "POST /xingrg/kc/pszx/mdps_order_operate.html HTTP/1.1" 200 2296
120.253.135.82 - - [13/Jul/2022:06:20:13 +0800] "GET /xingrg/javascript/easyui/themes/default/validatebox.css HTTP/1.1" 404 1104
120.253.135.82 - - [13/Jul/2022:06:20:14 +0800] "GET /xingrg/all/function/internal_message.html?_=1657664222275&CODE_STATE=getMsg HTTP/1.1" 200 27
116.235.94.65 - - [13/Jul/2022:06:20:16 +0800] "GET /xingrg/all/function/internal_message.html?_=1657664595944&CODE_STATE=getMsg HTTP/1.1" 200 27
120.253.135.82 - - [13/Jul/2022:06:20:20 +0800] "POST /xingrg/kc/pszx/mdps_list_operate.html HTTP/1.1" 200 3913
120.253.135.82 - - [13/Jul/2022:06:20:21 +0800] "POST /xingrg/kc/pszx/mdps_list_operate.html HTTP/1.1" 200 627
120.253.135.82 - - [13/Jul/2022:06:20:22 +0800] "GET /xingrg/kc/pszx/mdps_order_info.html?code=312022071300215 HTTP/1.1" 200 23978
120.253.135.82 - - [13/Jul/2022:06:20:23 +0800] "POST /xingrg/kc/pszx/mdps_order_operate.html HTTP/1.1" 200 6315
120.253.135.82 - - [13/Jul/2022:06:20:23 +0800] "GET /xingrg/javascript/easyui/themes/default/validatebox.css HTTP/1.1" 404 1104
58.35.196.166 - - [13/Jul/2022:06:20:24 +0800] "GET /xingrg/all/function/internal_message.html?_=1657664424562&CODE_STATE=getMsg HTTP/1.1" 200 27
120.253.135.82 - - [13/Jul/2022:06:20:26 +0800] "POST /xingrg/kc/pszx/mdps_order_operate.html HTTP/1.1" 200 37
120.253.135.82 - - [13/Jul/2022:06:20:26 +0800] "GET /xingrg/kc/pszx/mdps_order_info.html?code=312022071300215 HTTP/1.1" 200 23978
120.253.135.82 - - [13/Jul/2022:06:20:27 +0800] "POST /xingrg/kc/pszx/mdps_order_operate.html HTTP/1.1" 200 6384
120.253.135.82 - - [13/Jul/2022:06:20:27 +0800] "GET /xingrg/javascript/easyui/themes/default/validatebox.css HTTP/1.1" 404 1104
101.83.223.227 - - [13/Jul/2022:06:20:30 +0800] "GET /xingrg/all/function/internal_message.html?_=1657664388018&CODE_STATE=getMsg HTTP/1.1" 200 27
218.81.223.53 - - [13/Jul/2022:06:20:39 +0800] "GET /xingrg/all/function/internal_message.html?_=1657664448099&CODE_STATE=getMsg HTTP/1.1" 200 27
180.175.103.110 - - [13/Jul/2022:06:20:46 +0800] "GET /xingrg/all/function/internal_message.html?_=1657664445834&CODE_STATE=getMsg HTTP/1.1" 200 27
120.253.135.82 - - [13/Jul/2022:06:21:14 +0800] "GET /xingrg/all/function/internal_message.html?_=1657664282288&CODE_STATE=getMsg HTTP/1.1" 200 27
116.235.94.65 - - [13/Jul/2022:06:21:15 +0800] "GET /xingrg/all/function/internal_message.html?_=1657664655922&CODE_STATE=getMsg HTTP/1.1" 200 27
58.35.196.166 - - [13/Jul/2022:06:21:24 +0800] "GET /xingrg/all/function/internal_message.html?_=1657664484547&CODE_STATE=getMsg HTTP/1.1" 200 27
101.83.223.227 - - [13/Jul/2022:06:21:30 +0800] "GET /xingrg/all/function/internal_message.html?_=1657664448038&CODE_STATE=getMsg HTTP/1.1" 200 27
218.81.223.53 - - [13/Jul/2022:06:21:39 +0800] "GET /xingrg/all/function/internal_message.html?_=1657664508112&CODE_STATE=getMsg HTTP/1.1" 200 27
180.175.103.110 - - [13/Jul/2022:06:21:46 +0800] "GET /xingrg/all/function/internal_message.html?_=1657664505806&CODE_STATE=getMsg HTTP/1.1" 200 27
101.83.223.227 - - [13/Jul/2022:06:22:02 +0800] "POST /xingrg/services/DataTransmitService HTTP/1.1" 200 524
180.175.103.110 - - [13/Jul/2022:06:22:14 +0800] "GET /xingrg/check_reg.html?_=1657664533869 HTTP/1.1" 200 22
120.253.135.82 - - [13/Jul/2022:06:22:14 +0800] "GET /xingrg/all/function/internal_message.html?_=1657664342302&CODE_STATE=getMsg HTTP/1.1" 200 27
116.235.94.65 - - [13/Jul/2022:06:22:15 +0800] "GET /xingrg/all/function/internal_message.html?_=1657664715896&CODE_STATE=getMsg HTTP/1.1" 200 27
58.35.196.166 - - [13/Jul/2022:06:22:24 +0800] "GET /xingrg/all/function/internal_message.html?_=1657664544533&CODE_STATE=getMsg HTTP/1.1" 200 27
101.83.223.227 - - [13/Jul/2022:06:22:30 +0800] "GET /xingrg/all/function/internal_message.html?_=1657664508045&CODE_STATE=getMsg HTTP/1.1" 200 27
218.81.223.53 - - [13/Jul/2022:06:22:40 +0800] "GET /xingrg/all/function/internal_message.html?_=1657664568195&CODE_STATE=getMsg HTTP/1.1" 200 27
180.175.103.110 - - [13/Jul/2022:06:22:46 +0800] "GET /xingrg/all/function/internal_message.html?_=1657664565808&CODE_STATE=getMsg HTTP/1.1" 200 27
58.35.196.166 - - [13/Jul/2022:06:22:46 +0800] "GET /xingrg/check_reg.html?_=1657664566408 HTTP/1.1" 200 22
120.253.135.82 - - [13/Jul/2022:06:23:14 +0800] "GET /xingrg/all/function/internal_message.html?_=1657664402400&CODE_STATE=getMsg HTTP/1.1" 200 27
116.235.94.65 - - [13/Jul/2022:06:23:15 +0800] "GET /xingrg/all/function/internal_message.html?_=1657664775873&CODE_STATE=getMsg HTTP/1.1" 200 27
180.169.147.146 - - [13/Jul/2022:06:23:23 +0800] "GET /xingrg/check_reg.html?_=1657664599950 HTTP/1.1" 302 -
58.35.196.166 - - [13/Jul/2022:06:23:24 +0800] "GET /xingrg/all/function/internal_message.html?_=1657664604503&CODE_STATE=getMsg HTTP/1.1" 200 27
218.81.223.53 - - [13/Jul/2022:06:23:27 +0800] "POST /xingrg/kc/buy/cgsh_order_operate.html HTTP/1.1" 200 37
218.81.223.53 - - [13/Jul/2022:06:23:29 +0800] "POST /xingrg/kc/buy/cgsh_order_operate.html HTTP/1.1" 200 5035
101.83.223.227 - - [13/Jul/2022:06:23:30 +0800] "GET /xingrg/all/function/internal_message.html?_=1657664568066&CODE_STATE=getMsg HTTP/1.1" 200 27
218.81.223.53 - - [13/Jul/2022:06:23:33 +0800] "GET /xingrg/kc/base/wldb_order_list.html HTTP/1.1" 200 19148
218.81.223.53 - - [13/Jul/2022:06:23:33 +0800] "POST /xingrg/kc/base/wldb_list_operate.html HTTP/1.1" 200 928
218.81.223.53 - - [13/Jul/2022:06:23:34 +0800] "GET /xingrg/kc/base/wldb_order_add.html HTTP/1.1" 200 30362
218.81.223.53 - - [13/Jul/2022:06:23:34 +0800] "POST /xingrg/kc/base/wldb_order_operate.html HTTP/1.1" 200 6806
218.81.223.53 - - [13/Jul/2022:06:23:34 +0800] "GET /xingrg/all/common/auto_word.html?type=base&rest_code=00146 HTTP/1.1" 200 1753
218.81.223.53 - - [13/Jul/2022:06:23:34 +0800] "GET /xingrg/all/common/auto_word.html?type=base&rest_code=00146 HTTP/1.1" 200 1753
218.81.223.53 - - [13/Jul/2022:06:23:35 +0800] "GET /xingrg/javascript/easyui/themes/default/validatebox.css HTTP/1.1" 404 1104
218.81.223.53 - - [13/Jul/2022:06:23:40 +0800] "GET /xingrg/all/function/internal_message.html?_=1657664628202&CODE_STATE=getMsg HTTP/1.1" 200 27
180.175.103.110 - - [13/Jul/2022:06:23:46 +0800] "GET /xingrg/all/function/internal_message.html?_=1657664625786&CODE_STATE=getMsg HTTP/1.1" 200 27
218.81.223.53 - - [13/Jul/2022:06:23:52 +0800] "GET /xingrg/kc/base/wldb_order_operate.html?command=get_materiel&rest_code=00146&base_code=0010063&code=00101019527 HTTP/1.1" 200 474
218.81.223.53 - - [13/Jul/2022:06:24:03 +0800] "GET /xingrg/kc/base/wldb_order_operate.html?command=get_materiel&rest_code=00146&base_code=0010063&code=00101019243 HTTP/1.1" 200 463
120.253.135.82 - - [13/Jul/2022:06:24:12 +0800] "GET /xingrg/check_reg.html?_=1657664460753 HTTP/1.1" 200 22
120.253.135.82 - - [13/Jul/2022:06:24:14 +0800] "GET /xingrg/all/function/internal_message.html?_=1657664462406&CODE_STATE=getMsg HTTP/1.1" 200 27
116.235.94.65 - - [13/Jul/2022:06:24:15 +0800] "GET /xingrg/all/function/internal_message.html?_=1657664835854&CODE_STATE=getMsg HTTP/1.1" 200 27
114.84.151.115 - - [13/Jul/2022:06:24:16 +0800] "POST /xingrg/services/DataTransmitService HTTP/1.1" 200 524
101.83.223.227 - - [13/Jul/2022:06:24:21 +0800] "GET /xingrg/check_reg.html?_=1657664619289 HTTP/1.1" 200 22
58.35.196.166 - - [13/Jul/2022:06:24:24 +0800] "GET /xingrg/all/function/internal_message.html?_=1657664664489&CODE_STATE=getMsg HTTP/1.1" 200 27
116.235.94.65 - - [13/Jul/2022:06:24:29 +0800] "GET /xingrg/check_reg.html?_=1657664849292 HTTP/1.1" 200 22
101.83.223.227 - - [13/Jul/2022:06:24:30 +0800] "GET /xingrg/all/function/internal_message.html?_=1657664628072&CODE_STATE=getMsg HTTP/1.1" 200 27
218.81.223.53 - - [13/Jul/2022:06:24:31 +0800] "GET /xingrg/kc/base/wldb_order_operate.html?command=get_materiel&rest_code=00146&base_code=0010063&code=00101019092 HTTP/1.1" 200 472
218.81.223.53 - - [13/Jul/2022:06:24:39 +0800] "GET /xingrg/kc/base/wldb_order_operate.html?command=get_materiel&rest_code=00146&base_code=0010063&code=00101016020 HTTP/1.1" 200 446
218.81.223.53 - - [13/Jul/2022:06:24:40 +0800] "GET /xingrg/all/function/internal_message.html?_=1657664688218&CODE_STATE=getMsg HTTP/1.1" 200 27
180.175.103.110 - - [13/Jul/2022:06:24:46 +0800] "GET /xingrg/all/function/internal_message.html?_=1657664685764&CODE_STATE=getMsg HTTP/1.1" 200 27
218.81.223.53 - - [13/Jul/2022:06:24:51 +0800] "POST /xingrg/kc/base/wldb_order_operate.html HTTP/1.1" 200 37
218.81.223.53 - - [13/Jul/2022:06:24:54 +0800] "POST /xingrg/kc/base/wldb_order_operate.html HTTP/1.1" 200 12
218.81.223.53 - - [13/Jul/2022:06:24:54 +0800] "POST /xingrg/kc/base/wldb_order_operate.html HTTP/1.1" 200 3693
218.81.223.53 - - [13/Jul/2022:06:24:55 +0800] "GET /xingrg/kc/base/wldb_order_info.html?code=422022071300783 HTTP/1.1" 200 26240
218.81.223.53 - - [13/Jul/2022:06:24:55 +0800] "GET /xingrg/javascript/easyui/themes/default/validatebox.css HTTP/1.1" 404 1104
218.81.223.53 - - [13/Jul/2022:06:24:55 +0800] "POST /xingrg/kc/base/wldb_order_operate.html HTTP/1.1" 200 1957
218.81.223.53 - - [13/Jul/2022:06:24:58 +0800] "GET /xingrg/kc/base/wldb_order_add.html HTTP/1.1" 200 30362
218.81.223.53 - - [13/Jul/2022:06:24:58 +0800] "POST /xingrg/kc/base/wldb_order_operate.html HTTP/1.1" 200 6806
218.81.223.53 - - [13/Jul/2022:06:24:59 +0800] "GET /xingrg/javascript/easyui/themes/default/validatebox.css HTTP/1.1" 404 1104
218.81.223.53 - - [13/Jul/2022:06:25:03 +0800] "GET /xingrg/check_reg.html?_=1657664711459 HTTP/1.1" 200 22
120.253.135.82 - - [13/Jul/2022:06:25:14 +0800] "GET /xingrg/all/function/internal_message.html?_=1657664522421&CODE_STATE=getMsg HTTP/1.1" 200 27
116.235.94.65 - - [13/Jul/2022:06:25:15 +0800] "GET /xingrg/all/function/internal_message.html?_=1657664895825&CODE_STATE=getMsg HTTP/1.1" 200 27
218.81.223.53 - - [13/Jul/2022:06:25:22 +0800] "GET /xingrg/kc/base/wldb_order_operate.html?command=get_materiel&rest_code=00146&base_code=0010063&code=00101019535 HTTP/1.1" 200 477
58.35.196.166 - - [13/Jul/2022:06:25:24 +0800] "GET /xingrg/all/function/internal_message.html?_=1657664724462&CODE_STATE=getMsg HTTP/1.1" 200 27
120.253.135.82 - - [13/Jul/2022:06:25:28 +0800] "POST /xingrg/kc/pszx/mdps_order_operate.html HTTP/1.1" 200 37
120.253.135.82 - - [13/Jul/2022:06:25:29 +0800] "GET /xingrg/kc/pszx/mdps_order_info.html?code=312022071300215 HTTP/1.1" 200 23978
120.253.135.82 - - [13/Jul/2022:06:25:29 +0800] "POST /xingrg/kc/pszx/mdps_order_operate.html HTTP/1.1" 200 6382
120.253.135.82 - - [13/Jul/2022:06:25:29 +0800] "GET /xingrg/javascript/easyui/themes/default/validatebox.css HTTP/1.1" 404 1104
101.83.223.227 - - [13/Jul/2022:06:25:30 +0800] "GET /xingrg/all/function/internal_message.html?_=1657664688086&CODE_STATE=getMsg HTTP/1.1" 200 27
218.81.223.53 - - [13/Jul/2022:06:25:33 +0800] "GET /xingrg/kc/base/wldb_order_operate.html?command=get_materiel&rest_code=00146&base_code=0010063&code=00101019265 HTTP/1.1" 200 479
218.81.223.53 - - [13/Jul/2022:06:25:40 +0800] "GET /xingrg/all/function/internal_message.html?_=1657664748239&CODE_STATE=getMsg HTTP/1.1" 200 27
218.81.223.53 - - [13/Jul/2022:06:25:46 +0800] "POST /xingrg/kc/base/wldb_order_operate.html HTTP/1.1" 200 37
180.175.103.110 - - [13/Jul/2022:06:25:46 +0800] "GET /xingrg/all/function/internal_message.html?_=1657664745738&CODE_STATE=getMsg HTTP/1.1" 200 27
218.81.223.53 - - [13/Jul/2022:06:25:48 +0800] "POST /xingrg/kc/base/wldb_order_operate.html HTTP/1.1" 200 12
218.81.223.53 - - [13/Jul/2022:06:25:48 +0800] "POST /xingrg/kc/base/wldb_order_operate.html HTTP/1.1" 200 2732
218.81.223.53 - - [13/Jul/2022:06:25:49 +0800] "GET /xingrg/kc/base/wldb_order_info.html?code=422022071300784 HTTP/1.1" 200 26243
218.81.223.53 - - [13/Jul/2022:06:25:49 +0800] "GET /xingrg/javascript/easyui/themes/default/validatebox.css HTTP/1.1" 404 1104
218.81.223.53 - - [13/Jul/2022:06:25:50 +0800] "POST /xingrg/kc/base/wldb_order_operate.html HTTP/1.1" 200 1016
120.253.135.82 - - [13/Jul/2022:06:25:52 +0800] "POST /xingrg/kc/pszx/mdps_order_operate.html HTTP/1.1" 200 37
120.253.135.82 - - [13/Jul/2022:06:25:53 +0800] "GET /xingrg/kc/pszx/mdps_order_info.html?code=312022071300215 HTTP/1.1" 200 23978
120.253.135.82 - - [13/Jul/2022:06:25:54 +0800] "POST /xingrg/kc/pszx/mdps_order_operate.html HTTP/1.1" 200 6382
120.253.135.82 - - [13/Jul/2022:06:25:54 +0800] "GET /xingrg/javascript/easyui/themes/default/validatebox.css HTTP/1.1" 404 1104
120.253.135.82 - - [13/Jul/2022:06:25:55 +0800] "POST /xingrg/kc/pszx/mdps_list_operate.html HTTP/1.1" 200 3913
120.253.135.82 - - [13/Jul/2022:06:25:58 +0800] "POST /xingrg/kc/pszx/mdps_list_operate.html HTTP/1.1" 200 627
120.253.135.82 - - [13/Jul/2022:06:25:59 +0800] "POST /xingrg/kc/pszx/mdps_list_operate.html HTTP/1.1" 200 202
120.253.135.82 - - [13/Jul/2022:06:26:00 +0800] "GET /xingrg/kc/pszx/mdps_order_info.html?code=312022071300216 HTTP/1.1" 200 23978
120.253.135.82 - - [13/Jul/2022:06:26:01 +0800] "POST /xingrg/kc/pszx/mdps_order_operate.html HTTP/1.1" 200 2277
120.253.135.82 - - [13/Jul/2022:06:26:01 +0800] "GET /xingrg/javascript/easyui/themes/default/validatebox.css HTTP/1.1" 404 1104
120.253.135.82 - - [13/Jul/2022:06:26:02 +0800] "POST /xingrg/all/common/load_combo.html?type=base HTTP/1.1" 200 1169
120.253.135.82 - - [13/Jul/2022:06:26:07 +0800] "POST /xingrg/kc/pszx/mdps_order_operate.html HTTP/1.1" 200 37
120.253.135.82 - - [13/Jul/2022:06:26:08 +0800] "GET /xingrg/kc/pszx/mdps_order_info.html?code=312022071300216 HTTP/1.1" 200 23976
120.253.135.82 - - [13/Jul/2022:06:26:09 +0800] "POST /xingrg/kc/pszx/mdps_order_operate.html HTTP/1.1" 200 2285
120.253.135.82 - - [13/Jul/2022:06:26:09 +0800] "GET /xingrg/javascript/easyui/themes/default/validatebox.css HTTP/1.1" 404 1104
120.253.135.82 - - [13/Jul/2022:06:26:14 +0800] "GET /xingrg/all/function/internal_message.html?_=1657664582433&CODE_STATE=getMsg HTTP/1.1" 200 27
116.235.94.65 - - [13/Jul/2022:06:26:15 +0800] "GET /xingrg/all/function/internal_message.html?_=1657664955801&CODE_STATE=getMsg HTTP/1.1" 200 27
120.253.135.82 - - [13/Jul/2022:06:26:21 +0800] "GET /xingrg/kc/pszx/mdps_order_operate.html?command=get_materiel&pszx_code=00101&rest_code=00148&base_code=0010253&code=00101036003 HTTP/1.1" 200 439
120.253.135.82 - - [13/Jul/2022:06:26:24 +0800] "POST /xingrg/kc/pszx/mdps_list_operate.html HTTP/1.1" 200 3910
58.35.196.166 - - [13/Jul/2022:06:26:24 +0800] "GET /xingrg/all/function/internal_message.html?_=1657664784430&CODE_STATE=getMsg HTTP/1.1" 200 27
101.83.223.227 - - [13/Jul/2022:06:26:30 +0800] "GET /xingrg/all/function/internal_message.html?_=1657664748106&CODE_STATE=getMsg HTTP/1.1" 200 27
218.81.223.53 - - [13/Jul/2022:06:26:40 +0800] "GET /xingrg/all/function/internal_message.html?_=1657664808242&CODE_STATE=getMsg HTTP/1.1" 200 27
180.175.103.110 - - [13/Jul/2022:06:26:46 +0800] "GET /xingrg/all/function/internal_message.html?_=1657664805719&CODE_STATE=getMsg HTTP/1.1" 200 27
180.175.103.110 - - [13/Jul/2022:06:27:14 +0800] "GET /xingrg/check_reg.html?_=1657664833842 HTTP/1.1" 200 22
120.253.135.82 - - [13/Jul/2022:06:27:14 +0800] "GET /xingrg/all/function/internal_message.html?_=1657664642552&CODE_STATE=getMsg HTTP/1.1" 200 27
116.235.94.65 - - [13/Jul/2022:06:27:15 +0800] "GET /xingrg/all/function/internal_message.html?_=1657665015771&CODE_STATE=getMsg HTTP/1.1" 200 27
58.35.196.166 - - [13/Jul/2022:06:27:24 +0800] "GET /xingrg/all/function/internal_message.html?_=1657664844417&CODE_STATE=getMsg HTTP/1.1" 200 27
101.83.223.227 - - [13/Jul/2022:06:27:30 +0800] "GET /xingrg/all/function/internal_message.html?_=1657664808113&CODE_STATE=getMsg HTTP/1.1" 200 27
218.81.223.53 - - [13/Jul/2022:06:27:40 +0800] "GET /xingrg/all/function/internal_message.html?_=1657664868257&CODE_STATE=getMsg HTTP/1.1" 200 27
180.175.103.110 - - [13/Jul/2022:06:27:46 +0800] "GET /xingrg/all/function/internal_message.html?_=1657664865691&CODE_STATE=getMsg HTTP/1.1" 200 27
58.35.196.166 - - [13/Jul/2022:06:27:46 +0800] "GET /xingrg/check_reg.html?_=1657664866402 HTTP/1.1" 200 22
120.253.135.82 - - [13/Jul/2022:06:28:02 +0800] "POST /xingrg/kc/pszx/mdps_list_operate.html HTTP/1.1" 200 202
120.253.135.82 - - [13/Jul/2022:06:28:04 +0800] "GET /xingrg/kc/pszx/mdps_order_info.html?code=312022071300216 HTTP/1.1" 200 23976
120.253.135.82 - - [13/Jul/2022:06:28:05 +0800] "POST /xingrg/kc/pszx/mdps_order_operate.html HTTP/1.1" 200 2285
120.253.135.82 - - [13/Jul/2022:06:28:05 +0800] "GET /xingrg/javascript/easyui/themes/default/validatebox.css HTTP/1.1" 404 1104
120.253.135.82 - - [13/Jul/2022:06:28:07 +0800] "POST /xingrg/kc/pszx/mdps_list_operate.html HTTP/1.1" 200 3910
120.253.135.82 - - [13/Jul/2022:06:28:09 +0800] "POST /xingrg/kc/pszx/mdps_list_operate.html HTTP/1.1" 200 628
120.253.135.82 - - [13/Jul/2022:06:28:11 +0800] "POST /xingrg/kc/pszx/mdps_list_operate.html HTTP/1.1" 200 201
120.253.135.82 - - [13/Jul/2022:06:28:12 +0800] "POST /xingrg/kc/pszx/mdps_list_operate.html HTTP/1.1" 200 201
120.253.135.82 - - [13/Jul/2022:06:28:14 +0800] "GET /xingrg/all/function/internal_message.html?_=1657664702555&CODE_STATE=getMsg HTTP/1.1" 200 27
116.235.94.65 - - [13/Jul/2022:06:28:15 +0800] "GET /xingrg/all/function/internal_message.html?_=1657665075748&CODE_STATE=getMsg HTTP/1.1" 200 27
120.253.135.82 - - [13/Jul/2022:06:28:17 +0800] "POST /xingrg/kc/pszx/mdps_list_operate.html HTTP/1.1" 200 295
120.253.135.82 - - [13/Jul/2022:06:28:18 +0800] "GET /xingrg/kc/pszx/mdps_order_info.html?code=312022071300213 HTTP/1.1" 200 23978
120.253.135.82 - - [13/Jul/2022:06:28:18 +0800] "POST /xingrg/kc/pszx/mdps_order_operate.html HTTP/1.1" 200 2805
120.253.135.82 - - [13/Jul/2022:06:28:18 +0800] "GET /xingrg/javascript/easyui/themes/default/validatebox.css HTTP/1.1" 404 1104
180.169.147.146 - - [13/Jul/2022:06:28:23 +0800] "GET /xingrg/check_reg.html?_=1657664899944 HTTP/1.1" 302 -
58.35.196.166 - - [13/Jul/2022:06:28:24 +0800] "GET /xingrg/all/function/internal_message.html?_=1657664904387&CODE_STATE=getMsg HTTP/1.1" 200 27
120.253.135.82 - - [13/Jul/2022:06:28:25 +0800] "GET /xingrg/kc/pszx/mdps_order_operate.html?command=get_materiel&pszx_code=00101&rest_code=00148&base_code=0010250&code=00102004006 HTTP/1.1" 200 444
101.83.223.227 - - [13/Jul/2022:06:28:30 +0800] "GET /xingrg/all/function/internal_message.html?_=1657664868134&CODE_STATE=getMsg HTTP/1.1" 200 27
120.253.135.82 - - [13/Jul/2022:06:28:37 +0800] "POST /xingrg/kc/pszx/mdps_order_operate.html HTTP/1.1" 200 37
120.253.135.82 - - [13/Jul/2022:06:28:38 +0800] "GET /xingrg/kc/pszx/mdps_order_info.html?code=312022071300213 HTTP/1.1" 200 23978
120.253.135.82 - - [13/Jul/2022:06:28:39 +0800] "POST /xingrg/kc/pszx/mdps_order_operate.html HTTP/1.1" 200 3301
120.253.135.82 - - [13/Jul/2022:06:28:39 +0800] "GET /xingrg/javascript/easyui/themes/default/validatebox.css HTTP/1.1" 404 1104
218.81.223.53 - - [13/Jul/2022:06:28:40 +0800] "GET /xingrg/all/function/internal_message.html?_=1657664928369&CODE_STATE=getMsg HTTP/1.1" 200 27
120.253.135.82 - - [13/Jul/2022:06:28:41 +0800] "POST /xingrg/kc/pszx/mdps_list_operate.html HTTP/1.1" 200 3910
120.253.135.82 - - [13/Jul/2022:06:28:43 +0800] "POST /xingrg/kc/pszx/mdps_list_operate.html HTTP/1.1" 200 201
120.253.135.82 - - [13/Jul/2022:06:28:43 +0800] "GET /xingrg/kc/pszx/mdps_order_info.html?code=312022070800153 HTTP/1.1" 200 23976
120.253.135.82 - - [13/Jul/2022:06:28:44 +0800] "POST /xingrg/kc/pszx/mdps_order_operate.html HTTP/1.1" 200 2273
120.253.135.82 - - [13/Jul/2022:06:28:44 +0800] "GET /xingrg/javascript/easyui/themes/default/validatebox.css HTTP/1.1" 404 1104
180.175.103.110 - - [13/Jul/2022:06:28:46 +0800] "GET /xingrg/all/function/internal_message.html?_=1657664925664&CODE_STATE=getMsg HTTP/1.1" 200 27
120.253.135.82 - - [13/Jul/2022:06:28:47 +0800] "POST /xingrg/kc/pszx/mdps_order_operate.html HTTP/1.1" 200 12
120.253.135.82 - - [13/Jul/2022:06:28:51 +0800] "POST /xingrg/kc/pszx/mdps_list_operate.html HTTP/1.1" 200 3542
120.253.135.82 - - [13/Jul/2022:06:28:53 +0800] "POST /xingrg/kc/pszx/mdps_list_operate.html HTTP/1.1" 200 201
120.253.135.82 - - [13/Jul/2022:06:28:57 +0800] "POST /xingrg/kc/pszx/mdps_list_operate.html HTTP/1.1" 200 628
120.253.135.82 - - [13/Jul/2022:06:28:58 +0800] "GET /xingrg/kc/pszx/mdps_order_info.html?code=312022071300217 HTTP/1.1" 200 23978
120.253.135.82 - - [13/Jul/2022:06:28:59 +0800] "POST /xingrg/kc/pszx/mdps_order_operate.html HTTP/1.1" 200 9723
120.253.135.82 - - [13/Jul/2022:06:28:59 +0800] "GET /xingrg/javascript/easyui/themes/default/validatebox.css HTTP/1.1" 404 1104
120.253.135.82 - - [13/Jul/2022:06:29:01 +0800] "POST /xingrg/kc/pszx/mdps_order_operate.html HTTP/1.1" 200 37
120.253.135.82 - - [13/Jul/2022:06:29:02 +0800] "GET /xingrg/kc/pszx/mdps_order_info.html?code=312022071300217 HTTP/1.1" 200 23978
120.253.135.82 - - [13/Jul/2022:06:29:03 +0800] "POST /xingrg/kc/pszx/mdps_order_operate.html HTTP/1.1" 200 9844
120.253.135.82 - - [13/Jul/2022:06:29:03 +0800] "GET /xingrg/javascript/easyui/themes/default/validatebox.css HTTP/1.1" 404 1104
120.253.135.82 - - [13/Jul/2022:06:29:12 +0800] "GET /xingrg/check_reg.html?_=1657664760761 HTTP/1.1" 200 22
120.253.135.82 - - [13/Jul/2022:06:29:14 +0800] "GET /xingrg/all/function/internal_message.html?_=1657664762569&CODE_STATE=getMsg HTTP/1.1" 200 27
116.235.94.65 - - [13/Jul/2022:06:29:15 +0800] "GET /xingrg/all/function/internal_message.html?_=1657665135716&CODE_STATE=getMsg HTTP/1.1" 200 27
101.83.223.227 - - [13/Jul/2022:06:29:21 +0800] "GET /xingrg/check_reg.html?_=1657664919295 HTTP/1.1" 200 22
58.35.196.166 - - [13/Jul/2022:06:29:24 +0800] "GET /xingrg/all/function/internal_message.html?_=1657664964371&CODE_STATE=getMsg HTTP/1.1" 200 27
218.81.223.53 - - [13/Jul/2022:06:29:27 +0800] "GET /xingrg/kc/base/wldb_order_add.html HTTP/1.1" 200 30362
218.81.223.53 - - [13/Jul/2022:06:29:27 +0800] "POST /xingrg/kc/base/wldb_order_operate.html HTTP/1.1" 200 6806
218.81.223.53 - - [13/Jul/2022:06:29:28 +0800] "GET /xingrg/javascript/easyui/themes/default/validatebox.css HTTP/1.1" 404 1104
116.235.94.65 - - [13/Jul/2022:06:29:29 +0800] "GET /xingrg/check_reg.html?_=1657665149262 HTTP/1.1" 200 22
101.83.223.227 - - [13/Jul/2022:06:29:30 +0800] "GET /xingrg/all/function/internal_message.html?_=1657664928140&CODE_STATE=getMsg HTTP/1.1" 200 27
218.81.223.53 - - [13/Jul/2022:06:29:40 +0800] "GET /xingrg/all/function/internal_message.html?_=1657664988376&CODE_STATE=getMsg HTTP/1.1" 200 27
180.175.103.110 - - [13/Jul/2022:06:29:46 +0800] "GET /xingrg/all/function/internal_message.html?_=1657664985646&CODE_STATE=getMsg HTTP/1.1" 200 27
218.81.223.53 - - [13/Jul/2022:06:29:49 +0800] "GET /xingrg/kc/base/wldb_order_operate.html?command=get_materiel&rest_code=00146&base_code=0010064&code=00102015100 HTTP/1.1" 200 434
218.81.223.53 - - [13/Jul/2022:06:29:56 +0800] "GET /xingrg/kc/base/wldb_order_operate.html?command=get_materiel&rest_code=00146&base_code=0010064&code=00102002610 HTTP/1.1" 200 445
218.81.223.53 - - [13/Jul/2022:06:30:05 +0800] "POST /xingrg/kc/base/wldb_order_operate.html HTTP/1.1" 200 37
218.81.223.53 - - [13/Jul/2022:06:30:07 +0800] "POST /xingrg/kc/base/wldb_order_operate.html HTTP/1.1" 200 12
218.81.223.53 - - [13/Jul/2022:06:30:07 +0800] "POST /xingrg/kc/base/wldb_order_operate.html HTTP/1.1" 200 2666
218.81.223.53 - - [13/Jul/2022:06:30:08 +0800] "GET /xingrg/kc/base/wldb_order_info.html?code=422022071300785 HTTP/1.1" 200 26242
218.81.223.53 - - [13/Jul/2022:06:30:09 +0800] "GET /xingrg/javascript/easyui/themes/default/validatebox.css HTTP/1.1" 404 1104
218.81.223.53 - - [13/Jul/2022:06:30:09 +0800] "POST /xingrg/kc/base/wldb_order_operate.html HTTP/1.1" 200 950
218.81.223.53 - - [13/Jul/2022:06:30:09 +0800] "GET /xingrg/check_reg.html?_=1657665018079 HTTP/1.1" 200 22
218.81.223.53 - - [13/Jul/2022:06:30:14 +0800] "GET /xingrg/kc/base/wldb_order_add.html HTTP/1.1" 200 30362
218.81.223.53 - - [13/Jul/2022:06:30:14 +0800] "POST /xingrg/kc/base/wldb_order_operate.html HTTP/1.1" 200 6806
120.253.135.82 - - [13/Jul/2022:06:30:14 +0800] "GET /xingrg/all/function/internal_message.html?_=1657664822582&CODE_STATE=getMsg HTTP/1.1" 200 27
218.81.223.53 - - [13/Jul/2022:06:30:14 +0800] "GET /xingrg/javascript/easyui/themes/default/validatebox.css HTTP/1.1" 404 1104
116.235.94.65 - - [13/Jul/2022:06:30:15 +0800] "GET /xingrg/all/function/internal_message.html?_=1657665195689&CODE_STATE=getMsg HTTP/1.1" 200 27
58.35.196.166 - - [13/Jul/2022:06:30:24 +0800] "GET /xingrg/all/function/internal_message.html?_=1657665024358&CODE_STATE=getMsg HTTP/1.1" 200 27
101.83.223.227 - - [13/Jul/2022:06:30:30 +0800] "GET /xingrg/all/function/internal_message.html?_=1657664988154&CODE_STATE=getMsg HTTP/1.1" 200 27
218.81.223.53 - - [13/Jul/2022:06:30:40 +0800] "GET /xingrg/all/function/internal_message.html?_=1657665048391&CODE_STATE=getMsg HTTP/1.1" 200 27
180.175.103.110 - - [13/Jul/2022:06:30:46 +0800] "GET /xingrg/all/function/internal_message.html?_=1657665045619&CODE_STATE=getMsg HTTP/1.1" 200 27
120.253.135.82 - - [13/Jul/2022:06:31:14 +0800] "GET /xingrg/all/function/internal_message.html?_=1657664882596&CODE_STATE=getMsg HTTP/1.1" 200 27
116.235.94.65 - - [13/Jul/2022:06:31:15 +0800] "GET /xingrg/all/function/internal_message.html?_=1657665255662&CODE_STATE=getMsg HTTP/1.1" 200 27
58.35.196.166 - - [13/Jul/2022:06:31:24 +0800] "GET /xingrg/all/function/internal_message.html?_=1657665084343&CODE_STATE=getMsg HTTP/1.1" 200 27
101.83.223.227 - - [13/Jul/2022:06:31:30 +0800] "GET /xingrg/all/function/internal_message.html?_=1657665048174&CODE_STATE=getMsg HTTP/1.1" 200 27
218.81.223.53 - - [13/Jul/2022:06:31:40 +0800] "GET /xingrg/all/function/internal_message.html?_=1657665108502&CODE_STATE=getMsg HTTP/1.1" 200 27
180.175.103.110 - - [13/Jul/2022:06:31:45 +0800] "GET /xingrg/all/function/internal_message.html?_=1657665105593&CODE_STATE=getMsg HTTP/1.1" 200 27
218.81.223.53 - - [13/Jul/2022:06:31:58 +0800] "GET /xingrg/kc/base/wldb_order_operate.html?command=get_materiel&rest_code=00146&base_code=0010064&code=00102002439 HTTP/1.1" 200 472
120.253.135.82 - - [13/Jul/2022:06:32:02 +0800] "POST /xingrg/kc/pszx/mdps_order_operate.html HTTP/1.1" 200 37
120.253.135.82 - - [13/Jul/2022:06:32:04 +0800] "GET /xingrg/kc/pszx/mdps_order_info.html?code=312022071300217 HTTP/1.1" 200 23978
120.253.135.82 - - [13/Jul/2022:06:32:04 +0800] "POST /xingrg/kc/pszx/mdps_order_operate.html HTTP/1.1" 200 9844
120.253.135.82 - - [13/Jul/2022:06:32:05 +0800] "GET /xingrg/javascript/easyui/themes/default/validatebox.css HTTP/1.1" 404 1104
180.175.103.110 - - [13/Jul/2022:06:32:14 +0800] "GET /xingrg/check_reg.html?_=1657665133822 HTTP/1.1" 200 22
120.253.135.82 - - [13/Jul/2022:06:32:14 +0800] "GET /xingrg/all/function/internal_message.html?_=1657664942609&CODE_STATE=getMsg HTTP/1.1" 200 27
116.235.94.65 - - [13/Jul/2022:06:32:15 +0800] "GET /xingrg/all/function/internal_message.html?_=1657665315633&CODE_STATE=getMsg HTTP/1.1" 200 27
218.81.223.53 - - [13/Jul/2022:06:32:17 +0800] "GET /xingrg/kc/base/wldb_order_operate.html?command=get_materiel&rest_code=00146&base_code=0010064&code=00102002254 HTTP/1.1" 200 448
58.35.196.166 - - [13/Jul/2022:06:32:24 +0800] "GET /xingrg/all/function/internal_message.html?_=1657665144330&CODE_STATE=getMsg HTTP/1.1" 200 27
218.81.223.53 - - [13/Jul/2022:06:32:26 +0800] "POST /xingrg/kc/base/wldb_order_operate.html HTTP/1.1" 200 37
218.81.223.53 - - [13/Jul/2022:06:32:28 +0800] "POST /xingrg/kc/base/wldb_order_operate.html HTTP/1.1" 200 12
218.81.223.53 - - [13/Jul/2022:06:32:28 +0800] "POST /xingrg/kc/base/wldb_order_operate.html HTTP/1.1" 200 2696
101.83.223.227 - - [13/Jul/2022:06:32:30 +0800] "GET /xingrg/all/function/internal_message.html?_=1657665108181&CODE_STATE=getMsg HTTP/1.1" 200 27
120.253.135.82 - - [13/Jul/2022:06:32:41 +0800] "GET /xingrg/kc/pszx/mdps_order_operate.html?command=get_materiel&pszx_code=00101&rest_code=00148&base_code=0010246&code=00101013190 HTTP/1.1" 200 420
180.175.103.110 - - [13/Jul/2022:06:32:45 +0800] "GET /xingrg/all/function/internal_message.html?_=1657665165565&CODE_STATE=getMsg HTTP/1.1" 200 27
58.35.196.166 - - [13/Jul/2022:06:32:46 +0800] "GET /xingrg/check_reg.html?_=1657665166409 HTTP/1.1" 200 22
120.253.135.82 - - [13/Jul/2022:06:33:05 +0800] "POST /xingrg/kc/pszx/mdps_order_operate.html HTTP/1.1" 200 37
120.253.135.82 - - [13/Jul/2022:06:33:06 +0800] "GET /xingrg/kc/pszx/mdps_order_info.html?code=312022071300217 HTTP/1.1" 200 23978
120.253.135.82 - - [13/Jul/2022:06:33:06 +0800] "POST /xingrg/kc/pszx/mdps_order_operate.html HTTP/1.1" 200 9849
120.253.135.82 - - [13/Jul/2022:06:33:06 +0800] "GET /xingrg/javascript/easyui/themes/default/validatebox.css HTTP/1.1" 404 1104
120.253.135.82 - - [13/Jul/2022:06:33:14 +0800] "GET /xingrg/all/function/internal_message.html?_=1657665002622&CODE_STATE=getMsg HTTP/1.1" 200 27
120.253.135.82 - - [13/Jul/2022:06:33:15 +0800] "POST /xingrg/kc/pszx/mdps_list_operate.html HTTP/1.1" 200 3542
116.235.94.65 - - [13/Jul/2022:06:33:15 +0800] "GET /xingrg/all/function/internal_message.html?_=1657665375612&CODE_STATE=getMsg HTTP/1.1" 200 27
120.253.135.82 - - [13/Jul/2022:06:33:17 +0800] "POST /xingrg/kc/pszx/mdps_list_operate.html HTTP/1.1" 200 631
120.253.135.82 - - [13/Jul/2022:06:33:19 +0800] "POST /xingrg/kc/pszx/mdps_list_operate.html HTTP/1.1" 200 201
120.253.135.82 - - [13/Jul/2022:06:33:20 +0800] "GET /xingrg/kc/pszx/mdps_order_info.html?code=312022071300217 HTTP/1.1" 200 23978
120.253.135.82 - - [13/Jul/2022:06:33:21 +0800] "POST /xingrg/kc/pszx/mdps_order_operate.html HTTP/1.1" 200 9849
120.253.135.82 - - [13/Jul/2022:06:33:21 +0800] "GET /xingrg/javascript/easyui/themes/default/validatebox.css HTTP/1.1" 404 1104
180.169.147.146 - - [13/Jul/2022:06:33:23 +0800] "GET /xingrg/check_reg.html?_=1657665199930 HTTP/1.1" 302 -
58.35.196.166 - - [13/Jul/2022:06:33:24 +0800] "GET /xingrg/all/function/internal_message.html?_=1657665204302&CODE_STATE=getMsg HTTP/1.1" 200 27
101.83.223.227 - - [13/Jul/2022:06:33:30 +0800] "GET /xingrg/all/function/internal_message.html?_=1657665168203&CODE_STATE=getMsg HTTP/1.1" 200 27
120.253.135.82 - - [13/Jul/2022:06:33:34 +0800] "POST /xingrg/kc/pszx/mdps_list_operate.html HTTP/1.1" 200 3542
120.253.135.82 - - [13/Jul/2022:06:33:42 +0800] "GET /xingrg/kc/pszx/mdqp_order_list.html?state=10 HTTP/1.1" 200 11870
120.253.135.82 - - [13/Jul/2022:06:33:42 +0800] "GET /xingrg/dwr/engine.js HTTP/1.1" 200 43631
120.253.135.82 - - [13/Jul/2022:06:33:42 +0800] "GET /xingrg/dwr/interface/AjaxQqpsService.js HTTP/1.1" 200 16326
120.253.135.82 - - [13/Jul/2022:06:33:42 +0800] "GET /xingrg/dwr/interface/AjaxReportQueryService.js HTTP/1.1" 200 13203
120.253.135.82 - - [13/Jul/2022:06:33:44 +0800] "GET /xingrg/kc/pszx/mdqp_order_info.html?code=302022070500065 HTTP/1.1" 200 13350
120.253.135.82 - - [13/Jul/2022:06:33:44 +0800] "GET /xingrg/dwr/interface/AjaxComOrderService.js HTTP/1.1" 200 18264
120.253.135.82 - - [13/Jul/2022:06:33:44 +0800] "GET /xingrg/dwr/interface/AjaxQqpsService.js HTTP/1.1" 200 16326
120.253.135.82 - - [13/Jul/2022:06:33:44 +0800] "GET /xingrg/dwr/engine.js HTTP/1.1" 200 43631
120.253.135.82 - - [13/Jul/2022:06:33:45 +0800] "POST /xingrg/dwr/call/plaincall/AjaxQqpsService.loadMaterielItems.dwr HTTP/1.1" 200 1854
180.175.103.110 - - [13/Jul/2022:06:33:45 +0800] "GET /xingrg/all/function/internal_message.html?_=1657665225545&CODE_STATE=getMsg HTTP/1.1" 200 27
120.253.135.82 - - [13/Jul/2022:06:34:12 +0800] "GET /xingrg/check_reg.html?_=1657665060764 HTTP/1.1" 200 22
120.253.135.82 - - [13/Jul/2022:06:34:14 +0800] "GET /xingrg/all/function/internal_message.html?_=1657665062637&CODE_STATE=getMsg HTTP/1.1" 200 27
116.235.94.65 - - [13/Jul/2022:06:34:15 +0800] "GET /xingrg/all/function/internal_message.html?_=1657665435581&CODE_STATE=getMsg HTTP/1.1" 200 27
101.83.223.227 - - [13/Jul/2022:06:34:21 +0800] "GET /xingrg/check_reg.html?_=1657665219300 HTTP/1.1" 200 22
58.35.196.166 - - [13/Jul/2022:06:34:24 +0800] "GET /xingrg/all/function/internal_message.html?_=1657665264287&CODE_STATE=getMsg HTTP/1.1" 200 27
116.235.94.65 - - [13/Jul/2022:06:34:29 +0800] "GET /xingrg/check_reg.html?_=1657665449239 HTTP/1.1" 200 22
101.83.223.227 - - [13/Jul/2022:06:34:30 +0800] "GET /xingrg/all/function/internal_message.html?_=1657665228208&CODE_STATE=getMsg HTTP/1.1" 200 27
218.81.223.53 - - [13/Jul/2022:06:34:31 +0800] "POST /xingrg/services/DataTransmitService HTTP/1.1" 200 524
218.81.223.53 - - [13/Jul/2022:06:34:32 +0800] "POST /xingrg/services/DataTransmitService HTTP/1.1" 200 412
180.175.103.110 - - [13/Jul/2022:06:34:45 +0800] "GET /xingrg/all/function/internal_message.html?_=1657665285523&CODE_STATE=getMsg HTTP/1.1" 200 27
120.253.135.82 - - [13/Jul/2022:06:35:13 +0800] "GET /xingrg/kc/pszx/mdqp_order_list.html?isBack=1 HTTP/1.1" 302 -
120.253.135.82 - - [13/Jul/2022:06:35:13 +0800] "GET /xingrg/kc/pszx/mdqp_order_list.html?state=10 HTTP/1.1" 200 11870
120.253.135.82 - - [13/Jul/2022:06:35:13 +0800] "GET /xingrg/dwr/interface/AjaxQqpsService.js HTTP/1.1" 200 16326
120.253.135.82 - - [13/Jul/2022:06:35:13 +0800] "GET /xingrg/dwr/interface/AjaxReportQueryService.js HTTP/1.1" 200 13203
120.253.135.82 - - [13/Jul/2022:06:35:13 +0800] "GET /xingrg/dwr/engine.js HTTP/1.1" 200 43631
120.253.135.82 - - [13/Jul/2022:06:35:14 +0800] "GET /xingrg/all/function/internal_message.html?_=1657665122649&CODE_STATE=getMsg HTTP/1.1" 200 27
116.235.94.65 - - [13/Jul/2022:06:35:15 +0800] "GET /xingrg/all/function/internal_message.html?_=1657665495560&CODE_STATE=getMsg HTTP/1.1" 200 27
120.253.135.82 - - [13/Jul/2022:06:35:15 +0800] "GET /xingrg/kc/pszx/mdqp_order_info.html?code=302022070500065 HTTP/1.1" 200 13350
120.253.135.82 - - [13/Jul/2022:06:35:15 +0800] "GET /xingrg/dwr/interface/AjaxComOrderService.js HTTP/1.1" 200 18264
120.253.135.82 - - [13/Jul/2022:06:35:15 +0800] "GET /xingrg/dwr/interface/AjaxQqpsService.js HTTP/1.1" 200 16326
120.253.135.82 - - [13/Jul/2022:06:35:15 +0800] "GET /xingrg/dwr/engine.js HTTP/1.1" 200 43631
120.253.135.82 - - [13/Jul/2022:06:35:16 +0800] "POST /xingrg/dwr/call/plaincall/AjaxQqpsService.loadMaterielItems.dwr HTTP/1.1" 200 1854
120.253.135.82 - - [13/Jul/2022:06:35:19 +0800] "GET /xingrg/kc/pszx/mdqp_order_list.html?isBack=1 HTTP/1.1" 302 -
120.253.135.82 - - [13/Jul/2022:06:35:19 +0800] "GET /xingrg/kc/pszx/mdqp_order_list.html?state=10 HTTP/1.1" 200 11870
120.253.135.82 - - [13/Jul/2022:06:35:19 +0800] "GET /xingrg/dwr/interface/AjaxQqpsService.js HTTP/1.1" 200 16326
120.253.135.82 - - [13/Jul/2022:06:35:19 +0800] "GET /xingrg/dwr/interface/AjaxReportQueryService.js HTTP/1.1" 200 13203
120.253.135.82 - - [13/Jul/2022:06:35:19 +0800] "GET /xingrg/dwr/engine.js HTTP/1.1" 200 43631
120.253.135.82 - - [13/Jul/2022:06:35:21 +0800] "GET /xingrg/kc/pszx/mdqp_order_info.html?code=302022070500066 HTTP/1.1" 200 13350
120.253.135.82 - - [13/Jul/2022:06:35:21 +0800] "GET /xingrg/dwr/interface/AjaxQqpsService.js HTTP/1.1" 200 16326
120.253.135.82 - - [13/Jul/2022:06:35:21 +0800] "GET /xingrg/dwr/interface/AjaxComOrderService.js HTTP/1.1" 200 18264
120.253.135.82 - - [13/Jul/2022:06:35:21 +0800] "GET /xingrg/dwr/engine.js HTTP/1.1" 200 43631
120.253.135.82 - - [13/Jul/2022:06:35:22 +0800] "POST /xingrg/dwr/call/plaincall/AjaxQqpsService.loadMaterielItems.dwr HTTP/1.1" 200 602
58.35.196.166 - - [13/Jul/2022:06:35:24 +0800] "GET /xingrg/all/function/internal_message.html?_=1657665324272&CODE_STATE=getMsg HTTP/1.1" 200 27
120.253.135.82 - - [13/Jul/2022:06:35:28 +0800] "GET /xingrg/kc/pszx/mdqp_order_list.html?isBack=1 HTTP/1.1" 302 -
120.253.135.82 - - [13/Jul/2022:06:35:28 +0800] "GET /xingrg/kc/pszx/mdqp_order_list.html?state=10 HTTP/1.1" 200 11870
120.253.135.82 - - [13/Jul/2022:06:35:28 +0800] "GET /xingrg/dwr/interface/AjaxReportQueryService.js HTTP/1.1" 200 13203
120.253.135.82 - - [13/Jul/2022:06:35:28 +0800] "GET /xingrg/dwr/interface/AjaxQqpsService.js HTTP/1.1" 200 16326
120.253.135.82 - - [13/Jul/2022:06:35:28 +0800] "GET /xingrg/dwr/engine.js HTTP/1.1" 200 43631
101.83.223.227 - - [13/Jul/2022:06:35:30 +0800] "GET /xingrg/all/function/internal_message.html?_=1657665288222&CODE_STATE=getMsg HTTP/1.1" 200 27
120.253.135.82 - - [13/Jul/2022:06:35:31 +0800] "GET /xingrg/kc/pszx/mdqp_order_info.html?code=302022071100151 HTTP/1.1" 200 13350
120.253.135.82 - - [13/Jul/2022:06:35:31 +0800] "GET /xingrg/dwr/interface/AjaxComOrderService.js HTTP/1.1" 200 18264
120.253.135.82 - - [13/Jul/2022:06:35:31 +0800] "GET /xingrg/dwr/interface/AjaxQqpsService.js HTTP/1.1" 200 16326
120.253.135.82 - - [13/Jul/2022:06:35:31 +0800] "GET /xingrg/dwr/engine.js HTTP/1.1" 200 43631
120.253.135.82 - - [13/Jul/2022:06:35:32 +0800] "POST /xingrg/dwr/call/plaincall/AjaxQqpsService.loadMaterielItems.dwr HTTP/1.1" 200 742
120.253.135.82 - - [13/Jul/2022:06:35:41 +0800] "GET /xingrg/kc/pszx/mdqp_order_list.html?isBack=1 HTTP/1.1" 302 -
120.253.135.82 - - [13/Jul/2022:06:35:41 +0800] "GET /xingrg/kc/pszx/mdqp_order_list.html?state=10 HTTP/1.1" 200 11870
120.253.135.82 - - [13/Jul/2022:06:35:41 +0800] "GET /xingrg/dwr/interface/AjaxQqpsService.js HTTP/1.1" 200 16326
120.253.135.82 - - [13/Jul/2022:06:35:41 +0800] "GET /xingrg/dwr/interface/AjaxReportQueryService.js HTTP/1.1" 200 13203
120.253.135.82 - - [13/Jul/2022:06:35:41 +0800] "GET /xingrg/dwr/engine.js HTTP/1.1" 200 43631
120.253.135.82 - - [13/Jul/2022:06:35:43 +0800] "GET /xingrg/kc/pszx/mdqp_order_info.html?code=302022071200176 HTTP/1.1" 200 13350
120.253.135.82 - - [13/Jul/2022:06:35:43 +0800] "GET /xingrg/dwr/interface/AjaxQqpsService.js HTTP/1.1" 200 16326
120.253.135.82 - - [13/Jul/2022:06:35:43 +0800] "GET /xingrg/dwr/interface/AjaxComOrderService.js HTTP/1.1" 200 18264
120.253.135.82 - - [13/Jul/2022:06:35:43 +0800] "GET /xingrg/dwr/engine.js HTTP/1.1" 200 43631
120.253.135.82 - - [13/Jul/2022:06:35:44 +0800] "POST /xingrg/dwr/call/plaincall/AjaxQqpsService.loadMaterielItems.dwr HTTP/1.1" 200 752
180.175.103.110 - - [13/Jul/2022:06:35:45 +0800] "GET /xingrg/all/function/internal_message.html?_=1657665345503&CODE_STATE=getMsg HTTP/1.1" 200 27
120.253.135.82 - - [13/Jul/2022:06:36:14 +0800] "GET /xingrg/all/function/internal_message.html?_=1657665182801&CODE_STATE=getMsg HTTP/1.1" 200 27
116.235.94.65 - - [13/Jul/2022:06:36:15 +0800] "GET /xingrg/all/function/internal_message.html?_=1657665555537&CODE_STATE=getMsg HTTP/1.1" 200 27
58.35.196.166 - - [13/Jul/2022:06:36:24 +0800] "GET /xingrg/all/function/internal_message.html?_=1657665384257&CODE_STATE=getMsg HTTP/1.1" 200 27
120.253.135.82 - - [13/Jul/2022:06:36:28 +0800] "GET /xingrg/kc/pszx/mdqp_order_list.html?isBack=1 HTTP/1.1" 302 -
120.253.135.82 - - [13/Jul/2022:06:36:28 +0800] "GET /xingrg/kc/pszx/mdqp_order_list.html?state=10 HTTP/1.1" 200 11870
120.253.135.82 - - [13/Jul/2022:06:36:28 +0800] "GET /xingrg/dwr/interface/AjaxReportQueryService.js HTTP/1.1" 200 13203
120.253.135.82 - - [13/Jul/2022:06:36:28 +0800] "GET /xingrg/dwr/interface/AjaxQqpsService.js HTTP/1.1" 200 16326
120.253.135.82 - - [13/Jul/2022:06:36:28 +0800] "GET /xingrg/dwr/engine.js HTTP/1.1" 200 43631
101.83.223.227 - - [13/Jul/2022:06:36:30 +0800] "GET /xingrg/all/function/internal_message.html?_=1657665348242&CODE_STATE=getMsg HTTP/1.1" 200 27
120.253.135.82 - - [13/Jul/2022:06:36:32 +0800] "GET /xingrg/kc/pszx/jzcl_ps.html HTTP/1.1" 200 7683
120.253.135.82 - - [13/Jul/2022:06:36:32 +0800] "POST /xingrg/all/common/load_tree.html?tree=area_rest_tree_json HTTP/1.1" 200 3472
120.253.135.82 - - [13/Jul/2022:06:36:32 +0800] "POST /xingrg/kc/pszx/jzcl_ps_operate.html HTTP/1.1" 200 1700
120.253.135.82 - - [13/Jul/2022:06:36:33 +0800] "POST /xingrg/kc/pszx/jzcl_ps_operate.html HTTP/1.1" 200 1700
120.253.135.82 - - [13/Jul/2022:06:36:41 +0800] "POST /xingrg/kc/pszx/jzcl_ps_operate.html HTTP/1.1" 200 4
120.253.135.82 - - [13/Jul/2022:06:36:43 +0800] "GET /xingrg/kc/pszx/mdps_order_list.html HTTP/1.1" 200 21007
120.253.135.82 - - [13/Jul/2022:06:36:43 +0800] "POST /xingrg/kc/pszx/jzcl_ps_operate.html HTTP/1.1" 200 21
120.253.135.82 - - [13/Jul/2022:06:36:44 +0800] "POST /xingrg/kc/pszx/mdps_list_operate.html HTTP/1.1" 200 5328
180.175.103.110 - - [13/Jul/2022:06:36:45 +0800] "GET /xingrg/all/function/internal_message.html?_=1657665405473&CODE_STATE=getMsg HTTP/1.1" 200 27
120.253.135.82 - - [13/Jul/2022:06:36:55 +0800] "POST /xingrg/kc/pszx/mdps_list_operate.html HTTP/1.1" 200 2807
120.253.135.82 - - [13/Jul/2022:06:36:56 +0800] "POST /xingrg/kc/pszx/mdps_list_operate.html HTTP/1.1" 200 280
120.253.135.82 - - [13/Jul/2022:06:36:57 +0800] "GET /xingrg/kc/pszx/mdps_order_info.html?code=312022071300218 HTTP/1.1" 200 23978
120.253.135.82 - - [13/Jul/2022:06:36:57 +0800] "GET /xingrg/javascript/easyui/themes/default/validatebox.css HTTP/1.1" 404 1104
120.253.135.82 - - [13/Jul/2022:06:36:58 +0800] "POST /xingrg/kc/pszx/mdps_order_operate.html HTTP/1.1" 200 2759
120.253.135.82 - - [13/Jul/2022:06:37:04 +0800] "POST /xingrg/kc/pszx/mdps_order_operate.html HTTP/1.1" 200 37
120.253.135.82 - - [13/Jul/2022:06:37:05 +0800] "GET /xingrg/kc/pszx/mdps_order_info.html?code=312022071300218 HTTP/1.1" 200 23978
120.253.135.82 - - [13/Jul/2022:06:37:06 +0800] "GET /xingrg/javascript/easyui/themes/default/validatebox.css HTTP/1.1" 404 1104
120.253.135.82 - - [13/Jul/2022:06:37:06 +0800] "POST /xingrg/kc/pszx/mdps_order_operate.html HTTP/1.1" 200 2773
180.175.103.110 - - [13/Jul/2022:06:37:14 +0800] "GET /xingrg/check_reg.html?_=1657665433803 HTTP/1.1" 200 22
120.253.135.82 - - [13/Jul/2022:06:37:15 +0800] "GET /xingrg/kc/pszx/mdps_order_operate.html?command=get_materiel&pszx_code=00101&rest_code=00156&base_code=0010246&code=00101016086 HTTP/1.1" 200 467
120.253.135.82 - - [13/Jul/2022:06:37:15 +0800] "GET /xingrg/all/function/internal_message.html?_=1657665242838&CODE_STATE=getMsg HTTP/1.1" 200 27
116.235.94.65 - - [13/Jul/2022:06:37:15 +0800] "GET /xingrg/all/function/internal_message.html?_=1657665615507&CODE_STATE=getMsg HTTP/1.1" 200 27
120.253.135.82 - - [13/Jul/2022:06:37:17 +0800] "POST /xingrg/all/common/load_select.html HTTP/1.1" 200 25
120.253.135.82 - - [13/Jul/2022:06:37:18 +0800] "GET /xingrg/kc/pszx/mdps_order_operate.html?command=get_materiel_price&pszx_code=00101&rest_code=00156&base_code=0010246&code=00101016086&unit_code=00100138&order_time=2022-07-14 HTTP/1.1" 200 35
58.35.196.166 - - [13/Jul/2022:06:37:24 +0800] "GET /xingrg/all/function/internal_message.html?_=1657665444227&CODE_STATE=getMsg HTTP/1.1" 200 27
114.86.187.244 - - [13/Jul/2022:06:37:24 +0800] "POST /xingrg/services/DataTransmitService HTTP/1.1" 200 524
120.253.135.82 - - [13/Jul/2022:06:37:25 +0800] "POST /xingrg/kc/pszx/mdps_order_operate.html HTTP/1.1" 200 37
120.253.135.82 - - [13/Jul/2022:06:37:26 +0800] "GET /xingrg/kc/pszx/mdps_order_info.html?code=312022071300218 HTTP/1.1" 200 23978
120.253.135.82 - - [13/Jul/2022:06:37:27 +0800] "GET /xingrg/javascript/easyui/themes/default/validatebox.css HTTP/1.1" 404 1104
120.253.135.82 - - [13/Jul/2022:06:37:27 +0800] "POST /xingrg/kc/pszx/mdps_order_operate.html HTTP/1.1" 200 2788
120.253.135.82 - - [13/Jul/2022:06:37:29 +0800] "POST /xingrg/kc/pszx/mdps_list_operate.html HTTP/1.1" 200 634
120.253.135.82 - - [13/Jul/2022:06:37:30 +0800] "GET /xingrg/kc/pszx/mdps_order_info.html?code=312022071300219 HTTP/1.1" 200 23978
101.83.223.227 - - [13/Jul/2022:06:37:30 +0800] "GET /xingrg/all/function/internal_message.html?_=1657665408249&CODE_STATE=getMsg HTTP/1.1" 200 27
120.253.135.82 - - [13/Jul/2022:06:37:31 +0800] "POST /xingrg/kc/pszx/mdps_order_operate.html HTTP/1.1" 200 4799
120.253.135.82 - - [13/Jul/2022:06:37:31 +0800] "GET /xingrg/javascript/easyui/themes/default/validatebox.css HTTP/1.1" 404 1104
120.253.135.82 - - [13/Jul/2022:06:37:34 +0800] "POST /xingrg/kc/pszx/mdps_order_operate.html HTTP/1.1" 200 37
120.253.135.82 - - [13/Jul/2022:06:37:35 +0800] "GET /xingrg/kc/pszx/mdps_order_info.html?code=312022071300219 HTTP/1.1" 200 23978
120.253.135.82 - - [13/Jul/2022:06:37:36 +0800] "POST /xingrg/kc/pszx/mdps_order_operate.html HTTP/1.1" 200 4846
120.253.135.82 - - [13/Jul/2022:06:37:36 +0800] "GET /xingrg/javascript/easyui/themes/default/validatebox.css HTTP/1.1" 404 1104
120.253.135.82 - - [13/Jul/2022:06:37:45 +0800] "POST /xingrg/all/common/load_select.html HTTP/1.1" 200 25
180.175.103.110 - - [13/Jul/2022:06:37:45 +0800] "GET /xingrg/all/function/internal_message.html?_=1657665465441&CODE_STATE=getMsg HTTP/1.1" 200 27
58.35.196.166 - - [13/Jul/2022:06:37:46 +0800] "GET /xingrg/check_reg.html?_=1657665466401 HTTP/1.1" 200 22
120.253.135.82 - - [13/Jul/2022:06:37:46 +0800] "GET /xingrg/kc/pszx/mdps_order_operate.html?command=get_materiel_price&pszx_code=00101&rest_code=00156&base_code=0010246&code=00101019400&unit_code=00100111&order_time=2022-07-14 HTTP/1.1" 200 36
120.253.135.82 - - [13/Jul/2022:06:38:10 +0800] "POST /xingrg/kc/pszx/mdps_order_operate.html HTTP/1.1" 200 37
120.253.135.82 - - [13/Jul/2022:06:38:11 +0800] "GET /xingrg/kc/pszx/mdps_order_info.html?code=312022071300219 HTTP/1.1" 200 23978
120.253.135.82 - - [13/Jul/2022:06:38:12 +0800] "POST /xingrg/kc/pszx/mdps_order_operate.html HTTP/1.1" 200 4847
120.253.135.82 - - [13/Jul/2022:06:38:12 +0800] "GET /xingrg/javascript/easyui/themes/default/validatebox.css HTTP/1.1" 404 1104
120.253.135.82 - - [13/Jul/2022:06:38:14 +0800] "POST /xingrg/kc/pszx/mdps_list_operate.html HTTP/1.1" 200 2807
120.253.135.82 - - [13/Jul/2022:06:38:15 +0800] "GET /xingrg/all/function/internal_message.html?_=1657665302862&CODE_STATE=getMsg HTTP/1.1" 200 27
116.235.94.65 - - [13/Jul/2022:06:38:15 +0800] "GET /xingrg/all/function/internal_message.html?_=1657665675508&CODE_STATE=getMsg HTTP/1.1" 200 27
120.253.135.82 - - [13/Jul/2022:06:38:15 +0800] "POST /xingrg/kc/pszx/mdps_list_operate.html HTTP/1.1" 200 280
120.253.135.82 - - [13/Jul/2022:06:38:16 +0800] "GET /xingrg/kc/pszx/mdps_order_info.html?code=312022071300220 HTTP/1.1" 200 23978
120.253.135.82 - - [13/Jul/2022:06:38:17 +0800] "POST /xingrg/kc/pszx/mdps_order_operate.html HTTP/1.1" 200 2762
120.253.135.82 - - [13/Jul/2022:06:38:17 +0800] "GET /xingrg/javascript/easyui/themes/default/validatebox.css HTTP/1.1" 404 1104
120.253.135.82 - - [13/Jul/2022:06:38:18 +0800] "POST /xingrg/all/common/load_combo.html?type=base HTTP/1.1" 200 1169
120.253.135.82 - - [13/Jul/2022:06:38:22 +0800] "POST /xingrg/kc/pszx/mdps_order_operate.html HTTP/1.1" 200 37
180.169.147.146 - - [13/Jul/2022:06:38:23 +0800] "GET /xingrg/check_reg.html?_=1657665499917 HTTP/1.1" 302 -
120.253.135.82 - - [13/Jul/2022:06:38:24 +0800] "GET /xingrg/kc/pszx/mdps_order_info.html?code=312022071300220 HTTP/1.1" 200 23978
58.35.196.166 - - [13/Jul/2022:06:38:24 +0800] "GET /xingrg/all/function/internal_message.html?_=1657665504212&CODE_STATE=getMsg HTTP/1.1" 200 27
120.253.135.82 - - [13/Jul/2022:06:38:25 +0800] "POST /xingrg/kc/pszx/mdps_order_operate.html HTTP/1.1" 200 2778
120.253.135.82 - - [13/Jul/2022:06:38:25 +0800] "GET /xingrg/javascript/easyui/themes/default/validatebox.css HTTP/1.1" 404 1104
101.83.223.227 - - [13/Jul/2022:06:38:30 +0800] "GET /xingrg/all/function/internal_message.html?_=1657665468269&CODE_STATE=getMsg HTTP/1.1" 200 27
180.175.103.110 - - [13/Jul/2022:06:38:45 +0800] "GET /xingrg/all/function/internal_message.html?_=1657665525416&CODE_STATE=getMsg HTTP/1.1" 200 27
120.253.135.82 - - [13/Jul/2022:06:38:48 +0800] "POST /xingrg/kc/pszx/mdps_list_operate.html HTTP/1.1" 200 2807
120.253.135.82 - - [13/Jul/2022:06:38:50 +0800] "POST /xingrg/kc/pszx/mdps_list_operate.html HTTP/1.1" 200 311
120.253.135.82 - - [13/Jul/2022:06:38:50 +0800] "GET /xingrg/kc/pszx/mdps_order_info.html?code=312022071300221 HTTP/1.1" 200 23978
120.253.135.82 - - [13/Jul/2022:06:38:51 +0800] "POST /xingrg/kc/pszx/mdps_order_operate.html HTTP/1.1" 200 2826
120.253.135.82 - - [13/Jul/2022:06:38:51 +0800] "GET /xingrg/javascript/easyui/themes/default/validatebox.css HTTP/1.1" 404 1104
120.253.135.82 - - [13/Jul/2022:06:38:53 +0800] "POST /xingrg/kc/pszx/mdps_order_operate.html HTTP/1.1" 200 37
120.253.135.82 - - [13/Jul/2022:06:38:54 +0800] "GET /xingrg/kc/pszx/mdps_order_info.html?code=312022071300221 HTTP/1.1" 200 23978
120.253.135.82 - - [13/Jul/2022:06:38:55 +0800] "POST /xingrg/kc/pszx/mdps_order_operate.html HTTP/1.1" 200 2842
120.253.135.82 - - [13/Jul/2022:06:38:55 +0800] "GET /xingrg/javascript/easyui/themes/default/validatebox.css HTTP/1.1" 404 1104
120.253.135.82 - - [13/Jul/2022:06:39:02 +0800] "POST /xingrg/kc/pszx/mdps_list_operate.html HTTP/1.1" 200 2807
120.253.135.82 - - [13/Jul/2022:06:39:03 +0800] "POST /xingrg/kc/pszx/mdps_list_operate.html HTTP/1.1" 200 311
