101.83.223.227 - - [13/Jul/2022:09:35:54 +0800] "GET /xingrg/javascript/jquery.form.js HTTP/1.1" 304 -
101.83.223.227 - - [13/Jul/2022:09:35:54 +0800] "GET /xingrg/javascript/jquery.utils.js HTTP/1.1" 304 -
101.83.223.227 - - [13/Jul/2022:09:35:54 +0800] "GET /xingrg/javascript/jquery.timers.js HTTP/1.1" 304 -
101.83.223.227 - - [13/Jul/2022:09:35:54 +0800] "GET /xingrg/images/blue/jxLogo.png HTTP/1.1" 304 -
101.83.223.227 - - [13/Jul/2022:09:35:54 +0800] "GET /xingrg/images/blue/navBackgound.jpg HTTP/1.1" 304 -
101.83.223.227 - - [13/Jul/2022:09:35:54 +0800] "POST /xingrg/all/common/load_tree.html?tree=area_rest_tree_json&manage=1 HTTP/1.1" 200 476
101.83.223.227 - - [13/Jul/2022:09:35:54 +0800] "GET /xingrg/images/blue/pingpu.png HTTP/1.1" 304 -
101.83.223.227 - - [13/Jul/2022:09:35:54 +0800] "GET /xingrg/javascript/jquery_easy_ui/themes/icons/settle_new.png HTTP/1.1" 304 -
101.83.223.227 - - [13/Jul/2022:09:35:54 +0800] "GET /xingrg/javascript/jquery_easy_ui/themes/default/images/panel_tool_collapse.gif HTTP/1.1" 304 -
101.83.223.227 - - [13/Jul/2022:09:35:54 +0800] "GET /xingrg/all/function/internal_message.html?_=1657676111522&CODE_STATE=count HTTP/1.1" 200 11
101.83.223.227 - - [13/Jul/2022:09:35:54 +0800] "GET /xingrg/check_reg.html?_=1657676111523 HTTP/1.1" 200 22
101.83.223.227 - - [13/Jul/2022:09:35:54 +0800] "GET /xingrg/javascript/jquery_easy_ui/themes/default/images/tabs_leftarrow.png HTTP/1.1" 304 -
101.83.223.227 - - [13/Jul/2022:09:35:54 +0800] "POST /xingrg/load_menu.html HTTP/1.1" 200 5138
101.83.223.227 - - [13/Jul/2022:09:35:54 +0800] "GET /xingrg/javascript/jquery_easy_ui/themes/default/images/tree_arrows.gif HTTP/1.1" 304 -
101.83.223.227 - - [13/Jul/2022:09:35:54 +0800] "GET /xingrg/javascript/jquery_easy_ui/themes/default/images/tabs_rightarrow.png HTTP/1.1" 304 -
61.170.235.209 - - [13/Jul/2022:09:35:57 +0800] "GET /xingrg/kc/buy/cgsh_order_operate.html?command=get_materiel&rest_code=00106&code=00101006055&supplier_code=00100015&order_time=2022-07-13 HTTP/1.1" 200 426
101.85.238.90 - - [13/Jul/2022:09:35:58 +0800] "GET /xingrg/check_reg.html?_=1657676224504 HTTP/1.1" 200 22
101.85.238.90 - - [13/Jul/2022:09:35:58 +0800] "GET /xingrg/all/function/internal_message.html?_=1657676224567&CODE_STATE=getMsg HTTP/1.1" 200 27
61.170.235.209 - - [13/Jul/2022:09:36:04 +0800] "GET /xingrg/all/function/internal_message.html?_=1657676163944&CODE_STATE=getMsg HTTP/1.1" 200 27
101.83.223.227 - - [13/Jul/2022:09:36:04 +0800] "GET /xingrg/kc/buy/cgsh_order_list.html HTTP/1.1" 200 52100
101.83.223.227 - - [13/Jul/2022:09:36:04 +0800] "POST /xingrg/kc/buy/cgsh_list_operate.html HTTP/1.1" 200 693
218.81.223.53 - - [13/Jul/2022:09:36:07 +0800] "GET /xingrg/check_reg.html?_=1657676175880 HTTP/1.1" 200 22
101.83.223.227 - - [13/Jul/2022:09:36:07 +0800] "GET /xingrg/kc/buy/cgsh_order_add.html HTTP/1.1" 200 67806
101.83.223.227 - - [13/Jul/2022:09:36:07 +0800] "POST /xingrg/kc/buy/cgsh_order_operate.html HTTP/1.1" 200 8245
101.83.223.227 - - [13/Jul/2022:09:36:07 +0800] "GET /xingrg/javascript/easyui/themes/default/validatebox.css HTTP/1.1" 404 1104
101.83.223.227 - - [13/Jul/2022:09:36:09 +0800] "GET /xingrg/javascript/auto/indicator.gif HTTP/1.1" 404 1066
116.235.94.65 - - [13/Jul/2022:09:36:11 +0800] "GET /xingrg/all/function/internal_message.html?_=1657676351219&CODE_STATE=getMsg HTTP/1.1" 200 27
101.83.223.227 - - [13/Jul/2022:09:36:11 +0800] "GET /favicon.ico HTTP/1.1" 404 -
101.83.223.227 - - [13/Jul/2022:09:36:11 +0800] "POST /xingrg/all/common/load_tree.html?tree=materiel_sort_tree_json HTTP/1.1" 200 9388
101.83.223.227 - - [13/Jul/2022:09:36:18 +0800] "GET /xingrg/kc/buy/cgsh_order_operate.html?command=get_materiel&rest_code=00150&code=00101006111&supplier_code=00100096&order_time=2022-07-13 HTTP/1.1" 200 411
116.228.172.94 - - [13/Jul/2022:09:36:18 +0800] "GET /xingrg/all/function/internal_message.html?_=1657675965373&CODE_STATE=getMsg HTTP/1.1" 200 27
58.35.196.166 - - [13/Jul/2022:09:36:20 +0800] "GET /xingrg/all/function/internal_message.html?_=1657676180591&CODE_STATE=getMsg HTTP/1.1" 200 27
218.81.223.53 - - [13/Jul/2022:09:36:22 +0800] "GET /xingrg/all/function/internal_message.html?_=1657676190824&CODE_STATE=getMsg HTTP/1.1" 200 27
61.170.235.209 - - [13/Jul/2022:09:36:31 +0800] "GET /xingrg/kc/buy/cgsh_order_operate.html?command=get_materiel&rest_code=00106&code=00101006065&supplier_code=00100015&order_time=2022-07-13 HTTP/1.1" 200 425
101.83.241.136 - - [13/Jul/2022:09:36:35 +0800] "GET /xingrg/all/function/internal_message.html?_=1657676193108&CODE_STATE=getMsg HTTP/1.1" 200 27
101.83.241.136 - - [13/Jul/2022:09:36:35 +0800] "GET /xingrg/check_reg.html?_=1657676193128 HTTP/1.1" 200 22
180.175.103.110 - - [13/Jul/2022:09:36:41 +0800] "GET /xingrg/all/function/internal_message.html?_=1657676201168&CODE_STATE=getMsg HTTP/1.1" 200 27
61.170.235.209 - - [13/Jul/2022:09:36:46 +0800] "GET /xingrg/kc/buy/cgsh_order_operate.html?command=get_materiel&rest_code=00106&code=00101006109&supplier_code=00100015&order_time=2022-07-13 HTTP/1.1" 200 424
222.69.129.110 - - [13/Jul/2022:09:36:47 +0800] "GET /xingrg/all/function/internal_message.html?_=1657676257775&CODE_STATE=getMsg HTTP/1.1" 200 27
120.253.135.82 - - [13/Jul/2022:09:36:48 +0800] "GET /xingrg/all/function/internal_message.html?_=1657676015716&CODE_STATE=getMsg HTTP/1.1" 200 27
101.83.223.227 - - [13/Jul/2022:09:36:54 +0800] "GET /xingrg/all/function/internal_message.html?_=1657676171538&CODE_STATE=getMsg HTTP/1.1" 200 27
101.85.238.90 - - [13/Jul/2022:09:36:56 +0800] "GET /xingrg/kc/buy/cgsh_order_operate.html?command=get_materiel&rest_code=00102&code=00101006184&supplier_code=00100096&order_time=2022-07-13 HTTP/1.1" 200 408
101.85.238.90 - - [13/Jul/2022:09:36:58 +0800] "GET /xingrg/all/function/internal_message.html?_=1657676284580&CODE_STATE=getMsg HTTP/1.1" 200 27
61.170.235.209 - - [13/Jul/2022:09:37:06 +0800] "POST /xingrg/kc/buy/cgsh_order_operate.html HTTP/1.1" 200 37
61.170.235.209 - - [13/Jul/2022:09:37:08 +0800] "POST /xingrg/kc/buy/cgsh_order_operate.html HTTP/1.1" 200 3832
116.235.94.65 - - [13/Jul/2022:09:37:11 +0800] "GET /xingrg/all/function/internal_message.html?_=1657676411197&CODE_STATE=getMsg HTTP/1.1" 200 27
180.175.103.110 - - [13/Jul/2022:09:37:13 +0800] "GET /xingrg/check_reg.html?_=1657676233045 HTTP/1.1" 200 22
101.85.238.90 - - [13/Jul/2022:09:37:15 +0800] "GET /xingrg/kc/buy/cgsh_order_operate.html?command=get_materiel&rest_code=00102&code=00101007049&supplier_code=00100096&order_time=2022-07-13 HTTP/1.1" 200 425
116.228.172.94 - - [13/Jul/2022:09:37:18 +0800] "GET /xingrg/check_reg.html?_=1657676025362 HTTP/1.1" 200 22
116.228.172.94 - - [13/Jul/2022:09:37:18 +0800] "GET /xingrg/all/function/internal_message.html?_=1657676025365&CODE_STATE=getMsg HTTP/1.1" 200 27
58.35.196.166 - - [13/Jul/2022:09:37:20 +0800] "GET /xingrg/all/function/internal_message.html?_=1657676240576&CODE_STATE=getMsg HTTP/1.1" 200 27
218.81.223.53 - - [13/Jul/2022:09:37:22 +0800] "GET /xingrg/all/function/internal_message.html?_=1657676250837&CODE_STATE=getMsg HTTP/1.1" 200 27
61.170.235.209 - - [13/Jul/2022:09:37:22 +0800] "GET /xingrg/kc/buy/buy_main.html HTTP/1.1" 200 12412
61.170.235.209 - - [13/Jul/2022:09:37:22 +0800] "GET /xingrg/css/new_ie.css HTTP/1.1" 404 1036
114.86.187.244 - - [13/Jul/2022:09:37:25 +0800] "POST /xingrg/services/DataTransmitService HTTP/1.1" 200 524
101.83.223.227 - - [13/Jul/2022:09:37:26 +0800] "GET /xingrg/kc/buy/cgsh_order_operate.html?command=get_materiel&rest_code=00150&code=00101006055&supplier_code=00100096&order_time=2022-07-13 HTTP/1.1" 200 424
101.85.238.90 - - [13/Jul/2022:09:37:30 +0800] "GET /xingrg/kc/buy/cgsh_order_operate.html?command=get_materiel&rest_code=00102&code=00101006112&supplier_code=00100096&order_time=2022-07-13 HTTP/1.1" 200 411
101.83.241.136 - - [13/Jul/2022:09:37:35 +0800] "GET /xingrg/all/function/internal_message.html?_=1657676253128&CODE_STATE=getMsg HTTP/1.1" 200 27
180.175.103.110 - - [13/Jul/2022:09:37:41 +0800] "GET /xingrg/all/function/internal_message.html?_=1657676261141&CODE_STATE=getMsg HTTP/1.1" 200 27
58.35.196.166 - - [13/Jul/2022:09:37:46 +0800] "GET /xingrg/check_reg.html?_=1657676266405 HTTP/1.1" 200 22
218.81.223.53 - - [13/Jul/2022:09:37:46 +0800] "GET /favicon.ico HTTP/1.1" 404 -
222.69.129.110 - - [13/Jul/2022:09:37:47 +0800] "GET /xingrg/all/function/internal_message.html?_=1657676317766&CODE_STATE=getMsg HTTP/1.1" 200 27
120.253.135.82 - - [13/Jul/2022:09:37:48 +0800] "GET /xingrg/all/function/internal_message.html?_=1657676075729&CODE_STATE=getMsg HTTP/1.1" 200 27
101.83.223.227 - - [13/Jul/2022:09:37:54 +0800] "GET /xingrg/all/function/internal_message.html?_=1657676231551&CODE_STATE=getMsg HTTP/1.1" 200 27
101.85.238.90 - - [13/Jul/2022:09:37:57 +0800] "GET /xingrg/kc/buy/cgsh_order_operate.html?command=get_materiel&rest_code=00102&code=00101006240&supplier_code=00100096&order_time=2022-07-13 HTTP/1.1" 200 424
101.85.238.90 - - [13/Jul/2022:09:37:58 +0800] "GET /xingrg/all/function/internal_message.html?_=1657676344594&CODE_STATE=getMsg HTTP/1.1" 200 27
61.170.235.209 - - [13/Jul/2022:09:38:04 +0800] "GET /xingrg/all/function/internal_message.html?_=1657676283965&CODE_STATE=getMsg HTTP/1.1" 200 27
101.85.238.90 - - [13/Jul/2022:09:38:10 +0800] "GET /xingrg/javascript/easyui/themes/default/images/button_plain_hover.png HTTP/1.1" 200 144
116.235.94.65 - - [13/Jul/2022:09:38:11 +0800] "GET /xingrg/all/function/internal_message.html?_=1657676471167&CODE_STATE=getMsg HTTP/1.1" 200 27
101.85.238.90 - - [13/Jul/2022:09:38:14 +0800] "POST /xingrg/kc/buy/cgsh_order_operate.html HTTP/1.1" 200 37
101.83.223.227 - - [13/Jul/2022:09:38:15 +0800] "GET /xingrg/kc/buy/cgsh_order_operate.html?command=get_materiel&rest_code=00150&code=00101006065&supplier_code=00100096&order_time=2022-07-13 HTTP/1.1" 200 424
101.85.238.90 - - [13/Jul/2022:09:38:17 +0800] "POST /xingrg/kc/buy/cgsh_order_operate.html HTTP/1.1" 200 12
116.228.172.94 - - [13/Jul/2022:09:38:18 +0800] "GET /xingrg/all/function/internal_message.html?_=1657676085369&CODE_STATE=getMsg HTTP/1.1" 200 27
58.35.196.166 - - [13/Jul/2022:09:38:20 +0800] "GET /xingrg/all/function/internal_message.html?_=1657676300546&CODE_STATE=getMsg HTTP/1.1" 200 27
101.85.238.90 - - [13/Jul/2022:09:38:21 +0800] "GET /xingrg/kc/buy/cgsh_order_info.html?code=212022071303197 HTTP/1.1" 200 62761
218.81.223.53 - - [13/Jul/2022:09:38:22 +0800] "GET /xingrg/all/function/internal_message.html?_=1657676311005&CODE_STATE=getMsg HTTP/1.1" 200 27
180.169.147.146 - - [13/Jul/2022:09:38:22 +0800] "GET /xingrg/check_reg.html?_=1657676299456 HTTP/1.1" 302 -
101.85.238.90 - - [13/Jul/2022:09:38:22 +0800] "GET /xingrg/javascript/easyui/themes/default/validatebox.css HTTP/1.1" 404 1104
101.85.238.90 - - [13/Jul/2022:09:38:23 +0800] "POST /xingrg/kc/buy/cgsh_order_operate.html HTTP/1.1" 200 2386
101.83.223.227 - - [13/Jul/2022:09:38:28 +0800] "GET /xingrg/kc/buy/cgsh_order_operate.html?command=get_materiel&rest_code=00150&code=00101007061&supplier_code=00100096&order_time=2022-07-13 HTTP/1.1" 200 424
101.85.238.90 - - [13/Jul/2022:09:38:28 +0800] "GET /xingrg/kc/print/load_config.html?kc_code=cgsh HTTP/1.1" 200 1943
101.85.238.90 - - [13/Jul/2022:09:38:29 +0800] "GET /xingrg/kc/print/load_data.html?order_code=212022071303197&kc_code=cgsh&condition= HTTP/1.1" 200 1342
101.85.238.90 - - [13/Jul/2022:09:38:32 +0800] "GET /xingrg/javascript/jquery_easy_ui/themes/default/images/tabs_active.png HTTP/1.1" 200 2894
101.83.241.136 - - [13/Jul/2022:09:38:35 +0800] "GET /xingrg/all/function/internal_message.html?_=1657676313129&CODE_STATE=getMsg HTTP/1.1" 200 27
101.83.223.227 - - [13/Jul/2022:09:38:40 +0800] "GET /xingrg/kc/buy/cgsh_order_operate.html?command=get_materiel&rest_code=00150&code=00101007049&supplier_code=00100096&order_time=2022-07-13 HTTP/1.1" 200 426
180.175.103.110 - - [13/Jul/2022:09:38:41 +0800] "GET /xingrg/all/function/internal_message.html?_=1657676321116&CODE_STATE=getMsg HTTP/1.1" 200 27
222.69.129.110 - - [13/Jul/2022:09:38:47 +0800] "GET /xingrg/all/function/internal_message.html?_=1657676377768&CODE_STATE=getMsg HTTP/1.1" 200 27
222.69.129.110 - - [13/Jul/2022:09:38:47 +0800] "GET /xingrg/check_reg.html?_=1657676377773 HTTP/1.1" 200 22
120.253.135.82 - - [13/Jul/2022:09:38:48 +0800] "GET /xingrg/all/function/internal_message.html?_=1657676135752&CODE_STATE=getMsg HTTP/1.1" 200 27
101.83.223.227 - - [13/Jul/2022:09:38:50 +0800] "GET /xingrg/kc/buy/cgsh_order_operate.html?command=get_materiel&rest_code=00150&code=00101007071&supplier_code=00100096&order_time=2022-07-13 HTTP/1.1" 200 418
101.83.223.227 - - [13/Jul/2022:09:38:54 +0800] "GET /xingrg/all/function/internal_message.html?_=1657676291565&CODE_STATE=getMsg HTTP/1.1" 200 27
101.85.238.90 - - [13/Jul/2022:09:38:58 +0800] "GET /xingrg/all/function/internal_message.html?_=1657676404692&CODE_STATE=getMsg HTTP/1.1" 200 27
61.170.235.209 - - [13/Jul/2022:09:39:04 +0800] "GET /xingrg/check_reg.html?_=1657676343937 HTTP/1.1" 200 22
61.170.235.209 - - [13/Jul/2022:09:39:04 +0800] "GET /xingrg/all/function/internal_message.html?_=1657676343940&CODE_STATE=getMsg HTTP/1.1" 200 27
101.83.223.227 - - [13/Jul/2022:09:39:04 +0800] "GET /xingrg/kc/buy/cgsh_order_operate.html?command=get_materiel&rest_code=00150&code=00101007134&supplier_code=00100096&order_time=2022-07-13 HTTP/1.1" 200 415
116.235.94.65 - - [13/Jul/2022:09:39:11 +0800] "GET /xingrg/all/function/internal_message.html?_=1657676531143&CODE_STATE=getMsg HTTP/1.1" 200 27
101.83.223.227 - - [13/Jul/2022:09:39:18 +0800] "GET /xingrg/kc/buy/cgsh_order_operate.html?command=get_materiel&rest_code=00150&code=00101007077&supplier_code=00100096&order_time=2022-07-13 HTTP/1.1" 200 415
116.228.172.94 - - [13/Jul/2022:09:39:18 +0800] "GET /xingrg/all/function/internal_message.html?_=1657676145388&CODE_STATE=getMsg HTTP/1.1" 200 27
58.35.196.166 - - [13/Jul/2022:09:39:20 +0800] "GET /xingrg/all/function/internal_message.html?_=1657676360531&CODE_STATE=getMsg HTTP/1.1" 200 27
218.81.223.53 - - [13/Jul/2022:09:39:22 +0800] "GET /xingrg/all/function/internal_message.html?_=1657676371007&CODE_STATE=getMsg HTTP/1.1" 200 27
116.235.94.65 - - [13/Jul/2022:09:39:28 +0800] "GET /xingrg/check_reg.html?_=1657676548434 HTTP/1.1" 200 22
101.83.241.136 - - [13/Jul/2022:09:39:35 +0800] "GET /xingrg/all/function/internal_message.html?_=1657676373130&CODE_STATE=getMsg HTTP/1.1" 200 27
180.175.103.110 - - [13/Jul/2022:09:39:41 +0800] "GET /xingrg/all/function/internal_message.html?_=1657676381084&CODE_STATE=getMsg HTTP/1.1" 200 27
101.83.223.227 - - [13/Jul/2022:09:39:42 +0800] "POST /xingrg/kc/buy/cgsh_order_operate.html HTTP/1.1" 200 37
101.83.223.227 - - [13/Jul/2022:09:39:46 +0800] "POST /xingrg/kc/buy/cgsh_order_operate.html HTTP/1.1" 200 12
101.83.223.227 - - [13/Jul/2022:09:39:47 +0800] "GET /xingrg/kc/buy/cgsh_order_info.html?code=212022071303198 HTTP/1.1" 200 62703
222.69.129.110 - - [13/Jul/2022:09:39:47 +0800] "GET /xingrg/all/function/internal_message.html?_=1657676437779&CODE_STATE=getMsg HTTP/1.1" 200 27
101.83.223.227 - - [13/Jul/2022:09:39:47 +0800] "GET /xingrg/javascript/easyui/themes/default/validatebox.css HTTP/1.1" 404 1104
101.83.223.227 - - [13/Jul/2022:09:39:47 +0800] "POST /xingrg/kc/buy/cgsh_order_operate.html HTTP/1.1" 200 4753
120.253.135.82 - - [13/Jul/2022:09:39:48 +0800] "GET /xingrg/all/function/internal_message.html?_=1657676195757&CODE_STATE=getMsg HTTP/1.1" 200 27
101.83.223.227 - - [13/Jul/2022:09:39:49 +0800] "GET /xingrg/kc/print/load_data.html?order_code=212022071303198&kc_code=cgsh&condition= HTTP/1.1" 200 2284
101.83.223.227 - - [13/Jul/2022:09:39:54 +0800] "GET /xingrg/all/function/internal_message.html?_=1657676351579&CODE_STATE=getMsg HTTP/1.1" 200 27
101.83.223.227 - - [13/Jul/2022:09:39:55 +0800] "GET /xingrg/kc/buy/cgsh_order_add.html HTTP/1.1" 200 67806
101.83.223.227 - - [13/Jul/2022:09:39:55 +0800] "POST /xingrg/kc/buy/cgsh_order_operate.html HTTP/1.1" 200 8245
101.83.223.227 - - [13/Jul/2022:09:39:55 +0800] "GET /xingrg/javascript/easyui/themes/default/validatebox.css HTTP/1.1" 404 1104
101.85.238.90 - - [13/Jul/2022:09:39:58 +0800] "GET /xingrg/all/function/internal_message.html?_=1657676464699&CODE_STATE=getMsg HTTP/1.1" 200 27
61.170.235.209 - - [13/Jul/2022:09:40:04 +0800] "GET /xingrg/all/function/internal_message.html?_=1657676403909&CODE_STATE=getMsg HTTP/1.1" 200 27
101.83.223.227 - - [13/Jul/2022:09:40:05 +0800] "GET /xingrg/kc/buy/cgsh_order_operate.html?command=get_materiel&rest_code=00150&code=00101008210&supplier_code=00100007&order_time=2022-07-13 HTTP/1.1" 200 408
116.235.94.65 - - [13/Jul/2022:09:40:11 +0800] "GET /xingrg/all/function/internal_message.html?_=1657676591112&CODE_STATE=getMsg HTTP/1.1" 200 27
101.83.223.227 - - [13/Jul/2022:09:40:15 +0800] "GET /xingrg/kc/buy/cgsh_order_operate.html?command=get_materiel&rest_code=00150&code=00101008185&supplier_code=00100007&order_time=2022-07-13 HTTP/1.1" 200 408
116.228.172.94 - - [13/Jul/2022:09:40:18 +0800] "GET /xingrg/all/function/internal_message.html?_=1657676205363&CODE_STATE=getMsg HTTP/1.1" 200 27
58.35.196.166 - - [13/Jul/2022:09:40:20 +0800] "GET /xingrg/all/function/internal_message.html?_=1657676420501&CODE_STATE=getMsg HTTP/1.1" 200 27
218.81.223.53 - - [13/Jul/2022:09:40:22 +0800] "GET /xingrg/all/function/internal_message.html?_=1657676431156&CODE_STATE=getMsg HTTP/1.1" 200 27
101.83.223.227 - - [13/Jul/2022:09:40:23 +0800] "GET /xingrg/kc/buy/cgsh_order_operate.html?command=get_materiel&rest_code=00150&code=00101008224&supplier_code=00100007&order_time=2022-07-13 HTTP/1.1" 200 432
101.83.223.227 - - [13/Jul/2022:09:40:28 +0800] "GET /xingrg/kc/buy/cgsh_order_operate.html?command=get_materiel&rest_code=00150&code=00101008356&supplier_code=00100007&order_time=2022-07-13 HTTP/1.1" 200 408
101.83.241.136 - - [13/Jul/2022:09:40:35 +0800] "GET /xingrg/all/function/internal_message.html?_=1657676433128&CODE_STATE=getMsg HTTP/1.1" 200 27
101.83.223.227 - - [13/Jul/2022:09:40:36 +0800] "GET /xingrg/kc/buy/cgsh_order_operate.html?command=get_materiel&rest_code=00150&code=00101008270&supplier_code=00100007&order_time=2022-07-13 HTTP/1.1" 200 412
180.175.103.110 - - [13/Jul/2022:09:40:41 +0800] "GET /xingrg/all/function/internal_message.html?_=1657676441064&CODE_STATE=getMsg HTTP/1.1" 200 27
101.83.223.227 - - [13/Jul/2022:09:40:42 +0800] "GET /xingrg/kc/buy/cgsh_order_operate.html?command=get_materiel&rest_code=00150&code=00101008077&supplier_code=00100007&order_time=2022-07-13 HTTP/1.1" 200 416
222.69.129.110 - - [13/Jul/2022:09:40:47 +0800] "GET /xingrg/all/function/internal_message.html?_=1657676497771&CODE_STATE=getMsg HTTP/1.1" 200 27
120.253.135.82 - - [13/Jul/2022:09:40:48 +0800] "GET /xingrg/check_reg.html?_=1657676255662 HTTP/1.1" 200 22
120.253.135.82 - - [13/Jul/2022:09:40:48 +0800] "GET /xingrg/all/function/internal_message.html?_=1657676255770&CODE_STATE=getMsg HTTP/1.1" 200 27
101.83.223.227 - - [13/Jul/2022:09:40:51 +0800] "GET /xingrg/kc/buy/cgsh_order_operate.html?command=get_materiel&rest_code=00150&code=00101008036&supplier_code=00100007&order_time=2022-07-13 HTTP/1.1" 200 408
101.83.223.227 - - [13/Jul/2022:09:40:54 +0800] "GET /xingrg/check_reg.html?_=1657676411534 HTTP/1.1" 200 22
101.83.223.227 - - [13/Jul/2022:09:40:54 +0800] "GET /xingrg/all/function/internal_message.html?_=1657676411592&CODE_STATE=getMsg HTTP/1.1" 200 27
101.85.238.90 - - [13/Jul/2022:09:40:58 +0800] "GET /xingrg/check_reg.html?_=1657676524511 HTTP/1.1" 200 22
101.85.238.90 - - [13/Jul/2022:09:40:58 +0800] "GET /xingrg/all/function/internal_message.html?_=1657676524713&CODE_STATE=getMsg HTTP/1.1" 200 27
101.83.223.227 - - [13/Jul/2022:09:40:59 +0800] "GET /xingrg/kc/buy/cgsh_order_operate.html?command=get_materiel&rest_code=00150&code=00101008359&supplier_code=00100007&order_time=2022-07-13 HTTP/1.1" 200 408
61.170.235.209 - - [13/Jul/2022:09:41:04 +0800] "GET /xingrg/all/function/internal_message.html?_=1657676463894&CODE_STATE=getMsg HTTP/1.1" 200 27
218.81.223.53 - - [13/Jul/2022:09:41:07 +0800] "GET /xingrg/check_reg.html?_=1657676475891 HTTP/1.1" 200 22
218.81.223.53 - - [13/Jul/2022:09:41:10 +0800] "POST /xingrg/services/DataTransmitService HTTP/1.1" 200 524
218.81.223.53 - - [13/Jul/2022:09:41:11 +0800] "POST /xingrg/services/DataTransmitService HTTP/1.1" 200 2339
116.235.94.65 - - [13/Jul/2022:09:41:11 +0800] "GET /xingrg/all/function/internal_message.html?_=1657676651085&CODE_STATE=getMsg HTTP/1.1" 200 27
101.83.223.227 - - [13/Jul/2022:09:41:12 +0800] "GET /xingrg/kc/buy/cgsh_order_operate.html?command=get_materiel&rest_code=00150&code=00101008004&supplier_code=00100007&order_time=2022-07-13 HTTP/1.1" 200 416
116.228.172.94 - - [13/Jul/2022:09:41:18 +0800] "GET /xingrg/all/function/internal_message.html?_=1657676265381&CODE_STATE=getMsg HTTP/1.1" 200 27
218.81.223.53 - - [13/Jul/2022:09:41:20 +0800] "POST /xingrg/services/DataTransmitService HTTP/1.1" 200 524
58.35.196.166 - - [13/Jul/2022:09:41:20 +0800] "GET /xingrg/all/function/internal_message.html?_=1657676480487&CODE_STATE=getMsg HTTP/1.1" 200 27
218.81.223.53 - - [13/Jul/2022:09:41:21 +0800] "POST /xingrg/services/DataTransmitService HTTP/1.1" 200 2339
218.81.223.53 - - [13/Jul/2022:09:41:22 +0800] "GET /xingrg/all/function/internal_message.html?_=1657676491157&CODE_STATE=getMsg HTTP/1.1" 200 27
101.83.223.227 - - [13/Jul/2022:09:41:25 +0800] "GET /xingrg/kc/buy/cgsh_order_operate.html?command=get_materiel&rest_code=00150&code=00101008298&supplier_code=00100007&order_time=2022-07-13 HTTP/1.1" 200 428
218.81.223.53 - - [13/Jul/2022:09:41:27 +0800] "POST /xingrg/services/DataTransmitService HTTP/1.1" 200 524
218.81.223.53 - - [13/Jul/2022:09:41:28 +0800] "POST /xingrg/services/DataTransmitService HTTP/1.1" 200 2339
101.83.223.227 - - [13/Jul/2022:09:41:33 +0800] "GET /xingrg/kc/buy/cgsh_order_operate.html?command=get_materiel&rest_code=00150&code=00101008261&supplier_code=00100007&order_time=2022-07-13 HTTP/1.1" 200 424
101.83.241.136 - - [13/Jul/2022:09:41:35 +0800] "GET /xingrg/check_reg.html?_=1657676493144 HTTP/1.1" 200 22
101.83.241.136 - - [13/Jul/2022:09:41:35 +0800] "GET /xingrg/all/function/internal_message.html?_=1657676493152&CODE_STATE=getMsg HTTP/1.1" 200 27
180.175.103.110 - - [13/Jul/2022:09:41:41 +0800] "GET /xingrg/all/function/internal_message.html?_=1657676501032&CODE_STATE=getMsg HTTP/1.1" 200 27
101.83.223.227 - - [13/Jul/2022:09:41:44 +0800] "GET /xingrg/kc/buy/cgsh_order_operate.html?command=get_materiel&rest_code=00150&code=00101008005&supplier_code=00100007&order_time=2022-07-13 HTTP/1.1" 200 429
222.69.129.110 - - [13/Jul/2022:09:41:47 +0800] "GET /xingrg/all/function/internal_message.html?_=1657676557791&CODE_STATE=getMsg HTTP/1.1" 200 27
120.253.135.82 - - [13/Jul/2022:09:41:48 +0800] "GET /xingrg/all/function/internal_message.html?_=1657676315784&CODE_STATE=getMsg HTTP/1.1" 200 27
101.83.223.227 - - [13/Jul/2022:09:41:52 +0800] "GET /xingrg/kc/buy/cgsh_order_operate.html?command=get_materiel&rest_code=00150&code=00101008087&supplier_code=00100007&order_time=2022-07-13 HTTP/1.1" 200 412
218.81.223.53 - - [13/Jul/2022:09:41:52 +0800] "POST /xingrg/services/DataTransmitService HTTP/1.1" 200 524
101.83.223.227 - - [13/Jul/2022:09:41:54 +0800] "GET /xingrg/all/function/internal_message.html?_=1657676471606&CODE_STATE=getMsg HTTP/1.1" 200 27
101.85.238.90 - - [13/Jul/2022:09:41:58 +0800] "GET /xingrg/all/function/internal_message.html?_=1657676584726&CODE_STATE=getMsg HTTP/1.1" 200 27
101.83.223.227 - - [13/Jul/2022:09:41:59 +0800] "GET /xingrg/kc/buy/cgsh_order_operate.html?command=get_materiel&rest_code=00150&code=00101008301&supplier_code=00100007&order_time=2022-07-13 HTTP/1.1" 200 422
218.81.223.53 - - [13/Jul/2022:09:42:03 +0800] "POST /xingrg/services/DataTransmitService HTTP/1.1" 200 501
218.81.223.53 - - [13/Jul/2022:09:42:03 +0800] "POST /xingrg/services/DataTransmitService HTTP/1.1" 200 501
218.81.223.53 - - [13/Jul/2022:09:42:03 +0800] "POST /xingrg/services/DataTransmitService HTTP/1.1" 200 501
61.170.235.209 - - [13/Jul/2022:09:42:03 +0800] "GET /xingrg/all/function/internal_message.html?_=1657676523880&CODE_STATE=getMsg HTTP/1.1" 200 27
218.81.223.53 - - [13/Jul/2022:09:42:04 +0800] "POST /xingrg/services/DataTransmitService HTTP/1.1" 200 501
218.81.223.53 - - [13/Jul/2022:09:42:04 +0800] "POST /xingrg/services/DataTransmitService HTTP/1.1" 200 501
218.81.223.53 - - [13/Jul/2022:09:42:05 +0800] "POST /xingrg/services/DataTransmitService HTTP/1.1" 200 501
218.81.223.53 - - [13/Jul/2022:09:42:05 +0800] "POST /xingrg/services/DataTransmitService HTTP/1.1" 200 501
218.81.223.53 - - [13/Jul/2022:09:42:05 +0800] "POST /xingrg/services/DataTransmitService HTTP/1.1" 200 501
218.81.223.53 - - [13/Jul/2022:09:42:05 +0800] "POST /xingrg/services/DataTransmitService HTTP/1.1" 200 412
101.83.223.227 - - [13/Jul/2022:09:42:07 +0800] "GET /xingrg/kc/buy/cgsh_order_operate.html?command=get_materiel&rest_code=00150&code=00101008323&supplier_code=00100007&order_time=2022-07-13 HTTP/1.1" 200 408
116.235.94.65 - - [13/Jul/2022:09:42:11 +0800] "GET /xingrg/all/function/internal_message.html?_=1657676711066&CODE_STATE=getMsg HTTP/1.1" 200 27
180.175.103.110 - - [13/Jul/2022:09:42:13 +0800] "GET /xingrg/check_reg.html?_=1657676533027 HTTP/1.1" 200 22
101.83.223.227 - - [13/Jul/2022:09:42:17 +0800] "GET /xingrg/kc/buy/cgsh_order_operate.html?command=get_materiel&rest_code=00150&code=00101008331&supplier_code=00100007&order_time=2022-07-13 HTTP/1.1" 200 416
116.228.172.94 - - [13/Jul/2022:09:42:18 +0800] "GET /xingrg/check_reg.html?_=1657676325374 HTTP/1.1" 200 22
116.228.172.94 - - [13/Jul/2022:09:42:18 +0800] "GET /xingrg/all/function/internal_message.html?_=1657676325377&CODE_STATE=getMsg HTTP/1.1" 200 27
58.35.196.166 - - [13/Jul/2022:09:42:20 +0800] "GET /xingrg/all/function/internal_message.html?_=1657676540457&CODE_STATE=getMsg HTTP/1.1" 200 27
218.81.223.53 - - [13/Jul/2022:09:42:22 +0800] "GET /xingrg/all/function/internal_message.html?_=1657676551173&CODE_STATE=getMsg HTTP/1.1" 200 27
101.83.223.227 - - [13/Jul/2022:09:42:23 +0800] "GET /xingrg/kc/buy/cgsh_order_operate.html?command=get_materiel&rest_code=00150&code=00101008350&supplier_code=00100007&order_time=2022-07-13 HTTP/1.1" 200 425
101.83.223.227 - - [13/Jul/2022:09:42:30 +0800] "GET /xingrg/kc/buy/cgsh_order_operate.html?command=get_materiel&rest_code=00150&code=00101008223&supplier_code=00100007&order_time=2022-07-13 HTTP/1.1" 200 412
101.83.241.136 - - [13/Jul/2022:09:42:35 +0800] "GET /xingrg/all/function/internal_message.html?_=1657676553152&CODE_STATE=getMsg HTTP/1.1" 200 27
101.83.223.227 - - [13/Jul/2022:09:42:36 +0800] "GET /xingrg/kc/buy/cgsh_order_operate.html?command=get_materiel&rest_code=00150&code=00101008110&supplier_code=00100007&order_time=2022-07-13 HTTP/1.1" 200 425
180.175.103.110 - - [13/Jul/2022:09:42:41 +0800] "GET /xingrg/all/function/internal_message.html?_=1657676561001&CODE_STATE=getMsg HTTP/1.1" 200 27
101.83.223.227 - - [13/Jul/2022:09:42:43 +0800] "GET /xingrg/kc/buy/cgsh_order_operate.html?command=get_materiel&rest_code=00150&code=00101008095&supplier_code=00100007&order_time=2022-07-13 HTTP/1.1" 200 429
58.35.196.166 - - [13/Jul/2022:09:42:46 +0800] "GET /xingrg/check_reg.html?_=1657676566412 HTTP/1.1" 200 22
222.69.129.110 - - [13/Jul/2022:09:42:47 +0800] "GET /xingrg/all/function/internal_message.html?_=1657676617768&CODE_STATE=getMsg HTTP/1.1" 200 27
120.253.135.82 - - [13/Jul/2022:09:42:48 +0800] "GET /xingrg/all/function/internal_message.html?_=1657676375797&CODE_STATE=getMsg HTTP/1.1" 200 27
101.83.223.227 - - [13/Jul/2022:09:42:49 +0800] "POST /xingrg/kc/buy/cgsh_order_operate.html HTTP/1.1" 200 37
101.83.223.227 - - [13/Jul/2022:09:42:50 +0800] "POST /xingrg/kc/buy/cgsh_order_operate.html HTTP/1.1" 200 13913
101.83.223.227 - - [13/Jul/2022:09:42:54 +0800] "GET /xingrg/all/function/internal_message.html?_=1657676531619&CODE_STATE=getMsg HTTP/1.1" 200 27
101.83.223.227 - - [13/Jul/2022:09:42:57 +0800] "GET /xingrg/kc/buy/cgsh_order_operate.html?command=get_materiel&rest_code=00150&code=00101008041&supplier_code=00100007&order_time=2022-07-13 HTTP/1.1" 200 408
101.85.238.90 - - [13/Jul/2022:09:42:58 +0800] "GET /xingrg/all/function/internal_message.html?_=1657676644740&CODE_STATE=getMsg HTTP/1.1" 200 27
61.170.235.209 - - [13/Jul/2022:09:43:03 +0800] "GET /xingrg/all/function/internal_message.html?_=1657676583860&CODE_STATE=getMsg HTTP/1.1" 200 27
101.83.223.227 - - [13/Jul/2022:09:43:05 +0800] "POST /xingrg/kc/buy/cgsh_order_operate.html HTTP/1.1" 200 37
101.83.223.227 - - [13/Jul/2022:09:43:07 +0800] "POST /xingrg/kc/buy/cgsh_order_operate.html HTTP/1.1" 200 14499
116.235.94.65 - - [13/Jul/2022:09:43:11 +0800] "GET /xingrg/all/function/internal_message.html?_=1657676771046&CODE_STATE=getMsg HTTP/1.1" 200 27
116.228.172.94 - - [13/Jul/2022:09:43:18 +0800] "GET /xingrg/all/function/internal_message.html?_=1657676385373&CODE_STATE=getMsg HTTP/1.1" 200 27
101.83.223.227 - - [13/Jul/2022:09:43:20 +0800] "POST /xingrg/all/user/operate.html HTTP/1.1" 200 36
58.35.196.166 - - [13/Jul/2022:09:43:20 +0800] "GET /xingrg/all/function/internal_message.html?_=1657676600428&CODE_STATE=getMsg HTTP/1.1" 200 27
101.83.223.227 - - [13/Jul/2022:09:43:21 +0800] "GET /xingrg/index.html?sysBaseUrl=http%3A%2F%2F180.169.147.146%3A18081%2Fxingrg%2F&costTime=40×tamp=1657672499960 HTTP/1.1" 200 17177
101.83.223.227 - - [13/Jul/2022:09:43:21 +0800] "GET /xingrg/javascript/jquery_easy_ui/themes/default/easyui.css HTTP/1.1" 304 -
101.83.223.227 - - [13/Jul/2022:09:43:21 +0800] "GET /xingrg/javascript/jquery_easy_ui/themes/icon.css HTTP/1.1" 304 -
101.83.223.227 - - [13/Jul/2022:09:43:21 +0800] "GET /xingrg/css/form.css HTTP/1.1" 304 -
101.83.223.227 - - [13/Jul/2022:09:43:21 +0800] "GET /xingrg/javascript/jquery-1.4.2.min.js HTTP/1.1" 304 -
101.83.223.227 - - [13/Jul/2022:09:43:21 +0800] "GET /xingrg/javascript/jquery_easy_ui/jquery.easyui.min.js HTTP/1.1" 304 -
101.83.223.227 - - [13/Jul/2022:09:43:21 +0800] "GET /xingrg/javascript/jquery_easy_ui/easyui-lang-zh_CN.js HTTP/1.1" 304 -
101.83.223.227 - - [13/Jul/2022:09:43:21 +0800] "GET /xingrg/javascript/jquery.form.js HTTP/1.1" 304 -
101.83.223.227 - - [13/Jul/2022:09:43:21 +0800] "GET /xingrg/javascript/jquery.utils.js HTTP/1.1" 304 -
101.83.223.227 - - [13/Jul/2022:09:43:21 +0800] "GET /xingrg/javascript/jquery.timers.js HTTP/1.1" 304 -
101.83.223.227 - - [13/Jul/2022:09:43:21 +0800] "GET /xingrg/images/blue/jxLogo.png HTTP/1.1" 304 -
101.83.223.227 - - [13/Jul/2022:09:43:21 +0800] "GET /xingrg/images/blue/navBackgound.jpg HTTP/1.1" 304 -
101.83.223.227 - - [13/Jul/2022:09:43:21 +0800] "GET /xingrg/images/blue/pingpu.png HTTP/1.1" 304 -
101.83.223.227 - - [13/Jul/2022:09:43:21 +0800] "GET /xingrg/javascript/jquery_easy_ui/themes/default/images/panel_tool_collapse.gif HTTP/1.1" 304 -
101.83.223.227 - - [13/Jul/2022:09:43:21 +0800] "GET /xingrg/javascript/jquery_easy_ui/themes/icons/settle_new.png HTTP/1.1" 304 -
101.83.223.227 - - [13/Jul/2022:09:43:21 +0800] "POST /xingrg/all/common/load_tree.html?tree=area_rest_tree_json&manage=1 HTTP/1.1" 200 476
101.83.223.227 - - [13/Jul/2022:09:43:21 +0800] "GET /xingrg/javascript/jquery_easy_ui/themes/default/images/tabs_leftarrow.png HTTP/1.1" 304 -
101.83.223.227 - - [13/Jul/2022:09:43:21 +0800] "GET /xingrg/javascript/jquery_easy_ui/themes/default/images/tree_arrows.gif HTTP/1.1" 304 -
101.83.223.227 - - [13/Jul/2022:09:43:21 +0800] "POST /xingrg/load_menu.html HTTP/1.1" 200 5138
101.83.223.227 - - [13/Jul/2022:09:43:21 +0800] "GET /xingrg/javascript/jquery_easy_ui/themes/default/images/tabs_rightarrow.png HTTP/1.1" 304 -
101.83.223.227 - - [13/Jul/2022:09:43:21 +0800] "GET /xingrg/javascript/jquery_easy_ui/themes/default/images/tree_folder_open.gif HTTP/1.1" 304 -
101.83.223.227 - - [13/Jul/2022:09:43:21 +0800] "GET /xingrg/javascript/jquery_easy_ui/themes/icons/search_new.png HTTP/1.1" 304 -
101.83.223.227 - - [13/Jul/2022:09:43:21 +0800] "GET /xingrg/javascript/jquery_easy_ui/themes/default/images/tree_folder.gif HTTP/1.1" 304 -
101.83.223.227 - - [13/Jul/2022:09:43:21 +0800] "GET /xingrg/javascript/jquery_easy_ui/themes/icons/forms_new.png HTTP/1.1" 304 -
101.83.223.227 - - [13/Jul/2022:09:43:21 +0800] "GET /xingrg/javascript/jquery_easy_ui/themes/icons/storage_new.png HTTP/1.1" 304 -
101.83.223.227 - - [13/Jul/2022:09:43:21 +0800] "GET /xingrg/all/function/internal_message.html?_=1657676558792&CODE_STATE=count HTTP/1.1" 200 11
101.83.223.227 - - [13/Jul/2022:09:43:21 +0800] "GET /xingrg/check_reg.html?_=1657676558793 HTTP/1.1" 200 22
101.83.223.227 - - [13/Jul/2022:09:43:21 +0800] "GET /xingrg/javascript/jquery_easy_ui/themes/default/images/tree_file.gif HTTP/1.1" 304 -
218.81.223.53 - - [13/Jul/2022:09:43:22 +0800] "GET /xingrg/all/function/internal_message.html?_=1657676611331&CODE_STATE=getMsg HTTP/1.1" 200 27
180.169.147.146 - - [13/Jul/2022:09:43:22 +0800] "GET /xingrg/check_reg.html?_=1657676599440 HTTP/1.1" 302 -
101.83.223.227 - - [13/Jul/2022:09:43:24 +0800] "GET /xingrg/kc/mdqp/pssh_order_list.html HTTP/1.1" 200 17412
101.83.223.227 - - [13/Jul/2022:09:43:24 +0800] "POST /xingrg/kc/mdqp/pssh_list_operate.html HTTP/1.1" 200 5468
101.83.223.227 - - [13/Jul/2022:09:43:25 +0800] "POST /xingrg/kc/mdqp/pssh_list_operate.html HTTP/1.1" 200 366
101.83.223.227 - - [13/Jul/2022:09:43:26 +0800] "GET /xingrg/javascript/jquery_tools/jquery-1.4.2.min.js HTTP/1.1" 404 1094
101.83.223.227 - - [13/Jul/2022:09:43:26 +0800] "GET /xingrg/kc/mdqp/pssh_order_info.html?code=312022071300222 HTTP/1.1" 200 17270
101.83.223.227 - - [13/Jul/2022:09:43:26 +0800] "GET /xingrg/javascript/easyui/themes/icons/back_new.png HTTP/1.1" 304 -
101.83.223.227 - - [13/Jul/2022:09:43:26 +0800] "GET /xingrg/javascript/easyui/themes/default/validatebox.css HTTP/1.1" 404 1104
101.83.223.227 - - [13/Jul/2022:09:43:26 +0800] "GET /xingrg/all/common/auto_word.html?type=base&rest_code=00151&rest_code=00151 HTTP/1.1" 200 1315
101.83.223.227 - - [13/Jul/2022:09:43:26 +0800] "POST /xingrg/kc/mdqp/pssh_order_operate.html HTTP/1.1" 200 1072
101.83.223.227 - - [13/Jul/2022:09:43:27 +0800] "POST /xingrg/all/common/load_combo.html?type=base&rest_code=00151 HTTP/1.1" 200 2307
101.83.223.227 - - [13/Jul/2022:09:43:31 +0800] "POST /xingrg/all/common/load_combo.html?type=employee HTTP/1.1" 200 532
101.83.223.227 - - [13/Jul/2022:09:43:35 +0800] "POST /xingrg/kc/mdqp/pssh_order_operate.html HTTP/1.1" 200 37
101.83.241.136 - - [13/Jul/2022:09:43:35 +0800] "GET /xingrg/all/function/internal_message.html?_=1657676613149&CODE_STATE=getMsg HTTP/1.1" 200 27
101.83.223.227 - - [13/Jul/2022:09:43:35 +0800] "POST /xingrg/kc/mdqp/pssh_order_operate.html HTTP/1.1" 200 12
101.83.223.227 - - [13/Jul/2022:09:43:37 +0800] "GET /xingrg/kc/mdqp/pssh_order_info.html?code=312022071300222 HTTP/1.1" 200 14392
101.83.223.227 - - [13/Jul/2022:09:43:37 +0800] "GET /xingrg/javascript/jquery_tools/jquery-1.4.2.min.js HTTP/1.1" 404 1094
101.83.223.227 - - [13/Jul/2022:09:43:37 +0800] "GET /xingrg/javascript/easyui/themes/icons/uncheck_new.png HTTP/1.1" 304 -
101.83.223.227 - - [13/Jul/2022:09:43:37 +0800] "GET /xingrg/javascript/easyui/themes/default/validatebox.css HTTP/1.1" 404 1104
101.83.223.227 - - [13/Jul/2022:09:43:37 +0800] "POST /xingrg/kc/mdqp/pssh_order_operate.html HTTP/1.1" 200 1072
101.83.223.227 - - [13/Jul/2022:09:43:39 +0800] "GET /xingrg/kc/print/load_config.html?kc_code=pssh HTTP/1.1" 200 2291
101.83.223.227 - - [13/Jul/2022:09:43:39 +0800] "GET /xingrg/kc/print/load_data.html?order_code=312022071300222&kc_code=pssh&condition= HTTP/1.1" 200 866
180.175.103.110 - - [13/Jul/2022:09:43:41 +0800] "GET /xingrg/all/function/internal_message.html?_=1657676620996&CODE_STATE=getMsg HTTP/1.1" 200 27
222.69.129.110 - - [13/Jul/2022:09:43:47 +0800] "GET /xingrg/all/function/internal_message.html?_=1657676677785&CODE_STATE=getMsg HTTP/1.1" 200 27
222.69.129.110 - - [13/Jul/2022:09:43:47 +0800] "GET /xingrg/check_reg.html?_=1657676677788 HTTP/1.1" 200 22
120.253.135.82 - - [13/Jul/2022:09:43:48 +0800] "GET /xingrg/all/function/internal_message.html?_=1657676435819&CODE_STATE=getMsg HTTP/1.1" 200 27
101.83.223.227 - - [13/Jul/2022:09:43:57 +0800] "GET /xingrg/kc/buy/cgsh_order_list.html HTTP/1.1" 200 52098
101.85.238.90 - - [13/Jul/2022:09:43:58 +0800] "GET /xingrg/all/function/internal_message.html?_=1657676704826&CODE_STATE=getMsg HTTP/1.1" 200 27
101.83.223.227 - - [13/Jul/2022:09:43:59 +0800] "POST /xingrg/kc/buy/cgsh_list_operate.html HTTP/1.1" 200 1782
101.83.223.227 - - [13/Jul/2022:09:44:00 +0800] "GET /xingrg/kc/buy/cgsh_order_add.html HTTP/1.1" 200 67486
101.83.223.227 - - [13/Jul/2022:09:44:00 +0800] "POST /xingrg/kc/buy/cgsh_order_operate.html HTTP/1.1" 200 8245
101.83.223.227 - - [13/Jul/2022:09:44:00 +0800] "GET /xingrg/javascript/easyui/themes/default/validatebox.css HTTP/1.1" 404 1104
101.83.223.227 - - [13/Jul/2022:09:44:03 +0800] "GET /xingrg/javascript/auto/indicator.gif HTTP/1.1" 404 1066
61.170.235.209 - - [13/Jul/2022:09:44:03 +0800] "GET /xingrg/all/function/internal_message.html?_=1657676643845&CODE_STATE=getMsg HTTP/1.1" 200 27
61.170.235.209 - - [13/Jul/2022:09:44:04 +0800] "GET /xingrg/check_reg.html?_=1657676643941 HTTP/1.1" 200 22
101.83.223.227 - - [13/Jul/2022:09:44:10 +0800] "GET /xingrg/kc/buy/cgsh_order_operate.html?command=get_materiel&rest_code=00151&code=00101029062&supplier_code=00100282&order_time=2022-07-13 HTTP/1.1" 200 446
116.235.94.65 - - [13/Jul/2022:09:44:11 +0800] "GET /xingrg/all/function/internal_message.html?_=1657676831028&CODE_STATE=getMsg HTTP/1.1" 200 27
101.83.223.227 - - [13/Jul/2022:09:44:13 +0800] "POST /xingrg/all/common/load_select.html HTTP/1.1" 200 25
101.83.223.227 - - [13/Jul/2022:09:44:17 +0800] "GET /xingrg/kc/buy/cgsh_order_operate.html?command=get_materiel_price&rest_code=00151&code=00101029062&unit_code=00100179&supplier_code=00100282&order_time=2022-07-13 HTTP/1.1" 200 31
116.228.172.94 - - [13/Jul/2022:09:44:18 +0800] "GET /xingrg/all/function/internal_message.html?_=1657676445372&CODE_STATE=getMsg HTTP/1.1" 200 27
58.35.196.166 - - [13/Jul/2022:09:44:20 +0800] "GET /xingrg/all/function/internal_message.html?_=1657676660414&CODE_STATE=getMsg HTTP/1.1" 200 27
101.83.223.227 - - [13/Jul/2022:09:44:21 +0800] "GET /xingrg/all/function/internal_message.html?_=1657676618794&CODE_STATE=getMsg HTTP/1.1" 200 27
218.81.223.53 - - [13/Jul/2022:09:44:22 +0800] "GET /xingrg/all/function/internal_message.html?_=1657676671339&CODE_STATE=getMsg HTTP/1.1" 200 27
116.235.94.65 - - [13/Jul/2022:09:44:28 +0800] "GET /xingrg/check_reg.html?_=1657676848405 HTTP/1.1" 200 22
101.83.241.136 - - [13/Jul/2022:09:44:35 +0800] "GET /xingrg/all/function/internal_message.html?_=1657676673148&CODE_STATE=getMsg HTTP/1.1" 200 27
180.175.103.110 - - [13/Jul/2022:09:44:41 +0800] "GET /xingrg/all/function/internal_message.html?_=1657676680963&CODE_STATE=getMsg HTTP/1.1" 200 27
222.69.129.110 - - [13/Jul/2022:09:44:47 +0800] "GET /xingrg/all/function/internal_message.html?_=1657676737778&CODE_STATE=getMsg HTTP/1.1" 200 27
120.253.135.82 - - [13/Jul/2022:09:44:48 +0800] "GET /xingrg/all/function/internal_message.html?_=1657676495825&CODE_STATE=getMsg HTTP/1.1" 200 27
101.85.238.90 - - [13/Jul/2022:09:44:58 +0800] "GET /xingrg/all/function/internal_message.html?_=1657676764830&CODE_STATE=getMsg HTTP/1.1" 200 27
61.170.235.209 - - [13/Jul/2022:09:45:03 +0800] "GET /xingrg/all/function/internal_message.html?_=1657676703817&CODE_STATE=getMsg HTTP/1.1" 200 27
116.235.94.65 - - [13/Jul/2022:09:45:11 +0800] "GET /xingrg/all/function/internal_message.html?_=1657676891006&CODE_STATE=getMsg HTTP/1.1" 200 27
116.228.172.94 - - [13/Jul/2022:09:45:18 +0800] "GET /xingrg/all/function/internal_message.html?_=1657676505370&CODE_STATE=getMsg HTTP/1.1" 200 27
58.35.196.166 - - [13/Jul/2022:09:45:20 +0800] "GET /xingrg/all/function/internal_message.html?_=1657676720401&CODE_STATE=getMsg HTTP/1.1" 200 27
101.83.223.227 - - [13/Jul/2022:09:45:21 +0800] "GET /xingrg/all/function/internal_message.html?_=1657676678806&CODE_STATE=getMsg HTTP/1.1" 200 27
218.81.223.53 - - [13/Jul/2022:09:45:22 +0800] "GET /xingrg/all/function/internal_message.html?_=1657676731500&CODE_STATE=getMsg HTTP/1.1" 200 27
101.83.241.136 - - [13/Jul/2022:09:45:35 +0800] "GET /xingrg/all/function/internal_message.html?_=1657676733163&CODE_STATE=getMsg HTTP/1.1" 200 27
180.175.103.110 - - [13/Jul/2022:09:45:41 +0800] "GET /xingrg/all/function/internal_message.html?_=1657676740931&CODE_STATE=getMsg HTTP/1.1" 200 27
222.69.129.110 - - [13/Jul/2022:09:45:47 +0800] "GET /xingrg/all/function/internal_message.html?_=1657676797776&CODE_STATE=getMsg HTTP/1.1" 200 27
120.253.135.82 - - [13/Jul/2022:09:45:48 +0800] "GET /xingrg/check_reg.html?_=1657676555678 HTTP/1.1" 200 22
120.253.135.82 - - [13/Jul/2022:09:45:48 +0800] "GET /xingrg/all/function/internal_message.html?_=1657676555839&CODE_STATE=getMsg HTTP/1.1" 200 27
101.85.238.90 - - [13/Jul/2022:09:45:58 +0800] "GET /xingrg/check_reg.html?_=1657676824579 HTTP/1.1" 200 22
101.85.238.90 - - [13/Jul/2022:09:45:58 +0800] "GET /xingrg/all/function/internal_message.html?_=1657676824906&CODE_STATE=getMsg HTTP/1.1" 200 27
61.170.235.209 - - [13/Jul/2022:09:46:03 +0800] "GET /xingrg/all/function/internal_message.html?_=1657676763819&CODE_STATE=getMsg HTTP/1.1" 200 27
218.81.223.53 - - [13/Jul/2022:09:46:07 +0800] "GET /xingrg/check_reg.html?_=1657676775890 HTTP/1.1" 200 22
116.235.94.65 - - [13/Jul/2022:09:46:11 +0800] "GET /xingrg/all/function/internal_message.html?_=1657676950976&CODE_STATE=getMsg HTTP/1.1" 200 27
116.228.172.94 - - [13/Jul/2022:09:46:18 +0800] "GET /xingrg/all/function/internal_message.html?_=1657676565373&CODE_STATE=getMsg HTTP/1.1" 200 27
58.35.196.166 - - [13/Jul/2022:09:46:20 +0800] "GET /xingrg/all/function/internal_message.html?_=1657676780371&CODE_STATE=getMsg HTTP/1.1" 200 27
101.83.223.227 - - [13/Jul/2022:09:46:21 +0800] "GET /xingrg/all/function/internal_message.html?_=1657676738837&CODE_STATE=getMsg HTTP/1.1" 200 27
218.81.223.53 - - [13/Jul/2022:09:46:22 +0800] "GET /xingrg/all/function/internal_message.html?_=1657676791508&CODE_STATE=getMsg HTTP/1.1" 200 27
101.83.241.136 - - [13/Jul/2022:09:46:35 +0800] "GET /xingrg/check_reg.html?_=1657676793148 HTTP/1.1" 200 22
101.83.241.136 - - [13/Jul/2022:09:46:35 +0800] "GET /xingrg/all/function/internal_message.html?_=1657676793151&CODE_STATE=getMsg HTTP/1.1" 200 27
180.175.103.110 - - [13/Jul/2022:09:46:41 +0800] "GET /xingrg/all/function/internal_message.html?_=1657676800911&CODE_STATE=getMsg HTTP/1.1" 200 27
222.69.129.110 - - [13/Jul/2022:09:46:47 +0800] "GET /xingrg/all/function/internal_message.html?_=1657676857773&CODE_STATE=getMsg HTTP/1.1" 200 27
120.253.135.82 - - [13/Jul/2022:09:46:48 +0800] "GET /xingrg/all/function/internal_message.html?_=1657676615852&CODE_STATE=getMsg HTTP/1.1" 200 27
101.85.238.90 - - [13/Jul/2022:09:46:58 +0800] "GET /xingrg/all/function/internal_message.html?_=1657676884982&CODE_STATE=getMsg HTTP/1.1" 200 27
61.170.235.209 - - [13/Jul/2022:09:47:03 +0800] "GET /xingrg/all/function/internal_message.html?_=1657676823789&CODE_STATE=getMsg HTTP/1.1" 200 27
116.235.94.65 - - [13/Jul/2022:09:47:11 +0800] "GET /xingrg/all/function/internal_message.html?_=1657677010955&CODE_STATE=getMsg HTTP/1.1" 200 27
180.175.103.110 - - [13/Jul/2022:09:47:13 +0800] "GET /xingrg/check_reg.html?_=1657676833032 HTTP/1.1" 200 22
116.228.172.94 - - [13/Jul/2022:09:47:18 +0800] "GET /xingrg/all/function/internal_message.html?_=1657676625375&CODE_STATE=getMsg HTTP/1.1" 200 27
116.228.172.94 - - [13/Jul/2022:09:47:18 +0800] "GET /xingrg/check_reg.html?_=1657676625378 HTTP/1.1" 200 22
101.83.223.227 - - [13/Jul/2022:09:47:20 +0800] "POST /xingrg/kc/buy/cgsh_order_operate.html HTTP/1.1" 200 37
58.35.196.166 - - [13/Jul/2022:09:47:20 +0800] "GET /xingrg/all/function/internal_message.html?_=1657676840358&CODE_STATE=getMsg HTTP/1.1" 200 27
101.83.223.227 - - [13/Jul/2022:09:47:21 +0800] "GET /xingrg/all/function/internal_message.html?_=1657676798849&CODE_STATE=getMsg HTTP/1.1" 200 27
218.81.223.53 - - [13/Jul/2022:09:47:22 +0800] "GET /xingrg/all/function/internal_message.html?_=1657676851520&CODE_STATE=getMsg HTTP/1.1" 200 27
101.83.223.227 - - [13/Jul/2022:09:47:23 +0800] "POST /xingrg/kc/buy/cgsh_order_operate.html HTTP/1.1" 200 12
101.83.223.227 - - [13/Jul/2022:09:47:27 +0800] "GET /xingrg/kc/buy/cgsh_order_info.html?code=212022071303200 HTTP/1.1" 200 62404
101.83.223.227 - - [13/Jul/2022:09:47:27 +0800] "GET /xingrg/javascript/easyui/themes/default/validatebox.css HTTP/1.1" 404 1104
101.83.223.227 - - [13/Jul/2022:09:47:28 +0800] "POST /xingrg/kc/buy/cgsh_order_operate.html HTTP/1.1" 200 639
101.83.223.227 - - [13/Jul/2022:09:47:34 +0800] "GET /xingrg/kc/print/load_data.html?order_code=212022071303200&kc_code=cgsh&condition= HTTP/1.1" 200 776
101.83.241.136 - - [13/Jul/2022:09:47:35 +0800] "GET /xingrg/all/function/internal_message.html?_=1657676853153&CODE_STATE=getMsg HTTP/1.1" 200 27
180.175.103.110 - - [13/Jul/2022:09:47:41 +0800] "GET /xingrg/all/function/internal_message.html?_=1657676860893&CODE_STATE=getMsg HTTP/1.1" 200 27
58.35.196.166 - - [13/Jul/2022:09:47:46 +0800] "GET /xingrg/check_reg.html?_=1657676866405 HTTP/1.1" 200 22
222.69.129.110 - - [13/Jul/2022:09:47:47 +0800] "GET /xingrg/all/function/internal_message.html?_=1657676917777&CODE_STATE=getMsg HTTP/1.1" 200 27
120.253.135.82 - - [13/Jul/2022:09:47:48 +0800] "GET /xingrg/all/function/internal_message.html?_=1657676675865&CODE_STATE=getMsg HTTP/1.1" 200 27
180.175.103.110 - - [13/Jul/2022:09:47:49 +0800] "GET /xingrg/kc/buy/cgsh_order_add.html HTTP/1.1" 200 67958
180.175.103.110 - - [13/Jul/2022:09:47:49 +0800] "POST /xingrg/kc/buy/cgsh_order_operate.html HTTP/1.1" 200 8245
180.175.103.110 - - [13/Jul/2022:09:47:49 +0800] "GET /xingrg/javascript/easyui/themes/default/validatebox.css HTTP/1.1" 404 1104
101.85.238.90 - - [13/Jul/2022:09:47:58 +0800] "GET /xingrg/all/function/internal_message.html?_=1657676944996&CODE_STATE=getMsg HTTP/1.1" 200 27
180.175.103.110 - - [13/Jul/2022:09:48:03 +0800] "GET /xingrg/kc/buy/cgsh_order_operate.html?command=get_materiel&rest_code=00105&code=00101011001&supplier_code=00100052&order_time=2022-07-13 HTTP/1.1" 200 423
61.170.235.209 - - [13/Jul/2022:09:48:03 +0800] "GET /xingrg/all/function/internal_message.html?_=1657676883774&CODE_STATE=getMsg HTTP/1.1" 200 27
116.235.94.65 - - [13/Jul/2022:09:48:11 +0800] "GET /xingrg/all/function/internal_message.html?_=1657677070931&CODE_STATE=getMsg HTTP/1.1" 200 27
116.228.172.94 - - [13/Jul/2022:09:48:18 +0800] "GET /xingrg/all/function/internal_message.html?_=1657676685373&CODE_STATE=getMsg HTTP/1.1" 200 27
58.35.196.166 - - [13/Jul/2022:09:48:20 +0800] "GET /xingrg/all/function/internal_message.html?_=1657676900330&CODE_STATE=getMsg HTTP/1.1" 200 27
101.83.223.227 - - [13/Jul/2022:09:48:21 +0800] "GET /xingrg/check_reg.html?_=1657676858793 HTTP/1.1" 200 22
101.83.223.227 - - [13/Jul/2022:09:48:21 +0800] "GET /xingrg/all/function/internal_message.html?_=1657676858883&CODE_STATE=getMsg HTTP/1.1" 200 27
180.169.147.146 - - [13/Jul/2022:09:48:22 +0800] "GET /xingrg/check_reg.html?_=1657676899422 HTTP/1.1" 302 -
218.81.223.53 - - [13/Jul/2022:09:48:23 +0800] "GET /xingrg/all/function/internal_message.html?_=1657676911681&CODE_STATE=getMsg HTTP/1.1" 200 27
101.83.241.136 - - [13/Jul/2022:09:48:35 +0800] "GET /xingrg/all/function/internal_message.html?_=1657676913171&CODE_STATE=getMsg HTTP/1.1" 200 27
180.175.103.110 - - [13/Jul/2022:09:48:37 +0800] "GET /xingrg/kc/buy/cgsh_order_operate.html?command=get_materiel&rest_code=00105&code=00101011005&supplier_code=00100052&order_time=2022-07-13 HTTP/1.1" 200 425
180.175.103.110 - - [13/Jul/2022:09:48:41 +0800] "GET /xingrg/all/function/internal_message.html?_=1657676920885&CODE_STATE=getMsg HTTP/1.1" 200 27
222.69.129.110 - - [13/Jul/2022:09:48:47 +0800] "GET /xingrg/all/function/internal_message.html?_=1657676977770&CODE_STATE=getMsg HTTP/1.1" 200 27
222.69.129.110 - - [13/Jul/2022:09:48:47 +0800] "GET /xingrg/check_reg.html?_=1657676977774 HTTP/1.1" 200 22
120.253.135.82 - - [13/Jul/2022:09:48:48 +0800] "GET /xingrg/all/function/internal_message.html?_=1657676735888&CODE_STATE=getMsg HTTP/1.1" 200 27
180.175.103.110 - - [13/Jul/2022:09:48:57 +0800] "POST /xingrg/kc/buy/cgsh_order_operate.html HTTP/1.1" 200 37
101.85.238.90 - - [13/Jul/2022:09:48:59 +0800] "GET /xingrg/all/function/internal_message.html?_=1657677005075&CODE_STATE=getMsg HTTP/1.1" 200 27
180.175.103.110 - - [13/Jul/2022:09:48:59 +0800] "POST /xingrg/kc/buy/cgsh_order_operate.html HTTP/1.1" 200 3861
61.170.235.209 - - [13/Jul/2022:09:49:03 +0800] "GET /xingrg/all/function/internal_message.html?_=1657676943743&CODE_STATE=getMsg HTTP/1.1" 200 27
61.170.235.209 - - [13/Jul/2022:09:49:04 +0800] "GET /xingrg/check_reg.html?_=1657676943964 HTTP/1.1" 200 22
180.175.103.110 - - [13/Jul/2022:09:49:05 +0800] "GET /xingrg/kc/print/load_data.html?order_code=212022071303201&kc_code=cgsh&condition= HTTP/1.1" 200 1185
116.235.94.65 - - [13/Jul/2022:09:49:11 +0800] "GET /xingrg/all/function/internal_message.html?_=1657677130902&CODE_STATE=getMsg HTTP/1.1" 200 27
116.228.172.94 - - [13/Jul/2022:09:49:18 +0800] "GET /xingrg/all/function/internal_message.html?_=1657676745367&CODE_STATE=getMsg HTTP/1.1" 200 27
58.35.196.166 - - [13/Jul/2022:09:49:20 +0800] "GET /xingrg/all/function/internal_message.html?_=1657676960316&CODE_STATE=getMsg HTTP/1.1" 200 27
101.83.223.227 - - [13/Jul/2022:09:49:21 +0800] "GET /xingrg/all/function/internal_message.html?_=1657676918892&CODE_STATE=getMsg HTTP/1.1" 200 27
218.81.223.53 - - [13/Jul/2022:09:49:23 +0800] "GET /xingrg/all/function/internal_message.html?_=1657676971687&CODE_STATE=getMsg HTTP/1.1" 200 27
116.235.94.65 - - [13/Jul/2022:09:49:28 +0800] "GET /xingrg/check_reg.html?_=1657677148382 HTTP/1.1" 200 22
