218.81.223.53 - - [13/Jul/2022:10:01:07 +0800] "GET /xingrg/check_reg.html?_=1657677675908 HTTP/1.1" 200 22
116.235.94.65 - - [13/Jul/2022:10:01:10 +0800] "GET /xingrg/all/function/internal_message.html?_=1657677850612&CODE_STATE=getMsg HTTP/1.1" 200 27
116.230.110.24 - - [13/Jul/2022:10:01:12 +0800] "GET /xingrg/all/function/internal_message.html?_=1657677669198&CODE_STATE=getMsg HTTP/1.1" 200 27
116.228.172.94 - - [13/Jul/2022:10:01:18 +0800] "GET /xingrg/all/function/internal_message.html?_=1657677465374&CODE_STATE=getMsg HTTP/1.1" 200 27
58.35.196.166 - - [13/Jul/2022:10:01:20 +0800] "GET /xingrg/all/function/internal_message.html?_=1657677680009&CODE_STATE=getMsg HTTP/1.1" 200 27
101.83.223.227 - - [13/Jul/2022:10:01:21 +0800] "GET /xingrg/all/function/internal_message.html?_=1657677639105&CODE_STATE=getMsg HTTP/1.1" 200 27
114.88.162.248 - - [13/Jul/2022:10:01:22 +0800] "GET /xingrg/all/function/internal_message.html?_=1657677679531&CODE_STATE=getMsg HTTP/1.1" 200 27
218.81.223.53 - - [13/Jul/2022:10:01:23 +0800] "GET /xingrg/all/function/internal_message.html?_=1657677692521&CODE_STATE=getMsg HTTP/1.1" 200 27
101.83.241.136 - - [13/Jul/2022:10:01:35 +0800] "GET /xingrg/all/function/internal_message.html?_=1657677693201&CODE_STATE=getMsg HTTP/1.1" 200 27
101.83.241.136 - - [13/Jul/2022:10:01:35 +0800] "GET /xingrg/check_reg.html?_=1657677693203 HTTP/1.1" 200 22
180.175.103.110 - - [13/Jul/2022:10:01:40 +0800] "GET /xingrg/all/function/internal_message.html?_=1657677700535&CODE_STATE=getMsg HTTP/1.1" 200 27
222.69.129.110 - - [13/Jul/2022:10:01:47 +0800] "GET /xingrg/all/function/internal_message.html?_=1657677757768&CODE_STATE=getMsg HTTP/1.1" 200 27
120.253.135.82 - - [13/Jul/2022:10:01:48 +0800] "GET /xingrg/all/function/internal_message.html?_=1657677516056&CODE_STATE=getMsg HTTP/1.1" 200 27
120.253.135.82 - - [13/Jul/2022:10:01:53 +0800] "POST /xingrg/dwr/call/plaincall/AjaxCgthService.checkOrder.dwr HTTP/1.1" 200 79
120.253.135.82 - - [13/Jul/2022:10:01:55 +0800] "GET /xingrg/kc/buy/cgth_order_info.html?code=232022071300006&part=buyck HTTP/1.1" 200 67148
120.253.135.82 - - [13/Jul/2022:10:01:55 +0800] "GET /xingrg/dwr/interface/AjaxComOrderService.js HTTP/1.1" 200 18264
120.253.135.82 - - [13/Jul/2022:10:01:55 +0800] "GET /xingrg/dwr/interface/AjaxCgthService.js HTTP/1.1" 200 14519
120.253.135.82 - - [13/Jul/2022:10:01:55 +0800] "GET /xingrg/dwr/engine.js HTTP/1.1" 200 43631
120.253.135.82 - - [13/Jul/2022:10:01:56 +0800] "POST /xingrg/all/common/load_tree.html?tree=supplier_tree_json&isDelete=1 HTTP/1.1" 200 66828
120.253.135.82 - - [13/Jul/2022:10:01:57 +0800] "POST /xingrg/dwr/call/plaincall/AjaxCgthService.loadMaterielItems.dwr HTTP/1.1" 200 1454
101.85.238.90 - - [13/Jul/2022:10:01:59 +0800] "GET /xingrg/all/function/internal_message.html?_=1657677785499&CODE_STATE=getMsg HTTP/1.1" 200 27
120.253.135.82 - - [13/Jul/2022:10:02:00 +0800] "GET /xingrg/kc/buy/cgth_order_list.html?isBack=1 HTTP/1.1" 200 51497
120.253.135.82 - - [13/Jul/2022:10:02:00 +0800] "POST /xingrg/kc/buy/cgth_list_operate.html HTTP/1.1" 200 1035
61.170.235.209 - - [13/Jul/2022:10:02:03 +0800] "GET /xingrg/all/function/internal_message.html?_=1657677723568&CODE_STATE=getMsg HTTP/1.1" 200 27
116.232.38.218 - - [13/Jul/2022:10:02:04 +0800] "GET /favicon.ico HTTP/1.1" 404 -
120.253.135.82 - - [13/Jul/2022:10:02:05 +0800] "GET /xingrg/kc/pszx/mdqp_order_list.html?state=10 HTTP/1.1" 200 10217
120.253.135.82 - - [13/Jul/2022:10:02:05 +0800] "GET /xingrg/dwr/interface/AjaxReportQueryService.js HTTP/1.1" 200 13203
120.253.135.82 - - [13/Jul/2022:10:02:05 +0800] "GET /xingrg/dwr/interface/AjaxQqpsService.js HTTP/1.1" 200 16326
120.253.135.82 - - [13/Jul/2022:10:02:05 +0800] "GET /xingrg/dwr/engine.js HTTP/1.1" 200 43631
120.253.135.82 - - [13/Jul/2022:10:02:07 +0800] "GET /xingrg/kc/pszx/mdps_order_list.html?orderType=0 HTTP/1.1" 200 21007
120.253.135.82 - - [13/Jul/2022:10:02:07 +0800] "POST /xingrg/kc/pszx/mdps_list_operate.html HTTP/1.1" 200 5328
116.235.94.65 - - [13/Jul/2022:10:02:10 +0800] "GET /xingrg/all/function/internal_message.html?_=1657677910588&CODE_STATE=getMsg HTTP/1.1" 200 27
116.230.110.24 - - [13/Jul/2022:10:02:12 +0800] "GET /xingrg/all/function/internal_message.html?_=1657677729196&CODE_STATE=getMsg HTTP/1.1" 200 27
180.175.103.110 - - [13/Jul/2022:10:02:13 +0800] "GET /xingrg/check_reg.html?_=1657677732954 HTTP/1.1" 200 22
116.228.172.94 - - [13/Jul/2022:10:02:18 +0800] "GET /xingrg/all/function/internal_message.html?_=1657677525367&CODE_STATE=getMsg HTTP/1.1" 200 27
116.228.172.94 - - [13/Jul/2022:10:02:18 +0800] "GET /xingrg/check_reg.html?_=1657677525372 HTTP/1.1" 200 22
58.35.196.166 - - [13/Jul/2022:10:02:20 +0800] "GET /xingrg/all/function/internal_message.html?_=1657677739978&CODE_STATE=getMsg HTTP/1.1" 200 27
101.83.223.227 - - [13/Jul/2022:10:02:21 +0800] "GET /xingrg/all/function/internal_message.html?_=1657677699115&CODE_STATE=getMsg HTTP/1.1" 200 27
120.253.135.82 - - [13/Jul/2022:10:02:22 +0800] "POST /xingrg/kc/pszx/mdps_list_operate.html HTTP/1.1" 200 2816
114.88.162.248 - - [13/Jul/2022:10:02:22 +0800] "GET /xingrg/all/function/internal_message.html?_=1657677739537&CODE_STATE=getMsg HTTP/1.1" 200 27
114.88.162.248 - - [13/Jul/2022:10:02:22 +0800] "GET /xingrg/check_reg.html?_=1657677739533 HTTP/1.1" 200 22
218.81.223.53 - - [13/Jul/2022:10:02:23 +0800] "GET /xingrg/all/function/internal_message.html?_=1657677752535&CODE_STATE=getMsg HTTP/1.1" 200 27
120.253.135.82 - - [13/Jul/2022:10:02:29 +0800] "POST /xingrg/kc/pszx/mdps_list_operate.html HTTP/1.1" 200 455
120.253.135.82 - - [13/Jul/2022:10:02:30 +0800] "GET /xingrg/kc/pszx/mdps_order_info.html?code=312022071200190 HTTP/1.1" 200 23978
120.253.135.82 - - [13/Jul/2022:10:02:30 +0800] "GET /xingrg/javascript/easyui/themes/default/validatebox.css HTTP/1.1" 404 1104
120.253.135.82 - - [13/Jul/2022:10:02:30 +0800] "POST /xingrg/kc/pszx/mdps_order_operate.html HTTP/1.1" 200 3788
120.253.135.82 - - [13/Jul/2022:10:02:34 +0800] "POST /xingrg/kc/pszx/mdps_order_operate.html HTTP/1.1" 200 37
101.83.241.136 - - [13/Jul/2022:10:02:35 +0800] "GET /xingrg/all/function/internal_message.html?_=1657677753218&CODE_STATE=getMsg HTTP/1.1" 200 27
120.253.135.82 - - [13/Jul/2022:10:02:35 +0800] "POST /xingrg/kc/pszx/mdps_order_operate.html HTTP/1.1" 200 12
180.175.103.110 - - [13/Jul/2022:10:02:40 +0800] "GET /xingrg/all/function/internal_message.html?_=1657677760512&CODE_STATE=getMsg HTTP/1.1" 200 27
58.35.196.166 - - [13/Jul/2022:10:02:46 +0800] "GET /xingrg/check_reg.html?_=1657677766417 HTTP/1.1" 200 22
222.69.129.110 - - [13/Jul/2022:10:02:47 +0800] "GET /xingrg/all/function/internal_message.html?_=1657677817773&CODE_STATE=getMsg HTTP/1.1" 200 27
120.253.135.82 - - [13/Jul/2022:10:02:49 +0800] "GET /xingrg/kc/pszx/mdps_order_info.html?code=312022071200190 HTTP/1.1" 200 19638
120.253.135.82 - - [13/Jul/2022:10:02:49 +0800] "POST /xingrg/kc/pszx/mdps_order_operate.html HTTP/1.1" 200 1998
120.253.135.82 - - [13/Jul/2022:10:02:49 +0800] "GET /xingrg/javascript/easyui/themes/default/validatebox.css HTTP/1.1" 404 1104
114.84.2.83 - - [13/Jul/2022:10:02:49 +0800] "POST /xingrg/services/DataTransmitService HTTP/1.1" 200 524
120.253.135.82 - - [13/Jul/2022:10:02:50 +0800] "GET /xingrg/all/function/internal_message.html?_=1657677577660&CODE_STATE=getMsg HTTP/1.1" 200 27
114.84.2.83 - - [13/Jul/2022:10:02:53 +0800] "POST /xingrg/services/DataTransmitService HTTP/1.1" 200 501
114.84.2.83 - - [13/Jul/2022:10:02:53 +0800] "POST /xingrg/services/DataTransmitService HTTP/1.1" 200 501
114.84.2.83 - - [13/Jul/2022:10:02:53 +0800] "POST /xingrg/services/DataTransmitService HTTP/1.1" 200 501
114.84.2.83 - - [13/Jul/2022:10:02:54 +0800] "POST /xingrg/services/DataTransmitService HTTP/1.1" 200 501
114.84.2.83 - - [13/Jul/2022:10:02:54 +0800] "POST /xingrg/services/DataTransmitService HTTP/1.1" 200 501
114.84.2.83 - - [13/Jul/2022:10:02:55 +0800] "POST /xingrg/services/DataTransmitService HTTP/1.1" 200 501
114.84.2.83 - - [13/Jul/2022:10:02:55 +0800] "POST /xingrg/services/DataTransmitService HTTP/1.1" 200 501
114.84.2.83 - - [13/Jul/2022:10:02:55 +0800] "POST /xingrg/services/DataTransmitService HTTP/1.1" 200 501
114.84.2.83 - - [13/Jul/2022:10:02:55 +0800] "POST /xingrg/services/DataTransmitService HTTP/1.1" 200 412
101.85.238.90 - - [13/Jul/2022:10:02:59 +0800] "GET /xingrg/all/function/internal_message.html?_=1657677845512&CODE_STATE=getMsg HTTP/1.1" 200 27
120.253.135.82 - - [13/Jul/2022:10:03:00 +0800] "POST /xingrg/kc/pszx/mdps_list_operate.html HTTP/1.1" 200 597
120.253.135.82 - - [13/Jul/2022:10:03:01 +0800] "GET /xingrg/kc/pszx/mdps_order_info.html?code=312022071200189 HTTP/1.1" 200 23978
120.253.135.82 - - [13/Jul/2022:10:03:01 +0800] "GET /xingrg/javascript/easyui/themes/default/validatebox.css HTTP/1.1" 404 1104
120.253.135.82 - - [13/Jul/2022:10:03:01 +0800] "POST /xingrg/kc/pszx/mdps_order_operate.html HTTP/1.1" 200 5333
61.170.235.209 - - [13/Jul/2022:10:03:03 +0800] "GET /xingrg/all/function/internal_message.html?_=1657677783553&CODE_STATE=getMsg HTTP/1.1" 200 27
120.253.135.82 - - [13/Jul/2022:10:03:09 +0800] "POST /xingrg/kc/pszx/mdps_order_operate.html HTTP/1.1" 200 37
120.253.135.82 - - [13/Jul/2022:10:03:10 +0800] "POST /xingrg/kc/pszx/mdps_order_operate.html HTTP/1.1" 200 12
116.235.94.65 - - [13/Jul/2022:10:03:10 +0800] "GET /xingrg/all/function/internal_message.html?_=1657677970561&CODE_STATE=getMsg HTTP/1.1" 200 27
116.230.110.24 - - [13/Jul/2022:10:03:12 +0800] "GET /xingrg/check_reg.html?_=1657677789185 HTTP/1.1" 200 22
116.230.110.24 - - [13/Jul/2022:10:03:12 +0800] "GET /xingrg/all/function/internal_message.html?_=1657677789189&CODE_STATE=getMsg HTTP/1.1" 200 27
120.253.135.82 - - [13/Jul/2022:10:03:14 +0800] "GET /xingrg/kc/pszx/mdps_order_info.html?code=312022071200189 HTTP/1.1" 200 19638
120.253.135.82 - - [13/Jul/2022:10:03:15 +0800] "POST /xingrg/kc/pszx/mdps_order_operate.html HTTP/1.1" 200 3525
120.253.135.82 - - [13/Jul/2022:10:03:15 +0800] "GET /xingrg/javascript/easyui/themes/default/validatebox.css HTTP/1.1" 404 1104
120.253.135.82 - - [13/Jul/2022:10:03:16 +0800] "POST /xingrg/kc/pszx/mdps_list_operate.html HTTP/1.1" 200 2072
116.228.172.94 - - [13/Jul/2022:10:03:18 +0800] "GET /xingrg/all/function/internal_message.html?_=1657677585381&CODE_STATE=getMsg HTTP/1.1" 200 27
58.35.196.166 - - [13/Jul/2022:10:03:20 +0800] "GET /xingrg/all/function/internal_message.html?_=1657677799949&CODE_STATE=getMsg HTTP/1.1" 200 27
101.83.223.227 - - [13/Jul/2022:10:03:21 +0800] "GET /xingrg/check_reg.html?_=1657677758852 HTTP/1.1" 200 22
101.83.223.227 - - [13/Jul/2022:10:03:21 +0800] "GET /xingrg/all/function/internal_message.html?_=1657677759129&CODE_STATE=getMsg HTTP/1.1" 200 27
180.169.147.146 - - [13/Jul/2022:10:03:22 +0800] "GET /xingrg/check_reg.html?_=1657677799369 HTTP/1.1" 302 -
114.88.162.248 - - [13/Jul/2022:10:03:22 +0800] "GET /xingrg/all/function/internal_message.html?_=1657677799537&CODE_STATE=getMsg HTTP/1.1" 200 27
218.81.223.53 - - [13/Jul/2022:10:03:24 +0800] "GET /xingrg/all/function/internal_message.html?_=1657677812687&CODE_STATE=getMsg HTTP/1.1" 200 27
120.253.135.82 - - [13/Jul/2022:10:03:33 +0800] "POST /xingrg/kc/pszx/mdps_list_operate.html HTTP/1.1" 200 205
120.253.135.82 - - [13/Jul/2022:10:03:34 +0800] "GET /xingrg/kc/pszx/mdps_order_info.html?code=312022070700130 HTTP/1.1" 200 23984
120.253.135.82 - - [13/Jul/2022:10:03:35 +0800] "POST /xingrg/kc/pszx/mdps_order_operate.html HTTP/1.1" 200 2281
120.253.135.82 - - [13/Jul/2022:10:03:35 +0800] "GET /xingrg/javascript/easyui/themes/default/validatebox.css HTTP/1.1" 404 1104
101.83.241.136 - - [13/Jul/2022:10:03:35 +0800] "GET /xingrg/all/function/internal_message.html?_=1657677813216&CODE_STATE=getMsg HTTP/1.1" 200 27
120.253.135.82 - - [13/Jul/2022:10:03:39 +0800] "POST /xingrg/kc/pszx/mdps_order_operate.html HTTP/1.1" 200 37
180.175.103.110 - - [13/Jul/2022:10:03:40 +0800] "GET /xingrg/all/function/internal_message.html?_=1657677820484&CODE_STATE=getMsg HTTP/1.1" 200 27
120.253.135.82 - - [13/Jul/2022:10:03:41 +0800] "POST /xingrg/kc/pszx/mdps_order_operate.html HTTP/1.1" 200 12
222.69.129.110 - - [13/Jul/2022:10:03:47 +0800] "GET /xingrg/all/function/internal_message.html?_=1657677877781&CODE_STATE=getMsg HTTP/1.1" 200 27
222.69.129.110 - - [13/Jul/2022:10:03:47 +0800] "GET /xingrg/check_reg.html?_=1657677877784 HTTP/1.1" 200 22
120.253.135.82 - - [13/Jul/2022:10:03:51 +0800] "GET /xingrg/kc/pszx/mdps_order_info.html?code=312022070700130 HTTP/1.1" 200 19644
120.253.135.82 - - [13/Jul/2022:10:03:52 +0800] "POST /xingrg/kc/pszx/mdps_order_operate.html HTTP/1.1" 200 502
120.253.135.82 - - [13/Jul/2022:10:03:52 +0800] "GET /xingrg/javascript/easyui/themes/default/validatebox.css HTTP/1.1" 404 1104
120.253.135.82 - - [13/Jul/2022:10:03:52 +0800] "GET /xingrg/all/function/internal_message.html?_=1657677640373&CODE_STATE=getMsg HTTP/1.1" 200 27
120.253.135.82 - - [13/Jul/2022:10:03:54 +0800] "POST /xingrg/kc/pszx/mdps_list_operate.html HTTP/1.1" 200 1692
120.253.135.82 - - [13/Jul/2022:10:03:55 +0800] "POST /xingrg/kc/pszx/mdps_list_operate.html HTTP/1.1" 200 542
120.253.135.82 - - [13/Jul/2022:10:03:56 +0800] "GET /xingrg/kc/pszx/mdps_order_info.html?code=312022071200191 HTTP/1.1" 200 23978
120.253.135.82 - - [13/Jul/2022:10:03:57 +0800] "POST /xingrg/kc/pszx/mdps_order_operate.html HTTP/1.1" 200 4307
120.253.135.82 - - [13/Jul/2022:10:03:57 +0800] "GET /xingrg/javascript/easyui/themes/default/validatebox.css HTTP/1.1" 404 1104
101.85.238.90 - - [13/Jul/2022:10:03:59 +0800] "GET /xingrg/all/function/internal_message.html?_=1657677905580&CODE_STATE=getMsg HTTP/1.1" 200 27
120.253.135.82 - - [13/Jul/2022:10:04:01 +0800] "POST /xingrg/kc/pszx/mdps_order_operate.html HTTP/1.1" 200 37
120.253.135.82 - - [13/Jul/2022:10:04:03 +0800] "POST /xingrg/kc/pszx/mdps_order_operate.html HTTP/1.1" 200 12
61.170.235.209 - - [13/Jul/2022:10:04:03 +0800] "GET /xingrg/all/function/internal_message.html?_=1657677843538&CODE_STATE=getMsg HTTP/1.1" 200 27
61.170.235.209 - - [13/Jul/2022:10:04:04 +0800] "GET /xingrg/check_reg.html?_=1657677844025 HTTP/1.1" 200 22
116.235.94.65 - - [13/Jul/2022:10:04:08 +0800] "POST /xingrg/services/DataTransmitService HTTP/1.1" 200 524
116.235.94.65 - - [13/Jul/2022:10:04:08 +0800] "POST /xingrg/services/DataTransmitService HTTP/1.1" 200 501
116.235.94.65 - - [13/Jul/2022:10:04:10 +0800] "POST /xingrg/services/DataTransmitService HTTP/1.1" 200 524
116.235.94.65 - - [13/Jul/2022:10:04:10 +0800] "POST /xingrg/services/DataTransmitService HTTP/1.1" 200 501
116.235.94.65 - - [13/Jul/2022:10:04:10 +0800] "POST /xingrg/services/DataTransmitService HTTP/1.1" 200 501
116.235.94.65 - - [13/Jul/2022:10:04:10 +0800] "POST /xingrg/services/DataTransmitService HTTP/1.1" 200 501
116.235.94.65 - - [13/Jul/2022:10:04:10 +0800] "GET /xingrg/all/function/internal_message.html?_=1657678030542&CODE_STATE=getMsg HTTP/1.1" 200 27
116.235.94.65 - - [13/Jul/2022:10:04:10 +0800] "POST /xingrg/services/DataTransmitService HTTP/1.1" 200 501
116.235.94.65 - - [13/Jul/2022:10:04:11 +0800] "POST /xingrg/services/DataTransmitService HTTP/1.1" 200 501
116.235.94.65 - - [13/Jul/2022:10:04:11 +0800] "POST /xingrg/services/DataTransmitService HTTP/1.1" 200 501
116.235.94.65 - - [13/Jul/2022:10:04:11 +0800] "POST /xingrg/services/DataTransmitService HTTP/1.1" 200 412
116.230.110.24 - - [13/Jul/2022:10:04:12 +0800] "GET /xingrg/all/function/internal_message.html?_=1657677849176&CODE_STATE=getMsg HTTP/1.1" 200 27
116.235.94.65 - - [13/Jul/2022:10:04:13 +0800] "POST /xingrg/services/DataTransmitService HTTP/1.1" 200 524
116.235.94.65 - - [13/Jul/2022:10:04:13 +0800] "POST /xingrg/services/DataTransmitService HTTP/1.1" 200 501
116.235.94.65 - - [13/Jul/2022:10:04:14 +0800] "POST /xingrg/services/DataTransmitService HTTP/1.1" 200 524
116.235.94.65 - - [13/Jul/2022:10:04:14 +0800] "POST /xingrg/services/DataTransmitService HTTP/1.1" 200 501
116.235.94.65 - - [13/Jul/2022:10:04:14 +0800] "POST /xingrg/services/DataTransmitService HTTP/1.1" 200 524
120.253.135.82 - - [13/Jul/2022:10:04:16 +0800] "GET /xingrg/kc/pszx/mdps_order_info.html?code=312022071200191 HTTP/1.1" 200 19638
120.253.135.82 - - [13/Jul/2022:10:04:17 +0800] "POST /xingrg/kc/pszx/mdps_order_operate.html HTTP/1.1" 200 2509
120.253.135.82 - - [13/Jul/2022:10:04:17 +0800] "GET /xingrg/javascript/easyui/themes/default/validatebox.css HTTP/1.1" 404 1104
120.253.135.82 - - [13/Jul/2022:10:04:18 +0800] "POST /xingrg/kc/pszx/mdps_list_operate.html HTTP/1.1" 200 868
116.235.94.65 - - [13/Jul/2022:10:04:18 +0800] "POST /xingrg/services/DataTransmitService HTTP/1.1" 200 501
116.235.94.65 - - [13/Jul/2022:10:04:18 +0800] "POST /xingrg/services/DataTransmitService HTTP/1.1" 200 501
116.228.172.94 - - [13/Jul/2022:10:04:18 +0800] "GET /xingrg/all/function/internal_message.html?_=1657677645374&CODE_STATE=getMsg HTTP/1.1" 200 27
116.235.94.65 - - [13/Jul/2022:10:04:19 +0800] "POST /xingrg/services/DataTransmitService HTTP/1.1" 200 501
116.235.94.65 - - [13/Jul/2022:10:04:19 +0800] "POST /xingrg/services/DataTransmitService HTTP/1.1" 200 501
116.235.94.65 - - [13/Jul/2022:10:04:19 +0800] "POST /xingrg/services/DataTransmitService HTTP/1.1" 200 501
116.235.94.65 - - [13/Jul/2022:10:04:19 +0800] "POST /xingrg/services/DataTransmitService HTTP/1.1" 200 501
116.235.94.65 - - [13/Jul/2022:10:04:20 +0800] "POST /xingrg/services/DataTransmitService HTTP/1.1" 200 501
116.235.94.65 - - [13/Jul/2022:10:04:20 +0800] "POST /xingrg/services/DataTransmitService HTTP/1.1" 200 501
58.35.196.166 - - [13/Jul/2022:10:04:20 +0800] "GET /xingrg/all/function/internal_message.html?_=1657677859919&CODE_STATE=getMsg HTTP/1.1" 200 27
116.235.94.65 - - [13/Jul/2022:10:04:20 +0800] "POST /xingrg/services/DataTransmitService HTTP/1.1" 200 501
116.235.94.65 - - [13/Jul/2022:10:04:20 +0800] "POST /xingrg/services/DataTransmitService HTTP/1.1" 200 412
101.83.223.227 - - [13/Jul/2022:10:04:21 +0800] "GET /xingrg/all/function/internal_message.html?_=1657677819142&CODE_STATE=getMsg HTTP/1.1" 200 27
114.88.162.248 - - [13/Jul/2022:10:04:22 +0800] "GET /xingrg/all/function/internal_message.html?_=1657677859539&CODE_STATE=getMsg HTTP/1.1" 200 27
218.81.223.53 - - [13/Jul/2022:10:04:24 +0800] "GET /xingrg/all/function/internal_message.html?_=1657677872702&CODE_STATE=getMsg HTTP/1.1" 200 27
116.235.94.65 - - [13/Jul/2022:10:04:28 +0800] "GET /xingrg/check_reg.html?_=1657678048338 HTTP/1.1" 200 22
120.253.135.82 - - [13/Jul/2022:10:04:33 +0800] "POST /xingrg/kc/pszx/mdps_list_operate.html HTTP/1.1" 200 2806
101.83.241.136 - - [13/Jul/2022:10:04:35 +0800] "GET /xingrg/all/function/internal_message.html?_=1657677873226&CODE_STATE=getMsg HTTP/1.1" 200 27
120.253.135.82 - - [13/Jul/2022:10:04:38 +0800] "POST /xingrg/kc/pszx/mdps_list_operate.html HTTP/1.1" 200 208
120.253.135.82 - - [13/Jul/2022:10:04:39 +0800] "GET /xingrg/kc/pszx/mdps_order_info.html?code=312022071300210 HTTP/1.1" 200 23978
120.253.135.82 - - [13/Jul/2022:10:04:39 +0800] "GET /xingrg/javascript/easyui/themes/default/validatebox.css HTTP/1.1" 404 1104
120.253.135.82 - - [13/Jul/2022:10:04:39 +0800] "POST /xingrg/kc/pszx/mdps_order_operate.html HTTP/1.1" 200 2297
180.175.103.110 - - [13/Jul/2022:10:04:40 +0800] "GET /xingrg/all/function/internal_message.html?_=1657677880455&CODE_STATE=getMsg HTTP/1.1" 200 27
120.253.135.82 - - [13/Jul/2022:10:04:43 +0800] "POST /xingrg/kc/pszx/mdps_order_operate.html HTTP/1.1" 200 37
120.253.135.82 - - [13/Jul/2022:10:04:44 +0800] "POST /xingrg/kc/pszx/mdps_order_operate.html HTTP/1.1" 200 12
222.69.129.110 - - [13/Jul/2022:10:04:47 +0800] "GET /xingrg/all/function/internal_message.html?_=1657677937780&CODE_STATE=getMsg HTTP/1.1" 200 27
120.253.135.82 - - [13/Jul/2022:10:04:56 +0800] "GET /xingrg/kc/pszx/mdps_order_info.html?code=312022071300210 HTTP/1.1" 200 19638
120.253.135.82 - - [13/Jul/2022:10:04:57 +0800] "POST /xingrg/kc/pszx/mdps_order_operate.html HTTP/1.1" 200 519
120.253.135.82 - - [13/Jul/2022:10:04:57 +0800] "GET /xingrg/javascript/easyui/themes/default/validatebox.css HTTP/1.1" 404 1104
120.253.135.82 - - [13/Jul/2022:10:04:57 +0800] "GET /xingrg/all/function/internal_message.html?_=1657677705098&CODE_STATE=getMsg HTTP/1.1" 200 27
120.253.135.82 - - [13/Jul/2022:10:04:58 +0800] "POST /xingrg/kc/pszx/mdps_list_operate.html HTTP/1.1" 200 2435
101.85.238.90 - - [13/Jul/2022:10:04:59 +0800] "GET /xingrg/all/function/internal_message.html?_=1657677965585&CODE_STATE=getMsg HTTP/1.1" 200 27
61.170.235.209 - - [13/Jul/2022:10:05:03 +0800] "GET /xingrg/all/function/internal_message.html?_=1657677903510&CODE_STATE=getMsg HTTP/1.1" 200 27
116.235.94.65 - - [13/Jul/2022:10:05:10 +0800] "GET /xingrg/all/function/internal_message.html?_=1657678090521&CODE_STATE=getMsg HTTP/1.1" 200 27
116.230.110.24 - - [13/Jul/2022:10:05:12 +0800] "GET /xingrg/all/function/internal_message.html?_=1657677909192&CODE_STATE=getMsg HTTP/1.1" 200 27
120.253.135.82 - - [13/Jul/2022:10:05:13 +0800] "POST /xingrg/kc/pszx/mdps_list_operate.html HTTP/1.1" 200 212
120.253.135.82 - - [13/Jul/2022:10:05:14 +0800] "GET /xingrg/kc/pszx/mdps_order_info.html?code=312022071300209 HTTP/1.1" 200 23978
120.253.135.82 - - [13/Jul/2022:10:05:15 +0800] "POST /xingrg/kc/pszx/mdps_order_operate.html HTTP/1.1" 200 2298
120.253.135.82 - - [13/Jul/2022:10:05:15 +0800] "GET /xingrg/javascript/easyui/themes/default/validatebox.css HTTP/1.1" 404 1104
116.228.172.94 - - [13/Jul/2022:10:05:18 +0800] "GET /xingrg/all/function/internal_message.html?_=1657677705363&CODE_STATE=getMsg HTTP/1.1" 200 27
58.35.196.166 - - [13/Jul/2022:10:05:20 +0800] "GET /xingrg/all/function/internal_message.html?_=1657677919904&CODE_STATE=getMsg HTTP/1.1" 200 27
101.83.223.227 - - [13/Jul/2022:10:05:21 +0800] "GET /xingrg/all/function/internal_message.html?_=1657677879156&CODE_STATE=getMsg HTTP/1.1" 200 27
114.88.162.248 - - [13/Jul/2022:10:05:22 +0800] "GET /xingrg/all/function/internal_message.html?_=1657677919540&CODE_STATE=getMsg HTTP/1.1" 200 27
218.81.223.53 - - [13/Jul/2022:10:05:24 +0800] "GET /xingrg/all/function/internal_message.html?_=1657677932854&CODE_STATE=getMsg HTTP/1.1" 200 27
120.253.135.82 - - [13/Jul/2022:10:05:27 +0800] "POST /xingrg/kc/pszx/mdps_order_operate.html HTTP/1.1" 200 37
120.253.135.82 - - [13/Jul/2022:10:05:30 +0800] "POST /xingrg/kc/pszx/mdps_order_operate.html HTTP/1.1" 200 12
120.253.135.82 - - [13/Jul/2022:10:05:32 +0800] "GET /xingrg/kc/pszx/mdps_order_info.html?code=312022071300209 HTTP/1.1" 200 19638
120.253.135.82 - - [13/Jul/2022:10:05:33 +0800] "POST /xingrg/kc/pszx/mdps_order_operate.html HTTP/1.1" 200 516
120.253.135.82 - - [13/Jul/2022:10:05:33 +0800] "GET /xingrg/javascript/easyui/themes/default/validatebox.css HTTP/1.1" 404 1104
120.253.135.82 - - [13/Jul/2022:10:05:34 +0800] "POST /xingrg/kc/pszx/mdps_list_operate.html HTTP/1.1" 200 2064
101.83.241.136 - - [13/Jul/2022:10:05:35 +0800] "GET /xingrg/all/function/internal_message.html?_=1657677933226&CODE_STATE=getMsg HTTP/1.1" 200 27
180.175.103.110 - - [13/Jul/2022:10:05:40 +0800] "GET /xingrg/all/function/internal_message.html?_=1657677940437&CODE_STATE=getMsg HTTP/1.1" 200 27
222.69.129.110 - - [13/Jul/2022:10:05:47 +0800] "GET /xingrg/all/function/internal_message.html?_=1657677997778&CODE_STATE=getMsg HTTP/1.1" 200 27
120.253.135.82 - - [13/Jul/2022:10:05:48 +0800] "GET /xingrg/check_reg.html?_=1657677755758 HTTP/1.1" 200 22
120.253.135.82 - - [13/Jul/2022:10:05:54 +0800] "POST /xingrg/kc/pszx/mdps_list_operate.html HTTP/1.1" 200 521
120.253.135.82 - - [13/Jul/2022:10:05:55 +0800] "GET /xingrg/kc/pszx/mdps_order_info.html?code=312022071200198 HTTP/1.1" 200 23978
120.253.135.82 - - [13/Jul/2022:10:05:56 +0800] "POST /xingrg/kc/pszx/mdps_order_operate.html HTTP/1.1" 200 4276
120.253.135.82 - - [13/Jul/2022:10:05:56 +0800] "GET /xingrg/javascript/easyui/themes/default/validatebox.css HTTP/1.1" 404 1104
120.253.135.82 - - [13/Jul/2022:10:05:57 +0800] "GET /xingrg/all/function/internal_message.html?_=1657677765112&CODE_STATE=getMsg HTTP/1.1" 200 27
101.85.238.90 - - [13/Jul/2022:10:05:58 +0800] "GET /xingrg/check_reg.html?_=1657678024782 HTTP/1.1" 200 22
101.85.238.90 - - [13/Jul/2022:10:05:59 +0800] "GET /xingrg/all/function/internal_message.html?_=1657678025598&CODE_STATE=getMsg HTTP/1.1" 200 27
120.253.135.82 - - [13/Jul/2022:10:06:00 +0800] "POST /xingrg/kc/pszx/mdps_order_operate.html HTTP/1.1" 200 37
120.253.135.82 - - [13/Jul/2022:10:06:02 +0800] "POST /xingrg/kc/pszx/mdps_order_operate.html HTTP/1.1" 200 12
61.170.235.209 - - [13/Jul/2022:10:06:03 +0800] "GET /xingrg/all/function/internal_message.html?_=1657677963495&CODE_STATE=getMsg HTTP/1.1" 200 27
120.253.135.82 - - [13/Jul/2022:10:06:04 +0800] "GET /xingrg/kc/pszx/mdps_order_info.html?code=312022071200198 HTTP/1.1" 200 19638
120.253.135.82 - - [13/Jul/2022:10:06:05 +0800] "POST /xingrg/kc/pszx/mdps_order_operate.html HTTP/1.1" 200 2482
120.253.135.82 - - [13/Jul/2022:10:06:05 +0800] "GET /xingrg/javascript/easyui/themes/default/validatebox.css HTTP/1.1" 404 1104
218.81.223.53 - - [13/Jul/2022:10:06:07 +0800] "GET /xingrg/check_reg.html?_=1657677975921 HTTP/1.1" 200 22
120.253.135.82 - - [13/Jul/2022:10:06:08 +0800] "POST /xingrg/kc/pszx/mdps_list_operate.html HTTP/1.1" 200 1693
120.253.135.82 - - [13/Jul/2022:10:06:09 +0800] "POST /xingrg/kc/pszx/mdps_list_operate.html HTTP/1.1" 200 651
116.235.94.65 - - [13/Jul/2022:10:06:10 +0800] "GET /xingrg/all/function/internal_message.html?_=1657678150497&CODE_STATE=getMsg HTTP/1.1" 200 27
116.230.110.24 - - [13/Jul/2022:10:06:12 +0800] "GET /xingrg/all/function/internal_message.html?_=1657677969181&CODE_STATE=getMsg HTTP/1.1" 200 27
120.253.135.82 - - [13/Jul/2022:10:06:18 +0800] "GET /xingrg/kc/pszx/mdps_order_info.html?code=312022071200197 HTTP/1.1" 200 23978
116.228.172.94 - - [13/Jul/2022:10:06:18 +0800] "GET /xingrg/all/function/internal_message.html?_=1657677765368&CODE_STATE=getMsg HTTP/1.1" 200 27
120.253.135.82 - - [13/Jul/2022:10:06:19 +0800] "POST /xingrg/kc/pszx/mdps_order_operate.html HTTP/1.1" 200 7997
120.253.135.82 - - [13/Jul/2022:10:06:19 +0800] "GET /xingrg/javascript/easyui/themes/default/validatebox.css HTTP/1.1" 404 1104
58.35.196.166 - - [13/Jul/2022:10:06:20 +0800] "GET /xingrg/all/function/internal_message.html?_=1657677979874&CODE_STATE=getMsg HTTP/1.1" 200 27
101.83.223.227 - - [13/Jul/2022:10:06:21 +0800] "GET /xingrg/all/function/internal_message.html?_=1657677939190&CODE_STATE=getMsg HTTP/1.1" 200 27
114.88.162.248 - - [13/Jul/2022:10:06:22 +0800] "GET /xingrg/all/function/internal_message.html?_=1657677979541&CODE_STATE=getMsg HTTP/1.1" 200 27
120.253.135.82 - - [13/Jul/2022:10:06:23 +0800] "POST /xingrg/kc/pszx/mdps_order_operate.html HTTP/1.1" 200 37
218.81.223.53 - - [13/Jul/2022:10:06:24 +0800] "GET /xingrg/all/function/internal_message.html?_=1657677992855&CODE_STATE=getMsg HTTP/1.1" 200 27
120.253.135.82 - - [13/Jul/2022:10:06:24 +0800] "POST /xingrg/kc/pszx/mdps_order_operate.html HTTP/1.1" 200 12
120.253.135.82 - - [13/Jul/2022:10:06:29 +0800] "GET /xingrg/kc/pszx/mdps_order_info.html?code=312022071200197 HTTP/1.1" 200 19638
120.253.135.82 - - [13/Jul/2022:10:06:29 +0800] "POST /xingrg/kc/pszx/mdps_order_operate.html HTTP/1.1" 200 6166
120.253.135.82 - - [13/Jul/2022:10:06:29 +0800] "GET /xingrg/javascript/easyui/themes/default/validatebox.css HTTP/1.1" 404 1104
120.253.135.82 - - [13/Jul/2022:10:06:32 +0800] "POST /xingrg/kc/pszx/mdps_list_operate.html HTTP/1.1" 200 868
101.83.241.136 - - [13/Jul/2022:10:06:35 +0800] "GET /xingrg/all/function/internal_message.html?_=1657677993225&CODE_STATE=getMsg HTTP/1.1" 200 27
101.83.241.136 - - [13/Jul/2022:10:06:35 +0800] "GET /xingrg/check_reg.html?_=1657677993236 HTTP/1.1" 200 22
180.175.103.110 - - [13/Jul/2022:10:06:40 +0800] "GET /xingrg/all/function/internal_message.html?_=1657678000412&CODE_STATE=getMsg HTTP/1.1" 200 27
222.69.129.110 - - [13/Jul/2022:10:06:47 +0800] "GET /xingrg/all/function/internal_message.html?_=1657678057777&CODE_STATE=getMsg HTTP/1.1" 200 27
120.253.135.82 - - [13/Jul/2022:10:06:57 +0800] "GET /xingrg/all/function/internal_message.html?_=1657677825159&CODE_STATE=getMsg HTTP/1.1" 200 27
101.85.238.90 - - [13/Jul/2022:10:06:59 +0800] "GET /xingrg/all/function/internal_message.html?_=1657678085612&CODE_STATE=getMsg HTTP/1.1" 200 27
61.170.235.209 - - [13/Jul/2022:10:07:03 +0800] "GET /xingrg/all/function/internal_message.html?_=1657678023481&CODE_STATE=getMsg HTTP/1.1" 200 27
116.235.94.65 - - [13/Jul/2022:10:07:10 +0800] "GET /xingrg/all/function/internal_message.html?_=1657678210476&CODE_STATE=getMsg HTTP/1.1" 200 27
116.230.110.24 - - [13/Jul/2022:10:07:11 +0800] "GET /favicon.ico HTTP/1.1" 404 -
116.230.110.24 - - [13/Jul/2022:10:07:12 +0800] "GET /xingrg/all/function/internal_message.html?_=1657678029188&CODE_STATE=getMsg HTTP/1.1" 200 27
180.175.103.110 - - [13/Jul/2022:10:07:13 +0800] "GET /xingrg/check_reg.html?_=1657678032935 HTTP/1.1" 200 22
116.228.172.94 - - [13/Jul/2022:10:07:18 +0800] "GET /xingrg/all/function/internal_message.html?_=1657677825379&CODE_STATE=getMsg HTTP/1.1" 200 27
116.228.172.94 - - [13/Jul/2022:10:07:18 +0800] "GET /xingrg/check_reg.html?_=1657677825382 HTTP/1.1" 200 22
58.35.196.166 - - [13/Jul/2022:10:07:20 +0800] "GET /xingrg/all/function/internal_message.html?_=1657678039844&CODE_STATE=getMsg HTTP/1.1" 200 27
101.83.223.227 - - [13/Jul/2022:10:07:21 +0800] "GET /xingrg/all/function/internal_message.html?_=1657677999199&CODE_STATE=getMsg HTTP/1.1" 200 27
114.88.162.248 - - [13/Jul/2022:10:07:22 +0800] "GET /xingrg/all/function/internal_message.html?_=1657678039544&CODE_STATE=getMsg HTTP/1.1" 200 27
114.88.162.248 - - [13/Jul/2022:10:07:22 +0800] "GET /xingrg/check_reg.html?_=1657678039542 HTTP/1.1" 200 22
218.81.223.53 - - [13/Jul/2022:10:07:24 +0800] "GET /xingrg/all/function/internal_message.html?_=1657678052867&CODE_STATE=getMsg HTTP/1.1" 200 27
101.83.241.136 - - [13/Jul/2022:10:07:35 +0800] "GET /xingrg/all/function/internal_message.html?_=1657678053236&CODE_STATE=getMsg HTTP/1.1" 200 27
58.35.196.166 - - [13/Jul/2022:10:07:38 +0800] "GET /favicon.ico HTTP/1.1" 404 -
180.175.103.110 - - [13/Jul/2022:10:07:40 +0800] "GET /xingrg/all/function/internal_message.html?_=1657678060381&CODE_STATE=getMsg HTTP/1.1" 200 27
58.35.196.166 - - [13/Jul/2022:10:07:46 +0800] "GET /xingrg/check_reg.html?_=1657678066408 HTTP/1.1" 200 22
222.69.129.110 - - [13/Jul/2022:10:07:47 +0800] "GET /xingrg/all/function/internal_message.html?_=1657678117772&CODE_STATE=getMsg HTTP/1.1" 200 27
120.253.135.82 - - [13/Jul/2022:10:07:57 +0800] "GET /xingrg/all/function/internal_message.html?_=1657677885210&CODE_STATE=getMsg HTTP/1.1" 200 27
101.85.238.90 - - [13/Jul/2022:10:07:59 +0800] "GET /xingrg/all/function/internal_message.html?_=1657678145626&CODE_STATE=getMsg HTTP/1.1" 200 27
61.170.235.209 - - [13/Jul/2022:10:08:03 +0800] "GET /xingrg/all/function/internal_message.html?_=1657678083466&CODE_STATE=getMsg HTTP/1.1" 200 27
116.235.94.65 - - [13/Jul/2022:10:08:10 +0800] "GET /xingrg/all/function/internal_message.html?_=1657678270444&CODE_STATE=getMsg HTTP/1.1" 200 27
116.230.110.24 - - [13/Jul/2022:10:08:12 +0800] "GET /xingrg/check_reg.html?_=1657678089201 HTTP/1.1" 200 22
116.230.110.24 - - [13/Jul/2022:10:08:12 +0800] "GET /xingrg/all/function/internal_message.html?_=1657678089204&CODE_STATE=getMsg HTTP/1.1" 200 27
120.253.135.82 - - [13/Jul/2022:10:08:13 +0800] "POST /xingrg/kc/pszx/mdps_list_operate.html HTTP/1.1" 200 868
120.253.135.82 - - [13/Jul/2022:10:08:13 +0800] "GET /xingrg/kc/pszx/mdth_order_list.html HTTP/1.1" 200 18431
120.253.135.82 - - [13/Jul/2022:10:08:14 +0800] "POST /xingrg/kc/pszx/mdth_order_new_list.html HTTP/1.1" 200 4755
120.253.135.82 - - [13/Jul/2022:10:08:15 +0800] "POST /xingrg/kc/pszx/mdth_order_new_list.html HTTP/1.1" 200 206
120.253.135.82 - - [13/Jul/2022:10:08:17 +0800] "GET /xingrg/kc/pszx/mdth_order_info.html?code=322022071200003 HTTP/1.1" 200 22179
120.253.135.82 - - [13/Jul/2022:10:08:17 +0800] "GET /xingrg/javascript/easyui/themes/default/validatebox.css HTTP/1.1" 404 1104
120.253.135.82 - - [13/Jul/2022:10:08:17 +0800] "POST /xingrg/kc/pszx/mdth_order_new_info.html HTTP/1.1" 200 281
116.228.172.94 - - [13/Jul/2022:10:08:18 +0800] "GET /xingrg/all/function/internal_message.html?_=1657677885378&CODE_STATE=getMsg HTTP/1.1" 200 27
120.253.135.82 - - [13/Jul/2022:10:08:19 +0800] "POST /xingrg/all/common/load_combo.html?type=employee HTTP/1.1" 200 1752
58.35.196.166 - - [13/Jul/2022:10:08:20 +0800] "GET /xingrg/all/function/internal_message.html?_=1657678099815&CODE_STATE=getMsg HTTP/1.1" 200 27
101.83.223.227 - - [13/Jul/2022:10:08:21 +0800] "GET /xingrg/check_reg.html?_=1657678058883 HTTP/1.1" 200 22
101.83.223.227 - - [13/Jul/2022:10:08:21 +0800] "GET /xingrg/all/function/internal_message.html?_=1657678059212&CODE_STATE=getMsg HTTP/1.1" 200 27
120.253.135.82 - - [13/Jul/2022:10:08:22 +0800] "GET /xingrg/javascript/jquery_tools/images/prev.gif HTTP/1.1" 404 1086
120.253.135.82 - - [13/Jul/2022:10:08:22 +0800] "GET /xingrg/javascript/jquery_tools/images/next.gif HTTP/1.1" 404 1086
180.169.147.146 - - [13/Jul/2022:10:08:22 +0800] "GET /xingrg/check_reg.html?_=1657678099356 HTTP/1.1" 302 -
114.88.162.248 - - [13/Jul/2022:10:08:22 +0800] "GET /xingrg/all/function/internal_message.html?_=1657678099541&CODE_STATE=getMsg HTTP/1.1" 200 27
218.81.223.53 - - [13/Jul/2022:10:08:24 +0800] "GET /xingrg/all/function/internal_message.html?_=1657678113026&CODE_STATE=getMsg HTTP/1.1" 200 27
120.253.135.82 - - [13/Jul/2022:10:08:24 +0800] "POST /xingrg/all/common/load_combo.html?type=base HTTP/1.1" 200 1169
120.253.135.82 - - [13/Jul/2022:10:08:28 +0800] "POST /xingrg/kc/pszx/mdth_order_new_info.html HTTP/1.1" 200 37
120.253.135.82 - - [13/Jul/2022:10:08:29 +0800] "POST /xingrg/kc/pszx/mdth_order_new_info.html HTTP/1.1" 200 288
120.253.135.82 - - [13/Jul/2022:10:08:31 +0800] "GET /xingrg/kc/print/load_config.html?kc_code=mdth HTTP/1.1" 200 3088
120.253.135.82 - - [13/Jul/2022:10:08:31 +0800] "GET /xingrg/kc/print/load_data.html?order_code=322022071200003&kc_code=mdth&condition= HTTP/1.1" 200 599
101.83.241.136 - - [13/Jul/2022:10:08:35 +0800] "GET /xingrg/all/function/internal_message.html?_=1657678113236&CODE_STATE=getMsg HTTP/1.1" 200 27
120.253.135.82 - - [13/Jul/2022:10:08:40 +0800] "POST /xingrg/kc/pszx/mdth_order_new_info.html HTTP/1.1" 200 37
180.175.103.110 - - [13/Jul/2022:10:08:40 +0800] "GET /xingrg/all/function/internal_message.html?_=1657678120356&CODE_STATE=getMsg HTTP/1.1" 200 27
120.253.135.82 - - [13/Jul/2022:10:08:41 +0800] "POST /xingrg/kc/pszx/mdth_order_new_info.html HTTP/1.1" 200 288
120.253.135.82 - - [13/Jul/2022:10:08:41 +0800] "POST /xingrg/kc/pszx/mdth_order_new_info.html HTTP/1.1" 200 12
120.253.135.82 - - [13/Jul/2022:10:08:42 +0800] "GET /xingrg/kc/pszx/mdth_order_info.html?code=322022071200003 HTTP/1.1" 200 20239
120.253.135.82 - - [13/Jul/2022:10:08:43 +0800] "POST /xingrg/kc/pszx/mdth_order_new_info.html HTTP/1.1" 200 288
120.253.135.82 - - [13/Jul/2022:10:08:43 +0800] "GET /xingrg/javascript/easyui/themes/default/validatebox.css HTTP/1.1" 404 1104
222.69.129.110 - - [13/Jul/2022:10:08:47 +0800] "GET /xingrg/all/function/internal_message.html?_=1657678177782&CODE_STATE=getMsg HTTP/1.1" 200 27
222.69.129.110 - - [13/Jul/2022:10:08:47 +0800] "GET /xingrg/check_reg.html?_=1657678177786 HTTP/1.1" 200 22
61.170.235.209 - - [13/Jul/2022:10:08:54 +0800] "GET /favicon.ico HTTP/1.1" 404 -
120.253.135.82 - - [13/Jul/2022:10:08:57 +0800] "GET /xingrg/all/function/internal_message.html?_=1657677945215&CODE_STATE=getMsg HTTP/1.1" 200 27
101.85.238.90 - - [13/Jul/2022:10:08:59 +0800] "GET /xingrg/all/function/internal_message.html?_=1657678205695&CODE_STATE=getMsg HTTP/1.1" 200 27
61.170.235.209 - - [13/Jul/2022:10:09:03 +0800] "GET /xingrg/all/function/internal_message.html?_=1657678143477&CODE_STATE=getMsg HTTP/1.1" 200 27
61.170.235.209 - - [13/Jul/2022:10:09:04 +0800] "GET /xingrg/check_reg.html?_=1657678144056 HTTP/1.1" 200 22
116.235.94.65 - - [13/Jul/2022:10:09:10 +0800] "GET /xingrg/all/function/internal_message.html?_=1657678330421&CODE_STATE=getMsg HTTP/1.1" 200 27
116.230.110.24 - - [13/Jul/2022:10:09:12 +0800] "GET /xingrg/all/function/internal_message.html?_=1657678149200&CODE_STATE=getMsg HTTP/1.1" 200 27
116.228.172.94 - - [13/Jul/2022:10:09:18 +0800] "GET /xingrg/all/function/internal_message.html?_=1657677945374&CODE_STATE=getMsg HTTP/1.1" 200 27
58.35.196.166 - - [13/Jul/2022:10:09:20 +0800] "GET /xingrg/all/function/internal_message.html?_=1657678159802&CODE_STATE=getMsg HTTP/1.1" 200 27
101.83.223.227 - - [13/Jul/2022:10:09:21 +0800] "GET /xingrg/all/function/internal_message.html?_=1657678119226&CODE_STATE=getMsg HTTP/1.1" 200 27
114.88.162.248 - - [13/Jul/2022:10:09:22 +0800] "GET /xingrg/all/function/internal_message.html?_=1657678159543&CODE_STATE=getMsg HTTP/1.1" 200 27
218.81.223.53 - - [13/Jul/2022:10:09:24 +0800] "GET /xingrg/all/function/internal_message.html?_=1657678173036&CODE_STATE=getMsg HTTP/1.1" 200 27
116.235.94.65 - - [13/Jul/2022:10:09:28 +0800] "GET /xingrg/check_reg.html?_=1657678348312 HTTP/1.1" 200 22
101.83.241.136 - - [13/Jul/2022:10:09:35 +0800] "GET /xingrg/all/function/internal_message.html?_=1657678173235&CODE_STATE=getMsg HTTP/1.1" 200 27
180.175.103.110 - - [13/Jul/2022:10:09:40 +0800] "GET /xingrg/all/function/internal_message.html?_=1657678180331&CODE_STATE=getMsg HTTP/1.1" 200 27
222.69.129.110 - - [13/Jul/2022:10:09:47 +0800] "GET /xingrg/all/function/internal_message.html?_=1657678237777&CODE_STATE=getMsg HTTP/1.1" 200 27
120.253.135.82 - - [13/Jul/2022:10:09:57 +0800] "GET /xingrg/all/function/internal_message.html?_=1657678005227&CODE_STATE=getMsg HTTP/1.1" 200 27
101.85.238.90 - - [13/Jul/2022:10:09:59 +0800] "GET /xingrg/all/function/internal_message.html?_=1657678265699&CODE_STATE=getMsg HTTP/1.1" 200 27
61.170.235.209 - - [13/Jul/2022:10:10:03 +0800] "GET /xingrg/all/function/internal_message.html?_=1657678203449&CODE_STATE=getMsg HTTP/1.1" 200 27
116.235.94.65 - - [13/Jul/2022:10:10:10 +0800] "GET /xingrg/all/function/internal_message.html?_=1657678390390&CODE_STATE=getMsg HTTP/1.1" 200 27
116.230.110.24 - - [13/Jul/2022:10:10:12 +0800] "GET /xingrg/all/function/internal_message.html?_=1657678209194&CODE_STATE=getMsg HTTP/1.1" 200 27
116.228.172.94 - - [13/Jul/2022:10:10:18 +0800] "GET /xingrg/all/function/internal_message.html?_=1657678005375&CODE_STATE=getMsg HTTP/1.1" 200 27
58.35.196.166 - - [13/Jul/2022:10:10:20 +0800] "GET /xingrg/all/function/internal_message.html?_=1657678219773&CODE_STATE=getMsg HTTP/1.1" 200 27
180.175.103.110 - - [13/Jul/2022:10:10:21 +0800] "POST /xingrg/kc/buy/cgsh_list_operate.html HTTP/1.1" 200 2671
101.83.223.227 - - [13/Jul/2022:10:10:21 +0800] "GET /xingrg/all/function/internal_message.html?_=1657678179258&CODE_STATE=getMsg HTTP/1.1" 200 27
114.88.162.248 - - [13/Jul/2022:10:10:22 +0800] "GET /xingrg/all/function/internal_message.html?_=1657678219544&CODE_STATE=getMsg HTTP/1.1" 200 27
218.81.223.53 - - [13/Jul/2022:10:10:24 +0800] "GET /xingrg/all/function/internal_message.html?_=1657678233180&CODE_STATE=getMsg HTTP/1.1" 200 27
101.83.241.136 - - [13/Jul/2022:10:10:35 +0800] "GET /xingrg/all/function/internal_message.html?_=1657678233233&CODE_STATE=getMsg HTTP/1.1" 200 27
180.175.103.110 - - [13/Jul/2022:10:10:40 +0800] "GET /xingrg/all/function/internal_message.html?_=1657678240401&CODE_STATE=getMsg HTTP/1.1" 200 27
222.69.129.110 - - [13/Jul/2022:10:10:47 +0800] "GET /xingrg/all/function/internal_message.html?_=1657678297766&CODE_STATE=getMsg HTTP/1.1" 200 27
120.253.135.82 - - [13/Jul/2022:10:10:48 +0800] "GET /xingrg/check_reg.html?_=1657678055756 HTTP/1.1" 200 22
120.253.135.82 - - [13/Jul/2022:10:10:48 +0800] "GET /xingrg/kc/pszx/mdth_order_info.html?code=322022071200003 HTTP/1.1" 200 20239
120.253.135.82 - - [13/Jul/2022:10:10:48 +0800] "POST /xingrg/kc/pszx/mdth_order_new_info.html HTTP/1.1" 200 288
120.253.135.82 - - [13/Jul/2022:10:10:48 +0800] "GET /xingrg/javascript/easyui/themes/default/validatebox.css HTTP/1.1" 404 1104
120.253.135.82 - - [13/Jul/2022:10:10:51 +0800] "POST /xingrg/kc/pszx/mdth_order_new_list.html HTTP/1.1" 200 4797
120.253.135.82 - - [13/Jul/2022:10:10:57 +0800] "GET /xingrg/all/function/internal_message.html?_=1657678065242&CODE_STATE=getMsg HTTP/1.1" 200 27
101.85.238.90 - - [13/Jul/2022:10:10:58 +0800] "GET /xingrg/check_reg.html?_=1657678324834 HTTP/1.1" 200 22
101.85.238.90 - - [13/Jul/2022:10:10:59 +0800] "GET /xingrg/all/function/internal_message.html?_=1657678325713&CODE_STATE=getMsg HTTP/1.1" 200 27
61.170.235.209 - - [13/Jul/2022:10:11:03 +0800] "GET /xingrg/all/function/internal_message.html?_=1657678263435&CODE_STATE=getMsg HTTP/1.1" 200 27
218.81.223.53 - - [13/Jul/2022:10:11:07 +0800] "GET /xingrg/check_reg.html?_=1657678275922 HTTP/1.1" 200 22
120.253.135.82 - - [13/Jul/2022:10:11:08 +0800] "POST /xingrg/kc/pszx/mdth_order_new_list.html HTTP/1.1" 200 4797
120.253.135.82 - - [13/Jul/2022:10:11:08 +0800] "GET /xingrg/kc/pszx/mdqp_order_list.html?state=10 HTTP/1.1" 200 10217
120.253.135.82 - - [13/Jul/2022:10:11:08 +0800] "GET /xingrg/dwr/interface/AjaxReportQueryService.js HTTP/1.1" 200 13203
120.253.135.82 - - [13/Jul/2022:10:11:08 +0800] "GET /xingrg/dwr/interface/AjaxQqpsService.js HTTP/1.1" 200 16326
120.253.135.82 - - [13/Jul/2022:10:11:08 +0800] "GET /xingrg/dwr/engine.js HTTP/1.1" 200 43631
116.235.94.65 - - [13/Jul/2022:10:11:10 +0800] "GET /xingrg/all/function/internal_message.html?_=1657678450371&CODE_STATE=getMsg HTTP/1.1" 200 27
116.230.110.24 - - [13/Jul/2022:10:11:12 +0800] "GET /xingrg/all/function/internal_message.html?_=1657678269180&CODE_STATE=getMsg HTTP/1.1" 200 27
116.228.172.94 - - [13/Jul/2022:10:11:18 +0800] "GET /xingrg/all/function/internal_message.html?_=1657678065377&CODE_STATE=getMsg HTTP/1.1" 200 27
58.35.196.166 - - [13/Jul/2022:10:11:20 +0800] "GET /xingrg/all/function/internal_message.html?_=1657678279758&CODE_STATE=getMsg HTTP/1.1" 200 27
101.83.223.227 - - [13/Jul/2022:10:11:22 +0800] "GET /xingrg/all/function/internal_message.html?_=1657678239270&CODE_STATE=getMsg HTTP/1.1" 200 27
114.88.162.248 - - [13/Jul/2022:10:11:22 +0800] "GET /xingrg/all/function/internal_message.html?_=1657678279544&CODE_STATE=getMsg HTTP/1.1" 200 27
218.81.223.53 - - [13/Jul/2022:10:11:24 +0800] "GET /xingrg/all/function/internal_message.html?_=1657678293187&CODE_STATE=getMsg HTTP/1.1" 200 27
101.83.241.136 - - [13/Jul/2022:10:11:35 +0800] "GET /xingrg/all/function/internal_message.html?_=1657678293236&CODE_STATE=getMsg HTTP/1.1" 200 27
101.83.241.136 - - [13/Jul/2022:10:11:35 +0800] "GET /xingrg/check_reg.html?_=1657678293236 HTTP/1.1" 200 22
180.175.103.110 - - [13/Jul/2022:10:11:40 +0800] "GET /xingrg/all/function/internal_message.html?_=1657678300285&CODE_STATE=getMsg HTTP/1.1" 200 27
222.69.129.110 - - [13/Jul/2022:10:11:47 +0800] "GET /xingrg/all/function/internal_message.html?_=1657678357783&CODE_STATE=getMsg HTTP/1.1" 200 27
120.253.135.82 - - [13/Jul/2022:10:11:57 +0800] "GET /xingrg/all/function/internal_message.html?_=1657678125293&CODE_STATE=getMsg HTTP/1.1" 200 27
101.85.238.90 - - [13/Jul/2022:10:11:59 +0800] "GET /xingrg/all/function/internal_message.html?_=1657678385727&CODE_STATE=getMsg HTTP/1.1" 200 27
61.170.235.209 - - [13/Jul/2022:10:12:03 +0800] "GET /xingrg/all/function/internal_message.html?_=1657678323421&CODE_STATE=getMsg HTTP/1.1" 200 27
116.235.94.65 - - [13/Jul/2022:10:12:10 +0800] "GET /xingrg/all/function/internal_message.html?_=1657678510354&CODE_STATE=getMsg HTTP/1.1" 200 27
116.230.110.24 - - [13/Jul/2022:10:12:12 +0800] "GET /xingrg/all/function/internal_message.html?_=1657678329196&CODE_STATE=getMsg HTTP/1.1" 200 27
180.175.103.110 - - [13/Jul/2022:10:12:13 +0800] "GET /xingrg/check_reg.html?_=1657678332905 HTTP/1.1" 200 22
116.228.172.94 - - [13/Jul/2022:10:12:18 +0800] "GET /xingrg/all/function/internal_message.html?_=1657678125367&CODE_STATE=getMsg HTTP/1.1" 200 27
116.228.172.94 - - [13/Jul/2022:10:12:18 +0800] "GET /xingrg/check_reg.html?_=1657678125370 HTTP/1.1" 200 22
58.35.196.166 - - [13/Jul/2022:10:12:20 +0800] "GET /xingrg/all/function/internal_message.html?_=1657678339728&CODE_STATE=getMsg HTTP/1.1" 200 27
101.83.223.227 - - [13/Jul/2022:10:12:22 +0800] "GET /xingrg/all/function/internal_message.html?_=1657678299302&CODE_STATE=getMsg HTTP/1.1" 200 27
114.88.162.248 - - [13/Jul/2022:10:12:22 +0800] "GET /xingrg/all/function/internal_message.html?_=1657678339534&CODE_STATE=getMsg HTTP/1.1" 200 27
114.88.162.248 - - [13/Jul/2022:10:12:22 +0800] "GET /xingrg/check_reg.html?_=1657678339530 HTTP/1.1" 200 22
218.81.223.53 - - [13/Jul/2022:10:12:24 +0800] "GET /xingrg/all/function/internal_message.html?_=1657678353201&CODE_STATE=getMsg HTTP/1.1" 200 27
116.230.110.24 - - [13/Jul/2022:10:12:33 +0800] "GET /xingrg/index.html?sysBaseUrl=http%3A%2F%2F180.169.147.146%3A18081%2Fxingrg%2F&costTime=1277×tamp=1606817596806 HTTP/1.1" 200 17179
116.230.110.24 - - [13/Jul/2022:10:12:34 +0800] "POST /xingrg/all/common/load_tree.html?tree=area_rest_tree_json&manage=1 HTTP/1.1" 200 351
116.230.110.24 - - [13/Jul/2022:10:12:34 +0800] "GET /xingrg/all/function/internal_message.html?_=1657678353519&CODE_STATE=count HTTP/1.1" 200 11
116.230.110.24 - - [13/Jul/2022:10:12:34 +0800] "GET /favicon.ico HTTP/1.1" 404 -
116.230.110.24 - - [13/Jul/2022:10:12:34 +0800] "GET /xingrg/check_reg.html?_=1657678353520 HTTP/1.1" 200 22
116.230.110.24 - - [13/Jul/2022:10:12:34 +0800] "POST /xingrg/load_menu.html HTTP/1.1" 200 5138
101.83.241.136 - - [13/Jul/2022:10:12:35 +0800] "GET /xingrg/all/function/internal_message.html?_=1657678353254&CODE_STATE=getMsg HTTP/1.1" 200 27
180.175.103.110 - - [13/Jul/2022:10:12:40 +0800] "GET /xingrg/all/function/internal_message.html?_=1657678360267&CODE_STATE=getMsg HTTP/1.1" 200 27
58.35.196.166 - - [13/Jul/2022:10:12:46 +0800] "GET /xingrg/check_reg.html?_=1657678366416 HTTP/1.1" 200 22
222.69.129.110 - - [13/Jul/2022:10:12:47 +0800] "GET /xingrg/all/function/internal_message.html?_=1657678417776&CODE_STATE=getMsg HTTP/1.1" 200 27
101.85.238.90 - - [13/Jul/2022:10:12:52 +0800] "POST /xingrg/services/DataTransmitService HTTP/1.1" 200 524
120.253.135.82 - - [13/Jul/2022:10:12:57 +0800] "GET /xingrg/all/function/internal_message.html?_=1657678185300&CODE_STATE=getMsg HTTP/1.1" 200 27
101.85.238.90 - - [13/Jul/2022:10:12:59 +0800] "GET /xingrg/all/function/internal_message.html?_=1657678445740&CODE_STATE=getMsg HTTP/1.1" 200 27
61.170.235.209 - - [13/Jul/2022:10:13:03 +0800] "GET /xingrg/all/function/internal_message.html?_=1657678383405&CODE_STATE=getMsg HTTP/1.1" 200 27
116.235.94.65 - - [13/Jul/2022:10:13:10 +0800] "GET /xingrg/all/function/internal_message.html?_=1657678570333&CODE_STATE=getMsg HTTP/1.1" 200 27
116.230.110.24 - - [13/Jul/2022:10:13:12 +0800] "GET /xingrg/all/function/internal_message.html?_=1657678391143&CODE_STATE=getMsg HTTP/1.1" 200 27
116.230.110.24 - - [13/Jul/2022:10:13:12 +0800] "GET /xingrg/check_reg.html?_=1657678391148 HTTP/1.1" 200 22
116.228.172.94 - - [13/Jul/2022:10:13:18 +0800] "GET /xingrg/all/function/internal_message.html?_=1657678185385&CODE_STATE=getMsg HTTP/1.1" 200 27
58.35.196.166 - - [13/Jul/2022:10:13:20 +0800] "GET /xingrg/all/function/internal_message.html?_=1657678399698&CODE_STATE=getMsg HTTP/1.1" 200 27
101.83.223.227 - - [13/Jul/2022:10:13:21 +0800] "GET /xingrg/check_reg.html?_=1657678358890 HTTP/1.1" 200 22
101.83.223.227 - - [13/Jul/2022:10:13:22 +0800] "GET /xingrg/all/function/internal_message.html?_=1657678359330&CODE_STATE=getMsg HTTP/1.1" 200 27
180.169.147.146 - - [13/Jul/2022:10:13:22 +0800] "GET /xingrg/check_reg.html?_=1657678399354 HTTP/1.1" 302 -
114.88.162.248 - - [13/Jul/2022:10:13:22 +0800] "GET /xingrg/all/function/internal_message.html?_=1657678399534&CODE_STATE=getMsg HTTP/1.1" 200 27
218.81.223.53 - - [13/Jul/2022:10:13:24 +0800] "GET /xingrg/all/function/internal_message.html?_=1657678413359&CODE_STATE=getMsg HTTP/1.1" 200 27
116.230.110.24 - - [13/Jul/2022:10:13:34 +0800] "GET /xingrg/all/function/internal_message.html?_=1657678413551&CODE_STATE=getMsg HTTP/1.1" 200 27
101.83.241.136 - - [13/Jul/2022:10:13:35 +0800] "GET /xingrg/all/function/internal_message.html?_=1657678413254&CODE_STATE=getMsg HTTP/1.1" 200 27
180.175.103.110 - - [13/Jul/2022:10:13:40 +0800] "GET /xingrg/all/function/internal_message.html?_=1657678420241&CODE_STATE=getMsg HTTP/1.1" 200 27
222.69.129.110 - - [13/Jul/2022:10:13:47 +0800] "GET /xingrg/all/function/internal_message.html?_=1657678477773&CODE_STATE=getMsg HTTP/1.1" 200 27
222.69.129.110 - - [13/Jul/2022:10:13:47 +0800] "GET /xingrg/check_reg.html?_=1657678477777 HTTP/1.1" 200 22
120.253.135.82 - - [13/Jul/2022:10:13:57 +0800] "GET /xingrg/all/function/internal_message.html?_=1657678245354&CODE_STATE=getMsg HTTP/1.1" 200 27
101.85.238.90 - - [13/Jul/2022:10:13:59 +0800] "GET /xingrg/all/function/internal_message.html?_=1657678505825&CODE_STATE=getMsg HTTP/1.1" 200 27
61.170.235.209 - - [13/Jul/2022:10:14:03 +0800] "GET /xingrg/all/function/internal_message.html?_=1657678443391&CODE_STATE=getMsg HTTP/1.1" 200 27
61.170.235.209 - - [13/Jul/2022:10:14:04 +0800] "GET /xingrg/check_reg.html?_=1657678444050 HTTP/1.1" 200 22
114.86.224.8 - - [13/Jul/2022:10:14:07 +0800] "POST /xingrg/services/DataTransmitService HTTP/1.1" 200 524
116.235.94.65 - - [13/Jul/2022:10:14:10 +0800] "GET /xingrg/all/function/internal_message.html?_=1657678630311&CODE_STATE=getMsg HTTP/1.1" 200 27
116.230.110.24 - - [13/Jul/2022:10:14:12 +0800] "GET /xingrg/all/function/internal_message.html?_=1657678451147&CODE_STATE=getMsg HTTP/1.1" 200 27
124.79.75.192 - - [13/Jul/2022:10:14:15 +0800] "POST /xingrg/services/DataTransmitService HTTP/1.1" 200 524
116.228.172.94 - - [13/Jul/2022:10:14:18 +0800] "GET /xingrg/all/function/internal_message.html?_=1657678245374&CODE_STATE=getMsg HTTP/1.1" 200 27
