101.83.223.227 - - [13/Jul/2022:12:14:32 +0800] "POST /xingrg/kc/buy/cgsh_list_operate.html HTTP/1.1" 200 567
101.83.223.227 - - [13/Jul/2022:12:14:33 +0800] "GET /xingrg/kc/buy/cgsh_order_info.html?code=212022071303199 HTTP/1.1" 200 67815
101.83.223.227 - - [13/Jul/2022:12:14:33 +0800] "GET /xingrg/javascript/easyui/themes/default/validatebox.css HTTP/1.1" 404 1104
101.83.241.136 - - [13/Jul/2022:12:14:33 +0800] "GET /xingrg/all/function/internal_message.html?_=1657685671823&CODE_STATE=getMsg HTTP/1.1" 200 27
101.83.223.227 - - [13/Jul/2022:12:14:34 +0800] "POST /xingrg/kc/buy/cgsh_order_operate.html HTTP/1.1" 200 14499
116.230.110.24 - - [13/Jul/2022:12:14:34 +0800] "GET /xingrg/all/function/internal_message.html?_=1657685673544&CODE_STATE=getMsg HTTP/1.1" 200 27
114.88.162.248 - - [13/Jul/2022:12:14:35 +0800] "GET /xingrg/all/function/internal_message.html?_=1657685671925&CODE_STATE=getMsg HTTP/1.1" 200 27
180.175.103.110 - - [13/Jul/2022:12:14:37 +0800] "GET /xingrg/all/function/internal_message.html?_=1657685677363&CODE_STATE=getMsg HTTP/1.1" 200 27
218.81.223.53 - - [13/Jul/2022:12:14:38 +0800] "GET /xingrg/all/function/internal_message.html?_=1657685687837&CODE_STATE=getMsg HTTP/1.1" 200 27
222.69.129.110 - - [13/Jul/2022:12:14:46 +0800] "GET /xingrg/all/function/internal_message.html?_=1657685737785&CODE_STATE=getMsg HTTP/1.1" 200 27
114.88.162.248 - - [13/Jul/2022:12:14:49 +0800] "GET /xingrg/kc/buy/cgsh_order_operate.html?command=get_materiel&rest_code=00111&code=00101010062&supplier_code=00100329&order_time=2022-07-13 HTTP/1.1" 200 421
218.81.223.53 - - [13/Jul/2022:12:14:51 +0800] "GET /xingrg/kc/buy/cgsh_order_operate.html?command=get_materiel&rest_code=00146&code=00101008633&supplier_code=00100450&order_time=2022-07-13 HTTP/1.1" 200 414
101.83.223.227 - - [13/Jul/2022:12:14:54 +0800] "GET /xingrg/all/function/internal_message.html?_=1657685652077&CODE_STATE=getMsg HTTP/1.1" 200 27
101.83.223.227 - - [13/Jul/2022:12:14:56 +0800] "POST /xingrg/kc/buy/cgsh_order_operate.html HTTP/1.1" 200 37
180.169.147.146 - - [13/Jul/2022:12:14:57 +0800] "GET /xingrg/all/function/internal_message.html?_=1657685697005&CODE_STATE=getMsg HTTP/1.1" 200 27
180.169.147.146 - - [13/Jul/2022:12:14:58 +0800] "GET /xingrg/all/function/internal_message.html?_=1657685697882&CODE_STATE=getMsg HTTP/1.1" 200 27
180.169.147.146 - - [13/Jul/2022:12:14:58 +0800] "GET /xingrg/check_reg.html?_=1657685697886 HTTP/1.1" 200 22
101.83.223.227 - - [13/Jul/2022:12:15:00 +0800] "POST /xingrg/kc/buy/cgsh_order_operate.html HTTP/1.1" 200 12
101.83.223.227 - - [13/Jul/2022:12:15:04 +0800] "GET /xingrg/kc/buy/cgsh_order_info.html?code=212022071303199 HTTP/1.1" 200 62713
101.83.223.227 - - [13/Jul/2022:12:15:04 +0800] "GET /xingrg/javascript/easyui/themes/default/validatebox.css HTTP/1.1" 404 1104
101.83.223.227 - - [13/Jul/2022:12:15:05 +0800] "POST /xingrg/kc/buy/cgsh_order_operate.html HTTP/1.1" 200 12444
101.85.107.1 - - [13/Jul/2022:12:15:06 +0800] "GET /xingrg/all/function/internal_message.html?_=1657685703868&CODE_STATE=getMsg HTTP/1.1" 200 27
116.235.94.65 - - [13/Jul/2022:12:15:07 +0800] "GET /xingrg/all/function/internal_message.html?_=1657685887335&CODE_STATE=getMsg HTTP/1.1" 200 27
114.88.162.248 - - [13/Jul/2022:12:15:08 +0800] "GET /xingrg/kc/buy/cgsh_order_operate.html?command=get_materiel&rest_code=00111&code=00101010753&supplier_code=00100329&order_time=2022-07-13 HTTP/1.1" 200 450
101.85.238.90 - - [13/Jul/2022:12:15:09 +0800] "GET /xingrg/all/function/internal_message.html?_=1657685775491&CODE_STATE=getMsg HTTP/1.1" 200 27
116.230.110.24 - - [13/Jul/2022:12:15:12 +0800] "GET /xingrg/all/function/internal_message.html?_=1657685711134&CODE_STATE=getMsg HTTP/1.1" 200 27
218.81.223.53 - - [13/Jul/2022:12:15:13 +0800] "GET /xingrg/kc/buy/cgsh_order_operate.html?command=get_materiel&rest_code=00146&code=00101008593&supplier_code=00100450&order_time=2022-07-13 HTTP/1.1" 200 418
58.35.196.166 - - [13/Jul/2022:12:15:17 +0800] "GET /xingrg/all/function/internal_message.html?_=1657685717178&CODE_STATE=getMsg HTTP/1.1" 200 27
116.228.172.94 - - [13/Jul/2022:12:15:18 +0800] "GET /xingrg/all/function/internal_message.html?_=1657685505373&CODE_STATE=getMsg HTTP/1.1" 200 27
114.88.162.248 - - [13/Jul/2022:12:15:22 +0800] "POST /xingrg/kc/buy/cgsh_order_operate.html HTTP/1.1" 200 37
218.81.223.53 - - [13/Jul/2022:12:15:27 +0800] "GET /xingrg/kc/buy/cgsh_order_operate.html?command=get_materiel&rest_code=00146&code=00101008592&supplier_code=00100450&order_time=2022-07-13 HTTP/1.1" 200 418
172.20.0.100 - - [13/Jul/2022:12:15:29 +0800] "GET /xingrg/all/function/internal_message.html?_=1657685727290&CODE_STATE=getMsg HTTP/1.1" 200 27
101.83.241.136 - - [13/Jul/2022:12:15:33 +0800] "GET /xingrg/all/function/internal_message.html?_=1657685731805&CODE_STATE=getMsg HTTP/1.1" 200 27
116.230.110.24 - - [13/Jul/2022:12:15:34 +0800] "GET /xingrg/all/function/internal_message.html?_=1657685733545&CODE_STATE=getMsg HTTP/1.1" 200 27
180.175.103.110 - - [13/Jul/2022:12:15:37 +0800] "GET /xingrg/all/function/internal_message.html?_=1657685737328&CODE_STATE=getMsg HTTP/1.1" 200 27
218.81.223.53 - - [13/Jul/2022:12:15:38 +0800] "GET /xingrg/all/function/internal_message.html?_=1657685747852&CODE_STATE=getMsg HTTP/1.1" 200 27
180.175.103.110 - - [13/Jul/2022:12:15:41 +0800] "GET /xingrg/kc/buy/cgsh_order_operate.html?command=get_materiel&rest_code=00105&code=00101003040&supplier_code=00100093&order_time=2022-07-13 HTTP/1.1" 200 416
222.69.129.110 - - [13/Jul/2022:12:15:46 +0800] "GET /xingrg/all/function/internal_message.html?_=1657685797776&CODE_STATE=getMsg HTTP/1.1" 200 27
218.81.223.53 - - [13/Jul/2022:12:15:48 +0800] "GET /xingrg/kc/buy/cgsh_order_operate.html?command=get_materiel&rest_code=00146&code=00101015112&supplier_code=00100450&order_time=2022-07-13 HTTP/1.1" 200 417
114.88.162.248 - - [13/Jul/2022:12:15:48 +0800] "POST /xingrg/kc/buy/cgsh_order_operate.html HTTP/1.1" 200 2687
114.88.162.248 - - [13/Jul/2022:12:15:50 +0800] "GET /xingrg/kc/print/load_data.html?order_code=212022071303269&kc_code=cgsh&condition= HTTP/1.1" 200 705
101.83.223.227 - - [13/Jul/2022:12:15:54 +0800] "GET /xingrg/all/function/internal_message.html?_=1657685712091&CODE_STATE=getMsg HTTP/1.1" 200 27
180.169.147.146 - - [13/Jul/2022:12:15:57 +0800] "GET /xingrg/all/function/internal_message.html?_=1657685756990&CODE_STATE=getMsg HTTP/1.1" 200 27
180.169.147.146 - - [13/Jul/2022:12:15:58 +0800] "GET /xingrg/all/function/internal_message.html?_=1657685757903&CODE_STATE=getMsg HTTP/1.1" 200 27
180.169.147.146 - - [13/Jul/2022:12:15:58 +0800] "GET /xingrg/javascript/jquery_easy_ui/themes/default/images/button_plain_hover.png HTTP/1.1" 200 252
101.85.238.90 - - [13/Jul/2022:12:16:04 +0800] "GET /xingrg/check_reg.html?_=1657685830453 HTTP/1.1" 200 22
180.169.147.146 - - [13/Jul/2022:12:16:05 +0800] "GET /xingrg/login.html HTTP/1.1" 200 7641
180.169.147.146 - - [13/Jul/2022:12:16:05 +0800] "GET /favicon.ico HTTP/1.1" 404 -
101.85.107.1 - - [13/Jul/2022:12:16:06 +0800] "GET /xingrg/all/function/internal_message.html?_=1657685763865&CODE_STATE=getMsg HTTP/1.1" 200 27
218.81.223.53 - - [13/Jul/2022:12:16:07 +0800] "GET /xingrg/check_reg.html?_=1657685776477 HTTP/1.1" 200 22
116.235.94.65 - - [13/Jul/2022:12:16:07 +0800] "GET /xingrg/all/function/internal_message.html?_=1657685947311&CODE_STATE=getMsg HTTP/1.1" 200 27
101.85.238.90 - - [13/Jul/2022:12:16:09 +0800] "GET /xingrg/all/function/internal_message.html?_=1657685835492&CODE_STATE=getMsg HTTP/1.1" 200 27
180.175.103.110 - - [13/Jul/2022:12:16:09 +0800] "POST /xingrg/kc/buy/cgsh_order_operate.html HTTP/1.1" 200 37
180.175.103.110 - - [13/Jul/2022:12:16:11 +0800] "POST /xingrg/kc/buy/cgsh_order_operate.html HTTP/1.1" 200 2667
116.230.110.24 - - [13/Jul/2022:12:16:12 +0800] "GET /xingrg/all/function/internal_message.html?_=1657685771150&CODE_STATE=getMsg HTTP/1.1" 200 27
218.81.223.53 - - [13/Jul/2022:12:16:13 +0800] "POST /xingrg/kc/buy/cgsh_order_operate.html HTTP/1.1" 200 37
180.175.103.110 - - [13/Jul/2022:12:16:13 +0800] "GET /xingrg/kc/print/load_data.html?order_code=212022071303270&kc_code=cgsh&condition= HTTP/1.1" 200 732
218.81.223.53 - - [13/Jul/2022:12:16:15 +0800] "POST /xingrg/kc/buy/cgsh_order_operate.html HTTP/1.1" 200 6834
58.35.196.166 - - [13/Jul/2022:12:16:17 +0800] "GET /xingrg/all/function/internal_message.html?_=1657685777162&CODE_STATE=getMsg HTTP/1.1" 200 27
218.81.223.53 - - [13/Jul/2022:12:16:17 +0800] "GET /xingrg/kc/print/load_data.html?order_code=212022071303271&kc_code=cgsh&condition= HTTP/1.1" 200 2301
180.175.103.110 - - [13/Jul/2022:12:16:18 +0800] "GET /xingrg/kc/buy/cgsh_order_add.html HTTP/1.1" 200 67958
180.175.103.110 - - [13/Jul/2022:12:16:18 +0800] "POST /xingrg/kc/buy/cgsh_order_operate.html HTTP/1.1" 200 8245
180.175.103.110 - - [13/Jul/2022:12:16:18 +0800] "GET /xingrg/javascript/easyui/themes/default/validatebox.css HTTP/1.1" 404 1104
116.228.172.94 - - [13/Jul/2022:12:16:18 +0800] "GET /xingrg/all/function/internal_message.html?_=1657685565375&CODE_STATE=getMsg HTTP/1.1" 200 27
180.169.147.146 - - [13/Jul/2022:12:16:20 +0800] "POST /xingrg/login.do HTTP/1.1" 302 -
180.169.147.146 - - [13/Jul/2022:12:16:20 +0800] "GET /xingrg/index.html?sysBaseUrl=http%3A%2F%2F180.169.147.146%3A18081%2Fxingrg%2F&costTime=41×tamp=1657685780839 HTTP/1.1" 200 17503
180.169.147.146 - - [13/Jul/2022:12:16:20 +0800] "GET /favicon.ico HTTP/1.1" 404 -
180.169.147.146 - - [13/Jul/2022:12:16:21 +0800] "POST /xingrg/all/common/load_tree.html?tree=area_rest_tree_json&manage=1 HTTP/1.1" 200 3472
180.169.147.146 - - [13/Jul/2022:12:16:21 +0800] "GET /xingrg/all/function/internal_message.html?_=1657685780954&CODE_STATE=count HTTP/1.1" 200 11
180.169.147.146 - - [13/Jul/2022:12:16:21 +0800] "GET /xingrg/check_reg.html?_=1657685780955 HTTP/1.1" 200 22
180.169.147.146 - - [13/Jul/2022:12:16:21 +0800] "POST /xingrg/load_menu.html HTTP/1.1" 200 11443
180.169.147.146 - - [13/Jul/2022:12:16:24 +0800] "GET /xingrg/kc/info/info_main.html HTTP/1.1" 200 6010
180.169.147.146 - - [13/Jul/2022:12:16:24 +0800] "GET /xingrg/system/info/materiel_manager.html HTTP/1.1" 200 19497
180.169.147.146 - - [13/Jul/2022:12:16:24 +0800] "GET /xingrg/dwr/interface/AjaxBaseInfoService.js HTTP/1.1" 200 21363
180.169.147.146 - - [13/Jul/2022:12:16:24 +0800] "GET /xingrg/dwr/interface/AjaxComOrderService.js HTTP/1.1" 200 18264
180.169.147.146 - - [13/Jul/2022:12:16:24 +0800] "GET /xingrg/dwr/engine.js HTTP/1.1" 200 43631
180.169.147.146 - - [13/Jul/2022:12:16:25 +0800] "POST /xingrg/dwr/call/plaincall/AjaxBaseInfoService.getSubMaterielSorts.dwr HTTP/1.1" 200 219
180.169.147.146 - - [13/Jul/2022:12:16:25 +0800] "GET /xingrg/images/xtree/Lplus.png HTTP/1.1" 200 224
180.169.147.146 - - [13/Jul/2022:12:16:25 +0800] "POST /xingrg/dwr/call/plaincall/AjaxBaseInfoService.getMateriels.dwr HTTP/1.1" 200 2930
180.169.147.146 - - [13/Jul/2022:12:16:26 +0800] "POST /xingrg/dwr/call/plaincall/AjaxBaseInfoService.getSubMaterielSorts.dwr HTTP/1.1" 200 3953
180.169.147.146 - - [13/Jul/2022:12:16:26 +0800] "POST /xingrg/dwr/call/plaincall/AjaxBaseInfoService.getMateriels.dwr HTTP/1.1" 200 2928
180.169.147.146 - - [13/Jul/2022:12:16:26 +0800] "POST /xingrg/dwr/call/plaincall/AjaxBaseInfoService.getMateriels.dwr HTTP/1.1" 200 2928
172.20.0.100 - - [13/Jul/2022:12:16:29 +0800] "GET /xingrg/all/function/internal_message.html?_=1657685787293&CODE_STATE=getMsg HTTP/1.1" 200 27
101.83.223.227 - - [13/Jul/2022:12:16:30 +0800] "POST /xingrg/all/user/operate.html HTTP/1.1" 200 36
101.83.223.227 - - [13/Jul/2022:12:16:30 +0800] "GET /xingrg/index.html?sysBaseUrl=http%3A%2F%2F180.169.147.146%3A18081%2Fxingrg%2F&costTime=40×tamp=1657672499960 HTTP/1.1" 200 17177
101.83.223.227 - - [13/Jul/2022:12:16:30 +0800] "GET /xingrg/javascript/jquery_easy_ui/themes/default/easyui.css HTTP/1.1" 304 -
101.83.223.227 - - [13/Jul/2022:12:16:30 +0800] "GET /xingrg/javascript/jquery_easy_ui/themes/icon.css HTTP/1.1" 304 -
101.83.223.227 - - [13/Jul/2022:12:16:30 +0800] "GET /xingrg/css/form.css HTTP/1.1" 304 -
101.83.223.227 - - [13/Jul/2022:12:16:30 +0800] "GET /xingrg/javascript/jquery-1.4.2.min.js HTTP/1.1" 304 -
101.83.223.227 - - [13/Jul/2022:12:16:30 +0800] "GET /xingrg/javascript/jquery_easy_ui/jquery.easyui.min.js HTTP/1.1" 304 -
101.83.223.227 - - [13/Jul/2022:12:16:30 +0800] "GET /xingrg/javascript/jquery_easy_ui/easyui-lang-zh_CN.js HTTP/1.1" 304 -
101.83.223.227 - - [13/Jul/2022:12:16:30 +0800] "GET /xingrg/javascript/jquery.form.js HTTP/1.1" 304 -
101.83.223.227 - - [13/Jul/2022:12:16:30 +0800] "GET /xingrg/javascript/jquery.utils.js HTTP/1.1" 304 -
101.83.223.227 - - [13/Jul/2022:12:16:30 +0800] "GET /xingrg/javascript/jquery.timers.js HTTP/1.1" 304 -
101.83.223.227 - - [13/Jul/2022:12:16:30 +0800] "GET /xingrg/images/blue/jxLogo.png HTTP/1.1" 304 -
101.83.223.227 - - [13/Jul/2022:12:16:30 +0800] "GET /xingrg/images/blue/navBackgound.jpg HTTP/1.1" 304 -
101.83.223.227 - - [13/Jul/2022:12:16:30 +0800] "GET /xingrg/javascript/jquery_easy_ui/themes/icons/settle_new.png HTTP/1.1" 304 -
101.83.223.227 - - [13/Jul/2022:12:16:30 +0800] "POST /xingrg/all/common/load_tree.html?tree=area_rest_tree_json&manage=1 HTTP/1.1" 200 476
101.83.223.227 - - [13/Jul/2022:12:16:30 +0800] "GET /xingrg/images/blue/pingpu.png HTTP/1.1" 304 -
101.83.223.227 - - [13/Jul/2022:12:16:30 +0800] "GET /xingrg/javascript/jquery_easy_ui/themes/default/images/tabs_leftarrow.png HTTP/1.1" 304 -
101.83.223.227 - - [13/Jul/2022:12:16:30 +0800] "GET /xingrg/javascript/jquery_easy_ui/themes/default/images/panel_tool_collapse.gif HTTP/1.1" 304 -
101.83.223.227 - - [13/Jul/2022:12:16:30 +0800] "GET /xingrg/all/function/internal_message.html?_=1657685748017&CODE_STATE=count HTTP/1.1" 200 11
101.83.223.227 - - [13/Jul/2022:12:16:30 +0800] "GET /xingrg/check_reg.html?_=1657685748018 HTTP/1.1" 200 22
101.83.223.227 - - [13/Jul/2022:12:16:30 +0800] "GET /xingrg/javascript/jquery_easy_ui/themes/default/images/tabs_rightarrow.png HTTP/1.1" 304 -
101.83.223.227 - - [13/Jul/2022:12:16:30 +0800] "POST /xingrg/load_menu.html HTTP/1.1" 200 5138
101.83.223.227 - - [13/Jul/2022:12:16:30 +0800] "GET /xingrg/javascript/jquery_easy_ui/themes/default/images/tree_arrows.gif HTTP/1.1" 304 -
101.83.223.227 - - [13/Jul/2022:12:16:30 +0800] "GET /xingrg/javascript/jquery_easy_ui/themes/default/images/tree_folder_open.gif HTTP/1.1" 304 -
101.83.223.227 - - [13/Jul/2022:12:16:30 +0800] "GET /xingrg/javascript/jquery_easy_ui/themes/default/images/tree_folder.gif HTTP/1.1" 304 -
101.83.223.227 - - [13/Jul/2022:12:16:30 +0800] "GET /xingrg/javascript/jquery_easy_ui/themes/icons/search_new.png HTTP/1.1" 304 -
101.83.223.227 - - [13/Jul/2022:12:16:30 +0800] "GET /xingrg/javascript/jquery_easy_ui/themes/icons/storage_new.png HTTP/1.1" 304 -
101.83.223.227 - - [13/Jul/2022:12:16:30 +0800] "GET /xingrg/javascript/jquery_easy_ui/themes/icons/forms_new.png HTTP/1.1" 304 -
101.83.223.227 - - [13/Jul/2022:12:16:31 +0800] "GET /xingrg/javascript/jquery_easy_ui/themes/default/images/tree_file.gif HTTP/1.1" 304 -
180.169.147.146 - - [13/Jul/2022:12:16:32 +0800] "POST /xingrg/dwr/call/plaincall/AjaxBaseInfoService.searchMateriels.dwr HTTP/1.1" 200 2864
101.83.223.227 - - [13/Jul/2022:12:16:33 +0800] "GET /xingrg/kc/buy/cgsh_order_list.html HTTP/1.1" 200 52098
101.83.241.136 - - [13/Jul/2022:12:16:33 +0800] "GET /xingrg/all/function/internal_message.html?_=1657685791781&CODE_STATE=getMsg HTTP/1.1" 200 27
101.83.223.227 - - [13/Jul/2022:12:16:34 +0800] "POST /xingrg/kc/buy/cgsh_list_operate.html HTTP/1.1" 200 693
116.230.110.24 - - [13/Jul/2022:12:16:34 +0800] "GET /xingrg/all/function/internal_message.html?_=1657685793538&CODE_STATE=getMsg HTTP/1.1" 200 27
114.88.162.248 - - [13/Jul/2022:12:16:35 +0800] "GET /xingrg/all/function/internal_message.html?_=1657685791931&CODE_STATE=getMsg HTTP/1.1" 200 27
180.169.147.146 - - [13/Jul/2022:12:16:35 +0800] "POST /xingrg/dwr/call/plaincall/AjaxBaseInfoService.searchMateriels.dwr HTTP/1.1" 200 2905
101.83.241.136 - - [13/Jul/2022:12:16:35 +0800] "GET /xingrg/check_reg.html?_=1657685793485 HTTP/1.1" 200 22
101.83.223.227 - - [13/Jul/2022:12:16:36 +0800] "GET /xingrg/javascript/jquery_tools/images/prev.gif HTTP/1.1" 404 1086
101.83.223.227 - - [13/Jul/2022:12:16:36 +0800] "GET /xingrg/javascript/jquery_tools/images/next.gif HTTP/1.1" 404 1086
180.169.147.146 - - [13/Jul/2022:12:16:37 +0800] "POST /xingrg/dwr/call/plaincall/AjaxBaseInfoService.searchMateriels.dwr HTTP/1.1" 200 3109
180.175.103.110 - - [13/Jul/2022:12:16:37 +0800] "GET /xingrg/all/function/internal_message.html?_=1657685797313&CODE_STATE=getMsg HTTP/1.1" 200 27
180.175.103.110 - - [13/Jul/2022:12:16:37 +0800] "GET /xingrg/kc/buy/cgsh_order_operate.html?command=get_materiel&rest_code=00105&code=00101002027&supplier_code=00100442&order_time=2022-07-13 HTTP/1.1" 200 413
218.81.223.53 - - [13/Jul/2022:12:16:39 +0800] "GET /xingrg/all/function/internal_message.html?_=1657685808052&CODE_STATE=getMsg HTTP/1.1" 200 27
180.169.147.146 - - [13/Jul/2022:12:16:40 +0800] "GET /xingrg/system/info/materiel_info.html?code=01034011 HTTP/1.1" 200 36462
180.169.147.146 - - [13/Jul/2022:12:16:40 +0800] "GET /xingrg/dwr/interface/AjaxGetFirstChart.js HTTP/1.1" 200 631
180.169.147.146 - - [13/Jul/2022:12:16:40 +0800] "GET /xingrg/javascript/checkform.js HTTP/1.1" 200 18351
180.169.147.146 - - [13/Jul/2022:12:16:40 +0800] "GET /xingrg/dwr/engine.js HTTP/1.1" 200 43631
180.169.147.146 - - [13/Jul/2022:12:16:40 +0800] "POST /xingrg/all/common/load_tree.html?tree=area_rest_tree_json HTTP/1.1" 200 3472
180.169.147.146 - - [13/Jul/2022:12:16:40 +0800] "GET /favicon.ico HTTP/1.1" 404 -
180.169.147.146 - - [13/Jul/2022:12:16:40 +0800] "POST /xingrg/dwr/call/plaincall/AjaxBaseInfoService.getMaterielInfo.dwr HTTP/1.1" 200 624
180.169.147.146 - - [13/Jul/2022:12:16:40 +0800] "POST /xingrg/all/common/load_tree.html?tree=area_rest_tree_json&defaultRests=undefined HTTP/1.1" 200 3472
180.169.147.146 - - [13/Jul/2022:12:16:40 +0800] "GET /xingrg/javascript/jquery_easy_ui/themes/default/images/tree_checkbox_0.gif HTTP/1.1" 200 168
120.253.135.82 - - [13/Jul/2022:12:16:41 +0800] "GET /xingrg/all/function/internal_message.html?_=1657685590549&CODE_STATE=getMsg HTTP/1.1" 200 27
120.253.135.82 - - [13/Jul/2022:12:16:41 +0800] "GET /xingrg/check_reg.html?_=1657685590501 HTTP/1.1" 200 22
101.83.223.227 - - [13/Jul/2022:12:16:42 +0800] "POST /xingrg/kc/buy/cgsh_list_operate.html HTTP/1.1" 200 3701
120.253.135.82 - - [13/Jul/2022:12:16:44 +0800] "GET /xingrg/kc/pszx/mdqp_order_list.html?state=10 HTTP/1.1" 200 10217
180.169.147.146 - - [13/Jul/2022:12:16:44 +0800] "POST /xingrg/dwr/call/plaincall/AjaxBaseInfoService.getMateriels.dwr HTTP/1.1" 200 3237
101.83.223.227 - - [13/Jul/2022:12:16:45 +0800] "POST /xingrg/kc/buy/cgsh_list_operate.html HTTP/1.1" 200 562
101.83.223.227 - - [13/Jul/2022:12:16:45 +0800] "GET /xingrg/kc/buy/cgsh_order_info.html?code=212022071303193 HTTP/1.1" 200 62393
101.83.223.227 - - [13/Jul/2022:12:16:45 +0800] "GET /xingrg/javascript/easyui/themes/default/validatebox.css HTTP/1.1" 404 1104
101.83.223.227 - - [13/Jul/2022:12:16:46 +0800] "POST /xingrg/kc/buy/cgsh_order_operate.html HTTP/1.1" 200 12575
222.69.129.110 - - [13/Jul/2022:12:16:46 +0800] "GET /xingrg/all/function/internal_message.html?_=1657685857770&CODE_STATE=getMsg HTTP/1.1" 200 27
180.169.147.146 - - [13/Jul/2022:12:16:48 +0800] "GET /xingrg/system/info/materiel_info.html?code=00101034&isAdd=1 HTTP/1.1" 200 36462
180.169.147.146 - - [13/Jul/2022:12:16:48 +0800] "GET /xingrg/dwr/engine.js HTTP/1.1" 200 43631
180.169.147.146 - - [13/Jul/2022:12:16:48 +0800] "POST /xingrg/all/common/load_tree.html?tree=area_rest_tree_json HTTP/1.1" 200 3472
180.169.147.146 - - [13/Jul/2022:12:16:48 +0800] "GET /favicon.ico HTTP/1.1" 404 -
180.169.147.146 - - [13/Jul/2022:12:16:48 +0800] "POST /xingrg/dwr/call/plaincall/AjaxBaseInfoService.getMaterielInfo.dwr HTTP/1.1" 200 216
180.169.147.146 - - [13/Jul/2022:12:16:48 +0800] "POST /xingrg/all/common/load_tree.html?tree=area_rest_tree_json&defaultRests=undefined HTTP/1.1" 200 3472
120.253.135.82 - - [13/Jul/2022:12:16:48 +0800] "GET /xingrg/dwr/interface/AjaxReportQueryService.js HTTP/1.1" 200 13203
120.253.135.82 - - [13/Jul/2022:12:16:48 +0800] "GET /xingrg/dwr/engine.js HTTP/1.1" 200 43631
120.253.135.82 - - [13/Jul/2022:12:16:48 +0800] "GET /xingrg/dwr/interface/AjaxQqpsService.js HTTP/1.1" 200 16326
114.84.151.115 - - [13/Jul/2022:12:16:49 +0800] "GET /xingrg/check_reg.html?_=1657685507486 HTTP/1.1" 302 -
180.169.147.146 - - [13/Jul/2022:12:16:50 +0800] "POST /xingrg/dwr/call/plaincall/AjaxGetFirstChart.getFirstChart.dwr HTTP/1.1" 200 81
120.253.135.82 - - [13/Jul/2022:12:16:54 +0800] "GET /xingrg/kc/pszx/mdps_order_list.html?orderType=0 HTTP/1.1" 200 21007
120.253.135.82 - - [13/Jul/2022:12:16:54 +0800] "POST /xingrg/kc/pszx/mdps_list_operate.html HTTP/1.1" 200 5269
180.169.147.146 - - [13/Jul/2022:12:16:55 +0800] "POST /xingrg/dwr/call/plaincall/AjaxBaseInfoService.changeUnitGroup.dwr HTTP/1.1" 200 243
180.169.147.146 - - [13/Jul/2022:12:16:56 +0800] "POST /xingrg/dwr/call/plaincall/AjaxBaseInfoService.saveMateriel.dwr HTTP/1.1" 200 109
180.169.147.146 - - [13/Jul/2022:12:16:56 +0800] "POST /xingrg/dwr/call/plaincall/AjaxBaseInfoService.getMateriels.dwr HTTP/1.1" 200 3237
180.169.147.146 - - [13/Jul/2022:12:16:57 +0800] "GET /xingrg/system/info/materiel_info.html?code=00101034&isAdd=1 HTTP/1.1" 200 36462
180.169.147.146 - - [13/Jul/2022:12:16:57 +0800] "GET /xingrg/dwr/interface/AjaxGetFirstChart.js HTTP/1.1" 200 631
180.169.147.146 - - [13/Jul/2022:12:16:57 +0800] "GET /xingrg/dwr/interface/AjaxBaseInfoService.js HTTP/1.1" 200 21363
180.169.147.146 - - [13/Jul/2022:12:16:57 +0800] "GET /xingrg/dwr/interface/AjaxComOrderService.js HTTP/1.1" 200 18264
180.169.147.146 - - [13/Jul/2022:12:16:57 +0800] "GET /xingrg/dwr/engine.js HTTP/1.1" 200 43631
180.169.147.146 - - [13/Jul/2022:12:16:58 +0800] "POST /xingrg/all/common/load_tree.html?tree=area_rest_tree_json HTTP/1.1" 200 3472
180.169.147.146 - - [13/Jul/2022:12:16:58 +0800] "POST /xingrg/dwr/call/plaincall/AjaxBaseInfoService.getMaterielInfo.dwr HTTP/1.1" 200 216
180.169.147.146 - - [13/Jul/2022:12:16:58 +0800] "POST /xingrg/all/common/load_tree.html?tree=area_rest_tree_json&defaultRests=undefined HTTP/1.1" 200 3472
120.253.135.82 - - [13/Jul/2022:12:16:59 +0800] "POST /xingrg/kc/pszx/mdps_list_operate.html HTTP/1.1" 200 868
120.253.135.82 - - [13/Jul/2022:12:17:01 +0800] "GET /xingrg/kc/pszx/mdps_order_add.html HTTP/1.1" 200 29076
120.253.135.82 - - [13/Jul/2022:12:17:01 +0800] "GET /xingrg/words/20220713121656_words.js HTTP/1.1" 200 904536
120.253.135.82 - - [13/Jul/2022:12:17:02 +0800] "POST /xingrg/kc/pszx/mdps_order_operate.html HTTP/1.1" 200 7126
120.253.135.82 - - [13/Jul/2022:12:17:02 +0800] "GET /xingrg/javascript/easyui/themes/default/validatebox.css HTTP/1.1" 404 1104
180.175.103.110 - - [13/Jul/2022:12:17:02 +0800] "POST /xingrg/kc/buy/cgsh_order_operate.html HTTP/1.1" 200 37
180.175.103.110 - - [13/Jul/2022:12:17:04 +0800] "POST /xingrg/kc/buy/cgsh_order_operate.html HTTP/1.1" 200 2664
180.169.147.146 - - [13/Jul/2022:12:17:04 +0800] "POST /xingrg/dwr/call/plaincall/AjaxGetFirstChart.getFirstChart.dwr HTTP/1.1" 200 81
180.175.103.110 - - [13/Jul/2022:12:17:05 +0800] "GET /xingrg/kc/print/load_data.html?order_code=212022071303272&kc_code=cgsh&condition= HTTP/1.1" 200 680
101.85.107.1 - - [13/Jul/2022:12:17:06 +0800] "GET /xingrg/all/function/internal_message.html?_=1657685823842&CODE_STATE=getMsg HTTP/1.1" 200 27
116.235.94.65 - - [13/Jul/2022:12:17:07 +0800] "GET /xingrg/all/function/internal_message.html?_=1657686007287&CODE_STATE=getMsg HTTP/1.1" 200 27
180.169.147.146 - - [13/Jul/2022:12:17:07 +0800] "POST /xingrg/dwr/call/plaincall/AjaxBaseInfoService.changeUnitGroup.dwr HTTP/1.1" 200 313
120.253.135.82 - - [13/Jul/2022:12:17:08 +0800] "POST /xingrg/all/common/load_combo.html?type=base HTTP/1.1" 200 1169
101.85.238.90 - - [13/Jul/2022:12:17:09 +0800] "GET /xingrg/all/function/internal_message.html?_=1657685895507&CODE_STATE=getMsg HTTP/1.1" 200 27
180.169.147.146 - - [13/Jul/2022:12:17:09 +0800] "POST /xingrg/dwr/call/plaincall/AjaxBaseInfoService.changeUnitGroup.dwr HTTP/1.1" 200 243
180.169.147.146 - - [13/Jul/2022:12:17:10 +0800] "POST /xingrg/dwr/call/plaincall/AjaxBaseInfoService.changeUnitGroup.dwr HTTP/1.1" 200 243
180.169.147.146 - - [13/Jul/2022:12:17:12 +0800] "POST /xingrg/dwr/call/plaincall/AjaxBaseInfoService.saveMateriel.dwr HTTP/1.1" 200 109
180.169.147.146 - - [13/Jul/2022:12:17:12 +0800] "POST /xingrg/dwr/call/plaincall/AjaxBaseInfoService.getMateriels.dwr HTTP/1.1" 200 3238
114.88.162.248 - - [13/Jul/2022:12:17:12 +0800] "GET /xingrg/kc/base/wldb_order_list.html HTTP/1.1" 200 19142
180.175.103.110 - - [13/Jul/2022:12:17:12 +0800] "GET /xingrg/kc/buy/cgsh_order_add.html HTTP/1.1" 200 67958
180.175.103.110 - - [13/Jul/2022:12:17:12 +0800] "GET /xingrg/words/20220713121711_words.js HTTP/1.1" 200 904596
116.230.110.24 - - [13/Jul/2022:12:17:12 +0800] "GET /xingrg/all/function/internal_message.html?_=1657685831152&CODE_STATE=getMsg HTTP/1.1" 200 27
114.88.162.248 - - [13/Jul/2022:12:17:12 +0800] "POST /xingrg/kc/base/wldb_list_operate.html HTTP/1.1" 200 928
180.175.103.110 - - [13/Jul/2022:12:17:12 +0800] "GET /xingrg/check_reg.html?_=1657685832386 HTTP/1.1" 200 22
180.175.103.110 - - [13/Jul/2022:12:17:13 +0800] "GET /xingrg/javascript/easyui/themes/default/validatebox.css HTTP/1.1" 404 1104
180.175.103.110 - - [13/Jul/2022:12:17:13 +0800] "POST /xingrg/kc/buy/cgsh_order_operate.html HTTP/1.1" 200 8245
180.169.147.146 - - [13/Jul/2022:12:17:13 +0800] "GET /xingrg/system/info/materiel_info.html?code=00101034&isAdd=1 HTTP/1.1" 200 36462
180.169.147.146 - - [13/Jul/2022:12:17:13 +0800] "GET /xingrg/dwr/interface/AjaxGetFirstChart.js HTTP/1.1" 200 631
180.169.147.146 - - [13/Jul/2022:12:17:13 +0800] "GET /xingrg/dwr/interface/AjaxBaseInfoService.js HTTP/1.1" 200 21363
180.169.147.146 - - [13/Jul/2022:12:17:13 +0800] "GET /xingrg/dwr/interface/AjaxComOrderService.js HTTP/1.1" 200 18264
180.169.147.146 - - [13/Jul/2022:12:17:13 +0800] "GET /xingrg/dwr/engine.js HTTP/1.1" 200 43631
180.169.147.146 - - [13/Jul/2022:12:17:13 +0800] "POST /xingrg/all/common/load_tree.html?tree=area_rest_tree_json HTTP/1.1" 200 3472
180.169.147.146 - - [13/Jul/2022:12:17:13 +0800] "POST /xingrg/dwr/call/plaincall/AjaxBaseInfoService.getMaterielInfo.dwr HTTP/1.1" 200 216
180.169.147.146 - - [13/Jul/2022:12:17:13 +0800] "POST /xingrg/all/common/load_tree.html?tree=area_rest_tree_json&defaultRests=undefined HTTP/1.1" 200 3472
114.88.162.248 - - [13/Jul/2022:12:17:14 +0800] "GET /xingrg/kc/base/wldb_order_add.html HTTP/1.1" 200 30356
114.88.162.248 - - [13/Jul/2022:12:17:14 +0800] "GET /xingrg/words/20220713121711_words.js HTTP/1.1" 200 904596
114.88.162.248 - - [13/Jul/2022:12:17:15 +0800] "POST /xingrg/kc/base/wldb_order_operate.html HTTP/1.1" 200 6806
114.88.162.248 - - [13/Jul/2022:12:17:15 +0800] "GET /xingrg/all/common/auto_word.html?type=base&rest_code=00111 HTTP/1.1" 200 1753
114.88.162.248 - - [13/Jul/2022:12:17:15 +0800] "GET /xingrg/all/common/auto_word.html?type=base&rest_code=00111 HTTP/1.1" 200 1753
114.88.162.248 - - [13/Jul/2022:12:17:15 +0800] "GET /xingrg/javascript/easyui/themes/default/validatebox.css HTTP/1.1" 404 1104
58.35.196.166 - - [13/Jul/2022:12:17:17 +0800] "GET /xingrg/all/function/internal_message.html?_=1657685837149&CODE_STATE=getMsg HTTP/1.1" 200 27
116.228.172.94 - - [13/Jul/2022:12:17:18 +0800] "GET /xingrg/check_reg.html?_=1657685625368 HTTP/1.1" 200 22
116.228.172.94 - - [13/Jul/2022:12:17:18 +0800] "GET /xingrg/all/function/internal_message.html?_=1657685625370&CODE_STATE=getMsg HTTP/1.1" 200 27
180.169.147.146 - - [13/Jul/2022:12:17:21 +0800] "GET /xingrg/all/function/internal_message.html?_=1657685840962&CODE_STATE=getMsg HTTP/1.1" 200 27
120.253.135.82 - - [13/Jul/2022:12:17:21 +0800] "GET /xingrg/kc/pszx/mdps_order_operate.html?command=get_materiel&pszx_code=00101&rest_code=00151&base_code=0010250&code=00102030013 HTTP/1.1" 200 445
120.253.135.82 - - [13/Jul/2022:12:17:23 +0800] "GET /xingrg/all/function/internal_message.html?_=1657685650556&CODE_STATE=getMsg HTTP/1.1" 200 27
180.175.103.110 - - [13/Jul/2022:12:17:24 +0800] "GET /xingrg/kc/buy/cgsh_order_operate.html?command=get_materiel&rest_code=00105&code=00101004030&supplier_code=00100312&order_time=2022-07-13 HTTP/1.1" 200 408
172.20.0.100 - - [13/Jul/2022:12:17:29 +0800] "GET /xingrg/all/function/internal_message.html?_=1657685847301&CODE_STATE=getMsg HTTP/1.1" 200 27
101.83.223.227 - - [13/Jul/2022:12:17:30 +0800] "GET /xingrg/all/function/internal_message.html?_=1657685808032&CODE_STATE=getMsg HTTP/1.1" 200 27
101.83.241.136 - - [13/Jul/2022:12:17:32 +0800] "GET /xingrg/kc/buy/cgsh_order_add.html HTTP/1.1" 200 67964
101.83.241.136 - - [13/Jul/2022:12:17:32 +0800] "GET /xingrg/words/20220713121711_words.js HTTP/1.1" 200 904596
101.83.241.136 - - [13/Jul/2022:12:17:32 +0800] "POST /xingrg/kc/buy/cgsh_order_operate.html HTTP/1.1" 200 8245
101.83.241.136 - - [13/Jul/2022:12:17:33 +0800] "GET /xingrg/javascript/easyui/themes/default/validatebox.css HTTP/1.1" 404 1104
101.83.241.136 - - [13/Jul/2022:12:17:33 +0800] "GET /xingrg/all/function/internal_message.html?_=1657685851760&CODE_STATE=getMsg HTTP/1.1" 200 27
116.230.110.24 - - [13/Jul/2022:12:17:34 +0800] "GET /xingrg/check_reg.html?_=1657685853542 HTTP/1.1" 200 22
116.230.110.24 - - [13/Jul/2022:12:17:34 +0800] "GET /xingrg/all/function/internal_message.html?_=1657685853543&CODE_STATE=getMsg HTTP/1.1" 200 27
114.88.162.248 - - [13/Jul/2022:12:17:35 +0800] "GET /xingrg/all/function/internal_message.html?_=1657685851910&CODE_STATE=getMsg HTTP/1.1" 200 27
114.88.162.248 - - [13/Jul/2022:12:17:35 +0800] "GET /xingrg/check_reg.html?_=1657685851930 HTTP/1.1" 200 22
180.175.103.110 - - [13/Jul/2022:12:17:36 +0800] "GET /xingrg/kc/buy/cgsh_order_operate.html?command=get_materiel&rest_code=00105&code=00101001029&supplier_code=00100312&order_time=2022-07-13 HTTP/1.1" 200 417
180.175.103.110 - - [13/Jul/2022:12:17:37 +0800] "GET /xingrg/all/function/internal_message.html?_=1657685857274&CODE_STATE=getMsg HTTP/1.1" 200 27
218.81.223.53 - - [13/Jul/2022:12:17:39 +0800] "GET /xingrg/all/function/internal_message.html?_=1657685868065&CODE_STATE=getMsg HTTP/1.1" 200 27
58.35.196.166 - - [13/Jul/2022:12:17:46 +0800] "GET /xingrg/check_reg.html?_=1657685866416 HTTP/1.1" 200 22
222.69.129.110 - - [13/Jul/2022:12:17:46 +0800] "GET /xingrg/all/function/internal_message.html?_=1657685917788&CODE_STATE=getMsg HTTP/1.1" 200 27
114.88.162.248 - - [13/Jul/2022:12:17:53 +0800] "GET /xingrg/kc/base/wldb_order_operate.html?command=get_materiel&rest_code=00111&base_code=0010283&code=00101019359 HTTP/1.1" 200 461
180.175.103.110 - - [13/Jul/2022:12:17:53 +0800] "POST /xingrg/kc/buy/cgsh_order_operate.html HTTP/1.1" 200 37
180.175.103.110 - - [13/Jul/2022:12:17:55 +0800] "POST /xingrg/kc/buy/cgsh_order_operate.html HTTP/1.1" 200 3255
180.175.103.110 - - [13/Jul/2022:12:17:56 +0800] "GET /xingrg/kc/print/load_data.html?order_code=212022071303273&kc_code=cgsh&condition= HTTP/1.1" 200 903
114.88.162.248 - - [13/Jul/2022:12:17:59 +0800] "GET /xingrg/kc/base/wldb_order_operate.html?command=get_materiel&rest_code=00111&base_code=0010283&code=00101019505 HTTP/1.1" 200 480
180.175.103.110 - - [13/Jul/2022:12:17:59 +0800] "GET /xingrg/kc/buy/cgsh_order_add.html HTTP/1.1" 200 67958
180.175.103.110 - - [13/Jul/2022:12:17:59 +0800] "GET /xingrg/javascript/easyui/themes/default/validatebox.css HTTP/1.1" 404 1104
180.175.103.110 - - [13/Jul/2022:12:17:59 +0800] "POST /xingrg/kc/buy/cgsh_order_operate.html HTTP/1.1" 200 8245
101.83.241.136 - - [13/Jul/2022:12:18:05 +0800] "GET /xingrg/kc/buy/cgsh_order_operate.html?command=get_materiel&rest_code=00149&code=00101034143&supplier_code=00100396&order_time=2022-07-09 HTTP/1.1" 200 403
101.85.107.1 - - [13/Jul/2022:12:18:06 +0800] "GET /xingrg/all/function/internal_message.html?_=1657685883827&CODE_STATE=getMsg HTTP/1.1" 200 27
116.235.94.65 - - [13/Jul/2022:12:18:07 +0800] "GET /xingrg/all/function/internal_message.html?_=1657686067257&CODE_STATE=getMsg HTTP/1.1" 200 27
101.85.238.90 - - [13/Jul/2022:12:18:09 +0800] "GET /xingrg/all/function/internal_message.html?_=1657685955773&CODE_STATE=getMsg HTTP/1.1" 200 27
116.230.110.24 - - [13/Jul/2022:12:18:12 +0800] "GET /xingrg/check_reg.html?_=1657685891151 HTTP/1.1" 200 22
116.230.110.24 - - [13/Jul/2022:12:18:12 +0800] "GET /xingrg/all/function/internal_message.html?_=1657685891152&CODE_STATE=getMsg HTTP/1.1" 200 27
114.88.162.248 - - [13/Jul/2022:12:18:13 +0800] "GET /xingrg/kc/base/wldb_order_operate.html?command=get_materiel&rest_code=00111&base_code=0010283&code=00101019496 HTTP/1.1" 200 471
180.175.103.110 - - [13/Jul/2022:12:18:15 +0800] "GET /xingrg/kc/buy/cgsh_order_operate.html?command=get_materiel&rest_code=00105&code=00101010842&supplier_code=00100480&order_time=2022-07-13 HTTP/1.1" 200 437
58.35.196.166 - - [13/Jul/2022:12:18:17 +0800] "GET /xingrg/all/function/internal_message.html?_=1657685897121&CODE_STATE=getMsg HTTP/1.1" 200 27
116.228.172.94 - - [13/Jul/2022:12:18:18 +0800] "GET /xingrg/all/function/internal_message.html?_=1657685685387&CODE_STATE=getMsg HTTP/1.1" 200 27
114.88.162.248 - - [13/Jul/2022:12:18:20 +0800] "GET /xingrg/kc/base/wldb_order_operate.html?command=get_materiel&rest_code=00111&base_code=0010283&code=00101019306 HTTP/1.1" 200 476
101.83.241.136 - - [13/Jul/2022:12:18:20 +0800] "GET /xingrg/kc/buy/cgsh_order_operate.html?command=get_materiel&rest_code=00149&code=00101034144&supplier_code=00100396&order_time=2022-07-09 HTTP/1.1" 200 403
180.169.147.146 - - [13/Jul/2022:12:18:21 +0800] "GET /xingrg/all/function/internal_message.html?_=1657685900962&CODE_STATE=getMsg HTTP/1.1" 200 27
180.169.147.146 - - [13/Jul/2022:12:18:22 +0800] "GET /xingrg/check_reg.html?_=1657685899123 HTTP/1.1" 302 -
120.253.135.82 - - [13/Jul/2022:12:18:23 +0800] "GET /xingrg/all/function/internal_message.html?_=1657685710631&CODE_STATE=getMsg HTTP/1.1" 200 27
114.88.162.248 - - [13/Jul/2022:12:18:25 +0800] "GET /xingrg/kc/base/wldb_order_operate.html?command=get_materiel&rest_code=00111&base_code=0010283&code=00101019438 HTTP/1.1" 200 462
172.20.0.100 - - [13/Jul/2022:12:18:29 +0800] "GET /xingrg/check_reg.html?_=1657685907288 HTTP/1.1" 200 22
172.20.0.100 - - [13/Jul/2022:12:18:29 +0800] "GET /xingrg/all/function/internal_message.html?_=1657685907289&CODE_STATE=getMsg HTTP/1.1" 200 27
101.83.223.227 - - [13/Jul/2022:12:18:30 +0800] "GET /xingrg/all/function/internal_message.html?_=1657685868045&CODE_STATE=getMsg HTTP/1.1" 200 27
101.83.241.136 - - [13/Jul/2022:12:18:32 +0800] "POST /xingrg/kc/buy/cgsh_order_operate.html HTTP/1.1" 200 37
114.88.162.248 - - [13/Jul/2022:12:18:33 +0800] "GET /xingrg/kc/base/wldb_order_operate.html?command=get_materiel&rest_code=00111&base_code=0010283&code=00101019372 HTTP/1.1" 200 481
101.83.241.136 - - [13/Jul/2022:12:18:33 +0800] "GET /xingrg/all/function/internal_message.html?_=1657685911742&CODE_STATE=getMsg HTTP/1.1" 200 27
116.230.110.24 - - [13/Jul/2022:12:18:34 +0800] "GET /xingrg/all/function/internal_message.html?_=1657685913533&CODE_STATE=getMsg HTTP/1.1" 200 27
114.88.162.248 - - [13/Jul/2022:12:18:35 +0800] "GET /xingrg/all/function/internal_message.html?_=1657685911890&CODE_STATE=getMsg HTTP/1.1" 200 27
101.83.241.136 - - [13/Jul/2022:12:18:36 +0800] "POST /xingrg/kc/buy/cgsh_order_operate.html HTTP/1.1" 200 12
180.175.103.110 - - [13/Jul/2022:12:18:37 +0800] "GET /xingrg/all/function/internal_message.html?_=1657685917278&CODE_STATE=getMsg HTTP/1.1" 200 27
114.88.162.248 - - [13/Jul/2022:12:18:38 +0800] "POST /xingrg/kc/base/wldb_order_operate.html HTTP/1.1" 200 37
218.81.223.53 - - [13/Jul/2022:12:18:39 +0800] "GET /xingrg/all/function/internal_message.html?_=1657685928289&CODE_STATE=getMsg HTTP/1.1" 200 27
114.88.162.248 - - [13/Jul/2022:12:18:39 +0800] "POST /xingrg/kc/base/wldb_order_operate.html HTTP/1.1" 200 4728
114.88.162.248 - - [13/Jul/2022:12:18:40 +0800] "GET /xingrg/kc/base/wldb_order_info.html?code=422022071300797 HTTP/1.1" 200 30368
101.83.241.136 - - [13/Jul/2022:12:18:40 +0800] "GET /xingrg/kc/buy/cgsh_order_info.html?code=212022071303274 HTTP/1.1" 200 62867
101.83.241.136 - - [13/Jul/2022:12:18:40 +0800] "GET /xingrg/words/20220713121711_words.js HTTP/1.1" 304 -
114.88.162.248 - - [13/Jul/2022:12:18:40 +0800] "GET /xingrg/javascript/easyui/themes/default/validatebox.css HTTP/1.1" 404 1104
101.83.241.136 - - [13/Jul/2022:12:18:40 +0800] "GET /xingrg/javascript/easyui/themes/default/validatebox.css HTTP/1.1" 404 1104
114.88.162.248 - - [13/Jul/2022:12:18:41 +0800] "POST /xingrg/kc/base/wldb_order_operate.html HTTP/1.1" 200 4728
101.83.241.136 - - [13/Jul/2022:12:18:41 +0800] "POST /xingrg/kc/buy/cgsh_order_operate.html HTTP/1.1" 200 1821
101.83.241.136 - - [13/Jul/2022:12:18:42 +0800] "GET /xingrg/kc/print/load_data.html?order_code=212022071303274&kc_code=cgsh&condition= HTTP/1.1" 200 1183
180.175.103.110 - - [13/Jul/2022:12:18:42 +0800] "GET /xingrg/kc/buy/cgsh_order_operate.html?command=get_materiel&rest_code=00105&code=00101010837&supplier_code=00100480&order_time=2022-07-13 HTTP/1.1" 200 420
222.69.129.110 - - [13/Jul/2022:12:18:46 +0800] "GET /xingrg/check_reg.html?_=1657685977784 HTTP/1.1" 200 22
222.69.129.110 - - [13/Jul/2022:12:18:47 +0800] "GET /xingrg/all/function/internal_message.html?_=1657685977788&CODE_STATE=getMsg HTTP/1.1" 200 27
180.175.103.110 - - [13/Jul/2022:12:18:53 +0800] "POST /xingrg/kc/buy/cgsh_order_operate.html HTTP/1.1" 200 37
120.253.135.82 - - [13/Jul/2022:12:18:55 +0800] "POST /xingrg/kc/pszx/mdps_order_operate.html HTTP/1.1" 200 37
120.253.135.82 - - [13/Jul/2022:12:18:55 +0800] "GET /xingrg/kc/pszx/mdps_order_info.html?code=312022071300223 HTTP/1.1" 200 23976
120.253.135.82 - - [13/Jul/2022:12:18:56 +0800] "GET /xingrg/words/20220713121711_words.js HTTP/1.1" 200 904596
120.253.135.82 - - [13/Jul/2022:12:18:57 +0800] "POST /xingrg/kc/pszx/mdps_order_operate.html HTTP/1.1" 200 2299
120.253.135.82 - - [13/Jul/2022:12:18:57 +0800] "GET /xingrg/javascript/easyui/themes/default/validatebox.css HTTP/1.1" 404 1104
180.175.103.110 - - [13/Jul/2022:12:18:57 +0800] "POST /xingrg/kc/buy/cgsh_order_operate.html HTTP/1.1" 200 3276
180.175.103.110 - - [13/Jul/2022:12:19:00 +0800] "GET /xingrg/kc/print/load_data.html?order_code=212022071303275&kc_code=cgsh&condition= HTTP/1.1" 200 935
120.253.135.82 - - [13/Jul/2022:12:19:04 +0800] "POST /xingrg/kc/pszx/mdps_list_operate.html HTTP/1.1" 200 1685
180.175.103.110 - - [13/Jul/2022:12:19:04 +0800] "GET /xingrg/kc/buy/cgsh_order_add.html HTTP/1.1" 200 67958
180.175.103.110 - - [13/Jul/2022:12:19:05 +0800] "GET /xingrg/javascript/easyui/themes/default/validatebox.css HTTP/1.1" 404 1104
180.175.103.110 - - [13/Jul/2022:12:19:05 +0800] "POST /xingrg/kc/buy/cgsh_order_operate.html HTTP/1.1" 200 8245
120.253.135.82 - - [13/Jul/2022:12:19:05 +0800] "POST /xingrg/kc/pszx/mdps_list_operate.html HTTP/1.1" 200 219
120.253.135.82 - - [13/Jul/2022:12:19:06 +0800] "GET /xingrg/kc/pszx/mdps_order_info.html?code=312022071300223 HTTP/1.1" 200 23976
101.85.107.1 - - [13/Jul/2022:12:19:06 +0800] "GET /xingrg/all/function/internal_message.html?_=1657685943812&CODE_STATE=getMsg HTTP/1.1" 200 27
120.253.135.82 - - [13/Jul/2022:12:19:06 +0800] "POST /xingrg/kc/pszx/mdps_order_operate.html HTTP/1.1" 200 2299
120.253.135.82 - - [13/Jul/2022:12:19:06 +0800] "GET /xingrg/javascript/easyui/themes/default/validatebox.css HTTP/1.1" 404 1104
101.85.107.1 - - [13/Jul/2022:12:19:07 +0800] "GET /xingrg/check_reg.html?_=1657685944252 HTTP/1.1" 200 22
116.235.94.65 - - [13/Jul/2022:12:19:07 +0800] "GET /xingrg/all/function/internal_message.html?_=1657686127238&CODE_STATE=getMsg HTTP/1.1" 200 27
120.253.135.82 - - [13/Jul/2022:12:19:08 +0800] "POST /xingrg/kc/pszx/mdps_list_operate.html HTTP/1.1" 200 1685
101.85.238.90 - - [13/Jul/2022:12:19:09 +0800] "GET /xingrg/all/function/internal_message.html?_=1657686015782&CODE_STATE=getMsg HTTP/1.1" 200 27
116.230.110.24 - - [13/Jul/2022:12:19:12 +0800] "GET /xingrg/all/function/internal_message.html?_=1657685951137&CODE_STATE=getMsg HTTP/1.1" 200 27
180.175.103.110 - - [13/Jul/2022:12:19:16 +0800] "GET /xingrg/kc/buy/cgsh_order_operate.html?command=get_materiel&rest_code=00105&code=00101010161&supplier_code=00100334&order_time=2022-07-13 HTTP/1.1" 200 428
58.35.196.166 - - [13/Jul/2022:12:19:17 +0800] "GET /xingrg/all/function/internal_message.html?_=1657685957091&CODE_STATE=getMsg HTTP/1.1" 200 27
116.228.172.94 - - [13/Jul/2022:12:19:18 +0800] "GET /xingrg/all/function/internal_message.html?_=1657685745374&CODE_STATE=getMsg HTTP/1.1" 200 27
120.253.135.82 - - [13/Jul/2022:12:19:20 +0800] "GET /xingrg/kc/buy/cgsh_order_list.html HTTP/1.1" 200 52094
180.169.147.146 - - [13/Jul/2022:12:19:21 +0800] "GET /xingrg/all/function/internal_message.html?_=1657685960962&CODE_STATE=getMsg HTTP/1.1" 200 27
120.253.135.82 - - [13/Jul/2022:12:19:21 +0800] "POST /xingrg/kc/buy/cgsh_list_operate.html HTTP/1.1" 200 693
120.253.135.82 - - [13/Jul/2022:12:19:23 +0800] "GET /xingrg/kc/buy/cgsh_order_add.html HTTP/1.1" 200 66940
120.253.135.82 - - [13/Jul/2022:12:19:23 +0800] "GET /xingrg/javascript/easyui/themes/icons/template_new.png HTTP/1.1" 200 3956
120.253.135.82 - - [13/Jul/2022:12:19:23 +0800] "POST /xingrg/kc/buy/cgsh_order_operate.html HTTP/1.1" 200 8245
120.253.135.82 - - [13/Jul/2022:12:19:23 +0800] "GET /xingrg/javascript/easyui/themes/default/validatebox.css HTTP/1.1" 404 1104
120.253.135.82 - - [13/Jul/2022:12:19:23 +0800] "GET /xingrg/all/function/internal_message.html?_=1657685770828&CODE_STATE=getMsg HTTP/1.1" 200 27
116.235.94.65 - - [13/Jul/2022:12:19:28 +0800] "GET /xingrg/check_reg.html?_=1657686147749 HTTP/1.1" 200 22
172.20.0.100 - - [13/Jul/2022:12:19:29 +0800] "GET /xingrg/all/function/internal_message.html?_=1657685967290&CODE_STATE=getMsg HTTP/1.1" 200 27
101.83.223.227 - - [13/Jul/2022:12:19:30 +0800] "GET /xingrg/all/function/internal_message.html?_=1657685928066&CODE_STATE=getMsg HTTP/1.1" 200 27
120.253.135.82 - - [13/Jul/2022:12:19:33 +0800] "POST /xingrg/all/common/load_combo.html?type=employee HTTP/1.1" 200 1752
101.83.241.136 - - [13/Jul/2022:12:19:33 +0800] "GET /xingrg/all/function/internal_message.html?_=1657685971719&CODE_STATE=getMsg HTTP/1.1" 200 27
116.230.110.24 - - [13/Jul/2022:12:19:34 +0800] "GET /xingrg/all/function/internal_message.html?_=1657685973537&CODE_STATE=getMsg HTTP/1.1" 200 27
114.88.162.248 - - [13/Jul/2022:12:19:35 +0800] "GET /xingrg/all/function/internal_message.html?_=1657685971871&CODE_STATE=getMsg HTTP/1.1" 200 27
180.175.103.110 - - [13/Jul/2022:12:19:37 +0800] "GET /xingrg/all/function/internal_message.html?_=1657685977232&CODE_STATE=getMsg HTTP/1.1" 200 27
218.81.223.53 - - [13/Jul/2022:12:19:39 +0800] "GET /xingrg/all/function/internal_message.html?_=1657685988297&CODE_STATE=getMsg HTTP/1.1" 200 27
120.253.135.82 - - [13/Jul/2022:12:19:45 +0800] "GET /xingrg/kc/buy/cgsh_order_operate.html?command=get_materiel&rest_code=00101&code=00101013084&supplier_code=00100106&order_time=2022-07-13 HTTP/1.1" 200 428
222.69.129.110 - - [13/Jul/2022:12:19:46 +0800] "GET /xingrg/all/function/internal_message.html?_=1657686037776&CODE_STATE=getMsg HTTP/1.1" 200 27
180.175.103.110 - - [13/Jul/2022:12:19:56 +0800] "POST /xingrg/kc/buy/cgsh_order_operate.html HTTP/1.1" 200 37
180.175.103.110 - - [13/Jul/2022:12:19:58 +0800] "POST /xingrg/kc/buy/cgsh_order_operate.html HTTP/1.1" 200 2654
180.175.103.110 - - [13/Jul/2022:12:20:00 +0800] "GET /xingrg/kc/print/load_data.html?order_code=212022071303276&kc_code=cgsh&condition= HTTP/1.1" 200 667
120.253.135.82 - - [13/Jul/2022:12:20:02 +0800] "GET /xingrg/kc/buy/cgsh_order_operate.html?command=get_materiel&rest_code=00101&code=00101013178&supplier_code=00100106&order_time=2022-07-13 HTTP/1.1" 200 409
180.175.103.110 - - [13/Jul/2022:12:20:03 +0800] "GET /xingrg/kc/buy/cgsh_order_add.html HTTP/1.1" 200 67958
180.175.103.110 - - [13/Jul/2022:12:20:03 +0800] "POST /xingrg/kc/buy/cgsh_order_operate.html HTTP/1.1" 200 8245
180.175.103.110 - - [13/Jul/2022:12:20:04 +0800] "GET /xingrg/javascript/easyui/themes/default/validatebox.css HTTP/1.1" 404 1104
101.85.107.1 - - [13/Jul/2022:12:20:06 +0800] "GET /xingrg/all/function/internal_message.html?_=1657686003785&CODE_STATE=getMsg HTTP/1.1" 200 27
116.235.94.65 - - [13/Jul/2022:12:20:07 +0800] "GET /xingrg/all/function/internal_message.html?_=1657686187209&CODE_STATE=getMsg HTTP/1.1" 200 27
101.85.238.90 - - [13/Jul/2022:12:20:09 +0800] "GET /xingrg/all/function/internal_message.html?_=1657686076062&CODE_STATE=getMsg HTTP/1.1" 200 27
116.230.110.24 - - [13/Jul/2022:12:20:12 +0800] "GET /xingrg/all/function/internal_message.html?_=1657686011153&CODE_STATE=getMsg HTTP/1.1" 200 27
58.35.196.166 - - [13/Jul/2022:12:20:17 +0800] "GET /xingrg/all/function/internal_message.html?_=1657686017061&CODE_STATE=getMsg HTTP/1.1" 200 27
116.228.172.94 - - [13/Jul/2022:12:20:18 +0800] "GET /xingrg/all/function/internal_message.html?_=1657685805367&CODE_STATE=getMsg HTTP/1.1" 200 27
180.169.147.146 - - [13/Jul/2022:12:20:21 +0800] "GET /xingrg/all/function/internal_message.html?_=1657686020962&CODE_STATE=getMsg HTTP/1.1" 200 27
120.253.135.82 - - [13/Jul/2022:12:20:23 +0800] "GET /xingrg/all/function/internal_message.html?_=1657685830831&CODE_STATE=getMsg HTTP/1.1" 200 27
180.175.103.110 - - [13/Jul/2022:12:20:24 +0800] "GET /xingrg/kc/buy/cgsh_order_operate.html?command=get_materiel&rest_code=00105&code=00101001115&supplier_code=00100089&order_time=2022-07-13 HTTP/1.1" 200 431
120.253.135.82 - - [13/Jul/2022:12:20:27 +0800] "GET /xingrg/kc/buy/cgsh_order_operate.html?command=get_materiel&rest_code=00101&code=00101013027&supplier_code=00100106&order_time=2022-07-13 HTTP/1.1" 200 428
172.20.0.100 - - [13/Jul/2022:12:20:29 +0800] "GET /xingrg/all/function/internal_message.html?_=1657686027292&CODE_STATE=getMsg HTTP/1.1" 200 27
101.83.223.227 - - [13/Jul/2022:12:20:30 +0800] "GET /xingrg/all/function/internal_message.html?_=1657685988072&CODE_STATE=getMsg HTTP/1.1" 200 27
101.83.241.136 - - [13/Jul/2022:12:20:33 +0800] "GET /xingrg/all/function/internal_message.html?_=1657686031706&CODE_STATE=getMsg HTTP/1.1" 200 27
116.230.110.24 - - [13/Jul/2022:12:20:34 +0800] "GET /xingrg/all/function/internal_message.html?_=1657686033529&CODE_STATE=getMsg HTTP/1.1" 200 27
114.88.162.248 - - [13/Jul/2022:12:20:35 +0800] "GET /xingrg/all/function/internal_message.html?_=1657686031843&CODE_STATE=getMsg HTTP/1.1" 200 27
180.175.103.110 - - [13/Jul/2022:12:20:37 +0800] "GET /xingrg/all/function/internal_message.html?_=1657686037209&CODE_STATE=getMsg HTTP/1.1" 200 27
218.81.223.53 - - [13/Jul/2022:12:20:39 +0800] "GET /xingrg/all/function/internal_message.html?_=1657686048510&CODE_STATE=getMsg HTTP/1.1" 200 27
120.253.135.82 - - [13/Jul/2022:12:20:41 +0800] "GET /xingrg/kc/buy/cgsh_order_operate.html?command=get_materiel&rest_code=00101&code=00101013123&supplier_code=00100106&order_time=2022-07-13 HTTP/1.1" 200 413
222.69.129.110 - - [13/Jul/2022:12:20:46 +0800] "GET /xingrg/all/function/internal_message.html?_=1657686097775&CODE_STATE=getMsg HTTP/1.1" 200 27
120.253.135.82 - - [13/Jul/2022:12:20:56 +0800] "POST /xingrg/kc/buy/cgsh_order_operate.html HTTP/1.1" 200 37
180.175.103.110 - - [13/Jul/2022:12:20:57 +0800] "POST /xingrg/kc/buy/cgsh_order_operate.html HTTP/1.1" 200 88
120.253.135.82 - - [13/Jul/2022:12:20:59 +0800] "POST /xingrg/kc/buy/cgsh_order_operate.html HTTP/1.1" 200 4442
120.253.135.82 - - [13/Jul/2022:12:21:01 +0800] "GET /xingrg/kc/print/load_config.html?kc_code=cgsh HTTP/1.1" 200 1943
180.175.103.110 - - [13/Jul/2022:12:21:01 +0800] "POST /xingrg/kc/buy/cgsh_order_operate.html HTTP/1.1" 200 37
120.253.135.82 - - [13/Jul/2022:12:21:01 +0800] "GET /xingrg/kc/print/load_data.html?order_code=212022071303277&kc_code=cgsh&condition= HTTP/1.1" 200 1423
180.175.103.110 - - [13/Jul/2022:12:21:02 +0800] "POST /xingrg/kc/buy/cgsh_order_operate.html HTTP/1.1" 200 2660
180.175.103.110 - - [13/Jul/2022:12:21:03 +0800] "GET /xingrg/kc/print/load_data.html?order_code=212022071303279&kc_code=cgsh&condition= HTTP/1.1" 200 743
101.85.238.90 - - [13/Jul/2022:12:21:04 +0800] "GET /xingrg/check_reg.html?_=1657686130461 HTTP/1.1" 200 22
101.85.107.1 - - [13/Jul/2022:12:21:06 +0800] "GET /xingrg/all/function/internal_message.html?_=1657686063771&CODE_STATE=getMsg HTTP/1.1" 200 27
218.81.223.53 - - [13/Jul/2022:12:21:07 +0800] "GET /xingrg/check_reg.html?_=1657686076488 HTTP/1.1" 200 22
116.235.94.65 - - [13/Jul/2022:12:21:07 +0800] "GET /xingrg/all/function/internal_message.html?_=1657686247188&CODE_STATE=getMsg HTTP/1.1" 200 27
101.85.238.90 - - [13/Jul/2022:12:21:09 +0800] "GET /xingrg/all/function/internal_message.html?_=1657686136075&CODE_STATE=getMsg HTTP/1.1" 200 27
116.230.110.24 - - [13/Jul/2022:12:21:12 +0800] "GET /xingrg/all/function/internal_message.html?_=1657686071153&CODE_STATE=getMsg HTTP/1.1" 200 27
58.35.196.166 - - [13/Jul/2022:12:21:17 +0800] "GET /xingrg/all/function/internal_message.html?_=1657686077047&CODE_STATE=getMsg HTTP/1.1" 200 27
116.228.172.94 - - [13/Jul/2022:12:21:18 +0800] "GET /xingrg/all/function/internal_message.html?_=1657685865379&CODE_STATE=getMsg HTTP/1.1" 200 27
180.169.147.146 - - [13/Jul/2022:12:21:21 +0800] "GET /xingrg/all/function/internal_message.html?_=1657686080973&CODE_STATE=getMsg HTTP/1.1" 200 27
180.169.147.146 - - [13/Jul/2022:12:21:21 +0800] "GET /xingrg/check_reg.html?_=1657686080969 HTTP/1.1" 200 22
120.253.135.82 - - [13/Jul/2022:12:21:23 +0800] "GET /xingrg/check_reg.html?_=1657685890625 HTTP/1.1" 200 22
120.253.135.82 - - [13/Jul/2022:12:21:23 +0800] "GET /xingrg/all/function/internal_message.html?_=1657685890845&CODE_STATE=getMsg HTTP/1.1" 200 27
172.20.0.100 - - [13/Jul/2022:12:21:29 +0800] "GET /xingrg/all/function/internal_message.html?_=1657686087293&CODE_STATE=getMsg HTTP/1.1" 200 27
