101.83.223.227 - - [13/Jul/2022:08:54:08 +0800] "GET /xingrg/kc/buy/cgsh_order_operate.html?command=get_materiel&rest_code=00151&code=00102006859&supplier_code=00100257&order_time=2022-07-13 HTTP/1.1" 200 418
116.235.94.65 - - [13/Jul/2022:08:54:12 +0800] "GET /xingrg/all/function/internal_message.html?_=1657673832223&CODE_STATE=getMsg HTTP/1.1" 200 27
218.81.223.53 - - [13/Jul/2022:08:54:19 +0800] "GET /xingrg/all/function/internal_message.html?_=1657673668242&CODE_STATE=getMsg HTTP/1.1" 200 27
58.35.196.166 - - [13/Jul/2022:08:54:21 +0800] "GET /xingrg/all/function/internal_message.html?_=1657673661485&CODE_STATE=getMsg HTTP/1.1" 200 27
101.83.223.227 - - [13/Jul/2022:08:54:25 +0800] "GET /xingrg/kc/buy/cgsh_order_operate.html?command=get_materiel&rest_code=00151&code=00102006860&supplier_code=00100257&order_time=2022-07-13 HTTP/1.1" 200 418
101.83.223.227 - - [13/Jul/2022:08:54:28 +0800] "GET /xingrg/check_reg.html?_=1657673625726 HTTP/1.1" 200 22
101.83.223.227 - - [13/Jul/2022:08:54:28 +0800] "GET /xingrg/all/function/internal_message.html?_=1657673625945&CODE_STATE=getMsg HTTP/1.1" 200 27
116.235.94.65 - - [13/Jul/2022:08:54:28 +0800] "GET /xingrg/check_reg.html?_=1657673848645 HTTP/1.1" 200 22
180.175.103.110 - - [13/Jul/2022:08:54:29 +0800] "GET /xingrg/kc/buy/cgsh_order_operate.html?command=get_materiel&rest_code=00105&code=00101008261&supplier_code=00100203&order_time=2022-07-13 HTTP/1.1" 200 424
101.83.241.136 - - [13/Jul/2022:08:54:35 +0800] "GET /xingrg/all/function/internal_message.html?_=1657673673086&CODE_STATE=getMsg HTTP/1.1" 200 27
180.175.103.110 - - [13/Jul/2022:08:54:36 +0800] "GET /xingrg/kc/buy/cgsh_order_operate.html?command=get_materiel&rest_code=00105&code=00101008049&supplier_code=00100203&order_time=2022-07-13 HTTP/1.1" 200 408
180.175.103.110 - - [13/Jul/2022:08:54:42 +0800] "GET /xingrg/all/function/internal_message.html?_=1657673682181&CODE_STATE=getMsg HTTP/1.1" 200 27
222.69.129.110 - - [13/Jul/2022:08:54:47 +0800] "GET /xingrg/all/function/internal_message.html?_=1657673737781&CODE_STATE=getMsg HTTP/1.1" 200 27
120.253.135.82 - - [13/Jul/2022:08:54:47 +0800] "GET /xingrg/all/function/internal_message.html?_=1657673495195&CODE_STATE=getMsg HTTP/1.1" 200 27
101.83.223.227 - - [13/Jul/2022:08:54:51 +0800] "POST /xingrg/kc/buy/cgsh_order_operate.html HTTP/1.1" 200 37
180.175.103.110 - - [13/Jul/2022:08:54:52 +0800] "GET /xingrg/kc/buy/cgsh_order_operate.html?command=get_materiel&rest_code=00105&code=00101008199&supplier_code=00100203&order_time=2022-07-13 HTTP/1.1" 200 408
101.83.223.227 - - [13/Jul/2022:08:54:55 +0800] "POST /xingrg/kc/buy/cgsh_order_operate.html HTTP/1.1" 200 12
101.83.223.227 - - [13/Jul/2022:08:54:58 +0800] "GET /xingrg/kc/buy/cgsh_order_info.html?code=212022071303179 HTTP/1.1" 200 62403
101.83.223.227 - - [13/Jul/2022:08:54:59 +0800] "GET /xingrg/javascript/easyui/themes/default/validatebox.css HTTP/1.1" 404 1104
180.175.103.110 - - [13/Jul/2022:08:54:59 +0800] "GET /xingrg/kc/buy/cgsh_order_operate.html?command=get_materiel&rest_code=00105&code=00101008201&supplier_code=00100203&order_time=2022-07-13 HTTP/1.1" 200 412
101.83.223.227 - - [13/Jul/2022:08:54:59 +0800] "POST /xingrg/kc/buy/cgsh_order_operate.html HTTP/1.1" 200 3647
101.83.223.227 - - [13/Jul/2022:08:55:02 +0800] "GET /xingrg/kc/print/load_data.html?order_code=212022071303179&kc_code=cgsh&condition= HTTP/1.1" 200 1940
180.175.103.110 - - [13/Jul/2022:08:55:08 +0800] "GET /xingrg/kc/buy/cgsh_order_operate.html?command=get_materiel&rest_code=00105&code=00101008059&supplier_code=00100203&order_time=2022-07-13 HTTP/1.1" 200 408
116.235.94.65 - - [13/Jul/2022:08:55:12 +0800] "GET /xingrg/all/function/internal_message.html?_=1657673892196&CODE_STATE=getMsg HTTP/1.1" 200 27
180.175.103.110 - - [13/Jul/2022:08:55:16 +0800] "GET /xingrg/kc/buy/cgsh_order_operate.html?command=get_materiel&rest_code=00105&code=00101008213&supplier_code=00100203&order_time=2022-07-13 HTTP/1.1" 200 428
218.81.223.53 - - [13/Jul/2022:08:55:19 +0800] "GET /xingrg/all/function/internal_message.html?_=1657673728386&CODE_STATE=getMsg HTTP/1.1" 200 27
58.35.196.166 - - [13/Jul/2022:08:55:21 +0800] "GET /xingrg/all/function/internal_message.html?_=1657673721456&CODE_STATE=getMsg HTTP/1.1" 200 27
180.175.103.110 - - [13/Jul/2022:08:55:22 +0800] "GET /xingrg/kc/buy/cgsh_order_operate.html?command=get_materiel&rest_code=00105&code=00101008100&supplier_code=00100203&order_time=2022-07-13 HTTP/1.1" 200 408
101.83.223.227 - - [13/Jul/2022:08:55:28 +0800] "GET /xingrg/all/function/internal_message.html?_=1657673685958&CODE_STATE=getMsg HTTP/1.1" 200 27
101.83.241.136 - - [13/Jul/2022:08:55:35 +0800] "GET /xingrg/all/function/internal_message.html?_=1657673733065&CODE_STATE=getMsg HTTP/1.1" 200 27
180.175.103.110 - - [13/Jul/2022:08:55:42 +0800] "GET /xingrg/all/function/internal_message.html?_=1657673742108&CODE_STATE=getMsg HTTP/1.1" 200 27
180.175.103.110 - - [13/Jul/2022:08:55:43 +0800] "POST /xingrg/kc/buy/cgsh_order_operate.html HTTP/1.1" 200 37
180.175.103.110 - - [13/Jul/2022:08:55:44 +0800] "POST /xingrg/kc/buy/cgsh_order_operate.html HTTP/1.1" 200 10381
180.175.103.110 - - [13/Jul/2022:08:55:45 +0800] "GET /xingrg/kc/print/load_data.html?order_code=212022071303183&kc_code=cgsh&condition= HTTP/1.1" 200 3585
222.69.129.110 - - [13/Jul/2022:08:55:47 +0800] "GET /xingrg/all/function/internal_message.html?_=1657673797769&CODE_STATE=getMsg HTTP/1.1" 200 27
120.253.135.82 - - [13/Jul/2022:08:55:47 +0800] "GET /xingrg/all/function/internal_message.html?_=1657673555268&CODE_STATE=getMsg HTTP/1.1" 200 27
218.81.223.53 - - [13/Jul/2022:08:56:07 +0800] "GET /xingrg/check_reg.html?_=1657673775819 HTTP/1.1" 200 22
116.235.94.65 - - [13/Jul/2022:08:56:12 +0800] "GET /xingrg/all/function/internal_message.html?_=1657673952174&CODE_STATE=getMsg HTTP/1.1" 200 27
218.81.223.53 - - [13/Jul/2022:08:56:19 +0800] "GET /xingrg/all/function/internal_message.html?_=1657673788394&CODE_STATE=getMsg HTTP/1.1" 200 27
58.35.196.166 - - [13/Jul/2022:08:56:21 +0800] "GET /xingrg/all/function/internal_message.html?_=1657673781442&CODE_STATE=getMsg HTTP/1.1" 200 27
101.83.223.227 - - [13/Jul/2022:08:56:28 +0800] "GET /xingrg/all/function/internal_message.html?_=1657673746026&CODE_STATE=getMsg HTTP/1.1" 200 27
101.83.241.136 - - [13/Jul/2022:08:56:35 +0800] "GET /xingrg/check_reg.html?_=1657673792982 HTTP/1.1" 200 22
101.83.241.136 - - [13/Jul/2022:08:56:35 +0800] "GET /xingrg/all/function/internal_message.html?_=1657673793054&CODE_STATE=getMsg HTTP/1.1" 200 27
180.175.103.110 - - [13/Jul/2022:08:56:42 +0800] "GET /xingrg/all/function/internal_message.html?_=1657673802083&CODE_STATE=getMsg HTTP/1.1" 200 27
120.253.135.82 - - [13/Jul/2022:08:56:46 +0800] "GET /xingrg/check_reg.html?_=1657673614385 HTTP/1.1" 200 22
222.69.129.110 - - [13/Jul/2022:08:56:47 +0800] "GET /xingrg/all/function/internal_message.html?_=1657673857775&CODE_STATE=getMsg HTTP/1.1" 200 27
120.253.135.82 - - [13/Jul/2022:08:56:47 +0800] "GET /xingrg/all/function/internal_message.html?_=1657673615281&CODE_STATE=getMsg HTTP/1.1" 200 27
116.235.94.65 - - [13/Jul/2022:08:57:12 +0800] "GET /xingrg/all/function/internal_message.html?_=1657674012150&CODE_STATE=getMsg HTTP/1.1" 200 27
180.175.103.110 - - [13/Jul/2022:08:57:13 +0800] "GET /xingrg/check_reg.html?_=1657673833226 HTTP/1.1" 200 22
218.81.223.53 - - [13/Jul/2022:08:57:19 +0800] "GET /xingrg/all/function/internal_message.html?_=1657673848407&CODE_STATE=getMsg HTTP/1.1" 200 27
58.35.196.166 - - [13/Jul/2022:08:57:21 +0800] "GET /xingrg/all/function/internal_message.html?_=1657673841428&CODE_STATE=getMsg HTTP/1.1" 200 27
101.83.223.227 - - [13/Jul/2022:08:57:28 +0800] "GET /xingrg/all/function/internal_message.html?_=1657673806032&CODE_STATE=getMsg HTTP/1.1" 200 27
101.83.241.136 - - [13/Jul/2022:08:57:35 +0800] "GET /xingrg/all/function/internal_message.html?_=1657673853037&CODE_STATE=getMsg HTTP/1.1" 200 27
180.175.103.110 - - [13/Jul/2022:08:57:42 +0800] "GET /xingrg/all/function/internal_message.html?_=1657673862055&CODE_STATE=getMsg HTTP/1.1" 200 27
58.35.196.166 - - [13/Jul/2022:08:57:46 +0800] "GET /xingrg/check_reg.html?_=1657673866413 HTTP/1.1" 200 22
222.69.129.110 - - [13/Jul/2022:08:57:47 +0800] "GET /xingrg/all/function/internal_message.html?_=1657673917764&CODE_STATE=getMsg HTTP/1.1" 200 27
120.253.135.82 - - [13/Jul/2022:08:57:47 +0800] "GET /xingrg/all/function/internal_message.html?_=1657673675296&CODE_STATE=getMsg HTTP/1.1" 200 27
116.235.94.65 - - [13/Jul/2022:08:58:12 +0800] "GET /xingrg/all/function/internal_message.html?_=1657674072119&CODE_STATE=getMsg HTTP/1.1" 200 27
101.85.238.90 - - [13/Jul/2022:08:58:18 +0800] "GET /favicon.ico HTTP/1.1" 404 -
218.81.223.53 - - [13/Jul/2022:08:58:20 +0800] "GET /xingrg/all/function/internal_message.html?_=1657673908573&CODE_STATE=getMsg HTTP/1.1" 200 27
58.35.196.166 - - [13/Jul/2022:08:58:21 +0800] "GET /xingrg/all/function/internal_message.html?_=1657673901399&CODE_STATE=getMsg HTTP/1.1" 200 27
180.169.147.146 - - [13/Jul/2022:08:58:22 +0800] "GET /xingrg/check_reg.html?_=1657673899554 HTTP/1.1" 302 -
180.169.147.146 - - [13/Jul/2022:08:58:22 +0800] "GET /xingrg/login.html HTTP/1.1" 200 7641
101.83.223.227 - - [13/Jul/2022:08:58:28 +0800] "GET /xingrg/all/function/internal_message.html?_=1657673866104&CODE_STATE=getMsg HTTP/1.1" 200 27
101.83.241.136 - - [13/Jul/2022:08:58:35 +0800] "GET /xingrg/all/function/internal_message.html?_=1657673913024&CODE_STATE=getMsg HTTP/1.1" 200 27
180.175.103.110 - - [13/Jul/2022:08:58:42 +0800] "GET /xingrg/all/function/internal_message.html?_=1657673922036&CODE_STATE=getMsg HTTP/1.1" 200 27
222.69.129.110 - - [13/Jul/2022:08:58:47 +0800] "GET /xingrg/all/function/internal_message.html?_=1657673977783&CODE_STATE=getMsg HTTP/1.1" 200 27
222.69.129.110 - - [13/Jul/2022:08:58:47 +0800] "GET /xingrg/check_reg.html?_=1657673977788 HTTP/1.1" 200 22
120.253.135.82 - - [13/Jul/2022:08:58:47 +0800] "GET /xingrg/all/function/internal_message.html?_=1657673735309&CODE_STATE=getMsg HTTP/1.1" 200 27
116.235.94.65 - - [13/Jul/2022:08:59:12 +0800] "GET /xingrg/all/function/internal_message.html?_=1657674132088&CODE_STATE=getMsg HTTP/1.1" 200 27
218.81.223.53 - - [13/Jul/2022:08:59:20 +0800] "GET /xingrg/all/function/internal_message.html?_=1657673968574&CODE_STATE=getMsg HTTP/1.1" 200 27
58.35.196.166 - - [13/Jul/2022:08:59:21 +0800] "GET /xingrg/all/function/internal_message.html?_=1657673961368&CODE_STATE=getMsg HTTP/1.1" 200 27
101.83.223.227 - - [13/Jul/2022:08:59:28 +0800] "GET /xingrg/check_reg.html?_=1657673925734 HTTP/1.1" 200 22
101.83.223.227 - - [13/Jul/2022:08:59:28 +0800] "GET /xingrg/all/function/internal_message.html?_=1657673926159&CODE_STATE=getMsg HTTP/1.1" 200 27
116.235.94.65 - - [13/Jul/2022:08:59:28 +0800] "GET /xingrg/check_reg.html?_=1657674148616 HTTP/1.1" 200 22
101.83.241.136 - - [13/Jul/2022:08:59:35 +0800] "GET /xingrg/all/function/internal_message.html?_=1657673973013&CODE_STATE=getMsg HTTP/1.1" 200 27
180.175.103.110 - - [13/Jul/2022:08:59:42 +0800] "GET /xingrg/all/function/internal_message.html?_=1657673982015&CODE_STATE=getMsg HTTP/1.1" 200 27
222.69.129.110 - - [13/Jul/2022:08:59:47 +0800] "GET /xingrg/all/function/internal_message.html?_=1657674037786&CODE_STATE=getMsg HTTP/1.1" 200 27
120.253.135.82 - - [13/Jul/2022:08:59:48 +0800] "GET /xingrg/all/function/internal_message.html?_=1657673795492&CODE_STATE=getMsg HTTP/1.1" 200 27
116.235.94.65 - - [13/Jul/2022:09:00:12 +0800] "GET /xingrg/all/function/internal_message.html?_=1657674192056&CODE_STATE=getMsg HTTP/1.1" 200 27
101.83.241.136 - - [13/Jul/2022:09:00:15 +0800] "GET /xingrg/kc/buy/cgsh_order_add.html HTTP/1.1" 200 67964
101.83.241.136 - - [13/Jul/2022:09:00:15 +0800] "POST /xingrg/kc/buy/cgsh_order_operate.html HTTP/1.1" 200 8245
101.83.241.136 - - [13/Jul/2022:09:00:16 +0800] "GET /xingrg/javascript/easyui/themes/default/validatebox.css HTTP/1.1" 404 1104
218.81.223.53 - - [13/Jul/2022:09:00:20 +0800] "GET /xingrg/all/function/internal_message.html?_=1657674028716&CODE_STATE=getMsg HTTP/1.1" 200 27
58.35.196.166 - - [13/Jul/2022:09:00:21 +0800] "GET /xingrg/all/function/internal_message.html?_=1657674021354&CODE_STATE=getMsg HTTP/1.1" 200 27
101.83.223.227 - - [13/Jul/2022:09:00:28 +0800] "GET /xingrg/all/function/internal_message.html?_=1657673986167&CODE_STATE=getMsg HTTP/1.1" 200 27
101.83.241.136 - - [13/Jul/2022:09:00:35 +0800] "GET /xingrg/all/function/internal_message.html?_=1657674032996&CODE_STATE=getMsg HTTP/1.1" 200 27
180.175.103.110 - - [13/Jul/2022:09:00:42 +0800] "GET /xingrg/all/function/internal_message.html?_=1657674041983&CODE_STATE=getMsg HTTP/1.1" 200 27
222.69.129.110 - - [13/Jul/2022:09:00:47 +0800] "GET /xingrg/all/function/internal_message.html?_=1657674097771&CODE_STATE=getMsg HTTP/1.1" 200 27
120.253.135.82 - - [13/Jul/2022:09:00:47 +0800] "GET /xingrg/all/function/internal_message.html?_=1657673855492&CODE_STATE=getMsg HTTP/1.1" 200 27
218.81.223.53 - - [13/Jul/2022:09:01:07 +0800] "GET /xingrg/check_reg.html?_=1657674075831 HTTP/1.1" 200 22
116.235.94.65 - - [13/Jul/2022:09:01:12 +0800] "GET /xingrg/all/function/internal_message.html?_=1657674252037&CODE_STATE=getMsg HTTP/1.1" 200 27
218.81.223.53 - - [13/Jul/2022:09:01:20 +0800] "GET /xingrg/all/function/internal_message.html?_=1657674088727&CODE_STATE=getMsg HTTP/1.1" 200 27
58.35.196.166 - - [13/Jul/2022:09:01:21 +0800] "GET /xingrg/all/function/internal_message.html?_=1657674081337&CODE_STATE=getMsg HTTP/1.1" 200 27
101.83.223.227 - - [13/Jul/2022:09:01:28 +0800] "GET /xingrg/all/function/internal_message.html?_=1657674046180&CODE_STATE=getMsg HTTP/1.1" 200 27
101.83.241.136 - - [13/Jul/2022:09:01:35 +0800] "GET /xingrg/all/function/internal_message.html?_=1657674092995&CODE_STATE=getMsg HTTP/1.1" 200 27
101.83.241.136 - - [13/Jul/2022:09:01:35 +0800] "GET /xingrg/check_reg.html?_=1657674093002 HTTP/1.1" 200 22
101.85.238.90 - - [13/Jul/2022:09:01:35 +0800] "GET /favicon.ico HTTP/1.1" 404 -
101.85.238.90 - - [13/Jul/2022:09:01:36 +0800] "GET /favicon.ico HTTP/1.1" 404 -
101.85.238.90 - - [13/Jul/2022:09:01:37 +0800] "GET /favicon.ico HTTP/1.1" 404 -
101.85.238.90 - - [13/Jul/2022:09:01:37 +0800] "GET /favicon.ico HTTP/1.1" 404 -
180.175.103.110 - - [13/Jul/2022:09:01:42 +0800] "GET /xingrg/all/function/internal_message.html?_=1657674101958&CODE_STATE=getMsg HTTP/1.1" 200 27
222.69.129.110 - - [13/Jul/2022:09:01:47 +0800] "GET /xingrg/all/function/internal_message.html?_=1657674157781&CODE_STATE=getMsg HTTP/1.1" 200 27
120.253.135.82 - - [13/Jul/2022:09:01:47 +0800] "GET /xingrg/check_reg.html?_=1657673914605 HTTP/1.1" 200 22
120.253.135.82 - - [13/Jul/2022:09:01:47 +0800] "GET /xingrg/all/function/internal_message.html?_=1657673915506&CODE_STATE=getMsg HTTP/1.1" 200 27
101.83.241.136 - - [13/Jul/2022:09:01:54 +0800] "GET /xingrg/kc/buy/cgsh_order_operate.html?command=get_materiel&rest_code=00149&code=00101008072&supplier_code=00100005&order_time=2022-07-13 HTTP/1.1" 200 408
116.235.94.65 - - [13/Jul/2022:09:02:12 +0800] "GET /xingrg/all/function/internal_message.html?_=1657674312009&CODE_STATE=getMsg HTTP/1.1" 200 27
180.175.103.110 - - [13/Jul/2022:09:02:13 +0800] "GET /xingrg/check_reg.html?_=1657674133206 HTTP/1.1" 200 22
218.81.223.53 - - [13/Jul/2022:09:02:20 +0800] "GET /xingrg/all/function/internal_message.html?_=1657674148742&CODE_STATE=getMsg HTTP/1.1" 200 27
101.83.241.136 - - [13/Jul/2022:09:02:20 +0800] "GET /xingrg/kc/buy/cgsh_order_operate.html?command=get_materiel&rest_code=00149&code=00101008210&supplier_code=00100005&order_time=2022-07-13 HTTP/1.1" 200 408
58.35.196.166 - - [13/Jul/2022:09:02:21 +0800] "GET /xingrg/all/function/internal_message.html?_=1657674141323&CODE_STATE=getMsg HTTP/1.1" 200 27
101.83.241.136 - - [13/Jul/2022:09:02:28 +0800] "GET /xingrg/kc/buy/cgsh_order_operate.html?command=get_materiel&rest_code=00149&code=00101008350&supplier_code=00100005&order_time=2022-07-13 HTTP/1.1" 200 425
101.83.223.227 - - [13/Jul/2022:09:02:28 +0800] "GET /xingrg/all/function/internal_message.html?_=1657674106252&CODE_STATE=getMsg HTTP/1.1" 200 27
101.83.241.136 - - [13/Jul/2022:09:02:35 +0800] "GET /xingrg/all/function/internal_message.html?_=1657674153006&CODE_STATE=getMsg HTTP/1.1" 200 27
101.83.241.136 - - [13/Jul/2022:09:02:36 +0800] "GET /xingrg/kc/buy/cgsh_order_operate.html?command=get_materiel&rest_code=00149&code=00101008185&supplier_code=00100005&order_time=2022-07-13 HTTP/1.1" 200 408
180.175.103.110 - - [13/Jul/2022:09:02:42 +0800] "GET /xingrg/all/function/internal_message.html?_=1657674161926&CODE_STATE=getMsg HTTP/1.1" 200 27
101.83.241.136 - - [13/Jul/2022:09:02:45 +0800] "GET /xingrg/kc/buy/cgsh_order_operate.html?command=get_materiel&rest_code=00149&code=00101008107&supplier_code=00100005&order_time=2022-07-13 HTTP/1.1" 200 412
58.35.196.166 - - [13/Jul/2022:09:02:46 +0800] "GET /xingrg/check_reg.html?_=1657674166403 HTTP/1.1" 200 22
222.69.129.110 - - [13/Jul/2022:09:02:47 +0800] "GET /xingrg/all/function/internal_message.html?_=1657674217779&CODE_STATE=getMsg HTTP/1.1" 200 27
120.253.135.82 - - [13/Jul/2022:09:02:48 +0800] "GET /xingrg/all/function/internal_message.html?_=1657673975519&CODE_STATE=getMsg HTTP/1.1" 200 27
101.83.241.136 - - [13/Jul/2022:09:02:56 +0800] "GET /xingrg/kc/buy/cgsh_order_operate.html?command=get_materiel&rest_code=00149&code=00101008110&supplier_code=00100005&order_time=2022-07-13 HTTP/1.1" 200 425
101.83.241.136 - - [13/Jul/2022:09:03:09 +0800] "GET /xingrg/kc/buy/cgsh_order_operate.html?command=get_materiel&rest_code=00149&code=00101008358&supplier_code=00100005&order_time=2022-07-13 HTTP/1.1" 200 412
116.235.94.65 - - [13/Jul/2022:09:03:12 +0800] "GET /xingrg/all/function/internal_message.html?_=1657674371984&CODE_STATE=getMsg HTTP/1.1" 200 27
218.81.223.53 - - [13/Jul/2022:09:03:20 +0800] "GET /xingrg/all/function/internal_message.html?_=1657674208926&CODE_STATE=getMsg HTTP/1.1" 200 27
58.35.196.166 - - [13/Jul/2022:09:03:21 +0800] "GET /xingrg/all/function/internal_message.html?_=1657674201295&CODE_STATE=getMsg HTTP/1.1" 200 27
101.83.241.136 - - [13/Jul/2022:09:03:22 +0800] "GET /xingrg/kc/buy/cgsh_order_operate.html?command=get_materiel&rest_code=00149&code=00101008370&supplier_code=00100005&order_time=2022-07-13 HTTP/1.1" 200 412
180.169.147.146 - - [13/Jul/2022:09:03:22 +0800] "GET /xingrg/check_reg.html?_=1657674199538 HTTP/1.1" 302 -
58.35.196.166 - - [13/Jul/2022:09:03:24 +0800] "GET /xingrg/kc/buy/cgsh_order_list.html HTTP/1.1" 200 52100
58.35.196.166 - - [13/Jul/2022:09:03:25 +0800] "POST /xingrg/kc/buy/cgsh_list_operate.html HTTP/1.1" 200 693
101.83.223.227 - - [13/Jul/2022:09:03:28 +0800] "GET /xingrg/all/function/internal_message.html?_=1657674166254&CODE_STATE=getMsg HTTP/1.1" 200 27
101.83.241.136 - - [13/Jul/2022:09:03:35 +0800] "GET /xingrg/all/function/internal_message.html?_=1657674213009&CODE_STATE=getMsg HTTP/1.1" 200 27
101.83.241.136 - - [13/Jul/2022:09:03:37 +0800] "GET /xingrg/kc/buy/cgsh_order_operate.html?command=get_materiel&rest_code=00149&code=00101008148&supplier_code=00100005&order_time=2022-07-13 HTTP/1.1" 200 416
58.35.196.166 - - [13/Jul/2022:09:03:41 +0800] "GET /xingrg/kc/buy/cgsh_order_list.html HTTP/1.1" 200 52100
180.175.103.110 - - [13/Jul/2022:09:03:42 +0800] "GET /xingrg/all/function/internal_message.html?_=1657674221904&CODE_STATE=getMsg HTTP/1.1" 200 27
58.35.196.166 - - [13/Jul/2022:09:03:42 +0800] "POST /xingrg/kc/buy/cgsh_list_operate.html HTTP/1.1" 200 693
58.35.196.166 - - [13/Jul/2022:09:03:43 +0800] "GET /xingrg/kc/buy/cgsh_order_add.html HTTP/1.1" 200 67923
58.35.196.166 - - [13/Jul/2022:09:03:43 +0800] "GET /xingrg/words/20220709093651_words.js HTTP/1.1" 304 -
58.35.196.166 - - [13/Jul/2022:09:03:43 +0800] "POST /xingrg/kc/buy/cgsh_order_operate.html HTTP/1.1" 200 8245
58.35.196.166 - - [13/Jul/2022:09:03:43 +0800] "GET /xingrg/all/common/auto_word.html?type=employee&rest_code=00156 HTTP/1.1" 200 97
58.35.196.166 - - [13/Jul/2022:09:03:43 +0800] "GET /xingrg/javascript/easyui/themes/default/validatebox.css HTTP/1.1" 404 1104
58.35.196.166 - - [13/Jul/2022:09:03:43 +0800] "GET /xingrg/all/common/auto_word.html?type=employee&rest_code=00156 HTTP/1.1" 200 97
58.35.196.166 - - [13/Jul/2022:09:03:45 +0800] "GET /xingrg/javascript/auto/indicator.gif HTTP/1.1" 404 1066
222.69.129.110 - - [13/Jul/2022:09:03:47 +0800] "GET /xingrg/all/function/internal_message.html?_=1657674277778&CODE_STATE=getMsg HTTP/1.1" 200 27
222.69.129.110 - - [13/Jul/2022:09:03:47 +0800] "GET /xingrg/check_reg.html?_=1657674277782 HTTP/1.1" 200 22
120.253.135.82 - - [13/Jul/2022:09:03:48 +0800] "GET /xingrg/all/function/internal_message.html?_=1657674035610&CODE_STATE=getMsg HTTP/1.1" 200 27
101.83.241.136 - - [13/Jul/2022:09:03:52 +0800] "GET /xingrg/kc/buy/cgsh_order_operate.html?command=get_materiel&rest_code=00149&code=00101008264&supplier_code=00100005&order_time=2022-07-13 HTTP/1.1" 200 428
101.83.241.136 - - [13/Jul/2022:09:04:02 +0800] "GET /xingrg/kc/buy/cgsh_order_operate.html?command=get_materiel&rest_code=00149&code=00101008356&supplier_code=00100005&order_time=2022-07-13 HTTP/1.1" 200 408
58.35.196.166 - - [13/Jul/2022:09:04:03 +0800] "GET /xingrg/kc/buy/cgsh_order_operate.html?command=get_materiel&rest_code=00156&code=00101006129&supplier_code=00100012&order_time=2022-07-13 HTTP/1.1" 200 447
116.235.94.65 - - [13/Jul/2022:09:04:12 +0800] "GET /xingrg/all/function/internal_message.html?_=1657674431957&CODE_STATE=getMsg HTTP/1.1" 200 27
58.35.196.166 - - [13/Jul/2022:09:04:18 +0800] "GET /xingrg/kc/buy/cgsh_order_operate.html?command=get_materiel&rest_code=00156&code=00101006193&supplier_code=00100012&order_time=2022-07-13 HTTP/1.1" 200 425
218.81.223.53 - - [13/Jul/2022:09:04:20 +0800] "GET /xingrg/all/function/internal_message.html?_=1657674268939&CODE_STATE=getMsg HTTP/1.1" 200 27
58.35.196.166 - - [13/Jul/2022:09:04:21 +0800] "GET /xingrg/all/function/internal_message.html?_=1657674261268&CODE_STATE=getMsg HTTP/1.1" 200 27
58.35.196.166 - - [13/Jul/2022:09:04:26 +0800] "POST /xingrg/kc/buy/cgsh_order_operate.html HTTP/1.1" 200 37
58.35.196.166 - - [13/Jul/2022:09:04:27 +0800] "POST /xingrg/kc/buy/cgsh_order_operate.html HTTP/1.1" 200 3264
101.83.223.227 - - [13/Jul/2022:09:04:28 +0800] "GET /xingrg/check_reg.html?_=1657674225799 HTTP/1.1" 200 22
116.235.94.65 - - [13/Jul/2022:09:04:28 +0800] "GET /xingrg/check_reg.html?_=1657674448599 HTTP/1.1" 200 22
101.83.223.227 - - [13/Jul/2022:09:04:28 +0800] "GET /xingrg/all/function/internal_message.html?_=1657674226268&CODE_STATE=getMsg HTTP/1.1" 200 27
58.35.196.166 - - [13/Jul/2022:09:04:29 +0800] "GET /xingrg/kc/print/load_config.html?kc_code=cgsh HTTP/1.1" 200 1943
58.35.196.166 - - [13/Jul/2022:09:04:29 +0800] "GET /xingrg/kc/print/load_data.html?order_code=212022071303184&kc_code=cgsh&condition= HTTP/1.1" 200 1015
101.83.241.136 - - [13/Jul/2022:09:04:30 +0800] "GET /xingrg/kc/buy/cgsh_order_operate.html?command=get_materiel&rest_code=00149&code=00101008286&supplier_code=00100005&order_time=2022-07-13 HTTP/1.1" 200 408
101.83.241.136 - - [13/Jul/2022:09:04:35 +0800] "GET /xingrg/all/function/internal_message.html?_=1657674273008&CODE_STATE=getMsg HTTP/1.1" 200 27
58.35.196.166 - - [13/Jul/2022:09:04:36 +0800] "GET /xingrg/kc/buy/cgsh_order_add.html HTTP/1.1" 200 67923
58.35.196.166 - - [13/Jul/2022:09:04:36 +0800] "POST /xingrg/kc/buy/cgsh_order_operate.html HTTP/1.1" 200 8245
58.35.196.166 - - [13/Jul/2022:09:04:36 +0800] "GET /xingrg/javascript/easyui/themes/default/validatebox.css HTTP/1.1" 404 1104
180.175.103.110 - - [13/Jul/2022:09:04:42 +0800] "GET /xingrg/all/function/internal_message.html?_=1657674281887&CODE_STATE=getMsg HTTP/1.1" 200 27
101.83.241.136 - - [13/Jul/2022:09:04:44 +0800] "GET /xingrg/kc/buy/cgsh_order_operate.html?command=get_materiel&rest_code=00149&code=00101008036&supplier_code=00100005&order_time=2022-07-13 HTTP/1.1" 200 408
58.35.196.166 - - [13/Jul/2022:09:04:45 +0800] "GET /xingrg/javascript/jquery_tools/images/next.gif HTTP/1.1" 404 1086
58.35.196.166 - - [13/Jul/2022:09:04:45 +0800] "GET /xingrg/javascript/jquery_tools/images/prev.gif HTTP/1.1" 404 1086
222.69.129.110 - - [13/Jul/2022:09:04:47 +0800] "GET /xingrg/all/function/internal_message.html?_=1657674337775&CODE_STATE=getMsg HTTP/1.1" 200 27
120.253.135.82 - - [13/Jul/2022:09:04:48 +0800] "GET /xingrg/all/function/internal_message.html?_=1657674095804&CODE_STATE=getMsg HTTP/1.1" 200 27
58.35.196.166 - - [13/Jul/2022:09:04:55 +0800] "GET /xingrg/kc/buy/cgsh_order_operate.html?command=get_materiel&rest_code=00156&code=00101008377&supplier_code=00100006&order_time=2022-07-13 HTTP/1.1" 200 408
101.83.241.136 - - [13/Jul/2022:09:04:59 +0800] "GET /xingrg/kc/buy/cgsh_order_operate.html?command=get_materiel&rest_code=00149&code=00101008296&supplier_code=00100005&order_time=2022-07-13 HTTP/1.1" 200 416
58.35.196.166 - - [13/Jul/2022:09:05:05 +0800] "GET /xingrg/kc/buy/cgsh_order_operate.html?command=get_materiel&rest_code=00156&code=00101008670&supplier_code=00100006&order_time=2022-07-13 HTTP/1.1" 200 398
114.88.162.248 - - [13/Jul/2022:09:05:11 +0800] "GET /favicon.ico HTTP/1.1" 404 -
116.235.94.65 - - [13/Jul/2022:09:05:12 +0800] "GET /xingrg/all/function/internal_message.html?_=1657674491930&CODE_STATE=getMsg HTTP/1.1" 200 27
101.83.241.136 - - [13/Jul/2022:09:05:13 +0800] "GET /xingrg/kc/buy/cgsh_order_operate.html?command=get_materiel&rest_code=00149&code=00101008005&supplier_code=00100005&order_time=2022-07-13 HTTP/1.1" 200 429
58.35.196.166 - - [13/Jul/2022:09:05:14 +0800] "GET /xingrg/kc/buy/cgsh_order_operate.html?command=get_materiel&rest_code=00156&code=00101008318&supplier_code=00100006&order_time=2022-07-13 HTTP/1.1" 200 408
114.88.162.248 - - [13/Jul/2022:09:05:17 +0800] "GET /xingrg/login.html HTTP/1.1" 200 7641
114.88.162.248 - - [13/Jul/2022:09:05:17 +0800] "GET /favicon.ico HTTP/1.1" 404 -
218.81.223.53 - - [13/Jul/2022:09:05:20 +0800] "GET /xingrg/all/function/internal_message.html?_=1657674328953&CODE_STATE=getMsg HTTP/1.1" 200 27
58.35.196.166 - - [13/Jul/2022:09:05:21 +0800] "GET /xingrg/all/function/internal_message.html?_=1657674321245&CODE_STATE=getMsg HTTP/1.1" 200 27
114.88.162.248 - - [13/Jul/2022:09:05:22 +0800] "POST /xingrg/login.do HTTP/1.1" 302 -
114.88.162.248 - - [13/Jul/2022:09:05:22 +0800] "GET /xingrg/index.html?sysBaseUrl=http%3A%2F%2F180.169.147.146%3A18081%2Fxingrg%2F&costTime=39×tamp=1657674322771 HTTP/1.1" 200 17173
114.88.162.248 - - [13/Jul/2022:09:05:22 +0800] "GET /favicon.ico HTTP/1.1" 404 -
114.88.162.248 - - [13/Jul/2022:09:05:23 +0800] "POST /xingrg/all/common/load_tree.html?tree=area_rest_tree_json&manage=1 HTTP/1.1" 200 342
114.88.162.248 - - [13/Jul/2022:09:05:23 +0800] "POST /xingrg/load_menu.html HTTP/1.1" 200 5138
114.88.162.248 - - [13/Jul/2022:09:05:23 +0800] "GET /xingrg/all/function/internal_message.html?_=1657674319859&CODE_STATE=count HTTP/1.1" 200 11
114.88.162.248 - - [13/Jul/2022:09:05:23 +0800] "GET /xingrg/check_reg.html?_=1657674319860 HTTP/1.1" 200 22
58.35.196.166 - - [13/Jul/2022:09:05:23 +0800] "GET /xingrg/kc/buy/cgsh_order_operate.html?command=get_materiel&rest_code=00156&code=00101008357&supplier_code=00100006&order_time=2022-07-13 HTTP/1.1" 200 408
114.88.162.248 - - [13/Jul/2022:09:05:24 +0800] "GET /xingrg/css/new_ie.css HTTP/1.1" 404 1036
114.88.162.248 - - [13/Jul/2022:09:05:24 +0800] "GET /xingrg/kc/buy/buy_main.html HTTP/1.1" 200 12412
114.88.162.248 - - [13/Jul/2022:09:05:24 +0800] "GET /xingrg/images/yd/bt.gif HTTP/1.1" 404 1040
114.88.162.248 - - [13/Jul/2022:09:05:25 +0800] "GET /xingrg/kc/buy/cgsh_order_list.html HTTP/1.1" 200 52094
114.88.162.248 - - [13/Jul/2022:09:05:26 +0800] "POST /xingrg/kc/buy/cgsh_list_operate.html HTTP/1.1" 200 693
101.83.241.136 - - [13/Jul/2022:09:05:27 +0800] "GET /xingrg/kc/buy/cgsh_order_operate.html?command=get_materiel&rest_code=00149&code=00101008298&supplier_code=00100005&order_time=2022-07-13 HTTP/1.1" 200 428
114.88.162.248 - - [13/Jul/2022:09:05:28 +0800] "GET /xingrg/kc/buy/cgsh_order_add.html HTTP/1.1" 200 67832
114.88.162.248 - - [13/Jul/2022:09:05:28 +0800] "GET /xingrg/words/20220709093651_words.js HTTP/1.1" 304 -
114.88.162.248 - - [13/Jul/2022:09:05:28 +0800] "POST /xingrg/kc/buy/cgsh_order_operate.html HTTP/1.1" 200 8245
114.88.162.248 - - [13/Jul/2022:09:05:28 +0800] "GET /xingrg/all/common/auto_word.html?type=employee&rest_code=00111 HTTP/1.1" 200 155
114.88.162.248 - - [13/Jul/2022:09:05:28 +0800] "GET /xingrg/javascript/easyui/themes/default/validatebox.css HTTP/1.1" 404 1104
114.88.162.248 - - [13/Jul/2022:09:05:28 +0800] "GET /xingrg/all/common/auto_word.html?type=employee&rest_code=00111 HTTP/1.1" 200 155
101.83.223.227 - - [13/Jul/2022:09:05:28 +0800] "GET /xingrg/all/function/internal_message.html?_=1657674286281&CODE_STATE=getMsg HTTP/1.1" 200 27
114.88.162.248 - - [13/Jul/2022:09:05:34 +0800] "GET /xingrg/javascript/auto/indicator.gif HTTP/1.1" 404 1066
101.83.241.136 - - [13/Jul/2022:09:05:35 +0800] "GET /xingrg/all/function/internal_message.html?_=1657674333007&CODE_STATE=getMsg HTTP/1.1" 200 27
114.88.162.248 - - [13/Jul/2022:09:05:36 +0800] "GET /xingrg/javascript/jquery_tools/images/prev.gif HTTP/1.1" 404 1086
114.88.162.248 - - [13/Jul/2022:09:05:36 +0800] "GET /xingrg/javascript/jquery_tools/images/next.gif HTTP/1.1" 404 1086
58.35.196.166 - - [13/Jul/2022:09:05:38 +0800] "GET /xingrg/kc/buy/cgsh_order_operate.html?command=get_materiel&rest_code=00156&code=00101008196&supplier_code=00100006&order_time=2022-07-13 HTTP/1.1" 200 416
180.175.103.110 - - [13/Jul/2022:09:05:42 +0800] "GET /xingrg/all/function/internal_message.html?_=1657674341863&CODE_STATE=getMsg HTTP/1.1" 200 27
114.88.162.248 - - [13/Jul/2022:09:05:45 +0800] "GET /xingrg/kc/buy/cgsh_order_operate.html?command=get_materiel&rest_code=00111&code=00101008096&supplier_code=00100005&order_time=2022-07-13 HTTP/1.1" 200 413
222.69.129.110 - - [13/Jul/2022:09:05:47 +0800] "GET /xingrg/all/function/internal_message.html?_=1657674397771&CODE_STATE=getMsg HTTP/1.1" 200 27
120.253.135.82 - - [13/Jul/2022:09:05:48 +0800] "GET /xingrg/all/function/internal_message.html?_=1657674155809&CODE_STATE=getMsg HTTP/1.1" 200 27
101.83.241.136 - - [13/Jul/2022:09:05:49 +0800] "GET /xingrg/kc/buy/cgsh_order_operate.html?command=get_materiel&rest_code=00149&code=00101008125&supplier_code=00100005&order_time=2022-07-13 HTTP/1.1" 200 413
114.88.162.248 - - [13/Jul/2022:09:05:52 +0800] "GET /xingrg/kc/buy/cgsh_order_operate.html?command=get_materiel&rest_code=00111&code=00101008067&supplier_code=00100005&order_time=2022-07-13 HTTP/1.1" 200 416
58.35.196.166 - - [13/Jul/2022:09:05:54 +0800] "GET /xingrg/kc/buy/cgsh_order_operate.html?command=get_materiel&rest_code=00156&code=00101008134&supplier_code=00100006&order_time=2022-07-13 HTTP/1.1" 200 412
101.83.241.136 - - [13/Jul/2022:09:06:04 +0800] "GET /xingrg/kc/buy/cgsh_order_operate.html?command=get_materiel&rest_code=00149&code=00101008330&supplier_code=00100005&order_time=2022-07-13 HTTP/1.1" 200 409
114.88.162.248 - - [13/Jul/2022:09:06:04 +0800] "GET /xingrg/kc/buy/cgsh_order_operate.html?command=get_materiel&rest_code=00111&code=00101008264&supplier_code=00100005&order_time=2022-07-13 HTTP/1.1" 200 428
58.35.196.166 - - [13/Jul/2022:09:06:04 +0800] "GET /xingrg/kc/buy/cgsh_order_operate.html?command=get_materiel&rest_code=00156&code=00101008417&supplier_code=00100006&order_time=2022-07-13 HTTP/1.1" 200 428
218.81.223.53 - - [13/Jul/2022:09:06:07 +0800] "GET /xingrg/check_reg.html?_=1657674375831 HTTP/1.1" 200 22
116.235.94.65 - - [13/Jul/2022:09:06:12 +0800] "GET /xingrg/all/function/internal_message.html?_=1657674551911&CODE_STATE=getMsg HTTP/1.1" 200 27
58.35.196.166 - - [13/Jul/2022:09:06:13 +0800] "GET /xingrg/kc/buy/cgsh_order_operate.html?command=get_materiel&rest_code=00156&code=00101008370&supplier_code=00100006&order_time=2022-07-13 HTTP/1.1" 200 412
114.88.162.248 - - [13/Jul/2022:09:06:18 +0800] "GET /xingrg/kc/buy/cgsh_order_operate.html?command=get_materiel&rest_code=00111&code=00101008356&supplier_code=00100005&order_time=2022-07-13 HTTP/1.1" 200 408
218.81.223.53 - - [13/Jul/2022:09:06:20 +0800] "GET /xingrg/all/function/internal_message.html?_=1657674388966&CODE_STATE=getMsg HTTP/1.1" 200 27
58.35.196.166 - - [13/Jul/2022:09:06:21 +0800] "GET /xingrg/all/function/internal_message.html?_=1657674381221&CODE_STATE=getMsg HTTP/1.1" 200 27
101.83.241.136 - - [13/Jul/2022:09:06:21 +0800] "POST /xingrg/kc/buy/cgsh_order_operate.html HTTP/1.1" 200 37
114.88.162.248 - - [13/Jul/2022:09:06:23 +0800] "GET /xingrg/all/function/internal_message.html?_=1657674379875&CODE_STATE=getMsg HTTP/1.1" 200 27
114.88.162.248 - - [13/Jul/2022:09:06:25 +0800] "GET /xingrg/kc/buy/cgsh_order_operate.html?command=get_materiel&rest_code=00111&code=00101008360&supplier_code=00100005&order_time=2022-07-13 HTTP/1.1" 200 413
101.83.241.136 - - [13/Jul/2022:09:06:26 +0800] "POST /xingrg/kc/buy/cgsh_order_operate.html HTTP/1.1" 200 12
101.83.223.227 - - [13/Jul/2022:09:06:28 +0800] "GET /xingrg/all/function/internal_message.html?_=1657674346296&CODE_STATE=getMsg HTTP/1.1" 200 27
58.35.196.166 - - [13/Jul/2022:09:06:30 +0800] "GET /xingrg/kc/buy/cgsh_order_operate.html?command=get_materiel&rest_code=00156&code=00101008358&supplier_code=00100006&order_time=2022-07-13 HTTP/1.1" 200 412
101.83.241.136 - - [13/Jul/2022:09:06:34 +0800] "GET /xingrg/kc/buy/cgsh_order_info.html?code=212022071303185 HTTP/1.1" 200 62867
101.83.241.136 - - [13/Jul/2022:09:06:34 +0800] "GET /xingrg/javascript/easyui/themes/default/validatebox.css HTTP/1.1" 404 1104
101.83.241.136 - - [13/Jul/2022:09:06:35 +0800] "POST /xingrg/kc/buy/cgsh_order_operate.html HTTP/1.1" 200 10662
101.83.241.136 - - [13/Jul/2022:09:06:35 +0800] "GET /xingrg/all/function/internal_message.html?_=1657674393092&CODE_STATE=getMsg HTTP/1.1" 200 27
101.83.241.136 - - [13/Jul/2022:09:06:35 +0800] "GET /xingrg/check_reg.html?_=1657674393094 HTTP/1.1" 200 22
114.88.162.248 - - [13/Jul/2022:09:06:37 +0800] "GET /xingrg/kc/buy/cgsh_order_operate.html?command=get_materiel&rest_code=00111&code=00101008286&supplier_code=00100005&order_time=2022-07-13 HTTP/1.1" 200 408
58.35.196.166 - - [13/Jul/2022:09:06:38 +0800] "GET /xingrg/kc/buy/cgsh_order_operate.html?command=get_materiel&rest_code=00156&code=00101009113&supplier_code=00100006&order_time=2022-07-13 HTTP/1.1" 200 413
180.175.103.110 - - [13/Jul/2022:09:06:42 +0800] "GET /xingrg/all/function/internal_message.html?_=1657674401835&CODE_STATE=getMsg HTTP/1.1" 200 27
101.83.241.136 - - [13/Jul/2022:09:06:46 +0800] "GET /xingrg/kc/print/load_data.html?order_code=212022071303185&kc_code=cgsh&condition= HTTP/1.1" 200 4560
114.88.162.248 - - [13/Jul/2022:09:06:46 +0800] "GET /xingrg/kc/buy/cgsh_order_operate.html?command=get_materiel&rest_code=00111&code=00101008098&supplier_code=00100005&order_time=2022-07-13 HTTP/1.1" 200 414
222.69.129.110 - - [13/Jul/2022:09:06:47 +0800] "GET /xingrg/all/function/internal_message.html?_=1657674457777&CODE_STATE=getMsg HTTP/1.1" 200 27
120.253.135.82 - - [13/Jul/2022:09:06:47 +0800] "GET /xingrg/check_reg.html?_=1657674215011 HTTP/1.1" 200 22
120.253.135.82 - - [13/Jul/2022:09:06:48 +0800] "GET /xingrg/all/function/internal_message.html?_=1657674215825&CODE_STATE=getMsg HTTP/1.1" 200 27
58.35.196.166 - - [13/Jul/2022:09:06:51 +0800] "GET /xingrg/kc/buy/cgsh_order_operate.html?command=get_materiel&rest_code=00156&code=00101009086&supplier_code=00100006&order_time=2022-07-13 HTTP/1.1" 200 419
114.88.162.248 - - [13/Jul/2022:09:07:01 +0800] "GET /xingrg/kc/buy/cgsh_order_operate.html?command=get_materiel&rest_code=00111&code=00101008353&supplier_code=00100005&order_time=2022-07-13 HTTP/1.1" 200 424
58.35.196.166 - - [13/Jul/2022:09:07:04 +0800] "GET /xingrg/kc/buy/cgsh_order_operate.html?command=get_materiel&rest_code=00156&code=00101009079&supplier_code=00100006&order_time=2022-07-13 HTTP/1.1" 200 409
114.88.162.248 - - [13/Jul/2022:09:07:10 +0800] "GET /xingrg/kc/buy/cgsh_order_operate.html?command=get_materiel&rest_code=00111&code=00101008110&supplier_code=00100005&order_time=2022-07-13 HTTP/1.1" 200 425
116.235.94.65 - - [13/Jul/2022:09:07:12 +0800] "GET /xingrg/all/function/internal_message.html?_=1657674611891&CODE_STATE=getMsg HTTP/1.1" 200 27
180.175.103.110 - - [13/Jul/2022:09:07:13 +0800] "GET /xingrg/check_reg.html?_=1657674433180 HTTP/1.1" 200 22
58.35.196.166 - - [13/Jul/2022:09:07:17 +0800] "GET /xingrg/kc/buy/cgsh_order_operate.html?command=get_materiel&rest_code=00156&code=00101009121&supplier_code=00100006&order_time=2022-07-13 HTTP/1.1" 200 425
114.88.162.248 - - [13/Jul/2022:09:07:18 +0800] "GET /xingrg/kc/buy/cgsh_order_operate.html?command=get_materiel&rest_code=00111&code=00101008283&supplier_code=00100005&order_time=2022-07-13 HTTP/1.1" 200 408
218.81.223.53 - - [13/Jul/2022:09:07:20 +0800] "GET /xingrg/all/function/internal_message.html?_=1657674448979&CODE_STATE=getMsg HTTP/1.1" 200 27
58.35.196.166 - - [13/Jul/2022:09:07:21 +0800] "GET /xingrg/all/function/internal_message.html?_=1657674441192&CODE_STATE=getMsg HTTP/1.1" 200 27
114.88.162.248 - - [13/Jul/2022:09:07:23 +0800] "GET /xingrg/all/function/internal_message.html?_=1657674439878&CODE_STATE=getMsg HTTP/1.1" 200 27
114.88.162.248 - - [13/Jul/2022:09:07:25 +0800] "GET /xingrg/kc/buy/cgsh_order_operate.html?command=get_materiel&rest_code=00111&code=00101008331&supplier_code=00100005&order_time=2022-07-13 HTTP/1.1" 200 416
101.83.223.227 - - [13/Jul/2022:09:07:29 +0800] "GET /xingrg/all/function/internal_message.html?_=1657674406370&CODE_STATE=getMsg HTTP/1.1" 200 27
58.35.196.166 - - [13/Jul/2022:09:07:31 +0800] "GET /xingrg/kc/buy/cgsh_order_operate.html?command=get_materiel&rest_code=00156&code=00101008089&supplier_code=00100006&order_time=2022-07-13 HTTP/1.1" 200 408
101.83.241.136 - - [13/Jul/2022:09:07:35 +0800] "GET /xingrg/all/function/internal_message.html?_=1657674453072&CODE_STATE=getMsg HTTP/1.1" 200 27
58.35.196.166 - - [13/Jul/2022:09:07:41 +0800] "POST /xingrg/kc/buy/cgsh_order_operate.html HTTP/1.1" 200 37
114.88.162.248 - - [13/Jul/2022:09:07:41 +0800] "GET /xingrg/kc/buy/cgsh_order_operate.html?command=get_materiel&rest_code=00111&code=00101008155&supplier_code=00100005&order_time=2022-07-13 HTTP/1.1" 200 409
180.175.103.110 - - [13/Jul/2022:09:07:42 +0800] "GET /xingrg/all/function/internal_message.html?_=1657674461816&CODE_STATE=getMsg HTTP/1.1" 200 27
58.35.196.166 - - [13/Jul/2022:09:07:43 +0800] "POST /xingrg/kc/buy/cgsh_order_operate.html HTTP/1.1" 200 9774
58.35.196.166 - - [13/Jul/2022:09:07:45 +0800] "GET /xingrg/kc/print/load_data.html?order_code=212022071303186&kc_code=cgsh&condition= HTTP/1.1" 200 3398
58.35.196.166 - - [13/Jul/2022:09:07:46 +0800] "GET /xingrg/check_reg.html?_=1657674466442 HTTP/1.1" 200 22
222.69.129.110 - - [13/Jul/2022:09:07:47 +0800] "GET /xingrg/all/function/internal_message.html?_=1657674517766&CODE_STATE=getMsg HTTP/1.1" 200 27
120.253.135.82 - - [13/Jul/2022:09:07:48 +0800] "GET /xingrg/all/function/internal_message.html?_=1657674275837&CODE_STATE=getMsg HTTP/1.1" 200 27
114.88.162.248 - - [13/Jul/2022:09:07:54 +0800] "GET /xingrg/kc/buy/cgsh_order_operate.html?command=get_materiel&rest_code=00111&code=00101008436&supplier_code=00100005&order_time=2022-07-13 HTTP/1.1" 200 412
114.88.162.248 - - [13/Jul/2022:09:08:03 +0800] "GET /xingrg/kc/buy/cgsh_order_operate.html?command=get_materiel&rest_code=00111&code=00101008131&supplier_code=00100005&order_time=2022-07-13 HTTP/1.1" 200 408
116.235.94.65 - - [13/Jul/2022:09:08:12 +0800] "GET /xingrg/all/function/internal_message.html?_=1657674671872&CODE_STATE=getMsg HTTP/1.1" 200 27
218.81.223.53 - - [13/Jul/2022:09:08:20 +0800] "GET /xingrg/all/function/internal_message.html?_=1657674509136&CODE_STATE=getMsg HTTP/1.1" 200 27
58.35.196.166 - - [13/Jul/2022:09:08:21 +0800] "GET /xingrg/all/function/internal_message.html?_=1657674501171&CODE_STATE=getMsg HTTP/1.1" 200 27
114.88.162.248 - - [13/Jul/2022:09:08:21 +0800] "GET /xingrg/kc/buy/cgsh_order_operate.html?command=get_materiel&rest_code=00111&code=00101008361&supplier_code=00100005&order_time=2022-07-13 HTTP/1.1" 200 408
180.169.147.146 - - [13/Jul/2022:09:08:22 +0800] "GET /xingrg/check_reg.html?_=1657674499526 HTTP/1.1" 302 -
114.88.162.248 - - [13/Jul/2022:09:08:23 +0800] "GET /xingrg/all/function/internal_message.html?_=1657674499876&CODE_STATE=getMsg HTTP/1.1" 200 27
101.83.223.227 - - [13/Jul/2022:09:08:29 +0800] "GET /xingrg/all/function/internal_message.html?_=1657674466386&CODE_STATE=getMsg HTTP/1.1" 200 27
114.88.162.248 - - [13/Jul/2022:09:08:29 +0800] "GET /xingrg/kc/buy/cgsh_order_operate.html?command=get_materiel&rest_code=00111&code=00101008219&supplier_code=00100005&order_time=2022-07-13 HTTP/1.1" 200 427
101.83.241.136 - - [13/Jul/2022:09:08:35 +0800] "GET /xingrg/all/function/internal_message.html?_=1657674513043&CODE_STATE=getMsg HTTP/1.1" 200 27
180.175.103.110 - - [13/Jul/2022:09:08:42 +0800] "GET /xingrg/all/function/internal_message.html?_=1657674521789&CODE_STATE=getMsg HTTP/1.1" 200 27
222.69.129.110 - - [13/Jul/2022:09:08:47 +0800] "GET /xingrg/all/function/internal_message.html?_=1657674577777&CODE_STATE=getMsg HTTP/1.1" 200 27
222.69.129.110 - - [13/Jul/2022:09:08:47 +0800] "GET /xingrg/check_reg.html?_=1657674577781 HTTP/1.1" 200 22
120.253.135.82 - - [13/Jul/2022:09:08:48 +0800] "GET /xingrg/all/function/internal_message.html?_=1657674335852&CODE_STATE=getMsg HTTP/1.1" 200 27
114.88.162.248 - - [13/Jul/2022:09:08:48 +0800] "GET /xingrg/kc/buy/cgsh_order_operate.html?command=get_materiel&rest_code=00111&code=00101008148&supplier_code=00100005&order_time=2022-07-13 HTTP/1.1" 200 416
114.88.162.248 - - [13/Jul/2022:09:08:50 +0800] "POST /xingrg/kc/buy/cgsh_order_operate.html HTTP/1.1" 200 2065
114.88.162.248 - - [13/Jul/2022:09:08:57 +0800] "GET /xingrg/kc/buy/cgsh_order_operate.html?command=get_materiel&rest_code=00111&code=00101008141&supplier_code=00100005&order_time=2022-07-13 HTTP/1.1" 200 412
114.88.162.248 - - [13/Jul/2022:09:09:04 +0800] "GET /xingrg/kc/buy/cgsh_order_operate.html?command=get_materiel&rest_code=00111&code=00101008126&supplier_code=00100005&order_time=2022-07-13 HTTP/1.1" 200 412
116.235.94.65 - - [13/Jul/2022:09:09:12 +0800] "GET /xingrg/all/function/internal_message.html?_=1657674731848&CODE_STATE=getMsg HTTP/1.1" 200 27
114.88.162.248 - - [13/Jul/2022:09:09:12 +0800] "GET /xingrg/kc/buy/cgsh_order_operate.html?command=get_materiel&rest_code=00111&code=00101008149&supplier_code=00100005&order_time=2022-07-13 HTTP/1.1" 200 408
116.232.38.218 - - [13/Jul/2022:09:09:13 +0800] "POST /xingrg/services/DataTransmitService HTTP/1.1" 200 524
218.81.223.53 - - [13/Jul/2022:09:09:20 +0800] "GET /xingrg/all/function/internal_message.html?_=1657674569148&CODE_STATE=getMsg HTTP/1.1" 200 27
58.35.196.166 - - [13/Jul/2022:09:09:21 +0800] "GET /xingrg/all/function/internal_message.html?_=1657674561155&CODE_STATE=getMsg HTTP/1.1" 200 27
114.88.162.248 - - [13/Jul/2022:09:09:23 +0800] "GET /xingrg/all/function/internal_message.html?_=1657674559859&CODE_STATE=getMsg HTTP/1.1" 200 27
101.83.223.227 - - [13/Jul/2022:09:09:28 +0800] "GET /xingrg/check_reg.html?_=1657674525863 HTTP/1.1" 200 22
116.235.94.65 - - [13/Jul/2022:09:09:28 +0800] "GET /xingrg/check_reg.html?_=1657674748569 HTTP/1.1" 200 22
101.83.223.227 - - [13/Jul/2022:09:09:29 +0800] "GET /xingrg/all/function/internal_message.html?_=1657674526399&CODE_STATE=getMsg HTTP/1.1" 200 27
114.88.162.248 - - [13/Jul/2022:09:09:30 +0800] "POST /xingrg/kc/buy/cgsh_order_operate.html HTTP/1.1" 200 37
114.88.162.248 - - [13/Jul/2022:09:09:33 +0800] "POST /xingrg/kc/buy/cgsh_order_operate.html HTTP/1.1" 200 15076
101.83.241.136 - - [13/Jul/2022:09:09:35 +0800] "GET /xingrg/all/function/internal_message.html?_=1657674573021&CODE_STATE=getMsg HTTP/1.1" 200 27
114.88.162.248 - - [13/Jul/2022:09:09:35 +0800] "GET /xingrg/kc/print/load_config.html?kc_code=cgsh HTTP/1.1" 200 1943
114.88.162.248 - - [13/Jul/2022:09:09:35 +0800] "GET /xingrg/kc/print/load_data.html?order_code=212022071303187&kc_code=cgsh&condition= HTTP/1.1" 200 5408
180.175.103.110 - - [13/Jul/2022:09:09:42 +0800] "GET /xingrg/all/function/internal_message.html?_=1657674581760&CODE_STATE=getMsg HTTP/1.1" 200 27
114.88.162.248 - - [13/Jul/2022:09:09:45 +0800] "GET /xingrg/kc/buy/cgsh_order_add.html HTTP/1.1" 200 67832
114.88.162.248 - - [13/Jul/2022:09:09:46 +0800] "POST /xingrg/kc/buy/cgsh_order_operate.html HTTP/1.1" 200 8245
114.88.162.248 - - [13/Jul/2022:09:09:46 +0800] "GET /xingrg/javascript/easyui/themes/default/validatebox.css HTTP/1.1" 404 1104
222.69.129.110 - - [13/Jul/2022:09:09:47 +0800] "GET /xingrg/all/function/internal_message.html?_=1657674637771&CODE_STATE=getMsg HTTP/1.1" 200 27
120.253.135.82 - - [13/Jul/2022:09:09:48 +0800] "GET /xingrg/all/function/internal_message.html?_=1657674396041&CODE_STATE=getMsg HTTP/1.1" 200 27
61.170.235.209 - - [13/Jul/2022:09:09:55 +0800] "POST /xingrg/services/DataTransmitService HTTP/1.1" 200 524
114.88.162.248 - - [13/Jul/2022:09:09:58 +0800] "GET /xingrg/kc/buy/cgsh_order_operate.html?command=get_materiel&rest_code=00111&code=00101004030&supplier_code=00100199&order_time=2022-07-13 HTTP/1.1" 200 408
114.88.162.248 - - [13/Jul/2022:09:10:07 +0800] "GET /xingrg/kc/buy/cgsh_order_operate.html?command=get_materiel&rest_code=00111&code=00101002027&supplier_code=00100199&order_time=2022-07-13 HTTP/1.1" 200 413
116.235.94.65 - - [13/Jul/2022:09:10:12 +0800] "GET /xingrg/all/function/internal_message.html?_=1657674791824&CODE_STATE=getMsg HTTP/1.1" 200 27
218.81.223.53 - - [13/Jul/2022:09:10:20 +0800] "GET /xingrg/all/function/internal_message.html?_=1657674629301&CODE_STATE=getMsg HTTP/1.1" 200 27
180.175.103.110 - - [13/Jul/2022:09:10:20 +0800] "GET /xingrg/kc/buy/cgsh_order_add.html HTTP/1.1" 200 67958
180.175.103.110 - - [13/Jul/2022:09:10:21 +0800] "POST /xingrg/kc/buy/cgsh_order_operate.html HTTP/1.1" 200 8245
180.175.103.110 - - [13/Jul/2022:09:10:21 +0800] "GET /xingrg/javascript/easyui/themes/default/validatebox.css HTTP/1.1" 404 1104
58.35.196.166 - - [13/Jul/2022:09:10:21 +0800] "GET /xingrg/all/function/internal_message.html?_=1657674621141&CODE_STATE=getMsg HTTP/1.1" 200 27
114.88.162.248 - - [13/Jul/2022:09:10:23 +0800] "GET /xingrg/all/function/internal_message.html?_=1657674619863&CODE_STATE=getMsg HTTP/1.1" 200 27
114.88.162.248 - - [13/Jul/2022:09:10:23 +0800] "GET /xingrg/check_reg.html?_=1657674619866 HTTP/1.1" 200 22
114.88.162.248 - - [13/Jul/2022:09:10:27 +0800] "POST /xingrg/kc/buy/cgsh_order_operate.html HTTP/1.1" 200 37
114.88.162.248 - - [13/Jul/2022:09:10:28 +0800] "POST /xingrg/kc/buy/cgsh_order_operate.html HTTP/1.1" 200 3251
101.83.223.227 - - [13/Jul/2022:09:10:29 +0800] "GET /xingrg/all/function/internal_message.html?_=1657674586412&CODE_STATE=getMsg HTTP/1.1" 200 27
114.88.162.248 - - [13/Jul/2022:09:10:30 +0800] "GET /xingrg/kc/print/load_data.html?order_code=212022071303188&kc_code=cgsh&condition= HTTP/1.1" 200 882
114.88.162.248 - - [13/Jul/2022:09:10:34 +0800] "GET /xingrg/kc/buy/cgsh_order_add.html HTTP/1.1" 200 67832
114.88.162.248 - - [13/Jul/2022:09:10:34 +0800] "GET /xingrg/javascript/easyui/themes/default/validatebox.css HTTP/1.1" 404 1104
114.88.162.248 - - [13/Jul/2022:09:10:34 +0800] "POST /xingrg/kc/buy/cgsh_order_operate.html HTTP/1.1" 200 8245
101.83.241.136 - - [13/Jul/2022:09:10:35 +0800] "GET /xingrg/all/function/internal_message.html?_=1657674633022&CODE_STATE=getMsg HTTP/1.1" 200 27
180.175.103.110 - - [13/Jul/2022:09:10:36 +0800] "GET /xingrg/kc/buy/cgsh_order_operate.html?command=get_materiel&rest_code=00105&code=00101006120&supplier_code=00100012&order_time=2022-07-13 HTTP/1.1" 200 429
180.175.103.110 - - [13/Jul/2022:09:10:42 +0800] "GET /xingrg/all/function/internal_message.html?_=1657674641810&CODE_STATE=getMsg HTTP/1.1" 200 27
222.69.129.110 - - [13/Jul/2022:09:10:47 +0800] "GET /xingrg/all/function/internal_message.html?_=1657674697774&CODE_STATE=getMsg HTTP/1.1" 200 27
120.253.135.82 - - [13/Jul/2022:09:10:48 +0800] "GET /xingrg/all/function/internal_message.html?_=1657674456050&CODE_STATE=getMsg HTTP/1.1" 200 27
180.175.103.110 - - [13/Jul/2022:09:10:50 +0800] "GET /xingrg/kc/buy/cgsh_order_operate.html?command=get_materiel&rest_code=00105&code=00101006111&supplier_code=00100012&order_time=2022-07-13 HTTP/1.1" 200 409
114.88.162.248 - - [13/Jul/2022:09:10:54 +0800] "GET /xingrg/kc/buy/cgsh_order_operate.html?command=get_materiel&rest_code=00111&code=00101006129&supplier_code=00100037&order_time=2022-07-13 HTTP/1.1" 200 449
180.175.103.110 - - [13/Jul/2022:09:11:03 +0800] "GET /xingrg/kc/buy/cgsh_order_operate.html?command=get_materiel&rest_code=00105&code=00101006112&supplier_code=00100012&order_time=2022-07-13 HTTP/1.1" 200 409
116.230.110.24 - - [13/Jul/2022:09:11:07 +0800] "POST /xingrg/services/DataTransmitService HTTP/1.1" 200 524
218.81.223.53 - - [13/Jul/2022:09:11:07 +0800] "GET /xingrg/check_reg.html?_=1657674675841 HTTP/1.1" 200 22
114.88.162.248 - - [13/Jul/2022:09:11:10 +0800] "GET /xingrg/kc/buy/cgsh_order_operate.html?command=get_materiel&rest_code=00111&code=00101006111&supplier_code=00100037&order_time=2022-07-13 HTTP/1.1" 200 409
116.235.94.65 - - [13/Jul/2022:09:11:12 +0800] "GET /xingrg/all/function/internal_message.html?_=1657674851801&CODE_STATE=getMsg HTTP/1.1" 200 27
114.88.162.248 - - [13/Jul/2022:09:11:18 +0800] "GET /xingrg/kc/buy/cgsh_order_operate.html?command=get_materiel&rest_code=00111&code=00101020153&supplier_code=00100037&order_time=2022-07-13 HTTP/1.1" 200 408
218.81.223.53 - - [13/Jul/2022:09:11:20 +0800] "GET /xingrg/all/function/internal_message.html?_=1657674689315&CODE_STATE=getMsg HTTP/1.1" 200 27
58.35.196.166 - - [13/Jul/2022:09:11:21 +0800] "GET /xingrg/all/function/internal_message.html?_=1657674681127&CODE_STATE=getMsg HTTP/1.1" 200 27
114.88.162.248 - - [13/Jul/2022:09:11:23 +0800] "GET /xingrg/all/function/internal_message.html?_=1657674679992&CODE_STATE=getMsg HTTP/1.1" 200 27
