58.35.196.166 - - [12/Jul/2022:10:40:45 +0800] "GET /xingrg/all/function/internal_message.html?_=1657593646409&CODE_STATE=getMsg HTTP/1.1" 200 27
180.169.147.146 - - [12/Jul/2022:10:40:52 +0800] "GET /xingrg/all/function/internal_message.html?_=1657593651493&CODE_STATE=getMsg HTTP/1.1" 200 27
116.230.110.167 - - [12/Jul/2022:10:40:56 +0800] "POST /xingrg/services/DataTransmitService HTTP/1.1" 200 524
116.230.110.167 - - [12/Jul/2022:10:40:57 +0800] "POST /xingrg/services/DataTransmitService HTTP/1.1" 200 412
101.85.238.90 - - [12/Jul/2022:10:41:00 +0800] "GET /xingrg/all/function/internal_message.html?_=1657593727541&CODE_STATE=getMsg HTTP/1.1" 200 27
218.81.223.53 - - [12/Jul/2022:10:41:03 +0800] "GET /xingrg/all/function/internal_message.html?_=1657593669244&CODE_STATE=getMsg HTTP/1.1" 200 27
101.85.238.90 - - [12/Jul/2022:10:41:07 +0800] "POST /xingrg/kc/buy/cgsh_order_operate.html HTTP/1.1" 200 37
180.169.147.146 - - [12/Jul/2022:10:41:09 +0800] "POST /xingrg/all/common/load_combo.html?type=base HTTP/1.1" 200 3230
124.78.154.64 - - [12/Jul/2022:10:41:10 +0800] "GET /xingrg/check_reg.html?_=1657593670396 HTTP/1.1" 200 22
124.78.154.64 - - [12/Jul/2022:10:41:10 +0800] "GET /xingrg/all/function/internal_message.html?_=1657593670394&CODE_STATE=getMsg HTTP/1.1" 200 27
101.85.238.90 - - [12/Jul/2022:10:41:10 +0800] "POST /xingrg/kc/buy/cgsh_order_operate.html HTTP/1.1" 200 12
180.169.147.146 - - [12/Jul/2022:10:41:10 +0800] "POST /xingrg/all/common/load_combo.html?type=base HTTP/1.1" 200 3230
101.85.238.90 - - [12/Jul/2022:10:41:11 +0800] "GET /xingrg/kc/buy/cgsh_order_info.html?code=212022071203008 HTTP/1.1" 200 62777
101.85.238.90 - - [12/Jul/2022:10:41:11 +0800] "GET /xingrg/javascript/easyui/themes/default/validatebox.css HTTP/1.1" 404 1104
101.85.238.90 - - [12/Jul/2022:10:41:12 +0800] "POST /xingrg/kc/buy/cgsh_order_operate.html HTTP/1.1" 200 626
101.85.238.90 - - [12/Jul/2022:10:41:12 +0800] "GET /xingrg/kc/print/load_config.html?kc_code=cgsh HTTP/1.1" 200 1943
101.85.238.90 - - [12/Jul/2022:10:41:13 +0800] "GET /xingrg/kc/print/load_data.html?order_code=212022071203008&kc_code=cgsh&condition= HTTP/1.1" 200 761
180.175.103.110 - - [12/Jul/2022:10:41:14 +0800] "GET /xingrg/all/function/internal_message.html?_=1657593673883&CODE_STATE=getMsg HTTP/1.1" 200 27
180.169.147.146 - - [12/Jul/2022:10:41:14 +0800] "GET /xingrg/javascript/auto/indicator.gif HTTP/1.1" 404 1066
101.85.238.90 - - [12/Jul/2022:10:41:16 +0800] "POST /xingrg/kc/buy/cgsh_list_operate.html HTTP/1.1" 200 5043
180.169.147.146 - - [12/Jul/2022:10:41:17 +0800] "GET /xingrg/kc/base/wldb_order_operate.html?command=get_materiel&rest_code=00147&base_code=0010270&code=00102016350 HTTP/1.1" 200 435
218.81.223.53 - - [12/Jul/2022:10:41:17 +0800] "GET /xingrg/kc/buy/cgsh_order_add.html HTTP/1.1" 200 67838
222.69.129.110 - - [12/Jul/2022:10:41:18 +0800] "GET /xingrg/all/function/internal_message.html?_=1657593728569&CODE_STATE=getMsg HTTP/1.1" 200 27
218.81.223.53 - - [12/Jul/2022:10:41:19 +0800] "POST /xingrg/kc/buy/cgsh_order_operate.html HTTP/1.1" 200 8245
218.81.223.53 - - [12/Jul/2022:10:41:19 +0800] "GET /xingrg/javascript/easyui/themes/default/validatebox.css HTTP/1.1" 404 1104
116.228.172.94 - - [12/Jul/2022:10:41:22 +0800] "GET /xingrg/all/function/internal_message.html?_=1657593469352&CODE_STATE=getMsg HTTP/1.1" 200 27
180.169.147.146 - - [12/Jul/2022:10:41:24 +0800] "GET /xingrg/kc/base/wldb_order_operate.html?command=get_materiel&rest_code=00147&base_code=0010270&code=00101019770 HTTP/1.1" 200 448
101.85.238.90 - - [12/Jul/2022:10:41:28 +0800] "POST /xingrg/kc/buy/cgsh_list_operate.html HTTP/1.1" 200 5016
116.228.172.94 - - [12/Jul/2022:10:41:28 +0800] "GET /xingrg/all/report/report_query.html?fileName=kc/buy/gys_amount.xml&rh=99999 HTTP/1.1" 200 52006
116.228.172.94 - - [12/Jul/2022:10:41:28 +0800] "GET /xingrg/dwr/interface/AjaxReportQueryService.js HTTP/1.1" 200 13203
116.228.172.94 - - [12/Jul/2022:10:41:28 +0800] "GET /xingrg/dwr/engine.js HTTP/1.1" 200 43631
116.228.172.94 - - [12/Jul/2022:10:41:29 +0800] "POST /xingrg/dwr/call/plaincall/AjaxReportQueryService.getFixDate.dwr HTTP/1.1" 200 111
116.228.172.94 - - [12/Jul/2022:10:41:29 +0800] "POST /xingrg/all/common/load_tree.html?tree=supplier_tree_json&manage=1 HTTP/1.1" 200 68035
116.228.172.94 - - [12/Jul/2022:10:41:29 +0800] "POST /xingrg/all/common/load_tree.html?tree=materiel_sort_tree_json HTTP/1.1" 200 9388
114.86.187.244 - - [12/Jul/2022:10:41:29 +0800] "GET /xingrg/all/function/internal_message.html?_=1657593688461&CODE_STATE=getMsg HTTP/1.1" 200 27
114.88.162.248 - - [12/Jul/2022:10:41:29 +0800] "GET /xingrg/all/function/internal_message.html?_=1657593687921&CODE_STATE=getMsg HTTP/1.1" 200 27
116.228.172.94 - - [12/Jul/2022:10:41:31 +0800] "POST /xingrg/dwr/call/plaincall/AjaxReportQueryService.getInitString.dwr HTTP/1.1" 200 426
180.169.147.146 - - [12/Jul/2022:10:41:32 +0800] "GET /xingrg/kc/base/wldb_order_operate.html?command=get_materiel&rest_code=00147&base_code=0010270&code=00101029015 HTTP/1.1" 200 475
218.81.223.53 - - [12/Jul/2022:10:41:38 +0800] "GET /xingrg/kc/buy/cgsh_order_operate.html?command=get_materiel&rest_code=00146&code=00101007048&supplier_code=00100002&order_time=2022-07-12 HTTP/1.1" 200 426
180.169.147.146 - - [12/Jul/2022:10:41:38 +0800] "POST /xingrg/kc/base/wldb_order_operate.html HTTP/1.1" 200 37
180.169.147.146 - - [12/Jul/2022:10:41:38 +0800] "POST /xingrg/kc/base/wldb_order_operate.html HTTP/1.1" 200 2704
180.169.147.146 - - [12/Jul/2022:10:41:40 +0800] "GET /xingrg/kc/base/wldb_order_info.html?code=422022071200729 HTTP/1.1" 200 30376
180.169.147.146 - - [12/Jul/2022:10:41:41 +0800] "GET /xingrg/javascript/easyui/themes/default/validatebox.css HTTP/1.1" 404 1104
180.169.147.146 - - [12/Jul/2022:10:41:41 +0800] "POST /xingrg/kc/base/wldb_order_operate.html HTTP/1.1" 200 2704
180.169.147.146 - - [12/Jul/2022:10:41:43 +0800] "GET /xingrg/kc/base/wldb_order_add.html HTTP/1.1" 200 30362
180.169.147.146 - - [12/Jul/2022:10:41:43 +0800] "POST /xingrg/kc/base/wldb_order_operate.html HTTP/1.1" 200 6806
180.169.147.146 - - [12/Jul/2022:10:41:43 +0800] "GET /xingrg/javascript/easyui/themes/default/validatebox.css HTTP/1.1" 404 1104
101.85.238.90 - - [12/Jul/2022:10:41:43 +0800] "POST /xingrg/kc/buy/cgsh_list_operate.html HTTP/1.1" 200 5019
101.85.238.90 - - [12/Jul/2022:10:41:44 +0800] "GET /xingrg/all/function/internal_message.html?_=1657593709923&CODE_STATE=getMsg HTTP/1.1" 200 27
58.35.196.166 - - [12/Jul/2022:10:41:45 +0800] "GET /xingrg/all/function/internal_message.html?_=1657593706411&CODE_STATE=getMsg HTTP/1.1" 200 27
116.228.172.94 - - [12/Jul/2022:10:41:46 +0800] "POST /xingrg/dwr/call/plaincall/AjaxReportQueryService.refreshCache.dwr HTTP/1.1" 200 78
180.169.147.146 - - [12/Jul/2022:10:41:47 +0800] "POST /xingrg/all/common/load_combo.html?type=base HTTP/1.1" 200 3230
116.228.172.94 - - [12/Jul/2022:10:41:48 +0800] "POST /xingrg/all/report/load_report_page.html HTTP/1.1" 200 18158
116.228.172.94 - - [12/Jul/2022:10:41:48 +0800] "GET /xingrg/servlets/image?cache=0.40206653556555516&image=px HTTP/1.1" 200 807
180.169.147.146 - - [12/Jul/2022:10:41:49 +0800] "POST /xingrg/all/common/load_combo.html?type=base HTTP/1.1" 200 3230
180.169.147.146 - - [12/Jul/2022:10:41:52 +0800] "GET /xingrg/all/function/internal_message.html?_=1657593711491&CODE_STATE=getMsg HTTP/1.1" 200 27
116.228.172.94 - - [12/Jul/2022:10:41:53 +0800] "GET /xingrg/all/report/report_query.html?isQuery=1&fileName=kc/buy/wlcg_cate_hz.xml&queryString=(CONVERT(char(10)%252Ca.order_time%252C%2520120)%253E%253D'2022-05-01')%2520and%2520(CONVERT(char(10)%252Ca.order_time%252C%2520120)%253C%253D'2022-06-30')%2520and%2520(a.number%253E0%2520and%2520a.supplier_code%253D'00100049')&queryText=%25E3%2580%2590%25E9%2587%2587%25E8%25B4%25AD%25E6%2597%25A5%25E6%259C%259F%253A2022-05-01%2520%25E8%2587%25B3%25202022-06-30%25E3%2580%2591%2520%25E5%25B9%25B6%25E4%25B8%2594%2520%25E3%2580%2590%25E4%25BE%259B%25E5%25BA%2594%25E5%2595%2586%253D%25E9%25B8%25A1%25E8%259B%258B%25EF%25BC%2588%25E4%25B8%2581%25E5%2585%2583%25E6%2596%25B9%25EF%25BC%2589%25E3%2580%2591 HTTP/1.1" 200 54374
116.228.172.94 - - [12/Jul/2022:10:41:53 +0800] "GET /xingrg/dwr/interface/AjaxReportQueryService.js HTTP/1.1" 200 13203
116.228.172.94 - - [12/Jul/2022:10:41:53 +0800] "GET /xingrg/dwr/engine.js HTTP/1.1" 200 43631
101.85.238.90 - - [12/Jul/2022:10:41:54 +0800] "POST /xingrg/kc/buy/cgsh_list_operate.html HTTP/1.1" 200 5016
116.228.172.94 - - [12/Jul/2022:10:41:54 +0800] "POST /xingrg/all/report/load_report_page.html HTTP/1.1" 200 8720
116.228.172.94 - - [12/Jul/2022:10:41:54 +0800] "GET /xingrg/servlets/image?cache=0.07308488774652067&image=px HTTP/1.1" 200 807
180.169.147.146 - - [12/Jul/2022:10:41:56 +0800] "GET /xingrg/kc/base/wldb_order_operate.html?command=get_materiel&rest_code=00147&base_code=0010270&code=00101019637 HTTP/1.1" 200 450
101.85.238.90 - - [12/Jul/2022:10:41:59 +0800] "POST /xingrg/kc/buy/cgsh_list_operate.html HTTP/1.1" 200 5043
116.228.172.94 - - [12/Jul/2022:10:42:00 +0800] "POST /xingrg/all/report/load_report_page.html HTTP/1.1" 200 19760
116.228.172.94 - - [12/Jul/2022:10:42:00 +0800] "GET /xingrg/servlets/image?cache=0.07439519381017312&image=px HTTP/1.1" 200 807
101.85.238.90 - - [12/Jul/2022:10:42:00 +0800] "GET /xingrg/all/function/internal_message.html?_=1657593787555&CODE_STATE=getMsg HTTP/1.1" 200 27
180.169.147.146 - - [12/Jul/2022:10:42:03 +0800] "GET /xingrg/kc/base/wldb_order_operate.html?command=get_materiel&rest_code=00147&base_code=0010270&code=00101019175 HTTP/1.1" 200 438
218.81.223.53 - - [12/Jul/2022:10:42:03 +0800] "GET /xingrg/all/function/internal_message.html?_=1657593729257&CODE_STATE=getMsg HTTP/1.1" 200 27
218.81.223.53 - - [12/Jul/2022:10:42:05 +0800] "GET /xingrg/kc/buy/cgsh_order_operate.html?command=get_materiel&rest_code=00146&code=00101007090&supplier_code=00100002&order_time=2022-07-12 HTTP/1.1" 200 413
180.169.147.146 - - [12/Jul/2022:10:42:08 +0800] "GET /xingrg/kc/base/wldb_order_operate.html?command=get_materiel&rest_code=00147&base_code=0010270&code=00101019110 HTTP/1.1" 200 477
101.85.238.90 - - [12/Jul/2022:10:42:09 +0800] "POST /xingrg/kc/buy/cgsh_list_operate.html HTTP/1.1" 200 4817
116.228.172.94 - - [12/Jul/2022:10:42:09 +0800] "POST /xingrg/all/report/report_print.html HTTP/1.1" 302 -
116.228.172.94 - - [12/Jul/2022:10:42:09 +0800] "GET /xingrg/servlets/html?sysBaseUrl=http%3A%2F%2F180.169.147.146%3A18081%2Fxingrg%2F&costTime=483×tamp=1657593729753 HTTP/1.1" 200 20896
116.228.172.94 - - [12/Jul/2022:10:42:09 +0800] "GET /xingrg/servlets/image?image=px HTTP/1.1" 200 807
116.228.172.94 - - [12/Jul/2022:10:42:09 +0800] "GET /favicon.ico HTTP/1.1" 404 -
124.78.154.64 - - [12/Jul/2022:10:42:10 +0800] "GET /xingrg/all/function/internal_message.html?_=1657593730334&CODE_STATE=getMsg HTTP/1.1" 200 27
180.169.147.146 - - [12/Jul/2022:10:42:13 +0800] "POST /xingrg/kc/base/wldb_order_operate.html HTTP/1.1" 200 37
180.169.147.146 - - [12/Jul/2022:10:42:13 +0800] "POST /xingrg/kc/base/wldb_order_operate.html HTTP/1.1" 200 3174
180.175.103.110 - - [12/Jul/2022:10:42:14 +0800] "GET /xingrg/all/function/internal_message.html?_=1657593733860&CODE_STATE=getMsg HTTP/1.1" 200 27
58.221.95.50 - - [12/Jul/2022:10:42:16 +0800] "GET /xingrg/check_reg.html?_=1657593735873 HTTP/1.1" 302 -
180.169.147.146 - - [12/Jul/2022:10:42:17 +0800] "GET /xingrg/kc/base/wldb_order_info.html?code=422022071200730 HTTP/1.1" 200 30376
180.175.103.110 - - [12/Jul/2022:10:42:17 +0800] "GET /xingrg/check_reg.html?_=1657593736952 HTTP/1.1" 200 22
180.169.147.146 - - [12/Jul/2022:10:42:17 +0800] "GET /xingrg/javascript/easyui/themes/default/validatebox.css HTTP/1.1" 404 1104
180.169.147.146 - - [12/Jul/2022:10:42:17 +0800] "POST /xingrg/kc/base/wldb_order_operate.html HTTP/1.1" 200 3174
222.69.129.110 - - [12/Jul/2022:10:42:18 +0800] "GET /xingrg/all/function/internal_message.html?_=1657593788579&CODE_STATE=getMsg HTTP/1.1" 200 27
180.169.147.146 - - [12/Jul/2022:10:42:18 +0800] "GET /xingrg/kc/base/wldb_order_add.html HTTP/1.1" 200 30362
180.169.147.146 - - [12/Jul/2022:10:42:19 +0800] "POST /xingrg/kc/base/wldb_order_operate.html HTTP/1.1" 200 6806
101.85.238.90 - - [12/Jul/2022:10:42:19 +0800] "POST /xingrg/kc/buy/cgsh_list_operate.html HTTP/1.1" 200 500
180.169.147.146 - - [12/Jul/2022:10:42:19 +0800] "GET /xingrg/javascript/easyui/themes/default/validatebox.css HTTP/1.1" 404 1104
180.169.147.146 - - [12/Jul/2022:10:42:19 +0800] "POST /xingrg/all/common/load_combo.html?type=base HTTP/1.1" 200 3230
101.85.238.90 - - [12/Jul/2022:10:42:20 +0800] "POST /xingrg/kc/buy/cgsh_list_operate.html HTTP/1.1" 200 568
180.169.147.146 - - [12/Jul/2022:10:42:21 +0800] "POST /xingrg/all/common/load_combo.html?type=base HTTP/1.1" 200 3230
116.228.172.94 - - [12/Jul/2022:10:42:22 +0800] "GET /xingrg/all/function/internal_message.html?_=1657593529336&CODE_STATE=getMsg HTTP/1.1" 200 27
101.85.238.90 - - [12/Jul/2022:10:42:22 +0800] "POST /xingrg/kc/buy/cgsh_list_operate.html HTTP/1.1" 200 568
218.81.223.53 - - [12/Jul/2022:10:42:23 +0800] "POST /xingrg/kc/buy/cgsh_order_operate.html HTTP/1.1" 200 37
101.85.238.90 - - [12/Jul/2022:10:42:23 +0800] "POST /xingrg/kc/buy/cgsh_list_operate.html HTTP/1.1" 200 430
101.85.238.90 - - [12/Jul/2022:10:42:25 +0800] "POST /xingrg/kc/buy/cgsh_list_operate.html HTTP/1.1" 200 505
218.81.223.53 - - [12/Jul/2022:10:42:28 +0800] "POST /xingrg/kc/buy/cgsh_order_operate.html HTTP/1.1" 200 3251
114.86.187.244 - - [12/Jul/2022:10:42:29 +0800] "GET /xingrg/all/function/internal_message.html?_=1657593748461&CODE_STATE=getMsg HTTP/1.1" 200 27
114.88.162.248 - - [12/Jul/2022:10:42:29 +0800] "GET /xingrg/all/function/internal_message.html?_=1657593747920&CODE_STATE=getMsg HTTP/1.1" 200 27
101.85.238.90 - - [12/Jul/2022:10:42:30 +0800] "POST /xingrg/kc/buy/cgsh_list_operate.html HTTP/1.1" 200 198
218.81.223.53 - - [12/Jul/2022:10:42:31 +0800] "GET /xingrg/kc/print/load_data.html?order_code=212022071203009&kc_code=cgsh&condition= HTTP/1.1" 200 980
101.85.238.90 - - [12/Jul/2022:10:42:32 +0800] "POST /xingrg/kc/buy/cgsh_list_operate.html HTTP/1.1" 200 569
116.228.172.94 - - [12/Jul/2022:10:42:43 +0800] "GET /xingrg/all/report/report_query.html?isQuery=1&fileName=kc/buy/wlcg_cate_hz.xml&queryString=(CONVERT(char(10)%252Ca.order_time%252C%2520120)%253E%253D'2022-05-01')%2520and%2520(CONVERT(char(10)%252Ca.order_time%252C%2520120)%253C%253D'2022-06-30')%2520and%2520(a.supplier_code%253D'00100199')&queryText=%25E3%2580%2590%25E9%2587%2587%25E8%25B4%25AD%25E6%2597%25A5%25E6%259C%259F%253A2022-05-01%2520%25E8%2587%25B3%25202022-06-30%25E3%2580%2591%2520%25E5%25B9%25B6%25E4%25B8%2594%2520%25E3%2580%2590%25E4%25BE%259B%25E5%25BA%2594%25E5%2595%2586%253D%25E6%25B2%25B3%25E8%2599%25BE%25EF%25BC%2588%25E6%259D%258E%25E4%25B9%2590%25EF%25BC%2589%25E3%2580%2591 HTTP/1.1" 200 54355
116.228.172.94 - - [12/Jul/2022:10:42:43 +0800] "GET /xingrg/dwr/interface/AjaxReportQueryService.js HTTP/1.1" 200 13203
116.228.172.94 - - [12/Jul/2022:10:42:43 +0800] "GET /xingrg/dwr/engine.js HTTP/1.1" 200 43631
101.85.238.90 - - [12/Jul/2022:10:42:44 +0800] "GET /xingrg/all/function/internal_message.html?_=1657593769914&CODE_STATE=getMsg HTTP/1.1" 200 27
116.228.172.94 - - [12/Jul/2022:10:42:45 +0800] "POST /xingrg/all/report/load_report_page.html HTTP/1.1" 200 10876
116.228.172.94 - - [12/Jul/2022:10:42:45 +0800] "GET /xingrg/servlets/image?cache=0.713318875255566&image=px HTTP/1.1" 200 807
58.35.196.166 - - [12/Jul/2022:10:42:45 +0800] "GET /xingrg/check_reg.html?_=1657593766414 HTTP/1.1" 200 22
58.35.196.166 - - [12/Jul/2022:10:42:45 +0800] "GET /xingrg/all/function/internal_message.html?_=1657593766415&CODE_STATE=getMsg HTTP/1.1" 200 27
218.81.223.53 - - [12/Jul/2022:10:42:49 +0800] "GET /xingrg/check_reg.html?_=1657593774981 HTTP/1.1" 200 22
116.228.172.94 - - [12/Jul/2022:10:42:50 +0800] "POST /xingrg/all/report/load_report_page.html HTTP/1.1" 200 116862
116.228.172.94 - - [12/Jul/2022:10:42:50 +0800] "GET /xingrg/images/blue/button/back2.gif HTTP/1.1" 304 -
116.228.172.94 - - [12/Jul/2022:10:42:50 +0800] "GET /xingrg/images/blue/button/back.gif HTTP/1.1" 304 -
116.228.172.94 - - [12/Jul/2022:10:42:50 +0800] "GET /xingrg/servlets/image?cache=0.9557424087736179&image=px HTTP/1.1" 200 807
180.169.147.146 - - [12/Jul/2022:10:42:52 +0800] "GET /xingrg/all/function/internal_message.html?_=1657593771492&CODE_STATE=getMsg HTTP/1.1" 200 27
180.169.147.146 - - [12/Jul/2022:10:42:52 +0800] "GET /xingrg/check_reg.html?_=1657593771494 HTTP/1.1" 200 22
116.228.172.94 - - [12/Jul/2022:10:42:56 +0800] "POST /xingrg/all/report/report_print.html HTTP/1.1" 302 -
116.228.172.94 - - [12/Jul/2022:10:42:56 +0800] "GET /xingrg/servlets/image?image=px HTTP/1.1" 200 807
116.228.172.94 - - [12/Jul/2022:10:42:56 +0800] "GET /xingrg/servlets/html?sysBaseUrl=http%3A%2F%2F180.169.147.146%3A18081%2Fxingrg%2F&costTime=360×tamp=1657593776177 HTTP/1.1" 200 120890
116.228.172.94 - - [12/Jul/2022:10:42:56 +0800] "GET /favicon.ico HTTP/1.1" 404 -
114.84.151.115 - - [12/Jul/2022:10:42:57 +0800] "GET /xingrg/check_reg.html?_=1657593477456 HTTP/1.1" 302 -
101.85.238.90 - - [12/Jul/2022:10:43:00 +0800] "GET /xingrg/all/function/internal_message.html?_=1657593847650&CODE_STATE=getMsg HTTP/1.1" 200 27
218.81.223.53 - - [12/Jul/2022:10:43:03 +0800] "GET /xingrg/all/function/internal_message.html?_=1657593789271&CODE_STATE=getMsg HTTP/1.1" 200 27
101.85.238.90 - - [12/Jul/2022:10:43:07 +0800] "GET /xingrg/kc/mdqp/pssh_order_list.html HTTP/1.1" 200 17823
101.85.238.90 - - [12/Jul/2022:10:43:07 +0800] "POST /xingrg/kc/mdqp/pssh_list_operate.html HTTP/1.1" 200 5448
101.85.238.90 - - [12/Jul/2022:10:43:08 +0800] "GET /xingrg/kc/base/wldb_order_list.html HTTP/1.1" 200 19142
101.85.238.90 - - [12/Jul/2022:10:43:09 +0800] "POST /xingrg/kc/base/wldb_list_operate.html HTTP/1.1" 200 928
101.85.238.90 - - [12/Jul/2022:10:43:09 +0800] "GET /xingrg/kc/base/wldb_order_add.html HTTP/1.1" 200 30356
101.85.238.90 - - [12/Jul/2022:10:43:10 +0800] "GET /xingrg/all/common/auto_word.html?type=base&rest_code=00102 HTTP/1.1" 200 1807
101.85.238.90 - - [12/Jul/2022:10:43:10 +0800] "GET /xingrg/all/common/auto_word.html?type=base&rest_code=00102 HTTP/1.1" 200 1807
101.85.238.90 - - [12/Jul/2022:10:43:10 +0800] "POST /xingrg/kc/base/wldb_order_operate.html HTTP/1.1" 200 6806
101.85.238.90 - - [12/Jul/2022:10:43:10 +0800] "GET /xingrg/javascript/easyui/themes/default/validatebox.css HTTP/1.1" 404 1104
124.78.154.64 - - [12/Jul/2022:10:43:10 +0800] "GET /xingrg/all/function/internal_message.html?_=1657593790333&CODE_STATE=getMsg HTTP/1.1" 200 27
180.175.103.110 - - [12/Jul/2022:10:43:14 +0800] "GET /xingrg/all/function/internal_message.html?_=1657593793832&CODE_STATE=getMsg HTTP/1.1" 200 27
222.69.129.110 - - [12/Jul/2022:10:43:18 +0800] "GET /xingrg/all/function/internal_message.html?_=1657593848575&CODE_STATE=getMsg HTTP/1.1" 200 27
222.69.129.110 - - [12/Jul/2022:10:43:18 +0800] "GET /xingrg/check_reg.html?_=1657593848578 HTTP/1.1" 200 22
116.228.172.94 - - [12/Jul/2022:10:43:18 +0800] "GET /xingrg/all/report/report_query.html?isQuery=1&fileName=kc/buy/wlcg_cate_hz.xml&queryString=(CONVERT(char(10)%252Ca.order_time%252C%2520120)%253E%253D'2022-05-01')%2520and%2520(CONVERT(char(10)%252Ca.order_time%252C%2520120)%253C%253D'2022-06-30')%2520and%2520(a.supplier_code%253D'00100476')&queryText=%25E3%2580%2590%25E9%2587%2587%25E8%25B4%25AD%25E6%2597%25A5%25E6%259C%259F%253A2022-05-01%2520%25E8%2587%25B3%25202022-06-30%25E3%2580%2591%2520%25E5%25B9%25B6%25E4%25B8%2594%2520%25E3%2580%2590%25E4%25BE%259B%25E5%25BA%2594%25E5%2595%2586%253D%25E6%25B0%25B4%25E6%259E%259C%25EF%25BC%2588%25E7%25BB%25B4%25E4%25B9%259F%25E7%25BA%25B3%25EF%25BC%2589%25E3%2580%2591 HTTP/1.1" 200 54359
116.228.172.94 - - [12/Jul/2022:10:43:18 +0800] "GET /xingrg/dwr/interface/AjaxReportQueryService.js HTTP/1.1" 200 13203
116.228.172.94 - - [12/Jul/2022:10:43:18 +0800] "GET /xingrg/dwr/engine.js HTTP/1.1" 200 43631
116.228.172.94 - - [12/Jul/2022:10:43:20 +0800] "POST /xingrg/all/report/load_report_page.html HTTP/1.1" 200 8700
116.228.172.94 - - [12/Jul/2022:10:43:20 +0800] "GET /xingrg/servlets/image?cache=0.400449644774563&image=px HTTP/1.1" 200 807
116.228.172.94 - - [12/Jul/2022:10:43:22 +0800] "GET /xingrg/all/function/internal_message.html?_=1657593589343&CODE_STATE=getMsg HTTP/1.1" 200 27
180.169.147.146 - - [12/Jul/2022:10:43:25 +0800] "GET /xingrg/check_reg.html?_=1657593803315 HTTP/1.1" 302 -
114.86.187.244 - - [12/Jul/2022:10:43:29 +0800] "GET /xingrg/all/function/internal_message.html?_=1657593808461&CODE_STATE=getMsg HTTP/1.1" 200 27
114.88.162.248 - - [12/Jul/2022:10:43:29 +0800] "GET /xingrg/all/function/internal_message.html?_=1657593807918&CODE_STATE=getMsg HTTP/1.1" 200 27
116.228.172.94 - - [12/Jul/2022:10:43:34 +0800] "POST /xingrg/dwr/call/plaincall/AjaxReportQueryService.refreshCache.dwr HTTP/1.1" 200 78
116.228.172.94 - - [12/Jul/2022:10:43:39 +0800] "POST /xingrg/all/report/load_report_page.html HTTP/1.1" 200 20455
116.228.172.94 - - [12/Jul/2022:10:43:39 +0800] "GET /xingrg/servlets/image?cache=0.8997451097597627&image=px HTTP/1.1" 200 807
101.85.238.90 - - [12/Jul/2022:10:43:44 +0800] "GET /xingrg/all/function/internal_message.html?_=1657593829914&CODE_STATE=getMsg HTTP/1.1" 200 27
58.35.196.166 - - [12/Jul/2022:10:43:45 +0800] "GET /xingrg/all/function/internal_message.html?_=1657593826418&CODE_STATE=getMsg HTTP/1.1" 200 27
180.169.147.146 - - [12/Jul/2022:10:43:52 +0800] "GET /xingrg/all/function/internal_message.html?_=1657593831490&CODE_STATE=getMsg HTTP/1.1" 200 27
120.253.135.82 - - [12/Jul/2022:10:43:55 +0800] "GET /xingrg/check_reg.html?_=1657593642693 HTTP/1.1" 200 22
101.85.238.90 - - [12/Jul/2022:10:43:59 +0800] "GET /xingrg/check_reg.html?_=1657593906525 HTTP/1.1" 200 22
101.85.238.90 - - [12/Jul/2022:10:44:00 +0800] "GET /xingrg/all/function/internal_message.html?_=1657593907660&CODE_STATE=getMsg HTTP/1.1" 200 27
218.81.223.53 - - [12/Jul/2022:10:44:03 +0800] "GET /xingrg/all/function/internal_message.html?_=1657593849285&CODE_STATE=getMsg HTTP/1.1" 200 27
124.79.75.192 - - [12/Jul/2022:10:44:08 +0800] "POST /xingrg/services/DataTransmitService HTTP/1.1" 200 524
124.79.75.192 - - [12/Jul/2022:10:44:08 +0800] "POST /xingrg/services/DataTransmitService HTTP/1.1" 200 2147
124.79.75.192 - - [12/Jul/2022:10:44:08 +0800] "POST /xingrg/services/DataTransmitService HTTP/1.1" 200 524
124.79.75.192 - - [12/Jul/2022:10:44:08 +0800] "POST /xingrg/services/DataTransmitService HTTP/1.1" 200 2147
124.79.75.192 - - [12/Jul/2022:10:44:09 +0800] "POST /xingrg/services/DataTransmitService HTTP/1.1" 200 524
124.79.75.192 - - [12/Jul/2022:10:44:09 +0800] "POST /xingrg/services/DataTransmitService HTTP/1.1" 200 2147
124.79.75.192 - - [12/Jul/2022:10:44:09 +0800] "POST /xingrg/services/DataTransmitService HTTP/1.1" 200 524
124.79.75.192 - - [12/Jul/2022:10:44:09 +0800] "POST /xingrg/services/DataTransmitService HTTP/1.1" 200 2147
124.79.75.192 - - [12/Jul/2022:10:44:10 +0800] "POST /xingrg/services/DataTransmitService HTTP/1.1" 200 524
124.79.75.192 - - [12/Jul/2022:10:44:10 +0800] "POST /xingrg/services/DataTransmitService HTTP/1.1" 200 2147
124.78.154.64 - - [12/Jul/2022:10:44:10 +0800] "GET /xingrg/all/function/internal_message.html?_=1657593850333&CODE_STATE=getMsg HTTP/1.1" 200 27
124.79.75.192 - - [12/Jul/2022:10:44:10 +0800] "POST /xingrg/services/DataTransmitService HTTP/1.1" 200 524
124.79.75.192 - - [12/Jul/2022:10:44:10 +0800] "POST /xingrg/services/DataTransmitService HTTP/1.1" 200 2147
124.79.75.192 - - [12/Jul/2022:10:44:11 +0800] "POST /xingrg/services/DataTransmitService HTTP/1.1" 200 524
124.79.75.192 - - [12/Jul/2022:10:44:11 +0800] "POST /xingrg/services/DataTransmitService HTTP/1.1" 200 2147
124.79.75.192 - - [12/Jul/2022:10:44:11 +0800] "POST /xingrg/services/DataTransmitService HTTP/1.1" 200 524
124.79.75.192 - - [12/Jul/2022:10:44:11 +0800] "POST /xingrg/services/DataTransmitService HTTP/1.1" 200 2147
124.79.75.192 - - [12/Jul/2022:10:44:12 +0800] "POST /xingrg/services/DataTransmitService HTTP/1.1" 200 524
124.79.75.192 - - [12/Jul/2022:10:44:12 +0800] "POST /xingrg/services/DataTransmitService HTTP/1.1" 200 2147
124.79.75.192 - - [12/Jul/2022:10:44:12 +0800] "POST /xingrg/services/DataTransmitService HTTP/1.1" 200 524
124.79.75.192 - - [12/Jul/2022:10:44:12 +0800] "POST /xingrg/services/DataTransmitService HTTP/1.1" 200 2147
124.79.75.192 - - [12/Jul/2022:10:44:13 +0800] "POST /xingrg/services/DataTransmitService HTTP/1.1" 200 524
124.79.75.192 - - [12/Jul/2022:10:44:13 +0800] "POST /xingrg/services/DataTransmitService HTTP/1.1" 200 2147
124.79.75.192 - - [12/Jul/2022:10:44:13 +0800] "POST /xingrg/services/DataTransmitService HTTP/1.1" 200 524
124.79.75.192 - - [12/Jul/2022:10:44:14 +0800] "POST /xingrg/services/DataTransmitService HTTP/1.1" 200 2147
180.175.103.110 - - [12/Jul/2022:10:44:14 +0800] "GET /xingrg/all/function/internal_message.html?_=1657593853809&CODE_STATE=getMsg HTTP/1.1" 200 27
124.79.75.192 - - [12/Jul/2022:10:44:14 +0800] "POST /xingrg/services/DataTransmitService HTTP/1.1" 200 524
124.79.75.192 - - [12/Jul/2022:10:44:14 +0800] "POST /xingrg/services/DataTransmitService HTTP/1.1" 200 2147
124.79.75.192 - - [12/Jul/2022:10:44:14 +0800] "POST /xingrg/services/DataTransmitService HTTP/1.1" 200 524
124.79.75.192 - - [12/Jul/2022:10:44:15 +0800] "POST /xingrg/services/DataTransmitService HTTP/1.1" 200 2147
124.79.75.192 - - [12/Jul/2022:10:44:15 +0800] "POST /xingrg/services/DataTransmitService HTTP/1.1" 200 524
124.79.75.192 - - [12/Jul/2022:10:44:15 +0800] "POST /xingrg/services/DataTransmitService HTTP/1.1" 200 2147
101.85.238.90 - - [12/Jul/2022:10:44:15 +0800] "GET /xingrg/kc/buy/cgsh_order_list.html HTTP/1.1" 200 52094
124.79.75.192 - - [12/Jul/2022:10:44:15 +0800] "POST /xingrg/services/DataTransmitService HTTP/1.1" 200 524
124.79.75.192 - - [12/Jul/2022:10:44:16 +0800] "POST /xingrg/services/DataTransmitService HTTP/1.1" 200 2147
124.79.75.192 - - [12/Jul/2022:10:44:16 +0800] "POST /xingrg/services/DataTransmitService HTTP/1.1" 200 524
124.79.75.192 - - [12/Jul/2022:10:44:16 +0800] "POST /xingrg/services/DataTransmitService HTTP/1.1" 200 2147
101.85.238.90 - - [12/Jul/2022:10:44:16 +0800] "POST /xingrg/kc/buy/cgsh_list_operate.html HTTP/1.1" 200 693
124.79.75.192 - - [12/Jul/2022:10:44:16 +0800] "POST /xingrg/services/DataTransmitService HTTP/1.1" 200 524
124.79.75.192 - - [12/Jul/2022:10:44:17 +0800] "POST /xingrg/services/DataTransmitService HTTP/1.1" 200 2147
101.85.238.90 - - [12/Jul/2022:10:44:17 +0800] "GET /xingrg/kc/buy/cgsh_order_add.html HTTP/1.1" 200 67876
124.79.75.192 - - [12/Jul/2022:10:44:17 +0800] "POST /xingrg/services/DataTransmitService HTTP/1.1" 200 524
101.85.238.90 - - [12/Jul/2022:10:44:17 +0800] "POST /xingrg/kc/buy/cgsh_order_operate.html HTTP/1.1" 200 8245
124.79.75.192 - - [12/Jul/2022:10:44:17 +0800] "POST /xingrg/services/DataTransmitService HTTP/1.1" 200 2147
101.85.238.90 - - [12/Jul/2022:10:44:17 +0800] "GET /xingrg/javascript/easyui/themes/default/validatebox.css HTTP/1.1" 404 1104
222.69.129.110 - - [12/Jul/2022:10:44:18 +0800] "GET /xingrg/all/function/internal_message.html?_=1657593908572&CODE_STATE=getMsg HTTP/1.1" 200 27
116.228.172.94 - - [12/Jul/2022:10:44:22 +0800] "GET /xingrg/all/function/internal_message.html?_=1657593649342&CODE_STATE=getMsg HTTP/1.1" 200 27
116.228.172.94 - - [12/Jul/2022:10:44:22 +0800] "GET /xingrg/check_reg.html?_=1657593649344 HTTP/1.1" 200 22
101.85.238.90 - - [12/Jul/2022:10:44:23 +0800] "GET /xingrg/kc/buy/cgsh_order_operate.html?command=get_materiel&rest_code=00102&code=00101006166&supplier_code=&order_time=2022-07-12 HTTP/1.1" 200 421
114.86.187.244 - - [12/Jul/2022:10:44:29 +0800] "GET /xingrg/all/function/internal_message.html?_=1657593868486&CODE_STATE=getMsg HTTP/1.1" 200 27
114.88.162.248 - - [12/Jul/2022:10:44:29 +0800] "GET /xingrg/all/function/internal_message.html?_=1657593867917&CODE_STATE=getMsg HTTP/1.1" 200 27
114.88.162.248 - - [12/Jul/2022:10:44:30 +0800] "GET /xingrg/check_reg.html?_=1657593867919 HTTP/1.1" 200 22
101.85.238.90 - - [12/Jul/2022:10:44:33 +0800] "GET /xingrg/kc/buy/cgsh_order_operate.html?command=get_materiel&rest_code=00102&code=00101010719&supplier_code=&order_time=2022-07-12 HTTP/1.1" 200 406
101.85.238.90 - - [12/Jul/2022:10:44:38 +0800] "GET /xingrg/kc/buy/cgsh_order_operate.html?command=get_materiel&rest_code=00102&code=00101015054&supplier_code=&order_time=2022-07-12 HTTP/1.1" 200 404
180.169.147.146 - - [12/Jul/2022:10:44:44 +0800] "GET /xingrg/kc/base/wldb_order_operate.html?command=get_materiel&rest_code=00147&base_code=0010287&code=00102002022 HTTP/1.1" 200 473
101.85.238.90 - - [12/Jul/2022:10:44:44 +0800] "GET /xingrg/all/function/internal_message.html?_=1657593890543&CODE_STATE=getMsg HTTP/1.1" 200 27
58.35.196.166 - - [12/Jul/2022:10:44:45 +0800] "GET /xingrg/all/function/internal_message.html?_=1657593886403&CODE_STATE=getMsg HTTP/1.1" 200 27
101.85.238.90 - - [12/Jul/2022:10:44:50 +0800] "GET /xingrg/kc/buy/cgsh_order_operate.html?command=get_materiel&rest_code=00102&code=00101006268&supplier_code=&order_time=2022-07-12 HTTP/1.1" 200 409
180.169.147.146 - - [12/Jul/2022:10:44:51 +0800] "GET /xingrg/kc/base/wldb_order_operate.html?command=get_materiel&rest_code=00147&base_code=0010287&code=00102002204 HTTP/1.1" 200 447
180.169.147.146 - - [12/Jul/2022:10:44:52 +0800] "GET /xingrg/all/function/internal_message.html?_=1657593891491&CODE_STATE=getMsg HTTP/1.1" 200 27
180.169.147.146 - - [12/Jul/2022:10:44:57 +0800] "GET /xingrg/kc/base/wldb_order_operate.html?command=get_materiel&rest_code=00147&base_code=0010287&code=00102002315 HTTP/1.1" 200 461
101.85.238.90 - - [12/Jul/2022:10:44:59 +0800] "GET /xingrg/kc/buy/cgsh_order_operate.html?command=get_materiel&rest_code=00102&code=00101010658&supplier_code=&order_time=2022-07-12 HTTP/1.1" 200 409
101.85.238.90 - - [12/Jul/2022:10:45:00 +0800] "GET /xingrg/all/function/internal_message.html?_=1657593967672&CODE_STATE=getMsg HTTP/1.1" 200 27
218.81.223.53 - - [12/Jul/2022:10:45:04 +0800] "GET /xingrg/all/function/internal_message.html?_=1657593909902&CODE_STATE=getMsg HTTP/1.1" 200 27
180.169.147.146 - - [12/Jul/2022:10:45:07 +0800] "GET /xingrg/kc/base/wldb_order_operate.html?command=get_materiel&rest_code=00147&base_code=0010287&code=00102002150 HTTP/1.1" 200 447
124.78.154.64 - - [12/Jul/2022:10:45:10 +0800] "GET /xingrg/all/function/internal_message.html?_=1657593910361&CODE_STATE=getMsg HTTP/1.1" 200 27
101.85.238.90 - - [12/Jul/2022:10:45:14 +0800] "POST /xingrg/kc/buy/cgsh_list_operate.html HTTP/1.1" 200 693
180.175.103.110 - - [12/Jul/2022:10:45:14 +0800] "GET /xingrg/all/function/internal_message.html?_=1657593913786&CODE_STATE=getMsg HTTP/1.1" 200 27
101.85.238.90 - - [12/Jul/2022:10:45:15 +0800] "POST /xingrg/kc/buy/cgsh_list_operate.html HTTP/1.1" 200 693
222.69.129.110 - - [12/Jul/2022:10:45:18 +0800] "GET /xingrg/all/function/internal_message.html?_=1657593968586&CODE_STATE=getMsg HTTP/1.1" 200 27
180.169.147.146 - - [12/Jul/2022:10:45:19 +0800] "GET /xingrg/kc/base/wldb_order_operate.html?command=get_materiel&rest_code=00147&base_code=0010287&code=00102002347 HTTP/1.1" 200 457
101.85.238.90 - - [12/Jul/2022:10:45:23 +0800] "GET /xingrg/kc/buy/cgsh_order_list.html HTTP/1.1" 200 52094
101.85.238.90 - - [12/Jul/2022:10:45:24 +0800] "POST /xingrg/kc/buy/cgsh_list_operate.html HTTP/1.1" 200 693
180.169.147.146 - - [12/Jul/2022:10:45:26 +0800] "GET /xingrg/kc/base/wldb_order_operate.html?command=get_materiel&rest_code=00147&base_code=0010287&code=00102021018 HTTP/1.1" 200 445
114.86.187.244 - - [12/Jul/2022:10:45:29 +0800] "GET /xingrg/all/function/internal_message.html?_=1657593928485&CODE_STATE=getMsg HTTP/1.1" 200 27
114.86.187.244 - - [12/Jul/2022:10:45:29 +0800] "GET /xingrg/check_reg.html?_=1657593928487 HTTP/1.1" 200 22
114.88.162.248 - - [12/Jul/2022:10:45:29 +0800] "GET /xingrg/all/function/internal_message.html?_=1657593927918&CODE_STATE=getMsg HTTP/1.1" 200 27
180.169.147.146 - - [12/Jul/2022:10:45:34 +0800] "GET /xingrg/kc/base/wldb_order_operate.html?command=get_materiel&rest_code=00147&base_code=0010287&code=00102002679 HTTP/1.1" 200 459
101.85.238.90 - - [12/Jul/2022:10:45:37 +0800] "GET /xingrg/kc/base/wldb_order_list.html HTTP/1.1" 200 19142
101.85.238.90 - - [12/Jul/2022:10:45:37 +0800] "POST /xingrg/kc/base/wldb_list_operate.html HTTP/1.1" 200 928
180.175.103.110 - - [12/Jul/2022:10:45:40 +0800] "POST /xingrg/services/DataTransmitService HTTP/1.1" 200 524
101.85.238.90 - - [12/Jul/2022:10:45:44 +0800] "GET /xingrg/check_reg.html?_=1657593949921 HTTP/1.1" 200 22
101.85.238.90 - - [12/Jul/2022:10:45:44 +0800] "GET /xingrg/all/function/internal_message.html?_=1657593950521&CODE_STATE=getMsg HTTP/1.1" 200 27
58.35.196.166 - - [12/Jul/2022:10:45:45 +0800] "GET /xingrg/all/function/internal_message.html?_=1657593946404&CODE_STATE=getMsg HTTP/1.1" 200 27
180.169.147.146 - - [12/Jul/2022:10:45:47 +0800] "GET /xingrg/kc/base/wldb_order_operate.html?command=get_materiel&rest_code=00147&base_code=0010287&code=00102002448 HTTP/1.1" 200 440
180.169.147.146 - - [12/Jul/2022:10:45:52 +0800] "GET /xingrg/all/function/internal_message.html?_=1657593951487&CODE_STATE=getMsg HTTP/1.1" 200 27
180.169.147.146 - - [12/Jul/2022:10:45:53 +0800] "POST /xingrg/kc/base/wldb_order_operate.html HTTP/1.1" 200 37
180.169.147.146 - - [12/Jul/2022:10:45:53 +0800] "POST /xingrg/kc/base/wldb_order_operate.html HTTP/1.1" 200 4677
180.169.147.146 - - [12/Jul/2022:10:45:55 +0800] "GET /xingrg/kc/base/wldb_order_info.html?code=422022071200731 HTTP/1.1" 200 30377
180.169.147.146 - - [12/Jul/2022:10:45:55 +0800] "GET /xingrg/javascript/easyui/themes/default/validatebox.css HTTP/1.1" 404 1104
180.169.147.146 - - [12/Jul/2022:10:45:56 +0800] "POST /xingrg/kc/base/wldb_order_operate.html HTTP/1.1" 200 4677
101.85.238.90 - - [12/Jul/2022:10:46:00 +0800] "GET /xingrg/all/function/internal_message.html?_=1657594027687&CODE_STATE=getMsg HTTP/1.1" 200 27
180.169.147.146 - - [12/Jul/2022:10:46:00 +0800] "POST /xingrg/kc/base/wldb_order_operate.html HTTP/1.1" 200 37
180.169.147.146 - - [12/Jul/2022:10:46:01 +0800] "POST /xingrg/kc/base/wldb_order_operate.html HTTP/1.1" 200 4677
180.169.147.146 - - [12/Jul/2022:10:46:01 +0800] "GET /xingrg/kc/base/wldb_order_info.html?code=422022071200731 HTTP/1.1" 200 30377
180.169.147.146 - - [12/Jul/2022:10:46:01 +0800] "GET /xingrg/javascript/easyui/themes/default/validatebox.css HTTP/1.1" 404 1104
180.169.147.146 - - [12/Jul/2022:10:46:02 +0800] "POST /xingrg/kc/base/wldb_order_operate.html HTTP/1.1" 200 4677
180.169.147.146 - - [12/Jul/2022:10:46:03 +0800] "GET /xingrg/kc/base/wldb_order_add.html HTTP/1.1" 200 30362
180.169.147.146 - - [12/Jul/2022:10:46:03 +0800] "POST /xingrg/kc/base/wldb_order_operate.html HTTP/1.1" 200 6806
180.169.147.146 - - [12/Jul/2022:10:46:03 +0800] "GET /xingrg/javascript/easyui/themes/default/validatebox.css HTTP/1.1" 404 1104
218.81.223.53 - - [12/Jul/2022:10:46:04 +0800] "GET /xingrg/all/function/internal_message.html?_=1657593969904&CODE_STATE=getMsg HTTP/1.1" 200 27
101.85.238.90 - - [12/Jul/2022:10:46:04 +0800] "GET /xingrg/kc/base/wldb_order_add.html HTTP/1.1" 200 30356
101.85.238.90 - - [12/Jul/2022:10:46:05 +0800] "POST /xingrg/kc/base/wldb_order_operate.html HTTP/1.1" 200 6806
101.85.238.90 - - [12/Jul/2022:10:46:05 +0800] "GET /xingrg/javascript/easyui/themes/default/validatebox.css HTTP/1.1" 404 1104
180.169.147.146 - - [12/Jul/2022:10:46:07 +0800] "POST /xingrg/all/common/load_combo.html?type=base HTTP/1.1" 200 3230
124.78.154.64 - - [12/Jul/2022:10:46:10 +0800] "GET /xingrg/all/function/internal_message.html?_=1657593970361&CODE_STATE=getMsg HTTP/1.1" 200 27
124.78.154.64 - - [12/Jul/2022:10:46:10 +0800] "GET /xingrg/check_reg.html?_=1657593970395 HTTP/1.1" 200 22
180.169.147.146 - - [12/Jul/2022:10:46:11 +0800] "POST /xingrg/all/common/load_combo.html?type=base HTTP/1.1" 200 3230
180.175.103.110 - - [12/Jul/2022:10:46:14 +0800] "GET /xingrg/all/function/internal_message.html?_=1657593973761&CODE_STATE=getMsg HTTP/1.1" 200 27
222.69.129.110 - - [12/Jul/2022:10:46:18 +0800] "GET /xingrg/all/function/internal_message.html?_=1657594028585&CODE_STATE=getMsg HTTP/1.1" 200 27
180.169.147.146 - - [12/Jul/2022:10:46:21 +0800] "GET /xingrg/kc/base/wldb_order_operate.html?command=get_materiel&rest_code=00147&base_code=0010270&code=00101019391 HTTP/1.1" 200 485
101.85.238.90 - - [12/Jul/2022:10:46:22 +0800] "GET /xingrg/kc/base/wldb_order_operate.html?command=get_materiel&rest_code=00102&base_code=0010476&code=00101022087 HTTP/1.1" 200 473
180.169.147.146 - - [12/Jul/2022:10:46:27 +0800] "GET /xingrg/kc/base/wldb_order_operate.html?command=get_materiel&rest_code=00147&base_code=0010270&code=00101019185 HTTP/1.1" 200 467
101.85.238.90 - - [12/Jul/2022:10:46:28 +0800] "GET /xingrg/kc/base/wldb_order_operate.html?command=get_materiel&rest_code=00102&base_code=0010476&code=00101019750 HTTP/1.1" 200 456
114.86.187.244 - - [12/Jul/2022:10:46:29 +0800] "GET /xingrg/all/function/internal_message.html?_=1657593988487&CODE_STATE=getMsg HTTP/1.1" 200 27
114.84.151.115 - - [12/Jul/2022:10:46:29 +0800] "GET /xingrg/login.html HTTP/1.1" 200 7641
114.88.162.248 - - [12/Jul/2022:10:46:29 +0800] "GET /xingrg/all/function/internal_message.html?_=1657593987918&CODE_STATE=getMsg HTTP/1.1" 200 27
114.84.151.115 - - [12/Jul/2022:10:46:30 +0800] "GET /favicon.ico HTTP/1.1" 404 -
180.169.147.146 - - [12/Jul/2022:10:46:32 +0800] "GET /xingrg/kc/base/wldb_order_operate.html?command=get_materiel&rest_code=00147&base_code=0010270&code=00101019438 HTTP/1.1" 200 461
101.85.238.90 - - [12/Jul/2022:10:46:33 +0800] "GET /xingrg/kc/base/wldb_order_operate.html?command=get_materiel&rest_code=00102&base_code=0010476&code=00101013115 HTTP/1.1" 200 434
180.169.147.146 - - [12/Jul/2022:10:46:37 +0800] "GET /xingrg/kc/base/wldb_order_operate.html?command=get_materiel&rest_code=00147&base_code=0010270&code=00101016076 HTTP/1.1" 200 477
101.85.238.90 - - [12/Jul/2022:10:46:39 +0800] "GET /xingrg/kc/base/wldb_order_operate.html?command=get_materiel&rest_code=00102&base_code=0010476&code=00101019575 HTTP/1.1" 200 441
101.85.238.90 - - [12/Jul/2022:10:46:41 +0800] "GET /xingrg/kc/base/wldb_order_operate.html?command=get_materiel&rest_code=00102&base_code=0010476&code=00101019505 HTTP/1.1" 200 478
180.169.147.146 - - [12/Jul/2022:10:46:44 +0800] "GET /xingrg/kc/base/wldb_order_operate.html?command=get_materiel&rest_code=00147&base_code=0010270&code=00101019750 HTTP/1.1" 200 456
101.85.238.90 - - [12/Jul/2022:10:46:44 +0800] "GET /xingrg/all/function/internal_message.html?_=1657594010500&CODE_STATE=getMsg HTTP/1.1" 200 27
114.84.151.115 - - [12/Jul/2022:10:46:45 +0800] "POST /xingrg/login.do HTTP/1.1" 302 -
114.84.151.115 - - [12/Jul/2022:10:46:45 +0800] "GET /xingrg/index.html?sysBaseUrl=http%3A%2F%2F180.169.147.146%3A18081%2Fxingrg%2F&costTime=40×tamp=1657594005869 HTTP/1.1" 200 17179
58.35.196.166 - - [12/Jul/2022:10:46:45 +0800] "GET /xingrg/all/function/internal_message.html?_=1657594006406&CODE_STATE=getMsg HTTP/1.1" 200 27
114.84.151.115 - - [12/Jul/2022:10:46:46 +0800] "POST /xingrg/all/common/load_tree.html?tree=area_rest_tree_json&manage=1 HTTP/1.1" 200 351
114.84.151.115 - - [12/Jul/2022:10:46:46 +0800] "GET /favicon.ico HTTP/1.1" 404 -
114.84.151.115 - - [12/Jul/2022:10:46:46 +0800] "POST /xingrg/load_menu.html HTTP/1.1" 200 5138
114.84.151.115 - - [12/Jul/2022:10:46:46 +0800] "GET /xingrg/check_reg.html?_=1657593706356 HTTP/1.1" 200 22
114.84.151.115 - - [12/Jul/2022:10:46:46 +0800] "GET /xingrg/all/function/internal_message.html?_=1657593706355&CODE_STATE=count HTTP/1.1" 200 11
101.85.238.90 - - [12/Jul/2022:10:46:47 +0800] "GET /xingrg/kc/base/wldb_order_operate.html?command=get_materiel&rest_code=00102&base_code=0010476&code=00101010092 HTTP/1.1" 200 451
114.84.151.115 - - [12/Jul/2022:10:46:48 +0800] "GET /xingrg/kc/buy/buy_main.html HTTP/1.1" 200 12412
114.84.151.115 - - [12/Jul/2022:10:46:48 +0800] "GET /xingrg/css/new_ie.css HTTP/1.1" 404 1036
114.84.151.115 - - [12/Jul/2022:10:46:48 +0800] "GET /xingrg/images/yd/bt.gif HTTP/1.1" 404 1040
180.169.147.146 - - [12/Jul/2022:10:46:49 +0800] "GET /xingrg/kc/base/wldb_order_operate.html?command=get_materiel&rest_code=00147&base_code=0010270&code=00101019400 HTTP/1.1" 200 465
114.84.151.115 - - [12/Jul/2022:10:46:49 +0800] "GET /xingrg/kc/buy/cgsh_order_list.html HTTP/1.1" 200 52100
114.84.151.115 - - [12/Jul/2022:10:46:50 +0800] "POST /xingrg/kc/buy/cgsh_list_operate.html HTTP/1.1" 200 693
101.85.238.90 - - [12/Jul/2022:10:46:50 +0800] "GET /xingrg/kc/mdqp/pssh_order_list.html HTTP/1.1" 200 17823
101.85.238.90 - - [12/Jul/2022:10:46:51 +0800] "POST /xingrg/kc/mdqp/pssh_list_operate.html HTTP/1.1" 200 5448
101.85.238.90 - - [12/Jul/2022:10:46:51 +0800] "POST /xingrg/kc/mdqp/pssh_list_operate.html HTTP/1.1" 200 770
101.85.238.90 - - [12/Jul/2022:10:46:52 +0800] "POST /xingrg/kc/mdqp/pssh_list_operate.html HTTP/1.1" 200 776
180.169.147.146 - - [12/Jul/2022:10:46:52 +0800] "GET /xingrg/all/function/internal_message.html?_=1657594011498&CODE_STATE=getMsg HTTP/1.1" 200 27
101.85.238.90 - - [12/Jul/2022:10:46:53 +0800] "GET /xingrg/kc/mdqp/pssh_order_info.html?code=312022071000162 HTTP/1.1" 200 14386
101.85.238.90 - - [12/Jul/2022:10:46:53 +0800] "GET /xingrg/javascript/jquery_tools/jquery-1.4.2.min.js HTTP/1.1" 404 1094
101.85.238.90 - - [12/Jul/2022:10:46:54 +0800] "POST /xingrg/kc/mdqp/pssh_order_operate.html HTTP/1.1" 200 3176
101.85.238.90 - - [12/Jul/2022:10:46:54 +0800] "GET /xingrg/javascript/easyui/themes/default/validatebox.css HTTP/1.1" 404 1104
180.169.147.146 - - [12/Jul/2022:10:46:56 +0800] "GET /xingrg/kc/base/wldb_order_operate.html?command=get_materiel&rest_code=00147&base_code=0010270&code=00101019184 HTTP/1.1" 200 458
101.85.238.90 - - [12/Jul/2022:10:46:56 +0800] "POST /xingrg/kc/mdqp/pssh_order_operate.html HTTP/1.1" 200 12
101.85.238.90 - - [12/Jul/2022:10:46:56 +0800] "GET /xingrg/kc/mdqp/pssh_order_info.html?code=312022071000162 HTTP/1.1" 200 17310
101.85.238.90 - - [12/Jul/2022:10:46:56 +0800] "GET /xingrg/javascript/jquery_tools/jquery-1.4.2.min.js HTTP/1.1" 404 1094
101.85.238.90 - - [12/Jul/2022:10:46:57 +0800] "POST /xingrg/kc/mdqp/pssh_order_operate.html HTTP/1.1" 200 3176
101.85.238.90 - - [12/Jul/2022:10:46:57 +0800] "GET /xingrg/javascript/easyui/themes/default/validatebox.css HTTP/1.1" 404 1104
101.85.238.90 - - [12/Jul/2022:10:46:58 +0800] "POST /xingrg/all/common/load_combo.html?type=base&rest_code=00102 HTTP/1.1" 200 3233
101.85.238.90 - - [12/Jul/2022:10:47:00 +0800] "GET /xingrg/all/function/internal_message.html?_=1657594087789&CODE_STATE=getMsg HTTP/1.1" 200 27
101.85.238.90 - - [12/Jul/2022:10:47:00 +0800] "POST /xingrg/kc/mdqp/pssh_order_operate.html HTTP/1.1" 200 37
101.85.238.90 - - [12/Jul/2022:10:47:01 +0800] "POST /xingrg/kc/mdqp/pssh_order_operate.html HTTP/1.1" 200 12
101.85.238.90 - - [12/Jul/2022:10:47:01 +0800] "GET /xingrg/kc/mdqp/pssh_order_info.html?code=312022071000162 HTTP/1.1" 200 14382
101.85.238.90 - - [12/Jul/2022:10:47:01 +0800] "GET /xingrg/javascript/jquery_tools/jquery-1.4.2.min.js HTTP/1.1" 404 1094
101.85.238.90 - - [12/Jul/2022:10:47:02 +0800] "GET /xingrg/javascript/easyui/themes/default/validatebox.css HTTP/1.1" 404 1104
101.85.238.90 - - [12/Jul/2022:10:47:06 +0800] "POST /xingrg/kc/mdqp/pssh_order_operate.html HTTP/1.1" 200 3176
218.81.223.53 - - [12/Jul/2022:10:47:06 +0800] "GET /xingrg/all/function/internal_message.html?_=1657594030521&CODE_STATE=getMsg HTTP/1.1" 200 27
101.85.238.90 - - [12/Jul/2022:10:47:08 +0800] "GET /xingrg/kc/print/load_data.html?order_code=312022071000162&kc_code=pssh&condition= HTTP/1.1" 200 1577
124.78.154.64 - - [12/Jul/2022:10:47:10 +0800] "GET /xingrg/all/function/internal_message.html?_=1657594030364&CODE_STATE=getMsg HTTP/1.1" 200 27
180.175.103.110 - - [12/Jul/2022:10:47:14 +0800] "GET /xingrg/all/function/internal_message.html?_=1657594033741&CODE_STATE=getMsg HTTP/1.1" 200 27
58.221.95.50 - - [12/Jul/2022:10:47:16 +0800] "GET /xingrg/check_reg.html?_=1657594035858 HTTP/1.1" 302 -
101.85.238.90 - - [12/Jul/2022:10:47:16 +0800] "POST /xingrg/kc/mdqp/pssh_list_operate.html HTTP/1.1" 200 814
101.85.238.90 - - [12/Jul/2022:10:47:16 +0800] "GET /xingrg/kc/base/wldb_order_list.html HTTP/1.1" 200 19142
180.175.103.110 - - [12/Jul/2022:10:47:17 +0800] "GET /xingrg/check_reg.html?_=1657594036942 HTTP/1.1" 200 22
101.85.238.90 - - [12/Jul/2022:10:47:17 +0800] "POST /xingrg/kc/base/wldb_list_operate.html HTTP/1.1" 200 928
222.69.129.110 - - [12/Jul/2022:10:47:18 +0800] "GET /xingrg/all/function/internal_message.html?_=1657594088587&CODE_STATE=getMsg HTTP/1.1" 200 27
114.84.151.115 - - [12/Jul/2022:10:47:24 +0800] "GET /xingrg/kc/buy/cgsh_order_add.html HTTP/1.1" 200 67876
114.84.151.115 - - [12/Jul/2022:10:47:24 +0800] "GET /xingrg/words/20220709093651_words.js HTTP/1.1" 304 -
114.84.151.115 - - [12/Jul/2022:10:47:24 +0800] "POST /xingrg/kc/buy/cgsh_order_operate.html HTTP/1.1" 200 8245
114.84.151.115 - - [12/Jul/2022:10:47:24 +0800] "GET /xingrg/all/common/auto_word.html?type=employee&rest_code=00141 HTTP/1.1" 200 201
114.84.151.115 - - [12/Jul/2022:10:47:24 +0800] "GET /xingrg/all/common/auto_word.html?type=employee&rest_code=00141 HTTP/1.1" 200 201
114.84.151.115 - - [12/Jul/2022:10:47:24 +0800] "GET /xingrg/javascript/easyui/themes/default/validatebox.css HTTP/1.1" 404 1104
114.84.151.115 - - [12/Jul/2022:10:47:25 +0800] "GET /xingrg/javascript/auto/indicator.gif HTTP/1.1" 404 1066
180.169.147.146 - - [12/Jul/2022:10:47:28 +0800] "GET /xingrg/kc/base/wldb_order_operate.html?command=get_materiel&rest_code=00147&base_code=0010270&code=00101019844 HTTP/1.1" 200 435
114.86.187.244 - - [12/Jul/2022:10:47:29 +0800] "GET /xingrg/all/function/internal_message.html?_=1657594048485&CODE_STATE=getMsg HTTP/1.1" 200 27
114.88.162.248 - - [12/Jul/2022:10:47:29 +0800] "GET /xingrg/all/function/internal_message.html?_=1657594047919&CODE_STATE=getMsg HTTP/1.1" 200 27
180.169.147.146 - - [12/Jul/2022:10:47:36 +0800] "GET /xingrg/kc/base/wldb_order_operate.html?command=get_materiel&rest_code=00147&base_code=0010270&code=00101019183 HTTP/1.1" 200 449
114.84.151.115 - - [12/Jul/2022:10:47:39 +0800] "GET /xingrg/javascript/jquery_tools/images/prev.gif HTTP/1.1" 404 1086
114.84.151.115 - - [12/Jul/2022:10:47:39 +0800] "GET /xingrg/javascript/jquery_tools/images/next.gif HTTP/1.1" 404 1086
101.85.238.90 - - [12/Jul/2022:10:47:44 +0800] "GET /xingrg/all/function/internal_message.html?_=1657594070481&CODE_STATE=getMsg HTTP/1.1" 200 27
58.35.196.166 - - [12/Jul/2022:10:47:45 +0800] "GET /xingrg/all/function/internal_message.html?_=1657594066406&CODE_STATE=getMsg HTTP/1.1" 200 27
58.35.196.166 - - [12/Jul/2022:10:47:45 +0800] "GET /xingrg/check_reg.html?_=1657594066408 HTTP/1.1" 200 22
114.84.151.115 - - [12/Jul/2022:10:47:46 +0800] "GET /xingrg/all/function/internal_message.html?_=1657593766376&CODE_STATE=getMsg HTTP/1.1" 200 27
180.169.147.146 - - [12/Jul/2022:10:47:46 +0800] "GET /xingrg/kc/base/wldb_order_operate.html?command=get_materiel&rest_code=00147&base_code=0010270&code=00101019276 HTTP/1.1" 200 460
114.84.151.115 - - [12/Jul/2022:10:47:49 +0800] "GET /xingrg/kc/buy/cgsh_order_operate.html?command=get_materiel&rest_code=00141&code=00101015043&supplier_code=00100055&order_time=2022-07-12 HTTP/1.1" 200 413
218.81.223.53 - - [12/Jul/2022:10:47:49 +0800] "GET /xingrg/check_reg.html?_=1657594074986 HTTP/1.1" 200 22
180.169.147.146 - - [12/Jul/2022:10:47:52 +0800] "GET /xingrg/check_reg.html?_=1657594071503 HTTP/1.1" 200 22
180.169.147.146 - - [12/Jul/2022:10:47:52 +0800] "GET /xingrg/all/function/internal_message.html?_=1657594071505&CODE_STATE=getMsg HTTP/1.1" 200 27
180.169.147.146 - - [12/Jul/2022:10:47:55 +0800] "GET /xingrg/kc/base/wldb_order_operate.html?command=get_materiel&rest_code=00147&base_code=0010270&code=00101019310 HTTP/1.1" 200 477
101.85.238.90 - - [12/Jul/2022:10:48:00 +0800] "GET /xingrg/all/function/internal_message.html?_=1657594147796&CODE_STATE=getMsg HTTP/1.1" 200 27
180.169.147.146 - - [12/Jul/2022:10:48:01 +0800] "GET /xingrg/kc/base/wldb_order_operate.html?command=get_materiel&rest_code=00147&base_code=0010270&code=00101019164 HTTP/1.1" 200 466
218.81.223.53 - - [12/Jul/2022:10:48:05 +0800] "GET /xingrg/all/function/internal_message.html?_=1657594090525&CODE_STATE=getMsg HTTP/1.1" 200 27
180.169.147.146 - - [12/Jul/2022:10:48:09 +0800] "GET /xingrg/kc/base/wldb_order_operate.html?command=get_materiel&rest_code=00147&base_code=0010270&code=00101019257 HTTP/1.1" 200 478
114.84.151.115 - - [12/Jul/2022:10:48:10 +0800] "POST /xingrg/kc/buy/cgsh_order_operate.html HTTP/1.1" 200 37
124.78.154.64 - - [12/Jul/2022:10:48:10 +0800] "GET /xingrg/all/function/internal_message.html?_=1657594090364&CODE_STATE=getMsg HTTP/1.1" 200 27
180.175.103.110 - - [12/Jul/2022:10:48:14 +0800] "GET /xingrg/all/function/internal_message.html?_=1657594093721&CODE_STATE=getMsg HTTP/1.1" 200 27
114.84.151.115 - - [12/Jul/2022:10:48:14 +0800] "POST /xingrg/kc/buy/cgsh_order_operate.html HTTP/1.1" 200 12
180.169.147.146 - - [12/Jul/2022:10:48:14 +0800] "GET /xingrg/kc/base/wldb_order_operate.html?command=get_materiel&rest_code=00147&base_code=0010270&code=00101019258 HTTP/1.1" 200 483
114.84.151.115 - - [12/Jul/2022:10:48:15 +0800] "GET /xingrg/kc/buy/cgsh_order_info.html?code=212022071203010 HTTP/1.1" 200 62779
114.84.151.115 - - [12/Jul/2022:10:48:15 +0800] "GET /xingrg/javascript/easyui/themes/default/validatebox.css HTTP/1.1" 404 1104
114.84.151.115 - - [12/Jul/2022:10:48:16 +0800] "POST /xingrg/kc/buy/cgsh_order_operate.html HTTP/1.1" 200 606
222.69.129.110 - - [12/Jul/2022:10:48:18 +0800] "GET /xingrg/check_reg.html?_=1657594148588 HTTP/1.1" 200 22
222.69.129.110 - - [12/Jul/2022:10:48:18 +0800] "GET /xingrg/all/function/internal_message.html?_=1657594148591&CODE_STATE=getMsg HTTP/1.1" 200 27
