116.235.94.65 - - [12/Jul/2022:09:30:53 +0800] "GET /xingrg/javascript/easyui/themes/default/validatebox.css HTTP/1.1" 404 1104
120.253.135.82 - - [12/Jul/2022:09:30:54 +0800] "POST /xingrg/all/common/load_select.html HTTP/1.1" 200 25
120.253.135.82 - - [12/Jul/2022:09:30:56 +0800] "GET /xingrg/kc/pszx/mdps_order_operate.html?command=get_materiel_price&pszx_code=00101&rest_code=00149&base_code=0010246&code=00101019400&unit_code=00100111&order_time=2022-07-13 HTTP/1.1" 200 36
124.78.154.64 - - [12/Jul/2022:09:31:10 +0800] "GET /xingrg/all/function/internal_message.html?_=1657589470112&CODE_STATE=getMsg HTTP/1.1" 200 27
124.78.154.64 - - [12/Jul/2022:09:31:10 +0800] "GET /xingrg/check_reg.html?_=1657589470113 HTTP/1.1" 200 22
180.175.103.110 - - [12/Jul/2022:09:31:15 +0800] "GET /xingrg/all/function/internal_message.html?_=1657589475533&CODE_STATE=getMsg HTTP/1.1" 200 27
58.35.196.166 - - [12/Jul/2022:09:31:15 +0800] "GET /xingrg/login.html HTTP/1.1" 200 7641
58.35.196.166 - - [12/Jul/2022:09:31:16 +0800] "GET /xingrg/images/blue/jxLogo.png HTTP/1.1" 200 6156
222.69.129.110 - - [12/Jul/2022:09:31:18 +0800] "GET /xingrg/all/function/internal_message.html?_=1657589528574&CODE_STATE=getMsg HTTP/1.1" 200 27
116.235.94.65 - - [12/Jul/2022:09:31:18 +0800] "GET /xingrg/all/function/internal_message.html?_=1657589659289&CODE_STATE=getMsg HTTP/1.1" 200 27
58.35.196.166 - - [12/Jul/2022:09:31:19 +0800] "GET /xingrg/images/blue/login_bg.png HTTP/1.1" 200 22101
58.35.196.166 - - [12/Jul/2022:09:31:19 +0800] "GET /xingrg/images/blue/hj.png HTTP/1.1" 200 1014
58.35.196.166 - - [12/Jul/2022:09:31:19 +0800] "GET /xingrg/images/blue/srbg.png HTTP/1.1" 200 138
58.35.196.166 - - [12/Jul/2022:09:31:22 +0800] "GET /favicon.ico HTTP/1.1" 404 -
114.86.187.244 - - [12/Jul/2022:09:31:29 +0800] "GET /xingrg/all/function/internal_message.html?_=1657589488323&CODE_STATE=getMsg HTTP/1.1" 200 27
114.88.162.248 - - [12/Jul/2022:09:31:29 +0800] "GET /xingrg/all/function/internal_message.html?_=1657589487824&CODE_STATE=getMsg HTTP/1.1" 200 27
101.83.223.227 - - [12/Jul/2022:09:31:31 +0800] "GET /xingrg/all/function/internal_message.html?_=1657589450878&CODE_STATE=getMsg HTTP/1.1" 200 27
120.253.135.82 - - [12/Jul/2022:09:31:36 +0800] "GET /xingrg/check_reg.html?_=1657589305122 HTTP/1.1" 200 22
120.253.135.82 - - [12/Jul/2022:09:31:36 +0800] "GET /xingrg/all/function/internal_message.html?_=1657589305305&CODE_STATE=getMsg HTTP/1.1" 200 27
218.81.223.53 - - [12/Jul/2022:09:31:43 +0800] "POST /xingrg/services/DataTransmitService HTTP/1.1" 200 524
218.81.223.53 - - [12/Jul/2022:09:31:43 +0800] "POST /xingrg/services/DataTransmitService HTTP/1.1" 200 2339
218.81.223.53 - - [12/Jul/2022:09:31:47 +0800] "POST /xingrg/services/DataTransmitService HTTP/1.1" 200 524
218.81.223.53 - - [12/Jul/2022:09:31:48 +0800] "POST /xingrg/services/DataTransmitService HTTP/1.1" 200 2339
218.81.223.53 - - [12/Jul/2022:09:31:53 +0800] "GET /xingrg/all/function/internal_message.html?_=1657589518788&CODE_STATE=getMsg HTTP/1.1" 200 27
120.253.135.82 - - [12/Jul/2022:09:31:53 +0800] "POST /xingrg/kc/pszx/mdps_order_operate.html HTTP/1.1" 200 37
120.253.135.82 - - [12/Jul/2022:09:31:54 +0800] "GET /xingrg/kc/pszx/mdps_order_info.html?code=312022071200197 HTTP/1.1" 200 23978
120.253.135.82 - - [12/Jul/2022:09:31:55 +0800] "GET /xingrg/javascript/easyui/themes/default/validatebox.css HTTP/1.1" 404 1104
120.253.135.82 - - [12/Jul/2022:09:31:55 +0800] "POST /xingrg/kc/pszx/mdps_order_operate.html HTTP/1.1" 200 7997
120.253.135.82 - - [12/Jul/2022:09:31:58 +0800] "POST /xingrg/kc/pszx/mdps_list_operate.html HTTP/1.1" 200 206
120.253.135.82 - - [12/Jul/2022:09:32:00 +0800] "POST /xingrg/kc/pszx/mdps_list_operate.html HTTP/1.1" 200 435
120.253.135.82 - - [12/Jul/2022:09:32:01 +0800] "GET /xingrg/kc/pszx/mdps_order_info.html?code=312022071200198 HTTP/1.1" 200 23978
120.253.135.82 - - [12/Jul/2022:09:32:01 +0800] "POST /xingrg/kc/pszx/mdps_order_operate.html HTTP/1.1" 200 3738
120.253.135.82 - - [12/Jul/2022:09:32:01 +0800] "GET /xingrg/javascript/easyui/themes/default/validatebox.css HTTP/1.1" 404 1104
120.253.135.82 - - [12/Jul/2022:09:32:03 +0800] "GET /xingrg/css/images/panel_loading.gif HTTP/1.1" 304 -
120.253.135.82 - - [12/Jul/2022:09:32:03 +0800] "POST /xingrg/all/common/load_combo.html?type=base HTTP/1.1" 200 1169
120.253.135.82 - - [12/Jul/2022:09:32:07 +0800] "POST /xingrg/kc/pszx/mdps_order_operate.html HTTP/1.1" 200 37
120.253.135.82 - - [12/Jul/2022:09:32:08 +0800] "GET /xingrg/kc/pszx/mdps_order_info.html?code=312022071200198 HTTP/1.1" 200 23978
218.81.223.53 - - [12/Jul/2022:09:32:08 +0800] "POST /xingrg/services/DataTransmitService HTTP/1.1" 200 524
120.253.135.82 - - [12/Jul/2022:09:32:08 +0800] "GET /xingrg/javascript/easyui/themes/default/validatebox.css HTTP/1.1" 404 1104
120.253.135.82 - - [12/Jul/2022:09:32:08 +0800] "POST /xingrg/kc/pszx/mdps_order_operate.html HTTP/1.1" 200 3769
218.81.223.53 - - [12/Jul/2022:09:32:09 +0800] "POST /xingrg/services/DataTransmitService HTTP/1.1" 200 412
124.78.154.64 - - [12/Jul/2022:09:32:10 +0800] "GET /xingrg/all/function/internal_message.html?_=1657589530113&CODE_STATE=getMsg HTTP/1.1" 200 27
218.81.223.53 - - [12/Jul/2022:09:32:11 +0800] "POST /xingrg/services/DataTransmitService HTTP/1.1" 200 524
218.81.223.53 - - [12/Jul/2022:09:32:12 +0800] "POST /xingrg/services/DataTransmitService HTTP/1.1" 200 412
180.175.103.110 - - [12/Jul/2022:09:32:15 +0800] "GET /xingrg/all/function/internal_message.html?_=1657589535509&CODE_STATE=getMsg HTTP/1.1" 200 27
58.221.95.50 - - [12/Jul/2022:09:32:16 +0800] "GET /xingrg/check_reg.html?_=1657589536412 HTTP/1.1" 302 -
120.253.135.82 - - [12/Jul/2022:09:32:16 +0800] "GET /xingrg/kc/pszx/mdps_order_operate.html?command=get_materiel&pszx_code=00101&rest_code=00149&base_code=0010250&code=00102002390 HTTP/1.1" 200 436
180.175.103.110 - - [12/Jul/2022:09:32:17 +0800] "GET /xingrg/check_reg.html?_=1657589536900 HTTP/1.1" 200 22
222.69.129.110 - - [12/Jul/2022:09:32:18 +0800] "GET /xingrg/all/function/internal_message.html?_=1657589588569&CODE_STATE=getMsg HTTP/1.1" 200 27
116.235.94.65 - - [12/Jul/2022:09:32:18 +0800] "GET /xingrg/all/function/internal_message.html?_=1657589719267&CODE_STATE=getMsg HTTP/1.1" 200 27
114.86.187.244 - - [12/Jul/2022:09:32:29 +0800] "GET /xingrg/all/function/internal_message.html?_=1657589548322&CODE_STATE=getMsg HTTP/1.1" 200 27
114.88.162.248 - - [12/Jul/2022:09:32:29 +0800] "GET /xingrg/all/function/internal_message.html?_=1657589547824&CODE_STATE=getMsg HTTP/1.1" 200 27
101.83.223.227 - - [12/Jul/2022:09:32:31 +0800] "GET /xingrg/all/function/internal_message.html?_=1657589510901&CODE_STATE=getMsg HTTP/1.1" 200 27
120.253.135.82 - - [12/Jul/2022:09:32:35 +0800] "GET /xingrg/kc/pszx/mdps_order_operate.html?command=get_materiel&pszx_code=00101&rest_code=00149&base_code=0010250&code=00102002568 HTTP/1.1" 200 444
120.253.135.82 - - [12/Jul/2022:09:32:36 +0800] "GET /xingrg/all/function/internal_message.html?_=1657589365344&CODE_STATE=getMsg HTTP/1.1" 200 27
120.253.135.82 - - [12/Jul/2022:09:32:38 +0800] "POST /xingrg/all/common/load_select.html HTTP/1.1" 200 25
120.253.135.82 - - [12/Jul/2022:09:32:40 +0800] "GET /xingrg/kc/pszx/mdps_order_operate.html?command=get_materiel_price&pszx_code=00101&rest_code=00149&base_code=0010250&code=00102002568&unit_code=00100342&order_time=2022-07-13 HTTP/1.1" 200 33
58.35.196.166 - - [12/Jul/2022:09:32:43 +0800] "POST /xingrg/login.do HTTP/1.1" 302 -
58.35.196.166 - - [12/Jul/2022:09:32:43 +0800] "GET /xingrg/index.html?sysBaseUrl=http%3A%2F%2F180.169.147.146%3A18081%2Fxingrg%2F&costTime=40×tamp=1657589563032 HTTP/1.1" 200 17179
58.35.196.166 - - [12/Jul/2022:09:32:43 +0800] "GET /xingrg/javascript/jquery-1.4.2.min.js HTTP/1.1" 200 72205
58.35.196.166 - - [12/Jul/2022:09:32:43 +0800] "GET /xingrg/javascript/jquery_easy_ui/easyui-lang-zh_CN.js HTTP/1.1" 200 1900
58.35.196.166 - - [12/Jul/2022:09:32:43 +0800] "GET /xingrg/javascript/jquery.form.js HTTP/1.1" 200 23110
58.35.196.166 - - [12/Jul/2022:09:32:43 +0800] "GET /xingrg/javascript/jquery_easy_ui/themes/default/easyui.css HTTP/1.1" 200 26500
58.35.196.166 - - [12/Jul/2022:09:32:43 +0800] "GET /xingrg/javascript/jquery.timers.js HTTP/1.1" 200 3532
58.35.196.166 - - [12/Jul/2022:09:32:43 +0800] "GET /xingrg/javascript/jquery.utils.js HTTP/1.1" 200 11805
58.35.196.166 - - [12/Jul/2022:09:32:43 +0800] "GET /xingrg/css/form.css HTTP/1.1" 200 893
58.35.196.166 - - [12/Jul/2022:09:32:43 +0800] "GET /xingrg/javascript/jquery_easy_ui/themes/icon.css HTTP/1.1" 200 3949
58.35.196.166 - - [12/Jul/2022:09:32:43 +0800] "GET /xingrg/javascript/jquery_easy_ui/jquery.easyui.min.js HTTP/1.1" 200 213662
58.35.196.166 - - [12/Jul/2022:09:32:44 +0800] "GET /favicon.ico HTTP/1.1" 404 -
58.35.196.166 - - [12/Jul/2022:09:32:44 +0800] "GET /xingrg/javascript/jquery_easy_ui/themes/icons/settle_new.png HTTP/1.1" 200 826
58.35.196.166 - - [12/Jul/2022:09:32:44 +0800] "GET /xingrg/images/blue/navBackgound.jpg HTTP/1.1" 200 12378
58.35.196.166 - - [12/Jul/2022:09:32:44 +0800] "POST /xingrg/all/common/load_tree.html?tree=area_rest_tree_json&manage=1 HTTP/1.1" 200 351
58.35.196.166 - - [12/Jul/2022:09:32:45 +0800] "GET /xingrg/check_reg.html?_=1657589566402 HTTP/1.1" 200 22
58.35.196.166 - - [12/Jul/2022:09:32:45 +0800] "GET /xingrg/all/function/internal_message.html?_=1657589566402&CODE_STATE=count HTTP/1.1" 200 11
58.35.196.166 - - [12/Jul/2022:09:32:45 +0800] "GET /xingrg/images/blue/pingpu.png HTTP/1.1" 200 231
58.35.196.166 - - [12/Jul/2022:09:32:45 +0800] "GET /xingrg/javascript/jquery_easy_ui/themes/default/images/tabs_rightarrow.png HTTP/1.1" 200 395
58.35.196.166 - - [12/Jul/2022:09:32:45 +0800] "GET /xingrg/javascript/jquery_easy_ui/themes/default/images/tabs_leftarrow.png HTTP/1.1" 200 389
58.35.196.166 - - [12/Jul/2022:09:32:45 +0800] "GET /xingrg/javascript/jquery_easy_ui/themes/default/images/panel_tool_collapse.gif HTTP/1.1" 200 246
58.35.196.166 - - [12/Jul/2022:09:32:45 +0800] "POST /xingrg/load_menu.html HTTP/1.1" 200 5138
58.35.196.166 - - [12/Jul/2022:09:32:46 +0800] "GET /xingrg/javascript/jquery_easy_ui/themes/default/images/tree_folder_open.gif HTTP/1.1" 200 956
58.35.196.166 - - [12/Jul/2022:09:32:46 +0800] "GET /xingrg/javascript/jquery_easy_ui/themes/icons/search_new.png HTTP/1.1" 200 586
58.35.196.166 - - [12/Jul/2022:09:32:46 +0800] "GET /xingrg/javascript/jquery_easy_ui/themes/default/images/tree_arrows.gif HTTP/1.1" 200 1043
58.35.196.166 - - [12/Jul/2022:09:32:46 +0800] "GET /xingrg/javascript/jquery_easy_ui/themes/default/images/tree_folder.gif HTTP/1.1" 200 952
58.35.196.166 - - [12/Jul/2022:09:32:46 +0800] "GET /xingrg/javascript/jquery_easy_ui/themes/icons/forms_new.png HTTP/1.1" 200 350
58.35.196.166 - - [12/Jul/2022:09:32:46 +0800] "GET /xingrg/javascript/jquery_easy_ui/themes/icons/storage_new.png HTTP/1.1" 200 853
58.35.196.166 - - [12/Jul/2022:09:32:46 +0800] "GET /xingrg/javascript/jquery_easy_ui/themes/default/images/tree_file.gif HTTP/1.1" 200 118
120.253.135.82 - - [12/Jul/2022:09:32:47 +0800] "POST /xingrg/kc/pszx/mdps_order_operate.html HTTP/1.1" 200 37
218.81.223.53 - - [12/Jul/2022:09:32:47 +0800] "GET /xingrg/check_reg.html?_=1657589573127 HTTP/1.1" 200 22
120.253.135.82 - - [12/Jul/2022:09:32:48 +0800] "GET /xingrg/kc/pszx/mdps_order_info.html?code=312022071200198 HTTP/1.1" 200 23978
120.253.135.82 - - [12/Jul/2022:09:32:48 +0800] "POST /xingrg/kc/pszx/mdps_order_operate.html HTTP/1.1" 200 4277
120.253.135.82 - - [12/Jul/2022:09:32:48 +0800] "GET /xingrg/javascript/easyui/themes/default/validatebox.css HTTP/1.1" 404 1104
120.253.135.82 - - [12/Jul/2022:09:32:49 +0800] "POST /xingrg/kc/pszx/mdps_list_operate.html HTTP/1.1" 200 2434
120.253.135.82 - - [12/Jul/2022:09:32:51 +0800] "POST /xingrg/kc/pszx/mdps_list_operate.html HTTP/1.1" 200 206
218.81.223.53 - - [12/Jul/2022:09:32:51 +0800] "POST /xingrg/services/DataTransmitService HTTP/1.1" 200 524
218.81.223.53 - - [12/Jul/2022:09:32:52 +0800] "POST /xingrg/services/DataTransmitService HTTP/1.1" 200 2339
58.35.196.166 - - [12/Jul/2022:09:32:52 +0800] "GET /xingrg/kc/buy/cgsh_order_list.html HTTP/1.1" 200 52100
58.35.196.166 - - [12/Jul/2022:09:32:52 +0800] "GET /xingrg/javascript/jquery_easy_ui/themes/default/images/tabs_close.gif HTTP/1.1" 200 829
58.35.196.166 - - [12/Jul/2022:09:32:52 +0800] "GET /xingrg/css/base.css HTTP/1.1" 200 2811
58.35.196.166 - - [12/Jul/2022:09:32:52 +0800] "GET /xingrg/css/site.css HTTP/1.1" 200 7541
58.35.196.166 - - [12/Jul/2022:09:32:52 +0800] "GET /xingrg/javascript/jquery_tools/datebox.css HTTP/1.1" 200 2597
58.35.196.166 - - [12/Jul/2022:09:32:52 +0800] "GET /xingrg/javascript/easyui/themes/icon.css HTTP/1.1" 200 4483
58.35.196.166 - - [12/Jul/2022:09:32:52 +0800] "GET /xingrg/javascript/auto/jquery.autocomplete.css HTTP/1.1" 200 587
58.35.196.166 - - [12/Jul/2022:09:32:52 +0800] "GET /xingrg/javascript/jquery_tools/fix.css HTTP/1.1" 200 1702
58.35.196.166 - - [12/Jul/2022:09:32:52 +0800] "GET /xingrg/javascript/easyui/themes/default/easyui.css HTTP/1.1" 200 30432
58.35.196.166 - - [12/Jul/2022:09:32:52 +0800] "GET /xingrg/javascript/jquery_tools/table.css HTTP/1.1" 200 1032
58.35.196.166 - - [12/Jul/2022:09:32:52 +0800] "GET /xingrg/javascript/jquery_tools/jquery.tools.min.js HTTP/1.1" 200 138801
58.35.196.166 - - [12/Jul/2022:09:32:52 +0800] "GET /xingrg/javascript/jquery_tools/jquery.tools.table.js HTTP/1.1" 200 6994
58.35.196.166 - - [12/Jul/2022:09:32:52 +0800] "GET /xingrg/javascript/jquery_tools/list_manager.js HTTP/1.1" 200 3652
58.35.196.166 - - [12/Jul/2022:09:32:52 +0800] "GET /xingrg/javascript/jquery_tools/jquery.tools.hotkey.js HTTP/1.1" 200 3242
58.35.196.166 - - [12/Jul/2022:09:32:52 +0800] "GET /xingrg/javascript/jquery_tools/jquery.tools.extend.js HTTP/1.1" 200 15385
58.35.196.166 - - [12/Jul/2022:09:32:52 +0800] "GET /xingrg/javascript/jquery.cookie.js HTTP/1.1" 200 5513
58.35.196.166 - - [12/Jul/2022:09:32:52 +0800] "GET /xingrg/javascript/easyui/easyloader.js HTTP/1.1" 200 5975
58.35.196.166 - - [12/Jul/2022:09:32:52 +0800] "GET /xingrg/javascript/auto/jquery.autocomplete.js HTTP/1.1" 200 21624
58.35.196.166 - - [12/Jul/2022:09:32:52 +0800] "GET /xingrg/javascript/print/LodopFuncs.js HTTP/1.1" 200 5121
218.81.223.53 - - [12/Jul/2022:09:32:53 +0800] "GET /xingrg/all/function/internal_message.html?_=1657589578789&CODE_STATE=getMsg HTTP/1.1" 200 27
120.253.135.82 - - [12/Jul/2022:09:32:55 +0800] "GET /xingrg/kc/pszx/mdqp_order_list.html?state=10 HTTP/1.1" 200 10653
120.253.135.82 - - [12/Jul/2022:09:32:55 +0800] "GET /xingrg/dwr/interface/AjaxReportQueryService.js HTTP/1.1" 200 13203
58.35.196.166 - - [12/Jul/2022:09:32:56 +0800] "GET /xingrg/javascript/easyui/themes/icons/edit_add_new.png HTTP/1.1" 200 2997
58.35.196.166 - - [12/Jul/2022:09:32:56 +0800] "GET /xingrg/javascript/easyui/themes/icons/field_new.png HTTP/1.1" 200 1097
58.35.196.166 - - [12/Jul/2022:09:32:56 +0800] "GET /xingrg/javascript/easyui/themes/icons/cance_new.png HTTP/1.1" 200 3986
58.35.196.166 - - [12/Jul/2022:09:32:56 +0800] "GET /xingrg/javascript/easyui/themes/icons/check_new.png HTTP/1.1" 200 3224
58.35.196.166 - - [12/Jul/2022:09:32:56 +0800] "GET /xingrg/javascript/easyui/themes/icons/import_new.png HTTP/1.1" 200 1247
120.253.135.82 - - [12/Jul/2022:09:32:56 +0800] "GET /xingrg/dwr/interface/AjaxQqpsService.js HTTP/1.1" 200 16326
120.253.135.82 - - [12/Jul/2022:09:32:56 +0800] "GET /xingrg/dwr/engine.js HTTP/1.1" 200 43631
58.35.196.166 - - [12/Jul/2022:09:32:56 +0800] "GET /xingrg/javascript/easyui/plugins/jquery.parser.js HTTP/1.1" 200 1142
58.35.196.166 - - [12/Jul/2022:09:32:56 +0800] "GET /xingrg/images/control/ajaxLoader.gif HTTP/1.1" 200 4659
58.35.196.166 - - [12/Jul/2022:09:32:57 +0800] "POST /xingrg/kc/buy/cgsh_list_operate.html HTTP/1.1" 200 693
218.81.223.53 - - [12/Jul/2022:09:33:08 +0800] "POST /xingrg/services/DataTransmitService HTTP/1.1" 200 524
218.81.223.53 - - [12/Jul/2022:09:33:08 +0800] "POST /xingrg/services/DataTransmitService HTTP/1.1" 200 501
124.78.154.64 - - [12/Jul/2022:09:33:10 +0800] "GET /xingrg/all/function/internal_message.html?_=1657589590111&CODE_STATE=getMsg HTTP/1.1" 200 27
180.175.103.110 - - [12/Jul/2022:09:33:15 +0800] "GET /xingrg/all/function/internal_message.html?_=1657589595477&CODE_STATE=getMsg HTTP/1.1" 200 27
222.69.129.110 - - [12/Jul/2022:09:33:18 +0800] "GET /xingrg/check_reg.html?_=1657589648579 HTTP/1.1" 200 22
116.235.94.65 - - [12/Jul/2022:09:33:18 +0800] "GET /xingrg/all/function/internal_message.html?_=1657589779245&CODE_STATE=getMsg HTTP/1.1" 200 27
222.69.129.110 - - [12/Jul/2022:09:33:18 +0800] "GET /xingrg/all/function/internal_message.html?_=1657589648583&CODE_STATE=getMsg HTTP/1.1" 200 27
218.81.223.53 - - [12/Jul/2022:09:33:22 +0800] "POST /xingrg/services/DataTransmitService HTTP/1.1" 200 524
116.235.94.65 - - [12/Jul/2022:09:33:24 +0800] "GET /xingrg/check_reg.html?_=1657589784983 HTTP/1.1" 200 22
180.169.147.146 - - [12/Jul/2022:09:33:25 +0800] "GET /xingrg/check_reg.html?_=1657589603506 HTTP/1.1" 302 -
114.86.187.244 - - [12/Jul/2022:09:33:29 +0800] "GET /xingrg/all/function/internal_message.html?_=1657589608321&CODE_STATE=getMsg HTTP/1.1" 200 27
114.88.162.248 - - [12/Jul/2022:09:33:29 +0800] "GET /xingrg/all/function/internal_message.html?_=1657589607823&CODE_STATE=getMsg HTTP/1.1" 200 27
101.83.223.227 - - [12/Jul/2022:09:33:31 +0800] "GET /xingrg/all/function/internal_message.html?_=1657589570906&CODE_STATE=getMsg HTTP/1.1" 200 27
120.253.135.82 - - [12/Jul/2022:09:33:36 +0800] "GET /xingrg/all/function/internal_message.html?_=1657589425410&CODE_STATE=getMsg HTTP/1.1" 200 27
58.35.196.166 - - [12/Jul/2022:09:33:45 +0800] "GET /xingrg/all/function/internal_message.html?_=1657589626411&CODE_STATE=getMsg HTTP/1.1" 200 27
58.35.196.166 - - [12/Jul/2022:09:33:46 +0800] "GET /xingrg/javascript/easyui/themes/default/images/button_plain_hover.png HTTP/1.1" 200 144
58.35.196.166 - - [12/Jul/2022:09:33:47 +0800] "GET /xingrg/javascript/pic_change.js HTTP/1.1" 200 4739
58.35.196.166 - - [12/Jul/2022:09:33:47 +0800] "GET /xingrg/javascript/convert.js HTTP/1.1" 200 1239
58.35.196.166 - - [12/Jul/2022:09:33:47 +0800] "GET /xingrg/javascript/jquery_tools/order_manager.js HTTP/1.1" 200 11183
58.35.196.166 - - [12/Jul/2022:09:33:47 +0800] "GET /xingrg/kc/buy/cgsh_order_add.html HTTP/1.1" 200 67923
58.35.196.166 - - [12/Jul/2022:09:33:47 +0800] "GET /xingrg/javascript/json2.js HTTP/1.1" 200 11259
58.35.196.166 - - [12/Jul/2022:09:33:47 +0800] "GET /xingrg/javascript/print/kc_print.js HTTP/1.1" 200 11415
58.35.196.166 - - [12/Jul/2022:09:33:47 +0800] "GET /xingrg/words/20220709093651_words.js HTTP/1.1" 200 904476
58.35.196.166 - - [12/Jul/2022:09:33:47 +0800] "GET /xingrg/javascript/easyui/themes/icons/ok.png HTTP/1.1" 200 883
58.35.196.166 - - [12/Jul/2022:09:33:47 +0800] "GET /xingrg/javascript/easyui/themes/icons/template_new.png HTTP/1.1" 200 3956
58.35.196.166 - - [12/Jul/2022:09:33:47 +0800] "GET /xingrg/javascript/easyui/themes/icons/copy_new.png HTTP/1.1" 200 815
58.35.196.166 - - [12/Jul/2022:09:33:47 +0800] "GET /xingrg/javascript/easyui/themes/default/images/menu_downarrow.png HTTP/1.1" 200 173
58.35.196.166 - - [12/Jul/2022:09:33:47 +0800] "GET /xingrg/javascript/easyui/themes/icons/print.png HTTP/1.1" 200 1057
58.35.196.166 - - [12/Jul/2022:09:33:47 +0800] "GET /xingrg/javascript/easyui/themes/icons/cancel.png HTTP/1.1" 200 1133
58.35.196.166 - - [12/Jul/2022:09:33:47 +0800] "POST /xingrg/kc/buy/cgsh_order_operate.html HTTP/1.1" 200 8245
58.35.196.166 - - [12/Jul/2022:09:33:47 +0800] "GET /xingrg/all/common/auto_word.html?type=employee&rest_code=00156 HTTP/1.1" 200 97
58.35.196.166 - - [12/Jul/2022:09:33:47 +0800] "GET /xingrg/javascript/easyui/themes/default/validatebox.css HTTP/1.1" 404 1104
58.35.196.166 - - [12/Jul/2022:09:33:47 +0800] "GET /xingrg/javascript/easyui/plugins/jquery.validatebox.js HTTP/1.1" 200 6103
58.35.196.166 - - [12/Jul/2022:09:33:47 +0800] "GET /xingrg/all/common/auto_word.html?type=employee&rest_code=00156 HTTP/1.1" 200 97
58.35.196.166 - - [12/Jul/2022:09:33:47 +0800] "GET /xingrg/javascript/easyui/themes/icons/edit_remove.png HTTP/1.1" 200 625
58.35.196.166 - - [12/Jul/2022:09:33:47 +0800] "GET /xingrg/javascript/easyui/plugins/jquery.numberbox.js HTTP/1.1" 200 5213
218.81.223.53 - - [12/Jul/2022:09:33:49 +0800] "POST /xingrg/services/DataTransmitService HTTP/1.1" 200 501
58.35.196.166 - - [12/Jul/2022:09:33:49 +0800] "GET /xingrg/javascript/auto/indicator.gif HTTP/1.1" 404 1066
218.81.223.53 - - [12/Jul/2022:09:33:49 +0800] "POST /xingrg/services/DataTransmitService HTTP/1.1" 200 501
218.81.223.53 - - [12/Jul/2022:09:33:50 +0800] "POST /xingrg/services/DataTransmitService HTTP/1.1" 200 501
218.81.223.53 - - [12/Jul/2022:09:33:51 +0800] "POST /xingrg/services/DataTransmitService HTTP/1.1" 200 501
101.85.238.90 - - [12/Jul/2022:09:33:51 +0800] "GET /xingrg/check_reg.html?_=1657589698088 HTTP/1.1" 302 -
101.85.238.90 - - [12/Jul/2022:09:33:51 +0800] "GET /xingrg/login.html HTTP/1.1" 200 7641
218.81.223.53 - - [12/Jul/2022:09:33:51 +0800] "POST /xingrg/services/DataTransmitService HTTP/1.1" 200 501
101.85.238.90 - - [12/Jul/2022:09:33:51 +0800] "GET /xingrg/kc/buy/cgsh_order_list.html HTTP/1.1" 302 -
101.85.238.90 - - [12/Jul/2022:09:33:51 +0800] "GET /xingrg/login.html HTTP/1.1" 200 7641
101.85.238.90 - - [12/Jul/2022:09:33:51 +0800] "GET /xingrg/login.html HTTP/1.1" 200 7641
218.81.223.53 - - [12/Jul/2022:09:33:52 +0800] "POST /xingrg/services/DataTransmitService HTTP/1.1" 200 501
58.35.196.166 - - [12/Jul/2022:09:33:52 +0800] "GET /xingrg/javascript/jquery_tools/images/prev.gif HTTP/1.1" 404 1086
58.35.196.166 - - [12/Jul/2022:09:33:52 +0800] "GET /xingrg/javascript/jquery_tools/images/next.gif HTTP/1.1" 404 1086
218.81.223.53 - - [12/Jul/2022:09:33:52 +0800] "POST /xingrg/services/DataTransmitService HTTP/1.1" 200 501
218.81.223.53 - - [12/Jul/2022:09:33:52 +0800] "POST /xingrg/services/DataTransmitService HTTP/1.1" 200 501
218.81.223.53 - - [12/Jul/2022:09:33:52 +0800] "POST /xingrg/services/DataTransmitService HTTP/1.1" 200 412
101.85.238.90 - - [12/Jul/2022:09:33:52 +0800] "GET /xingrg/images/blue/jxLogo.png HTTP/1.1" 304 -
101.85.238.90 - - [12/Jul/2022:09:33:53 +0800] "GET /xingrg/images/blue/login_bg.png HTTP/1.1" 304 -
101.85.238.90 - - [12/Jul/2022:09:33:53 +0800] "GET /xingrg/images/blue/hj.png HTTP/1.1" 304 -
101.85.238.90 - - [12/Jul/2022:09:33:53 +0800] "GET /xingrg/images/blue/srbg.png HTTP/1.1" 304 -
101.85.238.90 - - [12/Jul/2022:09:33:53 +0800] "GET /favicon.ico HTTP/1.1" 404 -
218.81.223.53 - - [12/Jul/2022:09:33:53 +0800] "GET /xingrg/all/function/internal_message.html?_=1657589638802&CODE_STATE=getMsg HTTP/1.1" 200 27
101.85.238.90 - - [12/Jul/2022:09:33:58 +0800] "POST /xingrg/login.do HTTP/1.1" 302 -
101.85.238.90 - - [12/Jul/2022:09:33:58 +0800] "GET /xingrg/index.html?sysBaseUrl=http%3A%2F%2F180.169.147.146%3A18081%2Fxingrg%2F&costTime=38×tamp=1657589638002 HTTP/1.1" 200 17173
101.85.238.90 - - [12/Jul/2022:09:33:58 +0800] "GET /xingrg/javascript/jquery_easy_ui/themes/default/easyui.css HTTP/1.1" 304 -
101.85.238.90 - - [12/Jul/2022:09:33:58 +0800] "GET /xingrg/javascript/jquery_easy_ui/themes/icon.css HTTP/1.1" 304 -
101.85.238.90 - - [12/Jul/2022:09:33:58 +0800] "GET /xingrg/css/form.css HTTP/1.1" 304 -
101.85.238.90 - - [12/Jul/2022:09:33:58 +0800] "GET /xingrg/javascript/jquery.timers.js HTTP/1.1" 304 -
101.85.238.90 - - [12/Jul/2022:09:33:58 +0800] "GET /xingrg/javascript/jquery-1.4.2.min.js HTTP/1.1" 304 -
101.85.238.90 - - [12/Jul/2022:09:33:58 +0800] "GET /xingrg/javascript/jquery_easy_ui/jquery.easyui.min.js HTTP/1.1" 304 -
101.85.238.90 - - [12/Jul/2022:09:33:58 +0800] "GET /xingrg/javascript/jquery_easy_ui/easyui-lang-zh_CN.js HTTP/1.1" 304 -
101.85.238.90 - - [12/Jul/2022:09:33:58 +0800] "GET /xingrg/javascript/jquery.form.js HTTP/1.1" 304 -
101.85.238.90 - - [12/Jul/2022:09:33:58 +0800] "GET /xingrg/javascript/jquery.utils.js HTTP/1.1" 304 -
101.85.238.90 - - [12/Jul/2022:09:33:58 +0800] "GET /xingrg/images/blue/navBackgound.jpg HTTP/1.1" 304 -
101.85.238.90 - - [12/Jul/2022:09:33:58 +0800] "GET /xingrg/javascript/jquery_easy_ui/themes/icons/settle_new.png HTTP/1.1" 304 -
101.85.238.90 - - [12/Jul/2022:09:33:58 +0800] "POST /xingrg/all/common/load_tree.html?tree=area_rest_tree_json&manage=1 HTTP/1.1" 200 342
101.85.238.90 - - [12/Jul/2022:09:33:58 +0800] "GET /xingrg/images/blue/pingpu.png HTTP/1.1" 304 -
101.85.238.90 - - [12/Jul/2022:09:33:58 +0800] "GET /xingrg/javascript/jquery_easy_ui/themes/default/images/tabs_leftarrow.png HTTP/1.1" 304 -
101.85.238.90 - - [12/Jul/2022:09:33:58 +0800] "GET /xingrg/javascript/jquery_easy_ui/themes/default/images/tabs_rightarrow.png HTTP/1.1" 304 -
101.85.238.90 - - [12/Jul/2022:09:33:58 +0800] "GET /xingrg/javascript/jquery_easy_ui/themes/default/images/panel_tool_collapse.gif HTTP/1.1" 304 -
101.85.238.90 - - [12/Jul/2022:09:33:58 +0800] "GET /xingrg/all/function/internal_message.html?_=1657589705625&CODE_STATE=count HTTP/1.1" 200 11
101.85.238.90 - - [12/Jul/2022:09:33:58 +0800] "GET /xingrg/check_reg.html?_=1657589705626 HTTP/1.1" 200 22
101.85.238.90 - - [12/Jul/2022:09:33:58 +0800] "POST /xingrg/load_menu.html HTTP/1.1" 200 5138
101.85.238.90 - - [12/Jul/2022:09:33:58 +0800] "GET /favicon.ico HTTP/1.1" 404 -
101.85.238.90 - - [12/Jul/2022:09:33:58 +0800] "GET /xingrg/javascript/jquery_easy_ui/themes/default/images/tree_arrows.gif HTTP/1.1" 304 -
101.85.238.90 - - [12/Jul/2022:09:33:58 +0800] "GET /xingrg/javascript/jquery_easy_ui/themes/default/images/tree_folder_open.gif HTTP/1.1" 304 -
101.85.238.90 - - [12/Jul/2022:09:33:58 +0800] "GET /xingrg/javascript/jquery_easy_ui/themes/default/images/tree_folder.gif HTTP/1.1" 304 -
101.85.238.90 - - [12/Jul/2022:09:33:58 +0800] "GET /xingrg/javascript/jquery_easy_ui/themes/icons/search_new.png HTTP/1.1" 304 -
101.85.238.90 - - [12/Jul/2022:09:33:58 +0800] "GET /xingrg/javascript/jquery_easy_ui/themes/icons/storage_new.png HTTP/1.1" 304 -
101.85.238.90 - - [12/Jul/2022:09:33:58 +0800] "GET /xingrg/javascript/jquery_easy_ui/themes/icons/forms_new.png HTTP/1.1" 304 -
101.85.238.90 - - [12/Jul/2022:09:33:58 +0800] "GET /xingrg/javascript/jquery_easy_ui/themes/default/images/tree_file.gif HTTP/1.1" 304 -
58.35.196.166 - - [12/Jul/2022:09:34:03 +0800] "GET /xingrg/kc/buy/cgsh_order_operate.html?command=get_materiel&rest_code=00156&code=00101011005&supplier_code=00100012&order_time=2022-07-12 HTTP/1.1" 200 425
101.85.238.90 - - [12/Jul/2022:09:34:09 +0800] "GET /xingrg/javascript/jquery_easy_ui/themes/default/images/tabs_close.gif HTTP/1.1" 304 -
101.85.238.90 - - [12/Jul/2022:09:34:09 +0800] "GET /xingrg/css/base.css HTTP/1.1" 304 -
101.85.238.90 - - [12/Jul/2022:09:34:09 +0800] "GET /xingrg/javascript/jquery_tools/jquery.tools.table.js HTTP/1.1" 304 -
101.85.238.90 - - [12/Jul/2022:09:34:09 +0800] "GET /xingrg/css/site.css HTTP/1.1" 304 -
101.85.238.90 - - [12/Jul/2022:09:34:09 +0800] "GET /xingrg/javascript/jquery_tools/jquery.tools.extend.js HTTP/1.1" 304 -
101.85.238.90 - - [12/Jul/2022:09:34:09 +0800] "GET /xingrg/javascript/jquery_tools/jquery.tools.min.js HTTP/1.1" 304 -
101.85.238.90 - - [12/Jul/2022:09:34:09 +0800] "GET /xingrg/javascript/jquery_tools/datebox.css HTTP/1.1" 304 -
101.85.238.90 - - [12/Jul/2022:09:34:09 +0800] "GET /xingrg/javascript/jquery_tools/list_manager.js HTTP/1.1" 304 -
101.85.238.90 - - [12/Jul/2022:09:34:09 +0800] "GET /xingrg/kc/buy/cgsh_order_list.html HTTP/1.1" 200 52094
101.85.238.90 - - [12/Jul/2022:09:34:09 +0800] "GET /xingrg/javascript/auto/jquery.autocomplete.js HTTP/1.1" 304 -
101.85.238.90 - - [12/Jul/2022:09:34:09 +0800] "GET /xingrg/javascript/easyui/easyloader.js HTTP/1.1" 304 -
101.85.238.90 - - [12/Jul/2022:09:34:09 +0800] "GET /xingrg/javascript/print/LodopFuncs.js HTTP/1.1" 304 -
101.85.238.90 - - [12/Jul/2022:09:34:09 +0800] "GET /xingrg/javascript/jquery.cookie.js HTTP/1.1" 304 -
101.85.238.90 - - [12/Jul/2022:09:34:09 +0800] "GET /xingrg/javascript/easyui/themes/default/easyui.css HTTP/1.1" 304 -
101.85.238.90 - - [12/Jul/2022:09:34:09 +0800] "GET /xingrg/javascript/auto/jquery.autocomplete.css HTTP/1.1" 304 -
101.85.238.90 - - [12/Jul/2022:09:34:09 +0800] "GET /xingrg/javascript/easyui/themes/icon.css HTTP/1.1" 304 -
101.85.238.90 - - [12/Jul/2022:09:34:09 +0800] "GET /xingrg/javascript/jquery_tools/fix.css HTTP/1.1" 304 -
101.85.238.90 - - [12/Jul/2022:09:34:09 +0800] "GET /xingrg/javascript/jquery_tools/jquery.tools.hotkey.js HTTP/1.1" 304 -
101.85.238.90 - - [12/Jul/2022:09:34:09 +0800] "GET /xingrg/javascript/jquery_tools/table.css HTTP/1.1" 304 -
101.85.238.90 - - [12/Jul/2022:09:34:10 +0800] "GET /xingrg/javascript/easyui/themes/icons/edit_add_new.png HTTP/1.1" 304 -
101.85.238.90 - - [12/Jul/2022:09:34:10 +0800] "GET /xingrg/javascript/easyui/themes/icons/cance_new.png HTTP/1.1" 304 -
101.85.238.90 - - [12/Jul/2022:09:34:10 +0800] "GET /xingrg/javascript/easyui/themes/icons/check_new.png HTTP/1.1" 304 -
101.85.238.90 - - [12/Jul/2022:09:34:10 +0800] "GET /xingrg/javascript/easyui/themes/icons/field_new.png HTTP/1.1" 304 -
101.85.238.90 - - [12/Jul/2022:09:34:10 +0800] "GET /xingrg/javascript/easyui/themes/icons/import_new.png HTTP/1.1" 304 -
101.85.238.90 - - [12/Jul/2022:09:34:10 +0800] "GET /xingrg/javascript/easyui/plugins/jquery.parser.js HTTP/1.1" 304 -
101.85.238.90 - - [12/Jul/2022:09:34:10 +0800] "GET /xingrg/images/control/ajaxLoader.gif HTTP/1.1" 304 -
124.78.154.64 - - [12/Jul/2022:09:34:10 +0800] "GET /xingrg/all/function/internal_message.html?_=1657589650110&CODE_STATE=getMsg HTTP/1.1" 200 27
101.85.238.90 - - [12/Jul/2022:09:34:11 +0800] "POST /xingrg/kc/buy/cgsh_list_operate.html HTTP/1.1" 200 693
101.85.238.90 - - [12/Jul/2022:09:34:11 +0800] "GET /xingrg/javascript/easyui/themes/default/images/button_plain_hover.png HTTP/1.1" 304 -
101.85.238.90 - - [12/Jul/2022:09:34:12 +0800] "GET /xingrg/javascript/jquery_tools/order_manager.js HTTP/1.1" 304 -
101.85.238.90 - - [12/Jul/2022:09:34:12 +0800] "GET /xingrg/javascript/convert.js HTTP/1.1" 304 -
101.85.238.90 - - [12/Jul/2022:09:34:12 +0800] "GET /xingrg/javascript/json2.js HTTP/1.1" 304 -
101.85.238.90 - - [12/Jul/2022:09:34:12 +0800] "GET /xingrg/javascript/print/kc_print.js HTTP/1.1" 304 -
101.85.238.90 - - [12/Jul/2022:09:34:12 +0800] "GET /xingrg/javascript/pic_change.js HTTP/1.1" 304 -
101.85.238.90 - - [12/Jul/2022:09:34:12 +0800] "GET /xingrg/kc/buy/cgsh_order_add.html HTTP/1.1" 200 67870
101.85.238.90 - - [12/Jul/2022:09:34:12 +0800] "GET /xingrg/words/20220709093651_words.js HTTP/1.1" 304 -
101.85.238.90 - - [12/Jul/2022:09:34:12 +0800] "GET /xingrg/javascript/easyui/themes/icons/copy_new.png HTTP/1.1" 304 -
101.85.238.90 - - [12/Jul/2022:09:34:12 +0800] "GET /xingrg/javascript/easyui/themes/icons/template_new.png HTTP/1.1" 304 -
101.85.238.90 - - [12/Jul/2022:09:34:12 +0800] "GET /xingrg/javascript/easyui/themes/icons/ok.png HTTP/1.1" 304 -
101.85.238.90 - - [12/Jul/2022:09:34:12 +0800] "GET /xingrg/javascript/easyui/themes/icons/print.png HTTP/1.1" 304 -
101.85.238.90 - - [12/Jul/2022:09:34:12 +0800] "GET /xingrg/javascript/easyui/themes/default/images/menu_downarrow.png HTTP/1.1" 304 -
101.85.238.90 - - [12/Jul/2022:09:34:12 +0800] "GET /xingrg/javascript/easyui/themes/icons/cancel.png HTTP/1.1" 304 -
101.85.238.90 - - [12/Jul/2022:09:34:13 +0800] "GET /xingrg/all/common/auto_word.html?type=employee&rest_code=00102 HTTP/1.1" 200 189
101.85.238.90 - - [12/Jul/2022:09:34:13 +0800] "GET /xingrg/all/common/auto_word.html?type=employee&rest_code=00102 HTTP/1.1" 200 189
101.85.238.90 - - [12/Jul/2022:09:34:13 +0800] "POST /xingrg/kc/buy/cgsh_order_operate.html HTTP/1.1" 200 8245
101.85.238.90 - - [12/Jul/2022:09:34:13 +0800] "GET /xingrg/javascript/easyui/themes/icons/edit_remove.png HTTP/1.1" 304 -
101.85.238.90 - - [12/Jul/2022:09:34:13 +0800] "GET /xingrg/javascript/easyui/themes/default/validatebox.css HTTP/1.1" 404 1104
101.85.238.90 - - [12/Jul/2022:09:34:13 +0800] "GET /xingrg/javascript/easyui/plugins/jquery.validatebox.js HTTP/1.1" 304 -
101.85.238.90 - - [12/Jul/2022:09:34:13 +0800] "GET /xingrg/javascript/easyui/plugins/jquery.numberbox.js HTTP/1.1" 304 -
101.85.238.90 - - [12/Jul/2022:09:34:14 +0800] "GET /xingrg/javascript/auto/indicator.gif HTTP/1.1" 404 1066
180.175.103.110 - - [12/Jul/2022:09:34:15 +0800] "GET /xingrg/all/function/internal_message.html?_=1657589655445&CODE_STATE=getMsg HTTP/1.1" 200 27
58.35.196.166 - - [12/Jul/2022:09:34:16 +0800] "POST /xingrg/kc/buy/cgsh_order_operate.html HTTP/1.1" 200 37
222.69.129.110 - - [12/Jul/2022:09:34:18 +0800] "GET /xingrg/all/function/internal_message.html?_=1657589708585&CODE_STATE=getMsg HTTP/1.1" 200 27
116.235.94.65 - - [12/Jul/2022:09:34:18 +0800] "GET /xingrg/all/function/internal_message.html?_=1657589839224&CODE_STATE=getMsg HTTP/1.1" 200 27
58.35.196.166 - - [12/Jul/2022:09:34:19 +0800] "POST /xingrg/kc/buy/cgsh_order_operate.html HTTP/1.1" 200 2656
58.35.196.166 - - [12/Jul/2022:09:34:20 +0800] "GET /xingrg/kc/print/load_config.html?kc_code=cgsh HTTP/1.1" 200 1943
58.35.196.166 - - [12/Jul/2022:09:34:21 +0800] "GET /xingrg/kc/print/load_data.html?order_code=212022071202981&kc_code=cgsh&condition= HTTP/1.1" 200 772
101.85.238.90 - - [12/Jul/2022:09:34:22 +0800] "GET /xingrg/kc/buy/cgsh_order_operate.html?command=get_materiel&rest_code=00102&code=00101016071&supplier_code=00100151&order_time=2022-07-12 HTTP/1.1" 200 416
114.86.187.244 - - [12/Jul/2022:09:34:29 +0800] "GET /xingrg/all/function/internal_message.html?_=1657589668346&CODE_STATE=getMsg HTTP/1.1" 200 27
58.35.196.166 - - [12/Jul/2022:09:34:29 +0800] "GET /xingrg/kc/buy/cgsh_order_add.html HTTP/1.1" 200 67923
114.88.162.248 - - [12/Jul/2022:09:34:29 +0800] "GET /xingrg/all/function/internal_message.html?_=1657589667849&CODE_STATE=getMsg HTTP/1.1" 200 27
114.88.162.248 - - [12/Jul/2022:09:34:29 +0800] "GET /xingrg/check_reg.html?_=1657589667851 HTTP/1.1" 200 22
58.35.196.166 - - [12/Jul/2022:09:34:29 +0800] "POST /xingrg/kc/buy/cgsh_order_operate.html HTTP/1.1" 200 8245
58.35.196.166 - - [12/Jul/2022:09:34:29 +0800] "GET /xingrg/javascript/easyui/themes/default/validatebox.css HTTP/1.1" 404 1104
101.83.223.227 - - [12/Jul/2022:09:34:31 +0800] "GET /xingrg/all/function/internal_message.html?_=1657589630930&CODE_STATE=getMsg HTTP/1.1" 200 27
120.253.135.82 - - [12/Jul/2022:09:34:36 +0800] "GET /xingrg/all/function/internal_message.html?_=1657589485424&CODE_STATE=getMsg HTTP/1.1" 200 27
58.35.196.166 - - [12/Jul/2022:09:34:45 +0800] "GET /xingrg/all/function/internal_message.html?_=1657589686416&CODE_STATE=getMsg HTTP/1.1" 200 27
58.35.196.166 - - [12/Jul/2022:09:34:48 +0800] "GET /xingrg/kc/buy/cgsh_order_operate.html?command=get_materiel&rest_code=00156&code=00101008312&supplier_code=00100006&order_time=2022-07-12 HTTP/1.1" 200 412
218.81.223.53 - - [12/Jul/2022:09:34:54 +0800] "GET /xingrg/all/function/internal_message.html?_=1657589699327&CODE_STATE=getMsg HTTP/1.1" 200 27
101.85.238.90 - - [12/Jul/2022:09:34:58 +0800] "GET /xingrg/all/function/internal_message.html?_=1657589765630&CODE_STATE=getMsg HTTP/1.1" 200 27
58.35.196.166 - - [12/Jul/2022:09:35:02 +0800] "GET /xingrg/kc/buy/cgsh_order_operate.html?command=get_materiel&rest_code=00156&code=00101008318&supplier_code=00100006&order_time=2022-07-12 HTTP/1.1" 200 408
101.85.238.90 - - [12/Jul/2022:09:35:08 +0800] "GET /xingrg/javascript/easyui/plugins/jquery.draggable.js HTTP/1.1" 304 -
101.85.238.90 - - [12/Jul/2022:09:35:08 +0800] "GET /xingrg/css/images/panel_loading.gif HTTP/1.1" 304 -
101.85.238.90 - - [12/Jul/2022:09:35:08 +0800] "GET /xingrg/javascript/easyui/plugins/jquery.droppable.js HTTP/1.1" 304 -
101.85.238.90 - - [12/Jul/2022:09:35:08 +0800] "GET /xingrg/javascript/easyui/themes/default/tree.css HTTP/1.1" 404 1090
101.85.238.90 - - [12/Jul/2022:09:35:08 +0800] "GET /xingrg/javascript/easyui/plugins/jquery.tree.js HTTP/1.1" 304 -
101.85.238.90 - - [12/Jul/2022:09:35:08 +0800] "POST /xingrg/all/common/load_tree.html?tree=supplier_tree_json&isDelete=1 HTTP/1.1" 200 66828
124.78.154.64 - - [12/Jul/2022:09:35:10 +0800] "GET /xingrg/all/function/internal_message.html?_=1657589710109&CODE_STATE=getMsg HTTP/1.1" 200 27
101.85.238.90 - - [12/Jul/2022:09:35:10 +0800] "GET /xingrg/javascript/easyui/themes/default/images/tree_arrows.gif HTTP/1.1" 304 -
101.85.238.90 - - [12/Jul/2022:09:35:10 +0800] "GET /xingrg/javascript/easyui/themes/default/images/tree_folder_open.gif HTTP/1.1" 304 -
101.85.238.90 - - [12/Jul/2022:09:35:10 +0800] "GET /xingrg/javascript/easyui/themes/default/images/tree_file.gif HTTP/1.1" 304 -
101.85.238.90 - - [12/Jul/2022:09:35:10 +0800] "GET /xingrg/javascript/easyui/themes/default/images/tree_folder.gif HTTP/1.1" 304 -
58.35.196.166 - - [12/Jul/2022:09:35:15 +0800] "GET /xingrg/kc/buy/cgsh_order_operate.html?command=get_materiel&rest_code=00156&code=00101009005&supplier_code=00100006&order_time=2022-07-12 HTTP/1.1" 200 417
180.175.103.110 - - [12/Jul/2022:09:35:15 +0800] "GET /xingrg/all/function/internal_message.html?_=1657589715421&CODE_STATE=getMsg HTTP/1.1" 200 27
222.69.129.110 - - [12/Jul/2022:09:35:18 +0800] "GET /xingrg/all/function/internal_message.html?_=1657589768578&CODE_STATE=getMsg HTTP/1.1" 200 27
116.235.94.65 - - [12/Jul/2022:09:35:18 +0800] "GET /xingrg/all/function/internal_message.html?_=1657589899197&CODE_STATE=getMsg HTTP/1.1" 200 27
101.83.223.227 - - [12/Jul/2022:09:35:19 +0800] "GET /xingrg/check_reg.html?_=1657589678390 HTTP/1.1" 200 22
58.35.196.166 - - [12/Jul/2022:09:35:25 +0800] "GET /xingrg/kc/buy/cgsh_order_operate.html?command=get_materiel&rest_code=00156&code=00101008286&supplier_code=00100006&order_time=2022-07-12 HTTP/1.1" 200 408
114.86.187.244 - - [12/Jul/2022:09:35:29 +0800] "GET /xingrg/all/function/internal_message.html?_=1657589728348&CODE_STATE=getMsg HTTP/1.1" 200 27
114.86.187.244 - - [12/Jul/2022:09:35:29 +0800] "GET /xingrg/check_reg.html?_=1657589728350 HTTP/1.1" 200 22
114.88.162.248 - - [12/Jul/2022:09:35:29 +0800] "GET /xingrg/all/function/internal_message.html?_=1657589727850&CODE_STATE=getMsg HTTP/1.1" 200 27
116.235.94.65 - - [12/Jul/2022:09:35:31 +0800] "GET /xingrg/kc/buy/cgsh_order_operate.html?command=get_materiel&rest_code=00104&code=00102002635&supplier_code=00100151&order_time=2022-07-12 HTTP/1.1" 200 412
101.83.223.227 - - [12/Jul/2022:09:35:31 +0800] "GET /xingrg/all/function/internal_message.html?_=1657589690933&CODE_STATE=getMsg HTTP/1.1" 200 27
58.35.196.166 - - [12/Jul/2022:09:35:35 +0800] "GET /xingrg/kc/buy/cgsh_order_operate.html?command=get_materiel&rest_code=00156&code=00101008357&supplier_code=00100006&order_time=2022-07-12 HTTP/1.1" 200 408
120.253.135.82 - - [12/Jul/2022:09:35:36 +0800] "GET /xingrg/all/function/internal_message.html?_=1657589545485&CODE_STATE=getMsg HTTP/1.1" 200 27
58.35.196.166 - - [12/Jul/2022:09:35:45 +0800] "GET /xingrg/all/function/internal_message.html?_=1657589746419&CODE_STATE=getMsg HTTP/1.1" 200 27
58.35.196.166 - - [12/Jul/2022:09:35:47 +0800] "GET /xingrg/kc/buy/cgsh_order_operate.html?command=get_materiel&rest_code=00156&code=00101008126&supplier_code=00100006&order_time=2022-07-12 HTTP/1.1" 200 412
101.85.238.90 - - [12/Jul/2022:09:35:47 +0800] "GET /xingrg/kc/buy/cgsh_order_operate.html?command=get_materiel&rest_code=00102&code=00101006055&supplier_code=00100096&order_time=2022-07-12 HTTP/1.1" 200 424
218.81.223.53 - - [12/Jul/2022:09:35:54 +0800] "GET /xingrg/all/function/internal_message.html?_=1657589759329&CODE_STATE=getMsg HTTP/1.1" 200 27
101.85.238.90 - - [12/Jul/2022:09:35:58 +0800] "GET /xingrg/all/function/internal_message.html?_=1657589825644&CODE_STATE=getMsg HTTP/1.1" 200 27
101.85.238.90 - - [12/Jul/2022:09:36:01 +0800] "GET /xingrg/kc/buy/cgsh_order_operate.html?command=get_materiel&rest_code=00102&code=00101006062&supplier_code=00100096&order_time=2022-07-12 HTTP/1.1" 200 409
58.35.196.166 - - [12/Jul/2022:09:36:05 +0800] "GET /xingrg/kc/buy/cgsh_order_operate.html?command=get_materiel&rest_code=00156&code=00101008355&supplier_code=00100006&order_time=2022-07-12 HTTP/1.1" 200 408
124.78.154.64 - - [12/Jul/2022:09:36:10 +0800] "GET /xingrg/all/function/internal_message.html?_=1657589770150&CODE_STATE=getMsg HTTP/1.1" 200 27
124.78.154.64 - - [12/Jul/2022:09:36:10 +0800] "GET /xingrg/check_reg.html?_=1657589770151 HTTP/1.1" 200 22
58.35.196.166 - - [12/Jul/2022:09:36:15 +0800] "GET /xingrg/kc/buy/cgsh_order_operate.html?command=get_materiel&rest_code=00156&code=00101008108&supplier_code=00100006&order_time=2022-07-12 HTTP/1.1" 200 412
180.175.103.110 - - [12/Jul/2022:09:36:15 +0800] "GET /xingrg/all/function/internal_message.html?_=1657589775397&CODE_STATE=getMsg HTTP/1.1" 200 27
116.235.94.65 - - [12/Jul/2022:09:36:18 +0800] "GET /xingrg/all/function/internal_message.html?_=1657589959174&CODE_STATE=getMsg HTTP/1.1" 200 27
222.69.129.110 - - [12/Jul/2022:09:36:18 +0800] "GET /xingrg/all/function/internal_message.html?_=1657589828582&CODE_STATE=getMsg HTTP/1.1" 200 27
101.85.238.90 - - [12/Jul/2022:09:36:24 +0800] "GET /xingrg/login.html HTTP/1.1" 200 7641
101.85.238.90 - - [12/Jul/2022:09:36:25 +0800] "GET /favicon.ico HTTP/1.1" 404 -
114.86.187.244 - - [12/Jul/2022:09:36:29 +0800] "GET /xingrg/all/function/internal_message.html?_=1657589788350&CODE_STATE=getMsg HTTP/1.1" 200 27
114.88.162.248 - - [12/Jul/2022:09:36:29 +0800] "GET /xingrg/all/function/internal_message.html?_=1657589787850&CODE_STATE=getMsg HTTP/1.1" 200 27
58.35.196.166 - - [12/Jul/2022:09:36:30 +0800] "GET /xingrg/kc/buy/cgsh_order_operate.html?command=get_materiel&rest_code=00156&code=00101008244&supplier_code=00100006&order_time=2022-07-12 HTTP/1.1" 200 424
101.83.223.227 - - [12/Jul/2022:09:36:31 +0800] "GET /xingrg/all/function/internal_message.html?_=1657589750946&CODE_STATE=getMsg HTTP/1.1" 200 27
120.253.135.82 - - [12/Jul/2022:09:36:36 +0800] "GET /xingrg/check_reg.html?_=1657589605123 HTTP/1.1" 200 22
120.253.135.82 - - [12/Jul/2022:09:36:36 +0800] "GET /xingrg/all/function/internal_message.html?_=1657589605555&CODE_STATE=getMsg HTTP/1.1" 200 27
58.35.196.166 - - [12/Jul/2022:09:36:45 +0800] "GET /xingrg/all/function/internal_message.html?_=1657589806408&CODE_STATE=getMsg HTTP/1.1" 200 27
58.35.196.166 - - [12/Jul/2022:09:36:47 +0800] "GET /xingrg/kc/buy/cgsh_order_operate.html?command=get_materiel&rest_code=00156&code=00101015006&supplier_code=00100006&order_time=2022-07-12 HTTP/1.1" 200 412
218.81.223.53 - - [12/Jul/2022:09:36:54 +0800] "GET /xingrg/all/function/internal_message.html?_=1657589819770&CODE_STATE=getMsg HTTP/1.1" 200 27
101.85.238.90 - - [12/Jul/2022:09:36:58 +0800] "GET /xingrg/all/function/internal_message.html?_=1657589885658&CODE_STATE=getMsg HTTP/1.1" 200 27
58.35.196.166 - - [12/Jul/2022:09:37:00 +0800] "GET /xingrg/kc/buy/cgsh_order_operate.html?command=get_materiel&rest_code=00156&code=00101009050&supplier_code=00100006&order_time=2022-07-12 HTTP/1.1" 200 408
114.86.187.244 - - [12/Jul/2022:09:37:00 +0800] "POST /xingrg/services/DataTransmitService HTTP/1.1" 200 524
124.78.154.64 - - [12/Jul/2022:09:37:10 +0800] "GET /xingrg/all/function/internal_message.html?_=1657589830135&CODE_STATE=getMsg HTTP/1.1" 200 27
180.175.103.110 - - [12/Jul/2022:09:37:15 +0800] "GET /xingrg/all/function/internal_message.html?_=1657589835367&CODE_STATE=getMsg HTTP/1.1" 200 27
58.221.95.50 - - [12/Jul/2022:09:37:16 +0800] "GET /xingrg/check_reg.html?_=1657589836389 HTTP/1.1" 302 -
58.35.196.166 - - [12/Jul/2022:09:37:17 +0800] "GET /xingrg/kc/buy/cgsh_order_operate.html?command=get_materiel&rest_code=00156&code=00101009025&supplier_code=00100006&order_time=2022-07-12 HTTP/1.1" 200 409
180.175.103.110 - - [12/Jul/2022:09:37:17 +0800] "GET /xingrg/check_reg.html?_=1657589836898 HTTP/1.1" 200 22
116.235.94.65 - - [12/Jul/2022:09:37:18 +0800] "GET /xingrg/all/function/internal_message.html?_=1657590019143&CODE_STATE=getMsg HTTP/1.1" 200 27
222.69.129.110 - - [12/Jul/2022:09:37:18 +0800] "GET /xingrg/all/function/internal_message.html?_=1657589888581&CODE_STATE=getMsg HTTP/1.1" 200 27
116.235.94.65 - - [12/Jul/2022:09:37:25 +0800] "POST /xingrg/kc/buy/cgsh_order_operate.html HTTP/1.1" 200 37
58.35.196.166 - - [12/Jul/2022:09:37:27 +0800] "GET /xingrg/kc/buy/cgsh_order_operate.html?command=get_materiel&rest_code=00156&code=00101008402&supplier_code=00100006&order_time=2022-07-12 HTTP/1.1" 200 410
116.235.94.65 - - [12/Jul/2022:09:37:28 +0800] "POST /xingrg/kc/buy/cgsh_order_operate.html HTTP/1.1" 200 3250
114.86.187.244 - - [12/Jul/2022:09:37:29 +0800] "GET /xingrg/all/function/internal_message.html?_=1657589848349&CODE_STATE=getMsg HTTP/1.1" 200 27
114.88.162.248 - - [12/Jul/2022:09:37:29 +0800] "GET /xingrg/all/function/internal_message.html?_=1657589847849&CODE_STATE=getMsg HTTP/1.1" 200 27
116.235.94.65 - - [12/Jul/2022:09:37:30 +0800] "GET /xingrg/kc/print/load_data.html?order_code=212022071202982&kc_code=cgsh&condition= HTTP/1.1" 200 887
101.83.223.227 - - [12/Jul/2022:09:37:31 +0800] "GET /xingrg/all/function/internal_message.html?_=1657589810969&CODE_STATE=getMsg HTTP/1.1" 200 27
101.85.238.90 - - [12/Jul/2022:09:37:35 +0800] "GET /xingrg/kc/buy/cgsh_order_operate.html?command=get_materiel&rest_code=00102&code=00101006111&supplier_code=00100096&order_time=2022-07-12 HTTP/1.1" 200 409
120.253.135.82 - - [12/Jul/2022:09:37:37 +0800] "GET /xingrg/all/function/internal_message.html?_=1657589665558&CODE_STATE=getMsg HTTP/1.1" 200 27
58.35.196.166 - - [12/Jul/2022:09:37:40 +0800] "GET /xingrg/kc/buy/cgsh_order_operate.html?command=get_materiel&rest_code=00156&code=00101008223&supplier_code=00100006&order_time=2022-07-12 HTTP/1.1" 200 412
58.35.196.166 - - [12/Jul/2022:09:37:45 +0800] "GET /xingrg/check_reg.html?_=1657589866405 HTTP/1.1" 200 22
58.35.196.166 - - [12/Jul/2022:09:37:45 +0800] "GET /xingrg/all/function/internal_message.html?_=1657589866406&CODE_STATE=getMsg HTTP/1.1" 200 27
218.81.223.53 - - [12/Jul/2022:09:37:48 +0800] "GET /xingrg/check_reg.html?_=1657589873135 HTTP/1.1" 200 22
218.81.223.53 - - [12/Jul/2022:09:37:54 +0800] "GET /xingrg/all/function/internal_message.html?_=1657589879777&CODE_STATE=getMsg HTTP/1.1" 200 27
101.85.238.90 - - [12/Jul/2022:09:37:58 +0800] "GET /xingrg/all/function/internal_message.html?_=1657589945679&CODE_STATE=getMsg HTTP/1.1" 200 27
58.35.196.166 - - [12/Jul/2022:09:38:04 +0800] "POST /xingrg/kc/buy/cgsh_order_operate.html HTTP/1.1" 200 37
58.35.196.166 - - [12/Jul/2022:09:38:06 +0800] "POST /xingrg/kc/buy/cgsh_order_operate.html HTTP/1.1" 200 10334
116.235.94.65 - - [12/Jul/2022:09:38:07 +0800] "GET /xingrg/kc/buy/cgsh_order_add.html HTTP/1.1" 200 67917
116.235.94.65 - - [12/Jul/2022:09:38:07 +0800] "POST /xingrg/kc/buy/cgsh_order_operate.html HTTP/1.1" 200 8245
116.235.94.65 - - [12/Jul/2022:09:38:07 +0800] "GET /xingrg/javascript/easyui/themes/default/validatebox.css HTTP/1.1" 404 1104
58.35.196.166 - - [12/Jul/2022:09:38:09 +0800] "GET /xingrg/kc/print/load_data.html?order_code=212022071202983&kc_code=cgsh&condition= HTTP/1.1" 200 3590
124.78.154.64 - - [12/Jul/2022:09:38:10 +0800] "GET /xingrg/all/function/internal_message.html?_=1657589890151&CODE_STATE=getMsg HTTP/1.1" 200 27
101.85.238.90 - - [12/Jul/2022:09:38:11 +0800] "GET /xingrg/kc/buy/cgsh_order_operate.html?command=get_materiel&rest_code=00102&code=00101007049&supplier_code=00100096&order_time=2022-07-12 HTTP/1.1" 200 424
180.175.103.110 - - [12/Jul/2022:09:38:15 +0800] "GET /xingrg/all/function/internal_message.html?_=1657589895343&CODE_STATE=getMsg HTTP/1.1" 200 27
116.235.94.65 - - [12/Jul/2022:09:38:18 +0800] "GET /xingrg/all/function/internal_message.html?_=1657590079116&CODE_STATE=getMsg HTTP/1.1" 200 27
222.69.129.110 - - [12/Jul/2022:09:38:18 +0800] "GET /xingrg/check_reg.html?_=1657589948575 HTTP/1.1" 200 22
222.69.129.110 - - [12/Jul/2022:09:38:18 +0800] "GET /xingrg/all/function/internal_message.html?_=1657589948579&CODE_STATE=getMsg HTTP/1.1" 200 27
116.235.94.65 - - [12/Jul/2022:09:38:24 +0800] "GET /xingrg/check_reg.html?_=1657590084993 HTTP/1.1" 200 22
180.169.147.146 - - [12/Jul/2022:09:38:25 +0800] "GET /xingrg/check_reg.html?_=1657589903490 HTTP/1.1" 302 -
116.235.94.65 - - [12/Jul/2022:09:38:25 +0800] "GET /xingrg/kc/buy/cgsh_order_operate.html?command=get_materiel&rest_code=00104&code=00101027022&supplier_code=00100151&order_time=2022-07-12 HTTP/1.1" 200 444
114.86.187.244 - - [12/Jul/2022:09:38:29 +0800] "GET /xingrg/all/function/internal_message.html?_=1657589908348&CODE_STATE=getMsg HTTP/1.1" 200 27
114.88.162.248 - - [12/Jul/2022:09:38:29 +0800] "GET /xingrg/all/function/internal_message.html?_=1657589907848&CODE_STATE=getMsg HTTP/1.1" 200 27
101.85.238.90 - - [12/Jul/2022:09:38:31 +0800] "GET /xingrg/kc/buy/cgsh_order_operate.html?command=get_materiel&rest_code=00102&code=00101007082&supplier_code=00100096&order_time=2022-07-12 HTTP/1.1" 200 428
101.83.223.227 - - [12/Jul/2022:09:38:31 +0800] "GET /xingrg/all/function/internal_message.html?_=1657589870974&CODE_STATE=getMsg HTTP/1.1" 200 27
120.253.135.82 - - [12/Jul/2022:09:38:37 +0800] "GET /xingrg/all/function/internal_message.html?_=1657589725571&CODE_STATE=getMsg HTTP/1.1" 200 27
58.35.196.166 - - [12/Jul/2022:09:38:45 +0800] "GET /xingrg/all/function/internal_message.html?_=1657589926407&CODE_STATE=getMsg HTTP/1.1" 200 27
218.81.223.53 - - [12/Jul/2022:09:38:54 +0800] "GET /xingrg/all/function/internal_message.html?_=1657589939791&CODE_STATE=getMsg HTTP/1.1" 200 27
101.85.238.90 - - [12/Jul/2022:09:38:58 +0800] "GET /xingrg/check_reg.html?_=1657590005622 HTTP/1.1" 200 22
101.85.238.90 - - [12/Jul/2022:09:38:58 +0800] "GET /xingrg/all/function/internal_message.html?_=1657590005686&CODE_STATE=getMsg HTTP/1.1" 200 27
101.85.238.90 - - [12/Jul/2022:09:39:05 +0800] "POST /xingrg/kc/buy/cgsh_order_operate.html HTTP/1.1" 200 37
101.83.223.227 - - [12/Jul/2022:09:39:06 +0800] "GET /xingrg/javascript/easyui/themes/default/images/button_plain_hover.png HTTP/1.1" 304 -
