180.169.147.146 - - [12/Jul/2022:12:48:48 +0800] "POST /xingrg/dwr/call/plaincall/AjaxQqpsService.saveOrder.dwr HTTP/1.1" 200 78
180.169.147.146 - - [12/Jul/2022:12:48:51 +0800] "POST /xingrg/dwr/call/plaincall/AjaxQqpsService.getMaterielByCode.dwr HTTP/1.1" 200 2785
180.169.147.146 - - [12/Jul/2022:12:48:53 +0800] "POST /xingrg/dwr/call/plaincall/AjaxQqpsService.saveMaterielItem.dwr HTTP/1.1" 200 78
180.169.147.146 - - [12/Jul/2022:12:48:54 +0800] "GET /xingrg/check_reg.html?_=1657601332569 HTTP/1.1" 200 22
120.253.135.82 - - [12/Jul/2022:12:48:57 +0800] "GET /xingrg/kc/buy/cgsh_order_operate.html?command=get_materiel&rest_code=00101&code=00102002204&supplier_code=00100145&order_time=2022-07-12 HTTP/1.1" 200 448
120.253.135.82 - - [12/Jul/2022:12:48:58 +0800] "POST /xingrg/all/common/load_select.html HTTP/1.1" 200 25
222.69.129.110 - - [12/Jul/2022:12:48:59 +0800] "GET /xingrg/all/function/internal_message.html?_=1657601389055&CODE_STATE=getMsg HTTP/1.1" 200 27
120.253.135.82 - - [12/Jul/2022:12:49:02 +0800] "GET /xingrg/kc/buy/cgsh_order_operate.html?command=get_materiel_price&rest_code=00101&code=00102002204&unit_code=00100335&supplier_code=00100145&order_time=2022-07-12 HTTP/1.1" 200 29
180.169.147.146 - - [12/Jul/2022:12:49:04 +0800] "POST /xingrg/dwr/call/plaincall/AjaxQqpsService.getMaterielByCode.dwr HTTP/1.1" 200 2834
180.169.147.146 - - [12/Jul/2022:12:49:08 +0800] "POST /xingrg/dwr/call/plaincall/AjaxQqpsService.saveMaterielItem.dwr HTTP/1.1" 200 78
124.78.154.64 - - [12/Jul/2022:12:49:09 +0800] "GET /xingrg/all/function/internal_message.html?_=1657601349080&CODE_STATE=getMsg HTTP/1.1" 200 27
180.175.103.110 - - [12/Jul/2022:12:49:11 +0800] "GET /xingrg/all/function/internal_message.html?_=1657601350870&CODE_STATE=getMsg HTTP/1.1" 200 27
120.253.135.82 - - [12/Jul/2022:12:49:14 +0800] "GET /xingrg/kc/buy/cgsh_order_operate.html?command=get_materiel&rest_code=00101&code=00102002315&supplier_code=00100145&order_time=2022-07-12 HTTP/1.1" 200 459
120.253.135.82 - - [12/Jul/2022:12:49:15 +0800] "POST /xingrg/all/common/load_select.html HTTP/1.1" 200 25
180.169.147.146 - - [12/Jul/2022:12:49:19 +0800] "GET /xingrg/kc/mdqp/qqps_order_list.html?isBack=1 HTTP/1.1" 200 11955
180.169.147.146 - - [12/Jul/2022:12:49:19 +0800] "GET /xingrg/dwr/interface/AjaxReportQueryService.js HTTP/1.1" 200 13203
180.169.147.146 - - [12/Jul/2022:12:49:19 +0800] "GET /xingrg/dwr/interface/AjaxQqpsService.js HTTP/1.1" 200 16326
180.169.147.146 - - [12/Jul/2022:12:49:19 +0800] "GET /xingrg/dwr/engine.js HTTP/1.1" 200 43631
120.253.135.82 - - [12/Jul/2022:12:49:19 +0800] "GET /xingrg/kc/buy/cgsh_order_operate.html?command=get_materiel_price&rest_code=00101&code=00102002315&unit_code=00100367&supplier_code=00100145&order_time=2022-07-12 HTTP/1.1" 200 29
101.83.223.227 - - [12/Jul/2022:12:49:22 +0800] "GET /xingrg/check_reg.html?_=1657601321692 HTTP/1.1" 200 22
101.83.223.227 - - [12/Jul/2022:12:49:23 +0800] "GET /xingrg/all/function/internal_message.html?_=1657601322118&CODE_STATE=getMsg HTTP/1.1" 200 27
101.85.107.1 - - [12/Jul/2022:12:49:28 +0800] "GET /xingrg/all/function/internal_message.html?_=1657601368026&CODE_STATE=getMsg HTTP/1.1" 200 27
114.86.187.244 - - [12/Jul/2022:12:49:30 +0800] "GET /xingrg/all/function/internal_message.html?_=1657601368678&CODE_STATE=getMsg HTTP/1.1" 200 27
114.88.162.248 - - [12/Jul/2022:12:49:30 +0800] "GET /xingrg/all/function/internal_message.html?_=1657601368054&CODE_STATE=getMsg HTTP/1.1" 200 27
114.88.162.248 - - [12/Jul/2022:12:49:30 +0800] "GET /xingrg/check_reg.html?_=1657601368056 HTTP/1.1" 200 22
116.235.94.65 - - [12/Jul/2022:12:49:31 +0800] "GET /xingrg/all/function/internal_message.html?_=1657601551760&CODE_STATE=getMsg HTTP/1.1" 200 27
116.235.94.65 - - [12/Jul/2022:12:49:31 +0800] "GET /xingrg/check_reg.html?_=1657601551761 HTTP/1.1" 200 22
120.253.135.82 - - [12/Jul/2022:12:49:34 +0800] "POST /xingrg/kc/buy/cgsh_order_operate.html HTTP/1.1" 200 37
218.81.223.53 - - [12/Jul/2022:12:49:34 +0800] "GET /xingrg/all/function/internal_message.html?_=1657601380530&CODE_STATE=getMsg HTTP/1.1" 200 27
120.253.135.82 - - [12/Jul/2022:12:49:36 +0800] "POST /xingrg/kc/buy/cgsh_order_operate.html HTTP/1.1" 200 3911
120.253.135.82 - - [12/Jul/2022:12:49:39 +0800] "GET /xingrg/kc/print/load_data.html?order_code=212022071203056&kc_code=cgsh&condition= HTTP/1.1" 200 1269
58.35.196.166 - - [12/Jul/2022:12:49:44 +0800] "GET /xingrg/all/function/internal_message.html?_=1657601384992&CODE_STATE=getMsg HTTP/1.1" 200 27
222.69.129.110 - - [12/Jul/2022:12:49:59 +0800] "GET /xingrg/all/function/internal_message.html?_=1657601449051&CODE_STATE=getMsg HTTP/1.1" 200 27
222.69.129.110 - - [12/Jul/2022:12:49:59 +0800] "GET /xingrg/check_reg.html?_=1657601449053 HTTP/1.1" 200 22
124.78.154.64 - - [12/Jul/2022:12:50:09 +0800] "GET /xingrg/all/function/internal_message.html?_=1657601409066&CODE_STATE=getMsg HTTP/1.1" 200 27
180.175.103.110 - - [12/Jul/2022:12:50:11 +0800] "GET /xingrg/all/function/internal_message.html?_=1657601410839&CODE_STATE=getMsg HTTP/1.1" 200 27
101.83.223.227 - - [12/Jul/2022:12:50:23 +0800] "GET /xingrg/all/function/internal_message.html?_=1657601382131&CODE_STATE=getMsg HTTP/1.1" 200 27
101.85.107.1 - - [12/Jul/2022:12:50:28 +0800] "GET /xingrg/all/function/internal_message.html?_=1657601428027&CODE_STATE=getMsg HTTP/1.1" 200 27
114.86.187.244 - - [12/Jul/2022:12:50:30 +0800] "GET /xingrg/all/function/internal_message.html?_=1657601428705&CODE_STATE=getMsg HTTP/1.1" 200 27
114.86.187.244 - - [12/Jul/2022:12:50:30 +0800] "GET /xingrg/check_reg.html?_=1657601428707 HTTP/1.1" 200 22
114.88.162.248 - - [12/Jul/2022:12:50:30 +0800] "GET /xingrg/all/function/internal_message.html?_=1657601428055&CODE_STATE=getMsg HTTP/1.1" 200 27
116.235.94.65 - - [12/Jul/2022:12:50:31 +0800] "GET /xingrg/all/function/internal_message.html?_=1657601611759&CODE_STATE=getMsg HTTP/1.1" 200 27
218.81.223.53 - - [12/Jul/2022:12:50:35 +0800] "GET /xingrg/all/function/internal_message.html?_=1657601441159&CODE_STATE=getMsg HTTP/1.1" 200 27
120.253.135.82 - - [12/Jul/2022:12:50:43 +0800] "POST /xingrg/kc/buy/cgsh_order_operate.html HTTP/1.1" 200 37
58.35.196.166 - - [12/Jul/2022:12:50:44 +0800] "GET /xingrg/all/function/internal_message.html?_=1657601444975&CODE_STATE=getMsg HTTP/1.1" 200 27
120.253.135.82 - - [12/Jul/2022:12:50:49 +0800] "POST /xingrg/kc/buy/cgsh_order_operate.html HTTP/1.1" 200 12
120.253.135.82 - - [12/Jul/2022:12:50:54 +0800] "GET /xingrg/kc/buy/cgsh_order_info.html?code=212022071203056 HTTP/1.1" 200 61837
120.253.135.82 - - [12/Jul/2022:12:50:55 +0800] "GET /xingrg/javascript/easyui/themes/default/validatebox.css HTTP/1.1" 404 1104
120.253.135.82 - - [12/Jul/2022:12:50:55 +0800] "POST /xingrg/kc/buy/cgsh_order_operate.html HTTP/1.1" 200 1861
120.253.135.82 - - [12/Jul/2022:12:50:58 +0800] "POST /xingrg/kc/buy/cgsh_list_operate.html HTTP/1.1" 200 693
120.253.135.82 - - [12/Jul/2022:12:50:58 +0800] "GET /xingrg/kc/buy/cgsh_order_add.html HTTP/1.1" 200 66940
222.69.129.110 - - [12/Jul/2022:12:50:59 +0800] "GET /xingrg/all/function/internal_message.html?_=1657601509043&CODE_STATE=getMsg HTTP/1.1" 200 27
120.253.135.82 - - [12/Jul/2022:12:50:59 +0800] "POST /xingrg/kc/buy/cgsh_order_operate.html HTTP/1.1" 200 8245
120.253.135.82 - - [12/Jul/2022:12:50:59 +0800] "GET /xingrg/javascript/easyui/themes/default/validatebox.css HTTP/1.1" 404 1104
120.253.135.82 - - [12/Jul/2022:12:51:06 +0800] "POST /xingrg/all/common/load_combo.html?type=employee HTTP/1.1" 200 1752
180.175.103.110 - - [12/Jul/2022:12:51:11 +0800] "GET /xingrg/all/function/internal_message.html?_=1657601470817&CODE_STATE=getMsg HTTP/1.1" 200 27
180.169.147.146 - - [12/Jul/2022:12:51:13 +0800] "GET /xingrg/kc/mdqp/qqps_order_add.html HTTP/1.1" 200 28074
180.169.147.146 - - [12/Jul/2022:12:51:14 +0800] "GET /xingrg/dwr/interface/AjaxComOrderService.js HTTP/1.1" 200 18264
180.169.147.146 - - [12/Jul/2022:12:51:14 +0800] "GET /xingrg/dwr/interface/AjaxQqpsService.js HTTP/1.1" 200 16326
180.169.147.146 - - [12/Jul/2022:12:51:14 +0800] "GET /xingrg/dwr/engine.js HTTP/1.1" 200 43631
120.253.135.82 - - [12/Jul/2022:12:51:20 +0800] "GET /xingrg/kc/buy/cgsh_order_operate.html?command=get_materiel&rest_code=00101&code=00102002116&supplier_code=00100399&order_time=2022-07-12 HTTP/1.1" 200 413
180.169.147.146 - - [12/Jul/2022:12:51:21 +0800] "POST /xingrg/dwr/call/plaincall/AjaxQqpsService.saveOrder.dwr HTTP/1.1" 200 78
101.83.223.227 - - [12/Jul/2022:12:51:23 +0800] "GET /xingrg/all/function/internal_message.html?_=1657601442146&CODE_STATE=getMsg HTTP/1.1" 200 27
101.85.107.1 - - [12/Jul/2022:12:51:28 +0800] "GET /xingrg/check_reg.html?_=1657601488029 HTTP/1.1" 200 22
101.85.107.1 - - [12/Jul/2022:12:51:28 +0800] "GET /xingrg/all/function/internal_message.html?_=1657601488033&CODE_STATE=getMsg HTTP/1.1" 200 27
180.169.147.146 - - [12/Jul/2022:12:51:28 +0800] "POST /xingrg/dwr/call/plaincall/AjaxQqpsService.getMaterielByCode.dwr HTTP/1.1" 200 2886
114.86.187.244 - - [12/Jul/2022:12:51:30 +0800] "GET /xingrg/all/function/internal_message.html?_=1657601488706&CODE_STATE=getMsg HTTP/1.1" 200 27
114.88.162.248 - - [12/Jul/2022:12:51:30 +0800] "GET /xingrg/all/function/internal_message.html?_=1657601488082&CODE_STATE=getMsg HTTP/1.1" 200 27
116.235.94.65 - - [12/Jul/2022:12:51:31 +0800] "GET /xingrg/all/function/internal_message.html?_=1657601671756&CODE_STATE=getMsg HTTP/1.1" 200 27
180.169.147.146 - - [12/Jul/2022:12:51:32 +0800] "POST /xingrg/dwr/call/plaincall/AjaxQqpsService.saveMaterielItem.dwr HTTP/1.1" 200 78
218.81.223.53 - - [12/Jul/2022:12:51:35 +0800] "GET /xingrg/all/function/internal_message.html?_=1657601501164&CODE_STATE=getMsg HTTP/1.1" 200 27
120.253.135.82 - - [12/Jul/2022:12:51:38 +0800] "GET /xingrg/kc/buy/cgsh_order_operate.html?command=get_materiel&rest_code=00101&code=00102002275&supplier_code=00100399&order_time=2022-07-12 HTTP/1.1" 200 451
58.35.196.166 - - [12/Jul/2022:12:51:44 +0800] "GET /xingrg/all/function/internal_message.html?_=1657601504957&CODE_STATE=getMsg HTTP/1.1" 200 27
120.253.135.82 - - [12/Jul/2022:12:51:53 +0800] "GET /xingrg/kc/buy/cgsh_order_operate.html?command=get_materiel&rest_code=00101&code=00102002610&supplier_code=00100399&order_time=2022-07-12 HTTP/1.1" 200 441
180.169.147.146 - - [12/Jul/2022:12:51:54 +0800] "GET /xingrg/kc/mdqp/qqps_order_list.html?isBack=1 HTTP/1.1" 200 12341
180.169.147.146 - - [12/Jul/2022:12:51:54 +0800] "GET /xingrg/dwr/interface/AjaxReportQueryService.js HTTP/1.1" 200 13203
180.169.147.146 - - [12/Jul/2022:12:51:54 +0800] "GET /xingrg/dwr/interface/AjaxQqpsService.js HTTP/1.1" 200 16326
180.169.147.146 - - [12/Jul/2022:12:51:54 +0800] "GET /xingrg/dwr/engine.js HTTP/1.1" 200 43631
180.169.147.146 - - [12/Jul/2022:12:51:57 +0800] "GET /xingrg/kc/base/check_order_list.html HTTP/1.1" 200 16267
180.169.147.146 - - [12/Jul/2022:12:51:57 +0800] "POST /xingrg/kc/base/check_list_operate.html HTTP/1.1" 200 781
222.69.129.110 - - [12/Jul/2022:12:51:59 +0800] "GET /xingrg/all/function/internal_message.html?_=1657601569058&CODE_STATE=getMsg HTTP/1.1" 200 27
180.169.147.146 - - [12/Jul/2022:12:52:03 +0800] "POST /xingrg/kc/base/check_list_operate.html HTTP/1.1" 200 5529
180.169.147.146 - - [12/Jul/2022:12:52:09 +0800] "POST /xingrg/kc/base/check_list_operate.html HTTP/1.1" 200 5657
180.169.147.146 - - [12/Jul/2022:12:52:10 +0800] "GET /xingrg/kc/base/check_order_info.html?code=452022062900259 HTTP/1.1" 200 22864
180.169.147.146 - - [12/Jul/2022:12:52:10 +0800] "GET /xingrg/dwr/interface/AjaxComOrderService.js HTTP/1.1" 200 18264
180.169.147.146 - - [12/Jul/2022:12:52:10 +0800] "GET /xingrg/dwr/interface/AjaxCheckService.js HTTP/1.1" 200 14003
180.169.147.146 - - [12/Jul/2022:12:52:10 +0800] "GET /xingrg/dwr/engine.js HTTP/1.1" 200 43631
180.169.147.146 - - [12/Jul/2022:12:52:10 +0800] "POST /xingrg/dwr/call/plaincall/AjaxCheckService.loadOrderItems.dwr HTTP/1.1" 200 3751
180.175.103.110 - - [12/Jul/2022:12:52:11 +0800] "GET /xingrg/all/function/internal_message.html?_=1657601530795&CODE_STATE=getMsg HTTP/1.1" 200 27
180.175.103.110 - - [12/Jul/2022:12:52:14 +0800] "POST /xingrg/services/DataTransmitService HTTP/1.1" 200 524
180.175.103.110 - - [12/Jul/2022:12:52:15 +0800] "POST /xingrg/services/DataTransmitService HTTP/1.1" 200 501
180.175.103.110 - - [12/Jul/2022:12:52:15 +0800] "POST /xingrg/services/DataTransmitService HTTP/1.1" 200 501
180.175.103.110 - - [12/Jul/2022:12:52:15 +0800] "POST /xingrg/services/DataTransmitService HTTP/1.1" 200 501
180.175.103.110 - - [12/Jul/2022:12:52:16 +0800] "POST /xingrg/services/DataTransmitService HTTP/1.1" 200 501
180.175.103.110 - - [12/Jul/2022:12:52:16 +0800] "POST /xingrg/services/DataTransmitService HTTP/1.1" 200 501
180.175.103.110 - - [12/Jul/2022:12:52:16 +0800] "POST /xingrg/services/DataTransmitService HTTP/1.1" 200 501
180.175.103.110 - - [12/Jul/2022:12:52:17 +0800] "POST /xingrg/services/DataTransmitService HTTP/1.1" 200 412
180.175.103.110 - - [12/Jul/2022:12:52:17 +0800] "GET /xingrg/check_reg.html?_=1657601537053 HTTP/1.1" 200 22
101.83.223.227 - - [12/Jul/2022:12:52:23 +0800] "GET /xingrg/all/function/internal_message.html?_=1657601502175&CODE_STATE=getMsg HTTP/1.1" 200 27
101.85.107.1 - - [12/Jul/2022:12:52:28 +0800] "GET /xingrg/all/function/internal_message.html?_=1657601548018&CODE_STATE=getMsg HTTP/1.1" 200 27
120.253.135.82 - - [12/Jul/2022:12:52:28 +0800] "POST /xingrg/kc/buy/cgsh_order_operate.html HTTP/1.1" 200 37
114.86.187.244 - - [12/Jul/2022:12:52:30 +0800] "GET /xingrg/all/function/internal_message.html?_=1657601548706&CODE_STATE=getMsg HTTP/1.1" 200 27
114.88.162.248 - - [12/Jul/2022:12:52:30 +0800] "GET /xingrg/all/function/internal_message.html?_=1657601548081&CODE_STATE=getMsg HTTP/1.1" 200 27
120.253.135.82 - - [12/Jul/2022:12:52:30 +0800] "POST /xingrg/kc/buy/cgsh_order_operate.html HTTP/1.1" 200 3888
116.235.94.65 - - [12/Jul/2022:12:52:31 +0800] "GET /xingrg/all/function/internal_message.html?_=1657601731755&CODE_STATE=getMsg HTTP/1.1" 200 27
218.81.223.53 - - [12/Jul/2022:12:52:36 +0800] "GET /xingrg/all/function/internal_message.html?_=1657601561785&CODE_STATE=getMsg HTTP/1.1" 200 27
180.169.147.146 - - [12/Jul/2022:12:52:37 +0800] "GET /xingrg/kc/base/check_order_list.html?isBack=1 HTTP/1.1" 200 16267
180.169.147.146 - - [12/Jul/2022:12:52:38 +0800] "POST /xingrg/kc/base/check_list_operate.html HTTP/1.1" 200 781
180.169.147.146 - - [12/Jul/2022:12:52:41 +0800] "GET /xingrg/kc/mdqp/qqps_order_list.html HTTP/1.1" 200 12332
180.169.147.146 - - [12/Jul/2022:12:52:41 +0800] "GET /xingrg/dwr/interface/AjaxReportQueryService.js HTTP/1.1" 200 13203
180.169.147.146 - - [12/Jul/2022:12:52:41 +0800] "GET /xingrg/dwr/interface/AjaxQqpsService.js HTTP/1.1" 200 16326
180.169.147.146 - - [12/Jul/2022:12:52:41 +0800] "GET /xingrg/dwr/engine.js HTTP/1.1" 200 43631
120.253.135.82 - - [12/Jul/2022:12:52:42 +0800] "GET /xingrg/kc/print/load_data.html?order_code=212022071203057&kc_code=cgsh&condition= HTTP/1.1" 200 1164
180.169.147.146 - - [12/Jul/2022:12:52:42 +0800] "GET /xingrg/kc/mdqp/qqps_order_info.html?code=302022071200173 HTTP/1.1" 200 28236
180.169.147.146 - - [12/Jul/2022:12:52:42 +0800] "GET /xingrg/dwr/interface/AjaxComOrderService.js HTTP/1.1" 200 18264
180.169.147.146 - - [12/Jul/2022:12:52:42 +0800] "GET /xingrg/dwr/interface/AjaxQqpsService.js HTTP/1.1" 200 16326
180.169.147.146 - - [12/Jul/2022:12:52:42 +0800] "GET /xingrg/dwr/engine.js HTTP/1.1" 200 43631
180.169.147.146 - - [12/Jul/2022:12:52:43 +0800] "POST /xingrg/dwr/call/plaincall/AjaxQqpsService.loadMaterielItems.dwr HTTP/1.1" 200 414
58.35.196.166 - - [12/Jul/2022:12:52:44 +0800] "GET /xingrg/all/function/internal_message.html?_=1657601564942&CODE_STATE=getMsg HTTP/1.1" 200 27
58.35.196.166 - - [12/Jul/2022:12:52:46 +0800] "GET /xingrg/check_reg.html?_=1657601566410 HTTP/1.1" 200 22
218.81.223.53 - - [12/Jul/2022:12:52:50 +0800] "GET /xingrg/check_reg.html?_=1657601575826 HTTP/1.1" 200 22
120.253.135.82 - - [12/Jul/2022:12:52:50 +0800] "GET /xingrg/check_reg.html?_=1657601379100 HTTP/1.1" 200 22
222.69.129.110 - - [12/Jul/2022:12:52:59 +0800] "GET /xingrg/all/function/internal_message.html?_=1657601629058&CODE_STATE=getMsg HTTP/1.1" 200 27
180.169.147.146 - - [12/Jul/2022:12:53:02 +0800] "GET /xingrg/kc/report/report_main.html HTTP/1.1" 200 7340
180.169.147.146 - - [12/Jul/2022:12:53:03 +0800] "GET /xingrg/all/report/report_query.html?fileName=kc/buy/gys_amount.xml&rh=99999 HTTP/1.1" 200 52006
180.169.147.146 - - [12/Jul/2022:12:53:03 +0800] "GET /xingrg/dwr/interface/AjaxReportQueryService.js HTTP/1.1" 200 13203
180.169.147.146 - - [12/Jul/2022:12:53:03 +0800] "GET /xingrg/dwr/engine.js HTTP/1.1" 200 43631
180.169.147.146 - - [12/Jul/2022:12:53:03 +0800] "POST /xingrg/dwr/call/plaincall/AjaxReportQueryService.getFixDate.dwr HTTP/1.1" 200 111
180.169.147.146 - - [12/Jul/2022:12:53:03 +0800] "POST /xingrg/all/common/load_tree.html?tree=supplier_tree_json&manage=1 HTTP/1.1" 200 68035
180.169.147.146 - - [12/Jul/2022:12:53:05 +0800] "POST /xingrg/all/common/load_tree.html?tree=materiel_sort_tree_json HTTP/1.1" 200 9388
180.169.147.146 - - [12/Jul/2022:12:53:05 +0800] "POST /xingrg/dwr/call/plaincall/AjaxReportQueryService.getInitString.dwr HTTP/1.1" 200 1083
180.175.103.110 - - [12/Jul/2022:12:53:11 +0800] "GET /xingrg/all/function/internal_message.html?_=1657601590773&CODE_STATE=getMsg HTTP/1.1" 200 27
101.83.223.227 - - [12/Jul/2022:12:53:23 +0800] "GET /xingrg/all/function/internal_message.html?_=1657601562188&CODE_STATE=getMsg HTTP/1.1" 200 27
180.169.147.146 - - [12/Jul/2022:12:53:25 +0800] "GET /xingrg/check_reg.html?_=1657601603055 HTTP/1.1" 302 -
180.169.147.146 - - [12/Jul/2022:12:53:28 +0800] "POST /xingrg/dwr/call/plaincall/AjaxReportQueryService.refreshCache.dwr HTTP/1.1" 200 78
101.85.107.1 - - [12/Jul/2022:12:53:28 +0800] "GET /xingrg/all/function/internal_message.html?_=1657601608019&CODE_STATE=getMsg HTTP/1.1" 200 27
180.169.147.146 - - [12/Jul/2022:12:53:28 +0800] "POST /xingrg/all/report/load_report_page.html HTTP/1.1" 200 89
114.86.187.244 - - [12/Jul/2022:12:53:30 +0800] "GET /xingrg/all/function/internal_message.html?_=1657601608705&CODE_STATE=getMsg HTTP/1.1" 200 27
114.88.162.248 - - [12/Jul/2022:12:53:30 +0800] "GET /xingrg/all/function/internal_message.html?_=1657601608080&CODE_STATE=getMsg HTTP/1.1" 200 27
116.235.94.65 - - [12/Jul/2022:12:53:31 +0800] "GET /xingrg/all/function/internal_message.html?_=1657601791753&CODE_STATE=getMsg HTTP/1.1" 200 27
218.81.223.53 - - [12/Jul/2022:12:53:36 +0800] "GET /xingrg/all/function/internal_message.html?_=1657601621801&CODE_STATE=getMsg HTTP/1.1" 200 27
58.35.196.166 - - [12/Jul/2022:12:53:44 +0800] "GET /xingrg/all/function/internal_message.html?_=1657601624914&CODE_STATE=getMsg HTTP/1.1" 200 27
180.169.147.146 - - [12/Jul/2022:12:53:50 +0800] "POST /xingrg/dwr/call/plaincall/AjaxReportQueryService.refreshCache.dwr HTTP/1.1" 200 78
180.169.147.146 - - [12/Jul/2022:12:53:51 +0800] "POST /xingrg/all/report/load_report_page.html HTTP/1.1" 200 8988
180.169.147.146 - - [12/Jul/2022:12:53:51 +0800] "GET /xingrg/servlets/image?cache=0.8360053804518248&image=px HTTP/1.1" 200 807
120.253.135.82 - - [12/Jul/2022:12:53:53 +0800] "POST /xingrg/kc/buy/cgsh_order_operate.html HTTP/1.1" 200 37
180.169.147.146 - - [12/Jul/2022:12:53:54 +0800] "GET /xingrg/check_reg.html?_=1657601632551 HTTP/1.1" 200 22
120.253.135.82 - - [12/Jul/2022:12:53:56 +0800] "POST /xingrg/kc/buy/cgsh_order_operate.html HTTP/1.1" 200 12
120.253.135.82 - - [12/Jul/2022:12:53:57 +0800] "GET /xingrg/kc/buy/cgsh_order_info.html?code=212022071203057 HTTP/1.1" 200 61840
180.169.147.146 - - [12/Jul/2022:12:53:58 +0800] "GET /xingrg/all/report/report_query.html?isQuery=1&fileName=kc/buy/wlcg_cate_hz.xml&queryString=(CONVERT(char(10)%252Ca.order_time%252C%2520120)%253E%253D'2022-06-01')%2520and%2520(CONVERT(char(10)%252Ca.order_time%252C%2520120)%253C%253D'2022-06-30')%2520and%2520(a.supplier_code%2520in%2520('00100450'))%2520and%2520(a.number%253E0%2520and%2520a.supplier_code%253D'00100450')&queryText=%25E3%2580%2590%25E9%2587%2587%25E8%25B4%25AD%25E6%2597%25A5%25E6%259C%259F%253A2022-06-01%2520%25E8%2587%25B3%25202022-06-30%25E3%2580%2591%2520%25E5%25B9%25B6%25E4%25B8%2594%2520%2520%25E3%2580%2590%25E4%25BE%259B%25E5%25BA%2594%25E5%2595%2586%2520%253D%2520%25E4%25B8%258A%25E6%25B5%25B7%25E7%2599%25BE%25E8%2594%25AC%25E7%25BA%25B3%25E5%2586%259C%25E4%25B8%259A%25E7%25A7%2591%25E6%258A%2580%25E6%259C%2589%25E9%2599%2590%25E5%2585%25AC%25E5%258F%25B8%25E3%2580%2591%2520%25E5%25B9%25B6%25E4%25B8%2594%2520%25E3%2580%2590%25E4%25BE%259B%25E5%25BA%2594%25E5%2595%2586%253D%25E4%25B8%258A%25E6%25B5%25B7%25E7%2599%25BE%25E8%2594%25AC%25E7%25BA%25B3%25E5%2586%259C%25E4%25B8%259A%25E7%25A7%2591%25E6%258A%2580%25E6%259C%2589%25E9%2599%2590%25E5%2585%25AC%25E5%258F%25B8%25E3%2580%2591 HTTP/1.1" 200 54528
180.169.147.146 - - [12/Jul/2022:12:53:58 +0800] "GET /xingrg/dwr/interface/AjaxReportQueryService.js HTTP/1.1" 200 13203
180.169.147.146 - - [12/Jul/2022:12:53:58 +0800] "GET /xingrg/dwr/engine.js HTTP/1.1" 200 43631
222.69.129.110 - - [12/Jul/2022:12:53:59 +0800] "GET /xingrg/all/function/internal_message.html?_=1657601689053&CODE_STATE=getMsg HTTP/1.1" 200 27
120.253.135.82 - - [12/Jul/2022:12:53:59 +0800] "GET /xingrg/javascript/easyui/themes/default/validatebox.css HTTP/1.1" 404 1104
180.169.147.146 - - [12/Jul/2022:12:53:59 +0800] "POST /xingrg/all/report/load_report_page.html HTTP/1.1" 200 8717
180.169.147.146 - - [12/Jul/2022:12:53:59 +0800] "GET /xingrg/servlets/image?cache=0.13812234143980673&image=px HTTP/1.1" 200 807
120.253.135.82 - - [12/Jul/2022:12:53:59 +0800] "POST /xingrg/kc/buy/cgsh_order_operate.html HTTP/1.1" 200 1838
120.253.135.82 - - [12/Jul/2022:12:54:01 +0800] "POST /xingrg/kc/buy/cgsh_list_operate.html HTTP/1.1" 200 693
180.169.147.146 - - [12/Jul/2022:12:54:02 +0800] "POST /xingrg/all/report/load_report_page.html HTTP/1.1" 200 53369
180.169.147.146 - - [12/Jul/2022:12:54:02 +0800] "GET /xingrg/servlets/image?cache=0.8150955551862321&image=px HTTP/1.1" 200 807
120.253.135.82 - - [12/Jul/2022:12:54:05 +0800] "GET /xingrg/kc/buy/cgsh_order_list.html HTTP/1.1" 200 52094
120.253.135.82 - - [12/Jul/2022:12:54:06 +0800] "POST /xingrg/kc/buy/cgsh_list_operate.html HTTP/1.1" 200 693
120.253.135.82 - - [12/Jul/2022:12:54:08 +0800] "GET /xingrg/kc/pszx/mdqp_order_list.html?state=10 HTTP/1.1" 200 10653
120.253.135.82 - - [12/Jul/2022:12:54:08 +0800] "GET /xingrg/dwr/interface/AjaxQqpsService.js HTTP/1.1" 200 16326
120.253.135.82 - - [12/Jul/2022:12:54:08 +0800] "GET /xingrg/dwr/interface/AjaxReportQueryService.js HTTP/1.1" 200 13203
120.253.135.82 - - [12/Jul/2022:12:54:08 +0800] "GET /xingrg/dwr/engine.js HTTP/1.1" 200 43631
180.175.103.110 - - [12/Jul/2022:12:54:11 +0800] "GET /xingrg/all/function/internal_message.html?_=1657601650748&CODE_STATE=getMsg HTTP/1.1" 200 27
120.253.135.82 - - [12/Jul/2022:12:54:11 +0800] "GET /xingrg/kc/pszx/mdps_order_list.html?orderType=0 HTTP/1.1" 200 21007
120.253.135.82 - - [12/Jul/2022:12:54:11 +0800] "POST /xingrg/kc/pszx/mdps_list_operate.html HTTP/1.1" 200 5293
180.169.147.146 - - [12/Jul/2022:12:54:18 +0800] "POST /xingrg/dwr/call/plaincall/AjaxReportQueryService.refreshCache.dwr HTTP/1.1" 200 78
180.169.147.146 - - [12/Jul/2022:12:54:18 +0800] "POST /xingrg/all/report/load_report_page.html HTTP/1.1" 200 8988
180.169.147.146 - - [12/Jul/2022:12:54:18 +0800] "GET /xingrg/servlets/image?cache=0.5625971857979326&image=px HTTP/1.1" 200 807
120.253.135.82 - - [12/Jul/2022:12:54:20 +0800] "POST /xingrg/kc/pszx/mdps_list_operate.html HTTP/1.1" 200 3543
101.83.223.227 - - [12/Jul/2022:12:54:22 +0800] "GET /xingrg/check_reg.html?_=1657601621700 HTTP/1.1" 200 22
101.83.223.227 - - [12/Jul/2022:12:54:23 +0800] "GET /xingrg/all/function/internal_message.html?_=1657601622201&CODE_STATE=getMsg HTTP/1.1" 200 27
120.253.135.82 - - [12/Jul/2022:12:54:23 +0800] "POST /xingrg/kc/pszx/mdps_list_operate.html HTTP/1.1" 200 198
120.253.135.82 - - [12/Jul/2022:12:54:26 +0800] "POST /xingrg/kc/pszx/mdps_list_operate.html HTTP/1.1" 200 627
120.253.135.82 - - [12/Jul/2022:12:54:27 +0800] "GET /xingrg/kc/pszx/mdps_order_info.html?code=312022071200192 HTTP/1.1" 200 23978
120.253.135.82 - - [12/Jul/2022:12:54:27 +0800] "GET /xingrg/javascript/easyui/themes/default/validatebox.css HTTP/1.1" 404 1104
120.253.135.82 - - [12/Jul/2022:12:54:27 +0800] "POST /xingrg/kc/pszx/mdps_order_operate.html HTTP/1.1" 200 10554
101.85.107.1 - - [12/Jul/2022:12:54:28 +0800] "GET /xingrg/all/function/internal_message.html?_=1657601668020&CODE_STATE=getMsg HTTP/1.1" 200 27
114.86.187.244 - - [12/Jul/2022:12:54:30 +0800] "GET /xingrg/all/function/internal_message.html?_=1657601668704&CODE_STATE=getMsg HTTP/1.1" 200 27
114.88.162.248 - - [12/Jul/2022:12:54:30 +0800] "GET /xingrg/all/function/internal_message.html?_=1657601668080&CODE_STATE=getMsg HTTP/1.1" 200 27
114.88.162.248 - - [12/Jul/2022:12:54:30 +0800] "GET /xingrg/check_reg.html?_=1657601668082 HTTP/1.1" 200 22
116.235.94.65 - - [12/Jul/2022:12:54:31 +0800] "GET /xingrg/check_reg.html?_=1657601851752 HTTP/1.1" 200 22
116.235.94.65 - - [12/Jul/2022:12:54:31 +0800] "GET /xingrg/all/function/internal_message.html?_=1657601851751&CODE_STATE=getMsg HTTP/1.1" 200 27
120.253.135.82 - - [12/Jul/2022:12:54:35 +0800] "POST /xingrg/kc/pszx/mdps_list_operate.html HTTP/1.1" 200 600
120.253.135.82 - - [12/Jul/2022:12:54:36 +0800] "GET /xingrg/kc/pszx/mdps_order_info.html?code=312022071200193 HTTP/1.1" 200 23978
218.81.223.53 - - [12/Jul/2022:12:54:36 +0800] "GET /xingrg/all/function/internal_message.html?_=1657601681813&CODE_STATE=getMsg HTTP/1.1" 200 27
120.253.135.82 - - [12/Jul/2022:12:54:36 +0800] "GET /xingrg/javascript/easyui/themes/default/validatebox.css HTTP/1.1" 404 1104
120.253.135.82 - - [12/Jul/2022:12:54:36 +0800] "POST /xingrg/kc/pszx/mdps_order_operate.html HTTP/1.1" 200 6264
58.35.196.166 - - [12/Jul/2022:12:54:44 +0800] "GET /xingrg/all/function/internal_message.html?_=1657601684898&CODE_STATE=getMsg HTTP/1.1" 200 27
120.253.135.82 - - [12/Jul/2022:12:54:51 +0800] "POST /xingrg/kc/pszx/mdps_list_operate.html HTTP/1.1" 200 3543
120.253.135.82 - - [12/Jul/2022:12:54:52 +0800] "POST /xingrg/kc/pszx/mdps_list_operate.html HTTP/1.1" 200 364
120.253.135.82 - - [12/Jul/2022:12:54:53 +0800] "GET /xingrg/kc/pszx/mdps_order_info.html?code=312022071200194 HTTP/1.1" 200 23978
120.253.135.82 - - [12/Jul/2022:12:54:54 +0800] "POST /xingrg/kc/pszx/mdps_order_operate.html HTTP/1.1" 200 3257
120.253.135.82 - - [12/Jul/2022:12:54:54 +0800] "GET /xingrg/javascript/easyui/themes/default/validatebox.css HTTP/1.1" 404 1104
120.253.135.82 - - [12/Jul/2022:12:54:58 +0800] "POST /xingrg/kc/pszx/mdps_list_operate.html HTTP/1.1" 200 3543
222.69.129.110 - - [12/Jul/2022:12:54:59 +0800] "GET /xingrg/check_reg.html?_=1657601749053 HTTP/1.1" 200 22
222.69.129.110 - - [12/Jul/2022:12:54:59 +0800] "GET /xingrg/all/function/internal_message.html?_=1657601749056&CODE_STATE=getMsg HTTP/1.1" 200 27
120.253.135.82 - - [12/Jul/2022:12:54:59 +0800] "POST /xingrg/kc/pszx/mdps_list_operate.html HTTP/1.1" 200 277
120.253.135.82 - - [12/Jul/2022:12:55:00 +0800] "GET /xingrg/kc/pszx/mdps_order_info.html?code=312022071200195 HTTP/1.1" 200 23978
120.253.135.82 - - [12/Jul/2022:12:55:00 +0800] "POST /xingrg/kc/pszx/mdps_order_operate.html HTTP/1.1" 200 2767
120.253.135.82 - - [12/Jul/2022:12:55:00 +0800] "GET /xingrg/javascript/easyui/themes/default/validatebox.css HTTP/1.1" 404 1104
120.253.135.82 - - [12/Jul/2022:12:55:03 +0800] "POST /xingrg/kc/pszx/mdps_list_operate.html HTTP/1.1" 200 3543
120.253.135.82 - - [12/Jul/2022:12:55:05 +0800] "POST /xingrg/kc/pszx/mdps_list_operate.html HTTP/1.1" 200 281
120.253.135.82 - - [12/Jul/2022:12:55:08 +0800] "GET /xingrg/kc/pszx/mdps_order_info.html?code=312022071200196 HTTP/1.1" 200 23978
120.253.135.82 - - [12/Jul/2022:12:55:08 +0800] "GET /xingrg/javascript/easyui/themes/default/validatebox.css HTTP/1.1" 404 1104
120.253.135.82 - - [12/Jul/2022:12:55:08 +0800] "POST /xingrg/kc/pszx/mdps_order_operate.html HTTP/1.1" 200 2781
180.175.103.110 - - [12/Jul/2022:12:55:11 +0800] "GET /xingrg/all/function/internal_message.html?_=1657601710717&CODE_STATE=getMsg HTTP/1.1" 200 27
120.253.135.82 - - [12/Jul/2022:12:55:18 +0800] "GET /xingrg/kc/pszx/mdps_order_operate.html?command=get_materiel&pszx_code=00101&rest_code=00141&base_code=0010246&code=00101013196 HTTP/1.1" 200 428
101.83.223.227 - - [12/Jul/2022:12:55:23 +0800] "GET /xingrg/all/function/internal_message.html?_=1657601682216&CODE_STATE=getMsg HTTP/1.1" 200 27
120.253.135.82 - - [12/Jul/2022:12:55:26 +0800] "POST /xingrg/kc/pszx/mdps_order_operate.html HTTP/1.1" 200 37
120.253.135.82 - - [12/Jul/2022:12:55:27 +0800] "GET /xingrg/kc/pszx/mdps_order_info.html?code=312022071200196 HTTP/1.1" 200 23978
120.253.135.82 - - [12/Jul/2022:12:55:28 +0800] "POST /xingrg/kc/pszx/mdps_order_operate.html HTTP/1.1" 200 3259
120.253.135.82 - - [12/Jul/2022:12:55:28 +0800] "GET /xingrg/javascript/easyui/themes/default/validatebox.css HTTP/1.1" 404 1104
101.85.107.1 - - [12/Jul/2022:12:55:28 +0800] "GET /xingrg/all/function/internal_message.html?_=1657601728022&CODE_STATE=getMsg HTTP/1.1" 200 27
120.253.135.82 - - [12/Jul/2022:12:55:29 +0800] "POST /xingrg/kc/pszx/mdps_list_operate.html HTTP/1.1" 200 3543
114.86.187.244 - - [12/Jul/2022:12:55:30 +0800] "GET /xingrg/all/function/internal_message.html?_=1657601728703&CODE_STATE=getMsg HTTP/1.1" 200 27
114.86.187.244 - - [12/Jul/2022:12:55:30 +0800] "GET /xingrg/check_reg.html?_=1657601728706 HTTP/1.1" 200 22
114.88.162.248 - - [12/Jul/2022:12:55:30 +0800] "GET /xingrg/all/function/internal_message.html?_=1657601728067&CODE_STATE=getMsg HTTP/1.1" 200 27
120.253.135.82 - - [12/Jul/2022:12:55:30 +0800] "POST /xingrg/kc/pszx/mdps_list_operate.html HTTP/1.1" 200 198
116.235.94.65 - - [12/Jul/2022:12:55:31 +0800] "GET /xingrg/all/function/internal_message.html?_=1657601911750&CODE_STATE=getMsg HTTP/1.1" 200 27
120.253.135.82 - - [12/Jul/2022:12:55:31 +0800] "GET /xingrg/kc/pszx/mdps_order_info.html?code=312022070700139 HTTP/1.1" 200 23976
120.253.135.82 - - [12/Jul/2022:12:55:32 +0800] "POST /xingrg/kc/pszx/mdps_order_operate.html HTTP/1.1" 200 2268
120.253.135.82 - - [12/Jul/2022:12:55:32 +0800] "GET /xingrg/javascript/easyui/themes/default/validatebox.css HTTP/1.1" 404 1104
120.253.135.82 - - [12/Jul/2022:12:55:34 +0800] "POST /xingrg/kc/pszx/mdps_order_operate.html HTTP/1.1" 200 12
120.253.135.82 - - [12/Jul/2022:12:55:35 +0800] "POST /xingrg/kc/pszx/mdps_list_operate.html HTTP/1.1" 200 3176
218.81.223.53 - - [12/Jul/2022:12:55:36 +0800] "GET /xingrg/all/function/internal_message.html?_=1657601742492&CODE_STATE=getMsg HTTP/1.1" 200 27
120.253.135.82 - - [12/Jul/2022:12:55:37 +0800] "POST /xingrg/kc/pszx/mdps_list_operate.html HTTP/1.1" 200 627
120.253.135.82 - - [12/Jul/2022:12:55:40 +0800] "GET /xingrg/kc/pszx/mdps_order_info.html?code=312022071200192 HTTP/1.1" 200 23978
120.253.135.82 - - [12/Jul/2022:12:55:40 +0800] "POST /xingrg/kc/pszx/mdps_order_operate.html HTTP/1.1" 200 10554
120.253.135.82 - - [12/Jul/2022:12:55:40 +0800] "GET /xingrg/javascript/easyui/themes/default/validatebox.css HTTP/1.1" 404 1104
120.253.135.82 - - [12/Jul/2022:12:55:42 +0800] "GET /xingrg/kc/print/load_data.html?order_code=312022071200192&kc_code=mdps&condition= HTTP/1.1" 200 4604
58.35.196.166 - - [12/Jul/2022:12:55:44 +0800] "GET /xingrg/all/function/internal_message.html?_=1657601744884&CODE_STATE=getMsg HTTP/1.1" 200 27
120.253.135.82 - - [12/Jul/2022:12:55:49 +0800] "POST /xingrg/kc/pszx/mdps_list_operate.html HTTP/1.1" 200 3176
120.253.135.82 - - [12/Jul/2022:12:55:50 +0800] "POST /xingrg/kc/pszx/mdps_list_operate.html HTTP/1.1" 200 600
120.253.135.82 - - [12/Jul/2022:12:55:51 +0800] "GET /xingrg/kc/pszx/mdps_order_info.html?code=312022071200193 HTTP/1.1" 200 23978
120.253.135.82 - - [12/Jul/2022:12:55:51 +0800] "POST /xingrg/kc/pszx/mdps_order_operate.html HTTP/1.1" 200 6264
120.253.135.82 - - [12/Jul/2022:12:55:51 +0800] "GET /xingrg/javascript/easyui/themes/default/validatebox.css HTTP/1.1" 404 1104
120.253.135.82 - - [12/Jul/2022:12:55:53 +0800] "GET /xingrg/kc/print/load_data.html?order_code=312022071200193&kc_code=mdps&condition= HTTP/1.1" 200 2501
222.69.129.110 - - [12/Jul/2022:12:55:59 +0800] "GET /xingrg/all/function/internal_message.html?_=1657601809052&CODE_STATE=getMsg HTTP/1.1" 200 27
120.253.135.82 - - [12/Jul/2022:12:55:59 +0800] "POST /xingrg/kc/pszx/mdps_list_operate.html HTTP/1.1" 200 3176
120.253.135.82 - - [12/Jul/2022:12:56:01 +0800] "POST /xingrg/kc/pszx/mdps_list_operate.html HTTP/1.1" 200 364
120.253.135.82 - - [12/Jul/2022:12:56:01 +0800] "GET /xingrg/kc/pszx/mdps_order_info.html?code=312022071200194 HTTP/1.1" 200 23978
120.253.135.82 - - [12/Jul/2022:12:56:02 +0800] "POST /xingrg/kc/pszx/mdps_order_operate.html HTTP/1.1" 200 3257
120.253.135.82 - - [12/Jul/2022:12:56:02 +0800] "GET /xingrg/javascript/easyui/themes/default/validatebox.css HTTP/1.1" 404 1104
120.253.135.82 - - [12/Jul/2022:12:56:04 +0800] "GET /xingrg/kc/print/load_data.html?order_code=312022071200194&kc_code=mdps&condition= HTTP/1.1" 200 1118
180.169.147.146 - - [12/Jul/2022:12:56:07 +0800] "POST /xingrg/dwr/call/plaincall/AjaxReportQueryService.refreshCache.dwr HTTP/1.1" 200 78
180.169.147.146 - - [12/Jul/2022:12:56:08 +0800] "POST /xingrg/all/report/load_report_page.html HTTP/1.1" 200 9000
180.169.147.146 - - [12/Jul/2022:12:56:08 +0800] "GET /xingrg/servlets/image?cache=0.19979455042784167&image=px HTTP/1.1" 200 807
120.253.135.82 - - [12/Jul/2022:12:56:09 +0800] "POST /xingrg/kc/pszx/mdps_list_operate.html HTTP/1.1" 200 3176
180.169.147.146 - - [12/Jul/2022:12:56:09 +0800] "GET /xingrg/all/report/report_query.html?isQuery=1&fileName=kc/buy/wlcg_cate_hz.xml&queryString=(CONVERT(char(10)%252Ca.order_time%252C%2520120)%253E%253D'2022-02-01')%2520and%2520(CONVERT(char(10)%252Ca.order_time%252C%2520120)%253C%253D'2022-02-28')%2520and%2520(a.supplier_code%2520in%2520('00100450'))%2520and%2520(a.number%253E0%2520and%2520a.supplier_code%253D'00100450')&queryText=%25E3%2580%2590%25E9%2587%2587%25E8%25B4%25AD%25E6%2597%25A5%25E6%259C%259F%253A2022-02-01%2520%25E8%2587%25B3%25202022-02-28%25E3%2580%2591%2520%25E5%25B9%25B6%25E4%25B8%2594%2520%2520%25E3%2580%2590%25E4%25BE%259B%25E5%25BA%2594%25E5%2595%2586%2520%253D%2520%25E4%25B8%258A%25E6%25B5%25B7%25E7%2599%25BE%25E8%2594%25AC%25E7%25BA%25B3%25E5%2586%259C%25E4%25B8%259A%25E7%25A7%2591%25E6%258A%2580%25E6%259C%2589%25E9%2599%2590%25E5%2585%25AC%25E5%258F%25B8%25E3%2580%2591%2520%25E5%25B9%25B6%25E4%25B8%2594%2520%25E3%2580%2590%25E4%25BE%259B%25E5%25BA%2594%25E5%2595%2586%253D%25E4%25B8%258A%25E6%25B5%25B7%25E7%2599%25BE%25E8%2594%25AC%25E7%25BA%25B3%25E5%2586%259C%25E4%25B8%259A%25E7%25A7%2591%25E6%258A%2580%25E6%259C%2589%25E9%2599%2590%25E5%2585%25AC%25E5%258F%25B8%25E3%2580%2591 HTTP/1.1" 200 54528
180.169.147.146 - - [12/Jul/2022:12:56:09 +0800] "GET /xingrg/dwr/interface/AjaxReportQueryService.js HTTP/1.1" 200 13203
180.169.147.146 - - [12/Jul/2022:12:56:10 +0800] "GET /xingrg/dwr/engine.js HTTP/1.1" 200 43631
120.253.135.82 - - [12/Jul/2022:12:56:10 +0800] "POST /xingrg/kc/pszx/mdps_list_operate.html HTTP/1.1" 200 277
180.175.103.110 - - [12/Jul/2022:12:56:11 +0800] "GET /xingrg/all/function/internal_message.html?_=1657601770698&CODE_STATE=getMsg HTTP/1.1" 200 27
120.253.135.82 - - [12/Jul/2022:12:56:11 +0800] "GET /xingrg/kc/pszx/mdps_order_info.html?code=312022071200195 HTTP/1.1" 200 23978
180.169.147.146 - - [12/Jul/2022:12:56:11 +0800] "POST /xingrg/all/report/load_report_page.html HTTP/1.1" 200 10891
180.169.147.146 - - [12/Jul/2022:12:56:11 +0800] "GET /xingrg/servlets/image?cache=0.20779757133415222&image=px HTTP/1.1" 200 807
120.253.135.82 - - [12/Jul/2022:12:56:11 +0800] "POST /xingrg/kc/pszx/mdps_order_operate.html HTTP/1.1" 200 2767
120.253.135.82 - - [12/Jul/2022:12:56:11 +0800] "GET /xingrg/javascript/easyui/themes/default/validatebox.css HTTP/1.1" 404 1104
120.253.135.82 - - [12/Jul/2022:12:56:14 +0800] "GET /xingrg/kc/print/load_data.html?order_code=312022071200195&kc_code=mdps&condition= HTTP/1.1" 200 904
180.169.147.146 - - [12/Jul/2022:12:56:15 +0800] "POST /xingrg/all/report/load_report_page.html HTTP/1.1" 200 50030
180.169.147.146 - - [12/Jul/2022:12:56:15 +0800] "GET /xingrg/servlets/image?cache=0.27199279208251426&image=px HTTP/1.1" 200 807
120.253.135.82 - - [12/Jul/2022:12:56:18 +0800] "POST /xingrg/kc/pszx/mdps_list_operate.html HTTP/1.1" 200 3176
120.253.135.82 - - [12/Jul/2022:12:56:20 +0800] "POST /xingrg/kc/pszx/mdps_list_operate.html HTTP/1.1" 200 353
120.253.135.82 - - [12/Jul/2022:12:56:20 +0800] "GET /xingrg/kc/pszx/mdps_order_info.html?code=312022071200196 HTTP/1.1" 200 23978
120.253.135.82 - - [12/Jul/2022:12:56:21 +0800] "POST /xingrg/kc/pszx/mdps_order_operate.html HTTP/1.1" 200 3259
120.253.135.82 - - [12/Jul/2022:12:56:21 +0800] "GET /xingrg/javascript/easyui/themes/default/validatebox.css HTTP/1.1" 404 1104
101.83.223.227 - - [12/Jul/2022:12:56:23 +0800] "GET /xingrg/all/function/internal_message.html?_=1657601742228&CODE_STATE=getMsg HTTP/1.1" 200 27
120.253.135.82 - - [12/Jul/2022:12:56:24 +0800] "GET /xingrg/kc/print/load_data.html?order_code=312022071200196&kc_code=mdps&condition= HTTP/1.1" 200 1131
101.85.107.1 - - [12/Jul/2022:12:56:28 +0800] "GET /xingrg/check_reg.html?_=1657601788019 HTTP/1.1" 200 22
101.85.107.1 - - [12/Jul/2022:12:56:28 +0800] "GET /xingrg/all/function/internal_message.html?_=1657601788018&CODE_STATE=getMsg HTTP/1.1" 200 27
114.86.187.244 - - [12/Jul/2022:12:56:30 +0800] "GET /xingrg/all/function/internal_message.html?_=1657601788706&CODE_STATE=getMsg HTTP/1.1" 200 27
114.88.162.248 - - [12/Jul/2022:12:56:30 +0800] "GET /xingrg/all/function/internal_message.html?_=1657601788066&CODE_STATE=getMsg HTTP/1.1" 200 27
120.253.135.82 - - [12/Jul/2022:12:56:30 +0800] "POST /xingrg/kc/pszx/mdps_list_operate.html HTTP/1.1" 200 3176
116.235.94.65 - - [12/Jul/2022:12:56:31 +0800] "GET /xingrg/all/function/internal_message.html?_=1657601971748&CODE_STATE=getMsg HTTP/1.1" 200 27
218.81.223.53 - - [12/Jul/2022:12:56:36 +0800] "GET /xingrg/all/function/internal_message.html?_=1657601802497&CODE_STATE=getMsg HTTP/1.1" 200 27
180.169.147.146 - - [12/Jul/2022:12:56:40 +0800] "GET /xingrg/kc/buy/buy_main.html HTTP/1.1" 200 12412
180.169.147.146 - - [12/Jul/2022:12:56:40 +0800] "GET /xingrg/css/new_ie.css HTTP/1.1" 404 1036
180.169.147.146 - - [12/Jul/2022:12:56:41 +0800] "GET /xingrg/images/yd/bt.gif HTTP/1.1" 404 1040
180.169.147.146 - - [12/Jul/2022:12:56:41 +0800] "GET /xingrg/kc/buy/cgsh_order_list.html HTTP/1.1" 200 52100
180.169.147.146 - - [12/Jul/2022:12:56:44 +0800] "POST /xingrg/kc/buy/cgsh_list_operate.html HTTP/1.1" 200 4520
58.35.196.166 - - [12/Jul/2022:12:56:44 +0800] "GET /xingrg/all/function/internal_message.html?_=1657601804871&CODE_STATE=getMsg HTTP/1.1" 200 27
180.169.147.146 - - [12/Jul/2022:12:56:48 +0800] "GET /xingrg/kc/mdqp/pssh_order_list.html HTTP/1.1" 200 17821
180.169.147.146 - - [12/Jul/2022:12:56:48 +0800] "POST /xingrg/kc/mdqp/pssh_list_operate.html HTTP/1.1" 200 5470
180.169.147.146 - - [12/Jul/2022:12:56:50 +0800] "GET /xingrg/kc/mdqp/qqps_order_list.html HTTP/1.1" 200 12332
180.169.147.146 - - [12/Jul/2022:12:56:50 +0800] "GET /xingrg/dwr/interface/AjaxQqpsService.js HTTP/1.1" 200 16326
180.169.147.146 - - [12/Jul/2022:12:56:50 +0800] "GET /xingrg/dwr/interface/AjaxReportQueryService.js HTTP/1.1" 200 13203
180.169.147.146 - - [12/Jul/2022:12:56:50 +0800] "GET /xingrg/dwr/engine.js HTTP/1.1" 200 43631
180.169.147.146 - - [12/Jul/2022:12:56:55 +0800] "GET /xingrg/kc/mdqp/qqps_order_info.html?code=302022071200171 HTTP/1.1" 200 28236
180.169.147.146 - - [12/Jul/2022:12:56:55 +0800] "GET /xingrg/dwr/interface/AjaxComOrderService.js HTTP/1.1" 200 18264
180.169.147.146 - - [12/Jul/2022:12:56:55 +0800] "GET /xingrg/dwr/engine.js HTTP/1.1" 200 43631
180.169.147.146 - - [12/Jul/2022:12:56:55 +0800] "GET /xingrg/dwr/interface/AjaxQqpsService.js HTTP/1.1" 200 16326
180.169.147.146 - - [12/Jul/2022:12:56:55 +0800] "POST /xingrg/dwr/call/plaincall/AjaxQqpsService.loadMaterielItems.dwr HTTP/1.1" 200 656
180.169.147.146 - - [12/Jul/2022:12:56:57 +0800] "GET /xingrg/kc/mdqp/qqps_order_list.html?isBack=1 HTTP/1.1" 200 12341
180.169.147.146 - - [12/Jul/2022:12:56:57 +0800] "GET /xingrg/dwr/interface/AjaxReportQueryService.js HTTP/1.1" 200 13203
180.169.147.146 - - [12/Jul/2022:12:56:57 +0800] "GET /xingrg/dwr/interface/AjaxQqpsService.js HTTP/1.1" 200 16326
180.169.147.146 - - [12/Jul/2022:12:56:57 +0800] "GET /xingrg/dwr/engine.js HTTP/1.1" 200 43631
180.169.147.146 - - [12/Jul/2022:12:56:58 +0800] "GET /xingrg/kc/mdqp/qqps_order_info.html?code=302022071200170 HTTP/1.1" 200 28236
180.169.147.146 - - [12/Jul/2022:12:56:58 +0800] "GET /xingrg/dwr/interface/AjaxComOrderService.js HTTP/1.1" 200 18264
180.169.147.146 - - [12/Jul/2022:12:56:58 +0800] "GET /xingrg/dwr/interface/AjaxQqpsService.js HTTP/1.1" 200 16326
180.169.147.146 - - [12/Jul/2022:12:56:58 +0800] "GET /xingrg/dwr/engine.js HTTP/1.1" 200 43631
180.169.147.146 - - [12/Jul/2022:12:56:58 +0800] "POST /xingrg/dwr/call/plaincall/AjaxQqpsService.loadMaterielItems.dwr HTTP/1.1" 200 2072
222.69.129.110 - - [12/Jul/2022:12:56:59 +0800] "GET /xingrg/all/function/internal_message.html?_=1657601869038&CODE_STATE=getMsg HTTP/1.1" 200 27
180.169.147.146 - - [12/Jul/2022:12:57:00 +0800] "GET /xingrg/kc/mdqp/qqps_order_list.html?isBack=1 HTTP/1.1" 200 12341
180.169.147.146 - - [12/Jul/2022:12:57:00 +0800] "GET /xingrg/dwr/interface/AjaxReportQueryService.js HTTP/1.1" 200 13203
180.169.147.146 - - [12/Jul/2022:12:57:00 +0800] "GET /xingrg/dwr/interface/AjaxQqpsService.js HTTP/1.1" 200 16326
180.169.147.146 - - [12/Jul/2022:12:57:00 +0800] "GET /xingrg/dwr/engine.js HTTP/1.1" 200 43631
180.169.147.146 - - [12/Jul/2022:12:57:01 +0800] "GET /xingrg/kc/mdqp/qqps_order_info.html?code=302022071200168 HTTP/1.1" 200 28236
180.169.147.146 - - [12/Jul/2022:12:57:01 +0800] "GET /xingrg/dwr/interface/AjaxQqpsService.js HTTP/1.1" 200 16326
180.169.147.146 - - [12/Jul/2022:12:57:01 +0800] "GET /xingrg/dwr/interface/AjaxComOrderService.js HTTP/1.1" 200 18264
180.169.147.146 - - [12/Jul/2022:12:57:01 +0800] "GET /xingrg/dwr/engine.js HTTP/1.1" 200 43631
180.169.147.146 - - [12/Jul/2022:12:57:01 +0800] "POST /xingrg/dwr/call/plaincall/AjaxQqpsService.loadMaterielItems.dwr HTTP/1.1" 200 744
180.169.147.146 - - [12/Jul/2022:12:57:02 +0800] "GET /xingrg/kc/mdqp/qqps_order_list.html?isBack=1 HTTP/1.1" 200 12341
180.169.147.146 - - [12/Jul/2022:12:57:02 +0800] "GET /xingrg/dwr/interface/AjaxReportQueryService.js HTTP/1.1" 200 13203
180.169.147.146 - - [12/Jul/2022:12:57:02 +0800] "GET /xingrg/dwr/interface/AjaxQqpsService.js HTTP/1.1" 200 16326
180.169.147.146 - - [12/Jul/2022:12:57:02 +0800] "GET /xingrg/dwr/engine.js HTTP/1.1" 200 43631
180.169.147.146 - - [12/Jul/2022:12:57:04 +0800] "GET /xingrg/kc/mdqp/qqps_order_info.html?code=302022071200169 HTTP/1.1" 200 28236
180.169.147.146 - - [12/Jul/2022:12:57:04 +0800] "GET /xingrg/dwr/interface/AjaxComOrderService.js HTTP/1.1" 200 18264
180.169.147.146 - - [12/Jul/2022:12:57:04 +0800] "GET /xingrg/dwr/interface/AjaxQqpsService.js HTTP/1.1" 200 16326
180.169.147.146 - - [12/Jul/2022:12:57:04 +0800] "GET /xingrg/dwr/engine.js HTTP/1.1" 200 43631
180.169.147.146 - - [12/Jul/2022:12:57:04 +0800] "POST /xingrg/dwr/call/plaincall/AjaxQqpsService.loadMaterielItems.dwr HTTP/1.1" 200 1106
180.175.103.110 - - [12/Jul/2022:12:57:11 +0800] "GET /xingrg/all/function/internal_message.html?_=1657601830671&CODE_STATE=getMsg HTTP/1.1" 200 27
180.175.103.110 - - [12/Jul/2022:12:57:17 +0800] "GET /xingrg/check_reg.html?_=1657601837053 HTTP/1.1" 200 22
180.169.147.146 - - [12/Jul/2022:12:57:18 +0800] "GET /xingrg/javascript/auto/indicator.gif HTTP/1.1" 404 1066
180.169.147.146 - - [12/Jul/2022:12:57:18 +0800] "POST /xingrg/dwr/call/plaincall/AjaxQqpsService.getMaterielByCode.dwr HTTP/1.1" 200 2831
180.169.147.146 - - [12/Jul/2022:12:57:19 +0800] "POST /xingrg/dwr/call/plaincall/AjaxQqpsService.saveMaterielItem.dwr HTTP/1.1" 200 78
101.83.223.227 - - [12/Jul/2022:12:57:23 +0800] "GET /xingrg/all/function/internal_message.html?_=1657601802255&CODE_STATE=getMsg HTTP/1.1" 200 27
101.85.107.1 - - [12/Jul/2022:12:57:28 +0800] "GET /xingrg/all/function/internal_message.html?_=1657601848029&CODE_STATE=getMsg HTTP/1.1" 200 27
114.86.187.244 - - [12/Jul/2022:12:57:30 +0800] "GET /xingrg/all/function/internal_message.html?_=1657601848705&CODE_STATE=getMsg HTTP/1.1" 200 27
114.88.162.248 - - [12/Jul/2022:12:57:30 +0800] "GET /xingrg/all/function/internal_message.html?_=1657601848081&CODE_STATE=getMsg HTTP/1.1" 200 27
116.235.94.65 - - [12/Jul/2022:12:57:31 +0800] "GET /xingrg/all/function/internal_message.html?_=1657602031748&CODE_STATE=getMsg HTTP/1.1" 200 27
218.81.223.53 - - [12/Jul/2022:12:57:37 +0800] "GET /xingrg/all/function/internal_message.html?_=1657601863134&CODE_STATE=getMsg HTTP/1.1" 200 27
58.35.196.166 - - [12/Jul/2022:12:57:44 +0800] "GET /xingrg/all/function/internal_message.html?_=1657601864856&CODE_STATE=getMsg HTTP/1.1" 200 27
58.35.196.166 - - [12/Jul/2022:12:57:46 +0800] "GET /xingrg/check_reg.html?_=1657601866420 HTTP/1.1" 200 22
218.81.223.53 - - [12/Jul/2022:12:57:50 +0800] "GET /xingrg/check_reg.html?_=1657601875832 HTTP/1.1" 200 22
120.253.135.82 - - [12/Jul/2022:12:57:50 +0800] "GET /xingrg/check_reg.html?_=1657601679101 HTTP/1.1" 200 22
222.69.129.110 - - [12/Jul/2022:12:57:59 +0800] "GET /xingrg/all/function/internal_message.html?_=1657601929054&CODE_STATE=getMsg HTTP/1.1" 200 27
180.169.147.146 - - [12/Jul/2022:12:58:06 +0800] "POST /xingrg/dwr/call/plaincall/AjaxQqpsService.getMaterielByCode.dwr HTTP/1.1" 200 2786
180.175.103.110 - - [12/Jul/2022:12:58:10 +0800] "GET /xingrg/all/function/internal_message.html?_=1657601890639&CODE_STATE=getMsg HTTP/1.1" 200 27
101.83.223.227 - - [12/Jul/2022:12:58:23 +0800] "GET /xingrg/all/function/internal_message.html?_=1657601862256&CODE_STATE=getMsg HTTP/1.1" 200 27
180.169.147.146 - - [12/Jul/2022:12:58:25 +0800] "GET /xingrg/check_reg.html?_=1657601903046 HTTP/1.1" 302 -
101.85.107.1 - - [12/Jul/2022:12:58:28 +0800] "GET /xingrg/all/function/internal_message.html?_=1657601908050&CODE_STATE=getMsg HTTP/1.1" 200 27
114.86.187.244 - - [12/Jul/2022:12:58:30 +0800] "GET /xingrg/all/function/internal_message.html?_=1657601908706&CODE_STATE=getMsg HTTP/1.1" 200 27
114.88.162.248 - - [12/Jul/2022:12:58:30 +0800] "GET /xingrg/all/function/internal_message.html?_=1657601908081&CODE_STATE=getMsg HTTP/1.1" 200 27
116.235.94.65 - - [12/Jul/2022:12:58:31 +0800] "GET /xingrg/all/function/internal_message.html?_=1657602091747&CODE_STATE=getMsg HTTP/1.1" 200 27
218.81.223.53 - - [12/Jul/2022:12:58:37 +0800] "GET /xingrg/all/function/internal_message.html?_=1657601923147&CODE_STATE=getMsg HTTP/1.1" 200 27
180.169.147.146 - - [12/Jul/2022:12:58:40 +0800] "POST /xingrg/dwr/call/plaincall/AjaxQqpsService.saveMaterielItem.dwr HTTP/1.1" 200 78
58.35.196.166 - - [12/Jul/2022:12:58:44 +0800] "GET /xingrg/all/function/internal_message.html?_=1657601924826&CODE_STATE=getMsg HTTP/1.1" 200 27
180.169.147.146 - - [12/Jul/2022:12:58:47 +0800] "POST /xingrg/dwr/call/plaincall/AjaxQqpsService.getMaterielByCode.dwr HTTP/1.1" 200 2786
180.169.147.146 - - [12/Jul/2022:12:58:51 +0800] "GET /xingrg/images/yd/bt.gif HTTP/1.1" 404 1040
180.169.147.146 - - [12/Jul/2022:12:58:52 +0800] "POST /xingrg/dwr/call/plaincall/AjaxQqpsService.saveMaterielItem.dwr HTTP/1.1" 200 78
180.169.147.146 - - [12/Jul/2022:12:58:54 +0800] "GET /xingrg/check_reg.html?_=1657601932532 HTTP/1.1" 200 22
222.69.129.110 - - [12/Jul/2022:12:58:59 +0800] "GET /xingrg/all/function/internal_message.html?_=1657601989058&CODE_STATE=getMsg HTTP/1.1" 200 27
180.169.147.146 - - [12/Jul/2022:12:59:05 +0800] "GET /xingrg/kc/mdqp/qqps_order_list.html?isBack=1 HTTP/1.1" 200 12341
180.169.147.146 - - [12/Jul/2022:12:59:05 +0800] "GET /xingrg/dwr/interface/AjaxQqpsService.js HTTP/1.1" 200 16326
180.169.147.146 - - [12/Jul/2022:12:59:05 +0800] "GET /xingrg/dwr/interface/AjaxReportQueryService.js HTTP/1.1" 200 13203
180.169.147.146 - - [12/Jul/2022:12:59:05 +0800] "GET /xingrg/dwr/engine.js HTTP/1.1" 200 43631
180.175.103.110 - - [12/Jul/2022:12:59:10 +0800] "GET /xingrg/all/function/internal_message.html?_=1657601950614&CODE_STATE=getMsg HTTP/1.1" 200 27
101.83.223.227 - - [12/Jul/2022:12:59:22 +0800] "GET /xingrg/check_reg.html?_=1657601921731 HTTP/1.1" 200 22
101.83.223.227 - - [12/Jul/2022:12:59:23 +0800] "GET /xingrg/all/function/internal_message.html?_=1657601922269&CODE_STATE=getMsg HTTP/1.1" 200 27
101.85.107.1 - - [12/Jul/2022:12:59:28 +0800] "GET /xingrg/all/function/internal_message.html?_=1657601968053&CODE_STATE=getMsg HTTP/1.1" 200 27
114.86.187.244 - - [12/Jul/2022:12:59:30 +0800] "GET /xingrg/all/function/internal_message.html?_=1657601968706&CODE_STATE=getMsg HTTP/1.1" 200 27
114.88.162.248 - - [12/Jul/2022:12:59:30 +0800] "GET /xingrg/check_reg.html?_=1657601968085 HTTP/1.1" 200 22
114.88.162.248 - - [12/Jul/2022:12:59:30 +0800] "GET /xingrg/all/function/internal_message.html?_=1657601968081&CODE_STATE=getMsg HTTP/1.1" 200 27
116.235.94.65 - - [12/Jul/2022:12:59:31 +0800] "GET /xingrg/check_reg.html?_=1657602151761 HTTP/1.1" 200 22
116.235.94.65 - - [12/Jul/2022:12:59:31 +0800] "GET /xingrg/all/function/internal_message.html?_=1657602151760&CODE_STATE=getMsg HTTP/1.1" 200 27
218.81.223.53 - - [12/Jul/2022:12:59:37 +0800] "GET /xingrg/all/function/internal_message.html?_=1657601983161&CODE_STATE=getMsg HTTP/1.1" 200 27
58.35.196.166 - - [12/Jul/2022:12:59:44 +0800] "GET /xingrg/all/function/internal_message.html?_=1657601984812&CODE_STATE=getMsg HTTP/1.1" 200 27
222.69.129.110 - - [12/Jul/2022:12:59:59 +0800] "GET /xingrg/check_reg.html?_=1657602049060 HTTP/1.1" 200 22
