101.85.238.90 - - [12/Jul/2022:11:13:48 +0800] "GET /xingrg/kc/base/wldb_order_add.html HTTP/1.1" 200 30352
101.85.238.90 - - [12/Jul/2022:11:13:50 +0800] "POST /xingrg/kc/base/wldb_order_operate.html HTTP/1.1" 200 6806
101.85.238.90 - - [12/Jul/2022:11:13:50 +0800] "GET /xingrg/javascript/easyui/themes/default/validatebox.css HTTP/1.1" 404 1104
101.85.238.90 - - [12/Jul/2022:11:13:50 +0800] "POST /xingrg/all/common/load_combo.html?type=base HTTP/1.1" 200 3233
124.78.154.64 - - [12/Jul/2022:11:13:52 +0800] "GET /xingrg/kc/buy/cgsh_order_operate.html?command=get_materiel&rest_code=00106&code=00101008215&supplier_code=00100007&order_time=2022-07-12 HTTP/1.1" 200 413
101.85.238.90 - - [12/Jul/2022:11:13:53 +0800] "POST /xingrg/all/common/load_combo.html?type=base HTTP/1.1" 200 3233
101.85.238.90 - - [12/Jul/2022:11:13:59 +0800] "GET /xingrg/kc/base/wldb_order_operate.html?command=get_materiel&rest_code=00102&base_code=0010476&code=00101019063 HTTP/1.1" 200 461
101.85.238.90 - - [12/Jul/2022:11:13:59 +0800] "GET /xingrg/check_reg.html?_=1657595706737 HTTP/1.1" 200 22
101.85.238.90 - - [12/Jul/2022:11:14:04 +0800] "GET /xingrg/kc/base/wldb_order_operate.html?command=get_materiel&rest_code=00102&base_code=0010476&code=00101019079 HTTP/1.1" 200 479
124.78.154.64 - - [12/Jul/2022:11:14:08 +0800] "POST /xingrg/kc/buy/cgsh_order_operate.html HTTP/1.1" 200 2065
124.78.154.64 - - [12/Jul/2022:11:14:10 +0800] "GET /xingrg/all/function/internal_message.html?_=1657595650458&CODE_STATE=getMsg HTTP/1.1" 200 27
101.85.238.90 - - [12/Jul/2022:11:14:10 +0800] "GET /xingrg/kc/base/wldb_order_operate.html?command=get_materiel&rest_code=00102&base_code=0010476&code=00101016076 HTTP/1.1" 200 477
218.81.223.53 - - [12/Jul/2022:11:14:11 +0800] "GET /xingrg/all/function/internal_message.html?_=1657595656588&CODE_STATE=getMsg HTTP/1.1" 200 27
180.175.103.110 - - [12/Jul/2022:11:14:13 +0800] "GET /xingrg/all/function/internal_message.html?_=1657595653077&CODE_STATE=getMsg HTTP/1.1" 200 27
101.85.238.90 - - [12/Jul/2022:11:14:14 +0800] "GET /xingrg/all/function/internal_message.html?_=1657595659806&CODE_STATE=getMsg HTTP/1.1" 200 27
101.85.238.90 - - [12/Jul/2022:11:14:16 +0800] "POST /xingrg/kc/base/wldb_order_operate.html HTTP/1.1" 200 37
222.69.129.110 - - [12/Jul/2022:11:14:18 +0800] "GET /xingrg/all/function/internal_message.html?_=1657595708576&CODE_STATE=getMsg HTTP/1.1" 200 27
124.78.154.64 - - [12/Jul/2022:11:14:19 +0800] "GET /xingrg/kc/buy/cgsh_order_operate.html?command=get_materiel&rest_code=00106&code=00101008027&supplier_code=00100007&order_time=2022-07-12 HTTP/1.1" 200 409
101.85.238.90 - - [12/Jul/2022:11:14:19 +0800] "POST /xingrg/kc/base/wldb_order_operate.html HTTP/1.1" 200 12
101.85.238.90 - - [12/Jul/2022:11:14:19 +0800] "POST /xingrg/kc/base/wldb_order_operate.html HTTP/1.1" 200 3224
101.85.238.90 - - [12/Jul/2022:11:14:22 +0800] "GET /xingrg/kc/base/wldb_order_info.html?code=422022071200744 HTTP/1.1" 200 26227
101.85.238.90 - - [12/Jul/2022:11:14:24 +0800] "POST /xingrg/kc/base/wldb_order_operate.html HTTP/1.1" 200 1496
101.85.238.90 - - [12/Jul/2022:11:14:24 +0800] "GET /xingrg/javascript/easyui/themes/default/validatebox.css HTTP/1.1" 404 1104
101.85.238.90 - - [12/Jul/2022:11:14:26 +0800] "GET /xingrg/kc/base/wldb_order_add.html HTTP/1.1" 200 30352
101.85.238.90 - - [12/Jul/2022:11:14:27 +0800] "POST /xingrg/kc/base/wldb_order_operate.html HTTP/1.1" 200 6806
101.85.238.90 - - [12/Jul/2022:11:14:28 +0800] "GET /xingrg/javascript/easyui/themes/default/validatebox.css HTTP/1.1" 404 1104
114.86.187.244 - - [12/Jul/2022:11:14:29 +0800] "GET /xingrg/all/function/internal_message.html?_=1657595668526&CODE_STATE=getMsg HTTP/1.1" 200 27
114.88.162.248 - - [12/Jul/2022:11:14:30 +0800] "GET /xingrg/all/function/internal_message.html?_=1657595667948&CODE_STATE=getMsg HTTP/1.1" 200 27
114.88.162.248 - - [12/Jul/2022:11:14:30 +0800] "GET /xingrg/check_reg.html?_=1657595667950 HTTP/1.1" 200 22
101.85.238.90 - - [12/Jul/2022:11:14:30 +0800] "POST /xingrg/all/common/load_combo.html?type=base HTTP/1.1" 200 3233
180.169.147.146 - - [12/Jul/2022:11:14:32 +0800] "GET /xingrg/all/function/internal_message.html?_=1657595670951&CODE_STATE=getMsg HTTP/1.1" 200 27
101.85.238.90 - - [12/Jul/2022:11:14:33 +0800] "POST /xingrg/all/common/load_combo.html?type=base HTTP/1.1" 200 3233
101.85.238.90 - - [12/Jul/2022:11:14:36 +0800] "GET /xingrg/all/function/internal_message.html?_=1657595744041&CODE_STATE=getMsg HTTP/1.1" 200 27
58.35.196.166 - - [12/Jul/2022:11:14:45 +0800] "GET /xingrg/all/function/internal_message.html?_=1657595686405&CODE_STATE=getMsg HTTP/1.1" 200 27
114.84.151.115 - - [12/Jul/2022:11:14:46 +0800] "GET /xingrg/all/function/internal_message.html?_=1657595386452&CODE_STATE=getMsg HTTP/1.1" 200 27
124.78.154.64 - - [12/Jul/2022:11:14:50 +0800] "GET /xingrg/kc/buy/cgsh_order_operate.html?command=get_materiel&rest_code=00106&code=00101008244&supplier_code=00100007&order_time=2022-07-12 HTTP/1.1" 200 424
124.78.154.64 - - [12/Jul/2022:11:15:10 +0800] "GET /xingrg/all/function/internal_message.html?_=1657595710466&CODE_STATE=getMsg HTTP/1.1" 200 27
218.81.223.53 - - [12/Jul/2022:11:15:11 +0800] "GET /xingrg/all/function/internal_message.html?_=1657595717233&CODE_STATE=getMsg HTTP/1.1" 200 27
180.175.103.110 - - [12/Jul/2022:11:15:13 +0800] "GET /xingrg/all/function/internal_message.html?_=1657595713045&CODE_STATE=getMsg HTTP/1.1" 200 27
101.85.238.90 - - [12/Jul/2022:11:15:14 +0800] "GET /xingrg/check_reg.html?_=1657595719811 HTTP/1.1" 200 22
101.85.238.90 - - [12/Jul/2022:11:15:14 +0800] "GET /xingrg/all/function/internal_message.html?_=1657595719815&CODE_STATE=getMsg HTTP/1.1" 200 27
222.69.129.110 - - [12/Jul/2022:11:15:18 +0800] "GET /xingrg/all/function/internal_message.html?_=1657595768566&CODE_STATE=getMsg HTTP/1.1" 200 27
124.78.154.64 - - [12/Jul/2022:11:15:20 +0800] "GET /xingrg/kc/buy/cgsh_order_operate.html?command=get_materiel&rest_code=00106&code=00101008361&supplier_code=00100007&order_time=2022-07-12 HTTP/1.1" 200 408
101.85.238.90 - - [12/Jul/2022:11:15:25 +0800] "GET /xingrg/kc/base/wldb_order_operate.html?command=get_materiel&rest_code=00102&base_code=0010476&code=00101019015 HTTP/1.1" 200 450
124.78.154.64 - - [12/Jul/2022:11:15:26 +0800] "POST /xingrg/kc/buy/cgsh_order_operate.html HTTP/1.1" 200 2065
114.86.187.244 - - [12/Jul/2022:11:15:29 +0800] "GET /xingrg/all/function/internal_message.html?_=1657595728525&CODE_STATE=getMsg HTTP/1.1" 200 27
114.86.187.244 - - [12/Jul/2022:11:15:29 +0800] "GET /xingrg/check_reg.html?_=1657595728527 HTTP/1.1" 200 22
114.88.162.248 - - [12/Jul/2022:11:15:30 +0800] "GET /xingrg/all/function/internal_message.html?_=1657595727949&CODE_STATE=getMsg HTTP/1.1" 200 27
180.169.147.146 - - [12/Jul/2022:11:15:32 +0800] "GET /xingrg/all/function/internal_message.html?_=1657595730934&CODE_STATE=getMsg HTTP/1.1" 200 27
101.85.238.90 - - [12/Jul/2022:11:15:32 +0800] "GET /xingrg/kc/base/wldb_order_operate.html?command=get_materiel&rest_code=00102&base_code=0010476&code=00101019313 HTTP/1.1" 200 456
101.85.238.90 - - [12/Jul/2022:11:15:36 +0800] "GET /xingrg/all/function/internal_message.html?_=1657595804056&CODE_STATE=getMsg HTTP/1.1" 200 27
101.85.238.90 - - [12/Jul/2022:11:15:37 +0800] "GET /xingrg/kc/base/wldb_order_operate.html?command=get_materiel&rest_code=00102&base_code=0010476&code=00101019222 HTTP/1.1" 200 453
124.78.154.64 - - [12/Jul/2022:11:15:41 +0800] "GET /xingrg/kc/buy/cgsh_order_operate.html?command=get_materiel&rest_code=00106&code=00101008296&supplier_code=00100007&order_time=2022-07-12 HTTP/1.1" 200 416
58.35.196.166 - - [12/Jul/2022:11:15:45 +0800] "GET /xingrg/all/function/internal_message.html?_=1657595746406&CODE_STATE=getMsg HTTP/1.1" 200 27
114.84.151.115 - - [12/Jul/2022:11:15:46 +0800] "GET /xingrg/all/function/internal_message.html?_=1657595446457&CODE_STATE=getMsg HTTP/1.1" 200 27
101.85.238.90 - - [12/Jul/2022:11:15:52 +0800] "GET /xingrg/kc/base/wldb_order_operate.html?command=get_materiel&rest_code=00102&base_code=0010476&code=00101019131 HTTP/1.1" 200 467
101.85.238.90 - - [12/Jul/2022:11:15:59 +0800] "GET /xingrg/kc/base/wldb_order_operate.html?command=get_materiel&rest_code=00102&base_code=0010476&code=00101019391 HTTP/1.1" 200 485
124.78.154.64 - - [12/Jul/2022:11:16:03 +0800] "GET /xingrg/kc/buy/cgsh_order_operate.html?command=get_materiel&rest_code=00106&code=00101008403&supplier_code=00100007&order_time=2022-07-12 HTTP/1.1" 200 412
101.85.238.90 - - [12/Jul/2022:11:16:05 +0800] "GET /xingrg/kc/base/wldb_order_operate.html?command=get_materiel&rest_code=00102&base_code=0010476&code=00101019372 HTTP/1.1" 200 479
124.78.154.64 - - [12/Jul/2022:11:16:10 +0800] "GET /xingrg/all/function/internal_message.html?_=1657595770471&CODE_STATE=getMsg HTTP/1.1" 200 27
124.78.154.64 - - [12/Jul/2022:11:16:10 +0800] "GET /xingrg/check_reg.html?_=1657595770473 HTTP/1.1" 200 22
218.81.223.53 - - [12/Jul/2022:11:16:11 +0800] "GET /xingrg/all/function/internal_message.html?_=1657595777238&CODE_STATE=getMsg HTTP/1.1" 200 27
180.175.103.110 - - [12/Jul/2022:11:16:13 +0800] "GET /xingrg/all/function/internal_message.html?_=1657595773023&CODE_STATE=getMsg HTTP/1.1" 200 27
101.85.238.90 - - [12/Jul/2022:11:16:14 +0800] "GET /xingrg/all/function/internal_message.html?_=1657595779816&CODE_STATE=getMsg HTTP/1.1" 200 27
222.69.129.110 - - [12/Jul/2022:11:16:18 +0800] "GET /xingrg/all/function/internal_message.html?_=1657595828577&CODE_STATE=getMsg HTTP/1.1" 200 27
124.78.154.64 - - [12/Jul/2022:11:16:21 +0800] "GET /xingrg/kc/buy/cgsh_order_operate.html?command=get_materiel&rest_code=00106&code=00101008350&supplier_code=00100007&order_time=2022-07-12 HTTP/1.1" 200 425
101.85.238.90 - - [12/Jul/2022:11:16:22 +0800] "POST /xingrg/kc/base/wldb_order_operate.html HTTP/1.1" 200 37
101.85.238.90 - - [12/Jul/2022:11:16:24 +0800] "POST /xingrg/kc/base/wldb_order_operate.html HTTP/1.1" 200 12
101.85.238.90 - - [12/Jul/2022:11:16:24 +0800] "POST /xingrg/kc/base/wldb_order_operate.html HTTP/1.1" 200 5185
101.85.238.90 - - [12/Jul/2022:11:16:25 +0800] "GET /xingrg/kc/base/wldb_order_info.html?code=422022071200745 HTTP/1.1" 200 26229
101.85.238.90 - - [12/Jul/2022:11:16:27 +0800] "POST /xingrg/kc/base/wldb_order_operate.html HTTP/1.1" 200 3412
101.85.238.90 - - [12/Jul/2022:11:16:27 +0800] "GET /xingrg/javascript/easyui/themes/default/validatebox.css HTTP/1.1" 404 1104
114.86.187.244 - - [12/Jul/2022:11:16:29 +0800] "GET /xingrg/all/function/internal_message.html?_=1657595788528&CODE_STATE=getMsg HTTP/1.1" 200 27
114.88.162.248 - - [12/Jul/2022:11:16:30 +0800] "GET /xingrg/all/function/internal_message.html?_=1657595787948&CODE_STATE=getMsg HTTP/1.1" 200 27
180.169.147.146 - - [12/Jul/2022:11:16:32 +0800] "GET /xingrg/all/function/internal_message.html?_=1657595790918&CODE_STATE=getMsg HTTP/1.1" 200 27
101.85.238.90 - - [12/Jul/2022:11:16:33 +0800] "GET /xingrg/kc/base/wldb_order_add.html HTTP/1.1" 200 30352
101.85.238.90 - - [12/Jul/2022:11:16:34 +0800] "POST /xingrg/kc/base/wldb_order_operate.html HTTP/1.1" 200 6806
101.85.238.90 - - [12/Jul/2022:11:16:35 +0800] "GET /xingrg/javascript/easyui/themes/default/validatebox.css HTTP/1.1" 404 1104
101.85.238.90 - - [12/Jul/2022:11:16:35 +0800] "POST /xingrg/all/common/load_combo.html?type=base HTTP/1.1" 200 3233
101.85.238.90 - - [12/Jul/2022:11:16:36 +0800] "GET /xingrg/all/function/internal_message.html?_=1657595864068&CODE_STATE=getMsg HTTP/1.1" 200 27
101.85.238.90 - - [12/Jul/2022:11:16:38 +0800] "POST /xingrg/all/common/load_combo.html?type=base HTTP/1.1" 200 3233
58.35.196.166 - - [12/Jul/2022:11:16:45 +0800] "GET /xingrg/all/function/internal_message.html?_=1657595806407&CODE_STATE=getMsg HTTP/1.1" 200 27
114.84.151.115 - - [12/Jul/2022:11:16:46 +0800] "GET /xingrg/all/function/internal_message.html?_=1657595506458&CODE_STATE=getMsg HTTP/1.1" 200 27
114.84.151.115 - - [12/Jul/2022:11:16:46 +0800] "GET /xingrg/check_reg.html?_=1657595506459 HTTP/1.1" 200 22
101.85.238.90 - - [12/Jul/2022:11:16:46 +0800] "GET /xingrg/kc/base/wldb_order_operate.html?command=get_materiel&rest_code=00102&base_code=0010476&code=00101008417 HTTP/1.1" 200 430
101.85.238.90 - - [12/Jul/2022:11:16:53 +0800] "POST /xingrg/kc/base/wldb_order_operate.html HTTP/1.1" 200 37
101.85.238.90 - - [12/Jul/2022:11:16:55 +0800] "POST /xingrg/kc/base/wldb_order_operate.html HTTP/1.1" 200 12
101.85.238.90 - - [12/Jul/2022:11:16:55 +0800] "POST /xingrg/kc/base/wldb_order_operate.html HTTP/1.1" 200 2180
101.85.238.90 - - [12/Jul/2022:11:16:57 +0800] "GET /xingrg/kc/base/wldb_order_info.html?code=422022071200746 HTTP/1.1" 200 26230
101.85.238.90 - - [12/Jul/2022:11:16:58 +0800] "POST /xingrg/kc/base/wldb_order_operate.html HTTP/1.1" 200 474
101.85.238.90 - - [12/Jul/2022:11:16:59 +0800] "GET /xingrg/javascript/easyui/themes/default/validatebox.css HTTP/1.1" 404 1104
124.78.154.64 - - [12/Jul/2022:11:17:10 +0800] "GET /xingrg/all/function/internal_message.html?_=1657595830455&CODE_STATE=getMsg HTTP/1.1" 200 27
218.81.223.53 - - [12/Jul/2022:11:17:12 +0800] "GET /xingrg/all/function/internal_message.html?_=1657595838200&CODE_STATE=getMsg HTTP/1.1" 200 27
180.175.103.110 - - [12/Jul/2022:11:17:13 +0800] "GET /xingrg/all/function/internal_message.html?_=1657595832997&CODE_STATE=getMsg HTTP/1.1" 200 27
101.85.238.90 - - [12/Jul/2022:11:17:14 +0800] "GET /xingrg/all/function/internal_message.html?_=1657595839810&CODE_STATE=getMsg HTTP/1.1" 200 27
180.175.103.110 - - [12/Jul/2022:11:17:17 +0800] "GET /xingrg/check_reg.html?_=1657595836979 HTTP/1.1" 200 22
222.69.129.110 - - [12/Jul/2022:11:17:18 +0800] "GET /xingrg/all/function/internal_message.html?_=1657595888570&CODE_STATE=getMsg HTTP/1.1" 200 27
124.78.154.64 - - [12/Jul/2022:11:17:26 +0800] "GET /xingrg/kc/buy/cgsh_order_operate.html?command=get_materiel&rest_code=00106&code=00101008224&supplier_code=00100007&order_time=2022-07-12 HTTP/1.1" 200 432
124.78.154.64 - - [12/Jul/2022:11:17:29 +0800] "POST /xingrg/kc/buy/cgsh_order_operate.html HTTP/1.1" 200 2065
114.86.187.244 - - [12/Jul/2022:11:17:29 +0800] "GET /xingrg/all/function/internal_message.html?_=1657595848527&CODE_STATE=getMsg HTTP/1.1" 200 27
114.88.162.248 - - [12/Jul/2022:11:17:30 +0800] "GET /xingrg/all/function/internal_message.html?_=1657595847949&CODE_STATE=getMsg HTTP/1.1" 200 27
180.169.147.146 - - [12/Jul/2022:11:17:32 +0800] "GET /xingrg/all/function/internal_message.html?_=1657595850902&CODE_STATE=getMsg HTTP/1.1" 200 27
101.85.238.90 - - [12/Jul/2022:11:17:37 +0800] "GET /xingrg/all/function/internal_message.html?_=1657595924925&CODE_STATE=getMsg HTTP/1.1" 200 27
124.78.154.64 - - [12/Jul/2022:11:17:41 +0800] "GET /xingrg/kc/buy/cgsh_order_operate.html?command=get_materiel&rest_code=00106&code=00101008223&supplier_code=00100007&order_time=2022-07-12 HTTP/1.1" 200 412
58.35.196.166 - - [12/Jul/2022:11:17:45 +0800] "GET /xingrg/all/function/internal_message.html?_=1657595866408&CODE_STATE=getMsg HTTP/1.1" 200 27
58.35.196.166 - - [12/Jul/2022:11:17:46 +0800] "GET /xingrg/check_reg.html?_=1657595866409 HTTP/1.1" 200 22
114.84.151.115 - - [12/Jul/2022:11:17:46 +0800] "GET /xingrg/all/function/internal_message.html?_=1657595566460&CODE_STATE=getMsg HTTP/1.1" 200 27
218.81.223.53 - - [12/Jul/2022:11:17:50 +0800] "GET /xingrg/check_reg.html?_=1657595875724 HTTP/1.1" 200 22
124.78.154.64 - - [12/Jul/2022:11:17:52 +0800] "GET /xingrg/kc/buy/cgsh_order_operate.html?command=get_materiel&rest_code=00106&code=00101008005&supplier_code=00100007&order_time=2022-07-12 HTTP/1.1" 200 429
124.78.154.64 - - [12/Jul/2022:11:18:06 +0800] "GET /xingrg/kc/buy/cgsh_order_operate.html?command=get_materiel&rest_code=00106&code=00101008041&supplier_code=00100007&order_time=2022-07-12 HTTP/1.1" 200 408
180.169.147.146 - - [12/Jul/2022:11:18:08 +0800] "GET /xingrg/check_reg.html?_=1657595886970 HTTP/1.1" 200 22
124.78.154.64 - - [12/Jul/2022:11:18:10 +0800] "GET /xingrg/all/function/internal_message.html?_=1657595890461&CODE_STATE=getMsg HTTP/1.1" 200 27
218.81.223.53 - - [12/Jul/2022:11:18:12 +0800] "GET /xingrg/all/function/internal_message.html?_=1657595898201&CODE_STATE=getMsg HTTP/1.1" 200 27
180.175.103.110 - - [12/Jul/2022:11:18:13 +0800] "GET /xingrg/all/function/internal_message.html?_=1657595892978&CODE_STATE=getMsg HTTP/1.1" 200 27
101.85.238.90 - - [12/Jul/2022:11:18:14 +0800] "GET /xingrg/all/function/internal_message.html?_=1657595899819&CODE_STATE=getMsg HTTP/1.1" 200 27
222.69.129.110 - - [12/Jul/2022:11:18:18 +0800] "GET /xingrg/all/function/internal_message.html?_=1657595948586&CODE_STATE=getMsg HTTP/1.1" 200 27
222.69.129.110 - - [12/Jul/2022:11:18:18 +0800] "GET /xingrg/check_reg.html?_=1657595948588 HTTP/1.1" 200 22
124.78.154.64 - - [12/Jul/2022:11:18:20 +0800] "GET /xingrg/kc/buy/cgsh_order_operate.html?command=get_materiel&rest_code=00106&code=00101008061&supplier_code=00100007&order_time=2022-07-12 HTTP/1.1" 200 422
124.78.154.64 - - [12/Jul/2022:11:18:22 +0800] "POST /xingrg/kc/buy/cgsh_order_operate.html HTTP/1.1" 200 2065
180.169.147.146 - - [12/Jul/2022:11:18:25 +0800] "GET /xingrg/check_reg.html?_=1657595903255 HTTP/1.1" 302 -
114.86.187.244 - - [12/Jul/2022:11:18:29 +0800] "GET /xingrg/all/function/internal_message.html?_=1657595908527&CODE_STATE=getMsg HTTP/1.1" 200 27
114.88.162.248 - - [12/Jul/2022:11:18:30 +0800] "GET /xingrg/all/function/internal_message.html?_=1657595907948&CODE_STATE=getMsg HTTP/1.1" 200 27
180.169.147.146 - - [12/Jul/2022:11:18:32 +0800] "GET /xingrg/all/function/internal_message.html?_=1657595910885&CODE_STATE=getMsg HTTP/1.1" 200 27
101.85.238.90 - - [12/Jul/2022:11:18:37 +0800] "GET /xingrg/all/function/internal_message.html?_=1657595984939&CODE_STATE=getMsg HTTP/1.1" 200 27
124.78.154.64 - - [12/Jul/2022:11:18:38 +0800] "POST /xingrg/kc/buy/cgsh_order_operate.html HTTP/1.1" 200 37
58.35.196.166 - - [12/Jul/2022:11:18:45 +0800] "GET /xingrg/all/function/internal_message.html?_=1657595926411&CODE_STATE=getMsg HTTP/1.1" 200 27
114.84.151.115 - - [12/Jul/2022:11:18:46 +0800] "GET /xingrg/all/function/internal_message.html?_=1657595626451&CODE_STATE=getMsg HTTP/1.1" 200 27
124.78.154.64 - - [12/Jul/2022:11:18:46 +0800] "POST /xingrg/kc/buy/cgsh_order_operate.html HTTP/1.1" 200 22162
101.85.238.90 - - [12/Jul/2022:11:19:00 +0800] "GET /xingrg/check_reg.html?_=1657596007153 HTTP/1.1" 200 22
124.78.154.64 - - [12/Jul/2022:11:19:10 +0800] "GET /xingrg/all/function/internal_message.html?_=1657595950464&CODE_STATE=getMsg HTTP/1.1" 200 27
218.81.223.53 - - [12/Jul/2022:11:19:12 +0800] "GET /xingrg/all/function/internal_message.html?_=1657595958215&CODE_STATE=getMsg HTTP/1.1" 200 27
180.175.103.110 - - [12/Jul/2022:11:19:13 +0800] "GET /xingrg/all/function/internal_message.html?_=1657595952954&CODE_STATE=getMsg HTTP/1.1" 200 27
101.85.238.90 - - [12/Jul/2022:11:19:14 +0800] "GET /xingrg/all/function/internal_message.html?_=1657595959811&CODE_STATE=getMsg HTTP/1.1" 200 27
222.69.129.110 - - [12/Jul/2022:11:19:18 +0800] "GET /xingrg/all/function/internal_message.html?_=1657596008577&CODE_STATE=getMsg HTTP/1.1" 200 27
114.86.187.244 - - [12/Jul/2022:11:19:29 +0800] "GET /xingrg/all/function/internal_message.html?_=1657595968526&CODE_STATE=getMsg HTTP/1.1" 200 27
114.88.162.248 - - [12/Jul/2022:11:19:30 +0800] "GET /xingrg/all/function/internal_message.html?_=1657595967947&CODE_STATE=getMsg HTTP/1.1" 200 27
114.88.162.248 - - [12/Jul/2022:11:19:30 +0800] "GET /xingrg/check_reg.html?_=1657595967949 HTTP/1.1" 200 22
180.169.147.146 - - [12/Jul/2022:11:19:32 +0800] "GET /xingrg/all/function/internal_message.html?_=1657595970869&CODE_STATE=getMsg HTTP/1.1" 200 27
101.85.238.90 - - [12/Jul/2022:11:19:37 +0800] "GET /xingrg/all/function/internal_message.html?_=1657596044951&CODE_STATE=getMsg HTTP/1.1" 200 27
58.35.196.166 - - [12/Jul/2022:11:19:45 +0800] "GET /xingrg/all/function/internal_message.html?_=1657595986412&CODE_STATE=getMsg HTTP/1.1" 200 27
114.84.151.115 - - [12/Jul/2022:11:19:46 +0800] "GET /xingrg/all/function/internal_message.html?_=1657595686450&CODE_STATE=getMsg HTTP/1.1" 200 27
101.85.238.90 - - [12/Jul/2022:11:20:09 +0800] "GET /favicon.ico HTTP/1.1" 404 -
101.85.238.90 - - [12/Jul/2022:11:20:10 +0800] "GET /favicon.ico HTTP/1.1" 404 -
124.78.154.64 - - [12/Jul/2022:11:20:10 +0800] "GET /xingrg/all/function/internal_message.html?_=1657596010458&CODE_STATE=getMsg HTTP/1.1" 200 27
124.78.154.64 - - [12/Jul/2022:11:20:11 +0800] "GET /xingrg/kc/buy/buy_main.html HTTP/1.1" 200 12412
124.78.154.64 - - [12/Jul/2022:11:20:11 +0800] "GET /xingrg/css/new_ie.css HTTP/1.1" 404 1036
124.78.154.64 - - [12/Jul/2022:11:20:12 +0800] "GET /xingrg/images/yd/bt.gif HTTP/1.1" 404 1040
218.81.223.53 - - [12/Jul/2022:11:20:12 +0800] "GET /xingrg/all/function/internal_message.html?_=1657596018229&CODE_STATE=getMsg HTTP/1.1" 200 27
180.175.103.110 - - [12/Jul/2022:11:20:13 +0800] "GET /xingrg/all/function/internal_message.html?_=1657596012933&CODE_STATE=getMsg HTTP/1.1" 200 27
124.78.154.64 - - [12/Jul/2022:11:20:13 +0800] "GET /xingrg/kc/buy/cgsh_order_list.html HTTP/1.1" 200 52094
101.85.238.90 - - [12/Jul/2022:11:20:14 +0800] "GET /xingrg/check_reg.html?_=1657596019817 HTTP/1.1" 200 22
101.85.238.90 - - [12/Jul/2022:11:20:14 +0800] "GET /xingrg/all/function/internal_message.html?_=1657596019821&CODE_STATE=getMsg HTTP/1.1" 200 27
124.78.154.64 - - [12/Jul/2022:11:20:16 +0800] "POST /xingrg/kc/buy/cgsh_list_operate.html HTTP/1.1" 200 3308
222.69.129.110 - - [12/Jul/2022:11:20:18 +0800] "GET /xingrg/all/function/internal_message.html?_=1657596068567&CODE_STATE=getMsg HTTP/1.1" 200 27
124.78.154.64 - - [12/Jul/2022:11:20:20 +0800] "GET /xingrg/kc/buy/cgsh_order_add.html HTTP/1.1" 200 67870
124.78.154.64 - - [12/Jul/2022:11:20:20 +0800] "POST /xingrg/kc/buy/cgsh_order_operate.html HTTP/1.1" 200 8245
124.78.154.64 - - [12/Jul/2022:11:20:20 +0800] "GET /xingrg/javascript/easyui/themes/default/validatebox.css HTTP/1.1" 404 1104
124.78.154.64 - - [12/Jul/2022:11:20:22 +0800] "GET /xingrg/javascript/easyui/themes/default/tree.css HTTP/1.1" 404 1090
124.78.154.64 - - [12/Jul/2022:11:20:22 +0800] "POST /xingrg/all/common/load_tree.html?tree=supplier_tree_json&isDelete=1 HTTP/1.1" 200 66828
114.86.187.244 - - [12/Jul/2022:11:20:29 +0800] "GET /xingrg/all/function/internal_message.html?_=1657596028525&CODE_STATE=getMsg HTTP/1.1" 200 27
114.86.187.244 - - [12/Jul/2022:11:20:29 +0800] "GET /xingrg/check_reg.html?_=1657596028527 HTTP/1.1" 200 22
114.88.162.248 - - [12/Jul/2022:11:20:30 +0800] "GET /xingrg/all/function/internal_message.html?_=1657596027948&CODE_STATE=getMsg HTTP/1.1" 200 27
180.169.147.146 - - [12/Jul/2022:11:20:32 +0800] "GET /xingrg/all/function/internal_message.html?_=1657596030853&CODE_STATE=getMsg HTTP/1.1" 200 27
58.35.196.166 - - [12/Jul/2022:11:20:45 +0800] "GET /xingrg/all/function/internal_message.html?_=1657596046412&CODE_STATE=getMsg HTTP/1.1" 200 27
114.84.151.115 - - [12/Jul/2022:11:20:46 +0800] "GET /xingrg/all/function/internal_message.html?_=1657595746459&CODE_STATE=getMsg HTTP/1.1" 200 27
124.78.154.64 - - [12/Jul/2022:11:20:56 +0800] "GET /xingrg/kc/buy/cgsh_order_operate.html?command=get_materiel&rest_code=00106&code=00102002453&supplier_code=00100071&order_time=2022-07-12 HTTP/1.1" 200 433
124.78.154.64 - - [12/Jul/2022:11:21:10 +0800] "GET /xingrg/all/function/internal_message.html?_=1657596070475&CODE_STATE=getMsg HTTP/1.1" 200 27
124.78.154.64 - - [12/Jul/2022:11:21:10 +0800] "GET /xingrg/check_reg.html?_=1657596070479 HTTP/1.1" 200 22
218.81.223.53 - - [12/Jul/2022:11:21:12 +0800] "GET /xingrg/all/function/internal_message.html?_=1657596078243&CODE_STATE=getMsg HTTP/1.1" 200 27
180.175.103.110 - - [12/Jul/2022:11:21:13 +0800] "GET /xingrg/all/function/internal_message.html?_=1657596072908&CODE_STATE=getMsg HTTP/1.1" 200 27
101.85.238.90 - - [12/Jul/2022:11:21:14 +0800] "GET /xingrg/all/function/internal_message.html?_=1657596079812&CODE_STATE=getMsg HTTP/1.1" 200 27
222.69.129.110 - - [12/Jul/2022:11:21:18 +0800] "GET /xingrg/all/function/internal_message.html?_=1657596128570&CODE_STATE=getMsg HTTP/1.1" 200 27
124.78.154.64 - - [12/Jul/2022:11:21:21 +0800] "POST /xingrg/kc/buy/cgsh_order_operate.html HTTP/1.1" 200 37
124.78.154.64 - - [12/Jul/2022:11:21:23 +0800] "POST /xingrg/kc/buy/cgsh_order_operate.html HTTP/1.1" 200 2664
124.78.154.64 - - [12/Jul/2022:11:21:28 +0800] "GET /xingrg/kc/buy/buy_main.html HTTP/1.1" 200 12412
124.78.154.64 - - [12/Jul/2022:11:21:28 +0800] "GET /xingrg/css/new_ie.css HTTP/1.1" 404 1036
114.86.187.244 - - [12/Jul/2022:11:21:29 +0800] "GET /xingrg/all/function/internal_message.html?_=1657596088527&CODE_STATE=getMsg HTTP/1.1" 200 27
114.88.162.248 - - [12/Jul/2022:11:21:30 +0800] "GET /xingrg/all/function/internal_message.html?_=1657596087949&CODE_STATE=getMsg HTTP/1.1" 200 27
180.169.147.146 - - [12/Jul/2022:11:21:32 +0800] "GET /xingrg/all/function/internal_message.html?_=1657596090837&CODE_STATE=getMsg HTTP/1.1" 200 27
124.78.154.64 - - [12/Jul/2022:11:21:41 +0800] "GET /xingrg/images/yd/bt.gif HTTP/1.1" 404 1040
124.78.154.64 - - [12/Jul/2022:11:21:43 +0800] "GET /xingrg/kc/buy/cgsh_order_list.html HTTP/1.1" 200 52094
124.78.154.64 - - [12/Jul/2022:11:21:45 +0800] "POST /xingrg/kc/buy/cgsh_list_operate.html HTTP/1.1" 200 3618
58.35.196.166 - - [12/Jul/2022:11:21:45 +0800] "GET /xingrg/all/function/internal_message.html?_=1657596106414&CODE_STATE=getMsg HTTP/1.1" 200 27
114.84.151.115 - - [12/Jul/2022:11:21:46 +0800] "GET /xingrg/check_reg.html?_=1657595806455 HTTP/1.1" 200 22
114.84.151.115 - - [12/Jul/2022:11:21:46 +0800] "GET /xingrg/all/function/internal_message.html?_=1657595806456&CODE_STATE=getMsg HTTP/1.1" 200 27
124.78.154.64 - - [12/Jul/2022:11:21:53 +0800] "POST /xingrg/kc/buy/cgsh_list_operate.html HTTP/1.1" 200 198
124.78.154.64 - - [12/Jul/2022:11:21:54 +0800] "GET /xingrg/kc/buy/cgsh_order_info.html?code=212022071202997 HTTP/1.1" 200 67879
124.78.154.64 - - [12/Jul/2022:11:21:54 +0800] "GET /xingrg/javascript/easyui/themes/default/validatebox.css HTTP/1.1" 404 1104
124.78.154.64 - - [12/Jul/2022:11:21:55 +0800] "POST /xingrg/kc/buy/cgsh_order_operate.html HTTP/1.1" 200 2655
124.78.154.64 - - [12/Jul/2022:11:22:01 +0800] "POST /xingrg/kc/buy/cgsh_order_operate.html HTTP/1.1" 200 37
124.78.154.64 - - [12/Jul/2022:11:22:04 +0800] "POST /xingrg/kc/buy/cgsh_order_operate.html HTTP/1.1" 200 12
124.78.154.64 - - [12/Jul/2022:11:22:05 +0800] "GET /xingrg/kc/buy/cgsh_order_info.html?code=212022071202997 HTTP/1.1" 200 62773
124.78.154.64 - - [12/Jul/2022:11:22:05 +0800] "GET /xingrg/javascript/easyui/themes/default/validatebox.css HTTP/1.1" 404 1104
124.78.154.64 - - [12/Jul/2022:11:22:06 +0800] "POST /xingrg/kc/buy/cgsh_order_operate.html HTTP/1.1" 200 605
124.78.154.64 - - [12/Jul/2022:11:22:09 +0800] "GET /xingrg/kc/print/load_config.html?kc_code=cgsh HTTP/1.1" 200 1943
124.78.154.64 - - [12/Jul/2022:11:22:09 +0800] "GET /xingrg/kc/print/load_data.html?order_code=212022071202997&kc_code=cgsh&condition= HTTP/1.1" 200 783
124.78.154.64 - - [12/Jul/2022:11:22:10 +0800] "GET /xingrg/all/function/internal_message.html?_=1657596130524&CODE_STATE=getMsg HTTP/1.1" 200 27
218.81.223.53 - - [12/Jul/2022:11:22:12 +0800] "GET /xingrg/all/function/internal_message.html?_=1657596138256&CODE_STATE=getMsg HTTP/1.1" 200 27
180.175.103.110 - - [12/Jul/2022:11:22:13 +0800] "GET /xingrg/all/function/internal_message.html?_=1657596132884&CODE_STATE=getMsg HTTP/1.1" 200 27
101.85.238.90 - - [12/Jul/2022:11:22:14 +0800] "GET /xingrg/all/function/internal_message.html?_=1657596139820&CODE_STATE=getMsg HTTP/1.1" 200 27
180.175.103.110 - - [12/Jul/2022:11:22:14 +0800] "POST /xingrg/services/DataTransmitService HTTP/1.1" 200 524
180.175.103.110 - - [12/Jul/2022:11:22:14 +0800] "POST /xingrg/services/DataTransmitService HTTP/1.1" 200 501
180.175.103.110 - - [12/Jul/2022:11:22:17 +0800] "GET /xingrg/check_reg.html?_=1657596136974 HTTP/1.1" 200 22
222.69.129.110 - - [12/Jul/2022:11:22:18 +0800] "GET /xingrg/all/function/internal_message.html?_=1657596188583&CODE_STATE=getMsg HTTP/1.1" 200 27
124.78.154.64 - - [12/Jul/2022:11:22:28 +0800] "POST /xingrg/kc/buy/cgsh_list_operate.html HTTP/1.1" 200 3311
114.86.187.244 - - [12/Jul/2022:11:22:29 +0800] "GET /xingrg/all/function/internal_message.html?_=1657596148527&CODE_STATE=getMsg HTTP/1.1" 200 27
114.88.162.248 - - [12/Jul/2022:11:22:30 +0800] "GET /xingrg/all/function/internal_message.html?_=1657596147948&CODE_STATE=getMsg HTTP/1.1" 200 27
124.78.154.64 - - [12/Jul/2022:11:22:31 +0800] "POST /xingrg/kc/buy/cgsh_list_operate.html HTTP/1.1" 200 352
180.169.147.146 - - [12/Jul/2022:11:22:32 +0800] "GET /xingrg/all/function/internal_message.html?_=1657596150821&CODE_STATE=getMsg HTTP/1.1" 200 27
124.78.154.64 - - [12/Jul/2022:11:22:32 +0800] "GET /xingrg/kc/buy/cgsh_order_info.html?code=212022071203004 HTTP/1.1" 200 67877
124.78.154.64 - - [12/Jul/2022:11:22:33 +0800] "GET /xingrg/javascript/easyui/themes/default/validatebox.css HTTP/1.1" 404 1104
124.78.154.64 - - [12/Jul/2022:11:22:33 +0800] "POST /xingrg/kc/buy/cgsh_order_operate.html HTTP/1.1" 200 3843
124.78.154.64 - - [12/Jul/2022:11:22:34 +0800] "POST /xingrg/kc/buy/cgsh_list_operate.html HTTP/1.1" 200 3311
124.78.154.64 - - [12/Jul/2022:11:22:44 +0800] "POST /xingrg/kc/buy/cgsh_order_operate.html HTTP/1.1" 200 37
58.35.196.166 - - [12/Jul/2022:11:22:45 +0800] "GET /xingrg/check_reg.html?_=1657596166416 HTTP/1.1" 200 22
58.35.196.166 - - [12/Jul/2022:11:22:46 +0800] "GET /xingrg/all/function/internal_message.html?_=1657596166418&CODE_STATE=getMsg HTTP/1.1" 200 27
124.78.154.64 - - [12/Jul/2022:11:22:48 +0800] "POST /xingrg/kc/buy/cgsh_order_operate.html HTTP/1.1" 200 12
124.78.154.64 - - [12/Jul/2022:11:22:49 +0800] "GET /xingrg/kc/buy/cgsh_order_info.html?code=212022071203004 HTTP/1.1" 200 62771
124.78.154.64 - - [12/Jul/2022:11:22:49 +0800] "GET /xingrg/javascript/easyui/themes/default/validatebox.css HTTP/1.1" 404 1104
124.78.154.64 - - [12/Jul/2022:11:22:50 +0800] "POST /xingrg/kc/buy/cgsh_order_operate.html HTTP/1.1" 200 1793
218.81.223.53 - - [12/Jul/2022:11:22:50 +0800] "GET /xingrg/check_reg.html?_=1657596175731 HTTP/1.1" 200 22
124.78.154.64 - - [12/Jul/2022:11:22:53 +0800] "GET /xingrg/kc/print/load_data.html?order_code=212022071203004&kc_code=cgsh&condition= HTTP/1.1" 200 1187
124.78.154.64 - - [12/Jul/2022:11:23:01 +0800] "POST /xingrg/kc/buy/cgsh_list_operate.html HTTP/1.1" 200 3007
124.78.154.64 - - [12/Jul/2022:11:23:05 +0800] "POST /xingrg/kc/buy/cgsh_list_operate.html HTTP/1.1" 200 279
124.78.154.64 - - [12/Jul/2022:11:23:06 +0800] "GET /xingrg/kc/buy/cgsh_order_info.html?code=212022071202995 HTTP/1.1" 200 67883
124.78.154.64 - - [12/Jul/2022:11:23:06 +0800] "GET /xingrg/javascript/easyui/themes/default/validatebox.css HTTP/1.1" 404 1104
124.78.154.64 - - [12/Jul/2022:11:23:07 +0800] "POST /xingrg/kc/buy/cgsh_order_operate.html HTTP/1.1" 200 3251
180.169.147.146 - - [12/Jul/2022:11:23:08 +0800] "GET /xingrg/check_reg.html?_=1657596186951 HTTP/1.1" 200 22
124.78.154.64 - - [12/Jul/2022:11:23:08 +0800] "POST /xingrg/kc/buy/cgsh_list_operate.html HTTP/1.1" 200 3007
114.88.162.248 - - [12/Jul/2022:11:23:09 +0800] "GET /xingrg/kc/buy/cgsh_order_add.html HTTP/1.1" 200 67832
114.88.162.248 - - [12/Jul/2022:11:23:10 +0800] "POST /xingrg/kc/buy/cgsh_order_operate.html HTTP/1.1" 200 8245
114.88.162.248 - - [12/Jul/2022:11:23:10 +0800] "GET /xingrg/javascript/easyui/themes/default/validatebox.css HTTP/1.1" 404 1104
218.81.223.53 - - [12/Jul/2022:11:23:12 +0800] "GET /xingrg/all/function/internal_message.html?_=1657596198270&CODE_STATE=getMsg HTTP/1.1" 200 27
180.175.103.110 - - [12/Jul/2022:11:23:13 +0800] "GET /xingrg/all/function/internal_message.html?_=1657596192889&CODE_STATE=getMsg HTTP/1.1" 200 27
101.85.238.90 - - [12/Jul/2022:11:23:14 +0800] "GET /xingrg/all/function/internal_message.html?_=1657596199813&CODE_STATE=getMsg HTTP/1.1" 200 27
124.78.154.64 - - [12/Jul/2022:11:23:15 +0800] "POST /xingrg/kc/buy/cgsh_order_operate.html HTTP/1.1" 200 37
124.78.154.64 - - [12/Jul/2022:11:23:18 +0800] "POST /xingrg/kc/buy/cgsh_order_operate.html HTTP/1.1" 200 12
222.69.129.110 - - [12/Jul/2022:11:23:18 +0800] "GET /xingrg/all/function/internal_message.html?_=1657596248575&CODE_STATE=getMsg HTTP/1.1" 200 27
222.69.129.110 - - [12/Jul/2022:11:23:18 +0800] "GET /xingrg/check_reg.html?_=1657596248576 HTTP/1.1" 200 22
124.78.154.64 - - [12/Jul/2022:11:23:18 +0800] "GET /xingrg/kc/buy/cgsh_order_info.html?code=212022071202995 HTTP/1.1" 200 62777
124.78.154.64 - - [12/Jul/2022:11:23:19 +0800] "GET /xingrg/javascript/easyui/themes/default/validatebox.css HTTP/1.1" 404 1104
124.78.154.64 - - [12/Jul/2022:11:23:19 +0800] "POST /xingrg/kc/buy/cgsh_order_operate.html HTTP/1.1" 200 1201
124.78.154.64 - - [12/Jul/2022:11:23:23 +0800] "GET /xingrg/kc/print/load_data.html?order_code=212022071202995&kc_code=cgsh&condition= HTTP/1.1" 200 994
114.88.162.248 - - [12/Jul/2022:11:23:23 +0800] "GET /xingrg/kc/buy/cgsh_order_operate.html?command=get_materiel&rest_code=00111&code=00101028016&supplier_code=00100017&order_time=2022-07-12 HTTP/1.1" 200 447
180.169.147.146 - - [12/Jul/2022:11:23:25 +0800] "GET /xingrg/check_reg.html?_=1657596203245 HTTP/1.1" 302 -
114.86.187.244 - - [12/Jul/2022:11:23:29 +0800] "GET /xingrg/all/function/internal_message.html?_=1657596208526&CODE_STATE=getMsg HTTP/1.1" 200 27
114.88.162.248 - - [12/Jul/2022:11:23:30 +0800] "GET /xingrg/all/function/internal_message.html?_=1657596208061&CODE_STATE=getMsg HTTP/1.1" 200 27
180.169.147.146 - - [12/Jul/2022:11:23:32 +0800] "GET /xingrg/all/function/internal_message.html?_=1657596210804&CODE_STATE=getMsg HTTP/1.1" 200 27
124.78.154.64 - - [12/Jul/2022:11:23:37 +0800] "GET /xingrg/kc/buy/cgsh_order_add.html HTTP/1.1" 200 67870
124.78.154.64 - - [12/Jul/2022:11:23:37 +0800] "POST /xingrg/kc/buy/cgsh_order_operate.html HTTP/1.1" 200 8245
124.78.154.64 - - [12/Jul/2022:11:23:37 +0800] "GET /xingrg/javascript/easyui/themes/default/validatebox.css HTTP/1.1" 404 1104
114.88.162.248 - - [12/Jul/2022:11:23:41 +0800] "GET /xingrg/kc/buy/cgsh_order_operate.html?command=get_materiel&rest_code=00111&code=00101028008&supplier_code=00100017&order_time=2022-07-12 HTTP/1.1" 200 449
124.78.154.64 - - [12/Jul/2022:11:23:41 +0800] "POST /xingrg/kc/buy/cgsh_list_operate.html HTTP/1.1" 200 2694
116.235.94.65 - - [12/Jul/2022:11:23:45 +0800] "POST /xingrg/login.do HTTP/1.1" 200 2421
116.235.94.65 - - [12/Jul/2022:11:23:45 +0800] "GET /xingrg/images/blue/pic_top.gif HTTP/1.1" 200 3656
116.235.94.65 - - [12/Jul/2022:11:23:45 +0800] "GET /xingrg/images/blue/error_buttom.gif HTTP/1.1" 200 1750
116.235.94.65 - - [12/Jul/2022:11:23:45 +0800] "GET /xingrg/images/blue/pic_notice.jpg HTTP/1.1" 200 3583
116.235.94.65 - - [12/Jul/2022:11:23:45 +0800] "GET /xingrg/images/blue/error_mid.gif HTTP/1.1" 200 215
116.235.94.65 - - [12/Jul/2022:11:23:45 +0800] "GET /xingrg/images/blue/error_top.gif HTTP/1.1" 200 1790
58.35.196.166 - - [12/Jul/2022:11:23:45 +0800] "GET /xingrg/all/function/internal_message.html?_=1657596226419&CODE_STATE=getMsg HTTP/1.1" 200 27
116.235.94.65 - - [12/Jul/2022:11:23:46 +0800] "GET /favicon.ico HTTP/1.1" 404 -
124.78.154.64 - - [12/Jul/2022:11:23:47 +0800] "POST /xingrg/kc/buy/cgsh_list_operate.html HTTP/1.1" 200 274
124.78.154.64 - - [12/Jul/2022:11:23:48 +0800] "GET /xingrg/kc/buy/cgsh_order_info.html?code=212022071202976 HTTP/1.1" 200 67879
124.78.154.64 - - [12/Jul/2022:11:23:48 +0800] "GET /xingrg/javascript/easyui/themes/default/validatebox.css HTTP/1.1" 404 1104
124.78.154.64 - - [12/Jul/2022:11:23:49 +0800] "POST /xingrg/kc/buy/cgsh_order_operate.html HTTP/1.1" 200 3245
124.78.154.64 - - [12/Jul/2022:11:23:50 +0800] "POST /xingrg/kc/buy/cgsh_list_operate.html HTTP/1.1" 200 2694
114.88.162.248 - - [12/Jul/2022:11:23:52 +0800] "GET /xingrg/kc/buy/cgsh_order_operate.html?command=get_materiel&rest_code=00111&code=00101029009&supplier_code=00100017&order_time=2022-07-12 HTTP/1.1" 200 479
124.78.154.64 - - [12/Jul/2022:11:23:55 +0800] "POST /xingrg/kc/buy/cgsh_order_operate.html HTTP/1.1" 200 37
124.78.154.64 - - [12/Jul/2022:11:23:59 +0800] "POST /xingrg/kc/buy/cgsh_order_operate.html HTTP/1.1" 200 12
124.78.154.64 - - [12/Jul/2022:11:24:00 +0800] "GET /xingrg/kc/buy/cgsh_order_info.html?code=212022071202976 HTTP/1.1" 200 62773
124.78.154.64 - - [12/Jul/2022:11:24:00 +0800] "GET /xingrg/javascript/easyui/themes/default/validatebox.css HTTP/1.1" 404 1104
124.78.154.64 - - [12/Jul/2022:11:24:01 +0800] "POST /xingrg/kc/buy/cgsh_order_operate.html HTTP/1.1" 200 1195
124.78.154.64 - - [12/Jul/2022:11:24:03 +0800] "GET /xingrg/kc/print/load_data.html?order_code=212022071202976&kc_code=cgsh&condition= HTTP/1.1" 200 987
124.78.154.64 - - [12/Jul/2022:11:24:10 +0800] "GET /xingrg/all/function/internal_message.html?_=1657596250536&CODE_STATE=getMsg HTTP/1.1" 200 27
218.81.223.53 - - [12/Jul/2022:11:24:12 +0800] "GET /xingrg/all/function/internal_message.html?_=1657596258284&CODE_STATE=getMsg HTTP/1.1" 200 27
180.175.103.110 - - [12/Jul/2022:11:24:13 +0800] "GET /xingrg/all/function/internal_message.html?_=1657596252870&CODE_STATE=getMsg HTTP/1.1" 200 27
124.78.154.64 - - [12/Jul/2022:11:24:13 +0800] "POST /xingrg/kc/buy/cgsh_list_operate.html HTTP/1.1" 200 2387
101.85.238.90 - - [12/Jul/2022:11:24:14 +0800] "GET /xingrg/all/function/internal_message.html?_=1657596259821&CODE_STATE=getMsg HTTP/1.1" 200 27
116.235.94.65 - - [12/Jul/2022:11:24:15 +0800] "GET /xingrg/login.html HTTP/1.1" 200 7641
116.235.94.65 - - [12/Jul/2022:11:24:15 +0800] "GET /favicon.ico HTTP/1.1" 404 -
124.78.154.64 - - [12/Jul/2022:11:24:15 +0800] "POST /xingrg/kc/buy/cgsh_list_operate.html HTTP/1.1" 200 557
124.78.154.64 - - [12/Jul/2022:11:24:16 +0800] "GET /xingrg/kc/buy/cgsh_order_info.html?code=212022071202975 HTTP/1.1" 200 67881
124.78.154.64 - - [12/Jul/2022:11:24:17 +0800] "GET /xingrg/javascript/easyui/themes/default/validatebox.css HTTP/1.1" 404 1104
124.78.154.64 - - [12/Jul/2022:11:24:17 +0800] "POST /xingrg/kc/buy/cgsh_order_operate.html HTTP/1.1" 200 5596
222.69.129.110 - - [12/Jul/2022:11:24:18 +0800] "GET /xingrg/all/function/internal_message.html?_=1657596308575&CODE_STATE=getMsg HTTP/1.1" 200 27
124.78.154.64 - - [12/Jul/2022:11:24:18 +0800] "POST /xingrg/kc/buy/cgsh_list_operate.html HTTP/1.1" 200 2387
124.78.154.64 - - [12/Jul/2022:11:24:24 +0800] "POST /xingrg/kc/buy/cgsh_order_operate.html HTTP/1.1" 200 37
124.78.154.64 - - [12/Jul/2022:11:24:27 +0800] "POST /xingrg/kc/buy/cgsh_order_operate.html HTTP/1.1" 200 12
124.78.154.64 - - [12/Jul/2022:11:24:28 +0800] "GET /xingrg/kc/buy/cgsh_order_info.html?code=212022071202975 HTTP/1.1" 200 62775
124.78.154.64 - - [12/Jul/2022:11:24:29 +0800] "GET /xingrg/javascript/easyui/themes/default/validatebox.css HTTP/1.1" 404 1104
124.78.154.64 - - [12/Jul/2022:11:24:29 +0800] "POST /xingrg/kc/buy/cgsh_order_operate.html HTTP/1.1" 200 3544
114.86.187.244 - - [12/Jul/2022:11:24:29 +0800] "GET /xingrg/all/function/internal_message.html?_=1657596268526&CODE_STATE=getMsg HTTP/1.1" 200 27
114.88.162.248 - - [12/Jul/2022:11:24:30 +0800] "GET /xingrg/all/function/internal_message.html?_=1657596267978&CODE_STATE=getMsg HTTP/1.1" 200 27
114.88.162.248 - - [12/Jul/2022:11:24:30 +0800] "GET /xingrg/check_reg.html?_=1657596267980 HTTP/1.1" 200 22
116.235.94.65 - - [12/Jul/2022:11:24:30 +0800] "POST /xingrg/login.do HTTP/1.1" 302 -
116.235.94.65 - - [12/Jul/2022:11:24:30 +0800] "GET /xingrg/index.html?sysBaseUrl=http%3A%2F%2F180.169.147.146%3A18081%2Fxingrg%2F&costTime=44×tamp=1657596270579 HTTP/1.1" 200 17179
116.235.94.65 - - [12/Jul/2022:11:24:30 +0800] "GET /xingrg/css/form.css HTTP/1.1" 200 893
116.235.94.65 - - [12/Jul/2022:11:24:30 +0800] "GET /xingrg/javascript/jquery.timers.js HTTP/1.1" 200 3532
116.235.94.65 - - [12/Jul/2022:11:24:30 +0800] "GET /xingrg/javascript/jquery.form.js HTTP/1.1" 200 23110
116.235.94.65 - - [12/Jul/2022:11:24:30 +0800] "GET /favicon.ico HTTP/1.1" 404 -
116.235.94.65 - - [12/Jul/2022:11:24:30 +0800] "GET /xingrg/javascript/jquery_easy_ui/themes/icons/settle_new.png HTTP/1.1" 200 826
116.235.94.65 - - [12/Jul/2022:11:24:30 +0800] "GET /xingrg/images/blue/navBackgound.jpg HTTP/1.1" 200 12378
116.235.94.65 - - [12/Jul/2022:11:24:30 +0800] "POST /xingrg/all/common/load_tree.html?tree=area_rest_tree_json&manage=1 HTTP/1.1" 200 351
116.235.94.65 - - [12/Jul/2022:11:24:30 +0800] "GET /xingrg/all/function/internal_message.html?_=1657596451687&CODE_STATE=count HTTP/1.1" 200 11
116.235.94.65 - - [12/Jul/2022:11:24:30 +0800] "GET /xingrg/images/blue/pingpu.png HTTP/1.1" 200 231
116.235.94.65 - - [12/Jul/2022:11:24:30 +0800] "GET /xingrg/check_reg.html?_=1657596451688 HTTP/1.1" 200 22
116.235.94.65 - - [12/Jul/2022:11:24:30 +0800] "POST /xingrg/load_menu.html HTTP/1.1" 200 5138
116.235.94.65 - - [12/Jul/2022:11:24:30 +0800] "GET /xingrg/javascript/jquery_easy_ui/themes/default/images/tabs_rightarrow.png HTTP/1.1" 200 395
116.235.94.65 - - [12/Jul/2022:11:24:30 +0800] "GET /xingrg/javascript/jquery_easy_ui/themes/default/images/tree_arrows.gif HTTP/1.1" 200 1043
116.235.94.65 - - [12/Jul/2022:11:24:30 +0800] "GET /xingrg/javascript/jquery_easy_ui/themes/default/images/tabs_leftarrow.png HTTP/1.1" 200 389
116.235.94.65 - - [12/Jul/2022:11:24:30 +0800] "GET /xingrg/javascript/jquery_easy_ui/themes/default/images/panel_tool_collapse.gif HTTP/1.1" 200 246
116.235.94.65 - - [12/Jul/2022:11:24:31 +0800] "GET /xingrg/javascript/jquery_easy_ui/themes/icons/search_new.png HTTP/1.1" 200 586
116.235.94.65 - - [12/Jul/2022:11:24:31 +0800] "GET /xingrg/javascript/jquery_easy_ui/themes/default/images/tree_folder_open.gif HTTP/1.1" 200 956
116.235.94.65 - - [12/Jul/2022:11:24:31 +0800] "GET /xingrg/javascript/jquery_easy_ui/themes/default/images/tree_folder.gif HTTP/1.1" 200 952
116.235.94.65 - - [12/Jul/2022:11:24:31 +0800] "GET /xingrg/javascript/jquery_easy_ui/themes/icons/forms_new.png HTTP/1.1" 200 350
116.235.94.65 - - [12/Jul/2022:11:24:31 +0800] "GET /xingrg/javascript/jquery_easy_ui/themes/icons/storage_new.png HTTP/1.1" 200 853
116.235.94.65 - - [12/Jul/2022:11:24:31 +0800] "GET /xingrg/javascript/jquery_easy_ui/themes/default/images/tree_file.gif HTTP/1.1" 200 118
180.169.147.146 - - [12/Jul/2022:11:24:32 +0800] "GET /xingrg/all/function/internal_message.html?_=1657596270788&CODE_STATE=getMsg HTTP/1.1" 200 27
124.78.154.64 - - [12/Jul/2022:11:24:32 +0800] "GET /xingrg/kc/print/load_data.html?order_code=212022071202975&kc_code=cgsh&condition= HTTP/1.1" 200 1821
116.235.94.65 - - [12/Jul/2022:11:24:38 +0800] "GET /xingrg/javascript/jquery_easy_ui/themes/default/images/tabs_close.gif HTTP/1.1" 200 829
116.235.94.65 - - [12/Jul/2022:11:24:38 +0800] "GET /xingrg/kc/buy/cgsh_order_list.html HTTP/1.1" 200 52100
114.88.162.248 - - [12/Jul/2022:11:24:40 +0800] "GET /xingrg/kc/buy/cgsh_order_operate.html?command=get_materiel&rest_code=00111&code=00101028012&supplier_code=00100017&order_time=2022-07-12 HTTP/1.1" 200 456
116.235.94.65 - - [12/Jul/2022:11:24:41 +0800] "POST /xingrg/kc/buy/cgsh_list_operate.html HTTP/1.1" 200 2047
124.78.154.64 - - [12/Jul/2022:11:24:42 +0800] "POST /xingrg/kc/buy/cgsh_list_operate.html HTTP/1.1" 200 2077
58.35.196.166 - - [12/Jul/2022:11:24:45 +0800] "GET /xingrg/all/function/internal_message.html?_=1657596286404&CODE_STATE=getMsg HTTP/1.1" 200 27
114.88.162.248 - - [12/Jul/2022:11:24:53 +0800] "POST /xingrg/kc/buy/cgsh_order_operate.html HTTP/1.1" 200 37
124.78.154.64 - - [12/Jul/2022:11:24:55 +0800] "POST /xingrg/kc/buy/cgsh_list_operate.html HTTP/1.1" 200 572
124.78.154.64 - - [12/Jul/2022:11:24:56 +0800] "GET /xingrg/kc/buy/cgsh_order_info.html?code=212022071203023 HTTP/1.1" 200 67879
124.78.154.64 - - [12/Jul/2022:11:24:56 +0800] "GET /xingrg/javascript/easyui/themes/default/validatebox.css HTTP/1.1" 404 1104
124.78.154.64 - - [12/Jul/2022:11:24:57 +0800] "POST /xingrg/kc/buy/cgsh_order_operate.html HTTP/1.1" 200 22162
114.88.162.248 - - [12/Jul/2022:11:24:57 +0800] "POST /xingrg/kc/buy/cgsh_order_operate.html HTTP/1.1" 200 4572
116.235.94.65 - - [12/Jul/2022:11:24:57 +0800] "GET /xingrg/kc/buy/cgsh_order_add.html HTTP/1.1" 200 67917
116.235.94.65 - - [12/Jul/2022:11:24:57 +0800] "GET /xingrg/words/20220709093651_words.js HTTP/1.1" 304 -
116.235.94.65 - - [12/Jul/2022:11:24:57 +0800] "GET /xingrg/all/common/auto_word.html?type=employee&rest_code=00104 HTTP/1.1" 200 245
116.235.94.65 - - [12/Jul/2022:11:24:57 +0800] "GET /xingrg/all/common/auto_word.html?type=employee&rest_code=00104 HTTP/1.1" 200 245
116.235.94.65 - - [12/Jul/2022:11:24:57 +0800] "GET /xingrg/javascript/easyui/themes/default/validatebox.css HTTP/1.1" 404 1104
116.235.94.65 - - [12/Jul/2022:11:24:57 +0800] "POST /xingrg/kc/buy/cgsh_order_operate.html HTTP/1.1" 200 8245
124.78.154.64 - - [12/Jul/2022:11:24:58 +0800] "POST /xingrg/kc/buy/cgsh_list_operate.html HTTP/1.1" 200 2077
114.88.162.248 - - [12/Jul/2022:11:24:58 +0800] "GET /xingrg/kc/print/load_data.html?order_code=212022071203025&kc_code=cgsh&condition= HTTP/1.1" 200 1550
124.78.154.64 - - [12/Jul/2022:11:25:04 +0800] "POST /xingrg/kc/buy/cgsh_order_operate.html HTTP/1.1" 200 37
124.78.154.64 - - [12/Jul/2022:11:25:07 +0800] "POST /xingrg/kc/buy/cgsh_order_operate.html HTTP/1.1" 200 12
124.78.154.64 - - [12/Jul/2022:11:25:08 +0800] "GET /xingrg/kc/buy/cgsh_order_info.html?code=212022071203023 HTTP/1.1" 200 62773
124.78.154.64 - - [12/Jul/2022:11:25:08 +0800] "GET /xingrg/javascript/easyui/themes/default/validatebox.css HTTP/1.1" 404 1104
124.78.154.64 - - [12/Jul/2022:11:25:09 +0800] "POST /xingrg/kc/buy/cgsh_order_operate.html HTTP/1.1" 200 20106
124.78.154.64 - - [12/Jul/2022:11:25:10 +0800] "GET /xingrg/all/function/internal_message.html?_=1657596310513&CODE_STATE=getMsg HTTP/1.1" 200 27
124.78.154.64 - - [12/Jul/2022:11:25:12 +0800] "GET /xingrg/kc/print/load_data.html?order_code=212022071203023&kc_code=cgsh&condition= HTTP/1.1" 200 8109
180.175.103.110 - - [12/Jul/2022:11:25:13 +0800] "GET /xingrg/all/function/internal_message.html?_=1657596312845&CODE_STATE=getMsg HTTP/1.1" 200 27
218.81.223.53 - - [12/Jul/2022:11:25:13 +0800] "GET /xingrg/all/function/internal_message.html?_=1657596318906&CODE_STATE=getMsg HTTP/1.1" 200 27
101.85.238.90 - - [12/Jul/2022:11:25:14 +0800] "GET /xingrg/check_reg.html?_=1657596319811 HTTP/1.1" 200 22
101.85.238.90 - - [12/Jul/2022:11:25:14 +0800] "GET /xingrg/all/function/internal_message.html?_=1657596319815&CODE_STATE=getMsg HTTP/1.1" 200 27
222.69.129.110 - - [12/Jul/2022:11:25:18 +0800] "GET /xingrg/all/function/internal_message.html?_=1657596368576&CODE_STATE=getMsg HTTP/1.1" 200 27
114.86.187.244 - - [12/Jul/2022:11:25:29 +0800] "GET /xingrg/all/function/internal_message.html?_=1657596328524&CODE_STATE=getMsg HTTP/1.1" 200 27
114.86.187.244 - - [12/Jul/2022:11:25:29 +0800] "GET /xingrg/check_reg.html?_=1657596328526 HTTP/1.1" 200 22
114.88.162.248 - - [12/Jul/2022:11:25:30 +0800] "GET /xingrg/all/function/internal_message.html?_=1657596327966&CODE_STATE=getMsg HTTP/1.1" 200 27
116.235.94.65 - - [12/Jul/2022:11:25:30 +0800] "GET /xingrg/all/function/internal_message.html?_=1657596511695&CODE_STATE=getMsg HTTP/1.1" 200 27
180.169.147.146 - - [12/Jul/2022:11:25:31 +0800] "GET /xingrg/all/function/internal_message.html?_=1657596330772&CODE_STATE=getMsg HTTP/1.1" 200 27
124.78.154.64 - - [12/Jul/2022:11:25:37 +0800] "POST /xingrg/kc/buy/cgsh_list_operate.html HTTP/1.1" 200 1769
116.235.94.65 - - [12/Jul/2022:11:25:43 +0800] "GET /xingrg/javascript/jquery_easy_ui/themes/default/images/tabs_active.png HTTP/1.1" 200 2894
124.78.154.64 - - [12/Jul/2022:11:25:44 +0800] "POST /xingrg/kc/buy/cgsh_list_operate.html HTTP/1.1" 200 202
124.78.154.64 - - [12/Jul/2022:11:25:45 +0800] "GET /xingrg/kc/buy/cgsh_order_info.html?code=212022071203024 HTTP/1.1" 200 67881
124.78.154.64 - - [12/Jul/2022:11:25:45 +0800] "GET /xingrg/javascript/easyui/themes/default/validatebox.css HTTP/1.1" 404 1104
124.78.154.64 - - [12/Jul/2022:11:25:45 +0800] "POST /xingrg/kc/buy/cgsh_order_operate.html HTTP/1.1" 200 2664
58.35.196.166 - - [12/Jul/2022:11:25:45 +0800] "GET /xingrg/all/function/internal_message.html?_=1657596346405&CODE_STATE=getMsg HTTP/1.1" 200 27
116.235.94.65 - - [12/Jul/2022:11:25:46 +0800] "GET /xingrg/javascript/auto/indicator.gif HTTP/1.1" 404 1066
124.78.154.64 - - [12/Jul/2022:11:25:47 +0800] "POST /xingrg/kc/buy/cgsh_list_operate.html HTTP/1.1" 200 1769
124.78.154.64 - - [12/Jul/2022:11:25:55 +0800] "POST /xingrg/kc/buy/cgsh_order_operate.html HTTP/1.1" 200 37
124.78.154.64 - - [12/Jul/2022:11:25:59 +0800] "POST /xingrg/kc/buy/cgsh_order_operate.html HTTP/1.1" 200 12
124.78.154.64 - - [12/Jul/2022:11:26:00 +0800] "GET /xingrg/kc/buy/cgsh_order_info.html?code=212022071203024 HTTP/1.1" 200 62775
124.78.154.64 - - [12/Jul/2022:11:26:00 +0800] "GET /xingrg/javascript/easyui/themes/default/validatebox.css HTTP/1.1" 404 1104
124.78.154.64 - - [12/Jul/2022:11:26:01 +0800] "POST /xingrg/kc/buy/cgsh_order_operate.html HTTP/1.1" 200 614
124.78.154.64 - - [12/Jul/2022:11:26:04 +0800] "GET /xingrg/kc/print/load_data.html?order_code=212022071203024&kc_code=cgsh&condition= HTTP/1.1" 200 746
124.78.154.64 - - [12/Jul/2022:11:26:10 +0800] "GET /xingrg/check_reg.html?_=1657596370488 HTTP/1.1" 200 22
124.78.154.64 - - [12/Jul/2022:11:26:10 +0800] "GET /xingrg/all/function/internal_message.html?_=1657596370491&CODE_STATE=getMsg HTTP/1.1" 200 27
180.175.103.110 - - [12/Jul/2022:11:26:13 +0800] "GET /xingrg/all/function/internal_message.html?_=1657596372827&CODE_STATE=getMsg HTTP/1.1" 200 27
218.81.223.53 - - [12/Jul/2022:11:26:13 +0800] "GET /xingrg/all/function/internal_message.html?_=1657596378919&CODE_STATE=getMsg HTTP/1.1" 200 27
101.85.238.90 - - [12/Jul/2022:11:26:14 +0800] "GET /xingrg/all/function/internal_message.html?_=1657596379801&CODE_STATE=getMsg HTTP/1.1" 200 27
222.69.129.110 - - [12/Jul/2022:11:26:18 +0800] "GET /xingrg/all/function/internal_message.html?_=1657596428568&CODE_STATE=getMsg HTTP/1.1" 200 27
