116.224.129.140 - - [07/Jul/2022:09:17:28 +0800] "GET /xingrg/kc/base/wldb_order_operate.html?command=get_materiel&rest_code=00105&base_code=0010507&code=00101012077 HTTP/1.1" 200 436
101.83.223.227 - - [07/Jul/2022:09:17:28 +0800] "GET /xingrg/system/info/materiel_import.html?isSelect=1&singleSelect=false HTTP/1.1" 200 5600
101.83.223.227 - - [07/Jul/2022:09:17:28 +0800] "GET /xingrg/css/blue.css HTTP/1.1" 304 -
101.83.223.227 - - [07/Jul/2022:09:17:29 +0800] "GET /xingrg/css/xtree.css HTTP/1.1" 304 -
101.83.223.227 - - [07/Jul/2022:09:17:29 +0800] "GET /xingrg/javascript/jquery_ui/themes/base/base.css HTTP/1.1" 304 -
101.83.223.227 - - [07/Jul/2022:09:17:29 +0800] "GET /xingrg/javascript/jquery_easy_ui/themes/icons/check_new.png HTTP/1.1" 304 -
101.83.223.227 - - [07/Jul/2022:09:17:29 +0800] "GET /xingrg/javascript/jquery_easy_ui/themes/icons/search.png HTTP/1.1" 304 -
101.83.223.227 - - [07/Jul/2022:09:17:29 +0800] "GET /xingrg/javascript/jquery_easy_ui/themes/icons/edit_add.png HTTP/1.1" 304 -
101.83.223.227 - - [07/Jul/2022:09:17:29 +0800] "GET /xingrg/javascript/jquery_easy_ui/themes/default/images/datagrid_header_bg.gif HTTP/1.1" 304 -
101.83.223.227 - - [07/Jul/2022:09:17:29 +0800] "GET /xingrg/javascript/jquery_easy_ui/themes/default/images/pagination_prev.gif HTTP/1.1" 304 -
101.83.223.227 - - [07/Jul/2022:09:17:29 +0800] "GET /xingrg/javascript/jquery_easy_ui/themes/default/images/pagination_first.gif HTTP/1.1" 304 -
101.83.223.227 - - [07/Jul/2022:09:17:29 +0800] "GET /xingrg/javascript/jquery_easy_ui/themes/default/images/pagination_next.gif HTTP/1.1" 304 -
101.83.223.227 - - [07/Jul/2022:09:17:29 +0800] "GET /xingrg/javascript/jquery_easy_ui/themes/default/images/pagination_load.png HTTP/1.1" 304 -
101.83.223.227 - - [07/Jul/2022:09:17:29 +0800] "GET /xingrg/javascript/jquery_easy_ui/themes/default/images/pagination_last.gif HTTP/1.1" 304 -
101.83.223.227 - - [07/Jul/2022:09:17:29 +0800] "GET /favicon.ico HTTP/1.1" 404 -
101.83.223.227 - - [07/Jul/2022:09:17:29 +0800] "POST /xingrg/all/common/load_tree.html?tree=materiel_sort_tree_json HTTP/1.1" 200 9388
116.224.129.140 - - [07/Jul/2022:09:17:32 +0800] "GET /xingrg/all/function/internal_message.html?_=1657156656568&CODE_STATE=getMsg HTTP/1.1" 200 27
114.88.162.248 - - [07/Jul/2022:09:17:34 +0800] "GET /xingrg/kc/buy/cgsh_order_operate.html?command=get_materiel&rest_code=00111&code=00101006038&supplier_code=00100012&order_time=2022-07-07 HTTP/1.1" 200 423
180.169.147.146 - - [07/Jul/2022:09:17:35 +0800] "GET /xingrg/all/function/internal_message.html?_=1657156657187&CODE_STATE=getMsg HTTP/1.1" 200 27
101.83.223.227 - - [07/Jul/2022:09:17:36 +0800] "GET /xingrg/kc/buy/cgsh_order_operate.html?command=get_materiel&rest_code=00151&code=00101008323&supplier_code=00100007&order_time=2022-07-07 HTTP/1.1" 200 408
112.49.176.213 - - [07/Jul/2022:09:17:38 +0800] "GET /xingrg/all/function/internal_message.html?_=1657156660781&CODE_STATE=getMsg HTTP/1.1" 302 -
116.235.94.65 - - [07/Jul/2022:09:17:41 +0800] "GET /xingrg/all/function/internal_message.html?_=1657156846283&CODE_STATE=getMsg HTTP/1.1" 200 27
101.83.223.227 - - [07/Jul/2022:09:17:42 +0800] "GET /xingrg/all/function/internal_message.html?_=1657156625856&CODE_STATE=getMsg HTTP/1.1" 200 27
114.88.162.248 - - [07/Jul/2022:09:17:44 +0800] "GET /xingrg/kc/buy/cgsh_order_operate.html?command=get_materiel&rest_code=00111&code=00101011001&supplier_code=00100012&order_time=2022-07-07 HTTP/1.1" 200 423
58.40.7.146 - - [07/Jul/2022:09:17:45 +0800] "GET /xingrg/all/function/internal_message.html?_=1657156668084&CODE_STATE=getMsg HTTP/1.1" 200 27
101.83.223.227 - - [07/Jul/2022:09:17:49 +0800] "GET /xingrg/kc/buy/cgsh_order_operate.html?command=get_materiel&rest_code=00151&code=00101008318&supplier_code=00100007&order_time=2022-07-07 HTTP/1.1" 200 408
101.83.223.227 - - [07/Jul/2022:09:17:51 +0800] "POST /xingrg/all/common/load_tree.html?tree=materiel_sort_tree_json HTTP/1.1" 200 9388
101.83.223.227 - - [07/Jul/2022:09:17:51 +0800] "GET /favicon.ico HTTP/1.1" 404 -
120.253.135.82 - - [07/Jul/2022:09:17:54 +0800] "GET /xingrg/all/function/internal_message.html?_=1657156815943&CODE_STATE=getMsg HTTP/1.1" 200 27
114.88.162.248 - - [07/Jul/2022:09:17:56 +0800] "POST /xingrg/kc/buy/cgsh_order_operate.html HTTP/1.1" 200 37
116.224.129.140 - - [07/Jul/2022:09:17:58 +0800] "POST /xingrg/kc/base/wldb_order_operate.html HTTP/1.1" 200 37
114.88.162.248 - - [07/Jul/2022:09:17:58 +0800] "POST /xingrg/kc/buy/cgsh_order_operate.html HTTP/1.1" 200 3878
116.224.129.140 - - [07/Jul/2022:09:17:58 +0800] "POST /xingrg/kc/base/wldb_order_operate.html HTTP/1.1" 200 2184
116.224.129.140 - - [07/Jul/2022:09:17:59 +0800] "GET /xingrg/kc/base/wldb_order_info.html?code=422022070700434 HTTP/1.1" 200 30371
116.224.129.140 - - [07/Jul/2022:09:17:59 +0800] "GET /xingrg/javascript/easyui/themes/default/validatebox.css HTTP/1.1" 404 1104
114.88.162.248 - - [07/Jul/2022:09:17:59 +0800] "GET /xingrg/kc/print/load_data.html?order_code=212022070701746&kc_code=cgsh&condition= HTTP/1.1" 200 1251
116.224.129.140 - - [07/Jul/2022:09:17:59 +0800] "POST /xingrg/kc/base/wldb_order_operate.html HTTP/1.1" 200 2184
114.88.162.248 - - [07/Jul/2022:09:18:00 +0800] "GET /xingrg/all/function/internal_message.html?_=1657156681499&CODE_STATE=getMsg HTTP/1.1" 200 27
101.83.223.227 - - [07/Jul/2022:09:18:00 +0800] "GET /xingrg/kc/buy/cgsh_order_operate.html?command=get_materiel&rest_code=00151&code=00101008095&supplier_code=00100007&order_time=2022-07-07 HTTP/1.1" 200 412
114.88.162.248 - - [07/Jul/2022:09:18:04 +0800] "GET /xingrg/kc/buy/cgsh_order_add.html HTTP/1.1" 200 67832
114.88.162.248 - - [07/Jul/2022:09:18:04 +0800] "POST /xingrg/kc/buy/cgsh_order_operate.html HTTP/1.1" 200 8245
114.88.162.248 - - [07/Jul/2022:09:18:04 +0800] "GET /xingrg/javascript/easyui/themes/default/validatebox.css HTTP/1.1" 404 1104
218.81.223.53 - - [07/Jul/2022:09:18:05 +0800] "GET /xingrg/all/function/internal_message.html?_=1657156701180&CODE_STATE=getMsg HTTP/1.1" 200 27
101.83.223.227 - - [07/Jul/2022:09:18:06 +0800] "GET /xingrg/kc/buy/cgsh_order_operate.html?command=get_materiel&rest_code=00151&code=00101008221&supplier_code=00100007&order_time=2022-07-07 HTTP/1.1" 200 412
101.83.223.227 - - [07/Jul/2022:09:18:13 +0800] "GET /xingrg/kc/buy/cgsh_order_operate.html?command=get_materiel&rest_code=00151&code=00101008344&supplier_code=00100007&order_time=2022-07-07 HTTP/1.1" 200 412
101.83.223.227 - - [07/Jul/2022:09:18:16 +0800] "POST /xingrg/all/common/load_tree.html?tree=materiel_sort_tree_json HTTP/1.1" 200 9388
101.83.223.227 - - [07/Jul/2022:09:18:16 +0800] "GET /favicon.ico HTTP/1.1" 404 -
114.88.162.248 - - [07/Jul/2022:09:18:17 +0800] "GET /xingrg/kc/buy/cgsh_order_operate.html?command=get_materiel&rest_code=00111&code=00101010161&supplier_code=00100042&order_time=2022-07-07 HTTP/1.1" 200 409
101.83.223.227 - - [07/Jul/2022:09:18:23 +0800] "GET /xingrg/kc/buy/cgsh_order_operate.html?command=get_materiel&rest_code=00151&code=00101008301&supplier_code=00100007&order_time=2022-07-07 HTTP/1.1" 200 422
116.230.110.167 - - [07/Jul/2022:09:18:26 +0800] "GET /xingrg/all/function/internal_message.html?_=1657156696356&CODE_STATE=getMsg HTTP/1.1" 200 27
116.224.129.140 - - [07/Jul/2022:09:18:32 +0800] "GET /xingrg/all/function/internal_message.html?_=1657156716571&CODE_STATE=getMsg HTTP/1.1" 200 27
114.88.162.248 - - [07/Jul/2022:09:18:32 +0800] "GET /xingrg/kc/buy/cgsh_order_operate.html?command=get_materiel&rest_code=00111&code=00101006067&supplier_code=00100042&order_time=2022-07-07 HTTP/1.1" 200 409
101.83.223.227 - - [07/Jul/2022:09:18:33 +0800] "GET /xingrg/kc/buy/cgsh_order_operate.html?command=get_materiel&rest_code=00151&code=00101008286&supplier_code=00100007&order_time=2022-07-07 HTTP/1.1" 200 408
180.169.147.146 - - [07/Jul/2022:09:18:35 +0800] "GET /xingrg/all/function/internal_message.html?_=1657156717186&CODE_STATE=getMsg HTTP/1.1" 200 27
112.49.176.213 - - [07/Jul/2022:09:18:38 +0800] "GET /xingrg/all/function/internal_message.html?_=1657156720759&CODE_STATE=getMsg HTTP/1.1" 302 -
116.235.94.65 - - [07/Jul/2022:09:18:41 +0800] "GET /xingrg/check_reg.html?_=1657156906281 HTTP/1.1" 200 22
116.235.94.65 - - [07/Jul/2022:09:18:41 +0800] "GET /xingrg/all/function/internal_message.html?_=1657156906284&CODE_STATE=getMsg HTTP/1.1" 200 27
101.83.223.227 - - [07/Jul/2022:09:18:41 +0800] "GET /xingrg/kc/buy/cgsh_order_operate.html?command=get_materiel&rest_code=00151&code=00101008077&supplier_code=00100007&order_time=2022-07-07 HTTP/1.1" 200 416
101.83.223.227 - - [07/Jul/2022:09:18:42 +0800] "GET /xingrg/all/function/internal_message.html?_=1657156685870&CODE_STATE=getMsg HTTP/1.1" 200 27
116.224.129.140 - - [07/Jul/2022:09:18:42 +0800] "GET /xingrg/kc/buy/cgsh_order_list.html HTTP/1.1" 200 52094
116.224.129.140 - - [07/Jul/2022:09:18:45 +0800] "POST /xingrg/kc/buy/cgsh_list_operate.html HTTP/1.1" 200 2064
114.88.162.248 - - [07/Jul/2022:09:18:45 +0800] "GET /xingrg/kc/buy/cgsh_order_operate.html?command=get_materiel&rest_code=00111&code=00101005037&supplier_code=00100042&order_time=2022-07-07 HTTP/1.1" 200 409
58.40.7.146 - - [07/Jul/2022:09:18:45 +0800] "GET /xingrg/all/function/internal_message.html?_=1657156728077&CODE_STATE=getMsg HTTP/1.1" 200 27
116.224.129.140 - - [07/Jul/2022:09:18:48 +0800] "GET /xingrg/kc/buy/cgsh_order_add.html HTTP/1.1" 200 67958
116.224.129.140 - - [07/Jul/2022:09:18:48 +0800] "POST /xingrg/kc/buy/cgsh_order_operate.html HTTP/1.1" 200 8245
116.224.129.140 - - [07/Jul/2022:09:18:48 +0800] "GET /xingrg/javascript/easyui/themes/default/validatebox.css HTTP/1.1" 404 1104
101.83.223.227 - - [07/Jul/2022:09:18:49 +0800] "GET /xingrg/kc/buy/cgsh_order_operate.html?command=get_materiel&rest_code=00151&code=00101012039&supplier_code=00100007&order_time=2022-07-07 HTTP/1.1" 200 408
120.253.135.82 - - [07/Jul/2022:09:18:53 +0800] "GET /xingrg/check_reg.html?_=1657156874552 HTTP/1.1" 200 22
120.253.135.82 - - [07/Jul/2022:09:18:54 +0800] "GET /xingrg/all/function/internal_message.html?_=1657156875958&CODE_STATE=getMsg HTTP/1.1" 200 27
114.88.162.248 - - [07/Jul/2022:09:18:56 +0800] "GET /xingrg/kc/buy/cgsh_order_operate.html?command=get_materiel&rest_code=00111&code=00101003025&supplier_code=00100042&order_time=2022-07-07 HTTP/1.1" 200 409
114.88.162.248 - - [07/Jul/2022:09:19:00 +0800] "GET /xingrg/all/function/internal_message.html?_=1657156741469&CODE_STATE=getMsg HTTP/1.1" 200 27
116.224.129.140 - - [07/Jul/2022:09:19:00 +0800] "GET /xingrg/kc/buy/cgsh_order_operate.html?command=get_materiel&rest_code=00105&code=00101007081&supplier_code=00100002&order_time=2022-07-07 HTTP/1.1" 200 413
101.83.223.227 - - [07/Jul/2022:09:19:03 +0800] "GET /favicon.ico HTTP/1.1" 404 -
101.83.223.227 - - [07/Jul/2022:09:19:03 +0800] "POST /xingrg/all/common/load_tree.html?tree=materiel_sort_tree_json HTTP/1.1" 200 9388
218.81.223.53 - - [07/Jul/2022:09:19:05 +0800] "GET /xingrg/all/function/internal_message.html?_=1657156761214&CODE_STATE=getMsg HTTP/1.1" 200 27
114.88.162.248 - - [07/Jul/2022:09:19:05 +0800] "POST /xingrg/kc/buy/cgsh_order_operate.html HTTP/1.1" 200 37
114.88.162.248 - - [07/Jul/2022:09:19:09 +0800] "POST /xingrg/kc/buy/cgsh_order_operate.html HTTP/1.1" 200 4420
101.83.223.227 - - [07/Jul/2022:09:19:09 +0800] "GET /xingrg/kc/buy/cgsh_order_operate.html?command=get_materiel&rest_code=00151&code=00101016025&supplier_code=00100007&order_time=2022-07-07 HTTP/1.1" 200 408
114.88.162.248 - - [07/Jul/2022:09:19:11 +0800] "GET /xingrg/kc/print/load_data.html?order_code=212022070701747&kc_code=cgsh&condition= HTTP/1.1" 200 1373
116.224.129.140 - - [07/Jul/2022:09:19:11 +0800] "GET /xingrg/kc/buy/cgsh_order_operate.html?command=get_materiel&rest_code=00105&code=00101007061&supplier_code=00100002&order_time=2022-07-07 HTTP/1.1" 200 411
101.83.223.227 - - [07/Jul/2022:09:19:17 +0800] "GET /xingrg/kc/buy/cgsh_order_operate.html?command=get_materiel&rest_code=00151&code=00101008362&supplier_code=00100007&order_time=2022-07-07 HTTP/1.1" 200 408
101.83.223.227 - - [07/Jul/2022:09:19:26 +0800] "GET /xingrg/kc/buy/cgsh_order_operate.html?command=get_materiel&rest_code=00151&code=00101008017&supplier_code=00100007&order_time=2022-07-07 HTTP/1.1" 200 416
116.230.110.167 - - [07/Jul/2022:09:19:26 +0800] "GET /xingrg/all/function/internal_message.html?_=1657156756333&CODE_STATE=getMsg HTTP/1.1" 200 27
101.83.223.227 - - [07/Jul/2022:09:19:30 +0800] "GET /xingrg/check_reg.html?_=1657156734096 HTTP/1.1" 200 22
101.83.223.227 - - [07/Jul/2022:09:19:31 +0800] "POST /xingrg/services/DataTransmitService HTTP/1.1" 200 524
116.224.129.140 - - [07/Jul/2022:09:19:32 +0800] "GET /xingrg/all/function/internal_message.html?_=1657156776514&CODE_STATE=getMsg HTTP/1.1" 200 27
101.83.223.227 - - [07/Jul/2022:09:19:32 +0800] "GET /xingrg/kc/buy/cgsh_order_operate.html?command=get_materiel&rest_code=00151&code=00101008096&supplier_code=00100007&order_time=2022-07-07 HTTP/1.1" 200 413
172.20.0.100 - - [07/Jul/2022:09:19:33 +0800] "GET /xingrg/check_reg.html?_=1657156766360 HTTP/1.1" 302 -
116.224.129.140 - - [07/Jul/2022:09:19:33 +0800] "GET /xingrg/kc/buy/cgsh_order_operate.html?command=get_materiel&rest_code=00105&code=00101007049&supplier_code=00100002&order_time=2022-07-07 HTTP/1.1" 200 409
180.169.147.146 - - [07/Jul/2022:09:19:35 +0800] "GET /xingrg/all/function/internal_message.html?_=1657156777192&CODE_STATE=getMsg HTTP/1.1" 200 27
112.49.176.213 - - [07/Jul/2022:09:19:38 +0800] "GET /xingrg/all/function/internal_message.html?_=1657156780734&CODE_STATE=getMsg HTTP/1.1" 302 -
114.88.162.248 - - [07/Jul/2022:09:19:38 +0800] "GET /xingrg/kc/buy/buy_main.html HTTP/1.1" 200 12412
114.88.162.248 - - [07/Jul/2022:09:19:38 +0800] "GET /xingrg/css/new_ie.css HTTP/1.1" 404 1036
114.88.162.248 - - [07/Jul/2022:09:19:38 +0800] "GET /xingrg/images/yd/bt.gif HTTP/1.1" 404 1040
114.88.162.248 - - [07/Jul/2022:09:19:39 +0800] "GET /xingrg/kc/buy/cgsh_order_list.html HTTP/1.1" 200 52094
116.235.94.65 - - [07/Jul/2022:09:19:41 +0800] "GET /xingrg/all/function/internal_message.html?_=1657156966283&CODE_STATE=getMsg HTTP/1.1" 200 27
101.83.223.227 - - [07/Jul/2022:09:19:41 +0800] "GET /xingrg/kc/buy/cgsh_order_operate.html?command=get_materiel&rest_code=00151&code=00101008372&supplier_code=00100007&order_time=2022-07-07 HTTP/1.1" 200 408
114.88.162.248 - - [07/Jul/2022:09:19:41 +0800] "POST /xingrg/kc/buy/cgsh_list_operate.html HTTP/1.1" 200 2068
116.224.129.140 - - [07/Jul/2022:09:19:41 +0800] "GET /xingrg/kc/buy/cgsh_order_operate.html?command=get_materiel&rest_code=00105&code=00101007024&supplier_code=00100002&order_time=2022-07-07 HTTP/1.1" 200 415
101.83.223.227 - - [07/Jul/2022:09:19:42 +0800] "GET /xingrg/all/function/internal_message.html?_=1657156745883&CODE_STATE=getMsg HTTP/1.1" 200 27
114.88.162.248 - - [07/Jul/2022:09:19:43 +0800] "POST /xingrg/kc/buy/cgsh_list_operate.html HTTP/1.1" 200 566
114.88.162.248 - - [07/Jul/2022:09:19:44 +0800] "GET /xingrg/kc/buy/cgsh_order_info.html?code=212022070701744 HTTP/1.1" 200 67841
114.88.162.248 - - [07/Jul/2022:09:19:44 +0800] "GET /xingrg/javascript/easyui/themes/default/validatebox.css HTTP/1.1" 404 1104
114.88.162.248 - - [07/Jul/2022:09:19:45 +0800] "POST /xingrg/kc/buy/cgsh_order_operate.html HTTP/1.1" 200 18632
58.40.7.146 - - [07/Jul/2022:09:19:45 +0800] "GET /xingrg/all/function/internal_message.html?_=1657156788068&CODE_STATE=getMsg HTTP/1.1" 200 27
101.83.223.227 - - [07/Jul/2022:09:19:47 +0800] "GET /xingrg/kc/buy/cgsh_order_operate.html?command=get_materiel&rest_code=00151&code=00101008131&supplier_code=00100007&order_time=2022-07-07 HTTP/1.1" 200 408
101.83.223.227 - - [07/Jul/2022:09:19:51 +0800] "GET /favicon.ico HTTP/1.1" 404 -
101.83.223.227 - - [07/Jul/2022:09:19:51 +0800] "POST /xingrg/all/common/load_tree.html?tree=materiel_sort_tree_json HTTP/1.1" 200 9388
120.253.135.82 - - [07/Jul/2022:09:19:54 +0800] "GET /xingrg/all/function/internal_message.html?_=1657156935981&CODE_STATE=getMsg HTTP/1.1" 200 27
114.88.162.248 - - [07/Jul/2022:09:20:00 +0800] "GET /xingrg/all/function/internal_message.html?_=1657156801449&CODE_STATE=getMsg HTTP/1.1" 200 27
101.83.223.227 - - [07/Jul/2022:09:20:03 +0800] "GET /xingrg/kc/buy/cgsh_order_operate.html?command=get_materiel&rest_code=00151&code=00101008312&supplier_code=00100007&order_time=2022-07-07 HTTP/1.1" 200 412
218.81.223.53 - - [07/Jul/2022:09:20:05 +0800] "GET /xingrg/all/function/internal_message.html?_=1657156821221&CODE_STATE=getMsg HTTP/1.1" 200 27
101.83.223.227 - - [07/Jul/2022:09:20:10 +0800] "GET /xingrg/kc/buy/cgsh_order_operate.html?command=get_materiel&rest_code=00151&code=00101008102&supplier_code=00100007&order_time=2022-07-07 HTTP/1.1" 200 413
116.224.129.140 - - [07/Jul/2022:09:20:25 +0800] "POST /xingrg/kc/buy/cgsh_order_operate.html HTTP/1.1" 200 37
116.230.110.167 - - [07/Jul/2022:09:20:26 +0800] "GET /xingrg/all/function/internal_message.html?_=1657156816314&CODE_STATE=getMsg HTTP/1.1" 200 27
116.224.129.140 - - [07/Jul/2022:09:20:28 +0800] "POST /xingrg/kc/buy/cgsh_order_operate.html HTTP/1.1" 200 4436
116.224.129.140 - - [07/Jul/2022:09:20:32 +0800] "GET /xingrg/all/function/internal_message.html?_=1657156836526&CODE_STATE=getMsg HTTP/1.1" 200 27
180.169.147.146 - - [07/Jul/2022:09:20:32 +0800] "GET /xingrg/check_reg.html?_=1657156834886 HTTP/1.1" 200 22
180.169.147.146 - - [07/Jul/2022:09:20:35 +0800] "GET /xingrg/check_reg.html?_=1657156837191 HTTP/1.1" 200 22
180.169.147.146 - - [07/Jul/2022:09:20:35 +0800] "GET /xingrg/all/function/internal_message.html?_=1657156837196&CODE_STATE=getMsg HTTP/1.1" 200 27
112.49.176.213 - - [07/Jul/2022:09:20:38 +0800] "GET /xingrg/all/function/internal_message.html?_=1657156840713&CODE_STATE=getMsg HTTP/1.1" 302 -
116.235.94.65 - - [07/Jul/2022:09:20:41 +0800] "GET /xingrg/all/function/internal_message.html?_=1657157026281&CODE_STATE=getMsg HTTP/1.1" 200 27
101.83.223.227 - - [07/Jul/2022:09:20:42 +0800] "GET /xingrg/all/function/internal_message.html?_=1657156805897&CODE_STATE=getMsg HTTP/1.1" 200 27
58.40.7.146 - - [07/Jul/2022:09:20:45 +0800] "GET /xingrg/all/function/internal_message.html?_=1657156848073&CODE_STATE=getMsg HTTP/1.1" 200 27
101.83.223.227 - - [07/Jul/2022:09:20:47 +0800] "GET /xingrg/kc/buy/cgsh_order_operate.html?command=get_materiel&rest_code=00151&code=00101015006&supplier_code=00100007&order_time=2022-07-07 HTTP/1.1" 200 412
116.224.129.140 - - [07/Jul/2022:09:20:48 +0800] "GET /xingrg/kc/print/load_data.html?order_code=212022070701748&kc_code=cgsh&condition= HTTP/1.1" 200 1431
116.224.129.140 - - [07/Jul/2022:09:20:52 +0800] "GET /xingrg/kc/buy/cgsh_order_add.html HTTP/1.1" 200 67958
116.224.129.140 - - [07/Jul/2022:09:20:53 +0800] "GET /xingrg/javascript/easyui/themes/default/validatebox.css HTTP/1.1" 404 1104
116.224.129.140 - - [07/Jul/2022:09:20:53 +0800] "POST /xingrg/kc/buy/cgsh_order_operate.html HTTP/1.1" 200 8245
120.253.135.82 - - [07/Jul/2022:09:20:54 +0800] "GET /xingrg/all/function/internal_message.html?_=1657156995985&CODE_STATE=getMsg HTTP/1.1" 200 27
116.224.129.140 - - [07/Jul/2022:09:20:57 +0800] "GET /xingrg/check_reg.html?_=1657156862372 HTTP/1.1" 200 22
218.81.223.53 - - [07/Jul/2022:09:20:58 +0800] "POST /xingrg/kc/buy/cgsh_list_operate.html HTTP/1.1" 200 1466
114.88.162.248 - - [07/Jul/2022:09:21:00 +0800] "GET /xingrg/check_reg.html?_=1657156861218 HTTP/1.1" 200 22
114.88.162.248 - - [07/Jul/2022:09:21:00 +0800] "GET /xingrg/all/function/internal_message.html?_=1657156861422&CODE_STATE=getMsg HTTP/1.1" 200 27
218.81.223.53 - - [07/Jul/2022:09:21:02 +0800] "GET /xingrg/check_reg.html?_=1657156878739 HTTP/1.1" 200 22
58.221.95.50 - - [07/Jul/2022:09:21:03 +0800] "GET /xingrg/check_reg.html?_=1657156866668 HTTP/1.1" 302 -
58.221.95.50 - - [07/Jul/2022:09:21:03 +0800] "GET /xingrg/check_reg.html?_=1657156866668 HTTP/1.1" 302 -
218.81.223.53 - - [07/Jul/2022:09:21:05 +0800] "GET /xingrg/all/function/internal_message.html?_=1657156881235&CODE_STATE=getMsg HTTP/1.1" 200 27
101.83.223.227 - - [07/Jul/2022:09:21:06 +0800] "POST /xingrg/kc/buy/cgsh_order_operate.html HTTP/1.1" 200 37
101.83.223.227 - - [07/Jul/2022:09:21:07 +0800] "POST /xingrg/kc/buy/cgsh_order_operate.html HTTP/1.1" 200 14036
112.49.176.213 - - [07/Jul/2022:09:21:09 +0800] "GET /xingrg/check_reg.html?_=1657156872049 HTTP/1.1" 302 -
116.224.129.140 - - [07/Jul/2022:09:21:09 +0800] "GET /xingrg/kc/buy/cgsh_order_operate.html?command=get_materiel&rest_code=00105&code=00101006184&supplier_code=00100012&order_time=2022-07-07 HTTP/1.1" 200 408
101.83.223.227 - - [07/Jul/2022:09:21:12 +0800] "POST /xingrg/all/common/load_tree.html?tree=materiel_sort_tree_json HTTP/1.1" 200 9388
101.83.223.227 - - [07/Jul/2022:09:21:12 +0800] "GET /favicon.ico HTTP/1.1" 404 -
101.83.223.227 - - [07/Jul/2022:09:21:20 +0800] "GET /xingrg/kc/buy/cgsh_order_operate.html?command=get_materiel&rest_code=00151&code=00101008353&supplier_code=00100007&order_time=2022-07-07 HTTP/1.1" 200 408
116.230.110.167 - - [07/Jul/2022:09:21:26 +0800] "GET /xingrg/check_reg.html?_=1657156876156 HTTP/1.1" 200 22
116.230.110.167 - - [07/Jul/2022:09:21:26 +0800] "GET /xingrg/all/function/internal_message.html?_=1657156876311&CODE_STATE=getMsg HTTP/1.1" 200 27
116.224.129.140 - - [07/Jul/2022:09:21:32 +0800] "GET /xingrg/all/function/internal_message.html?_=1657156896491&CODE_STATE=getMsg HTTP/1.1" 200 27
180.169.147.146 - - [07/Jul/2022:09:21:35 +0800] "GET /xingrg/all/function/internal_message.html?_=1657156897197&CODE_STATE=getMsg HTTP/1.1" 200 27
112.49.176.213 - - [07/Jul/2022:09:21:38 +0800] "GET /xingrg/all/function/internal_message.html?_=1657156900695&CODE_STATE=getMsg HTTP/1.1" 302 -
116.224.129.140 - - [07/Jul/2022:09:21:40 +0800] "GET /xingrg/kc/buy/cgsh_order_operate.html?command=get_materiel&rest_code=00105&code=00101006055&supplier_code=00100012&order_time=2022-07-07 HTTP/1.1" 200 409
116.235.94.65 - - [07/Jul/2022:09:21:41 +0800] "GET /xingrg/all/function/internal_message.html?_=1657157086279&CODE_STATE=getMsg HTTP/1.1" 200 27
101.83.223.227 - - [07/Jul/2022:09:21:42 +0800] "GET /xingrg/all/function/internal_message.html?_=1657156865910&CODE_STATE=getMsg HTTP/1.1" 200 27
58.40.7.146 - - [07/Jul/2022:09:21:45 +0800] "GET /xingrg/all/function/internal_message.html?_=1657156908080&CODE_STATE=getMsg HTTP/1.1" 200 27
58.40.7.146 - - [07/Jul/2022:09:21:45 +0800] "GET /xingrg/check_reg.html?_=1657156908081 HTTP/1.1" 200 22
116.224.129.140 - - [07/Jul/2022:09:21:48 +0800] "GET /xingrg/kc/buy/cgsh_order_operate.html?command=get_materiel&rest_code=00105&code=00101006195&supplier_code=00100012&order_time=2022-07-07 HTTP/1.1" 200 409
120.253.135.82 - - [07/Jul/2022:09:21:55 +0800] "GET /xingrg/all/function/internal_message.html?_=1657157056014&CODE_STATE=getMsg HTTP/1.1" 200 27
114.88.162.248 - - [07/Jul/2022:09:22:00 +0800] "GET /xingrg/all/function/internal_message.html?_=1657156921407&CODE_STATE=getMsg HTTP/1.1" 200 27
116.224.129.140 - - [07/Jul/2022:09:22:03 +0800] "GET /xingrg/kc/buy/cgsh_order_operate.html?command=get_materiel&rest_code=00105&code=00101006120&supplier_code=00100012&order_time=2022-07-07 HTTP/1.1" 200 429
218.81.223.53 - - [07/Jul/2022:09:22:05 +0800] "GET /xingrg/all/function/internal_message.html?_=1657156941249&CODE_STATE=getMsg HTTP/1.1" 200 27
116.224.129.140 - - [07/Jul/2022:09:22:07 +0800] "POST /xingrg/all/common/load_select.html HTTP/1.1" 200 25
116.224.129.140 - - [07/Jul/2022:09:22:13 +0800] "GET /xingrg/kc/buy/cgsh_order_operate.html?command=get_materiel_price&rest_code=00105&code=00101006120&unit_code=00100008&supplier_code=00100012&order_time=2022-07-07 HTTP/1.1" 200 28
101.83.223.227 - - [07/Jul/2022:09:22:18 +0800] "POST /xingrg/kc/buy/cgsh_order_operate.html HTTP/1.1" 200 37
101.83.223.227 - - [07/Jul/2022:09:22:20 +0800] "POST /xingrg/kc/buy/cgsh_order_operate.html HTTP/1.1" 200 14623
116.230.110.167 - - [07/Jul/2022:09:22:26 +0800] "GET /xingrg/all/function/internal_message.html?_=1657156936296&CODE_STATE=getMsg HTTP/1.1" 200 27
116.224.129.140 - - [07/Jul/2022:09:22:32 +0800] "GET /xingrg/all/function/internal_message.html?_=1657156956495&CODE_STATE=getMsg HTTP/1.1" 200 27
180.169.147.146 - - [07/Jul/2022:09:22:35 +0800] "GET /xingrg/all/function/internal_message.html?_=1657156957195&CODE_STATE=getMsg HTTP/1.1" 200 27
112.49.176.213 - - [07/Jul/2022:09:22:38 +0800] "GET /xingrg/all/function/internal_message.html?_=1657156960674&CODE_STATE=getMsg HTTP/1.1" 302 -
116.235.94.65 - - [07/Jul/2022:09:22:41 +0800] "GET /xingrg/all/function/internal_message.html?_=1657157146277&CODE_STATE=getMsg HTTP/1.1" 200 27
101.83.223.227 - - [07/Jul/2022:09:22:42 +0800] "GET /xingrg/all/function/internal_message.html?_=1657156925924&CODE_STATE=getMsg HTTP/1.1" 200 27
58.40.7.146 - - [07/Jul/2022:09:22:45 +0800] "GET /xingrg/all/function/internal_message.html?_=1657156968070&CODE_STATE=getMsg HTTP/1.1" 200 27
116.224.129.140 - - [07/Jul/2022:09:22:51 +0800] "GET /xingrg/kc/buy/cgsh_order_operate.html?command=get_materiel&rest_code=00105&code=00101006065&supplier_code=00100012&order_time=2022-07-07 HTTP/1.1" 200 409
120.253.135.82 - - [07/Jul/2022:09:22:55 +0800] "GET /xingrg/all/function/internal_message.html?_=1657157116028&CODE_STATE=getMsg HTTP/1.1" 200 27
114.88.162.248 - - [07/Jul/2022:09:23:00 +0800] "GET /xingrg/all/function/internal_message.html?_=1657156981392&CODE_STATE=getMsg HTTP/1.1" 200 27
101.83.223.227 - - [07/Jul/2022:09:23:03 +0800] "GET /xingrg/kc/buy/cgsh_order_add.html HTTP/1.1" 200 67486
101.83.223.227 - - [07/Jul/2022:09:23:03 +0800] "POST /xingrg/kc/buy/cgsh_order_operate.html HTTP/1.1" 200 8245
101.83.223.227 - - [07/Jul/2022:09:23:03 +0800] "GET /xingrg/javascript/easyui/themes/default/validatebox.css HTTP/1.1" 404 1104
218.81.223.53 - - [07/Jul/2022:09:23:05 +0800] "GET /xingrg/all/function/internal_message.html?_=1657157001262&CODE_STATE=getMsg HTTP/1.1" 200 27
218.81.223.53 - - [07/Jul/2022:09:23:05 +0800] "POST /xingrg/kc/buy/cgsh_list_operate.html HTTP/1.1" 200 3102
116.224.129.140 - - [07/Jul/2022:09:23:08 +0800] "GET /xingrg/kc/buy/cgsh_order_operate.html?command=get_materiel&rest_code=00105&code=00101006317&supplier_code=00100012&order_time=2022-07-07 HTTP/1.1" 200 413
101.83.223.227 - - [07/Jul/2022:09:23:14 +0800] "GET /favicon.ico HTTP/1.1" 404 -
101.83.223.227 - - [07/Jul/2022:09:23:14 +0800] "POST /xingrg/all/common/load_tree.html?tree=materiel_sort_tree_json HTTP/1.1" 200 9388
101.83.223.227 - - [07/Jul/2022:09:23:23 +0800] "GET /xingrg/kc/buy/cgsh_order_operate.html?command=get_materiel&rest_code=00151&code=00101009031&supplier_code=00100424&order_time=2022-07-07 HTTP/1.1" 200 409
116.230.110.167 - - [07/Jul/2022:09:23:26 +0800] "GET /xingrg/all/function/internal_message.html?_=1657156996293&CODE_STATE=getMsg HTTP/1.1" 200 27
116.224.129.140 - - [07/Jul/2022:09:23:27 +0800] "POST /xingrg/all/common/load_select.html HTTP/1.1" 200 25
116.224.129.140 - - [07/Jul/2022:09:23:31 +0800] "GET /xingrg/kc/buy/cgsh_order_operate.html?command=get_materiel_price&rest_code=00105&code=00101006120&unit_code=00100009&supplier_code=00100012&order_time=2022-07-07 HTTP/1.1" 200 30
116.224.129.140 - - [07/Jul/2022:09:23:31 +0800] "GET /xingrg/all/function/internal_message.html?_=1657157016435&CODE_STATE=getMsg HTTP/1.1" 200 27
180.169.147.146 - - [07/Jul/2022:09:23:35 +0800] "GET /xingrg/all/function/internal_message.html?_=1657157017196&CODE_STATE=getMsg HTTP/1.1" 200 27
112.49.176.213 - - [07/Jul/2022:09:23:38 +0800] "GET /xingrg/all/function/internal_message.html?_=1657157020655&CODE_STATE=getMsg HTTP/1.1" 302 -
116.235.94.65 - - [07/Jul/2022:09:23:41 +0800] "GET /xingrg/all/function/internal_message.html?_=1657157206276&CODE_STATE=getMsg HTTP/1.1" 200 27
116.235.94.65 - - [07/Jul/2022:09:23:41 +0800] "GET /xingrg/check_reg.html?_=1657157206277 HTTP/1.1" 200 22
101.83.223.227 - - [07/Jul/2022:09:23:42 +0800] "GET /xingrg/all/function/internal_message.html?_=1657156985938&CODE_STATE=getMsg HTTP/1.1" 200 27
116.224.129.140 - - [07/Jul/2022:09:23:44 +0800] "GET /xingrg/kc/buy/cgsh_order_operate.html?command=get_materiel&rest_code=00105&code=00101010245&supplier_code=00100012&order_time=2022-07-07 HTTP/1.1" 200 417
58.40.7.146 - - [07/Jul/2022:09:23:45 +0800] "GET /xingrg/all/function/internal_message.html?_=1657157028072&CODE_STATE=getMsg HTTP/1.1" 200 27
120.253.135.82 - - [07/Jul/2022:09:23:53 +0800] "GET /xingrg/check_reg.html?_=1657157174574 HTTP/1.1" 200 22
120.253.135.82 - - [07/Jul/2022:09:23:54 +0800] "GET /xingrg/all/function/internal_message.html?_=1657157176041&CODE_STATE=getMsg HTTP/1.1" 200 27
116.224.129.140 - - [07/Jul/2022:09:23:55 +0800] "GET /xingrg/kc/buy/cgsh_order_operate.html?command=get_materiel&rest_code=00105&code=00101006315&supplier_code=00100012&order_time=2022-07-07 HTTP/1.1" 200 407
114.88.162.248 - - [07/Jul/2022:09:24:00 +0800] "GET /xingrg/all/function/internal_message.html?_=1657157041373&CODE_STATE=getMsg HTTP/1.1" 200 27
218.81.223.53 - - [07/Jul/2022:09:24:05 +0800] "GET /xingrg/all/function/internal_message.html?_=1657157061276&CODE_STATE=getMsg HTTP/1.1" 200 27
116.224.129.140 - - [07/Jul/2022:09:24:07 +0800] "GET /xingrg/kc/buy/cgsh_order_operate.html?command=get_materiel&rest_code=00105&code=00101006330&supplier_code=00100012&order_time=2022-07-07 HTTP/1.1" 200 401
116.230.110.167 - - [07/Jul/2022:09:24:26 +0800] "GET /xingrg/all/function/internal_message.html?_=1657157056274&CODE_STATE=getMsg HTTP/1.1" 200 27
101.83.223.227 - - [07/Jul/2022:09:24:30 +0800] "GET /xingrg/check_reg.html?_=1657157034095 HTTP/1.1" 200 22
116.224.129.140 - - [07/Jul/2022:09:24:31 +0800] "GET /xingrg/all/function/internal_message.html?_=1657157076416&CODE_STATE=getMsg HTTP/1.1" 200 27
172.20.0.100 - - [07/Jul/2022:09:24:33 +0800] "GET /xingrg/check_reg.html?_=1657157066333 HTTP/1.1" 302 -
180.169.147.146 - - [07/Jul/2022:09:24:35 +0800] "GET /xingrg/all/function/internal_message.html?_=1657157077201&CODE_STATE=getMsg HTTP/1.1" 200 27
112.49.176.213 - - [07/Jul/2022:09:24:38 +0800] "GET /xingrg/all/function/internal_message.html?_=1657157080634&CODE_STATE=getMsg HTTP/1.1" 302 -
116.235.94.65 - - [07/Jul/2022:09:24:41 +0800] "GET /xingrg/all/function/internal_message.html?_=1657157266313&CODE_STATE=getMsg HTTP/1.1" 200 27
101.83.223.227 - - [07/Jul/2022:09:24:42 +0800] "GET /xingrg/all/function/internal_message.html?_=1657157045952&CODE_STATE=getMsg HTTP/1.1" 200 27
116.224.129.140 - - [07/Jul/2022:09:24:44 +0800] "POST /xingrg/kc/buy/cgsh_order_operate.html HTTP/1.1" 200 37
58.40.7.146 - - [07/Jul/2022:09:24:45 +0800] "GET /xingrg/all/function/internal_message.html?_=1657157088074&CODE_STATE=getMsg HTTP/1.1" 200 27
116.224.129.140 - - [07/Jul/2022:09:24:46 +0800] "POST /xingrg/kc/buy/cgsh_order_operate.html HTTP/1.1" 200 7423
116.224.129.140 - - [07/Jul/2022:09:24:47 +0800] "GET /xingrg/kc/print/load_data.html?order_code=212022070701750&kc_code=cgsh&condition= HTTP/1.1" 200 2592
120.253.135.82 - - [07/Jul/2022:09:24:55 +0800] "GET /xingrg/all/function/internal_message.html?_=1657157236054&CODE_STATE=getMsg HTTP/1.1" 200 27
114.88.162.248 - - [07/Jul/2022:09:25:00 +0800] "GET /xingrg/all/function/internal_message.html?_=1657157101358&CODE_STATE=getMsg HTTP/1.1" 200 27
101.85.107.1 - - [07/Jul/2022:09:25:04 +0800] "GET /favicon.ico HTTP/1.1" 404 -
218.81.223.53 - - [07/Jul/2022:09:25:05 +0800] "GET /xingrg/all/function/internal_message.html?_=1657157121289&CODE_STATE=getMsg HTTP/1.1" 200 27
101.85.107.1 - - [07/Jul/2022:09:25:05 +0800] "GET /xingrg/login.html HTTP/1.1" 200 7641
101.85.107.1 - - [07/Jul/2022:09:25:05 +0800] "GET /xingrg/images/blue/jxLogo.png HTTP/1.1" 304 -
101.85.107.1 - - [07/Jul/2022:09:25:06 +0800] "GET /xingrg/images/blue/login_bg.png HTTP/1.1" 304 -
101.85.107.1 - - [07/Jul/2022:09:25:06 +0800] "GET /xingrg/images/blue/hj.png HTTP/1.1" 304 -
101.85.107.1 - - [07/Jul/2022:09:25:06 +0800] "GET /favicon.ico HTTP/1.1" 404 -
101.85.107.1 - - [07/Jul/2022:09:25:06 +0800] "GET /xingrg/images/blue/srbg.png HTTP/1.1" 304 -
101.85.107.1 - - [07/Jul/2022:09:25:11 +0800] "POST /xingrg/login.do HTTP/1.1" 302 -
101.85.107.1 - - [07/Jul/2022:09:25:11 +0800] "GET /xingrg/javascript/jquery_easy_ui/themes/icon.css HTTP/1.1" 304 -
101.85.107.1 - - [07/Jul/2022:09:25:11 +0800] "GET /xingrg/javascript/jquery_easy_ui/themes/default/easyui.css HTTP/1.1" 304 -
101.85.107.1 - - [07/Jul/2022:09:25:11 +0800] "GET /xingrg/index.html?sysBaseUrl=http%3A%2F%2F180.169.147.146%3A18081%2Fxingrg%2F&costTime=42×tamp=1657157111155 HTTP/1.1" 200 17179
101.85.107.1 - - [07/Jul/2022:09:25:11 +0800] "GET /xingrg/javascript/jquery_easy_ui/easyui-lang-zh_CN.js HTTP/1.1" 304 -
101.85.107.1 - - [07/Jul/2022:09:25:11 +0800] "GET /xingrg/javascript/jquery.form.js HTTP/1.1" 304 -
101.85.107.1 - - [07/Jul/2022:09:25:11 +0800] "GET /xingrg/javascript/jquery.utils.js HTTP/1.1" 304 -
101.85.107.1 - - [07/Jul/2022:09:25:11 +0800] "GET /xingrg/javascript/jquery.timers.js HTTP/1.1" 304 -
101.85.107.1 - - [07/Jul/2022:09:25:11 +0800] "GET /xingrg/css/form.css HTTP/1.1" 304 -
101.85.107.1 - - [07/Jul/2022:09:25:11 +0800] "GET /xingrg/javascript/jquery-1.4.2.min.js HTTP/1.1" 304 -
101.85.107.1 - - [07/Jul/2022:09:25:11 +0800] "GET /xingrg/javascript/jquery_easy_ui/jquery.easyui.min.js HTTP/1.1" 304 -
101.85.107.1 - - [07/Jul/2022:09:25:11 +0800] "GET /favicon.ico HTTP/1.1" 404 -
101.85.107.1 - - [07/Jul/2022:09:25:11 +0800] "GET /xingrg/images/blue/navBackgound.jpg HTTP/1.1" 304 -
101.85.107.1 - - [07/Jul/2022:09:25:11 +0800] "GET /xingrg/javascript/jquery_easy_ui/themes/icons/settle_new.png HTTP/1.1" 304 -
101.85.107.1 - - [07/Jul/2022:09:25:11 +0800] "POST /xingrg/all/common/load_tree.html?tree=area_rest_tree_json&manage=1 HTTP/1.1" 200 351
101.85.107.1 - - [07/Jul/2022:09:25:11 +0800] "GET /xingrg/all/function/internal_message.html?_=1657157113114&CODE_STATE=count HTTP/1.1" 200 11
101.85.107.1 - - [07/Jul/2022:09:25:11 +0800] "GET /xingrg/check_reg.html?_=1657157113115 HTTP/1.1" 200 22
101.85.107.1 - - [07/Jul/2022:09:25:11 +0800] "GET /xingrg/images/blue/pingpu.png HTTP/1.1" 304 -
101.85.107.1 - - [07/Jul/2022:09:25:11 +0800] "GET /xingrg/javascript/jquery_easy_ui/themes/default/images/tabs_rightarrow.png HTTP/1.1" 304 -
101.85.107.1 - - [07/Jul/2022:09:25:11 +0800] "GET /xingrg/javascript/jquery_easy_ui/themes/default/images/tabs_leftarrow.png HTTP/1.1" 304 -
101.85.107.1 - - [07/Jul/2022:09:25:11 +0800] "GET /xingrg/javascript/jquery_easy_ui/themes/default/images/panel_tool_collapse.gif HTTP/1.1" 304 -
101.85.107.1 - - [07/Jul/2022:09:25:11 +0800] "POST /xingrg/load_menu.html HTTP/1.1" 200 5138
101.85.107.1 - - [07/Jul/2022:09:25:11 +0800] "GET /xingrg/javascript/jquery_easy_ui/themes/default/images/tree_arrows.gif HTTP/1.1" 304 -
101.85.107.1 - - [07/Jul/2022:09:25:11 +0800] "GET /xingrg/javascript/jquery_easy_ui/themes/default/images/tree_folder_open.gif HTTP/1.1" 304 -
101.85.107.1 - - [07/Jul/2022:09:25:11 +0800] "GET /xingrg/javascript/jquery_easy_ui/themes/icons/search_new.png HTTP/1.1" 304 -
101.85.107.1 - - [07/Jul/2022:09:25:11 +0800] "GET /xingrg/javascript/jquery_easy_ui/themes/icons/storage_new.png HTTP/1.1" 304 -
101.85.107.1 - - [07/Jul/2022:09:25:11 +0800] "GET /xingrg/javascript/jquery_easy_ui/themes/default/images/tree_folder.gif HTTP/1.1" 304 -
101.85.107.1 - - [07/Jul/2022:09:25:11 +0800] "GET /xingrg/javascript/jquery_easy_ui/themes/default/images/tree_file.gif HTTP/1.1" 304 -
101.85.107.1 - - [07/Jul/2022:09:25:11 +0800] "GET /xingrg/javascript/jquery_easy_ui/themes/icons/forms_new.png HTTP/1.1" 304 -
101.85.107.1 - - [07/Jul/2022:09:25:12 +0800] "GET /xingrg/javascript/jquery_easy_ui/themes/icons/rest.png HTTP/1.1" 304 -
101.85.107.1 - - [07/Jul/2022:09:25:12 +0800] "GET /xingrg/javascript/jquery_easy_ui/themes/icons/area.png HTTP/1.1" 304 -
101.85.107.1 - - [07/Jul/2022:09:25:12 +0800] "GET /xingrg/javascript/jquery_easy_ui/themes/default/images/button_plain_hover.png HTTP/1.1" 200 252
101.85.107.1 - - [07/Jul/2022:09:25:26 +0800] "GET /xingrg/javascript/jquery_easy_ui/themes/default/images/tabs_close.gif HTTP/1.1" 304 -
101.85.107.1 - - [07/Jul/2022:09:25:26 +0800] "GET /xingrg/kc/base/wldb_order_list.html HTTP/1.1" 200 19148
101.85.107.1 - - [07/Jul/2022:09:25:26 +0800] "GET /xingrg/css/base.css HTTP/1.1" 304 -
101.85.107.1 - - [07/Jul/2022:09:25:26 +0800] "GET /xingrg/javascript/easyui/themes/default/easyui.css HTTP/1.1" 304 -
101.85.107.1 - - [07/Jul/2022:09:25:26 +0800] "GET /xingrg/javascript/jquery_tools/datebox.css HTTP/1.1" 304 -
101.85.107.1 - - [07/Jul/2022:09:25:26 +0800] "GET /xingrg/css/site.css HTTP/1.1" 304 -
101.85.107.1 - - [07/Jul/2022:09:25:26 +0800] "GET /xingrg/javascript/easyui/themes/icon.css HTTP/1.1" 304 -
101.85.107.1 - - [07/Jul/2022:09:25:26 +0800] "GET /xingrg/javascript/auto/jquery.autocomplete.css HTTP/1.1" 304 -
101.85.107.1 - - [07/Jul/2022:09:25:26 +0800] "GET /xingrg/javascript/jquery_tools/fix.css HTTP/1.1" 304 -
101.85.107.1 - - [07/Jul/2022:09:25:26 +0800] "GET /xingrg/javascript/jquery_tools/jquery.tools.min.js HTTP/1.1" 304 -
101.85.107.1 - - [07/Jul/2022:09:25:26 +0800] "GET /xingrg/javascript/jquery_tools/table.css HTTP/1.1" 304 -
101.85.107.1 - - [07/Jul/2022:09:25:26 +0800] "GET /xingrg/javascript/jquery_tools/jquery.tools.extend.js HTTP/1.1" 304 -
101.85.107.1 - - [07/Jul/2022:09:25:26 +0800] "GET /xingrg/javascript/jquery_tools/jquery.tools.hotkey.js HTTP/1.1" 304 -
101.85.107.1 - - [07/Jul/2022:09:25:26 +0800] "GET /xingrg/javascript/jquery_tools/list_manager.js HTTP/1.1" 304 -
101.85.107.1 - - [07/Jul/2022:09:25:26 +0800] "GET /xingrg/javascript/jquery_tools/jquery.tools.table.js HTTP/1.1" 304 -
101.85.107.1 - - [07/Jul/2022:09:25:26 +0800] "GET /xingrg/javascript/auto/jquery.autocomplete.js HTTP/1.1" 304 -
101.85.107.1 - - [07/Jul/2022:09:25:26 +0800] "GET /xingrg/javascript/easyui/easyloader.js HTTP/1.1" 304 -
101.85.107.1 - - [07/Jul/2022:09:25:26 +0800] "GET /xingrg/javascript/jquery.cookie.js HTTP/1.1" 304 -
101.85.107.1 - - [07/Jul/2022:09:25:26 +0800] "GET /xingrg/javascript/print/LodopFuncs.js HTTP/1.1" 304 -
116.230.110.167 - - [07/Jul/2022:09:25:26 +0800] "GET /xingrg/all/function/internal_message.html?_=1657157116256&CODE_STATE=getMsg HTTP/1.1" 200 27
101.85.107.1 - - [07/Jul/2022:09:25:26 +0800] "GET /xingrg/javascript/easyui/themes/icons/edit_add_new.png HTTP/1.1" 304 -
101.85.107.1 - - [07/Jul/2022:09:25:26 +0800] "GET /xingrg/javascript/easyui/themes/icons/cance_new.png HTTP/1.1" 304 -
101.85.107.1 - - [07/Jul/2022:09:25:26 +0800] "GET /xingrg/javascript/easyui/themes/icons/check_new.png HTTP/1.1" 304 -
101.85.107.1 - - [07/Jul/2022:09:25:26 +0800] "GET /xingrg/javascript/easyui/themes/icons/field_new.png HTTP/1.1" 304 -
101.85.107.1 - - [07/Jul/2022:09:25:26 +0800] "GET /xingrg/javascript/easyui/themes/icons/import_new.png HTTP/1.1" 304 -
101.85.107.1 - - [07/Jul/2022:09:25:26 +0800] "GET /xingrg/javascript/easyui/plugins/jquery.parser.js HTTP/1.1" 304 -
101.85.107.1 - - [07/Jul/2022:09:25:27 +0800] "GET /xingrg/images/control/ajaxLoader.gif HTTP/1.1" 304 -
101.85.107.1 - - [07/Jul/2022:09:25:27 +0800] "POST /xingrg/kc/base/wldb_list_operate.html HTTP/1.1" 200 928
116.224.129.140 - - [07/Jul/2022:09:25:31 +0800] "GET /xingrg/all/function/internal_message.html?_=1657157136396&CODE_STATE=getMsg HTTP/1.1" 200 27
180.169.147.146 - - [07/Jul/2022:09:25:32 +0800] "GET /xingrg/check_reg.html?_=1657157134883 HTTP/1.1" 200 22
180.169.147.146 - - [07/Jul/2022:09:25:35 +0800] "GET /xingrg/check_reg.html?_=1657157137200 HTTP/1.1" 200 22
180.169.147.146 - - [07/Jul/2022:09:25:35 +0800] "GET /xingrg/all/function/internal_message.html?_=1657157137202&CODE_STATE=getMsg HTTP/1.1" 200 27
112.49.176.213 - - [07/Jul/2022:09:25:38 +0800] "GET /xingrg/all/function/internal_message.html?_=1657157140619&CODE_STATE=getMsg HTTP/1.1" 302 -
116.235.94.65 - - [07/Jul/2022:09:25:41 +0800] "GET /xingrg/all/function/internal_message.html?_=1657157326297&CODE_STATE=getMsg HTTP/1.1" 200 27
101.83.223.227 - - [07/Jul/2022:09:25:42 +0800] "GET /xingrg/all/function/internal_message.html?_=1657157105965&CODE_STATE=getMsg HTTP/1.1" 200 27
58.40.7.146 - - [07/Jul/2022:09:25:45 +0800] "GET /xingrg/all/function/internal_message.html?_=1657157148076&CODE_STATE=getMsg HTTP/1.1" 200 27
218.81.223.53 - - [07/Jul/2022:09:25:51 +0800] "POST /xingrg/kc/buy/cgsh_list_operate.html HTTP/1.1" 200 4044
120.253.135.82 - - [07/Jul/2022:09:25:55 +0800] "GET /xingrg/all/function/internal_message.html?_=1657157296067&CODE_STATE=getMsg HTTP/1.1" 200 27
116.224.129.140 - - [07/Jul/2022:09:25:57 +0800] "GET /xingrg/check_reg.html?_=1657157162356 HTTP/1.1" 200 22
114.88.162.248 - - [07/Jul/2022:09:26:00 +0800] "GET /xingrg/check_reg.html?_=1657157161232 HTTP/1.1" 200 22
114.88.162.248 - - [07/Jul/2022:09:26:00 +0800] "GET /xingrg/all/function/internal_message.html?_=1657157161329&CODE_STATE=getMsg HTTP/1.1" 200 27
218.81.223.53 - - [07/Jul/2022:09:26:02 +0800] "GET /xingrg/check_reg.html?_=1657157178747 HTTP/1.1" 200 22
58.221.95.50 - - [07/Jul/2022:09:26:03 +0800] "GET /xingrg/check_reg.html?_=1657157166655 HTTP/1.1" 302 -
58.221.95.50 - - [07/Jul/2022:09:26:03 +0800] "GET /xingrg/check_reg.html?_=1657157166655 HTTP/1.1" 302 -
218.81.223.53 - - [07/Jul/2022:09:26:05 +0800] "GET /xingrg/all/function/internal_message.html?_=1657157181304&CODE_STATE=getMsg HTTP/1.1" 200 27
112.49.176.213 - - [07/Jul/2022:09:26:09 +0800] "GET /xingrg/check_reg.html?_=1657157172044 HTTP/1.1" 302 -
101.85.107.1 - - [07/Jul/2022:09:26:11 +0800] "GET /xingrg/all/function/internal_message.html?_=1657157173131&CODE_STATE=getMsg HTTP/1.1" 200 27
116.230.110.167 - - [07/Jul/2022:09:26:26 +0800] "GET /xingrg/check_reg.html?_=1657157176150 HTTP/1.1" 200 22
116.230.110.167 - - [07/Jul/2022:09:26:26 +0800] "GET /xingrg/all/function/internal_message.html?_=1657157176249&CODE_STATE=getMsg HTTP/1.1" 200 27
116.224.129.140 - - [07/Jul/2022:09:26:31 +0800] "GET /xingrg/all/function/internal_message.html?_=1657157196371&CODE_STATE=getMsg HTTP/1.1" 200 27
180.169.147.146 - - [07/Jul/2022:09:26:35 +0800] "GET /xingrg/all/function/internal_message.html?_=1657157197200&CODE_STATE=getMsg HTTP/1.1" 200 27
112.49.176.213 - - [07/Jul/2022:09:26:38 +0800] "GET /xingrg/all/function/internal_message.html?_=1657157200611&CODE_STATE=getMsg HTTP/1.1" 302 -
116.235.94.65 - - [07/Jul/2022:09:26:41 +0800] "GET /xingrg/all/function/internal_message.html?_=1657157386296&CODE_STATE=getMsg HTTP/1.1" 200 27
101.83.223.227 - - [07/Jul/2022:09:26:42 +0800] "GET /xingrg/all/function/internal_message.html?_=1657157165980&CODE_STATE=getMsg HTTP/1.1" 200 27
58.40.7.146 - - [07/Jul/2022:09:26:45 +0800] "GET /xingrg/all/function/internal_message.html?_=1657157208078&CODE_STATE=getMsg HTTP/1.1" 200 27
58.40.7.146 - - [07/Jul/2022:09:26:45 +0800] "GET /xingrg/check_reg.html?_=1657157208079 HTTP/1.1" 200 22
101.83.223.227 - - [07/Jul/2022:09:26:49 +0800] "GET /xingrg/kc/buy/cgsh_order_operate.html?command=get_materiel&rest_code=00151&code=00101009053&supplier_code=00100424&order_time=2022-07-07 HTTP/1.1" 200 408
120.253.135.82 - - [07/Jul/2022:09:26:55 +0800] "GET /xingrg/all/function/internal_message.html?_=1657157356091&CODE_STATE=getMsg HTTP/1.1" 200 27
101.83.223.227 - - [07/Jul/2022:09:26:59 +0800] "GET /xingrg/kc/buy/cgsh_order_operate.html?command=get_materiel&rest_code=00151&code=00101009062&supplier_code=00100424&order_time=2022-07-07 HTTP/1.1" 200 412
114.88.162.248 - - [07/Jul/2022:09:27:00 +0800] "GET /xingrg/all/function/internal_message.html?_=1657157221314&CODE_STATE=getMsg HTTP/1.1" 200 27
218.81.223.53 - - [07/Jul/2022:09:27:05 +0800] "GET /xingrg/all/function/internal_message.html?_=1657157241316&CODE_STATE=getMsg HTTP/1.1" 200 27
101.83.223.227 - - [07/Jul/2022:09:27:06 +0800] "GET /xingrg/kc/buy/cgsh_order_operate.html?command=get_materiel&rest_code=00151&code=00101009088&supplier_code=00100424&order_time=2022-07-07 HTTP/1.1" 200 405
101.85.107.1 - - [07/Jul/2022:09:27:11 +0800] "GET /xingrg/all/function/internal_message.html?_=1657157233117&CODE_STATE=getMsg HTTP/1.1" 200 27
101.83.223.227 - - [07/Jul/2022:09:27:15 +0800] "GET /xingrg/kc/buy/cgsh_order_operate.html?command=get_materiel&rest_code=00151&code=00101009078&supplier_code=00100424&order_time=2022-07-07 HTTP/1.1" 200 408
114.88.162.248 - - [07/Jul/2022:09:27:18 +0800] "GET /xingrg/kc/buy/cgsh_order_add.html HTTP/1.1" 200 67832
114.88.162.248 - - [07/Jul/2022:09:27:19 +0800] "POST /xingrg/kc/buy/cgsh_order_operate.html HTTP/1.1" 200 8245
114.88.162.248 - - [07/Jul/2022:09:27:19 +0800] "GET /xingrg/javascript/easyui/themes/default/validatebox.css HTTP/1.1" 404 1104
101.83.223.227 - - [07/Jul/2022:09:27:23 +0800] "GET /xingrg/kc/buy/cgsh_order_operate.html?command=get_materiel&rest_code=00151&code=00101009049&supplier_code=00100424&order_time=2022-07-07 HTTP/1.1" 200 416
116.230.110.167 - - [07/Jul/2022:09:27:26 +0800] "GET /xingrg/all/function/internal_message.html?_=1657157236226&CODE_STATE=getMsg HTTP/1.1" 200 27
101.83.223.227 - - [07/Jul/2022:09:27:30 +0800] "POST /xingrg/kc/buy/cgsh_order_operate.html HTTP/1.1" 200 37
116.224.129.140 - - [07/Jul/2022:09:27:31 +0800] "GET /xingrg/all/function/internal_message.html?_=1657157256344&CODE_STATE=getMsg HTTP/1.1" 200 27
101.83.223.227 - - [07/Jul/2022:09:27:34 +0800] "POST /xingrg/kc/buy/cgsh_order_operate.html HTTP/1.1" 200 5646
114.88.162.248 - - [07/Jul/2022:09:27:34 +0800] "GET /xingrg/kc/buy/cgsh_order_operate.html?command=get_materiel&rest_code=00111&code=00101001093&supplier_code=00100090&order_time=2022-07-07 HTTP/1.1" 200 411
180.169.147.146 - - [07/Jul/2022:09:27:35 +0800] "GET /xingrg/all/function/internal_message.html?_=1657157257202&CODE_STATE=getMsg HTTP/1.1" 200 27
112.49.176.213 - - [07/Jul/2022:09:27:38 +0800] "GET /xingrg/all/function/internal_message.html?_=1657157260587&CODE_STATE=getMsg HTTP/1.1" 302 -
116.235.94.65 - - [07/Jul/2022:09:27:41 +0800] "GET /xingrg/all/function/internal_message.html?_=1657157446312&CODE_STATE=getMsg HTTP/1.1" 200 27
101.83.223.227 - - [07/Jul/2022:09:27:42 +0800] "GET /xingrg/all/function/internal_message.html?_=1657157225992&CODE_STATE=getMsg HTTP/1.1" 200 27
58.40.7.146 - - [07/Jul/2022:09:27:45 +0800] "GET /xingrg/all/function/internal_message.html?_=1657157268079&CODE_STATE=getMsg HTTP/1.1" 200 27
101.83.223.227 - - [07/Jul/2022:09:27:45 +0800] "POST /xingrg/all/user/operate.html HTTP/1.1" 200 36
101.83.223.227 - - [07/Jul/2022:09:27:46 +0800] "GET /xingrg/index.html?sysBaseUrl=http%3A%2F%2F180.169.147.146%3A18081%2Fxingrg%2F&costTime=40×tamp=1657153906170 HTTP/1.1" 200 17179
101.83.223.227 - - [07/Jul/2022:09:27:46 +0800] "GET /xingrg/javascript/jquery_easy_ui/themes/default/easyui.css HTTP/1.1" 304 -
101.83.223.227 - - [07/Jul/2022:09:27:46 +0800] "GET /xingrg/javascript/jquery_easy_ui/themes/icon.css HTTP/1.1" 304 -
101.83.223.227 - - [07/Jul/2022:09:27:46 +0800] "GET /xingrg/css/form.css HTTP/1.1" 304 -
101.83.223.227 - - [07/Jul/2022:09:27:46 +0800] "GET /xingrg/javascript/jquery-1.4.2.min.js HTTP/1.1" 304 -
101.83.223.227 - - [07/Jul/2022:09:27:46 +0800] "GET /xingrg/javascript/jquery_easy_ui/jquery.easyui.min.js HTTP/1.1" 304 -
101.83.223.227 - - [07/Jul/2022:09:27:46 +0800] "GET /xingrg/javascript/jquery_easy_ui/easyui-lang-zh_CN.js HTTP/1.1" 304 -
101.83.223.227 - - [07/Jul/2022:09:27:46 +0800] "GET /xingrg/javascript/jquery.form.js HTTP/1.1" 304 -
101.83.223.227 - - [07/Jul/2022:09:27:46 +0800] "GET /xingrg/javascript/jquery.utils.js HTTP/1.1" 304 -
101.83.223.227 - - [07/Jul/2022:09:27:46 +0800] "GET /xingrg/javascript/jquery.timers.js HTTP/1.1" 304 -
101.83.223.227 - - [07/Jul/2022:09:27:46 +0800] "GET /xingrg/images/blue/navBackgound.jpg HTTP/1.1" 304 -
101.83.223.227 - - [07/Jul/2022:09:27:46 +0800] "GET /xingrg/images/blue/jxLogo.png HTTP/1.1" 304 -
101.83.223.227 - - [07/Jul/2022:09:27:46 +0800] "GET /xingrg/javascript/jquery_easy_ui/themes/icons/settle_new.png HTTP/1.1" 304 -
101.83.223.227 - - [07/Jul/2022:09:27:46 +0800] "GET /xingrg/images/blue/pingpu.png HTTP/1.1" 304 -
101.83.223.227 - - [07/Jul/2022:09:27:46 +0800] "POST /xingrg/all/common/load_tree.html?tree=area_rest_tree_json&manage=1 HTTP/1.1" 200 476
101.83.223.227 - - [07/Jul/2022:09:27:46 +0800] "GET /xingrg/javascript/jquery_easy_ui/themes/default/images/tabs_leftarrow.png HTTP/1.1" 304 -
101.83.223.227 - - [07/Jul/2022:09:27:46 +0800] "GET /xingrg/javascript/jquery_easy_ui/themes/default/images/panel_tool_collapse.gif HTTP/1.1" 304 -
101.83.223.227 - - [07/Jul/2022:09:27:46 +0800] "GET /xingrg/check_reg.html?_=1657157230626 HTTP/1.1" 200 22
101.83.223.227 - - [07/Jul/2022:09:27:46 +0800] "GET /xingrg/all/function/internal_message.html?_=1657157230625&CODE_STATE=count HTTP/1.1" 200 11
101.83.223.227 - - [07/Jul/2022:09:27:46 +0800] "GET /xingrg/javascript/jquery_easy_ui/themes/default/images/tree_arrows.gif HTTP/1.1" 304 -
101.83.223.227 - - [07/Jul/2022:09:27:46 +0800] "POST /xingrg/load_menu.html HTTP/1.1" 200 5138
101.83.223.227 - - [07/Jul/2022:09:27:46 +0800] "GET /xingrg/javascript/jquery_easy_ui/themes/default/images/tabs_rightarrow.png HTTP/1.1" 304 -
114.88.162.248 - - [07/Jul/2022:09:27:47 +0800] "GET /xingrg/kc/buy/cgsh_order_operate.html?command=get_materiel&rest_code=00111&code=00101004104&supplier_code=00100090&order_time=2022-07-07 HTTP/1.1" 200 408
101.83.223.227 - - [07/Jul/2022:09:27:49 +0800] "GET /xingrg/kc/buy/cgsh_order_list.html HTTP/1.1" 200 52100
101.83.223.227 - - [07/Jul/2022:09:27:50 +0800] "POST /xingrg/kc/buy/cgsh_list_operate.html HTTP/1.1" 200 693
101.83.223.227 - - [07/Jul/2022:09:27:53 +0800] "GET /xingrg/kc/buy/cgsh_order_add.html HTTP/1.1" 200 67806
101.83.223.227 - - [07/Jul/2022:09:27:53 +0800] "POST /xingrg/kc/buy/cgsh_order_operate.html HTTP/1.1" 200 8245
101.83.223.227 - - [07/Jul/2022:09:27:53 +0800] "GET /xingrg/javascript/easyui/themes/default/validatebox.css HTTP/1.1" 404 1104
120.253.135.82 - - [07/Jul/2022:09:27:55 +0800] "GET /xingrg/all/function/internal_message.html?_=1657157416095&CODE_STATE=getMsg HTTP/1.1" 200 27
