116.224.129.140 - - [07/Jul/2022:09:02:13 +0800] "GET /xingrg/kc/base/wldb_order_operate.html?command=get_materiel&rest_code=00105&base_code=0010511&code=00101025033 HTTP/1.1" 200 466
116.224.129.140 - - [07/Jul/2022:09:02:20 +0800] "GET /xingrg/kc/base/wldb_order_operate.html?command=get_materiel&rest_code=00105&base_code=0010511&code=00101025032 HTTP/1.1" 200 465
116.230.110.167 - - [07/Jul/2022:09:02:26 +0800] "GET /xingrg/all/function/internal_message.html?_=1657155736631&CODE_STATE=getMsg HTTP/1.1" 200 27
101.83.223.227 - - [07/Jul/2022:09:02:30 +0800] "GET /xingrg/all/function/internal_message.html?_=1657155714353&CODE_STATE=getMsg HTTP/1.1" 200 27
116.224.129.140 - - [07/Jul/2022:09:02:32 +0800] "GET /xingrg/all/function/internal_message.html?_=1657155756916&CODE_STATE=getMsg HTTP/1.1" 200 27
180.169.147.146 - - [07/Jul/2022:09:02:35 +0800] "GET /xingrg/all/function/internal_message.html?_=1657155757162&CODE_STATE=getMsg HTTP/1.1" 200 27
116.235.94.65 - - [07/Jul/2022:09:02:35 +0800] "POST /xingrg/dwr/call/plaincall/AjaxQqpsService.getMaterielByCode.dwr HTTP/1.1" 200 2734
112.49.176.213 - - [07/Jul/2022:09:02:38 +0800] "GET /xingrg/all/function/internal_message.html?_=1657155761044&CODE_STATE=getMsg HTTP/1.1" 302 -
116.235.94.65 - - [07/Jul/2022:09:02:40 +0800] "GET /xingrg/all/function/internal_message.html?_=1657155946279&CODE_STATE=getMsg HTTP/1.1" 200 27
58.40.7.146 - - [07/Jul/2022:09:02:45 +0800] "GET /xingrg/all/function/internal_message.html?_=1657155768064&CODE_STATE=getMsg HTTP/1.1" 200 27
116.235.94.65 - - [07/Jul/2022:09:02:46 +0800] "POST /xingrg/dwr/call/plaincall/AjaxQqpsService.saveMaterielItem.dwr HTTP/1.1" 200 78
120.253.135.82 - - [07/Jul/2022:09:02:54 +0800] "GET /xingrg/all/function/internal_message.html?_=1657155915725&CODE_STATE=getMsg HTTP/1.1" 200 27
218.81.223.53 - - [07/Jul/2022:09:03:04 +0800] "GET /xingrg/all/function/internal_message.html?_=1657155800898&CODE_STATE=getMsg HTTP/1.1" 200 27
116.235.94.65 - - [07/Jul/2022:09:03:09 +0800] "POST /xingrg/dwr/call/plaincall/AjaxQqpsService.checkOrder.dwr HTTP/1.1" 200 78
116.235.94.65 - - [07/Jul/2022:09:03:10 +0800] "GET /xingrg/kc/mdqp/qqps_order_info.html?code=302022070700101 HTTP/1.1" 200 26789
116.235.94.65 - - [07/Jul/2022:09:03:10 +0800] "GET /xingrg/dwr/interface/AjaxComOrderService.js HTTP/1.1" 200 18264
116.235.94.65 - - [07/Jul/2022:09:03:10 +0800] "GET /xingrg/dwr/interface/AjaxQqpsService.js HTTP/1.1" 200 16326
116.235.94.65 - - [07/Jul/2022:09:03:10 +0800] "GET /xingrg/dwr/engine.js HTTP/1.1" 200 43631
116.235.94.65 - - [07/Jul/2022:09:03:11 +0800] "POST /xingrg/dwr/call/plaincall/AjaxQqpsService.loadMaterielItems.dwr HTTP/1.1" 200 667
116.230.110.167 - - [07/Jul/2022:09:03:26 +0800] "GET /xingrg/all/function/internal_message.html?_=1657155796618&CODE_STATE=getMsg HTTP/1.1" 200 27
101.83.223.227 - - [07/Jul/2022:09:03:30 +0800] "GET /xingrg/all/function/internal_message.html?_=1657155774356&CODE_STATE=getMsg HTTP/1.1" 200 27
116.224.129.140 - - [07/Jul/2022:09:03:32 +0800] "GET /xingrg/all/function/internal_message.html?_=1657155816890&CODE_STATE=getMsg HTTP/1.1" 200 27
180.169.147.146 - - [07/Jul/2022:09:03:35 +0800] "GET /xingrg/all/function/internal_message.html?_=1657155817162&CODE_STATE=getMsg HTTP/1.1" 200 27
112.49.176.213 - - [07/Jul/2022:09:03:38 +0800] "GET /xingrg/all/function/internal_message.html?_=1657155821021&CODE_STATE=getMsg HTTP/1.1" 302 -
116.235.94.65 - - [07/Jul/2022:09:03:40 +0800] "GET /xingrg/check_reg.html?_=1657156006281 HTTP/1.1" 200 22
116.235.94.65 - - [07/Jul/2022:09:03:40 +0800] "GET /xingrg/all/function/internal_message.html?_=1657156006282&CODE_STATE=getMsg HTTP/1.1" 200 27
58.40.7.146 - - [07/Jul/2022:09:03:45 +0800] "GET /xingrg/all/function/internal_message.html?_=1657155828066&CODE_STATE=getMsg HTTP/1.1" 200 27
120.253.135.82 - - [07/Jul/2022:09:03:53 +0800] "GET /xingrg/check_reg.html?_=1657155974490 HTTP/1.1" 200 22
120.253.135.82 - - [07/Jul/2022:09:03:54 +0800] "GET /xingrg/all/function/internal_message.html?_=1657155975738&CODE_STATE=getMsg HTTP/1.1" 200 27
61.170.232.224 - - [07/Jul/2022:09:03:58 +0800] "POST /xingrg/services/DataTransmitService HTTP/1.1" 200 524
61.170.232.224 - - [07/Jul/2022:09:04:00 +0800] "POST /xingrg/services/DataTransmitService HTTP/1.1" 200 501
61.170.232.224 - - [07/Jul/2022:09:04:00 +0800] "POST /xingrg/services/DataTransmitService HTTP/1.1" 200 501
61.170.232.224 - - [07/Jul/2022:09:04:00 +0800] "POST /xingrg/services/DataTransmitService HTTP/1.1" 200 501
61.170.232.224 - - [07/Jul/2022:09:04:00 +0800] "POST /xingrg/services/DataTransmitService HTTP/1.1" 200 501
61.170.232.224 - - [07/Jul/2022:09:04:00 +0800] "POST /xingrg/services/DataTransmitService HTTP/1.1" 200 501
61.170.232.224 - - [07/Jul/2022:09:04:01 +0800] "POST /xingrg/services/DataTransmitService HTTP/1.1" 200 501
61.170.232.224 - - [07/Jul/2022:09:04:01 +0800] "POST /xingrg/services/DataTransmitService HTTP/1.1" 200 412
218.81.223.53 - - [07/Jul/2022:09:04:04 +0800] "GET /xingrg/all/function/internal_message.html?_=1657155860932&CODE_STATE=getMsg HTTP/1.1" 200 27
116.230.110.167 - - [07/Jul/2022:09:04:26 +0800] "GET /xingrg/all/function/internal_message.html?_=1657155856603&CODE_STATE=getMsg HTTP/1.1" 200 27
101.83.223.227 - - [07/Jul/2022:09:04:30 +0800] "GET /xingrg/check_reg.html?_=1657155834023 HTTP/1.1" 200 22
101.83.223.227 - - [07/Jul/2022:09:04:30 +0800] "GET /xingrg/all/function/internal_message.html?_=1657155834369&CODE_STATE=getMsg HTTP/1.1" 200 27
116.224.129.140 - - [07/Jul/2022:09:04:32 +0800] "GET /xingrg/all/function/internal_message.html?_=1657155876857&CODE_STATE=getMsg HTTP/1.1" 200 27
172.20.0.100 - - [07/Jul/2022:09:04:33 +0800] "GET /xingrg/check_reg.html?_=1657155866435 HTTP/1.1" 302 -
180.169.147.146 - - [07/Jul/2022:09:04:35 +0800] "GET /xingrg/all/function/internal_message.html?_=1657155877162&CODE_STATE=getMsg HTTP/1.1" 200 27
112.49.176.213 - - [07/Jul/2022:09:04:38 +0800] "GET /xingrg/all/function/internal_message.html?_=1657155881005&CODE_STATE=getMsg HTTP/1.1" 302 -
116.235.94.65 - - [07/Jul/2022:09:04:40 +0800] "GET /xingrg/all/function/internal_message.html?_=1657156066284&CODE_STATE=getMsg HTTP/1.1" 200 27
58.40.7.146 - - [07/Jul/2022:09:04:45 +0800] "GET /xingrg/all/function/internal_message.html?_=1657155888068&CODE_STATE=getMsg HTTP/1.1" 200 27
120.253.135.82 - - [07/Jul/2022:09:04:54 +0800] "GET /xingrg/all/function/internal_message.html?_=1657156035751&CODE_STATE=getMsg HTTP/1.1" 200 27
218.81.223.53 - - [07/Jul/2022:09:05:04 +0800] "GET /xingrg/all/function/internal_message.html?_=1657155920941&CODE_STATE=getMsg HTTP/1.1" 200 27
101.85.238.90 - - [07/Jul/2022:09:05:12 +0800] "GET /favicon.ico HTTP/1.1" 404 -
101.85.238.90 - - [07/Jul/2022:09:05:12 +0800] "GET /favicon.ico HTTP/1.1" 404 -
101.85.238.90 - - [07/Jul/2022:09:05:12 +0800] "GET /favicon.ico HTTP/1.1" 404 -
101.85.238.90 - - [07/Jul/2022:09:05:13 +0800] "GET /favicon.ico HTTP/1.1" 404 -
101.85.238.90 - - [07/Jul/2022:09:05:14 +0800] "GET /favicon.ico HTTP/1.1" 404 -
101.85.238.90 - - [07/Jul/2022:09:05:14 +0800] "GET /favicon.ico HTTP/1.1" 404 -
116.230.110.167 - - [07/Jul/2022:09:05:26 +0800] "GET /xingrg/all/function/internal_message.html?_=1657155916577&CODE_STATE=getMsg HTTP/1.1" 200 27
101.93.223.145 - - [07/Jul/2022:09:05:27 +0800] "POST /xingrg/services/DataTransmitService HTTP/1.1" 200 524
101.83.223.227 - - [07/Jul/2022:09:05:30 +0800] "GET /xingrg/all/function/internal_message.html?_=1657155894383&CODE_STATE=getMsg HTTP/1.1" 200 27
116.224.129.140 - - [07/Jul/2022:09:05:32 +0800] "GET /xingrg/all/function/internal_message.html?_=1657155936864&CODE_STATE=getMsg HTTP/1.1" 200 27
180.169.147.146 - - [07/Jul/2022:09:05:32 +0800] "GET /xingrg/check_reg.html?_=1657155934926 HTTP/1.1" 200 22
180.169.147.146 - - [07/Jul/2022:09:05:35 +0800] "GET /xingrg/all/function/internal_message.html?_=1657155937167&CODE_STATE=getMsg HTTP/1.1" 200 27
180.169.147.146 - - [07/Jul/2022:09:05:35 +0800] "GET /xingrg/check_reg.html?_=1657155937169 HTTP/1.1" 200 22
112.49.176.213 - - [07/Jul/2022:09:05:38 +0800] "GET /xingrg/all/function/internal_message.html?_=1657155940986&CODE_STATE=getMsg HTTP/1.1" 302 -
116.235.94.65 - - [07/Jul/2022:09:05:40 +0800] "GET /xingrg/all/function/internal_message.html?_=1657156126287&CODE_STATE=getMsg HTTP/1.1" 200 27
58.40.7.146 - - [07/Jul/2022:09:05:45 +0800] "GET /xingrg/all/function/internal_message.html?_=1657155948070&CODE_STATE=getMsg HTTP/1.1" 200 27
114.88.162.248 - - [07/Jul/2022:09:05:51 +0800] "GET /xingrg/login.html HTTP/1.1" 200 7641
114.88.162.248 - - [07/Jul/2022:09:05:52 +0800] "GET /favicon.ico HTTP/1.1" 404 -
120.253.135.82 - - [07/Jul/2022:09:05:54 +0800] "GET /xingrg/all/function/internal_message.html?_=1657156095766&CODE_STATE=getMsg HTTP/1.1" 200 27
116.224.129.140 - - [07/Jul/2022:09:05:57 +0800] "GET /xingrg/check_reg.html?_=1657155962413 HTTP/1.1" 200 22
114.88.162.248 - - [07/Jul/2022:09:05:59 +0800] "POST /xingrg/login.do HTTP/1.1" 302 -
114.88.162.248 - - [07/Jul/2022:09:05:59 +0800] "GET /xingrg/index.html?sysBaseUrl=http%3A%2F%2F180.169.147.146%3A18081%2Fxingrg%2F&costTime=39×tamp=1657155959736 HTTP/1.1" 200 17173
114.88.162.248 - - [07/Jul/2022:09:05:59 +0800] "GET /favicon.ico HTTP/1.1" 404 -
114.88.162.248 - - [07/Jul/2022:09:05:59 +0800] "POST /xingrg/all/common/load_tree.html?tree=area_rest_tree_json&manage=1 HTTP/1.1" 200 342
114.88.162.248 - - [07/Jul/2022:09:06:00 +0800] "POST /xingrg/load_menu.html HTTP/1.1" 200 5138
114.88.162.248 - - [07/Jul/2022:09:06:00 +0800] "GET /xingrg/check_reg.html?_=1657155961200 HTTP/1.1" 200 22
114.88.162.248 - - [07/Jul/2022:09:06:00 +0800] "GET /xingrg/all/function/internal_message.html?_=1657155961199&CODE_STATE=count HTTP/1.1" 200 11
218.81.223.53 - - [07/Jul/2022:09:06:02 +0800] "GET /xingrg/check_reg.html?_=1657155978718 HTTP/1.1" 200 22
58.221.95.50 - - [07/Jul/2022:09:06:03 +0800] "GET /xingrg/check_reg.html?_=1657155966622 HTTP/1.1" 302 -
58.221.95.50 - - [07/Jul/2022:09:06:03 +0800] "GET /xingrg/check_reg.html?_=1657155966622 HTTP/1.1" 302 -
218.81.223.53 - - [07/Jul/2022:09:06:04 +0800] "GET /xingrg/all/function/internal_message.html?_=1657155980954&CODE_STATE=getMsg HTTP/1.1" 200 27
114.88.162.248 - - [07/Jul/2022:09:06:07 +0800] "GET /xingrg/css/new_ie.css HTTP/1.1" 404 1036
114.88.162.248 - - [07/Jul/2022:09:06:07 +0800] "GET /xingrg/kc/buy/buy_main.html HTTP/1.1" 200 12412
114.88.162.248 - - [07/Jul/2022:09:06:08 +0800] "GET /xingrg/images/yd/bt.gif HTTP/1.1" 404 1040
114.88.162.248 - - [07/Jul/2022:09:06:09 +0800] "GET /xingrg/kc/buy/cgsh_order_list.html HTTP/1.1" 200 52094
112.49.176.213 - - [07/Jul/2022:09:06:09 +0800] "GET /xingrg/check_reg.html?_=1657155972075 HTTP/1.1" 302 -
114.88.162.248 - - [07/Jul/2022:09:06:10 +0800] "POST /xingrg/kc/buy/cgsh_list_operate.html HTTP/1.1" 200 693
114.88.162.248 - - [07/Jul/2022:09:06:15 +0800] "GET /xingrg/kc/buy/cgsh_order_add.html HTTP/1.1" 200 67832
114.88.162.248 - - [07/Jul/2022:09:06:15 +0800] "GET /xingrg/words/20220706091048_words.js HTTP/1.1" 304 -
114.88.162.248 - - [07/Jul/2022:09:06:15 +0800] "POST /xingrg/kc/buy/cgsh_order_operate.html HTTP/1.1" 200 8245
114.88.162.248 - - [07/Jul/2022:09:06:15 +0800] "GET /xingrg/all/common/auto_word.html?type=employee&rest_code=00111 HTTP/1.1" 200 155
114.88.162.248 - - [07/Jul/2022:09:06:15 +0800] "GET /xingrg/javascript/easyui/themes/default/validatebox.css HTTP/1.1" 404 1104
114.88.162.248 - - [07/Jul/2022:09:06:15 +0800] "GET /xingrg/all/common/auto_word.html?type=employee&rest_code=00111 HTTP/1.1" 200 155
114.88.162.248 - - [07/Jul/2022:09:06:18 +0800] "GET /xingrg/javascript/auto/indicator.gif HTTP/1.1" 404 1066
114.88.162.248 - - [07/Jul/2022:09:06:19 +0800] "GET /xingrg/javascript/jquery_tools/images/prev.gif HTTP/1.1" 404 1086
114.88.162.248 - - [07/Jul/2022:09:06:19 +0800] "GET /xingrg/javascript/jquery_tools/images/next.gif HTTP/1.1" 404 1086
116.230.110.167 - - [07/Jul/2022:09:06:26 +0800] "GET /xingrg/check_reg.html?_=1657155976145 HTTP/1.1" 200 22
116.230.110.167 - - [07/Jul/2022:09:06:26 +0800] "GET /xingrg/all/function/internal_message.html?_=1657155976553&CODE_STATE=getMsg HTTP/1.1" 200 27
101.83.223.227 - - [07/Jul/2022:09:06:30 +0800] "GET /xingrg/all/function/internal_message.html?_=1657155954397&CODE_STATE=getMsg HTTP/1.1" 200 27
116.224.129.140 - - [07/Jul/2022:09:06:32 +0800] "GET /xingrg/all/function/internal_message.html?_=1657155996811&CODE_STATE=getMsg HTTP/1.1" 200 27
114.88.162.248 - - [07/Jul/2022:09:06:34 +0800] "GET /xingrg/kc/buy/cgsh_order_operate.html?command=get_materiel&rest_code=00111&code=00101008261&supplier_code=00100005&order_time=2022-07-07 HTTP/1.1" 200 408
180.169.147.146 - - [07/Jul/2022:09:06:35 +0800] "GET /xingrg/all/function/internal_message.html?_=1657155997167&CODE_STATE=getMsg HTTP/1.1" 200 27
112.49.176.213 - - [07/Jul/2022:09:06:38 +0800] "GET /xingrg/all/function/internal_message.html?_=1657156000964&CODE_STATE=getMsg HTTP/1.1" 302 -
116.235.94.65 - - [07/Jul/2022:09:06:40 +0800] "GET /xingrg/all/function/internal_message.html?_=1657156186290&CODE_STATE=getMsg HTTP/1.1" 200 27
58.40.7.146 - - [07/Jul/2022:09:06:45 +0800] "GET /xingrg/check_reg.html?_=1657156008073 HTTP/1.1" 200 22
58.40.7.146 - - [07/Jul/2022:09:06:45 +0800] "GET /xingrg/all/function/internal_message.html?_=1657156008073&CODE_STATE=getMsg HTTP/1.1" 200 27
114.88.162.248 - - [07/Jul/2022:09:06:50 +0800] "GET /xingrg/kc/buy/cgsh_order_operate.html?command=get_materiel&rest_code=00111&code=00101008087&supplier_code=00100005&order_time=2022-07-07 HTTP/1.1" 200 412
218.81.223.53 - - [07/Jul/2022:09:06:53 +0800] "POST /xingrg/kc/buy/cgsh_list_operate.html HTTP/1.1" 200 1465
120.253.135.82 - - [07/Jul/2022:09:06:54 +0800] "GET /xingrg/all/function/internal_message.html?_=1657156155789&CODE_STATE=getMsg HTTP/1.1" 200 27
114.88.162.248 - - [07/Jul/2022:09:07:00 +0800] "GET /xingrg/all/function/internal_message.html?_=1657156021209&CODE_STATE=getMsg HTTP/1.1" 200 27
114.88.162.248 - - [07/Jul/2022:09:07:01 +0800] "GET /xingrg/kc/buy/cgsh_order_operate.html?command=get_materiel&rest_code=00111&code=00101008169&supplier_code=00100005&order_time=2022-07-07 HTTP/1.1" 200 412
116.224.129.140 - - [07/Jul/2022:09:07:01 +0800] "POST /xingrg/kc/base/wldb_order_operate.html HTTP/1.1" 200 37
116.224.129.140 - - [07/Jul/2022:09:07:02 +0800] "POST /xingrg/kc/base/wldb_order_operate.html HTTP/1.1" 200 3201
116.224.129.140 - - [07/Jul/2022:09:07:02 +0800] "GET /xingrg/kc/base/wldb_order_info.html?code=422022070700432 HTTP/1.1" 200 30371
116.224.129.140 - - [07/Jul/2022:09:07:02 +0800] "GET /xingrg/javascript/easyui/themes/default/validatebox.css HTTP/1.1" 404 1104
116.224.129.140 - - [07/Jul/2022:09:07:03 +0800] "POST /xingrg/kc/base/wldb_order_operate.html HTTP/1.1" 200 3201
116.224.129.140 - - [07/Jul/2022:09:07:04 +0800] "GET /xingrg/kc/base/wldb_order_add.html HTTP/1.1" 200 30356
218.81.223.53 - - [07/Jul/2022:09:07:04 +0800] "GET /xingrg/all/function/internal_message.html?_=1657156040968&CODE_STATE=getMsg HTTP/1.1" 200 27
116.224.129.140 - - [07/Jul/2022:09:07:05 +0800] "POST /xingrg/kc/base/wldb_order_operate.html HTTP/1.1" 200 6806
116.224.129.140 - - [07/Jul/2022:09:07:05 +0800] "GET /xingrg/javascript/easyui/themes/default/validatebox.css HTTP/1.1" 404 1104
114.88.162.248 - - [07/Jul/2022:09:07:12 +0800] "GET /xingrg/kc/buy/cgsh_order_operate.html?command=get_materiel&rest_code=00111&code=00101008350&supplier_code=00100005&order_time=2022-07-07 HTTP/1.1" 200 408
218.81.223.53 - - [07/Jul/2022:09:07:16 +0800] "POST /xingrg/kc/buy/cgsh_list_operate.html HTTP/1.1" 200 1468
114.88.162.248 - - [07/Jul/2022:09:07:20 +0800] "GET /xingrg/kc/buy/cgsh_order_operate.html?command=get_materiel&rest_code=00111&code=00101008244&supplier_code=00100005&order_time=2022-07-07 HTTP/1.1" 200 408
116.224.129.140 - - [07/Jul/2022:09:07:21 +0800] "GET /xingrg/kc/base/wldb_order_operate.html?command=get_materiel&rest_code=00105&base_code=0010507&code=00101016019 HTTP/1.1" 200 451
218.81.223.53 - - [07/Jul/2022:09:07:25 +0800] "POST /xingrg/kc/buy/cgsh_list_operate.html HTTP/1.1" 200 1468
116.230.110.167 - - [07/Jul/2022:09:07:26 +0800] "GET /xingrg/all/function/internal_message.html?_=1657156036554&CODE_STATE=getMsg HTTP/1.1" 200 27
114.88.162.248 - - [07/Jul/2022:09:07:30 +0800] "GET /xingrg/kc/buy/cgsh_order_operate.html?command=get_materiel&rest_code=00111&code=00101008176&supplier_code=00100005&order_time=2022-07-07 HTTP/1.1" 200 413
101.83.223.227 - - [07/Jul/2022:09:07:30 +0800] "GET /xingrg/all/function/internal_message.html?_=1657156014422&CODE_STATE=getMsg HTTP/1.1" 200 27
116.224.129.140 - - [07/Jul/2022:09:07:32 +0800] "GET /xingrg/all/function/internal_message.html?_=1657156056797&CODE_STATE=getMsg HTTP/1.1" 200 27
180.169.147.146 - - [07/Jul/2022:09:07:35 +0800] "GET /xingrg/all/function/internal_message.html?_=1657156057171&CODE_STATE=getMsg HTTP/1.1" 200 27
112.49.176.213 - - [07/Jul/2022:09:07:38 +0800] "GET /xingrg/all/function/internal_message.html?_=1657156060945&CODE_STATE=getMsg HTTP/1.1" 302 -
114.88.162.248 - - [07/Jul/2022:09:07:40 +0800] "GET /xingrg/kc/buy/cgsh_order_operate.html?command=get_materiel&rest_code=00111&code=00101008132&supplier_code=00100005&order_time=2022-07-07 HTTP/1.1" 200 408
116.235.94.65 - - [07/Jul/2022:09:07:40 +0800] "GET /xingrg/all/function/internal_message.html?_=1657156246275&CODE_STATE=getMsg HTTP/1.1" 200 27
58.40.7.146 - - [07/Jul/2022:09:07:45 +0800] "GET /xingrg/all/function/internal_message.html?_=1657156068075&CODE_STATE=getMsg HTTP/1.1" 200 27
120.253.135.82 - - [07/Jul/2022:09:07:54 +0800] "GET /xingrg/all/function/internal_message.html?_=1657156215793&CODE_STATE=getMsg HTTP/1.1" 200 27
114.88.162.248 - - [07/Jul/2022:09:07:57 +0800] "GET /xingrg/kc/buy/cgsh_order_operate.html?command=get_materiel&rest_code=00111&code=00101008067&supplier_code=00100005&order_time=2022-07-07 HTTP/1.1" 200 416
114.88.162.248 - - [07/Jul/2022:09:08:00 +0800] "GET /xingrg/all/function/internal_message.html?_=1657156081213&CODE_STATE=getMsg HTTP/1.1" 200 27
218.81.223.53 - - [07/Jul/2022:09:08:04 +0800] "GET /xingrg/all/function/internal_message.html?_=1657156100998&CODE_STATE=getMsg HTTP/1.1" 200 27
114.88.162.248 - - [07/Jul/2022:09:08:08 +0800] "GET /xingrg/kc/buy/cgsh_order_operate.html?command=get_materiel&rest_code=00111&code=00101008286&supplier_code=00100005&order_time=2022-07-07 HTTP/1.1" 200 408
116.224.129.140 - - [07/Jul/2022:09:08:13 +0800] "GET /xingrg/kc/base/wldb_order_operate.html?command=get_materiel&rest_code=00105&base_code=0010507&code=00101019184 HTTP/1.1" 200 458
114.88.162.248 - - [07/Jul/2022:09:08:16 +0800] "GET /xingrg/kc/buy/cgsh_order_operate.html?command=get_materiel&rest_code=00111&code=00101008131&supplier_code=00100005&order_time=2022-07-07 HTTP/1.1" 200 408
116.224.129.140 - - [07/Jul/2022:09:08:22 +0800] "GET /xingrg/kc/base/wldb_order_operate.html?command=get_materiel&rest_code=00105&base_code=0010507&code=00101019127 HTTP/1.1" 200 478
114.88.162.248 - - [07/Jul/2022:09:08:23 +0800] "GET /xingrg/kc/buy/cgsh_order_operate.html?command=get_materiel&rest_code=00111&code=00101008296&supplier_code=00100005&order_time=2022-07-07 HTTP/1.1" 200 416
116.230.110.167 - - [07/Jul/2022:09:08:26 +0800] "GET /xingrg/all/function/internal_message.html?_=1657156096531&CODE_STATE=getMsg HTTP/1.1" 200 27
101.83.223.227 - - [07/Jul/2022:09:08:30 +0800] "GET /xingrg/all/function/internal_message.html?_=1657156074424&CODE_STATE=getMsg HTTP/1.1" 200 27
116.224.129.140 - - [07/Jul/2022:09:08:32 +0800] "GET /xingrg/all/function/internal_message.html?_=1657156116761&CODE_STATE=getMsg HTTP/1.1" 200 27
116.224.129.140 - - [07/Jul/2022:09:08:34 +0800] "GET /xingrg/kc/base/wldb_order_operate.html?command=get_materiel&rest_code=00105&base_code=0010507&code=00101019536 HTTP/1.1" 200 469
180.169.147.146 - - [07/Jul/2022:09:08:35 +0800] "GET /xingrg/all/function/internal_message.html?_=1657156117172&CODE_STATE=getMsg HTTP/1.1" 200 27
114.88.162.248 - - [07/Jul/2022:09:08:38 +0800] "GET /xingrg/kc/buy/cgsh_order_operate.html?command=get_materiel&rest_code=00111&code=00101008098&supplier_code=00100005&order_time=2022-07-07 HTTP/1.1" 200 412
112.49.176.213 - - [07/Jul/2022:09:08:38 +0800] "GET /xingrg/all/function/internal_message.html?_=1657156120936&CODE_STATE=getMsg HTTP/1.1" 302 -
116.235.94.65 - - [07/Jul/2022:09:08:41 +0800] "GET /xingrg/all/function/internal_message.html?_=1657156306286&CODE_STATE=getMsg HTTP/1.1" 200 27
116.235.94.65 - - [07/Jul/2022:09:08:41 +0800] "GET /xingrg/check_reg.html?_=1657156306288 HTTP/1.1" 200 22
58.40.7.146 - - [07/Jul/2022:09:08:45 +0800] "GET /xingrg/all/function/internal_message.html?_=1657156128063&CODE_STATE=getMsg HTTP/1.1" 200 27
116.224.129.140 - - [07/Jul/2022:09:08:46 +0800] "GET /xingrg/kc/base/wldb_order_operate.html?command=get_materiel&rest_code=00105&base_code=0010507&code=00101019438 HTTP/1.1" 200 462
114.88.162.248 - - [07/Jul/2022:09:08:47 +0800] "GET /xingrg/kc/buy/cgsh_order_operate.html?command=get_materiel&rest_code=00111&code=00101008213&supplier_code=00100005&order_time=2022-07-07 HTTP/1.1" 200 412
120.253.135.82 - - [07/Jul/2022:09:08:53 +0800] "GET /xingrg/check_reg.html?_=1657156274509 HTTP/1.1" 200 22
114.88.162.248 - - [07/Jul/2022:09:08:53 +0800] "GET /xingrg/kc/buy/cgsh_order_operate.html?command=get_materiel&rest_code=00111&code=00101008219&supplier_code=00100005&order_time=2022-07-07 HTTP/1.1" 200 412
120.253.135.82 - - [07/Jul/2022:09:08:54 +0800] "GET /xingrg/all/function/internal_message.html?_=1657156275806&CODE_STATE=getMsg HTTP/1.1" 200 27
116.224.129.140 - - [07/Jul/2022:09:08:56 +0800] "GET /xingrg/kc/base/wldb_order_operate.html?command=get_materiel&rest_code=00105&base_code=0010507&code=00101019058 HTTP/1.1" 200 454
114.88.162.248 - - [07/Jul/2022:09:09:00 +0800] "GET /xingrg/all/function/internal_message.html?_=1657156141235&CODE_STATE=getMsg HTTP/1.1" 200 27
114.88.162.248 - - [07/Jul/2022:09:09:02 +0800] "GET /xingrg/kc/buy/cgsh_order_operate.html?command=get_materiel&rest_code=00111&code=00101008403&supplier_code=00100005&order_time=2022-07-07 HTTP/1.1" 200 412
218.81.223.53 - - [07/Jul/2022:09:09:04 +0800] "GET /xingrg/all/function/internal_message.html?_=1657156161011&CODE_STATE=getMsg HTTP/1.1" 200 27
114.88.162.248 - - [07/Jul/2022:09:09:11 +0800] "GET /xingrg/kc/buy/cgsh_order_operate.html?command=get_materiel&rest_code=00111&code=00101008436&supplier_code=00100005&order_time=2022-07-07 HTTP/1.1" 200 412
116.224.129.140 - - [07/Jul/2022:09:09:13 +0800] "GET /xingrg/kc/base/wldb_order_operate.html?command=get_materiel&rest_code=00105&base_code=0010507&code=00101019258 HTTP/1.1" 200 483
116.224.129.140 - - [07/Jul/2022:09:09:19 +0800] "POST /xingrg/kc/base/wldb_order_operate.html HTTP/1.1" 200 37
116.224.129.140 - - [07/Jul/2022:09:09:19 +0800] "POST /xingrg/kc/base/wldb_order_operate.html HTTP/1.1" 200 5190
116.224.129.140 - - [07/Jul/2022:09:09:20 +0800] "GET /xingrg/kc/base/wldb_order_info.html?code=422022070700433 HTTP/1.1" 200 30375
116.224.129.140 - - [07/Jul/2022:09:09:20 +0800] "GET /xingrg/javascript/easyui/themes/default/validatebox.css HTTP/1.1" 404 1104
116.224.129.140 - - [07/Jul/2022:09:09:20 +0800] "POST /xingrg/kc/base/wldb_order_operate.html HTTP/1.1" 200 5190
116.230.110.167 - - [07/Jul/2022:09:09:23 +0800] "POST /xingrg/services/DataTransmitService HTTP/1.1" 200 524
114.88.162.248 - - [07/Jul/2022:09:09:26 +0800] "GET /xingrg/kc/buy/cgsh_order_operate.html?command=get_materiel&rest_code=00111&code=00101008038&supplier_code=00100005&order_time=2022-07-07 HTTP/1.1" 200 412
116.230.110.167 - - [07/Jul/2022:09:09:26 +0800] "GET /xingrg/all/function/internal_message.html?_=1657156156506&CODE_STATE=getMsg HTTP/1.1" 200 27
101.83.223.227 - - [07/Jul/2022:09:09:30 +0800] "GET /xingrg/check_reg.html?_=1657156134034 HTTP/1.1" 200 22
101.83.223.227 - - [07/Jul/2022:09:09:30 +0800] "GET /xingrg/all/function/internal_message.html?_=1657156134437&CODE_STATE=getMsg HTTP/1.1" 200 27
116.224.129.140 - - [07/Jul/2022:09:09:32 +0800] "GET /xingrg/all/function/internal_message.html?_=1657156176767&CODE_STATE=getMsg HTTP/1.1" 200 27
172.20.0.100 - - [07/Jul/2022:09:09:33 +0800] "GET /xingrg/check_reg.html?_=1657156166411 HTTP/1.1" 302 -
180.169.147.146 - - [07/Jul/2022:09:09:35 +0800] "GET /xingrg/all/function/internal_message.html?_=1657156177172&CODE_STATE=getMsg HTTP/1.1" 200 27
112.49.176.213 - - [07/Jul/2022:09:09:38 +0800] "GET /xingrg/all/function/internal_message.html?_=1657156180913&CODE_STATE=getMsg HTTP/1.1" 302 -
114.88.162.248 - - [07/Jul/2022:09:09:38 +0800] "POST /xingrg/kc/buy/cgsh_order_operate.html HTTP/1.1" 200 2065
116.235.94.65 - - [07/Jul/2022:09:09:40 +0800] "GET /xingrg/all/function/internal_message.html?_=1657156366277&CODE_STATE=getMsg HTTP/1.1" 200 27
114.88.162.248 - - [07/Jul/2022:09:09:43 +0800] "GET /xingrg/kc/buy/cgsh_order_operate.html?command=get_materiel&rest_code=00111&code=00101008196&supplier_code=00100005&order_time=2022-07-07 HTTP/1.1" 200 416
116.224.129.140 - - [07/Jul/2022:09:09:44 +0800] "GET /xingrg/kc/buy/cgsh_order_list.html HTTP/1.1" 200 52094
58.40.7.146 - - [07/Jul/2022:09:09:45 +0800] "GET /xingrg/all/function/internal_message.html?_=1657156188067&CODE_STATE=getMsg HTTP/1.1" 200 27
116.224.129.140 - - [07/Jul/2022:09:09:46 +0800] "POST /xingrg/kc/buy/cgsh_list_operate.html HTTP/1.1" 200 2064
116.224.129.140 - - [07/Jul/2022:09:09:47 +0800] "GET /xingrg/kc/buy/cgsh_order_add.html HTTP/1.1" 200 67958
116.224.129.140 - - [07/Jul/2022:09:09:47 +0800] "POST /xingrg/kc/buy/cgsh_order_operate.html HTTP/1.1" 200 8245
116.224.129.140 - - [07/Jul/2022:09:09:47 +0800] "GET /xingrg/javascript/easyui/themes/default/validatebox.css HTTP/1.1" 404 1104
120.253.135.82 - - [07/Jul/2022:09:09:54 +0800] "GET /xingrg/all/function/internal_message.html?_=1657156335819&CODE_STATE=getMsg HTTP/1.1" 200 27
116.224.129.140 - - [07/Jul/2022:09:09:55 +0800] "GET /xingrg/kc/buy/cgsh_order_operate.html?command=get_materiel&rest_code=00105&code=00101006317&supplier_code=&order_time=2022-07-07 HTTP/1.1" 200 413
114.88.162.248 - - [07/Jul/2022:09:09:56 +0800] "GET /xingrg/kc/buy/cgsh_order_operate.html?command=get_materiel&rest_code=00111&code=00101008357&supplier_code=00100005&order_time=2022-07-07 HTTP/1.1" 200 408
114.88.162.248 - - [07/Jul/2022:09:10:00 +0800] "GET /xingrg/all/function/internal_message.html?_=1657156201210&CODE_STATE=getMsg HTTP/1.1" 200 27
218.81.223.53 - - [07/Jul/2022:09:10:04 +0800] "GET /xingrg/all/function/internal_message.html?_=1657156221042&CODE_STATE=getMsg HTTP/1.1" 200 27
116.224.129.140 - - [07/Jul/2022:09:10:07 +0800] "GET /xingrg/kc/buy/cgsh_order_operate.html?command=get_materiel&rest_code=00105&code=00101006315&supplier_code=&order_time=2022-07-07 HTTP/1.1" 200 407
114.84.82.172 - - [07/Jul/2022:09:10:25 +0800] "POST /xingrg/services/DataTransmitService HTTP/1.1" 200 524
116.230.110.167 - - [07/Jul/2022:09:10:26 +0800] "GET /xingrg/all/function/internal_message.html?_=1657156216478&CODE_STATE=getMsg HTTP/1.1" 200 27
58.35.210.91 - - [07/Jul/2022:09:10:27 +0800] "POST /xingrg/services/DataTransmitService HTTP/1.1" 200 524
101.83.223.227 - - [07/Jul/2022:09:10:30 +0800] "GET /xingrg/all/function/internal_message.html?_=1657156194452&CODE_STATE=getMsg HTTP/1.1" 200 27
116.224.129.140 - - [07/Jul/2022:09:10:31 +0800] "POST /xingrg/kc/buy/cgsh_list_operate.html HTTP/1.1" 200 2064
116.224.129.140 - - [07/Jul/2022:09:10:32 +0800] "GET /xingrg/all/function/internal_message.html?_=1657156236729&CODE_STATE=getMsg HTTP/1.1" 200 27
180.169.147.146 - - [07/Jul/2022:09:10:32 +0800] "GET /xingrg/check_reg.html?_=1657156234900 HTTP/1.1" 200 22
116.224.129.140 - - [07/Jul/2022:09:10:35 +0800] "GET /xingrg/javascript/jquery_tools/images/next.gif HTTP/1.1" 404 1086
116.224.129.140 - - [07/Jul/2022:09:10:35 +0800] "GET /xingrg/javascript/jquery_tools/images/prev.gif HTTP/1.1" 404 1086
180.169.147.146 - - [07/Jul/2022:09:10:35 +0800] "GET /xingrg/all/function/internal_message.html?_=1657156237174&CODE_STATE=getMsg HTTP/1.1" 200 27
180.169.147.146 - - [07/Jul/2022:09:10:35 +0800] "GET /xingrg/check_reg.html?_=1657156237176 HTTP/1.1" 200 22
112.49.176.213 - - [07/Jul/2022:09:10:38 +0800] "GET /xingrg/all/function/internal_message.html?_=1657156240893&CODE_STATE=getMsg HTTP/1.1" 302 -
116.235.94.65 - - [07/Jul/2022:09:10:41 +0800] "GET /xingrg/all/function/internal_message.html?_=1657156426284&CODE_STATE=getMsg HTTP/1.1" 200 27
58.40.7.146 - - [07/Jul/2022:09:10:45 +0800] "GET /xingrg/all/function/internal_message.html?_=1657156248068&CODE_STATE=getMsg HTTP/1.1" 200 27
116.224.129.140 - - [07/Jul/2022:09:10:47 +0800] "POST /xingrg/kc/buy/cgsh_list_operate.html HTTP/1.1" 200 4222
116.224.129.140 - - [07/Jul/2022:09:10:49 +0800] "POST /xingrg/kc/buy/cgsh_list_operate.html HTTP/1.1" 200 569
116.224.129.140 - - [07/Jul/2022:09:10:51 +0800] "GET /xingrg/kc/buy/cgsh_order_info.html?code=212022062703573 HTTP/1.1" 200 62861
116.224.129.140 - - [07/Jul/2022:09:10:51 +0800] "GET /xingrg/javascript/easyui/themes/default/validatebox.css HTTP/1.1" 404 1104
116.224.129.140 - - [07/Jul/2022:09:10:52 +0800] "POST /xingrg/kc/buy/cgsh_order_operate.html HTTP/1.1" 200 3570
120.253.135.82 - - [07/Jul/2022:09:10:54 +0800] "GET /xingrg/all/function/internal_message.html?_=1657156395833&CODE_STATE=getMsg HTTP/1.1" 200 27
116.224.129.140 - - [07/Jul/2022:09:10:57 +0800] "POST /xingrg/kc/buy/cgsh_list_operate.html HTTP/1.1" 200 4222
116.224.129.140 - - [07/Jul/2022:09:10:57 +0800] "GET /xingrg/check_reg.html?_=1657156262403 HTTP/1.1" 200 22
116.224.129.140 - - [07/Jul/2022:09:10:58 +0800] "POST /xingrg/kc/buy/cgsh_list_operate.html HTTP/1.1" 200 363
114.88.162.248 - - [07/Jul/2022:09:10:59 +0800] "GET /xingrg/kc/buy/cgsh_order_operate.html?command=get_materiel&rest_code=00111&code=00101008036&supplier_code=00100005&order_time=2022-07-07 HTTP/1.1" 200 408
114.88.162.248 - - [07/Jul/2022:09:11:00 +0800] "GET /xingrg/check_reg.html?_=1657156261239 HTTP/1.1" 200 22
114.88.162.248 - - [07/Jul/2022:09:11:00 +0800] "GET /xingrg/all/function/internal_message.html?_=1657156261240&CODE_STATE=getMsg HTTP/1.1" 200 27
116.224.129.140 - - [07/Jul/2022:09:11:01 +0800] "GET /xingrg/kc/buy/cgsh_order_info.html?code=212022062803741 HTTP/1.1" 200 62861
116.224.129.140 - - [07/Jul/2022:09:11:01 +0800] "GET /xingrg/javascript/easyui/themes/default/validatebox.css HTTP/1.1" 404 1104
116.224.129.140 - - [07/Jul/2022:09:11:02 +0800] "POST /xingrg/kc/buy/cgsh_order_operate.html HTTP/1.1" 200 1827
218.81.223.53 - - [07/Jul/2022:09:11:02 +0800] "GET /xingrg/check_reg.html?_=1657156278713 HTTP/1.1" 200 22
58.221.95.50 - - [07/Jul/2022:09:11:03 +0800] "GET /xingrg/check_reg.html?_=1657156266650 HTTP/1.1" 302 -
58.221.95.50 - - [07/Jul/2022:09:11:03 +0800] "GET /xingrg/check_reg.html?_=1657156266650 HTTP/1.1" 302 -
218.81.223.53 - - [07/Jul/2022:09:11:04 +0800] "GET /xingrg/all/function/internal_message.html?_=1657156281070&CODE_STATE=getMsg HTTP/1.1" 200 27
114.88.162.248 - - [07/Jul/2022:09:11:08 +0800] "GET /xingrg/kc/buy/cgsh_order_operate.html?command=get_materiel&rest_code=00111&code=00101008318&supplier_code=00100005&order_time=2022-07-07 HTTP/1.1" 200 408
112.49.176.213 - - [07/Jul/2022:09:11:09 +0800] "GET /xingrg/check_reg.html?_=1657156272064 HTTP/1.1" 302 -
116.224.129.140 - - [07/Jul/2022:09:11:09 +0800] "POST /xingrg/kc/buy/cgsh_list_operate.html HTTP/1.1" 200 4222
114.88.162.248 - - [07/Jul/2022:09:11:10 +0800] "POST /xingrg/kc/buy/cgsh_order_operate.html HTTP/1.1" 200 2065
116.224.129.140 - - [07/Jul/2022:09:11:11 +0800] "POST /xingrg/kc/buy/cgsh_list_operate.html HTTP/1.1" 200 421
116.224.129.140 - - [07/Jul/2022:09:11:14 +0800] "GET /xingrg/kc/buy/cgsh_order_info.html?code=212022062904024 HTTP/1.1" 200 62861
116.224.129.140 - - [07/Jul/2022:09:11:14 +0800] "GET /xingrg/javascript/easyui/themes/default/validatebox.css HTTP/1.1" 404 1104
116.224.129.140 - - [07/Jul/2022:09:11:15 +0800] "POST /xingrg/kc/buy/cgsh_order_operate.html HTTP/1.1" 200 2381
114.88.162.248 - - [07/Jul/2022:09:11:21 +0800] "GET /xingrg/kc/buy/cgsh_order_operate.html?command=get_materiel&rest_code=00111&code=00101008110&supplier_code=00100005&order_time=2022-07-07 HTTP/1.1" 200 409
116.230.110.167 - - [07/Jul/2022:09:11:26 +0800] "GET /xingrg/check_reg.html?_=1657156276158 HTTP/1.1" 200 22
116.230.110.167 - - [07/Jul/2022:09:11:26 +0800] "GET /xingrg/all/function/internal_message.html?_=1657156276467&CODE_STATE=getMsg HTTP/1.1" 200 27
114.88.162.248 - - [07/Jul/2022:09:11:29 +0800] "GET /xingrg/kc/buy/cgsh_order_operate.html?command=get_materiel&rest_code=00111&code=00101008198&supplier_code=00100005&order_time=2022-07-07 HTTP/1.1" 200 413
101.83.223.227 - - [07/Jul/2022:09:11:30 +0800] "GET /xingrg/all/function/internal_message.html?_=1657156254465&CODE_STATE=getMsg HTTP/1.1" 200 27
116.224.129.140 - - [07/Jul/2022:09:11:32 +0800] "GET /xingrg/all/function/internal_message.html?_=1657156296695&CODE_STATE=getMsg HTTP/1.1" 200 27
180.169.147.146 - - [07/Jul/2022:09:11:35 +0800] "GET /xingrg/all/function/internal_message.html?_=1657156297175&CODE_STATE=getMsg HTTP/1.1" 200 27
112.49.176.213 - - [07/Jul/2022:09:11:38 +0800] "GET /xingrg/all/function/internal_message.html?_=1657156300873&CODE_STATE=getMsg HTTP/1.1" 302 -
114.88.162.248 - - [07/Jul/2022:09:11:39 +0800] "GET /xingrg/kc/buy/cgsh_order_operate.html?command=get_materiel&rest_code=00111&code=00101008173&supplier_code=00100005&order_time=2022-07-07 HTTP/1.1" 200 413
116.235.94.65 - - [07/Jul/2022:09:11:41 +0800] "GET /xingrg/all/function/internal_message.html?_=1657156486283&CODE_STATE=getMsg HTTP/1.1" 200 27
58.40.7.146 - - [07/Jul/2022:09:11:45 +0800] "GET /xingrg/all/function/internal_message.html?_=1657156308070&CODE_STATE=getMsg HTTP/1.1" 200 27
58.40.7.146 - - [07/Jul/2022:09:11:45 +0800] "GET /xingrg/check_reg.html?_=1657156308072 HTTP/1.1" 200 22
120.253.135.82 - - [07/Jul/2022:09:11:54 +0800] "GET /xingrg/all/function/internal_message.html?_=1657156455861&CODE_STATE=getMsg HTTP/1.1" 200 27
114.88.162.248 - - [07/Jul/2022:09:12:00 +0800] "GET /xingrg/all/function/internal_message.html?_=1657156321224&CODE_STATE=getMsg HTTP/1.1" 200 27
218.81.223.53 - - [07/Jul/2022:09:12:04 +0800] "GET /xingrg/all/function/internal_message.html?_=1657156341083&CODE_STATE=getMsg HTTP/1.1" 200 27
114.88.162.248 - - [07/Jul/2022:09:12:21 +0800] "POST /xingrg/kc/buy/cgsh_order_operate.html HTTP/1.1" 200 37
114.88.162.248 - - [07/Jul/2022:09:12:22 +0800] "POST /xingrg/kc/buy/cgsh_order_operate.html HTTP/1.1" 200 18632
114.88.162.248 - - [07/Jul/2022:09:12:23 +0800] "GET /xingrg/kc/print/load_config.html?kc_code=cgsh HTTP/1.1" 200 1943
114.88.162.248 - - [07/Jul/2022:09:12:24 +0800] "GET /xingrg/kc/print/load_data.html?order_code=212022070701744&kc_code=cgsh&condition= HTTP/1.1" 200 6756
116.230.110.167 - - [07/Jul/2022:09:12:26 +0800] "GET /xingrg/all/function/internal_message.html?_=1657156336441&CODE_STATE=getMsg HTTP/1.1" 200 27
101.83.223.227 - - [07/Jul/2022:09:12:30 +0800] "GET /xingrg/all/function/internal_message.html?_=1657156314491&CODE_STATE=getMsg HTTP/1.1" 200 27
116.224.129.140 - - [07/Jul/2022:09:12:32 +0800] "GET /xingrg/all/function/internal_message.html?_=1657156356675&CODE_STATE=getMsg HTTP/1.1" 200 27
180.169.147.146 - - [07/Jul/2022:09:12:35 +0800] "GET /xingrg/all/function/internal_message.html?_=1657156357175&CODE_STATE=getMsg HTTP/1.1" 200 27
112.49.176.213 - - [07/Jul/2022:09:12:38 +0800] "GET /xingrg/all/function/internal_message.html?_=1657156360863&CODE_STATE=getMsg HTTP/1.1" 302 -
116.235.94.65 - - [07/Jul/2022:09:12:41 +0800] "GET /xingrg/all/function/internal_message.html?_=1657156546281&CODE_STATE=getMsg HTTP/1.1" 200 27
58.40.7.146 - - [07/Jul/2022:09:12:45 +0800] "GET /xingrg/all/function/internal_message.html?_=1657156368073&CODE_STATE=getMsg HTTP/1.1" 200 27
120.253.135.82 - - [07/Jul/2022:09:12:54 +0800] "GET /xingrg/all/function/internal_message.html?_=1657156515876&CODE_STATE=getMsg HTTP/1.1" 200 27
114.88.162.248 - - [07/Jul/2022:09:13:00 +0800] "GET /xingrg/all/function/internal_message.html?_=1657156381223&CODE_STATE=getMsg HTTP/1.1" 200 27
58.37.225.129 - - [07/Jul/2022:09:13:02 +0800] "POST /xingrg/services/DataTransmitService HTTP/1.1" 200 524
218.81.223.53 - - [07/Jul/2022:09:13:04 +0800] "GET /xingrg/all/function/internal_message.html?_=1657156401096&CODE_STATE=getMsg HTTP/1.1" 200 27
116.224.129.140 - - [07/Jul/2022:09:13:25 +0800] "POST /xingrg/kc/buy/cgsh_list_operate.html HTTP/1.1" 200 4222
116.230.110.167 - - [07/Jul/2022:09:13:26 +0800] "GET /xingrg/all/function/internal_message.html?_=1657156396420&CODE_STATE=getMsg HTTP/1.1" 200 27
116.224.129.140 - - [07/Jul/2022:09:13:28 +0800] "POST /xingrg/kc/buy/cgsh_list_operate.html HTTP/1.1" 200 205
101.83.223.227 - - [07/Jul/2022:09:13:30 +0800] "GET /xingrg/all/function/internal_message.html?_=1657156374508&CODE_STATE=getMsg HTTP/1.1" 200 27
116.224.129.140 - - [07/Jul/2022:09:13:32 +0800] "GET /xingrg/all/function/internal_message.html?_=1657156416652&CODE_STATE=getMsg HTTP/1.1" 200 27
116.224.129.140 - - [07/Jul/2022:09:13:32 +0800] "POST /xingrg/kc/buy/cgsh_list_operate.html HTTP/1.1" 200 362
180.169.147.146 - - [07/Jul/2022:09:13:35 +0800] "GET /xingrg/all/function/internal_message.html?_=1657156417178&CODE_STATE=getMsg HTTP/1.1" 200 27
116.224.129.140 - - [07/Jul/2022:09:13:35 +0800] "POST /xingrg/kc/buy/cgsh_list_operate.html HTTP/1.1" 200 580
116.224.129.140 - - [07/Jul/2022:09:13:38 +0800] "GET /xingrg/kc/buy/cgsh_order_info.html?code=212022070200486 HTTP/1.1" 200 62861
116.224.129.140 - - [07/Jul/2022:09:13:38 +0800] "GET /xingrg/javascript/easyui/themes/default/validatebox.css HTTP/1.1" 404 1104
112.49.176.213 - - [07/Jul/2022:09:13:38 +0800] "GET /xingrg/all/function/internal_message.html?_=1657156420843&CODE_STATE=getMsg HTTP/1.1" 302 -
116.224.129.140 - - [07/Jul/2022:09:13:38 +0800] "POST /xingrg/kc/buy/cgsh_order_operate.html HTTP/1.1" 200 4781
116.235.94.65 - - [07/Jul/2022:09:13:41 +0800] "GET /xingrg/all/function/internal_message.html?_=1657156606279&CODE_STATE=getMsg HTTP/1.1" 200 27
116.235.94.65 - - [07/Jul/2022:09:13:41 +0800] "GET /xingrg/check_reg.html?_=1657156606280 HTTP/1.1" 200 22
58.40.7.146 - - [07/Jul/2022:09:13:45 +0800] "GET /xingrg/all/function/internal_message.html?_=1657156428079&CODE_STATE=getMsg HTTP/1.1" 200 27
101.83.223.227 - - [07/Jul/2022:09:13:52 +0800] "GET /xingrg/kc/buy/cgsh_order_add.html HTTP/1.1" 200 67486
101.83.223.227 - - [07/Jul/2022:09:13:53 +0800] "POST /xingrg/kc/buy/cgsh_order_operate.html HTTP/1.1" 200 8245
101.83.223.227 - - [07/Jul/2022:09:13:53 +0800] "GET /xingrg/javascript/easyui/themes/default/validatebox.css HTTP/1.1" 404 1104
120.253.135.82 - - [07/Jul/2022:09:13:53 +0800] "GET /xingrg/check_reg.html?_=1657156574531 HTTP/1.1" 200 22
120.253.135.82 - - [07/Jul/2022:09:13:54 +0800] "GET /xingrg/all/function/internal_message.html?_=1657156575890&CODE_STATE=getMsg HTTP/1.1" 200 27
114.88.162.248 - - [07/Jul/2022:09:14:00 +0800] "GET /xingrg/all/function/internal_message.html?_=1657156441223&CODE_STATE=getMsg HTTP/1.1" 200 27
101.83.223.227 - - [07/Jul/2022:09:14:03 +0800] "GET /xingrg/kc/buy/cgsh_order_operate.html?command=get_materiel&rest_code=00151&code=00101001075&supplier_code=00100096&order_time=2022-07-07 HTTP/1.1" 200 409
218.81.223.53 - - [07/Jul/2022:09:14:05 +0800] "GET /xingrg/all/function/internal_message.html?_=1657156461133&CODE_STATE=getMsg HTTP/1.1" 200 27
116.224.129.140 - - [07/Jul/2022:09:14:25 +0800] "POST /xingrg/kc/buy/cgsh_list_operate.html HTTP/1.1" 200 4222
116.230.110.167 - - [07/Jul/2022:09:14:26 +0800] "GET /xingrg/all/function/internal_message.html?_=1657156456412&CODE_STATE=getMsg HTTP/1.1" 200 27
116.224.129.140 - - [07/Jul/2022:09:14:26 +0800] "POST /xingrg/kc/buy/cgsh_list_operate.html HTTP/1.1" 200 276
116.224.129.140 - - [07/Jul/2022:09:14:28 +0800] "POST /xingrg/kc/buy/cgsh_list_operate.html HTTP/1.1" 200 350
101.83.223.227 - - [07/Jul/2022:09:14:30 +0800] "GET /xingrg/check_reg.html?_=1657156434042 HTTP/1.1" 200 22
101.83.223.227 - - [07/Jul/2022:09:14:30 +0800] "GET /xingrg/all/function/internal_message.html?_=1657156434521&CODE_STATE=getMsg HTTP/1.1" 200 27
116.224.129.140 - - [07/Jul/2022:09:14:30 +0800] "POST /xingrg/kc/buy/cgsh_list_operate.html HTTP/1.1" 200 350
116.224.129.140 - - [07/Jul/2022:09:14:32 +0800] "GET /xingrg/all/function/internal_message.html?_=1657156476624&CODE_STATE=getMsg HTTP/1.1" 200 27
116.224.129.140 - - [07/Jul/2022:09:14:32 +0800] "GET /xingrg/kc/buy/cgsh_order_info.html?code=212022070400940 HTTP/1.1" 200 62861
116.224.129.140 - - [07/Jul/2022:09:14:32 +0800] "GET /xingrg/javascript/easyui/themes/default/validatebox.css HTTP/1.1" 404 1104
58.35.210.91 - - [07/Jul/2022:09:14:33 +0800] "GET /favicon.ico HTTP/1.1" 404 -
116.224.129.140 - - [07/Jul/2022:09:14:33 +0800] "POST /xingrg/kc/buy/cgsh_order_operate.html HTTP/1.1" 200 1804
172.20.0.100 - - [07/Jul/2022:09:14:33 +0800] "GET /xingrg/check_reg.html?_=1657156466387 HTTP/1.1" 302 -
180.169.147.146 - - [07/Jul/2022:09:14:35 +0800] "GET /xingrg/all/function/internal_message.html?_=1657156477182&CODE_STATE=getMsg HTTP/1.1" 200 27
101.83.223.227 - - [07/Jul/2022:09:14:37 +0800] "GET /xingrg/kc/buy/cgsh_order_operate.html?command=get_materiel&rest_code=00151&code=00101006178&supplier_code=00100096&order_time=2022-07-07 HTTP/1.1" 200 409
112.49.176.213 - - [07/Jul/2022:09:14:38 +0800] "GET /xingrg/all/function/internal_message.html?_=1657156480829&CODE_STATE=getMsg HTTP/1.1" 302 -
116.235.94.65 - - [07/Jul/2022:09:14:41 +0800] "GET /xingrg/all/function/internal_message.html?_=1657156666271&CODE_STATE=getMsg HTTP/1.1" 200 27
58.40.7.146 - - [07/Jul/2022:09:14:45 +0800] "GET /xingrg/all/function/internal_message.html?_=1657156488067&CODE_STATE=getMsg HTTP/1.1" 200 27
120.253.135.82 - - [07/Jul/2022:09:14:54 +0800] "GET /xingrg/all/function/internal_message.html?_=1657156635902&CODE_STATE=getMsg HTTP/1.1" 200 27
101.83.223.227 - - [07/Jul/2022:09:14:58 +0800] "GET /xingrg/kc/buy/cgsh_order_operate.html?command=get_materiel&rest_code=00151&code=00101006112&supplier_code=00100096&order_time=2022-07-07 HTTP/1.1" 200 409
114.88.162.248 - - [07/Jul/2022:09:15:00 +0800] "GET /xingrg/all/function/internal_message.html?_=1657156501218&CODE_STATE=getMsg HTTP/1.1" 200 27
101.83.223.227 - - [07/Jul/2022:09:15:04 +0800] "GET /xingrg/kc/buy/cgsh_order_operate.html?command=get_materiel&rest_code=00151&code=00101006058&supplier_code=00100096&order_time=2022-07-07 HTTP/1.1" 200 413
218.81.223.53 - - [07/Jul/2022:09:15:05 +0800] "GET /xingrg/all/function/internal_message.html?_=1657156521138&CODE_STATE=getMsg HTTP/1.1" 200 27
101.83.223.227 - - [07/Jul/2022:09:15:15 +0800] "GET /xingrg/kc/buy/cgsh_order_operate.html?command=get_materiel&rest_code=00151&code=00101006013&supplier_code=00100096&order_time=2022-07-07 HTTP/1.1" 200 411
116.230.110.167 - - [07/Jul/2022:09:15:26 +0800] "GET /xingrg/all/function/internal_message.html?_=1657156516390&CODE_STATE=getMsg HTTP/1.1" 200 27
101.83.223.227 - - [07/Jul/2022:09:15:30 +0800] "GET /xingrg/kc/buy/cgsh_order_operate.html?command=get_materiel&rest_code=00151&code=00101006131&supplier_code=00100096&order_time=2022-07-07 HTTP/1.1" 200 419
101.83.223.227 - - [07/Jul/2022:09:15:30 +0800] "GET /xingrg/all/function/internal_message.html?_=1657156494573&CODE_STATE=getMsg HTTP/1.1" 200 27
116.224.129.140 - - [07/Jul/2022:09:15:32 +0800] "GET /xingrg/all/function/internal_message.html?_=1657156536614&CODE_STATE=getMsg HTTP/1.1" 200 27
180.169.147.146 - - [07/Jul/2022:09:15:32 +0800] "GET /xingrg/check_reg.html?_=1657156534890 HTTP/1.1" 200 22
180.169.147.146 - - [07/Jul/2022:09:15:35 +0800] "GET /xingrg/all/function/internal_message.html?_=1657156537181&CODE_STATE=getMsg HTTP/1.1" 200 27
180.169.147.146 - - [07/Jul/2022:09:15:35 +0800] "GET /xingrg/check_reg.html?_=1657156537184 HTTP/1.1" 200 22
112.49.176.213 - - [07/Jul/2022:09:15:38 +0800] "GET /xingrg/all/function/internal_message.html?_=1657156540814&CODE_STATE=getMsg HTTP/1.1" 302 -
116.235.94.65 - - [07/Jul/2022:09:15:41 +0800] "GET /xingrg/all/function/internal_message.html?_=1657156726286&CODE_STATE=getMsg HTTP/1.1" 200 27
58.40.7.146 - - [07/Jul/2022:09:15:45 +0800] "GET /xingrg/all/function/internal_message.html?_=1657156548069&CODE_STATE=getMsg HTTP/1.1" 200 27
101.83.223.227 - - [07/Jul/2022:09:15:46 +0800] "GET /xingrg/kc/buy/cgsh_order_operate.html?command=get_materiel&rest_code=00151&code=00101006056&supplier_code=00100096&order_time=2022-07-07 HTTP/1.1" 200 415
120.253.135.82 - - [07/Jul/2022:09:15:54 +0800] "GET /xingrg/all/function/internal_message.html?_=1657156695917&CODE_STATE=getMsg HTTP/1.1" 200 27
116.224.129.140 - - [07/Jul/2022:09:15:57 +0800] "GET /xingrg/check_reg.html?_=1657156562385 HTTP/1.1" 200 22
114.88.162.248 - - [07/Jul/2022:09:16:00 +0800] "GET /xingrg/all/function/internal_message.html?_=1657156561219&CODE_STATE=getMsg HTTP/1.1" 200 27
114.88.162.248 - - [07/Jul/2022:09:16:00 +0800] "GET /xingrg/check_reg.html?_=1657156561221 HTTP/1.1" 200 22
218.81.223.53 - - [07/Jul/2022:09:16:02 +0800] "GET /xingrg/check_reg.html?_=1657156578744 HTTP/1.1" 200 22
116.230.110.167 - - [07/Jul/2022:09:16:03 +0800] "POST /xingrg/services/DataTransmitService HTTP/1.1" 200 524
58.221.95.50 - - [07/Jul/2022:09:16:03 +0800] "GET /xingrg/check_reg.html?_=1657156566635 HTTP/1.1" 302 -
58.221.95.50 - - [07/Jul/2022:09:16:03 +0800] "GET /xingrg/check_reg.html?_=1657156566635 HTTP/1.1" 302 -
218.81.223.53 - - [07/Jul/2022:09:16:05 +0800] "GET /xingrg/all/function/internal_message.html?_=1657156581152&CODE_STATE=getMsg HTTP/1.1" 200 27
112.49.176.213 - - [07/Jul/2022:09:16:09 +0800] "GET /xingrg/check_reg.html?_=1657156572065 HTTP/1.1" 302 -
101.83.223.227 - - [07/Jul/2022:09:16:22 +0800] "POST /xingrg/kc/buy/cgsh_order_operate.html HTTP/1.1" 200 37
116.230.110.167 - - [07/Jul/2022:09:16:26 +0800] "GET /xingrg/check_reg.html?_=1657156576144 HTTP/1.1" 200 22
116.230.110.167 - - [07/Jul/2022:09:16:26 +0800] "GET /xingrg/all/function/internal_message.html?_=1657156576378&CODE_STATE=getMsg HTTP/1.1" 200 27
116.224.129.140 - - [07/Jul/2022:09:16:32 +0800] "GET /xingrg/all/function/internal_message.html?_=1657156596583&CODE_STATE=getMsg HTTP/1.1" 200 27
101.83.223.227 - - [07/Jul/2022:09:16:35 +0800] "POST /xingrg/kc/buy/cgsh_order_operate.html HTTP/1.1" 200 12
180.169.147.146 - - [07/Jul/2022:09:16:35 +0800] "GET /xingrg/all/function/internal_message.html?_=1657156597188&CODE_STATE=getMsg HTTP/1.1" 200 27
112.49.176.213 - - [07/Jul/2022:09:16:38 +0800] "GET /xingrg/all/function/internal_message.html?_=1657156600802&CODE_STATE=getMsg HTTP/1.1" 302 -
116.235.94.65 - - [07/Jul/2022:09:16:41 +0800] "GET /xingrg/all/function/internal_message.html?_=1657156786284&CODE_STATE=getMsg HTTP/1.1" 200 27
101.83.223.227 - - [07/Jul/2022:09:16:41 +0800] "GET /xingrg/kc/buy/cgsh_order_info.html?code=212022070701745 HTTP/1.1" 200 62383
101.83.223.227 - - [07/Jul/2022:09:16:41 +0800] "GET /xingrg/javascript/easyui/themes/default/validatebox.css HTTP/1.1" 404 1104
101.83.223.227 - - [07/Jul/2022:09:16:42 +0800] "GET /xingrg/all/function/internal_message.html?_=1657156565843&CODE_STATE=getMsg HTTP/1.1" 200 27
101.83.223.227 - - [07/Jul/2022:09:16:42 +0800] "POST /xingrg/kc/buy/cgsh_order_operate.html HTTP/1.1" 200 3603
114.88.162.248 - - [07/Jul/2022:09:16:44 +0800] "GET /xingrg/kc/buy/cgsh_order_add.html HTTP/1.1" 200 67832
114.88.162.248 - - [07/Jul/2022:09:16:44 +0800] "GET /xingrg/javascript/easyui/themes/default/validatebox.css HTTP/1.1" 404 1104
114.88.162.248 - - [07/Jul/2022:09:16:45 +0800] "POST /xingrg/kc/buy/cgsh_order_operate.html HTTP/1.1" 200 8245
58.40.7.146 - - [07/Jul/2022:09:16:45 +0800] "GET /xingrg/all/function/internal_message.html?_=1657156608087&CODE_STATE=getMsg HTTP/1.1" 200 27
58.40.7.146 - - [07/Jul/2022:09:16:45 +0800] "GET /xingrg/check_reg.html?_=1657156608088 HTTP/1.1" 200 22
116.224.129.140 - - [07/Jul/2022:09:16:48 +0800] "GET /xingrg/kc/base/wldb_order_list.html HTTP/1.1" 200 19142
116.224.129.140 - - [07/Jul/2022:09:16:48 +0800] "POST /xingrg/kc/base/wldb_list_operate.html HTTP/1.1" 200 2171
116.224.129.140 - - [07/Jul/2022:09:16:50 +0800] "GET /xingrg/kc/base/wldb_order_add.html HTTP/1.1" 200 30356
116.224.129.140 - - [07/Jul/2022:09:16:50 +0800] "POST /xingrg/kc/base/wldb_order_operate.html HTTP/1.1" 200 6806
116.224.129.140 - - [07/Jul/2022:09:16:50 +0800] "GET /xingrg/javascript/easyui/themes/default/validatebox.css HTTP/1.1" 404 1104
120.253.135.82 - - [07/Jul/2022:09:16:54 +0800] "GET /xingrg/all/function/internal_message.html?_=1657156755940&CODE_STATE=getMsg HTTP/1.1" 200 27
114.88.162.248 - - [07/Jul/2022:09:17:00 +0800] "GET /xingrg/all/function/internal_message.html?_=1657156621214&CODE_STATE=getMsg HTTP/1.1" 200 27
218.81.223.53 - - [07/Jul/2022:09:17:05 +0800] "GET /xingrg/all/function/internal_message.html?_=1657156641165&CODE_STATE=getMsg HTTP/1.1" 200 27
114.88.162.248 - - [07/Jul/2022:09:17:05 +0800] "GET /xingrg/kc/buy/cgsh_order_operate.html?command=get_materiel&rest_code=00111&code=00101006129&supplier_code=00100012&order_time=2022-07-07 HTTP/1.1" 200 433
101.83.223.227 - - [07/Jul/2022:09:17:12 +0800] "GET /xingrg/kc/print/load_data.html?order_code=212022070701745&kc_code=cgsh&condition= HTTP/1.1" 200 1861
101.83.223.227 - - [07/Jul/2022:09:17:18 +0800] "GET /xingrg/kc/buy/cgsh_order_add.html HTTP/1.1" 200 67486
101.83.223.227 - - [07/Jul/2022:09:17:18 +0800] "POST /xingrg/kc/buy/cgsh_order_operate.html HTTP/1.1" 200 8245
101.83.223.227 - - [07/Jul/2022:09:17:18 +0800] "GET /xingrg/javascript/easyui/themes/default/validatebox.css HTTP/1.1" 404 1104
116.224.129.140 - - [07/Jul/2022:09:17:22 +0800] "GET /xingrg/kc/base/wldb_order_operate.html?command=get_materiel&rest_code=00105&base_code=0010507&code=00101012017 HTTP/1.1" 200 446
116.230.110.167 - - [07/Jul/2022:09:17:26 +0800] "GET /xingrg/all/function/internal_message.html?_=1657156636372&CODE_STATE=getMsg HTTP/1.1" 200 27
