112.49.176.213 - - [07/Jul/2022:06:06:10 +0800] "GET /xingrg/check_reg.html?_=1657145172522 HTTP/1.1" 302 -
218.81.223.53 - - [07/Jul/2022:06:06:13 +0800] "GET /xingrg/all/function/internal_message.html?_=1657145189242&CODE_STATE=getMsg HTTP/1.1" 200 27
218.81.223.53 - - [07/Jul/2022:06:06:26 +0800] "GET /xingrg/all/function/internal_message.html?_=1657145138816&CODE_STATE=getMsg HTTP/1.1" 200 27
120.253.135.82 - - [07/Jul/2022:06:06:32 +0800] "POST /xingrg/all/common/load_select.html HTTP/1.1" 200 25
120.253.135.82 - - [07/Jul/2022:06:06:34 +0800] "GET /xingrg/kc/pszx/mdps_order_operate.html?command=get_materiel_price&pszx_code=00101&rest_code=00149&base_code=0010246&code=00101019056&unit_code=00100157&order_time=2022-07-08 HTTP/1.1" 200 33
180.169.147.146 - - [07/Jul/2022:06:06:35 +0800] "GET /xingrg/all/function/internal_message.html?_=1657145196813&CODE_STATE=getMsg HTTP/1.1" 200 27
116.224.129.140 - - [07/Jul/2022:06:06:36 +0800] "GET /xingrg/all/function/internal_message.html?_=1657145200982&CODE_STATE=getMsg HTTP/1.1" 200 27
120.253.135.82 - - [07/Jul/2022:06:06:36 +0800] "GET /xingrg/all/function/internal_message.html?_=1657145009211&CODE_STATE=getMsg HTTP/1.1" 200 27
112.49.176.213 - - [07/Jul/2022:06:06:41 +0800] "GET /xingrg/all/function/internal_message.html?_=1657145204051&CODE_STATE=getMsg HTTP/1.1" 302 -
58.40.7.146 - - [07/Jul/2022:06:06:45 +0800] "GET /xingrg/all/function/internal_message.html?_=1657145207972&CODE_STATE=getMsg HTTP/1.1" 200 27
58.40.7.146 - - [07/Jul/2022:06:06:45 +0800] "GET /xingrg/check_reg.html?_=1657145207973 HTTP/1.1" 200 22
101.83.223.227 - - [07/Jul/2022:06:06:47 +0800] "GET /xingrg/all/function/internal_message.html?_=1657145171812&CODE_STATE=getMsg HTTP/1.1" 200 27
218.81.223.53 - - [07/Jul/2022:06:07:13 +0800] "GET /xingrg/all/function/internal_message.html?_=1657145249255&CODE_STATE=getMsg HTTP/1.1" 200 27
218.81.223.53 - - [07/Jul/2022:06:07:26 +0800] "GET /xingrg/check_reg.html?_=1657145198817 HTTP/1.1" 200 22
218.81.223.53 - - [07/Jul/2022:06:07:26 +0800] "GET /xingrg/all/function/internal_message.html?_=1657145198818&CODE_STATE=getMsg HTTP/1.1" 200 27
180.169.147.146 - - [07/Jul/2022:06:07:35 +0800] "GET /xingrg/all/function/internal_message.html?_=1657145256812&CODE_STATE=getMsg HTTP/1.1" 200 27
116.224.129.140 - - [07/Jul/2022:06:07:36 +0800] "GET /xingrg/all/function/internal_message.html?_=1657145260952&CODE_STATE=getMsg HTTP/1.1" 200 27
120.253.135.82 - - [07/Jul/2022:06:07:37 +0800] "GET /xingrg/all/function/internal_message.html?_=1657145069234&CODE_STATE=getMsg HTTP/1.1" 200 27
120.253.135.82 - - [07/Jul/2022:06:07:40 +0800] "POST /xingrg/kc/pszx/mdps_order_operate.html HTTP/1.1" 200 37
120.253.135.82 - - [07/Jul/2022:06:07:41 +0800] "GET /xingrg/kc/pszx/mdps_order_info.html?code=312022070600121 HTTP/1.1" 200 23976
112.49.176.213 - - [07/Jul/2022:06:07:41 +0800] "GET /xingrg/all/function/internal_message.html?_=1657145264031&CODE_STATE=getMsg HTTP/1.1" 302 -
120.253.135.82 - - [07/Jul/2022:06:07:41 +0800] "POST /xingrg/kc/pszx/mdps_order_operate.html HTTP/1.1" 200 9489
120.253.135.82 - - [07/Jul/2022:06:07:41 +0800] "GET /xingrg/javascript/easyui/themes/default/validatebox.css HTTP/1.1" 404 1104
58.40.7.146 - - [07/Jul/2022:06:07:45 +0800] "GET /xingrg/all/function/internal_message.html?_=1657145267974&CODE_STATE=getMsg HTTP/1.1" 200 27
218.81.223.53 - - [07/Jul/2022:06:07:47 +0800] "GET /xingrg/check_reg.html?_=1657145281380 HTTP/1.1" 302 -
101.83.223.227 - - [07/Jul/2022:06:07:47 +0800] "GET /xingrg/all/function/internal_message.html?_=1657145231867&CODE_STATE=getMsg HTTP/1.1" 200 27
120.253.135.82 - - [07/Jul/2022:06:07:58 +0800] "GET /xingrg/kc/pszx/mdps_order_info.html?code=312022070600121 HTTP/1.1" 200 23976
120.253.135.82 - - [07/Jul/2022:06:07:58 +0800] "POST /xingrg/kc/pszx/mdps_order_operate.html HTTP/1.1" 200 9489
120.253.135.82 - - [07/Jul/2022:06:07:58 +0800] "GET /xingrg/javascript/easyui/themes/default/validatebox.css HTTP/1.1" 404 1104
120.253.135.82 - - [07/Jul/2022:06:08:08 +0800] "POST /xingrg/kc/pszx/mdps_list_operate.html HTTP/1.1" 200 2431
120.253.135.82 - - [07/Jul/2022:06:08:09 +0800] "POST /xingrg/kc/pszx/mdps_list_operate.html HTTP/1.1" 200 206
120.253.135.82 - - [07/Jul/2022:06:08:09 +0800] "GET /xingrg/kc/pszx/mdps_order_info.html?code=312022070700124 HTTP/1.1" 200 23978
120.253.135.82 - - [07/Jul/2022:06:08:10 +0800] "POST /xingrg/kc/pszx/mdps_order_operate.html HTTP/1.1" 200 2278
120.253.135.82 - - [07/Jul/2022:06:08:10 +0800] "GET /xingrg/javascript/easyui/themes/default/validatebox.css HTTP/1.1" 404 1104
120.253.135.82 - - [07/Jul/2022:06:08:11 +0800] "GET /xingrg/css/images/panel_loading.gif HTTP/1.1" 200 1737
120.253.135.82 - - [07/Jul/2022:06:08:12 +0800] "POST /xingrg/all/common/load_combo.html?type=base HTTP/1.1" 200 1169
218.81.223.53 - - [07/Jul/2022:06:08:13 +0800] "GET /xingrg/all/function/internal_message.html?_=1657145309287&CODE_STATE=getMsg HTTP/1.1" 200 27
120.253.135.82 - - [07/Jul/2022:06:08:20 +0800] "POST /xingrg/kc/pszx/mdps_order_operate.html HTTP/1.1" 200 37
120.253.135.82 - - [07/Jul/2022:06:08:21 +0800] "GET /xingrg/kc/pszx/mdps_order_info.html?code=312022070700124 HTTP/1.1" 200 23978
120.253.135.82 - - [07/Jul/2022:06:08:21 +0800] "GET /xingrg/javascript/easyui/themes/default/validatebox.css HTTP/1.1" 404 1104
120.253.135.82 - - [07/Jul/2022:06:08:21 +0800] "POST /xingrg/kc/pszx/mdps_order_operate.html HTTP/1.1" 200 2285
218.81.223.53 - - [07/Jul/2022:06:08:26 +0800] "GET /xingrg/all/function/internal_message.html?_=1657145258820&CODE_STATE=getMsg HTTP/1.1" 200 27
120.253.135.82 - - [07/Jul/2022:06:08:31 +0800] "GET /xingrg/kc/pszx/mdps_order_operate.html?command=get_materiel&pszx_code=00101&rest_code=00149&base_code=0010250&code=00101017003 HTTP/1.1" 200 448
180.169.147.146 - - [07/Jul/2022:06:08:35 +0800] "GET /xingrg/all/function/internal_message.html?_=1657145316818&CODE_STATE=getMsg HTTP/1.1" 200 27
116.224.129.140 - - [07/Jul/2022:06:08:36 +0800] "GET /xingrg/all/function/internal_message.html?_=1657145320921&CODE_STATE=getMsg HTTP/1.1" 200 27
120.253.135.82 - - [07/Jul/2022:06:08:36 +0800] "GET /xingrg/all/function/internal_message.html?_=1657145129238&CODE_STATE=getMsg HTTP/1.1" 200 27
112.49.176.213 - - [07/Jul/2022:06:08:41 +0800] "GET /xingrg/all/function/internal_message.html?_=1657145324013&CODE_STATE=getMsg HTTP/1.1" 302 -
120.253.135.82 - - [07/Jul/2022:06:08:44 +0800] "POST /xingrg/kc/pszx/mdps_order_operate.html HTTP/1.1" 200 37
120.253.135.82 - - [07/Jul/2022:06:08:45 +0800] "GET /xingrg/kc/pszx/mdps_order_info.html?code=312022070700124 HTTP/1.1" 200 23978
58.40.7.146 - - [07/Jul/2022:06:08:45 +0800] "GET /xingrg/all/function/internal_message.html?_=1657145327976&CODE_STATE=getMsg HTTP/1.1" 200 27
120.253.135.82 - - [07/Jul/2022:06:08:45 +0800] "POST /xingrg/kc/pszx/mdps_order_operate.html HTTP/1.1" 200 2298
120.253.135.82 - - [07/Jul/2022:06:08:45 +0800] "GET /xingrg/javascript/easyui/themes/default/validatebox.css HTTP/1.1" 404 1104
101.83.223.227 - - [07/Jul/2022:06:08:47 +0800] "GET /xingrg/all/function/internal_message.html?_=1657145291869&CODE_STATE=getMsg HTTP/1.1" 200 27
120.253.135.82 - - [07/Jul/2022:06:08:54 +0800] "POST /xingrg/kc/pszx/mdps_list_operate.html HTTP/1.1" 200 2431
120.253.135.82 - - [07/Jul/2022:06:08:56 +0800] "POST /xingrg/kc/pszx/mdps_list_operate.html HTTP/1.1" 200 212
120.253.135.82 - - [07/Jul/2022:06:08:57 +0800] "GET /xingrg/kc/pszx/mdps_order_info.html?code=312022070700124 HTTP/1.1" 200 23978
120.253.135.82 - - [07/Jul/2022:06:08:57 +0800] "POST /xingrg/kc/pszx/mdps_order_operate.html HTTP/1.1" 200 2298
120.253.135.82 - - [07/Jul/2022:06:08:57 +0800] "GET /xingrg/javascript/easyui/themes/default/validatebox.css HTTP/1.1" 404 1104
120.253.135.82 - - [07/Jul/2022:06:08:59 +0800] "POST /xingrg/kc/pszx/mdps_list_operate.html HTTP/1.1" 200 2431
120.253.135.82 - - [07/Jul/2022:06:09:01 +0800] "POST /xingrg/kc/pszx/mdps_list_operate.html HTTP/1.1" 200 212
120.253.135.82 - - [07/Jul/2022:06:09:02 +0800] "GET /xingrg/kc/pszx/mdps_order_info.html?code=312022070700124 HTTP/1.1" 200 23978
120.253.135.82 - - [07/Jul/2022:06:09:02 +0800] "POST /xingrg/kc/pszx/mdps_order_operate.html HTTP/1.1" 200 2298
120.253.135.82 - - [07/Jul/2022:06:09:02 +0800] "GET /xingrg/javascript/easyui/themes/default/validatebox.css HTTP/1.1" 404 1104
120.253.135.82 - - [07/Jul/2022:06:09:13 +0800] "POST /xingrg/kc/pszx/mdps_list_operate.html HTTP/1.1" 200 2431
218.81.223.53 - - [07/Jul/2022:06:09:13 +0800] "GET /xingrg/all/function/internal_message.html?_=1657145369298&CODE_STATE=getMsg HTTP/1.1" 200 27
120.253.135.82 - - [07/Jul/2022:06:09:15 +0800] "POST /xingrg/kc/pszx/mdps_list_operate.html HTTP/1.1" 200 205
120.253.135.82 - - [07/Jul/2022:06:09:18 +0800] "GET /xingrg/kc/pszx/mdps_order_info.html?code=312022070700125 HTTP/1.1" 200 23978
120.253.135.82 - - [07/Jul/2022:06:09:18 +0800] "POST /xingrg/kc/pszx/mdps_order_operate.html HTTP/1.1" 200 2271
120.253.135.82 - - [07/Jul/2022:06:09:18 +0800] "GET /xingrg/javascript/easyui/themes/default/validatebox.css HTTP/1.1" 404 1104
120.253.135.82 - - [07/Jul/2022:06:09:22 +0800] "POST /xingrg/kc/pszx/mdps_list_operate.html HTTP/1.1" 200 2431
116.230.110.167 - - [07/Jul/2022:06:09:23 +0800] "POST /xingrg/services/DataTransmitService HTTP/1.1" 200 524
120.253.135.82 - - [07/Jul/2022:06:09:24 +0800] "POST /xingrg/kc/pszx/mdps_list_operate.html HTTP/1.1" 200 654
120.253.135.82 - - [07/Jul/2022:06:09:25 +0800] "GET /xingrg/kc/pszx/mdps_order_info.html?code=312022070600121 HTTP/1.1" 200 23976
120.253.135.82 - - [07/Jul/2022:06:09:26 +0800] "POST /xingrg/kc/pszx/mdps_order_operate.html HTTP/1.1" 200 9489
218.81.223.53 - - [07/Jul/2022:06:09:26 +0800] "GET /xingrg/all/function/internal_message.html?_=1657145318822&CODE_STATE=getMsg HTTP/1.1" 200 27
120.253.135.82 - - [07/Jul/2022:06:09:26 +0800] "GET /xingrg/javascript/easyui/themes/default/validatebox.css HTTP/1.1" 404 1104
172.20.0.100 - - [07/Jul/2022:06:09:34 +0800] "GET /xingrg/check_reg.html?_=1657145367255 HTTP/1.1" 302 -
180.169.147.146 - - [07/Jul/2022:06:09:35 +0800] "GET /xingrg/all/function/internal_message.html?_=1657145376818&CODE_STATE=getMsg HTTP/1.1" 200 27
120.253.135.82 - - [07/Jul/2022:06:09:36 +0800] "GET /xingrg/check_reg.html?_=1657145188671 HTTP/1.1" 200 22
116.224.129.140 - - [07/Jul/2022:06:09:36 +0800] "GET /xingrg/all/function/internal_message.html?_=1657145380890&CODE_STATE=getMsg HTTP/1.1" 200 27
120.253.135.82 - - [07/Jul/2022:06:09:36 +0800] "GET /xingrg/kc/pszx/mdps_order_operate.html?command=get_materiel&pszx_code=00101&rest_code=00149&base_code=0010246&code=00101008500 HTTP/1.1" 200 430
120.253.135.82 - - [07/Jul/2022:06:09:36 +0800] "GET /xingrg/all/function/internal_message.html?_=1657145189252&CODE_STATE=getMsg HTTP/1.1" 200 27
112.49.176.213 - - [07/Jul/2022:06:09:41 +0800] "GET /xingrg/all/function/internal_message.html?_=1657145383991&CODE_STATE=getMsg HTTP/1.1" 302 -
120.253.135.82 - - [07/Jul/2022:06:09:43 +0800] "POST /xingrg/kc/pszx/mdps_order_operate.html HTTP/1.1" 200 37
120.253.135.82 - - [07/Jul/2022:06:09:44 +0800] "GET /xingrg/kc/pszx/mdps_order_info.html?code=312022070600121 HTTP/1.1" 200 23976
120.253.135.82 - - [07/Jul/2022:06:09:44 +0800] "GET /xingrg/javascript/easyui/themes/default/validatebox.css HTTP/1.1" 404 1104
120.253.135.82 - - [07/Jul/2022:06:09:44 +0800] "POST /xingrg/kc/pszx/mdps_order_operate.html HTTP/1.1" 200 9976
58.40.7.146 - - [07/Jul/2022:06:09:45 +0800] "GET /xingrg/all/function/internal_message.html?_=1657145387979&CODE_STATE=getMsg HTTP/1.1" 200 27
120.253.135.82 - - [07/Jul/2022:06:09:45 +0800] "POST /xingrg/kc/pszx/mdps_list_operate.html HTTP/1.1" 200 2431
120.253.135.82 - - [07/Jul/2022:06:09:47 +0800] "POST /xingrg/kc/pszx/mdps_list_operate.html HTTP/1.1" 200 205
120.253.135.82 - - [07/Jul/2022:06:09:47 +0800] "GET /xingrg/kc/pszx/mdps_order_info.html?code=312022070700125 HTTP/1.1" 200 23978
101.83.223.227 - - [07/Jul/2022:06:09:47 +0800] "GET /xingrg/all/function/internal_message.html?_=1657145351925&CODE_STATE=getMsg HTTP/1.1" 200 27
120.253.135.82 - - [07/Jul/2022:06:09:48 +0800] "POST /xingrg/kc/pszx/mdps_order_operate.html HTTP/1.1" 200 2271
120.253.135.82 - - [07/Jul/2022:06:09:48 +0800] "GET /xingrg/javascript/easyui/themes/default/validatebox.css HTTP/1.1" 404 1104
120.253.135.82 - - [07/Jul/2022:06:09:52 +0800] "POST /xingrg/kc/pszx/mdps_order_operate.html HTTP/1.1" 200 12
120.253.135.82 - - [07/Jul/2022:06:09:53 +0800] "POST /xingrg/kc/pszx/mdps_list_operate.html HTTP/1.1" 200 2060
120.253.135.82 - - [07/Jul/2022:06:09:54 +0800] "POST /xingrg/kc/pszx/mdps_list_operate.html HTTP/1.1" 200 654
120.253.135.82 - - [07/Jul/2022:06:09:55 +0800] "GET /xingrg/kc/pszx/mdps_order_info.html?code=312022070600121 HTTP/1.1" 200 23976
120.253.135.82 - - [07/Jul/2022:06:09:55 +0800] "POST /xingrg/kc/pszx/mdps_order_operate.html HTTP/1.1" 200 9976
120.253.135.82 - - [07/Jul/2022:06:09:56 +0800] "GET /xingrg/javascript/easyui/themes/default/validatebox.css HTTP/1.1" 404 1104
120.253.135.82 - - [07/Jul/2022:06:09:57 +0800] "POST /xingrg/kc/pszx/mdps_list_operate.html HTTP/1.1" 200 2060
218.81.223.53 - - [07/Jul/2022:06:10:00 +0800] "GET /xingrg/javascript/easyui/themes/default/images/button_plain_hover.png HTTP/1.1" 304 -
120.253.135.82 - - [07/Jul/2022:06:10:05 +0800] "GET /xingrg/kc/pszx/mdqp_order_list.html?state=10 HTTP/1.1" 200 13491
120.253.135.82 - - [07/Jul/2022:06:10:05 +0800] "GET /xingrg/dwr/interface/AjaxReportQueryService.js HTTP/1.1" 200 13203
120.253.135.82 - - [07/Jul/2022:06:10:05 +0800] "GET /xingrg/dwr/interface/AjaxQqpsService.js HTTP/1.1" 200 16326
120.253.135.82 - - [07/Jul/2022:06:10:05 +0800] "GET /xingrg/dwr/engine.js HTTP/1.1" 200 43631
120.253.135.82 - - [07/Jul/2022:06:10:11 +0800] "GET /xingrg/kc/pszx/mdqp_order_info.html?code=302022070600097 HTTP/1.1" 200 13350
120.253.135.82 - - [07/Jul/2022:06:10:11 +0800] "GET /xingrg/dwr/interface/AjaxComOrderService.js HTTP/1.1" 200 18264
120.253.135.82 - - [07/Jul/2022:06:10:11 +0800] "GET /xingrg/dwr/interface/AjaxQqpsService.js HTTP/1.1" 200 16326
120.253.135.82 - - [07/Jul/2022:06:10:11 +0800] "GET /xingrg/dwr/engine.js HTTP/1.1" 200 43631
120.253.135.82 - - [07/Jul/2022:06:10:12 +0800] "POST /xingrg/dwr/call/plaincall/AjaxQqpsService.loadMaterielItems.dwr HTTP/1.1" 200 1884
218.81.223.53 - - [07/Jul/2022:06:10:13 +0800] "GET /xingrg/all/function/internal_message.html?_=1657145429327&CODE_STATE=getMsg HTTP/1.1" 200 27
114.84.82.172 - - [07/Jul/2022:06:10:19 +0800] "POST /xingrg/services/DataTransmitService HTTP/1.1" 200 524
114.84.82.172 - - [07/Jul/2022:06:10:19 +0800] "POST /xingrg/services/DataTransmitService HTTP/1.1" 200 501
120.253.135.82 - - [07/Jul/2022:06:10:21 +0800] "GET /xingrg/images/yd/bt.gif HTTP/1.1" 404 1040
120.253.135.82 - - [07/Jul/2022:06:10:21 +0800] "GET /xingrg/images/yd/bt2.gif HTTP/1.1" 404 1042
101.83.223.227 - - [07/Jul/2022:06:10:21 +0800] "GET /xingrg/check_reg.html?_=1657145385391 HTTP/1.1" 200 22
120.253.135.82 - - [07/Jul/2022:06:10:22 +0800] "GET /xingrg/kc/pszx/mdqp_order_list.html?isBack=1 HTTP/1.1" 302 -
120.253.135.82 - - [07/Jul/2022:06:10:22 +0800] "GET /xingrg/kc/pszx/mdqp_order_list.html?state=10 HTTP/1.1" 200 13491
120.253.135.82 - - [07/Jul/2022:06:10:23 +0800] "GET /xingrg/dwr/interface/AjaxReportQueryService.js HTTP/1.1" 200 13203
120.253.135.82 - - [07/Jul/2022:06:10:23 +0800] "GET /xingrg/dwr/interface/AjaxQqpsService.js HTTP/1.1" 200 16326
120.253.135.82 - - [07/Jul/2022:06:10:23 +0800] "GET /xingrg/dwr/engine.js HTTP/1.1" 200 43631
120.253.135.82 - - [07/Jul/2022:06:10:24 +0800] "GET /xingrg/kc/pszx/mdqp_order_info.html?code=302022070600098 HTTP/1.1" 200 13350
120.253.135.82 - - [07/Jul/2022:06:10:24 +0800] "GET /xingrg/dwr/interface/AjaxQqpsService.js HTTP/1.1" 200 16326
120.253.135.82 - - [07/Jul/2022:06:10:24 +0800] "GET /xingrg/dwr/interface/AjaxComOrderService.js HTTP/1.1" 200 18264
120.253.135.82 - - [07/Jul/2022:06:10:24 +0800] "GET /xingrg/dwr/engine.js HTTP/1.1" 200 43631
120.253.135.82 - - [07/Jul/2022:06:10:25 +0800] "POST /xingrg/dwr/call/plaincall/AjaxQqpsService.loadMaterielItems.dwr HTTP/1.1" 200 1984
218.81.223.53 - - [07/Jul/2022:06:10:26 +0800] "GET /xingrg/all/function/internal_message.html?_=1657145378823&CODE_STATE=getMsg HTTP/1.1" 200 27
58.35.210.91 - - [07/Jul/2022:06:10:27 +0800] "POST /xingrg/services/DataTransmitService HTTP/1.1" 200 524
180.169.147.146 - - [07/Jul/2022:06:10:35 +0800] "GET /xingrg/all/function/internal_message.html?_=1657145436822&CODE_STATE=getMsg HTTP/1.1" 200 27
180.169.147.146 - - [07/Jul/2022:06:10:35 +0800] "GET /xingrg/check_reg.html?_=1657145436820 HTTP/1.1" 200 22
116.224.129.140 - - [07/Jul/2022:06:10:36 +0800] "GET /xingrg/all/function/internal_message.html?_=1657145440863&CODE_STATE=getMsg HTTP/1.1" 200 27
120.253.135.82 - - [07/Jul/2022:06:10:36 +0800] "GET /xingrg/all/function/internal_message.html?_=1657145249265&CODE_STATE=getMsg HTTP/1.1" 200 27
112.49.176.213 - - [07/Jul/2022:06:10:41 +0800] "GET /xingrg/all/function/internal_message.html?_=1657145443971&CODE_STATE=getMsg HTTP/1.1" 302 -
58.40.7.146 - - [07/Jul/2022:06:10:45 +0800] "GET /xingrg/all/function/internal_message.html?_=1657145447983&CODE_STATE=getMsg HTTP/1.1" 200 27
101.83.223.227 - - [07/Jul/2022:06:10:47 +0800] "GET /xingrg/all/function/internal_message.html?_=1657145411927&CODE_STATE=getMsg HTTP/1.1" 200 27
116.224.129.140 - - [07/Jul/2022:06:10:58 +0800] "GET /xingrg/check_reg.html?_=1657145462939 HTTP/1.1" 200 22
218.81.223.53 - - [07/Jul/2022:06:11:02 +0800] "GET /xingrg/check_reg.html?_=1657145478112 HTTP/1.1" 200 22
112.49.176.213 - - [07/Jul/2022:06:11:09 +0800] "GET /xingrg/check_reg.html?_=1657145472519 HTTP/1.1" 302 -
120.253.135.82 - - [07/Jul/2022:06:11:10 +0800] "GET /xingrg/kc/pszx/mdqp_order_list.html?isBack=1 HTTP/1.1" 302 -
120.253.135.82 - - [07/Jul/2022:06:11:10 +0800] "GET /xingrg/kc/pszx/mdqp_order_list.html?state=10 HTTP/1.1" 200 13491
120.253.135.82 - - [07/Jul/2022:06:11:10 +0800] "GET /xingrg/dwr/interface/AjaxReportQueryService.js HTTP/1.1" 200 13203
120.253.135.82 - - [07/Jul/2022:06:11:10 +0800] "GET /xingrg/dwr/interface/AjaxQqpsService.js HTTP/1.1" 200 16326
120.253.135.82 - - [07/Jul/2022:06:11:10 +0800] "GET /xingrg/dwr/engine.js HTTP/1.1" 200 43631
120.253.135.82 - - [07/Jul/2022:06:11:13 +0800] "GET /xingrg/kc/pszx/mdqp_order_info.html?code=302022070600098 HTTP/1.1" 200 13350
120.253.135.82 - - [07/Jul/2022:06:11:13 +0800] "GET /xingrg/dwr/interface/AjaxQqpsService.js HTTP/1.1" 200 16326
120.253.135.82 - - [07/Jul/2022:06:11:13 +0800] "GET /xingrg/dwr/interface/AjaxComOrderService.js HTTP/1.1" 200 18264
120.253.135.82 - - [07/Jul/2022:06:11:13 +0800] "GET /xingrg/dwr/engine.js HTTP/1.1" 200 43631
218.81.223.53 - - [07/Jul/2022:06:11:13 +0800] "GET /xingrg/all/function/internal_message.html?_=1657145489340&CODE_STATE=getMsg HTTP/1.1" 200 27
120.253.135.82 - - [07/Jul/2022:06:11:13 +0800] "POST /xingrg/dwr/call/plaincall/AjaxQqpsService.loadMaterielItems.dwr HTTP/1.1" 200 1984
120.253.135.82 - - [07/Jul/2022:06:11:16 +0800] "GET /xingrg/kc/pszx/mdqp_order_list.html?isBack=1 HTTP/1.1" 302 -
120.253.135.82 - - [07/Jul/2022:06:11:16 +0800] "GET /xingrg/kc/pszx/mdqp_order_list.html?state=10 HTTP/1.1" 200 13491
120.253.135.82 - - [07/Jul/2022:06:11:16 +0800] "GET /xingrg/dwr/interface/AjaxReportQueryService.js HTTP/1.1" 200 13203
120.253.135.82 - - [07/Jul/2022:06:11:16 +0800] "GET /xingrg/dwr/interface/AjaxQqpsService.js HTTP/1.1" 200 16326
120.253.135.82 - - [07/Jul/2022:06:11:16 +0800] "GET /xingrg/dwr/engine.js HTTP/1.1" 200 43631
120.253.135.82 - - [07/Jul/2022:06:11:21 +0800] "GET /xingrg/kc/pszx/mdqp_order_info.html?code=302022070600099 HTTP/1.1" 200 13350
120.253.135.82 - - [07/Jul/2022:06:11:21 +0800] "GET /xingrg/dwr/interface/AjaxComOrderService.js HTTP/1.1" 200 18264
120.253.135.82 - - [07/Jul/2022:06:11:21 +0800] "GET /xingrg/dwr/interface/AjaxQqpsService.js HTTP/1.1" 200 16326
120.253.135.82 - - [07/Jul/2022:06:11:21 +0800] "GET /xingrg/dwr/engine.js HTTP/1.1" 200 43631
120.253.135.82 - - [07/Jul/2022:06:11:22 +0800] "POST /xingrg/dwr/call/plaincall/AjaxQqpsService.loadMaterielItems.dwr HTTP/1.1" 200 1849
218.81.223.53 - - [07/Jul/2022:06:11:26 +0800] "GET /xingrg/all/function/internal_message.html?_=1657145438808&CODE_STATE=getMsg HTTP/1.1" 200 27
180.169.147.146 - - [07/Jul/2022:06:11:35 +0800] "GET /xingrg/all/function/internal_message.html?_=1657145496820&CODE_STATE=getMsg HTTP/1.1" 200 27
116.224.129.140 - - [07/Jul/2022:06:11:36 +0800] "GET /xingrg/all/function/internal_message.html?_=1657145500830&CODE_STATE=getMsg HTTP/1.1" 200 27
120.253.135.82 - - [07/Jul/2022:06:11:37 +0800] "GET /xingrg/all/function/internal_message.html?_=1657145309279&CODE_STATE=getMsg HTTP/1.1" 200 27
112.49.176.213 - - [07/Jul/2022:06:11:41 +0800] "GET /xingrg/all/function/internal_message.html?_=1657145503952&CODE_STATE=getMsg HTTP/1.1" 302 -
58.40.7.146 - - [07/Jul/2022:06:11:45 +0800] "GET /xingrg/check_reg.html?_=1657145507969 HTTP/1.1" 200 22
58.40.7.146 - - [07/Jul/2022:06:11:45 +0800] "GET /xingrg/all/function/internal_message.html?_=1657145507970&CODE_STATE=getMsg HTTP/1.1" 200 27
101.83.223.227 - - [07/Jul/2022:06:11:47 +0800] "GET /xingrg/all/function/internal_message.html?_=1657145471941&CODE_STATE=getMsg HTTP/1.1" 200 27
120.253.135.82 - - [07/Jul/2022:06:11:51 +0800] "GET /xingrg/kc/pszx/mdqp_order_list.html?isBack=1 HTTP/1.1" 302 -
120.253.135.82 - - [07/Jul/2022:06:11:51 +0800] "GET /xingrg/kc/pszx/mdqp_order_list.html?state=10 HTTP/1.1" 200 13491
120.253.135.82 - - [07/Jul/2022:06:11:51 +0800] "GET /xingrg/dwr/interface/AjaxReportQueryService.js HTTP/1.1" 200 13203
120.253.135.82 - - [07/Jul/2022:06:11:51 +0800] "GET /xingrg/dwr/interface/AjaxQqpsService.js HTTP/1.1" 200 16326
120.253.135.82 - - [07/Jul/2022:06:11:51 +0800] "GET /xingrg/dwr/engine.js HTTP/1.1" 200 43631
120.253.135.82 - - [07/Jul/2022:06:11:53 +0800] "GET /xingrg/kc/pszx/mdqp_order_info.html?code=302022070600100 HTTP/1.1" 200 13350
120.253.135.82 - - [07/Jul/2022:06:11:53 +0800] "GET /xingrg/dwr/interface/AjaxComOrderService.js HTTP/1.1" 200 18264
120.253.135.82 - - [07/Jul/2022:06:11:53 +0800] "GET /xingrg/dwr/interface/AjaxQqpsService.js HTTP/1.1" 200 16326
120.253.135.82 - - [07/Jul/2022:06:11:53 +0800] "GET /xingrg/dwr/engine.js HTTP/1.1" 200 43631
120.253.135.82 - - [07/Jul/2022:06:11:53 +0800] "POST /xingrg/dwr/call/plaincall/AjaxQqpsService.loadMaterielItems.dwr HTTP/1.1" 200 959
120.253.135.82 - - [07/Jul/2022:06:11:57 +0800] "GET /xingrg/kc/pszx/mdqp_order_list.html?isBack=1 HTTP/1.1" 302 -
120.253.135.82 - - [07/Jul/2022:06:11:57 +0800] "GET /xingrg/kc/pszx/mdqp_order_list.html?state=10 HTTP/1.1" 200 13491
120.253.135.82 - - [07/Jul/2022:06:11:58 +0800] "GET /xingrg/dwr/interface/AjaxReportQueryService.js HTTP/1.1" 200 13203
120.253.135.82 - - [07/Jul/2022:06:11:58 +0800] "GET /xingrg/dwr/interface/AjaxQqpsService.js HTTP/1.1" 200 16326
120.253.135.82 - - [07/Jul/2022:06:11:58 +0800] "GET /xingrg/dwr/engine.js HTTP/1.1" 200 43631
120.253.135.82 - - [07/Jul/2022:06:12:03 +0800] "GET /xingrg/kc/pszx/jzcl_ps.html HTTP/1.1" 200 7683
120.253.135.82 - - [07/Jul/2022:06:12:03 +0800] "POST /xingrg/all/common/load_tree.html?tree=area_rest_tree_json HTTP/1.1" 200 3472
120.253.135.82 - - [07/Jul/2022:06:12:04 +0800] "POST /xingrg/kc/pszx/jzcl_ps_operate.html HTTP/1.1" 200 3550
120.253.135.82 - - [07/Jul/2022:06:12:04 +0800] "POST /xingrg/kc/pszx/jzcl_ps_operate.html HTTP/1.1" 200 3550
218.81.223.53 - - [07/Jul/2022:06:12:13 +0800] "GET /xingrg/all/function/internal_message.html?_=1657145549354&CODE_STATE=getMsg HTTP/1.1" 200 27
120.253.135.82 - - [07/Jul/2022:06:12:15 +0800] "POST /xingrg/kc/pszx/jzcl_ps_operate.html HTTP/1.1" 200 4
120.253.135.82 - - [07/Jul/2022:06:12:17 +0800] "GET /xingrg/kc/pszx/mdps_order_list.html HTTP/1.1" 200 21007
120.253.135.82 - - [07/Jul/2022:06:12:18 +0800] "POST /xingrg/kc/pszx/mdps_list_operate.html HTTP/1.1" 200 5336
218.81.223.53 - - [07/Jul/2022:06:12:26 +0800] "GET /xingrg/all/function/internal_message.html?_=1657145498810&CODE_STATE=getMsg HTTP/1.1" 200 27
218.81.223.53 - - [07/Jul/2022:06:12:26 +0800] "GET /xingrg/check_reg.html?_=1657145498812 HTTP/1.1" 200 22
120.253.135.82 - - [07/Jul/2022:06:12:30 +0800] "POST /xingrg/kc/pszx/mdps_list_operate.html HTTP/1.1" 200 3178
120.253.135.82 - - [07/Jul/2022:06:12:31 +0800] "POST /xingrg/kc/pszx/mdps_list_operate.html HTTP/1.1" 200 382
120.253.135.82 - - [07/Jul/2022:06:12:33 +0800] "GET /xingrg/kc/pszx/mdps_order_info.html?code=312022070700126 HTTP/1.1" 200 23978
120.253.135.82 - - [07/Jul/2022:06:12:33 +0800] "GET /xingrg/javascript/easyui/themes/default/validatebox.css HTTP/1.1" 404 1104
120.253.135.82 - - [07/Jul/2022:06:12:33 +0800] "POST /xingrg/kc/pszx/mdps_order_operate.html HTTP/1.1" 200 3278
180.169.147.146 - - [07/Jul/2022:06:12:35 +0800] "GET /xingrg/all/function/internal_message.html?_=1657145556821&CODE_STATE=getMsg HTTP/1.1" 200 27
116.224.129.140 - - [07/Jul/2022:06:12:36 +0800] "GET /xingrg/all/function/internal_message.html?_=1657145560803&CODE_STATE=getMsg HTTP/1.1" 200 27
120.253.135.82 - - [07/Jul/2022:06:12:37 +0800] "POST /xingrg/kc/pszx/mdps_order_operate.html HTTP/1.1" 200 37
120.253.135.82 - - [07/Jul/2022:06:12:38 +0800] "GET /xingrg/kc/pszx/mdps_order_info.html?code=312022070700126 HTTP/1.1" 200 23978
120.253.135.82 - - [07/Jul/2022:06:12:39 +0800] "GET /xingrg/javascript/easyui/themes/default/validatebox.css HTTP/1.1" 404 1104
120.253.135.82 - - [07/Jul/2022:06:12:39 +0800] "POST /xingrg/kc/pszx/mdps_order_operate.html HTTP/1.1" 200 3299
120.253.135.82 - - [07/Jul/2022:06:12:39 +0800] "GET /xingrg/all/function/internal_message.html?_=1657145371742&CODE_STATE=getMsg HTTP/1.1" 200 27
112.49.176.213 - - [07/Jul/2022:06:12:41 +0800] "GET /xingrg/all/function/internal_message.html?_=1657145563939&CODE_STATE=getMsg HTTP/1.1" 302 -
120.253.135.82 - - [07/Jul/2022:06:12:41 +0800] "POST /xingrg/all/common/load_combo.html?type=base HTTP/1.1" 200 1169
120.253.135.82 - - [07/Jul/2022:06:12:45 +0800] "POST /xingrg/kc/pszx/mdps_order_operate.html HTTP/1.1" 200 37
58.40.7.146 - - [07/Jul/2022:06:12:45 +0800] "GET /xingrg/all/function/internal_message.html?_=1657145567970&CODE_STATE=getMsg HTTP/1.1" 200 27
120.253.135.82 - - [07/Jul/2022:06:12:45 +0800] "GET /xingrg/kc/pszx/mdps_order_info.html?code=312022070700126 HTTP/1.1" 200 23978
120.253.135.82 - - [07/Jul/2022:06:12:46 +0800] "GET /xingrg/javascript/easyui/themes/default/validatebox.css HTTP/1.1" 404 1104
120.253.135.82 - - [07/Jul/2022:06:12:46 +0800] "POST /xingrg/kc/pszx/mdps_order_operate.html HTTP/1.1" 200 3301
218.81.223.53 - - [07/Jul/2022:06:12:47 +0800] "GET /xingrg/check_reg.html?_=1657145581404 HTTP/1.1" 302 -
101.83.223.227 - - [07/Jul/2022:06:12:48 +0800] "GET /xingrg/all/function/internal_message.html?_=1657145531997&CODE_STATE=getMsg HTTP/1.1" 200 27
120.253.135.82 - - [07/Jul/2022:06:12:50 +0800] "POST /xingrg/kc/pszx/mdps_list_operate.html HTTP/1.1" 200 213
120.253.135.82 - - [07/Jul/2022:06:12:51 +0800] "GET /xingrg/kc/pszx/mdps_order_info.html?code=312022070200044 HTTP/1.1" 200 23978
120.253.135.82 - - [07/Jul/2022:06:12:51 +0800] "GET /xingrg/javascript/easyui/themes/default/validatebox.css HTTP/1.1" 404 1104
120.253.135.82 - - [07/Jul/2022:06:12:52 +0800] "POST /xingrg/kc/pszx/mdps_order_operate.html HTTP/1.1" 200 2291
120.253.135.82 - - [07/Jul/2022:06:12:56 +0800] "POST /xingrg/kc/pszx/mdps_order_operate.html HTTP/1.1" 200 12
120.253.135.82 - - [07/Jul/2022:06:12:57 +0800] "POST /xingrg/kc/pszx/mdps_list_operate.html HTTP/1.1" 200 2808
120.253.135.82 - - [07/Jul/2022:06:13:01 +0800] "POST /xingrg/kc/pszx/mdps_list_operate.html HTTP/1.1" 200 623
58.37.225.129 - - [07/Jul/2022:06:13:02 +0800] "POST /xingrg/services/DataTransmitService HTTP/1.1" 200 524
120.253.135.82 - - [07/Jul/2022:06:13:03 +0800] "POST /xingrg/kc/pszx/mdps_list_operate.html HTTP/1.1" 200 382
120.253.135.82 - - [07/Jul/2022:06:13:03 +0800] "GET /xingrg/kc/pszx/mdps_order_info.html?code=312022070700126 HTTP/1.1" 200 23978
120.253.135.82 - - [07/Jul/2022:06:13:03 +0800] "GET /xingrg/javascript/easyui/themes/default/validatebox.css HTTP/1.1" 404 1104
120.253.135.82 - - [07/Jul/2022:06:13:04 +0800] "POST /xingrg/kc/pszx/mdps_order_operate.html HTTP/1.1" 200 3301
120.253.135.82 - - [07/Jul/2022:06:13:05 +0800] "POST /xingrg/kc/pszx/mdps_list_operate.html HTTP/1.1" 200 2808
120.253.135.82 - - [07/Jul/2022:06:13:06 +0800] "POST /xingrg/kc/pszx/mdps_list_operate.html HTTP/1.1" 200 623
120.253.135.82 - - [07/Jul/2022:06:13:07 +0800] "GET /xingrg/kc/pszx/mdps_order_info.html?code=312022070700127 HTTP/1.1" 200 23978
120.253.135.82 - - [07/Jul/2022:06:13:08 +0800] "GET /xingrg/javascript/easyui/themes/default/validatebox.css HTTP/1.1" 404 1104
120.253.135.82 - - [07/Jul/2022:06:13:08 +0800] "POST /xingrg/kc/pszx/mdps_order_operate.html HTTP/1.1" 200 4779
120.253.135.82 - - [07/Jul/2022:06:13:10 +0800] "POST /xingrg/all/common/load_combo.html?type=base HTTP/1.1" 200 1169
218.81.223.53 - - [07/Jul/2022:06:13:13 +0800] "GET /xingrg/all/function/internal_message.html?_=1657145609389&CODE_STATE=getMsg HTTP/1.1" 200 27
120.253.135.82 - - [07/Jul/2022:06:13:14 +0800] "POST /xingrg/kc/pszx/mdps_order_operate.html HTTP/1.1" 200 37
120.253.135.82 - - [07/Jul/2022:06:13:15 +0800] "GET /xingrg/kc/pszx/mdps_order_info.html?code=312022070700127 HTTP/1.1" 200 23978
120.253.135.82 - - [07/Jul/2022:06:13:16 +0800] "GET /xingrg/javascript/easyui/themes/default/validatebox.css HTTP/1.1" 404 1104
120.253.135.82 - - [07/Jul/2022:06:13:16 +0800] "POST /xingrg/kc/pszx/mdps_order_operate.html HTTP/1.1" 200 4831
120.253.135.82 - - [07/Jul/2022:06:13:24 +0800] "POST /xingrg/all/common/load_combo.html?type=base HTTP/1.1" 200 1169
218.81.223.53 - - [07/Jul/2022:06:13:26 +0800] "GET /xingrg/all/function/internal_message.html?_=1657145558814&CODE_STATE=getMsg HTTP/1.1" 200 27
120.253.135.82 - - [07/Jul/2022:06:13:30 +0800] "POST /xingrg/kc/pszx/mdps_order_operate.html HTTP/1.1" 200 37
120.253.135.82 - - [07/Jul/2022:06:13:31 +0800] "GET /xingrg/kc/pszx/mdps_order_info.html?code=312022070700127 HTTP/1.1" 200 23980
120.253.135.82 - - [07/Jul/2022:06:13:32 +0800] "GET /xingrg/javascript/easyui/themes/default/validatebox.css HTTP/1.1" 404 1104
120.253.135.82 - - [07/Jul/2022:06:13:32 +0800] "POST /xingrg/kc/pszx/mdps_order_operate.html HTTP/1.1" 200 4821
180.169.147.146 - - [07/Jul/2022:06:13:35 +0800] "GET /xingrg/all/function/internal_message.html?_=1657145616826&CODE_STATE=getMsg HTTP/1.1" 200 27
120.253.135.82 - - [07/Jul/2022:06:13:35 +0800] "POST /xingrg/all/common/load_combo.html?type=base HTTP/1.1" 200 1169
116.224.129.140 - - [07/Jul/2022:06:13:36 +0800] "GET /xingrg/all/function/internal_message.html?_=1657145620773&CODE_STATE=getMsg HTTP/1.1" 200 27
120.253.135.82 - - [07/Jul/2022:06:13:39 +0800] "POST /xingrg/kc/pszx/mdps_order_operate.html HTTP/1.1" 200 37
120.253.135.82 - - [07/Jul/2022:06:13:41 +0800] "GET /xingrg/kc/pszx/mdps_order_info.html?code=312022070700127 HTTP/1.1" 200 23978
112.49.176.213 - - [07/Jul/2022:06:13:41 +0800] "GET /xingrg/all/function/internal_message.html?_=1657145623919&CODE_STATE=getMsg HTTP/1.1" 302 -
120.253.135.82 - - [07/Jul/2022:06:13:42 +0800] "GET /xingrg/javascript/easyui/themes/default/validatebox.css HTTP/1.1" 404 1104
120.253.135.82 - - [07/Jul/2022:06:13:42 +0800] "POST /xingrg/kc/pszx/mdps_order_operate.html HTTP/1.1" 200 4831
120.253.135.82 - - [07/Jul/2022:06:13:42 +0800] "GET /xingrg/all/function/internal_message.html?_=1657145434614&CODE_STATE=getMsg HTTP/1.1" 200 27
58.40.7.146 - - [07/Jul/2022:06:13:45 +0800] "GET /xingrg/all/function/internal_message.html?_=1657145627974&CODE_STATE=getMsg HTTP/1.1" 200 27
101.83.223.227 - - [07/Jul/2022:06:13:48 +0800] "GET /xingrg/all/function/internal_message.html?_=1657145592000&CODE_STATE=getMsg HTTP/1.1" 200 27
120.253.135.82 - - [07/Jul/2022:06:14:05 +0800] "GET /xingrg/kc/pszx/mdps_order_operate.html?command=get_materiel&pszx_code=00101&rest_code=00104&base_code=0010250&code=00102002795 HTTP/1.1" 200 440
218.81.223.53 - - [07/Jul/2022:06:14:13 +0800] "GET /xingrg/all/function/internal_message.html?_=1657145669397&CODE_STATE=getMsg HTTP/1.1" 200 27
218.81.223.53 - - [07/Jul/2022:06:14:26 +0800] "GET /xingrg/all/function/internal_message.html?_=1657145618815&CODE_STATE=getMsg HTTP/1.1" 200 27
172.20.0.100 - - [07/Jul/2022:06:14:34 +0800] "GET /xingrg/check_reg.html?_=1657145667229 HTTP/1.1" 302 -
180.169.147.146 - - [07/Jul/2022:06:14:35 +0800] "GET /xingrg/all/function/internal_message.html?_=1657145676827&CODE_STATE=getMsg HTTP/1.1" 200 27
116.224.129.140 - - [07/Jul/2022:06:14:36 +0800] "GET /xingrg/all/function/internal_message.html?_=1657145680744&CODE_STATE=getMsg HTTP/1.1" 200 27
120.253.135.82 - - [07/Jul/2022:06:14:36 +0800] "GET /xingrg/check_reg.html?_=1657145488755 HTTP/1.1" 200 22
112.49.176.213 - - [07/Jul/2022:06:14:41 +0800] "GET /xingrg/all/function/internal_message.html?_=1657145683894&CODE_STATE=getMsg HTTP/1.1" 302 -
120.253.135.82 - - [07/Jul/2022:06:14:42 +0800] "GET /xingrg/all/function/internal_message.html?_=1657145494624&CODE_STATE=getMsg HTTP/1.1" 200 27
58.40.7.146 - - [07/Jul/2022:06:14:45 +0800] "GET /xingrg/all/function/internal_message.html?_=1657145687975&CODE_STATE=getMsg HTTP/1.1" 200 27
101.83.223.227 - - [07/Jul/2022:06:14:48 +0800] "GET /xingrg/all/function/internal_message.html?_=1657145652051&CODE_STATE=getMsg HTTP/1.1" 200 27
218.81.223.53 - - [07/Jul/2022:06:15:13 +0800] "GET /xingrg/all/function/internal_message.html?_=1657145729427&CODE_STATE=getMsg HTTP/1.1" 200 27
101.83.223.227 - - [07/Jul/2022:06:15:21 +0800] "GET /xingrg/check_reg.html?_=1657145685398 HTTP/1.1" 200 22
218.81.223.53 - - [07/Jul/2022:06:15:26 +0800] "GET /xingrg/all/function/internal_message.html?_=1657145678817&CODE_STATE=getMsg HTTP/1.1" 200 27
180.169.147.146 - - [07/Jul/2022:06:15:35 +0800] "GET /xingrg/check_reg.html?_=1657145736826 HTTP/1.1" 200 22
180.169.147.146 - - [07/Jul/2022:06:15:35 +0800] "GET /xingrg/all/function/internal_message.html?_=1657145736832&CODE_STATE=getMsg HTTP/1.1" 200 27
116.224.129.140 - - [07/Jul/2022:06:15:36 +0800] "GET /xingrg/all/function/internal_message.html?_=1657145740742&CODE_STATE=getMsg HTTP/1.1" 200 27
112.49.176.213 - - [07/Jul/2022:06:15:41 +0800] "GET /xingrg/all/function/internal_message.html?_=1657145743878&CODE_STATE=getMsg HTTP/1.1" 302 -
120.253.135.82 - - [07/Jul/2022:06:15:42 +0800] "GET /xingrg/all/function/internal_message.html?_=1657145554637&CODE_STATE=getMsg HTTP/1.1" 200 27
58.40.7.146 - - [07/Jul/2022:06:15:45 +0800] "GET /xingrg/all/function/internal_message.html?_=1657145747978&CODE_STATE=getMsg HTTP/1.1" 200 27
101.83.223.227 - - [07/Jul/2022:06:15:48 +0800] "GET /xingrg/all/function/internal_message.html?_=1657145712058&CODE_STATE=getMsg HTTP/1.1" 200 27
116.224.129.140 - - [07/Jul/2022:06:15:58 +0800] "GET /xingrg/check_reg.html?_=1657145762939 HTTP/1.1" 200 22
218.81.223.53 - - [07/Jul/2022:06:16:02 +0800] "GET /xingrg/check_reg.html?_=1657145778113 HTTP/1.1" 200 22
112.49.176.213 - - [07/Jul/2022:06:16:09 +0800] "GET /xingrg/check_reg.html?_=1657145772494 HTTP/1.1" 302 -
218.81.223.53 - - [07/Jul/2022:06:16:13 +0800] "GET /xingrg/all/function/internal_message.html?_=1657145789440&CODE_STATE=getMsg HTTP/1.1" 200 27
218.81.223.53 - - [07/Jul/2022:06:16:26 +0800] "GET /xingrg/all/function/internal_message.html?_=1657145738818&CODE_STATE=getMsg HTTP/1.1" 200 27
180.169.147.146 - - [07/Jul/2022:06:16:35 +0800] "GET /xingrg/all/function/internal_message.html?_=1657145796830&CODE_STATE=getMsg HTTP/1.1" 200 27
116.224.129.140 - - [07/Jul/2022:06:16:36 +0800] "GET /xingrg/all/function/internal_message.html?_=1657145800713&CODE_STATE=getMsg HTTP/1.1" 200 27
112.49.176.213 - - [07/Jul/2022:06:16:41 +0800] "GET /xingrg/all/function/internal_message.html?_=1657145803862&CODE_STATE=getMsg HTTP/1.1" 302 -
120.253.135.82 - - [07/Jul/2022:06:16:42 +0800] "GET /xingrg/all/function/internal_message.html?_=1657145614740&CODE_STATE=getMsg HTTP/1.1" 200 27
58.40.7.146 - - [07/Jul/2022:06:16:45 +0800] "GET /xingrg/check_reg.html?_=1657145807980 HTTP/1.1" 200 22
58.40.7.146 - - [07/Jul/2022:06:16:45 +0800] "GET /xingrg/all/function/internal_message.html?_=1657145807982&CODE_STATE=getMsg HTTP/1.1" 200 27
101.83.223.227 - - [07/Jul/2022:06:16:48 +0800] "GET /xingrg/all/function/internal_message.html?_=1657145772071&CODE_STATE=getMsg HTTP/1.1" 200 27
218.81.223.53 - - [07/Jul/2022:06:17:13 +0800] "GET /xingrg/all/function/internal_message.html?_=1657145849453&CODE_STATE=getMsg HTTP/1.1" 200 27
218.81.223.53 - - [07/Jul/2022:06:17:26 +0800] "GET /xingrg/check_reg.html?_=1657145798820 HTTP/1.1" 200 22
218.81.223.53 - - [07/Jul/2022:06:17:26 +0800] "GET /xingrg/all/function/internal_message.html?_=1657145798821&CODE_STATE=getMsg HTTP/1.1" 200 27
180.169.147.146 - - [07/Jul/2022:06:17:35 +0800] "GET /xingrg/all/function/internal_message.html?_=1657145856829&CODE_STATE=getMsg HTTP/1.1" 200 27
116.224.129.140 - - [07/Jul/2022:06:17:36 +0800] "GET /xingrg/all/function/internal_message.html?_=1657145860694&CODE_STATE=getMsg HTTP/1.1" 200 27
112.49.176.213 - - [07/Jul/2022:06:17:41 +0800] "GET /xingrg/all/function/internal_message.html?_=1657145863862&CODE_STATE=getMsg HTTP/1.1" 302 -
120.253.135.82 - - [07/Jul/2022:06:17:42 +0800] "GET /xingrg/all/function/internal_message.html?_=1657145674743&CODE_STATE=getMsg HTTP/1.1" 200 27
58.40.7.146 - - [07/Jul/2022:06:17:45 +0800] "GET /xingrg/all/function/internal_message.html?_=1657145867984&CODE_STATE=getMsg HTTP/1.1" 200 27
218.81.223.53 - - [07/Jul/2022:06:17:47 +0800] "GET /xingrg/check_reg.html?_=1657145881420 HTTP/1.1" 302 -
101.83.223.227 - - [07/Jul/2022:06:17:48 +0800] "GET /xingrg/all/function/internal_message.html?_=1657145832127&CODE_STATE=getMsg HTTP/1.1" 200 27
218.81.223.53 - - [07/Jul/2022:06:17:52 +0800] "POST /xingrg/kc/buy/cgsh_order_operate.html HTTP/1.1" 200 37
218.81.223.53 - - [07/Jul/2022:06:17:54 +0800] "POST /xingrg/kc/buy/cgsh_order_operate.html HTTP/1.1" 200 5609
218.81.223.53 - - [07/Jul/2022:06:17:55 +0800] "GET /xingrg/kc/buy/cgsh_order_list.html HTTP/1.1" 200 52100
218.81.223.53 - - [07/Jul/2022:06:17:55 +0800] "GET /xingrg/css/site.css HTTP/1.1" 304 -
218.81.223.53 - - [07/Jul/2022:06:17:55 +0800] "GET /xingrg/javascript/jquery_tools/jquery.tools.extend.js HTTP/1.1" 304 -
218.81.223.53 - - [07/Jul/2022:06:17:55 +0800] "GET /xingrg/javascript/jquery_tools/jquery.tools.hotkey.js HTTP/1.1" 304 -
218.81.223.53 - - [07/Jul/2022:06:17:55 +0800] "GET /xingrg/javascript/jquery_tools/list_manager.js HTTP/1.1" 304 -
218.81.223.53 - - [07/Jul/2022:06:17:55 +0800] "GET /xingrg/javascript/jquery_tools/jquery.tools.table.js HTTP/1.1" 304 -
218.81.223.53 - - [07/Jul/2022:06:17:55 +0800] "GET /xingrg/javascript/easyui/easyloader.js HTTP/1.1" 304 -
218.81.223.53 - - [07/Jul/2022:06:17:55 +0800] "GET /xingrg/javascript/jquery.utils.js HTTP/1.1" 304 -
218.81.223.53 - - [07/Jul/2022:06:17:55 +0800] "GET /xingrg/css/base.css HTTP/1.1" 304 -
218.81.223.53 - - [07/Jul/2022:06:17:55 +0800] "GET /xingrg/javascript/print/LodopFuncs.js HTTP/1.1" 304 -
218.81.223.53 - - [07/Jul/2022:06:17:55 +0800] "GET /xingrg/javascript/auto/jquery.autocomplete.js HTTP/1.1" 304 -
218.81.223.53 - - [07/Jul/2022:06:17:55 +0800] "GET /xingrg/javascript/jquery.cookie.js HTTP/1.1" 304 -
218.81.223.53 - - [07/Jul/2022:06:17:55 +0800] "GET /xingrg/javascript/easyui/themes/default/easyui.css HTTP/1.1" 304 -
218.81.223.53 - - [07/Jul/2022:06:17:55 +0800] "GET /xingrg/javascript/jquery_tools/datebox.css HTTP/1.1" 304 -
218.81.223.53 - - [07/Jul/2022:06:17:55 +0800] "GET /xingrg/javascript/easyui/themes/icon.css HTTP/1.1" 304 -
218.81.223.53 - - [07/Jul/2022:06:17:55 +0800] "GET /xingrg/javascript/auto/jquery.autocomplete.css HTTP/1.1" 304 -
218.81.223.53 - - [07/Jul/2022:06:17:55 +0800] "GET /xingrg/javascript/jquery_tools/fix.css HTTP/1.1" 304 -
218.81.223.53 - - [07/Jul/2022:06:17:55 +0800] "GET /xingrg/javascript/jquery_tools/table.css HTTP/1.1" 304 -
218.81.223.53 - - [07/Jul/2022:06:17:55 +0800] "GET /xingrg/javascript/jquery_tools/jquery.tools.min.js HTTP/1.1" 304 -
218.81.223.53 - - [07/Jul/2022:06:17:56 +0800] "GET /xingrg/javascript/easyui/plugins/jquery.parser.js HTTP/1.1" 304 -
218.81.223.53 - - [07/Jul/2022:06:17:58 +0800] "POST /xingrg/kc/buy/cgsh_list_operate.html HTTP/1.1" 200 4522
218.81.223.53 - - [07/Jul/2022:06:18:04 +0800] "POST /xingrg/kc/buy/cgsh_list_operate.html HTTP/1.1" 200 352
218.81.223.53 - - [07/Jul/2022:06:18:09 +0800] "POST /xingrg/kc/buy/cgsh_list_operate.html HTTP/1.1" 200 434
218.81.223.53 - - [07/Jul/2022:06:18:13 +0800] "GET /xingrg/all/function/internal_message.html?_=1657145909466&CODE_STATE=getMsg HTTP/1.1" 200 27
218.81.223.53 - - [07/Jul/2022:06:18:14 +0800] "POST /xingrg/kc/buy/cgsh_list_operate.html HTTP/1.1" 200 490
218.81.223.53 - - [07/Jul/2022:06:18:18 +0800] "POST /xingrg/kc/buy/cgsh_list_operate.html HTTP/1.1" 200 565
218.81.223.53 - - [07/Jul/2022:06:18:26 +0800] "GET /xingrg/all/function/internal_message.html?_=1657145858822&CODE_STATE=getMsg HTTP/1.1" 200 27
120.253.135.82 - - [07/Jul/2022:06:18:30 +0800] "GET /xingrg/kc/pszx/mdps_order_operate.html?command=get_materiel&pszx_code=00101&rest_code=00104&base_code=0010250&code=00102002233 HTTP/1.1" 200 458
180.169.147.146 - - [07/Jul/2022:06:18:35 +0800] "GET /xingrg/all/function/internal_message.html?_=1657145916833&CODE_STATE=getMsg HTTP/1.1" 200 27
116.224.129.140 - - [07/Jul/2022:06:18:36 +0800] "GET /xingrg/all/function/internal_message.html?_=1657145920664&CODE_STATE=getMsg HTTP/1.1" 200 27
120.253.135.82 - - [07/Jul/2022:06:18:41 +0800] "POST /xingrg/kc/pszx/mdps_order_operate.html HTTP/1.1" 200 37
112.49.176.213 - - [07/Jul/2022:06:18:41 +0800] "GET /xingrg/all/function/internal_message.html?_=1657145923842&CODE_STATE=getMsg HTTP/1.1" 302 -
120.253.135.82 - - [07/Jul/2022:06:18:42 +0800] "GET /xingrg/kc/pszx/mdps_order_info.html?code=312022070700127 HTTP/1.1" 200 23978
120.253.135.82 - - [07/Jul/2022:06:18:42 +0800] "GET /xingrg/all/function/internal_message.html?_=1657145734899&CODE_STATE=getMsg HTTP/1.1" 200 27
120.253.135.82 - - [07/Jul/2022:06:18:42 +0800] "GET /xingrg/javascript/easyui/themes/default/validatebox.css HTTP/1.1" 404 1104
120.253.135.82 - - [07/Jul/2022:06:18:42 +0800] "POST /xingrg/kc/pszx/mdps_order_operate.html HTTP/1.1" 200 4850
58.40.7.146 - - [07/Jul/2022:06:18:45 +0800] "GET /xingrg/all/function/internal_message.html?_=1657145927971&CODE_STATE=getMsg HTTP/1.1" 200 27
101.83.223.227 - - [07/Jul/2022:06:18:48 +0800] "GET /xingrg/all/function/internal_message.html?_=1657145892129&CODE_STATE=getMsg HTTP/1.1" 200 27
218.81.223.53 - - [07/Jul/2022:06:18:49 +0800] "POST /xingrg/kc/buy/cgsh_list_operate.html HTTP/1.1" 200 4
218.81.223.53 - - [07/Jul/2022:06:18:53 +0800] "POST /xingrg/kc/buy/cgsh_list_operate.html HTTP/1.1" 200 4002
218.81.223.53 - - [07/Jul/2022:06:18:58 +0800] "POST /xingrg/kc/buy/cgsh_list_operate.html HTTP/1.1" 200 418
218.81.223.53 - - [07/Jul/2022:06:19:04 +0800] "POST /xingrg/kc/buy/cgsh_list_operate.html HTTP/1.1" 200 354
218.81.223.53 - - [07/Jul/2022:06:19:13 +0800] "GET /xingrg/all/function/internal_message.html?_=1657145969480&CODE_STATE=getMsg HTTP/1.1" 200 27
218.81.223.53 - - [07/Jul/2022:06:19:26 +0800] "GET /xingrg/all/function/internal_message.html?_=1657145918809&CODE_STATE=getMsg HTTP/1.1" 200 27
101.83.223.227 - - [07/Jul/2022:06:19:31 +0800] "POST /xingrg/services/DataTransmitService HTTP/1.1" 200 524
172.20.0.100 - - [07/Jul/2022:06:19:34 +0800] "GET /xingrg/check_reg.html?_=1657145967206 HTTP/1.1" 302 -
180.169.147.146 - - [07/Jul/2022:06:19:35 +0800] "GET /xingrg/all/function/internal_message.html?_=1657145976832&CODE_STATE=getMsg HTTP/1.1" 200 27
116.224.129.140 - - [07/Jul/2022:06:19:36 +0800] "GET /xingrg/all/function/internal_message.html?_=1657145980643&CODE_STATE=getMsg HTTP/1.1" 200 27
120.253.135.82 - - [07/Jul/2022:06:19:36 +0800] "GET /xingrg/check_reg.html?_=1657145788768 HTTP/1.1" 200 22
218.81.223.53 - - [07/Jul/2022:06:19:41 +0800] "POST /xingrg/kc/buy/cgsh_list_operate.html HTTP/1.1" 200 4
112.49.176.213 - - [07/Jul/2022:06:19:41 +0800] "GET /xingrg/all/function/internal_message.html?_=1657145983820&CODE_STATE=getMsg HTTP/1.1" 302 -
120.253.135.82 - - [07/Jul/2022:06:19:42 +0800] "GET /xingrg/all/function/internal_message.html?_=1657145794910&CODE_STATE=getMsg HTTP/1.1" 200 27
120.253.135.82 - - [07/Jul/2022:06:19:44 +0800] "POST /xingrg/kc/pszx/mdps_order_operate.html HTTP/1.1" 200 37
58.40.7.146 - - [07/Jul/2022:06:19:45 +0800] "GET /xingrg/all/function/internal_message.html?_=1657145987974&CODE_STATE=getMsg HTTP/1.1" 200 27
120.253.135.82 - - [07/Jul/2022:06:19:45 +0800] "GET /xingrg/kc/pszx/mdps_order_info.html?code=312022070700127 HTTP/1.1" 200 23978
120.253.135.82 - - [07/Jul/2022:06:19:46 +0800] "POST /xingrg/kc/pszx/mdps_order_operate.html HTTP/1.1" 200 4850
120.253.135.82 - - [07/Jul/2022:06:19:46 +0800] "GET /xingrg/javascript/easyui/themes/default/validatebox.css HTTP/1.1" 404 1104
101.83.223.227 - - [07/Jul/2022:06:19:48 +0800] "GET /xingrg/all/function/internal_message.html?_=1657145952181&CODE_STATE=getMsg HTTP/1.1" 200 27
120.253.135.82 - - [07/Jul/2022:06:20:14 +0800] "POST /xingrg/all/common/load_select.html HTTP/1.1" 200 25
120.253.135.82 - - [07/Jul/2022:06:20:16 +0800] "GET /xingrg/kc/pszx/mdps_order_operate.html?command=get_materiel_price&pszx_code=00101&rest_code=00104&base_code=0010250&code=00102021018&unit_code=00100348&order_time=2022-07-08 HTTP/1.1" 200 35
218.81.223.53 - - [07/Jul/2022:06:20:18 +0800] "POST /xingrg/kc/buy/cgsh_list_operate.html HTTP/1.1" 200 693
101.83.223.227 - - [07/Jul/2022:06:20:21 +0800] "GET /xingrg/check_reg.html?_=1657145985406 HTTP/1.1" 200 22
120.253.135.82 - - [07/Jul/2022:06:20:22 +0800] "POST /xingrg/all/common/load_select.html HTTP/1.1" 200 38
120.253.135.82 - - [07/Jul/2022:06:20:24 +0800] "GET /xingrg/kc/pszx/mdps_order_operate.html?command=get_materiel_price&pszx_code=00101&rest_code=00104&base_code=0010250&code=00102002118&unit_code=00100340&order_time=2022-07-08 HTTP/1.1" 200 35
218.81.223.53 - - [07/Jul/2022:06:20:26 +0800] "GET /xingrg/all/function/internal_message.html?_=1657145978811&CODE_STATE=getMsg HTTP/1.1" 200 27
120.253.135.82 - - [07/Jul/2022:06:20:31 +0800] "POST /xingrg/kc/pszx/mdps_order_operate.html HTTP/1.1" 200 37
120.253.135.82 - - [07/Jul/2022:06:20:32 +0800] "GET /xingrg/kc/pszx/mdps_order_info.html?code=312022070700127 HTTP/1.1" 200 23978
120.253.135.82 - - [07/Jul/2022:06:20:32 +0800] "POST /xingrg/kc/pszx/mdps_order_operate.html HTTP/1.1" 200 4842
120.253.135.82 - - [07/Jul/2022:06:20:32 +0800] "GET /xingrg/javascript/easyui/themes/default/validatebox.css HTTP/1.1" 404 1104
120.253.135.82 - - [07/Jul/2022:06:20:34 +0800] "POST /xingrg/kc/pszx/mdps_list_operate.html HTTP/1.1" 200 2808
180.169.147.146 - - [07/Jul/2022:06:20:35 +0800] "GET /xingrg/all/function/internal_message.html?_=1657146036834&CODE_STATE=getMsg HTTP/1.1" 200 27
180.169.147.146 - - [07/Jul/2022:06:20:35 +0800] "GET /xingrg/check_reg.html?_=1657146036836 HTTP/1.1" 200 22
116.224.129.140 - - [07/Jul/2022:06:20:36 +0800] "GET /xingrg/all/function/internal_message.html?_=1657146040612&CODE_STATE=getMsg HTTP/1.1" 200 27
120.253.135.82 - - [07/Jul/2022:06:20:36 +0800] "POST /xingrg/kc/pszx/mdps_list_operate.html HTTP/1.1" 200 596
120.253.135.82 - - [07/Jul/2022:06:20:37 +0800] "GET /xingrg/kc/pszx/mdps_order_info.html?code=312022070700128 HTTP/1.1" 200 23978
120.253.135.82 - - [07/Jul/2022:06:20:38 +0800] "POST /xingrg/kc/pszx/mdps_order_operate.html HTTP/1.1" 200 5198
120.253.135.82 - - [07/Jul/2022:06:20:38 +0800] "GET /xingrg/javascript/easyui/themes/default/validatebox.css HTTP/1.1" 404 1104
120.253.135.82 - - [07/Jul/2022:06:20:41 +0800] "POST /xingrg/kc/pszx/mdps_order_operate.html HTTP/1.1" 200 37
112.49.176.213 - - [07/Jul/2022:06:20:41 +0800] "GET /xingrg/all/function/internal_message.html?_=1657146043800&CODE_STATE=getMsg HTTP/1.1" 302 -
120.253.135.82 - - [07/Jul/2022:06:20:42 +0800] "GET /xingrg/kc/pszx/mdps_order_info.html?code=312022070700128 HTTP/1.1" 200 23978
120.253.135.82 - - [07/Jul/2022:06:20:42 +0800] "POST /xingrg/kc/pszx/mdps_order_operate.html HTTP/1.1" 200 5250
120.253.135.82 - - [07/Jul/2022:06:20:42 +0800] "GET /xingrg/javascript/easyui/themes/default/validatebox.css HTTP/1.1" 404 1104
120.253.135.82 - - [07/Jul/2022:06:20:42 +0800] "GET /xingrg/all/function/internal_message.html?_=1657145855005&CODE_STATE=getMsg HTTP/1.1" 200 27
58.40.7.146 - - [07/Jul/2022:06:20:45 +0800] "GET /xingrg/all/function/internal_message.html?_=1657146047977&CODE_STATE=getMsg HTTP/1.1" 200 27
101.83.223.227 - - [07/Jul/2022:06:20:48 +0800] "GET /xingrg/all/function/internal_message.html?_=1657146012188&CODE_STATE=getMsg HTTP/1.1" 200 27
120.253.135.82 - - [07/Jul/2022:06:20:49 +0800] "POST /xingrg/kc/pszx/mdps_list_operate.html HTTP/1.1" 200 2808
120.253.135.82 - - [07/Jul/2022:06:20:51 +0800] "GET /xingrg/kc/pszx/mdps_order_add.html HTTP/1.1" 200 29076
120.253.135.82 - - [07/Jul/2022:06:20:51 +0800] "POST /xingrg/kc/pszx/mdps_order_operate.html HTTP/1.1" 200 7126
120.253.135.82 - - [07/Jul/2022:06:20:51 +0800] "GET /xingrg/javascript/easyui/themes/default/validatebox.css HTTP/1.1" 404 1104
116.224.129.140 - - [07/Jul/2022:06:20:58 +0800] "GET /xingrg/check_reg.html?_=1657146062913 HTTP/1.1" 200 22
120.253.135.82 - - [07/Jul/2022:06:21:01 +0800] "POST /xingrg/all/common/load_combo.html?type=base HTTP/1.1" 200 1169
218.81.223.53 - - [07/Jul/2022:06:21:02 +0800] "GET /xingrg/all/function/internal_message.html?_=1657146078119&CODE_STATE=getMsg HTTP/1.1" 200 27
218.81.223.53 - - [07/Jul/2022:06:21:02 +0800] "GET /xingrg/check_reg.html?_=1657146078122 HTTP/1.1" 200 22
120.253.135.82 - - [07/Jul/2022:06:21:08 +0800] "GET /xingrg/kc/pszx/mdps_order_operate.html?command=get_materiel&pszx_code=00101&rest_code=00104&base_code=0010246&code=00101006002 HTTP/1.1" 200 427
