180.169.147.146 - - [04/Jul/2022:09:38:26 +0800] "GET /xingrg/all/function/internal_message.html?_=1656898702522&CODE_STATE=getMsg HTTP/1.1" 200 27
218.81.223.53 - - [04/Jul/2022:09:38:28 +0800] "GET /xingrg/kc/buy/cgsh_order_operate.html?command=get_materiel&rest_code=00146&code=00101015068&supplier_code=00100005&order_time=2022-07-04 HTTP/1.1" 200 412
101.85.238.90 - - [04/Jul/2022:09:38:29 +0800] "GET /xingrg/all/function/internal_message.html?_=1656898776609&CODE_STATE=getMsg HTTP/1.1" 200 27
101.83.223.227 - - [04/Jul/2022:09:38:30 +0800] "GET /xingrg/all/function/internal_message.html?_=1656898672540&CODE_STATE=getMsg HTTP/1.1" 200 27
101.83.241.144 - - [04/Jul/2022:09:38:32 +0800] "GET /xingrg/all/function/internal_message.html?_=1656898708883&CODE_STATE=getMsg HTTP/1.1" 200 27
61.170.232.88 - - [04/Jul/2022:09:38:33 +0800] "GET /xingrg/all/function/internal_message.html?_=1656898713256&CODE_STATE=getMsg HTTP/1.1" 200 27
218.81.223.53 - - [04/Jul/2022:09:38:39 +0800] "GET /xingrg/check_reg.html?_=1656898718643 HTTP/1.1" 200 22
218.81.223.53 - - [04/Jul/2022:09:38:40 +0800] "GET /xingrg/all/function/internal_message.html?_=1656898719455&CODE_STATE=getMsg HTTP/1.1" 200 27
218.81.223.53 - - [04/Jul/2022:09:38:41 +0800] "GET /xingrg/kc/buy/cgsh_order_operate.html?command=get_materiel&rest_code=00146&code=00101015032&supplier_code=00100005&order_time=2022-07-04 HTTP/1.1" 200 419
180.162.222.201 - - [04/Jul/2022:09:38:45 +0800] "GET /xingrg/all/function/internal_message.html?_=1656898723366&CODE_STATE=getMsg HTTP/1.1" 200 27
58.35.196.166 - - [04/Jul/2022:09:38:47 +0800] "GET /xingrg/all/function/internal_message.html?_=1656898724986&CODE_STATE=getMsg HTTP/1.1" 200 27
114.84.82.172 - - [04/Jul/2022:09:38:52 +0800] "GET /xingrg/all/function/internal_message.html?_=1656898730885&CODE_STATE=getMsg HTTP/1.1" 200 27
218.81.223.53 - - [04/Jul/2022:09:38:55 +0800] "GET /xingrg/kc/buy/cgsh_order_operate.html?command=get_materiel&rest_code=00146&code=00101008283&supplier_code=00100005&order_time=2022-07-04 HTTP/1.1" 200 408
114.88.162.248 - - [04/Jul/2022:09:38:58 +0800] "GET /xingrg/kc/buy/cgsh_order_operate.html?command=get_materiel&rest_code=00111&code=00101004010&supplier_code=00100199&order_time=2022-07-04 HTTP/1.1" 200 409
180.169.147.146 - - [04/Jul/2022:09:38:59 +0800] "GET /xingrg/all/function/internal_message.html?_=1656898737487&CODE_STATE=getMsg HTTP/1.1" 200 27
114.88.162.248 - - [04/Jul/2022:09:39:02 +0800] "GET /xingrg/all/function/internal_message.html?_=1656898735995&CODE_STATE=getMsg HTTP/1.1" 200 27
180.169.147.146 - - [04/Jul/2022:09:39:14 +0800] "GET /xingrg/all/function/internal_message.html?_=1656898752330&CODE_STATE=getMsg HTTP/1.1" 200 27
58.40.7.146 - - [04/Jul/2022:09:39:17 +0800] "GET /xingrg/all/function/internal_message.html?_=1656898755189&CODE_STATE=getMsg HTTP/1.1" 200 27
114.88.162.248 - - [04/Jul/2022:09:39:21 +0800] "GET /xingrg/kc/buy/cgsh_order_operate.html?command=get_materiel&rest_code=00111&code=00101002016&supplier_code=00100199&order_time=2022-07-04 HTTP/1.1" 200 415
116.230.110.173 - - [04/Jul/2022:09:39:21 +0800] "GET /xingrg/all/function/internal_message.html?_=1656898748328&CODE_STATE=getMsg HTTP/1.1" 200 27
116.230.110.173 - - [04/Jul/2022:09:39:21 +0800] "GET /xingrg/check_reg.html?_=1656898748332 HTTP/1.1" 200 22
218.81.223.53 - - [04/Jul/2022:09:39:21 +0800] "GET /xingrg/kc/buy/cgsh_order_operate.html?command=get_materiel&rest_code=00146&code=00101008219&supplier_code=00100005&order_time=2022-07-04 HTTP/1.1" 200 412
180.169.147.146 - - [04/Jul/2022:09:39:26 +0800] "GET /xingrg/check_reg.html?_=1656898762522 HTTP/1.1" 200 22
180.169.147.146 - - [04/Jul/2022:09:39:26 +0800] "GET /xingrg/all/function/internal_message.html?_=1656898762535&CODE_STATE=getMsg HTTP/1.1" 200 27
101.85.238.90 - - [04/Jul/2022:09:39:29 +0800] "GET /xingrg/check_reg.html?_=1656898836382 HTTP/1.1" 200 22
101.85.238.90 - - [04/Jul/2022:09:39:29 +0800] "GET /xingrg/all/function/internal_message.html?_=1656898836623&CODE_STATE=getMsg HTTP/1.1" 200 27
101.83.223.227 - - [04/Jul/2022:09:39:30 +0800] "GET /xingrg/all/function/internal_message.html?_=1656898732554&CODE_STATE=getMsg HTTP/1.1" 200 27
101.83.241.144 - - [04/Jul/2022:09:39:32 +0800] "GET /xingrg/all/function/internal_message.html?_=1656898768881&CODE_STATE=getMsg HTTP/1.1" 200 27
61.170.232.88 - - [04/Jul/2022:09:39:33 +0800] "GET /xingrg/all/function/internal_message.html?_=1656898773255&CODE_STATE=getMsg HTTP/1.1" 200 27
114.88.162.248 - - [04/Jul/2022:09:39:39 +0800] "POST /xingrg/kc/buy/cgsh_order_operate.html HTTP/1.1" 200 37
218.81.223.53 - - [04/Jul/2022:09:39:40 +0800] "GET /xingrg/all/function/internal_message.html?_=1656898779468&CODE_STATE=getMsg HTTP/1.1" 200 27
218.81.223.53 - - [04/Jul/2022:09:39:42 +0800] "GET /xingrg/kc/buy/cgsh_order_operate.html?command=get_materiel&rest_code=00146&code=00101008132&supplier_code=00100005&order_time=2022-07-04 HTTP/1.1" 200 408
58.37.225.129 - - [04/Jul/2022:09:39:42 +0800] "POST /xingrg/services/DataTransmitService HTTP/1.1" 200 524
58.37.225.129 - - [04/Jul/2022:09:39:42 +0800] "POST /xingrg/services/DataTransmitService HTTP/1.1" 200 501
114.88.162.248 - - [04/Jul/2022:09:39:43 +0800] "POST /xingrg/kc/buy/cgsh_order_operate.html HTTP/1.1" 200 3850
101.85.238.90 - - [04/Jul/2022:09:39:45 +0800] "GET /xingrg/kc/buy/cgsh_order_list.html HTTP/1.1" 200 52094
180.162.222.201 - - [04/Jul/2022:09:39:45 +0800] "GET /xingrg/all/function/internal_message.html?_=1656898783338&CODE_STATE=getMsg HTTP/1.1" 200 27
218.81.223.53 - - [04/Jul/2022:09:39:46 +0800] "POST /xingrg/kc/buy/cgsh_order_operate.html HTTP/1.1" 200 2065
101.85.238.90 - - [04/Jul/2022:09:39:46 +0800] "POST /xingrg/kc/buy/cgsh_list_operate.html HTTP/1.1" 200 693
58.35.196.166 - - [04/Jul/2022:09:39:47 +0800] "GET /xingrg/all/function/internal_message.html?_=1656898784956&CODE_STATE=getMsg HTTP/1.1" 200 27
114.88.162.248 - - [04/Jul/2022:09:39:47 +0800] "GET /xingrg/kc/print/load_config.html?kc_code=cgsh HTTP/1.1" 200 1943
58.221.95.50 - - [04/Jul/2022:09:39:48 +0800] "GET /xingrg/check_reg.html?_=1656898786553 HTTP/1.1" 302 -
114.88.162.248 - - [04/Jul/2022:09:39:48 +0800] "GET /xingrg/kc/print/load_data.html?order_code=212022070400947&kc_code=cgsh&condition= HTTP/1.1" 200 1122
114.84.82.172 - - [04/Jul/2022:09:39:52 +0800] "GET /xingrg/all/function/internal_message.html?_=1656898790881&CODE_STATE=getMsg HTTP/1.1" 200 27
101.85.238.90 - - [04/Jul/2022:09:39:53 +0800] "GET /xingrg/kc/buy/cgsh_order_add.html HTTP/1.1" 200 67870
101.85.238.90 - - [04/Jul/2022:09:39:53 +0800] "GET /xingrg/words/20220704092917_words.js HTTP/1.1" 200 903920
172.20.0.100 - - [04/Jul/2022:09:39:55 +0800] "GET /xingrg/check_reg.html?_=1656898786406 HTTP/1.1" 302 -
101.85.238.90 - - [04/Jul/2022:09:39:55 +0800] "POST /xingrg/kc/buy/cgsh_order_operate.html HTTP/1.1" 200 8245
218.81.223.53 - - [04/Jul/2022:09:39:55 +0800] "GET /xingrg/kc/buy/cgsh_order_operate.html?command=get_materiel&rest_code=00146&code=00101008300&supplier_code=00100005&order_time=2022-07-04 HTTP/1.1" 200 412
101.85.238.90 - - [04/Jul/2022:09:39:55 +0800] "GET /xingrg/javascript/easyui/themes/default/validatebox.css HTTP/1.1" 404 1104
101.85.238.90 - - [04/Jul/2022:09:39:57 +0800] "GET /xingrg/javascript/easyui/plugins/jquery.draggable.js HTTP/1.1" 200 6121
101.85.238.90 - - [04/Jul/2022:09:39:57 +0800] "GET /xingrg/css/images/panel_loading.gif HTTP/1.1" 200 1737
101.85.238.90 - - [04/Jul/2022:09:39:57 +0800] "GET /xingrg/javascript/easyui/plugins/jquery.droppable.js HTTP/1.1" 200 1167
101.85.238.90 - - [04/Jul/2022:09:39:57 +0800] "GET /xingrg/javascript/easyui/themes/default/tree.css HTTP/1.1" 404 1090
101.85.238.90 - - [04/Jul/2022:09:39:57 +0800] "GET /xingrg/javascript/easyui/plugins/jquery.tree.js HTTP/1.1" 200 20874
101.85.238.90 - - [04/Jul/2022:09:39:57 +0800] "POST /xingrg/all/common/load_tree.html?tree=supplier_tree_json&isDelete=1 HTTP/1.1" 200 66828
180.169.147.146 - - [04/Jul/2022:09:39:59 +0800] "GET /xingrg/all/function/internal_message.html?_=1656898797487&CODE_STATE=getMsg HTTP/1.1" 200 27
101.85.238.90 - - [04/Jul/2022:09:40:00 +0800] "GET /xingrg/javascript/easyui/themes/default/images/tree_arrows.gif HTTP/1.1" 200 617
101.85.238.90 - - [04/Jul/2022:09:40:00 +0800] "GET /xingrg/javascript/easyui/themes/default/images/tree_folder_open.gif HTTP/1.1" 200 956
101.85.238.90 - - [04/Jul/2022:09:40:00 +0800] "GET /xingrg/javascript/easyui/themes/default/images/tree_folder.gif HTTP/1.1" 200 952
101.85.238.90 - - [04/Jul/2022:09:40:00 +0800] "GET /xingrg/javascript/easyui/themes/default/images/tree_file.gif HTTP/1.1" 200 118
114.88.162.248 - - [04/Jul/2022:09:40:02 +0800] "GET /xingrg/all/function/internal_message.html?_=1656898796003&CODE_STATE=getMsg HTTP/1.1" 200 27
114.88.162.248 - - [04/Jul/2022:09:40:02 +0800] "GET /xingrg/check_reg.html?_=1656898795999 HTTP/1.1" 200 22
180.169.147.146 - - [04/Jul/2022:09:40:14 +0800] "GET /xingrg/check_reg.html?_=1656898812322 HTTP/1.1" 200 22
180.169.147.146 - - [04/Jul/2022:09:40:14 +0800] "GET /xingrg/all/function/internal_message.html?_=1656898812324&CODE_STATE=getMsg HTTP/1.1" 200 27
58.40.7.146 - - [04/Jul/2022:09:40:17 +0800] "GET /xingrg/all/function/internal_message.html?_=1656898815191&CODE_STATE=getMsg HTTP/1.1" 200 27
116.230.110.173 - - [04/Jul/2022:09:40:21 +0800] "GET /xingrg/all/function/internal_message.html?_=1656898808335&CODE_STATE=getMsg HTTP/1.1" 200 27
180.169.147.146 - - [04/Jul/2022:09:40:26 +0800] "GET /xingrg/all/function/internal_message.html?_=1656898822512&CODE_STATE=getMsg HTTP/1.1" 200 27
218.81.223.53 - - [04/Jul/2022:09:40:26 +0800] "GET /xingrg/kc/buy/cgsh_order_operate.html?command=get_materiel&rest_code=00146&code=00101008298&supplier_code=00100005&order_time=2022-07-04 HTTP/1.1" 200 413
101.85.238.90 - - [04/Jul/2022:09:40:29 +0800] "GET /xingrg/all/function/internal_message.html?_=1656898896782&CODE_STATE=getMsg HTTP/1.1" 200 27
101.83.223.227 - - [04/Jul/2022:09:40:30 +0800] "GET /xingrg/all/function/internal_message.html?_=1656898792581&CODE_STATE=getMsg HTTP/1.1" 200 27
101.83.241.144 - - [04/Jul/2022:09:40:32 +0800] "GET /xingrg/all/function/internal_message.html?_=1656898828894&CODE_STATE=getMsg HTTP/1.1" 200 27
101.83.241.144 - - [04/Jul/2022:09:40:32 +0800] "GET /xingrg/check_reg.html?_=1656898828908 HTTP/1.1" 200 22
222.70.180.114 - - [04/Jul/2022:09:40:33 +0800] "POST /xingrg/services/DataTransmitService HTTP/1.1" 200 524
61.170.232.88 - - [04/Jul/2022:09:40:33 +0800] "GET /xingrg/all/function/internal_message.html?_=1656898833269&CODE_STATE=getMsg HTTP/1.1" 200 27
222.70.180.114 - - [04/Jul/2022:09:40:33 +0800] "POST /xingrg/services/DataTransmitService HTTP/1.1" 200 501
222.70.180.114 - - [04/Jul/2022:09:40:34 +0800] "POST /xingrg/services/DataTransmitService HTTP/1.1" 200 501
222.70.180.114 - - [04/Jul/2022:09:40:34 +0800] "POST /xingrg/services/DataTransmitService HTTP/1.1" 200 501
222.70.180.114 - - [04/Jul/2022:09:40:34 +0800] "POST /xingrg/services/DataTransmitService HTTP/1.1" 200 501
222.70.180.114 - - [04/Jul/2022:09:40:34 +0800] "POST /xingrg/services/DataTransmitService HTTP/1.1" 200 501
222.70.180.114 - - [04/Jul/2022:09:40:35 +0800] "POST /xingrg/services/DataTransmitService HTTP/1.1" 200 501
222.70.180.114 - - [04/Jul/2022:09:40:35 +0800] "POST /xingrg/services/DataTransmitService HTTP/1.1" 200 412
101.85.238.90 - - [04/Jul/2022:09:40:36 +0800] "GET /xingrg/kc/buy/cgsh_order_operate.html?command=get_materiel&rest_code=00102&code=00101002027&supplier_code=00100400&order_time=2022-07-04 HTTP/1.1" 200 430
218.81.223.53 - - [04/Jul/2022:09:40:37 +0800] "GET /xingrg/kc/buy/cgsh_order_operate.html?command=get_materiel&rest_code=00146&code=00101008403&supplier_code=00100005&order_time=2022-07-04 HTTP/1.1" 200 412
218.81.223.53 - - [04/Jul/2022:09:40:40 +0800] "GET /xingrg/all/function/internal_message.html?_=1656898839482&CODE_STATE=getMsg HTTP/1.1" 200 27
218.81.223.53 - - [04/Jul/2022:09:40:40 +0800] "POST /xingrg/kc/buy/cgsh_order_operate.html HTTP/1.1" 200 2065
180.162.222.201 - - [04/Jul/2022:09:40:45 +0800] "GET /xingrg/all/function/internal_message.html?_=1656898843321&CODE_STATE=getMsg HTTP/1.1" 200 27
180.162.222.201 - - [04/Jul/2022:09:40:45 +0800] "GET /xingrg/kc/buy/cgsh_order_list.html HTTP/1.1" 200 52094
58.35.196.166 - - [04/Jul/2022:09:40:47 +0800] "GET /xingrg/all/function/internal_message.html?_=1656898844928&CODE_STATE=getMsg HTTP/1.1" 200 27
180.162.222.201 - - [04/Jul/2022:09:40:48 +0800] "POST /xingrg/kc/buy/cgsh_list_operate.html HTTP/1.1" 200 4434
180.162.222.201 - - [04/Jul/2022:09:40:48 +0800] "GET /xingrg/kc/base/wldb_order_list.html HTTP/1.1" 200 19142
180.162.222.201 - - [04/Jul/2022:09:40:48 +0800] "POST /xingrg/kc/base/wldb_list_operate.html HTTP/1.1" 200 2171
180.162.222.201 - - [04/Jul/2022:09:40:50 +0800] "GET /xingrg/kc/base/wldb_order_add.html HTTP/1.1" 200 30356
180.162.222.201 - - [04/Jul/2022:09:40:50 +0800] "GET /xingrg/words/20220704092917_words.js HTTP/1.1" 200 903920
180.162.222.201 - - [04/Jul/2022:09:40:50 +0800] "POST /xingrg/kc/base/wldb_order_operate.html HTTP/1.1" 200 6806
180.162.222.201 - - [04/Jul/2022:09:40:51 +0800] "GET /xingrg/javascript/easyui/themes/default/validatebox.css HTTP/1.1" 404 1104
180.162.222.201 - - [04/Jul/2022:09:40:51 +0800] "POST /xingrg/all/common/load_combo.html?type=base HTTP/1.1" 200 3409
114.84.82.172 - - [04/Jul/2022:09:40:52 +0800] "GET /xingrg/check_reg.html?_=1656898850885 HTTP/1.1" 200 22
114.84.82.172 - - [04/Jul/2022:09:40:52 +0800] "GET /xingrg/all/function/internal_message.html?_=1656898850887&CODE_STATE=getMsg HTTP/1.1" 200 27
218.81.223.53 - - [04/Jul/2022:09:40:56 +0800] "GET /xingrg/kc/buy/cgsh_order_operate.html?command=get_materiel&rest_code=00146&code=00101008126&supplier_code=00100005&order_time=2022-07-04 HTTP/1.1" 200 412
101.85.238.90 - - [04/Jul/2022:09:40:58 +0800] "GET /xingrg/kc/buy/cgsh_order_operate.html?command=get_materiel&rest_code=00102&code=00101001075&supplier_code=00100400&order_time=2022-07-04 HTTP/1.1" 200 430
180.169.147.146 - - [04/Jul/2022:09:40:59 +0800] "GET /xingrg/all/function/internal_message.html?_=1656898857487&CODE_STATE=getMsg HTTP/1.1" 200 27
180.162.222.201 - - [04/Jul/2022:09:41:00 +0800] "GET /xingrg/kc/base/wldb_order_operate.html?command=get_materiel&rest_code=00105&base_code=0010507&code=00101019257 HTTP/1.1" 200 477
114.88.162.248 - - [04/Jul/2022:09:41:02 +0800] "GET /xingrg/all/function/internal_message.html?_=1656898856003&CODE_STATE=getMsg HTTP/1.1" 200 27
101.83.223.227 - - [04/Jul/2022:09:41:03 +0800] "GET /xingrg/check_reg.html?_=1656898825405 HTTP/1.1" 200 22
180.162.222.201 - - [04/Jul/2022:09:41:06 +0800] "GET /xingrg/kc/base/wldb_order_operate.html?command=get_materiel&rest_code=00105&base_code=0010507&code=00101019258 HTTP/1.1" 200 483
58.35.196.166 - - [04/Jul/2022:09:41:12 +0800] "GET /xingrg/check_reg.html?_=1656898869789 HTTP/1.1" 200 22
180.162.222.201 - - [04/Jul/2022:09:41:14 +0800] "GET /xingrg/kc/base/wldb_order_operate.html?command=get_materiel&rest_code=00105&base_code=0010507&code=00101019110 HTTP/1.1" 200 476
180.169.147.146 - - [04/Jul/2022:09:41:14 +0800] "GET /xingrg/all/function/internal_message.html?_=1656898872328&CODE_STATE=getMsg HTTP/1.1" 200 27
58.40.7.146 - - [04/Jul/2022:09:41:17 +0800] "GET /xingrg/all/function/internal_message.html?_=1656898875193&CODE_STATE=getMsg HTTP/1.1" 200 27
180.162.222.201 - - [04/Jul/2022:09:41:19 +0800] "GET /xingrg/kc/base/wldb_order_operate.html?command=get_materiel&rest_code=00105&base_code=0010507&code=00101019079 HTTP/1.1" 200 479
116.230.110.173 - - [04/Jul/2022:09:41:21 +0800] "GET /xingrg/all/function/internal_message.html?_=1656898868315&CODE_STATE=getMsg HTTP/1.1" 200 27
101.85.238.90 - - [04/Jul/2022:09:41:22 +0800] "GET /xingrg/kc/buy/cgsh_order_operate.html?command=get_materiel&rest_code=00102&code=00101005037&supplier_code=00100400&order_time=2022-07-04 HTTP/1.1" 200 409
180.169.147.146 - - [04/Jul/2022:09:41:26 +0800] "GET /xingrg/all/function/internal_message.html?_=1656898882535&CODE_STATE=getMsg HTTP/1.1" 200 27
101.85.238.90 - - [04/Jul/2022:09:41:29 +0800] "GET /xingrg/all/function/internal_message.html?_=1656898956792&CODE_STATE=getMsg HTTP/1.1" 200 27
101.83.223.227 - - [04/Jul/2022:09:41:30 +0800] "GET /xingrg/all/function/internal_message.html?_=1656898852596&CODE_STATE=getMsg HTTP/1.1" 200 27
180.162.222.201 - - [04/Jul/2022:09:41:32 +0800] "GET /xingrg/kc/base/wldb_order_operate.html?command=get_materiel&rest_code=00105&base_code=0010507&code=00101019175 HTTP/1.1" 200 439
101.83.241.144 - - [04/Jul/2022:09:41:32 +0800] "GET /xingrg/all/function/internal_message.html?_=1656898888892&CODE_STATE=getMsg HTTP/1.1" 200 27
61.170.232.88 - - [04/Jul/2022:09:41:33 +0800] "GET /xingrg/check_reg.html?_=1656898893268 HTTP/1.1" 200 22
61.170.232.88 - - [04/Jul/2022:09:41:33 +0800] "GET /xingrg/all/function/internal_message.html?_=1656898893269&CODE_STATE=getMsg HTTP/1.1" 200 27
101.85.238.90 - - [04/Jul/2022:09:41:39 +0800] "POST /xingrg/kc/buy/cgsh_order_operate.html HTTP/1.1" 200 37
218.81.223.53 - - [04/Jul/2022:09:41:40 +0800] "GET /xingrg/all/function/internal_message.html?_=1656898899496&CODE_STATE=getMsg HTTP/1.1" 200 27
218.81.223.53 - - [04/Jul/2022:09:41:42 +0800] "GET /xingrg/kc/buy/cgsh_order_operate.html?command=get_materiel&rest_code=00146&code=00101008323&supplier_code=00100005&order_time=2022-07-04 HTTP/1.1" 200 408
101.85.238.90 - - [04/Jul/2022:09:41:42 +0800] "POST /xingrg/kc/buy/cgsh_order_operate.html HTTP/1.1" 200 12
180.162.222.201 - - [04/Jul/2022:09:41:42 +0800] "GET /xingrg/kc/base/wldb_order_operate.html?command=get_materiel&rest_code=00105&base_code=0010507&code=00101019249 HTTP/1.1" 200 470
101.85.238.90 - - [04/Jul/2022:09:41:45 +0800] "GET /xingrg/kc/buy/cgsh_order_info.html?code=212022070400948 HTTP/1.1" 200 62769
180.162.222.201 - - [04/Jul/2022:09:41:45 +0800] "GET /xingrg/all/function/internal_message.html?_=1656898903310&CODE_STATE=getMsg HTTP/1.1" 200 27
101.85.238.90 - - [04/Jul/2022:09:41:46 +0800] "GET /xingrg/javascript/easyui/themes/default/validatebox.css HTTP/1.1" 404 1104
116.235.94.65 - - [04/Jul/2022:09:41:46 +0800] "POST /xingrg/services/DataTransmitService HTTP/1.1" 200 524
101.85.238.90 - - [04/Jul/2022:09:41:46 +0800] "POST /xingrg/kc/buy/cgsh_order_operate.html HTTP/1.1" 200 1789
58.35.196.166 - - [04/Jul/2022:09:41:47 +0800] "GET /xingrg/all/function/internal_message.html?_=1656898904901&CODE_STATE=getMsg HTTP/1.1" 200 27
114.84.82.172 - - [04/Jul/2022:09:41:52 +0800] "GET /xingrg/all/function/internal_message.html?_=1656898910873&CODE_STATE=getMsg HTTP/1.1" 200 27
180.162.222.201 - - [04/Jul/2022:09:41:52 +0800] "GET /xingrg/kc/base/wldb_order_operate.html?command=get_materiel&rest_code=00105&base_code=0010507&code=00101019400 HTTP/1.1" 200 465
218.81.223.53 - - [04/Jul/2022:09:41:52 +0800] "GET /xingrg/kc/buy/cgsh_order_operate.html?command=get_materiel&rest_code=00146&code=00101008290&supplier_code=00100005&order_time=2022-07-04 HTTP/1.1" 200 416
180.169.147.146 - - [04/Jul/2022:09:41:59 +0800] "GET /xingrg/all/function/internal_message.html?_=1656898917512&CODE_STATE=getMsg HTTP/1.1" 200 27
180.169.147.146 - - [04/Jul/2022:09:41:59 +0800] "GET /xingrg/check_reg.html?_=1656898917515 HTTP/1.1" 200 22
101.85.238.90 - - [04/Jul/2022:09:41:59 +0800] "GET /xingrg/kc/print/load_data.html?order_code=212022070400948&kc_code=cgsh&condition= HTTP/1.1" 200 1124
180.162.222.201 - - [04/Jul/2022:09:42:01 +0800] "GET /xingrg/kc/base/wldb_order_operate.html?command=get_materiel&rest_code=00105&base_code=0010507&code=00101019183 HTTP/1.1" 200 449
114.88.162.248 - - [04/Jul/2022:09:42:02 +0800] "GET /xingrg/all/function/internal_message.html?_=1656898916004&CODE_STATE=getMsg HTTP/1.1" 200 27
218.81.223.53 - - [04/Jul/2022:09:42:05 +0800] "GET /xingrg/kc/buy/cgsh_order_operate.html?command=get_materiel&rest_code=00146&code=00101008296&supplier_code=00100005&order_time=2022-07-04 HTTP/1.1" 200 416
218.81.223.53 - - [04/Jul/2022:09:42:08 +0800] "POST /xingrg/kc/buy/cgsh_order_operate.html HTTP/1.1" 200 2065
180.169.147.146 - - [04/Jul/2022:09:42:14 +0800] "GET /xingrg/all/function/internal_message.html?_=1656898932331&CODE_STATE=getMsg HTTP/1.1" 200 27
180.162.222.201 - - [04/Jul/2022:09:42:15 +0800] "GET /xingrg/kc/base/wldb_order_operate.html?command=get_materiel&rest_code=00105&base_code=0010507&code=00101019142 HTTP/1.1" 200 463
218.81.223.53 - - [04/Jul/2022:09:42:15 +0800] "GET /xingrg/kc/buy/cgsh_order_operate.html?command=get_materiel&rest_code=00146&code=00101008361&supplier_code=00100005&order_time=2022-07-04 HTTP/1.1" 200 408
58.40.7.146 - - [04/Jul/2022:09:42:17 +0800] "GET /xingrg/check_reg.html?_=1656898935209 HTTP/1.1" 200 22
58.40.7.146 - - [04/Jul/2022:09:42:17 +0800] "GET /xingrg/all/function/internal_message.html?_=1656898935211&CODE_STATE=getMsg HTTP/1.1" 200 27
116.230.110.173 - - [04/Jul/2022:09:42:21 +0800] "GET /xingrg/all/function/internal_message.html?_=1656898928321&CODE_STATE=getMsg HTTP/1.1" 200 27
114.88.162.248 - - [04/Jul/2022:09:42:23 +0800] "GET /xingrg/kc/buy/cgsh_order_add.html HTTP/1.1" 200 67832
114.88.162.248 - - [04/Jul/2022:09:42:23 +0800] "POST /xingrg/kc/buy/cgsh_order_operate.html HTTP/1.1" 200 8245
114.88.162.248 - - [04/Jul/2022:09:42:23 +0800] "GET /xingrg/javascript/easyui/themes/default/validatebox.css HTTP/1.1" 404 1104
180.169.147.146 - - [04/Jul/2022:09:42:26 +0800] "GET /xingrg/all/function/internal_message.html?_=1656898942536&CODE_STATE=getMsg HTTP/1.1" 200 27
101.85.238.90 - - [04/Jul/2022:09:42:29 +0800] "GET /xingrg/all/function/internal_message.html?_=1656899016804&CODE_STATE=getMsg HTTP/1.1" 200 27
101.83.223.227 - - [04/Jul/2022:09:42:30 +0800] "GET /xingrg/check_reg.html?_=1656898912452 HTTP/1.1" 200 22
101.83.223.227 - - [04/Jul/2022:09:42:30 +0800] "GET /xingrg/all/function/internal_message.html?_=1656898912609&CODE_STATE=getMsg HTTP/1.1" 200 27
101.83.241.144 - - [04/Jul/2022:09:42:32 +0800] "GET /xingrg/all/function/internal_message.html?_=1656898948896&CODE_STATE=getMsg HTTP/1.1" 200 27
61.170.232.88 - - [04/Jul/2022:09:42:33 +0800] "GET /xingrg/all/function/internal_message.html?_=1656898953268&CODE_STATE=getMsg HTTP/1.1" 200 27
218.81.223.53 - - [04/Jul/2022:09:42:40 +0800] "GET /xingrg/all/function/internal_message.html?_=1656898959520&CODE_STATE=getMsg HTTP/1.1" 200 27
180.162.222.201 - - [04/Jul/2022:09:42:41 +0800] "POST /xingrg/kc/base/wldb_order_operate.html HTTP/1.1" 200 37
180.162.222.201 - - [04/Jul/2022:09:42:41 +0800] "POST /xingrg/kc/base/wldb_order_operate.html HTTP/1.1" 200 7168
218.81.223.53 - - [04/Jul/2022:09:42:45 +0800] "GET /xingrg/check_reg.html?_=1656898964173 HTTP/1.1" 302 -
58.35.196.166 - - [04/Jul/2022:09:42:47 +0800] "GET /xingrg/all/function/internal_message.html?_=1656898964871&CODE_STATE=getMsg HTTP/1.1" 200 27
114.84.82.172 - - [04/Jul/2022:09:42:52 +0800] "GET /xingrg/all/function/internal_message.html?_=1656898970883&CODE_STATE=getMsg HTTP/1.1" 200 27
180.162.222.201 - - [04/Jul/2022:09:42:54 +0800] "GET /xingrg/kc/base/wldb_order_info.html?code=422022070400251 HTTP/1.1" 200 30371
180.162.222.201 - - [04/Jul/2022:09:42:54 +0800] "GET /xingrg/javascript/easyui/themes/default/validatebox.css HTTP/1.1" 404 1104
180.162.222.201 - - [04/Jul/2022:09:42:55 +0800] "POST /xingrg/kc/base/wldb_order_operate.html HTTP/1.1" 200 7168
180.162.222.201 - - [04/Jul/2022:09:42:56 +0800] "GET /xingrg/kc/base/wldb_order_add.html HTTP/1.1" 200 30356
180.162.222.201 - - [04/Jul/2022:09:42:57 +0800] "POST /xingrg/kc/base/wldb_order_operate.html HTTP/1.1" 200 6806
180.162.222.201 - - [04/Jul/2022:09:42:57 +0800] "GET /xingrg/javascript/easyui/themes/default/validatebox.css HTTP/1.1" 404 1104
180.162.222.201 - - [04/Jul/2022:09:42:58 +0800] "POST /xingrg/all/common/load_combo.html?type=base HTTP/1.1" 200 3409
180.169.147.146 - - [04/Jul/2022:09:42:59 +0800] "GET /xingrg/all/function/internal_message.html?_=1656898977514&CODE_STATE=getMsg HTTP/1.1" 200 27
114.88.162.248 - - [04/Jul/2022:09:43:02 +0800] "GET /xingrg/all/function/internal_message.html?_=1656898976009&CODE_STATE=getMsg HTTP/1.1" 200 27
101.83.223.227 - - [04/Jul/2022:09:43:09 +0800] "GET /xingrg/javascript/jquery_tools/images/prev.gif HTTP/1.1" 404 1086
101.83.223.227 - - [04/Jul/2022:09:43:09 +0800] "GET /xingrg/javascript/jquery_tools/images/next.gif HTTP/1.1" 404 1086
180.162.222.201 - - [04/Jul/2022:09:43:10 +0800] "GET /xingrg/kc/base/wldb_order_operate.html?command=get_materiel&rest_code=00105&base_code=0010508&code=00102002448 HTTP/1.1" 200 440
180.162.222.201 - - [04/Jul/2022:09:43:13 +0800] "GET /xingrg/check_reg.html?_=1656898991645 HTTP/1.1" 200 22
180.169.147.146 - - [04/Jul/2022:09:43:14 +0800] "GET /xingrg/all/function/internal_message.html?_=1656898992329&CODE_STATE=getMsg HTTP/1.1" 200 27
101.83.223.227 - - [04/Jul/2022:09:43:15 +0800] "POST /xingrg/kc/buy/cgsh_list_operate.html HTTP/1.1" 200 2093
58.40.7.146 - - [04/Jul/2022:09:43:17 +0800] "GET /xingrg/all/function/internal_message.html?_=1656898995196&CODE_STATE=getMsg HTTP/1.1" 200 27
101.83.223.227 - - [04/Jul/2022:09:43:17 +0800] "POST /xingrg/kc/buy/cgsh_list_operate.html HTTP/1.1" 200 574
101.83.223.227 - - [04/Jul/2022:09:43:17 +0800] "GET /xingrg/kc/buy/cgsh_order_info.html?code=212022070400937 HTTP/1.1" 200 62383
101.83.223.227 - - [04/Jul/2022:09:43:17 +0800] "GET /xingrg/javascript/easyui/themes/default/validatebox.css HTTP/1.1" 404 1104
101.83.223.227 - - [04/Jul/2022:09:43:18 +0800] "POST /xingrg/kc/buy/cgsh_order_operate.html HTTP/1.1" 200 4189
218.81.223.53 - - [04/Jul/2022:09:43:19 +0800] "POST /xingrg/kc/buy/cgsh_order_operate.html HTTP/1.1" 200 2065
180.162.222.201 - - [04/Jul/2022:09:43:20 +0800] "POST /xingrg/all/common/load_select.html HTTP/1.1" 200 25
116.230.110.173 - - [04/Jul/2022:09:43:21 +0800] "GET /xingrg/all/function/internal_message.html?_=1656898988314&CODE_STATE=getMsg HTTP/1.1" 200 27
180.162.222.201 - - [04/Jul/2022:09:43:21 +0800] "GET /xingrg/kc/base/wldb_order_operate.html?command=get_materiel_price&rest_code=00105&base_code=0010508&code=00102002448&unit_code=00100332 HTTP/1.1" 200 36
180.162.222.201 - - [04/Jul/2022:09:43:24 +0800] "POST /xingrg/kc/base/wldb_order_operate.html HTTP/1.1" 200 37
180.162.222.201 - - [04/Jul/2022:09:43:25 +0800] "POST /xingrg/kc/base/wldb_order_operate.html HTTP/1.1" 200 2190
180.162.222.201 - - [04/Jul/2022:09:43:25 +0800] "GET /xingrg/kc/base/wldb_order_info.html?code=422022070400252 HTTP/1.1" 200 30370
180.162.222.201 - - [04/Jul/2022:09:43:26 +0800] "GET /xingrg/javascript/easyui/themes/default/validatebox.css HTTP/1.1" 404 1104
180.169.147.146 - - [04/Jul/2022:09:43:26 +0800] "GET /xingrg/all/function/internal_message.html?_=1656899002516&CODE_STATE=getMsg HTTP/1.1" 200 27
218.81.223.53 - - [04/Jul/2022:09:43:26 +0800] "GET /xingrg/kc/buy/cgsh_order_operate.html?command=get_materiel&rest_code=00146&code=00101008331&supplier_code=00100005&order_time=2022-07-04 HTTP/1.1" 200 416
180.162.222.201 - - [04/Jul/2022:09:43:26 +0800] "POST /xingrg/kc/base/wldb_order_operate.html HTTP/1.1" 200 2190
101.83.223.227 - - [04/Jul/2022:09:43:26 +0800] "POST /xingrg/all/user/operate.html HTTP/1.1" 200 36
101.83.223.227 - - [04/Jul/2022:09:43:27 +0800] "GET /xingrg/index.html?sysBaseUrl=http%3A%2F%2F180.169.147.146%3A18081%2Fxingrg%2F&costTime=43×tamp=1656894312716 HTTP/1.1" 200 17179
101.83.223.227 - - [04/Jul/2022:09:43:27 +0800] "GET /xingrg/javascript/jquery_easy_ui/themes/default/easyui.css HTTP/1.1" 304 -
101.83.223.227 - - [04/Jul/2022:09:43:27 +0800] "GET /xingrg/javascript/jquery_easy_ui/themes/icon.css HTTP/1.1" 304 -
101.83.223.227 - - [04/Jul/2022:09:43:27 +0800] "GET /xingrg/css/form.css HTTP/1.1" 304 -
101.83.223.227 - - [04/Jul/2022:09:43:27 +0800] "GET /xingrg/javascript/jquery-1.4.2.min.js HTTP/1.1" 304 -
101.83.223.227 - - [04/Jul/2022:09:43:27 +0800] "GET /xingrg/javascript/jquery_easy_ui/jquery.easyui.min.js HTTP/1.1" 304 -
101.83.223.227 - - [04/Jul/2022:09:43:27 +0800] "GET /xingrg/javascript/jquery_easy_ui/easyui-lang-zh_CN.js HTTP/1.1" 304 -
101.83.223.227 - - [04/Jul/2022:09:43:27 +0800] "GET /xingrg/javascript/jquery.form.js HTTP/1.1" 304 -
101.83.223.227 - - [04/Jul/2022:09:43:27 +0800] "GET /xingrg/javascript/jquery.utils.js HTTP/1.1" 304 -
101.83.223.227 - - [04/Jul/2022:09:43:27 +0800] "GET /xingrg/javascript/jquery.timers.js HTTP/1.1" 304 -
101.83.223.227 - - [04/Jul/2022:09:43:27 +0800] "GET /xingrg/images/blue/navBackgound.jpg HTTP/1.1" 304 -
101.83.223.227 - - [04/Jul/2022:09:43:27 +0800] "GET /xingrg/images/blue/jxLogo.png HTTP/1.1" 304 -
101.83.223.227 - - [04/Jul/2022:09:43:27 +0800] "GET /xingrg/javascript/jquery_easy_ui/themes/icons/settle_new.png HTTP/1.1" 304 -
101.83.223.227 - - [04/Jul/2022:09:43:27 +0800] "GET /xingrg/images/blue/pingpu.png HTTP/1.1" 304 -
101.83.223.227 - - [04/Jul/2022:09:43:27 +0800] "POST /xingrg/all/common/load_tree.html?tree=area_rest_tree_json&manage=1 HTTP/1.1" 200 476
101.83.223.227 - - [04/Jul/2022:09:43:27 +0800] "GET /xingrg/javascript/jquery_easy_ui/themes/default/images/tabs_leftarrow.png HTTP/1.1" 304 -
101.83.223.227 - - [04/Jul/2022:09:43:27 +0800] "GET /xingrg/javascript/jquery_easy_ui/themes/default/images/panel_tool_collapse.gif HTTP/1.1" 304 -
101.83.223.227 - - [04/Jul/2022:09:43:27 +0800] "GET /xingrg/javascript/jquery_easy_ui/themes/default/images/tabs_rightarrow.png HTTP/1.1" 304 -
101.83.223.227 - - [04/Jul/2022:09:43:27 +0800] "GET /xingrg/check_reg.html?_=1656898969653 HTTP/1.1" 200 22
101.83.223.227 - - [04/Jul/2022:09:43:27 +0800] "GET /xingrg/all/function/internal_message.html?_=1656898969651&CODE_STATE=count HTTP/1.1" 200 11
101.83.223.227 - - [04/Jul/2022:09:43:27 +0800] "GET /xingrg/javascript/jquery_easy_ui/themes/default/images/tree_arrows.gif HTTP/1.1" 304 -
101.83.223.227 - - [04/Jul/2022:09:43:27 +0800] "POST /xingrg/load_menu.html HTTP/1.1" 200 5138
101.85.238.90 - - [04/Jul/2022:09:43:29 +0800] "GET /xingrg/all/function/internal_message.html?_=1656899076966&CODE_STATE=getMsg HTTP/1.1" 200 27
101.83.223.227 - - [04/Jul/2022:09:43:30 +0800] "GET /xingrg/kc/buy/cgsh_order_list.html HTTP/1.1" 200 52100
101.83.223.227 - - [04/Jul/2022:09:43:31 +0800] "POST /xingrg/kc/buy/cgsh_list_operate.html HTTP/1.1" 200 693
101.83.241.144 - - [04/Jul/2022:09:43:32 +0800] "GET /xingrg/all/function/internal_message.html?_=1656899008897&CODE_STATE=getMsg HTTP/1.1" 200 27
61.170.232.88 - - [04/Jul/2022:09:43:33 +0800] "GET /xingrg/all/function/internal_message.html?_=1656899013293&CODE_STATE=getMsg HTTP/1.1" 200 27
101.83.223.227 - - [04/Jul/2022:09:43:34 +0800] "GET /xingrg/javascript/jquery_tools/images/prev.gif HTTP/1.1" 404 1086
101.83.223.227 - - [04/Jul/2022:09:43:34 +0800] "GET /xingrg/javascript/jquery_tools/images/next.gif HTTP/1.1" 404 1086
218.81.223.53 - - [04/Jul/2022:09:43:39 +0800] "GET /xingrg/check_reg.html?_=1656899018650 HTTP/1.1" 200 22
218.81.223.53 - - [04/Jul/2022:09:43:40 +0800] "GET /xingrg/all/function/internal_message.html?_=1656899019522&CODE_STATE=getMsg HTTP/1.1" 200 27
101.83.223.227 - - [04/Jul/2022:09:43:40 +0800] "POST /xingrg/kc/buy/cgsh_list_operate.html HTTP/1.1" 200 3733
101.83.223.227 - - [04/Jul/2022:09:43:43 +0800] "POST /xingrg/kc/buy/cgsh_list_operate.html HTTP/1.1" 200 565
180.162.222.201 - - [04/Jul/2022:09:43:45 +0800] "GET /xingrg/all/function/internal_message.html?_=1656899023350&CODE_STATE=getMsg HTTP/1.1" 200 27
101.83.223.227 - - [04/Jul/2022:09:43:45 +0800] "GET /xingrg/kc/buy/cgsh_order_info.html?code=212022070400941 HTTP/1.1" 200 62703
101.83.223.227 - - [04/Jul/2022:09:43:45 +0800] "GET /xingrg/javascript/easyui/themes/default/validatebox.css HTTP/1.1" 404 1104
101.83.223.227 - - [04/Jul/2022:09:43:46 +0800] "POST /xingrg/kc/buy/cgsh_order_operate.html HTTP/1.1" 200 9510
58.35.196.166 - - [04/Jul/2022:09:43:47 +0800] "GET /xingrg/all/function/internal_message.html?_=1656899024842&CODE_STATE=getMsg HTTP/1.1" 200 27
101.83.223.227 - - [04/Jul/2022:09:43:47 +0800] "GET /xingrg/kc/print/load_data.html?order_code=212022070400941&kc_code=cgsh&condition= HTTP/1.1" 200 4078
114.84.82.172 - - [04/Jul/2022:09:43:52 +0800] "GET /xingrg/all/function/internal_message.html?_=1656899030873&CODE_STATE=getMsg HTTP/1.1" 200 27
218.81.223.53 - - [04/Jul/2022:09:43:59 +0800] "GET /xingrg/kc/buy/cgsh_order_operate.html?command=get_materiel&rest_code=00146&code=00101008356&supplier_code=00100005&order_time=2022-07-04 HTTP/1.1" 200 408
180.169.147.146 - - [04/Jul/2022:09:43:59 +0800] "GET /xingrg/all/function/internal_message.html?_=1656899037515&CODE_STATE=getMsg HTTP/1.1" 200 27
114.88.162.248 - - [04/Jul/2022:09:44:02 +0800] "GET /xingrg/kc/buy/cgsh_order_operate.html?command=get_materiel&rest_code=00111&code=00101006038&supplier_code=00100012&order_time=2022-07-04 HTTP/1.1" 200 421
114.88.162.248 - - [04/Jul/2022:09:44:02 +0800] "GET /xingrg/all/function/internal_message.html?_=1656899036013&CODE_STATE=getMsg HTTP/1.1" 200 27
218.81.223.53 - - [04/Jul/2022:09:44:12 +0800] "GET /xingrg/kc/buy/cgsh_order_operate.html?command=get_materiel&rest_code=00146&code=00101008069&supplier_code=00100005&order_time=2022-07-04 HTTP/1.1" 200 412
180.169.147.146 - - [04/Jul/2022:09:44:14 +0800] "GET /xingrg/all/function/internal_message.html?_=1656899052329&CODE_STATE=getMsg HTTP/1.1" 200 27
58.40.7.146 - - [04/Jul/2022:09:44:17 +0800] "GET /xingrg/all/function/internal_message.html?_=1656899055200&CODE_STATE=getMsg HTTP/1.1" 200 27
116.230.110.173 - - [04/Jul/2022:09:44:21 +0800] "GET /xingrg/all/function/internal_message.html?_=1656899048326&CODE_STATE=getMsg HTTP/1.1" 200 27
116.230.110.173 - - [04/Jul/2022:09:44:21 +0800] "GET /xingrg/check_reg.html?_=1656899048329 HTTP/1.1" 200 22
218.81.223.53 - - [04/Jul/2022:09:44:26 +0800] "POST /xingrg/kc/buy/cgsh_order_operate.html HTTP/1.1" 200 2065
180.169.147.146 - - [04/Jul/2022:09:44:26 +0800] "GET /xingrg/all/function/internal_message.html?_=1656899062523&CODE_STATE=getMsg HTTP/1.1" 200 27
180.169.147.146 - - [04/Jul/2022:09:44:26 +0800] "GET /xingrg/check_reg.html?_=1656899062524 HTTP/1.1" 200 22
101.83.223.227 - - [04/Jul/2022:09:44:27 +0800] "GET /xingrg/all/function/internal_message.html?_=1656899029657&CODE_STATE=getMsg HTTP/1.1" 200 27
101.85.238.90 - - [04/Jul/2022:09:44:29 +0800] "GET /xingrg/check_reg.html?_=1656899136381 HTTP/1.1" 200 22
101.85.238.90 - - [04/Jul/2022:09:44:29 +0800] "GET /xingrg/all/function/internal_message.html?_=1656899137159&CODE_STATE=getMsg HTTP/1.1" 200 27
114.88.162.248 - - [04/Jul/2022:09:44:31 +0800] "GET /xingrg/kc/buy/cgsh_order_operate.html?command=get_materiel&rest_code=00111&code=00101011001&supplier_code=00100012&order_time=2022-07-04 HTTP/1.1" 200 423
101.83.241.144 - - [04/Jul/2022:09:44:32 +0800] "GET /xingrg/all/function/internal_message.html?_=1656899068904&CODE_STATE=getMsg HTTP/1.1" 200 27
61.170.232.88 - - [04/Jul/2022:09:44:33 +0800] "GET /xingrg/all/function/internal_message.html?_=1656899073291&CODE_STATE=getMsg HTTP/1.1" 200 27
218.81.223.53 - - [04/Jul/2022:09:44:40 +0800] "GET /xingrg/all/function/internal_message.html?_=1656899079537&CODE_STATE=getMsg HTTP/1.1" 200 27
114.88.162.248 - - [04/Jul/2022:09:44:42 +0800] "GET /xingrg/kc/buy/cgsh_order_operate.html?command=get_materiel&rest_code=00111&code=00101018011&supplier_code=00100012&order_time=2022-07-04 HTTP/1.1" 200 413
180.162.222.201 - - [04/Jul/2022:09:44:45 +0800] "GET /xingrg/all/function/internal_message.html?_=1656899083298&CODE_STATE=getMsg HTTP/1.1" 200 27
218.81.223.53 - - [04/Jul/2022:09:44:46 +0800] "GET /xingrg/kc/buy/cgsh_order_operate.html?command=get_materiel&rest_code=00146&code=00101009124&supplier_code=00100005&order_time=2022-07-04 HTTP/1.1" 200 416
58.35.196.166 - - [04/Jul/2022:09:44:47 +0800] "GET /xingrg/all/function/internal_message.html?_=1656899084813&CODE_STATE=getMsg HTTP/1.1" 200 27
58.221.95.50 - - [04/Jul/2022:09:44:47 +0800] "GET /xingrg/check_reg.html?_=1656899086528 HTTP/1.1" 302 -
114.84.82.172 - - [04/Jul/2022:09:44:52 +0800] "GET /xingrg/all/function/internal_message.html?_=1656899090884&CODE_STATE=getMsg HTTP/1.1" 200 27
114.88.162.248 - - [04/Jul/2022:09:44:54 +0800] "GET /xingrg/kc/buy/cgsh_order_operate.html?command=get_materiel&rest_code=00111&code=00101006113&supplier_code=00100012&order_time=2022-07-04 HTTP/1.1" 200 415
172.20.0.100 - - [04/Jul/2022:09:44:55 +0800] "GET /xingrg/check_reg.html?_=1656899086391 HTTP/1.1" 302 -
180.169.147.146 - - [04/Jul/2022:09:44:59 +0800] "GET /xingrg/all/function/internal_message.html?_=1656899097516&CODE_STATE=getMsg HTTP/1.1" 200 27
218.81.223.53 - - [04/Jul/2022:09:45:00 +0800] "GET /xingrg/kc/buy/cgsh_order_operate.html?command=get_materiel&rest_code=00146&code=00101008041&supplier_code=00100005&order_time=2022-07-04 HTTP/1.1" 200 408
114.88.162.248 - - [04/Jul/2022:09:45:02 +0800] "GET /xingrg/check_reg.html?_=1656899096012 HTTP/1.1" 200 22
114.88.162.248 - - [04/Jul/2022:09:45:02 +0800] "GET /xingrg/all/function/internal_message.html?_=1656899096016&CODE_STATE=getMsg HTTP/1.1" 200 27
218.81.223.53 - - [04/Jul/2022:09:45:11 +0800] "GET /xingrg/kc/buy/cgsh_order_operate.html?command=get_materiel&rest_code=00146&code=00101008049&supplier_code=00100005&order_time=2022-07-04 HTTP/1.1" 200 408
180.169.147.146 - - [04/Jul/2022:09:45:13 +0800] "GET /favicon.ico HTTP/1.1" 404 -
172.20.0.100 - - [04/Jul/2022:09:45:13 +0800] "GET /favicon.ico HTTP/1.1" 404 -
180.169.147.146 - - [04/Jul/2022:09:45:14 +0800] "GET /xingrg/check_reg.html?_=1656899112327 HTTP/1.1" 200 22
180.169.147.146 - - [04/Jul/2022:09:45:14 +0800] "GET /xingrg/all/function/internal_message.html?_=1656899112329&CODE_STATE=getMsg HTTP/1.1" 200 27
58.40.7.146 - - [04/Jul/2022:09:45:17 +0800] "GET /xingrg/all/function/internal_message.html?_=1656899115188&CODE_STATE=getMsg HTTP/1.1" 200 27
114.88.162.248 - - [04/Jul/2022:09:45:20 +0800] "GET /xingrg/kc/buy/cgsh_order_operate.html?command=get_materiel&rest_code=00111&code=00101006065&supplier_code=00100012&order_time=2022-07-04 HTTP/1.1" 200 409
116.230.110.173 - - [04/Jul/2022:09:45:21 +0800] "GET /xingrg/all/function/internal_message.html?_=1656899108325&CODE_STATE=getMsg HTTP/1.1" 200 27
180.169.147.146 - - [04/Jul/2022:09:45:26 +0800] "GET /xingrg/all/function/internal_message.html?_=1656899122517&CODE_STATE=getMsg HTTP/1.1" 200 27
101.83.223.227 - - [04/Jul/2022:09:45:32 +0800] "GET /xingrg/all/function/internal_message.html?_=1656899089672&CODE_STATE=getMsg HTTP/1.1" 200 27
101.85.238.90 - - [04/Jul/2022:09:45:32 +0800] "GET /xingrg/all/function/internal_message.html?_=1656899197171&CODE_STATE=getMsg HTTP/1.1" 200 27
218.81.223.53 - - [04/Jul/2022:09:45:32 +0800] "POST /xingrg/kc/buy/cgsh_order_operate.html HTTP/1.1" 200 2065
101.83.241.144 - - [04/Jul/2022:09:45:32 +0800] "GET /xingrg/all/function/internal_message.html?_=1656899128908&CODE_STATE=getMsg HTTP/1.1" 200 27
101.83.241.144 - - [04/Jul/2022:09:45:32 +0800] "GET /xingrg/check_reg.html?_=1656899128924 HTTP/1.1" 200 22
61.170.232.88 - - [04/Jul/2022:09:45:33 +0800] "GET /xingrg/all/function/internal_message.html?_=1656899133290&CODE_STATE=getMsg HTTP/1.1" 200 27
218.81.223.53 - - [04/Jul/2022:09:45:40 +0800] "GET /xingrg/all/function/internal_message.html?_=1656899139551&CODE_STATE=getMsg HTTP/1.1" 200 27
180.162.222.201 - - [04/Jul/2022:09:45:45 +0800] "GET /xingrg/all/function/internal_message.html?_=1656899143274&CODE_STATE=getMsg HTTP/1.1" 200 27
218.81.223.53 - - [04/Jul/2022:09:45:45 +0800] "GET /xingrg/kc/buy/cgsh_order_operate.html?command=get_materiel&rest_code=00146&code=00101008036&supplier_code=00100005&order_time=2022-07-04 HTTP/1.1" 200 408
114.88.162.248 - - [04/Jul/2022:09:45:45 +0800] "GET /xingrg/kc/buy/cgsh_order_operate.html?command=get_materiel&rest_code=00111&code=00101006055&supplier_code=00100012&order_time=2022-07-04 HTTP/1.1" 200 409
58.35.196.166 - - [04/Jul/2022:09:45:47 +0800] "GET /xingrg/all/function/internal_message.html?_=1656899144794&CODE_STATE=getMsg HTTP/1.1" 200 27
114.84.82.172 - - [04/Jul/2022:09:45:52 +0800] "GET /xingrg/check_reg.html?_=1656899150879 HTTP/1.1" 200 22
114.84.82.172 - - [04/Jul/2022:09:45:52 +0800] "GET /xingrg/all/function/internal_message.html?_=1656899150881&CODE_STATE=getMsg HTTP/1.1" 200 27
180.169.147.146 - - [04/Jul/2022:09:45:59 +0800] "GET /xingrg/all/function/internal_message.html?_=1656899157514&CODE_STATE=getMsg HTTP/1.1" 200 27
114.88.162.248 - - [04/Jul/2022:09:46:02 +0800] "GET /xingrg/all/function/internal_message.html?_=1656899156004&CODE_STATE=getMsg HTTP/1.1" 200 27
101.83.223.227 - - [04/Jul/2022:09:46:03 +0800] "GET /xingrg/check_reg.html?_=1656899125410 HTTP/1.1" 200 22
218.81.223.53 - - [04/Jul/2022:09:46:10 +0800] "POST /xingrg/kc/buy/cgsh_order_operate.html HTTP/1.1" 200 37
58.35.196.166 - - [04/Jul/2022:09:46:12 +0800] "GET /xingrg/check_reg.html?_=1656899169763 HTTP/1.1" 200 22
218.81.223.53 - - [04/Jul/2022:09:46:12 +0800] "POST /xingrg/kc/buy/cgsh_order_operate.html HTTP/1.1" 200 34587
180.169.147.146 - - [04/Jul/2022:09:46:14 +0800] "GET /xingrg/all/function/internal_message.html?_=1656899172325&CODE_STATE=getMsg HTTP/1.1" 200 27
218.81.223.53 - - [04/Jul/2022:09:46:15 +0800] "GET /xingrg/kc/print/load_data.html?order_code=212022070400949&kc_code=cgsh&condition= HTTP/1.1" 200 12789
58.40.7.146 - - [04/Jul/2022:09:46:17 +0800] "GET /xingrg/all/function/internal_message.html?_=1656899175191&CODE_STATE=getMsg HTTP/1.1" 200 27
180.162.222.201 - - [04/Jul/2022:09:46:18 +0800] "GET /xingrg/kc/buy/cgsh_order_list.html HTTP/1.1" 200 52094
180.162.222.201 - - [04/Jul/2022:09:46:20 +0800] "POST /xingrg/kc/buy/cgsh_list_operate.html HTTP/1.1" 200 4434
116.230.110.173 - - [04/Jul/2022:09:46:21 +0800] "GET /xingrg/all/function/internal_message.html?_=1656899168328&CODE_STATE=getMsg HTTP/1.1" 200 27
180.162.222.201 - - [04/Jul/2022:09:46:21 +0800] "GET /xingrg/kc/buy/cgsh_order_add.html HTTP/1.1" 200 67958
180.162.222.201 - - [04/Jul/2022:09:46:21 +0800] "POST /xingrg/kc/buy/cgsh_order_operate.html HTTP/1.1" 200 8245
180.162.222.201 - - [04/Jul/2022:09:46:22 +0800] "GET /xingrg/javascript/easyui/themes/default/validatebox.css HTTP/1.1" 404 1104
180.169.147.146 - - [04/Jul/2022:09:46:26 +0800] "GET /xingrg/all/function/internal_message.html?_=1656899182524&CODE_STATE=getMsg HTTP/1.1" 200 27
101.83.223.227 - - [04/Jul/2022:09:46:27 +0800] "GET /xingrg/all/function/internal_message.html?_=1656899149684&CODE_STATE=getMsg HTTP/1.1" 200 27
101.85.238.90 - - [04/Jul/2022:09:46:29 +0800] "GET /xingrg/all/function/internal_message.html?_=1656899257186&CODE_STATE=getMsg HTTP/1.1" 200 27
101.83.241.144 - - [04/Jul/2022:09:46:32 +0800] "GET /xingrg/all/function/internal_message.html?_=1656899188909&CODE_STATE=getMsg HTTP/1.1" 200 27
61.170.232.88 - - [04/Jul/2022:09:46:33 +0800] "GET /xingrg/all/function/internal_message.html?_=1656899193289&CODE_STATE=getMsg HTTP/1.1" 200 27
61.170.232.88 - - [04/Jul/2022:09:46:33 +0800] "GET /xingrg/check_reg.html?_=1656899193290 HTTP/1.1" 200 22
218.81.223.53 - - [04/Jul/2022:09:46:40 +0800] "GET /xingrg/all/function/internal_message.html?_=1656899199699&CODE_STATE=getMsg HTTP/1.1" 200 27
114.88.162.248 - - [04/Jul/2022:09:46:45 +0800] "GET /xingrg/kc/buy/cgsh_order_operate.html?command=get_materiel&rest_code=00111&code=00101006109&supplier_code=00100012&order_time=2022-07-04 HTTP/1.1" 200 409
180.162.222.201 - - [04/Jul/2022:09:46:45 +0800] "GET /xingrg/all/function/internal_message.html?_=1656899203275&CODE_STATE=getMsg HTTP/1.1" 200 27
58.35.196.166 - - [04/Jul/2022:09:46:47 +0800] "GET /xingrg/all/function/internal_message.html?_=1656899204781&CODE_STATE=getMsg HTTP/1.1" 200 27
114.84.82.172 - - [04/Jul/2022:09:46:52 +0800] "GET /xingrg/all/function/internal_message.html?_=1656899210877&CODE_STATE=getMsg HTTP/1.1" 200 27
180.169.147.146 - - [04/Jul/2022:09:46:59 +0800] "GET /xingrg/check_reg.html?_=1656899217514 HTTP/1.1" 200 22
180.169.147.146 - - [04/Jul/2022:09:46:59 +0800] "GET /xingrg/all/function/internal_message.html?_=1656899217516&CODE_STATE=getMsg HTTP/1.1" 200 27
114.88.162.248 - - [04/Jul/2022:09:47:02 +0800] "GET /xingrg/all/function/internal_message.html?_=1656899216015&CODE_STATE=getMsg HTTP/1.1" 200 27
180.169.147.146 - - [04/Jul/2022:09:47:14 +0800] "GET /xingrg/all/function/internal_message.html?_=1656899232318&CODE_STATE=getMsg HTTP/1.1" 200 27
58.40.7.146 - - [04/Jul/2022:09:47:17 +0800] "GET /xingrg/all/function/internal_message.html?_=1656899235194&CODE_STATE=getMsg HTTP/1.1" 200 27
58.40.7.146 - - [04/Jul/2022:09:47:17 +0800] "GET /xingrg/check_reg.html?_=1656899235196 HTTP/1.1" 200 22
114.88.162.248 - - [04/Jul/2022:09:47:18 +0800] "GET /xingrg/kc/buy/cgsh_order_operate.html?command=get_materiel&rest_code=00111&code=00101006129&supplier_code=00100012&order_time=2022-07-04 HTTP/1.1" 200 433
116.230.110.173 - - [04/Jul/2022:09:47:21 +0800] "GET /xingrg/all/function/internal_message.html?_=1656899228320&CODE_STATE=getMsg HTTP/1.1" 200 27
180.169.147.146 - - [04/Jul/2022:09:47:26 +0800] "GET /xingrg/all/function/internal_message.html?_=1656899242513&CODE_STATE=getMsg HTTP/1.1" 200 27
101.83.223.227 - - [04/Jul/2022:09:47:27 +0800] "GET /xingrg/all/function/internal_message.html?_=1656899209706&CODE_STATE=getMsg HTTP/1.1" 200 27
101.85.238.90 - - [04/Jul/2022:09:47:30 +0800] "GET /xingrg/all/function/internal_message.html?_=1656899317352&CODE_STATE=getMsg HTTP/1.1" 200 27
101.83.241.144 - - [04/Jul/2022:09:47:32 +0800] "GET /xingrg/all/function/internal_message.html?_=1656899248913&CODE_STATE=getMsg HTTP/1.1" 200 27
61.170.232.88 - - [04/Jul/2022:09:47:33 +0800] "GET /xingrg/all/function/internal_message.html?_=1656899253288&CODE_STATE=getMsg HTTP/1.1" 200 27
218.81.223.53 - - [04/Jul/2022:09:47:40 +0800] "GET /xingrg/all/function/internal_message.html?_=1656899259702&CODE_STATE=getMsg HTTP/1.1" 200 27
218.81.223.53 - - [04/Jul/2022:09:47:45 +0800] "GET /xingrg/check_reg.html?_=1656899264194 HTTP/1.1" 302 -
180.162.222.201 - - [04/Jul/2022:09:47:45 +0800] "GET /xingrg/all/function/internal_message.html?_=1656899263248&CODE_STATE=getMsg HTTP/1.1" 200 27
58.35.196.166 - - [04/Jul/2022:09:47:47 +0800] "GET /xingrg/all/function/internal_message.html?_=1656899264737&CODE_STATE=getMsg HTTP/1.1" 200 27
114.84.82.172 - - [04/Jul/2022:09:47:52 +0800] "GET /xingrg/all/function/internal_message.html?_=1656899270876&CODE_STATE=getMsg HTTP/1.1" 200 27
180.169.147.146 - - [04/Jul/2022:09:47:59 +0800] "GET /xingrg/all/function/internal_message.html?_=1656899277516&CODE_STATE=getMsg HTTP/1.1" 200 27
114.88.162.248 - - [04/Jul/2022:09:48:02 +0800] "GET /xingrg/all/function/internal_message.html?_=1656899276003&CODE_STATE=getMsg HTTP/1.1" 200 27
180.162.222.201 - - [04/Jul/2022:09:48:13 +0800] "GET /xingrg/check_reg.html?_=1656899291663 HTTP/1.1" 200 22
180.169.147.146 - - [04/Jul/2022:09:48:14 +0800] "GET /xingrg/all/function/internal_message.html?_=1656899292334&CODE_STATE=getMsg HTTP/1.1" 200 27
114.88.162.248 - - [04/Jul/2022:09:48:16 +0800] "POST /xingrg/kc/buy/cgsh_order_operate.html HTTP/1.1" 200 37
58.40.7.146 - - [04/Jul/2022:09:48:17 +0800] "GET /xingrg/all/function/internal_message.html?_=1656899295198&CODE_STATE=getMsg HTTP/1.1" 200 27
114.88.162.248 - - [04/Jul/2022:09:48:19 +0800] "POST /xingrg/kc/buy/cgsh_order_operate.html HTTP/1.1" 200 6841
116.230.110.173 - - [04/Jul/2022:09:48:21 +0800] "GET /xingrg/all/function/internal_message.html?_=1656899288312&CODE_STATE=getMsg HTTP/1.1" 200 27
180.169.147.146 - - [04/Jul/2022:09:48:26 +0800] "GET /xingrg/all/function/internal_message.html?_=1656899302527&CODE_STATE=getMsg HTTP/1.1" 200 27
101.83.223.227 - - [04/Jul/2022:09:48:27 +0800] "GET /xingrg/check_reg.html?_=1656899269653 HTTP/1.1" 200 22
101.83.223.227 - - [04/Jul/2022:09:48:27 +0800] "GET /xingrg/all/function/internal_message.html?_=1656899269718&CODE_STATE=getMsg HTTP/1.1" 200 27
114.88.162.248 - - [04/Jul/2022:09:48:28 +0800] "GET /xingrg/kc/buy/cgsh_order_add.html HTTP/1.1" 200 67832
114.88.162.248 - - [04/Jul/2022:09:48:28 +0800] "POST /xingrg/kc/buy/cgsh_order_operate.html HTTP/1.1" 200 8245
114.88.162.248 - - [04/Jul/2022:09:48:28 +0800] "GET /xingrg/javascript/easyui/themes/default/validatebox.css HTTP/1.1" 404 1104
101.85.238.90 - - [04/Jul/2022:09:48:30 +0800] "GET /xingrg/all/function/internal_message.html?_=1656899377369&CODE_STATE=getMsg HTTP/1.1" 200 27
101.83.241.144 - - [04/Jul/2022:09:48:32 +0800] "GET /xingrg/all/function/internal_message.html?_=1656899308921&CODE_STATE=getMsg HTTP/1.1" 200 27
61.170.232.88 - - [04/Jul/2022:09:48:33 +0800] "GET /xingrg/all/function/internal_message.html?_=1656899313288&CODE_STATE=getMsg HTTP/1.1" 200 27
218.81.223.53 - - [04/Jul/2022:09:48:39 +0800] "GET /xingrg/check_reg.html?_=1656899318813 HTTP/1.1" 200 22
218.81.223.53 - - [04/Jul/2022:09:48:40 +0800] "GET /xingrg/all/function/internal_message.html?_=1656899319716&CODE_STATE=getMsg HTTP/1.1" 200 27
180.162.222.201 - - [04/Jul/2022:09:48:45 +0800] "GET /xingrg/all/function/internal_message.html?_=1656899323192&CODE_STATE=getMsg HTTP/1.1" 200 27
58.35.196.166 - - [04/Jul/2022:09:48:47 +0800] "GET /xingrg/all/function/internal_message.html?_=1656899324707&CODE_STATE=getMsg HTTP/1.1" 200 27
114.84.82.172 - - [04/Jul/2022:09:48:52 +0800] "GET /xingrg/all/function/internal_message.html?_=1656899330885&CODE_STATE=getMsg HTTP/1.1" 200 27
180.169.147.146 - - [04/Jul/2022:09:48:59 +0800] "GET /xingrg/all/function/internal_message.html?_=1656899337516&CODE_STATE=getMsg HTTP/1.1" 200 27
114.88.162.248 - - [04/Jul/2022:09:49:02 +0800] "GET /xingrg/all/function/internal_message.html?_=1656899336024&CODE_STATE=getMsg HTTP/1.1" 200 27
114.88.162.248 - - [04/Jul/2022:09:49:10 +0800] "GET /xingrg/kc/buy/cgsh_order_operate.html?command=get_materiel&rest_code=00111&code=00101008370&supplier_code=00100005&order_time=2022-07-04 HTTP/1.1" 200 412
180.169.147.146 - - [04/Jul/2022:09:49:14 +0800] "GET /xingrg/all/function/internal_message.html?_=1656899352332&CODE_STATE=getMsg HTTP/1.1" 200 27
