101.83.223.227 - - [01/Jul/2022:10:58:02 +0800] "POST /xingrg/kc/buy/cgsh_list_operate.html HTTP/1.1" 200 1784
120.253.135.82 - - [01/Jul/2022:10:58:02 +0800] "GET /xingrg/all/function/internal_message.html?_=1656644411430&CODE_STATE=getMsg HTTP/1.1" 200 27
180.162.222.201 - - [01/Jul/2022:10:58:04 +0800] "POST /xingrg/dwr/call/plaincall/AjaxCheckService.setItemNumber.dwr HTTP/1.1" 200 77
180.162.222.201 - - [01/Jul/2022:10:58:05 +0800] "GET /xingrg/all/function/internal_message.html?_=1656644287147&CODE_STATE=getMsg HTTP/1.1" 200 27
114.84.82.172 - - [01/Jul/2022:10:58:07 +0800] "POST /xingrg/kc/buy/cgsh_order_operate.html HTTP/1.1" 200 37
58.35.196.166 - - [01/Jul/2022:10:58:08 +0800] "GET /xingrg/all/function/internal_message.html?_=1656644286220&CODE_STATE=getMsg HTTP/1.1" 200 27
120.253.135.82 - - [01/Jul/2022:10:58:10 +0800] "GET /xingrg/all/function/internal_message.html?_=1656644099625&CODE_STATE=getMsg HTTP/1.1" 200 27
180.169.147.146 - - [01/Jul/2022:10:58:11 +0800] "GET /xingrg/all/function/internal_message.html?_=1656644289745&CODE_STATE=getMsg HTTP/1.1" 200 27
180.169.147.146 - - [01/Jul/2022:10:58:11 +0800] "GET /xingrg/check_reg.html?_=1656644289751 HTTP/1.1" 200 22
180.169.147.146 - - [01/Jul/2022:10:58:12 +0800] "GET /xingrg/all/function/internal_message.html?_=1656644288776&CODE_STATE=getMsg HTTP/1.1" 200 27
101.85.238.90 - - [01/Jul/2022:10:58:13 +0800] "GET /xingrg/all/function/internal_message.html?_=1656644363123&CODE_STATE=getMsg HTTP/1.1" 200 27
116.233.77.233 - - [01/Jul/2022:10:58:14 +0800] "POST /xingrg/dwr/call/plaincall/AjaxCheckService.setItemNumber.dwr HTTP/1.1" 200 76
124.78.155.58 - - [01/Jul/2022:10:58:15 +0800] "GET /xingrg/all/function/internal_message.html?_=1656644297042&CODE_STATE=getMsg HTTP/1.1" 200 27
101.83.223.227 - - [01/Jul/2022:10:58:16 +0800] "POST /xingrg/kc/buy/cgsh_list_operate.html HTTP/1.1" 200 424
116.233.77.233 - - [01/Jul/2022:10:58:18 +0800] "POST /xingrg/dwr/call/plaincall/AjaxCheckService.setItemNumber.dwr HTTP/1.1" 200 77
180.162.222.201 - - [01/Jul/2022:10:58:19 +0800] "GET /xingrg/all/function/internal_message.html?_=1656644202329&CODE_STATE=getMsg HTTP/1.1" 200 27
101.83.223.227 - - [01/Jul/2022:10:58:19 +0800] "GET /xingrg/kc/buy/cgsh_order_info.html?code=212022070100081 HTTP/1.1" 200 67495
116.233.77.233 - - [01/Jul/2022:10:58:19 +0800] "POST /xingrg/dwr/call/plaincall/AjaxCheckService.setItemNumber.dwr HTTP/1.1" 200 77
101.83.223.227 - - [01/Jul/2022:10:58:19 +0800] "GET /xingrg/javascript/easyui/themes/default/validatebox.css HTTP/1.1" 404 1104
101.83.223.227 - - [01/Jul/2022:10:58:19 +0800] "POST /xingrg/kc/buy/cgsh_order_operate.html HTTP/1.1" 200 4463
116.233.77.233 - - [01/Jul/2022:10:58:19 +0800] "POST /xingrg/dwr/call/plaincall/AjaxCheckService.setItemNumber.dwr HTTP/1.1" 200 77
116.233.77.233 - - [01/Jul/2022:10:58:20 +0800] "POST /xingrg/dwr/call/plaincall/AjaxCheckService.setItemNumber.dwr HTTP/1.1" 200 77
180.169.147.146 - - [01/Jul/2022:10:58:24 +0800] "GET /xingrg/all/function/internal_message.html?_=1656644297734&CODE_STATE=getMsg HTTP/1.1" 200 27
116.230.110.173 - - [01/Jul/2022:10:58:26 +0800] "GET /xingrg/all/function/internal_message.html?_=1656644302193&CODE_STATE=getMsg HTTP/1.1" 200 27
116.233.77.233 - - [01/Jul/2022:10:58:28 +0800] "POST /xingrg/dwr/call/plaincall/AjaxCheckService.setItemNumber.dwr HTTP/1.1" 200 77
180.169.147.146 - - [01/Jul/2022:10:58:28 +0800] "GET /xingrg/all/function/internal_message.html?_=1656644306707&CODE_STATE=getMsg HTTP/1.1" 200 27
218.81.223.53 - - [01/Jul/2022:10:58:29 +0800] "GET /xingrg/kc/mdqp/qp_main.html HTTP/1.1" 200 10633
116.233.77.233 - - [01/Jul/2022:10:58:29 +0800] "POST /xingrg/dwr/call/plaincall/AjaxCheckService.setItemNumber.dwr HTTP/1.1" 200 77
218.81.223.53 - - [01/Jul/2022:10:58:29 +0800] "GET /xingrg/javascript/ToolTips.js HTTP/1.1" 304 -
218.81.223.53 - - [01/Jul/2022:10:58:29 +0800] "GET /xingrg/javascript/jquery_ui/jquery-ui.min.js HTTP/1.1" 200 186181
218.81.223.53 - - [01/Jul/2022:10:58:29 +0800] "GET /xingrg/javascript/jquery_ui/themes/humanity/humanity.css HTTP/1.1" 200 27801
218.81.223.53 - - [01/Jul/2022:10:58:29 +0800] "GET /xingrg/images/blue/button/cgxqd.gif HTTP/1.1" 200 2619
218.81.223.53 - - [01/Jul/2022:10:58:29 +0800] "GET /xingrg/images/blue/button/pszx.gif HTTP/1.1" 200 2648
218.81.223.53 - - [01/Jul/2022:10:58:29 +0800] "GET /xingrg/images/blue/button/qqpsd.gif HTTP/1.1" 200 2548
218.81.223.53 - - [01/Jul/2022:10:58:29 +0800] "GET /xingrg/images/blue/button/psshd.gif HTTP/1.1" 200 2692
218.81.223.53 - - [01/Jul/2022:10:58:29 +0800] "GET /xingrg/images/blue/pic_form2.gif HTTP/1.1" 304 -
218.81.223.53 - - [01/Jul/2022:10:58:29 +0800] "GET /xingrg/javascript/jquery_ui/themes/humanity/images/ui-bg_inset-soft_100_f4f0ec_1x100.png HTTP/1.1" 200 141
218.81.223.53 - - [01/Jul/2022:10:58:29 +0800] "GET /xingrg/images/blue/bg_dotted.jpg HTTP/1.1" 304 -
218.81.223.53 - - [01/Jul/2022:10:58:29 +0800] "GET /xingrg/images/blue/button/right_ah.jpg HTTP/1.1" 304 -
218.81.223.53 - - [01/Jul/2022:10:58:29 +0800] "GET /xingrg/images/blue/button/down_ah.jpg HTTP/1.1" 200 1732
218.81.223.53 - - [01/Jul/2022:10:58:29 +0800] "GET /xingrg/javascript/jquery_ui/themes/humanity/images/ui-iconsnew.jpg HTTP/1.1" 200 337
218.81.223.53 - - [01/Jul/2022:10:58:29 +0800] "GET /xingrg/javascript/jquery_ui/themes/humanity/images/ui-icons_ffffff_256x240.png HTTP/1.1" 200 4369
218.81.223.53 - - [01/Jul/2022:10:58:29 +0800] "GET /xingrg/javascript/jquery_ui/themes/humanity/images/ui-icons_c47a23_256x240.png HTTP/1.1" 200 5355
218.81.223.53 - - [01/Jul/2022:10:58:29 +0800] "GET /xingrg/javascript/jquery_ui/themes/humanity/images/ui-bg_glass_70_ede4d4_1x400.png HTTP/1.1" 200 161
116.233.77.233 - - [01/Jul/2022:10:58:29 +0800] "POST /xingrg/dwr/call/plaincall/AjaxCheckService.setItemNumber.dwr HTTP/1.1" 200 77
116.233.77.233 - - [01/Jul/2022:10:58:30 +0800] "POST /xingrg/dwr/call/plaincall/AjaxCheckService.setItemNumber.dwr HTTP/1.1" 200 77
116.233.77.233 - - [01/Jul/2022:10:58:30 +0800] "POST /xingrg/dwr/call/plaincall/AjaxCheckService.setItemNumber.dwr HTTP/1.1" 200 77
180.162.222.201 - - [01/Jul/2022:10:58:31 +0800] "POST /xingrg/dwr/call/plaincall/AjaxCheckService.setItemNumber.dwr HTTP/1.1" 200 77
218.81.223.53 - - [01/Jul/2022:10:58:32 +0800] "GET /xingrg/kc/base/wldb_order_list.html HTTP/1.1" 200 19148
114.88.162.248 - - [01/Jul/2022:10:58:32 +0800] "GET /xingrg/all/function/internal_message.html?_=1656644309515&CODE_STATE=getMsg HTTP/1.1" 200 27
218.81.223.53 - - [01/Jul/2022:10:58:32 +0800] "POST /xingrg/kc/base/wldb_list_operate.html HTTP/1.1" 200 928
180.162.115.11 - - [01/Jul/2022:10:58:33 +0800] "GET /xingrg/all/function/internal_message.html?_=1656643540483&CODE_STATE=getMsg HTTP/1.1" 200 27
116.233.77.233 - - [01/Jul/2022:10:58:33 +0800] "POST /xingrg/dwr/call/plaincall/AjaxCheckService.setItemNumber.dwr HTTP/1.1" 200 77
180.162.222.201 - - [01/Jul/2022:10:58:33 +0800] "POST /xingrg/dwr/call/plaincall/AjaxCheckService.setItemNumber.dwr HTTP/1.1" 200 77
116.233.77.233 - - [01/Jul/2022:10:58:34 +0800] "POST /xingrg/dwr/call/plaincall/AjaxCheckService.setItemNumber.dwr HTTP/1.1" 200 77
116.233.77.233 - - [01/Jul/2022:10:58:34 +0800] "POST /xingrg/dwr/call/plaincall/AjaxCheckService.setItemNumber.dwr HTTP/1.1" 200 77
116.233.77.233 - - [01/Jul/2022:10:58:35 +0800] "POST /xingrg/dwr/call/plaincall/AjaxCheckService.setItemNumber.dwr HTTP/1.1" 200 77
116.233.77.233 - - [01/Jul/2022:10:58:35 +0800] "POST /xingrg/dwr/call/plaincall/AjaxCheckService.setItemNumber.dwr HTTP/1.1" 200 77
116.233.77.233 - - [01/Jul/2022:10:58:36 +0800] "POST /xingrg/dwr/call/plaincall/AjaxCheckService.setItemNumber.dwr HTTP/1.1" 200 77
180.162.222.201 - - [01/Jul/2022:10:58:36 +0800] "GET /xingrg/kc/buy/cgsh_order_operate.html?command=get_materiel&rest_code=00105&code=00101009013&supplier_code=00100024&order_time=2022-07-01 HTTP/1.1" 200 422
116.233.77.233 - - [01/Jul/2022:10:58:36 +0800] "GET /xingrg/check_reg.html?_=1656644322692 HTTP/1.1" 200 22
116.233.77.233 - - [01/Jul/2022:10:58:36 +0800] "GET /xingrg/all/function/internal_message.html?_=1656644322693&CODE_STATE=getMsg HTTP/1.1" 200 27
116.233.77.233 - - [01/Jul/2022:10:58:37 +0800] "POST /xingrg/dwr/call/plaincall/AjaxCheckService.setItemNumber.dwr HTTP/1.1" 200 77
116.233.77.233 - - [01/Jul/2022:10:58:39 +0800] "POST /xingrg/dwr/call/plaincall/AjaxCheckService.setItemNumber.dwr HTTP/1.1" 200 77
116.233.77.233 - - [01/Jul/2022:10:58:40 +0800] "POST /xingrg/dwr/call/plaincall/AjaxCheckService.setItemNumber.dwr HTTP/1.1" 200 77
114.83.218.210 - - [01/Jul/2022:10:58:40 +0800] "GET /xingrg/all/function/internal_message.html?_=1656644319715&CODE_STATE=getMsg HTTP/1.1" 200 27
116.233.77.233 - - [01/Jul/2022:10:58:40 +0800] "POST /xingrg/dwr/call/plaincall/AjaxCheckService.setItemNumber.dwr HTTP/1.1" 200 77
114.83.218.210 - - [01/Jul/2022:10:58:41 +0800] "GET /xingrg/check_reg.html?_=1656644320288 HTTP/1.1" 200 22
101.83.223.227 - - [01/Jul/2022:10:58:41 +0800] "POST /xingrg/kc/buy/cgsh_order_operate.html HTTP/1.1" 200 37
116.233.77.233 - - [01/Jul/2022:10:58:41 +0800] "POST /xingrg/dwr/call/plaincall/AjaxCheckService.setItemNumber.dwr HTTP/1.1" 200 77
114.84.82.172 - - [01/Jul/2022:10:58:41 +0800] "POST /xingrg/kc/buy/cgsh_order_operate.html HTTP/1.1" 200 3845
116.233.77.233 - - [01/Jul/2022:10:58:41 +0800] "POST /xingrg/dwr/call/plaincall/AjaxCheckService.setItemNumber.dwr HTTP/1.1" 200 77
116.233.77.233 - - [01/Jul/2022:10:58:42 +0800] "POST /xingrg/dwr/call/plaincall/AjaxCheckService.setItemNumber.dwr HTTP/1.1" 200 77
101.83.223.227 - - [01/Jul/2022:10:58:42 +0800] "POST /xingrg/kc/buy/cgsh_order_operate.html HTTP/1.1" 200 4464
116.233.77.233 - - [01/Jul/2022:10:58:42 +0800] "POST /xingrg/dwr/call/plaincall/AjaxCheckService.setItemNumber.dwr HTTP/1.1" 200 77
116.233.77.233 - - [01/Jul/2022:10:58:43 +0800] "POST /xingrg/dwr/call/plaincall/AjaxCheckService.setItemNumber.dwr HTTP/1.1" 200 77
116.233.77.233 - - [01/Jul/2022:10:58:43 +0800] "POST /xingrg/dwr/call/plaincall/AjaxCheckService.setItemNumber.dwr HTTP/1.1" 200 77
116.233.77.233 - - [01/Jul/2022:10:58:44 +0800] "POST /xingrg/dwr/call/plaincall/AjaxCheckService.setItemNumber.dwr HTTP/1.1" 200 77
218.81.223.53 - - [01/Jul/2022:10:58:46 +0800] "GET /xingrg/all/function/internal_message.html?_=1656644343523&CODE_STATE=getMsg HTTP/1.1" 200 27
101.85.95.26 - - [01/Jul/2022:10:58:48 +0800] "GET /xingrg/check_reg.html?_=1656644326210 HTTP/1.1" 200 22
101.85.95.26 - - [01/Jul/2022:10:58:48 +0800] "GET /xingrg/all/function/internal_message.html?_=1656644326214&CODE_STATE=getMsg HTTP/1.1" 200 27
101.83.223.227 - - [01/Jul/2022:10:58:49 +0800] "POST /xingrg/kc/buy/cgsh_list_operate.html HTTP/1.1" 200 569
101.83.223.227 - - [01/Jul/2022:10:58:49 +0800] "GET /xingrg/kc/buy/cgsh_order_info.html?code=212022070100087 HTTP/1.1" 200 67495
101.83.223.227 - - [01/Jul/2022:10:58:50 +0800] "GET /xingrg/javascript/easyui/themes/default/validatebox.css HTTP/1.1" 404 1104
101.83.223.227 - - [01/Jul/2022:10:58:50 +0800] "POST /xingrg/kc/buy/cgsh_order_operate.html HTTP/1.1" 200 21233
218.81.223.53 - - [01/Jul/2022:10:58:54 +0800] "GET /xingrg/all/function/internal_message.html?_=1656644348890&CODE_STATE=getMsg HTTP/1.1" 302 -
180.162.222.201 - - [01/Jul/2022:10:58:58 +0800] "POST /xingrg/dwr/call/plaincall/AjaxCheckService.setItemNumber.dwr HTTP/1.1" 200 77
114.84.82.172 - - [01/Jul/2022:10:58:59 +0800] "GET /xingrg/all/function/internal_message.html?_=1656644338460&CODE_STATE=getMsg HTTP/1.1" 200 27
58.40.7.146 - - [01/Jul/2022:10:59:00 +0800] "GET /xingrg/all/function/internal_message.html?_=1656644360219&CODE_STATE=getMsg HTTP/1.1" 200 27
101.83.223.227 - - [01/Jul/2022:10:59:00 +0800] "GET /xingrg/all/function/internal_message.html?_=1656644287168&CODE_STATE=getMsg HTTP/1.1" 200 27
218.81.223.53 - - [01/Jul/2022:10:59:01 +0800] "GET /xingrg/kc/buy/cgsh_order_list.html HTTP/1.1" 200 52100
218.81.223.53 - - [01/Jul/2022:10:59:02 +0800] "POST /xingrg/kc/buy/cgsh_list_operate.html HTTP/1.1" 200 693
120.253.135.82 - - [01/Jul/2022:10:59:02 +0800] "GET /xingrg/all/function/internal_message.html?_=1656644471444&CODE_STATE=getMsg HTTP/1.1" 200 27
218.81.223.53 - - [01/Jul/2022:10:59:04 +0800] "GET /xingrg/javascript/jquery_tools/order_manager.js HTTP/1.1" 304 -
218.81.223.53 - - [01/Jul/2022:10:59:04 +0800] "GET /xingrg/javascript/json2.js HTTP/1.1" 304 -
218.81.223.53 - - [01/Jul/2022:10:59:04 +0800] "GET /xingrg/kc/buy/cgsh_order_add.html HTTP/1.1" 200 67838
218.81.223.53 - - [01/Jul/2022:10:59:04 +0800] "GET /xingrg/words/20220701093933_words.js HTTP/1.1" 200 903587
180.162.222.201 - - [01/Jul/2022:10:59:05 +0800] "GET /xingrg/all/function/internal_message.html?_=1656644347141&CODE_STATE=getMsg HTTP/1.1" 200 27
218.81.223.53 - - [01/Jul/2022:10:59:05 +0800] "POST /xingrg/kc/buy/cgsh_order_operate.html HTTP/1.1" 200 8245
116.233.77.233 - - [01/Jul/2022:10:59:05 +0800] "POST /xingrg/dwr/call/plaincall/AjaxCheckService.setItemNumber.dwr HTTP/1.1" 200 77
218.81.223.53 - - [01/Jul/2022:10:59:05 +0800] "GET /xingrg/all/common/auto_word.html?type=employee&rest_code=00146 HTTP/1.1" 200 101
218.81.223.53 - - [01/Jul/2022:10:59:05 +0800] "GET /xingrg/all/common/auto_word.html?type=employee&rest_code=00146 HTTP/1.1" 200 101
218.81.223.53 - - [01/Jul/2022:10:59:05 +0800] "GET /xingrg/javascript/easyui/themes/default/validatebox.css HTTP/1.1" 404 1104
218.81.223.53 - - [01/Jul/2022:10:59:05 +0800] "GET /xingrg/javascript/easyui/plugins/jquery.validatebox.js HTTP/1.1" 304 -
218.81.223.53 - - [01/Jul/2022:10:59:05 +0800] "GET /xingrg/javascript/easyui/plugins/jquery.numberbox.js HTTP/1.1" 304 -
116.233.77.233 - - [01/Jul/2022:10:59:06 +0800] "POST /xingrg/dwr/call/plaincall/AjaxCheckService.setItemNumber.dwr HTTP/1.1" 200 77
114.84.82.172 - - [01/Jul/2022:10:59:06 +0800] "GET /xingrg/kc/print/load_data.html?order_code=212022070100095&kc_code=cgsh&condition= HTTP/1.1" 200 1176
116.233.77.233 - - [01/Jul/2022:10:59:07 +0800] "POST /xingrg/dwr/call/plaincall/AjaxCheckService.setItemNumber.dwr HTTP/1.1" 200 77
116.233.77.233 - - [01/Jul/2022:10:59:08 +0800] "POST /xingrg/dwr/call/plaincall/AjaxCheckService.setItemNumber.dwr HTTP/1.1" 200 77
58.35.196.166 - - [01/Jul/2022:10:59:08 +0800] "GET /xingrg/all/function/internal_message.html?_=1656644346193&CODE_STATE=getMsg HTTP/1.1" 200 27
116.233.77.233 - - [01/Jul/2022:10:59:08 +0800] "POST /xingrg/dwr/call/plaincall/AjaxCheckService.setItemNumber.dwr HTTP/1.1" 200 77
116.233.77.233 - - [01/Jul/2022:10:59:09 +0800] "POST /xingrg/dwr/call/plaincall/AjaxCheckService.setItemNumber.dwr HTTP/1.1" 200 77
116.233.77.233 - - [01/Jul/2022:10:59:09 +0800] "POST /xingrg/dwr/call/plaincall/AjaxCheckService.setItemNumber.dwr HTTP/1.1" 200 77
120.253.135.82 - - [01/Jul/2022:10:59:10 +0800] "GET /xingrg/all/function/internal_message.html?_=1656644159639&CODE_STATE=getMsg HTTP/1.1" 200 27
116.233.77.233 - - [01/Jul/2022:10:59:10 +0800] "POST /xingrg/dwr/call/plaincall/AjaxCheckService.setItemNumber.dwr HTTP/1.1" 200 77
116.233.77.233 - - [01/Jul/2022:10:59:10 +0800] "POST /xingrg/dwr/call/plaincall/AjaxCheckService.setItemNumber.dwr HTTP/1.1" 200 77
180.169.147.146 - - [01/Jul/2022:10:59:11 +0800] "GET /xingrg/all/function/internal_message.html?_=1656644349729&CODE_STATE=getMsg HTTP/1.1" 200 27
116.233.77.233 - - [01/Jul/2022:10:59:11 +0800] "POST /xingrg/dwr/call/plaincall/AjaxCheckService.setItemNumber.dwr HTTP/1.1" 200 77
116.233.77.233 - - [01/Jul/2022:10:59:11 +0800] "POST /xingrg/dwr/call/plaincall/AjaxCheckService.setItemNumber.dwr HTTP/1.1" 200 77
116.233.77.233 - - [01/Jul/2022:10:59:12 +0800] "POST /xingrg/dwr/call/plaincall/AjaxCheckService.setItemNumber.dwr HTTP/1.1" 200 77
180.169.147.146 - - [01/Jul/2022:10:59:12 +0800] "GET /xingrg/all/function/internal_message.html?_=1656644348801&CODE_STATE=getMsg HTTP/1.1" 200 27
116.233.77.233 - - [01/Jul/2022:10:59:12 +0800] "POST /xingrg/dwr/call/plaincall/AjaxCheckService.setItemNumber.dwr HTTP/1.1" 200 77
101.85.238.90 - - [01/Jul/2022:10:59:13 +0800] "GET /xingrg/all/function/internal_message.html?_=1656644423330&CODE_STATE=getMsg HTTP/1.1" 200 27
180.162.222.201 - - [01/Jul/2022:10:59:14 +0800] "POST /xingrg/dwr/call/plaincall/AjaxCheckService.setItemNumber.dwr HTTP/1.1" 200 77
58.40.7.146 - - [01/Jul/2022:10:59:14 +0800] "POST /xingrg/services/DataTransmitService HTTP/1.1" 200 524
124.78.155.58 - - [01/Jul/2022:10:59:15 +0800] "GET /xingrg/all/function/internal_message.html?_=1656644357043&CODE_STATE=getMsg HTTP/1.1" 200 27
180.162.222.201 - - [01/Jul/2022:10:59:18 +0800] "GET /xingrg/all/function/internal_message.html?_=1656644262316&CODE_STATE=getMsg HTTP/1.1" 200 27
180.169.147.146 - - [01/Jul/2022:10:59:24 +0800] "GET /xingrg/all/function/internal_message.html?_=1656644357733&CODE_STATE=getMsg HTTP/1.1" 200 27
116.230.110.173 - - [01/Jul/2022:10:59:26 +0800] "GET /xingrg/all/function/internal_message.html?_=1656644362187&CODE_STATE=getMsg HTTP/1.1" 200 27
58.35.196.166 - - [01/Jul/2022:10:59:27 +0800] "POST /xingrg/kc/buy/cgsh_order_operate.html HTTP/1.1" 200 37
180.162.222.201 - - [01/Jul/2022:10:59:28 +0800] "POST /xingrg/dwr/call/plaincall/AjaxCheckService.setItemNumber.dwr HTTP/1.1" 200 77
180.169.147.146 - - [01/Jul/2022:10:59:28 +0800] "GET /xingrg/all/function/internal_message.html?_=1656644366709&CODE_STATE=getMsg HTTP/1.1" 200 27
114.84.82.172 - - [01/Jul/2022:10:59:29 +0800] "GET /xingrg/all/function/internal_message.html?_=1656644369339&CODE_STATE=getMsg HTTP/1.1" 200 27
58.35.196.166 - - [01/Jul/2022:10:59:29 +0800] "POST /xingrg/kc/buy/cgsh_order_operate.html HTTP/1.1" 200 10329
114.84.82.172 - - [01/Jul/2022:10:59:30 +0800] "GET /xingrg/kc/buy/cgsh_order_add.html HTTP/1.1" 200 67870
114.84.82.172 - - [01/Jul/2022:10:59:31 +0800] "POST /xingrg/kc/buy/cgsh_order_operate.html HTTP/1.1" 200 8245
114.84.82.172 - - [01/Jul/2022:10:59:31 +0800] "GET /xingrg/javascript/easyui/themes/default/validatebox.css HTTP/1.1" 404 1104
114.88.162.248 - - [01/Jul/2022:10:59:32 +0800] "GET /xingrg/all/function/internal_message.html?_=1656644369500&CODE_STATE=getMsg HTTP/1.1" 200 27
58.35.196.166 - - [01/Jul/2022:10:59:32 +0800] "GET /xingrg/kc/print/load_data.html?order_code=212022070100096&kc_code=cgsh&condition= HTTP/1.1" 200 3586
180.162.115.11 - - [01/Jul/2022:10:59:33 +0800] "GET /xingrg/check_reg.html?_=1656643600483 HTTP/1.1" 200 22
180.162.115.11 - - [01/Jul/2022:10:59:33 +0800] "GET /xingrg/all/function/internal_message.html?_=1656643600485&CODE_STATE=getMsg HTTP/1.1" 200 27
101.85.238.90 - - [01/Jul/2022:10:59:33 +0800] "GET /favicon.ico HTTP/1.1" 404 -
116.233.77.233 - - [01/Jul/2022:10:59:36 +0800] "GET /xingrg/all/function/internal_message.html?_=1656644382683&CODE_STATE=getMsg HTTP/1.1" 200 27
116.233.77.233 - - [01/Jul/2022:10:59:37 +0800] "POST /xingrg/dwr/call/plaincall/AjaxCheckService.checkOrder.dwr HTTP/1.1" 200 79
180.162.222.201 - - [01/Jul/2022:10:59:37 +0800] "POST /xingrg/dwr/call/plaincall/AjaxCheckService.setItemNumber.dwr HTTP/1.1" 200 77
180.162.222.201 - - [01/Jul/2022:10:59:37 +0800] "POST /xingrg/dwr/call/plaincall/AjaxCheckService.setItemNumber.dwr HTTP/1.1" 200 77
58.35.196.166 - - [01/Jul/2022:10:59:38 +0800] "GET /xingrg/kc/buy/cgsh_order_add.html HTTP/1.1" 200 67923
116.233.77.233 - - [01/Jul/2022:10:59:38 +0800] "GET /xingrg/kc/base/check_order_info.html?code=452022063000553 HTTP/1.1" 200 22862
58.35.196.166 - - [01/Jul/2022:10:59:38 +0800] "GET /xingrg/words/20220701093933_words.js HTTP/1.1" 304 -
116.233.77.233 - - [01/Jul/2022:10:59:38 +0800] "GET /xingrg/dwr/interface/AjaxComOrderService.js HTTP/1.1" 200 18264
116.233.77.233 - - [01/Jul/2022:10:59:38 +0800] "GET /xingrg/dwr/interface/AjaxCheckService.js HTTP/1.1" 200 14003
116.233.77.233 - - [01/Jul/2022:10:59:38 +0800] "GET /xingrg/dwr/engine.js HTTP/1.1" 200 43631
58.35.196.166 - - [01/Jul/2022:10:59:39 +0800] "POST /xingrg/kc/buy/cgsh_order_operate.html HTTP/1.1" 200 8245
58.35.196.166 - - [01/Jul/2022:10:59:39 +0800] "GET /xingrg/javascript/easyui/themes/default/validatebox.css HTTP/1.1" 404 1104
116.233.77.233 - - [01/Jul/2022:10:59:39 +0800] "POST /xingrg/dwr/call/plaincall/AjaxCheckService.loadOrderItems.dwr HTTP/1.1" 200 89217
114.83.218.210 - - [01/Jul/2022:10:59:40 +0800] "GET /xingrg/all/function/internal_message.html?_=1656644379696&CODE_STATE=getMsg HTTP/1.1" 200 27
116.233.77.233 - - [01/Jul/2022:10:59:40 +0800] "GET /xingrg/kc/base/base_main.html HTTP/1.1" 200 12142
180.162.222.201 - - [01/Jul/2022:10:59:41 +0800] "POST /xingrg/dwr/call/plaincall/AjaxCheckService.setItemNumber.dwr HTTP/1.1" 200 77
116.233.77.233 - - [01/Jul/2022:10:59:42 +0800] "GET /xingrg/kc/mdqp/qp_main.html HTTP/1.1" 200 10633
116.233.77.233 - - [01/Jul/2022:10:59:42 +0800] "GET /xingrg/images/yd/bt.gif HTTP/1.1" 404 1040
180.162.222.201 - - [01/Jul/2022:10:59:43 +0800] "POST /xingrg/kc/buy/cgsh_order_operate.html HTTP/1.1" 200 37
218.81.223.53 - - [01/Jul/2022:10:59:46 +0800] "GET /xingrg/all/function/internal_message.html?_=1656644403529&CODE_STATE=getMsg HTTP/1.1" 200 27
180.162.222.201 - - [01/Jul/2022:10:59:46 +0800] "POST /xingrg/kc/buy/cgsh_order_operate.html HTTP/1.1" 200 4433
58.221.95.50 - - [01/Jul/2022:10:59:46 +0800] "GET /xingrg/check_reg.html?_=1656644387691 HTTP/1.1" 302 -
58.221.95.50 - - [01/Jul/2022:10:59:46 +0800] "GET /xingrg/check_reg.html?_=1656644387732 HTTP/1.1" 302 -
218.81.223.53 - - [01/Jul/2022:10:59:46 +0800] "GET /xingrg/javascript/auto/indicator.gif HTTP/1.1" 404 1066
101.85.95.26 - - [01/Jul/2022:10:59:48 +0800] "GET /xingrg/all/function/internal_message.html?_=1656644386213&CODE_STATE=getMsg HTTP/1.1" 200 27
116.233.77.233 - - [01/Jul/2022:10:59:49 +0800] "GET /xingrg/kc/mdqp/psth_order_list1.html HTTP/1.1" 200 17927
116.233.77.233 - - [01/Jul/2022:10:59:49 +0800] "GET /xingrg/javascript/easyui/themes/icons/uncheck_new.png HTTP/1.1" 200 3197
116.233.77.233 - - [01/Jul/2022:10:59:49 +0800] "POST /xingrg/kc/mdqp/psth_list_operate.html HTTP/1.1" 200 1528
180.162.222.201 - - [01/Jul/2022:10:59:50 +0800] "POST /xingrg/dwr/call/plaincall/AjaxCheckService.setItemNumber.dwr HTTP/1.1" 200 77
116.233.77.233 - - [01/Jul/2022:10:59:50 +0800] "POST /xingrg/kc/mdqp/psth_list_operate.html HTTP/1.1" 200 549
218.81.223.53 - - [01/Jul/2022:10:59:51 +0800] "GET /xingrg/javascript/jquery_tools/images/next.gif HTTP/1.1" 404 1086
218.81.223.53 - - [01/Jul/2022:10:59:51 +0800] "GET /xingrg/javascript/jquery_tools/images/prev.gif HTTP/1.1" 404 1086
218.81.223.53 - - [01/Jul/2022:10:59:52 +0800] "GET /xingrg/check_reg.html?_=1656644406720 HTTP/1.1" 302 -
180.162.222.201 - - [01/Jul/2022:10:59:52 +0800] "POST /xingrg/dwr/call/plaincall/AjaxCheckService.setItemNumber.dwr HTTP/1.1" 200 77
218.81.223.53 - - [01/Jul/2022:10:59:54 +0800] "GET /xingrg/all/function/internal_message.html?_=1656644408904&CODE_STATE=getMsg HTTP/1.1" 302 -
180.162.222.201 - - [01/Jul/2022:10:59:54 +0800] "GET /xingrg/kc/print/load_data.html?order_code=212022070100097&kc_code=cgsh&condition= HTTP/1.1" 200 1366
116.233.77.233 - - [01/Jul/2022:10:59:56 +0800] "POST /xingrg/kc/mdqp/psth_list_operate.html HTTP/1.1" 200 5227
180.162.222.201 - - [01/Jul/2022:10:59:57 +0800] "POST /xingrg/dwr/call/plaincall/AjaxCheckService.setItemNumber.dwr HTTP/1.1" 200 77
114.84.82.172 - - [01/Jul/2022:10:59:59 +0800] "GET /xingrg/all/function/internal_message.html?_=1656644398458&CODE_STATE=getMsg HTTP/1.1" 200 27
58.40.7.146 - - [01/Jul/2022:10:59:59 +0800] "GET /xingrg/all/function/internal_message.html?_=1656644420205&CODE_STATE=getMsg HTTP/1.1" 200 27
101.83.223.227 - - [01/Jul/2022:11:00:00 +0800] "GET /xingrg/all/function/internal_message.html?_=1656644347182&CODE_STATE=getMsg HTTP/1.1" 200 27
116.233.77.233 - - [01/Jul/2022:11:00:00 +0800] "POST /xingrg/kc/mdqp/psth_list_operate.html HTTP/1.1" 200 298
120.253.135.82 - - [01/Jul/2022:11:00:02 +0800] "GET /xingrg/all/function/internal_message.html?_=1656644531476&CODE_STATE=getMsg HTTP/1.1" 200 27
116.233.77.233 - - [01/Jul/2022:11:00:02 +0800] "POST /xingrg/kc/mdqp/psth_list_operate.html HTTP/1.1" 200 450
120.253.135.82 - - [01/Jul/2022:11:00:04 +0800] "GET /xingrg/check_reg.html?_=1656644213646 HTTP/1.1" 200 22
180.162.222.201 - - [01/Jul/2022:11:00:05 +0800] "GET /xingrg/all/function/internal_message.html?_=1656644407136&CODE_STATE=getMsg HTTP/1.1" 200 27
116.233.77.233 - - [01/Jul/2022:11:00:05 +0800] "GET /xingrg/kc/mdqp/psth_order_add1.html HTTP/1.1" 200 25282
116.233.77.233 - - [01/Jul/2022:11:00:05 +0800] "GET /xingrg/javascript/jquery_tools/jquery-1.4.2.min.js HTTP/1.1" 404 1094
116.233.77.233 - - [01/Jul/2022:11:00:05 +0800] "POST /xingrg/kc/mdqp/psth_order_operate.html HTTP/1.1" 200 6806
116.233.77.233 - - [01/Jul/2022:11:00:05 +0800] "GET /xingrg/all/common/auto_word.html?type=base&rest_code=00109&rest_code=00101 HTTP/1.1" 200 1907
116.233.77.233 - - [01/Jul/2022:11:00:06 +0800] "GET /xingrg/javascript/easyui/themes/default/validatebox.css HTTP/1.1" 404 1104
58.35.196.166 - - [01/Jul/2022:11:00:08 +0800] "GET /xingrg/all/function/internal_message.html?_=1656644406172&CODE_STATE=getMsg HTTP/1.1" 200 27
180.162.222.201 - - [01/Jul/2022:11:00:08 +0800] "POST /xingrg/dwr/call/plaincall/AjaxCheckService.setItemNumber.dwr HTTP/1.1" 200 77
116.233.77.233 - - [01/Jul/2022:11:00:09 +0800] "GET /xingrg/javascript/jquery_tools/images/next.gif HTTP/1.1" 404 1086
116.233.77.233 - - [01/Jul/2022:11:00:09 +0800] "GET /xingrg/javascript/jquery_tools/images/prev.gif HTTP/1.1" 404 1086
120.253.135.82 - - [01/Jul/2022:11:00:10 +0800] "GET /xingrg/all/function/internal_message.html?_=1656644219653&CODE_STATE=getMsg HTTP/1.1" 200 27
218.81.223.53 - - [01/Jul/2022:11:00:10 +0800] "GET /xingrg/kc/buy/cgsh_order_operate.html?command=get_materiel&rest_code=00146&code=00101007032&supplier_code=00100002&order_time=2022-07-01 HTTP/1.1" 200 413
180.169.147.146 - - [01/Jul/2022:11:00:11 +0800] "GET /xingrg/all/function/internal_message.html?_=1656644409740&CODE_STATE=getMsg HTTP/1.1" 200 27
172.20.0.100 - - [01/Jul/2022:11:00:11 +0800] "GET /xingrg/check_reg.html?_=1656644407141 HTTP/1.1" 302 -
101.85.238.90 - - [01/Jul/2022:11:00:11 +0800] "GET /xingrg/check_reg.html?_=1656644481202 HTTP/1.1" 200 22
180.169.147.146 - - [01/Jul/2022:11:00:12 +0800] "GET /xingrg/all/function/internal_message.html?_=1656644408798&CODE_STATE=getMsg HTTP/1.1" 200 27
101.85.238.90 - - [01/Jul/2022:11:00:13 +0800] "GET /xingrg/all/function/internal_message.html?_=1656644483528&CODE_STATE=getMsg HTTP/1.1" 200 27
124.78.155.58 - - [01/Jul/2022:11:00:15 +0800] "GET /xingrg/all/function/internal_message.html?_=1656644417070&CODE_STATE=getMsg HTTP/1.1" 200 27
180.162.222.201 - - [01/Jul/2022:11:00:19 +0800] "GET /xingrg/check_reg.html?_=1656644322334 HTTP/1.1" 200 22
180.162.222.201 - - [01/Jul/2022:11:00:19 +0800] "GET /xingrg/all/function/internal_message.html?_=1656644322337&CODE_STATE=getMsg HTTP/1.1" 200 27
180.162.222.201 - - [01/Jul/2022:11:00:19 +0800] "POST /xingrg/dwr/call/plaincall/AjaxCheckService.setItemNumber.dwr HTTP/1.1" 200 77
116.233.77.233 - - [01/Jul/2022:11:00:22 +0800] "GET /xingrg/kc/mdqp/psth_order_operate.html?command=get_materiel&base_code=0010109&rest_code=00109&code=00102034007 HTTP/1.1" 200 449
180.169.147.146 - - [01/Jul/2022:11:00:24 +0800] "GET /xingrg/all/function/internal_message.html?_=1656644417734&CODE_STATE=getMsg HTTP/1.1" 200 27
180.169.147.146 - - [01/Jul/2022:11:00:24 +0800] "GET /xingrg/check_reg.html?_=1656644417737 HTTP/1.1" 200 22
116.230.110.173 - - [01/Jul/2022:11:00:26 +0800] "GET /xingrg/all/function/internal_message.html?_=1656644422176&CODE_STATE=getMsg HTTP/1.1" 200 27
58.35.196.166 - - [01/Jul/2022:11:00:27 +0800] "GET /xingrg/check_reg.html?_=1656644424716 HTTP/1.1" 200 22
180.169.147.146 - - [01/Jul/2022:11:00:28 +0800] "GET /xingrg/all/function/internal_message.html?_=1656644426713&CODE_STATE=getMsg HTTP/1.1" 200 27
180.169.147.146 - - [01/Jul/2022:11:00:28 +0800] "GET /xingrg/check_reg.html?_=1656644426713 HTTP/1.1" 200 22
116.233.77.233 - - [01/Jul/2022:11:00:29 +0800] "GET /xingrg/kc/mdqp/psth_order_operate.html?command=get_materiel&base_code=0010109&rest_code=00109&code=00102034006 HTTP/1.1" 200 449
114.84.82.172 - - [01/Jul/2022:11:00:29 +0800] "GET /xingrg/all/function/internal_message.html?_=1656644429316&CODE_STATE=getMsg HTTP/1.1" 200 27
114.88.162.248 - - [01/Jul/2022:11:00:32 +0800] "GET /xingrg/all/function/internal_message.html?_=1656644429470&CODE_STATE=getMsg HTTP/1.1" 200 27
114.88.162.248 - - [01/Jul/2022:11:00:32 +0800] "GET /xingrg/check_reg.html?_=1656644429942 HTTP/1.1" 200 22
180.162.115.11 - - [01/Jul/2022:11:00:33 +0800] "GET /xingrg/all/function/internal_message.html?_=1656643660483&CODE_STATE=getMsg HTTP/1.1" 200 27
116.233.77.233 - - [01/Jul/2022:11:00:36 +0800] "POST /xingrg/kc/mdqp/psth_order_operate.html HTTP/1.1" 200 37
218.81.223.53 - - [01/Jul/2022:11:00:36 +0800] "POST /xingrg/kc/buy/cgsh_order_operate.html HTTP/1.1" 200 37
116.233.77.233 - - [01/Jul/2022:11:00:36 +0800] "GET /xingrg/all/function/internal_message.html?_=1656644442680&CODE_STATE=getMsg HTTP/1.1" 200 27
218.81.223.53 - - [01/Jul/2022:11:00:38 +0800] "POST /xingrg/kc/buy/cgsh_order_operate.html HTTP/1.1" 200 2658
116.233.77.233 - - [01/Jul/2022:11:00:38 +0800] "POST /xingrg/kc/mdqp/psth_order_operate.html HTTP/1.1" 200 12
116.233.77.233 - - [01/Jul/2022:11:00:38 +0800] "POST /xingrg/kc/mdqp/psth_order_operate.html HTTP/1.1" 200 2694
116.233.77.233 - - [01/Jul/2022:11:00:39 +0800] "GET /xingrg/kc/mdqp/psth_order_info1.html?code=322022070100001 HTTP/1.1" 200 22386
116.233.77.233 - - [01/Jul/2022:11:00:39 +0800] "GET /xingrg/javascript/jquery_tools/jquery-1.4.2.min.js HTTP/1.1" 404 1094
116.233.77.233 - - [01/Jul/2022:11:00:40 +0800] "GET /xingrg/javascript/easyui/themes/default/validatebox.css HTTP/1.1" 404 1104
116.233.77.233 - - [01/Jul/2022:11:00:40 +0800] "POST /xingrg/kc/mdqp/psth_order_operate.html HTTP/1.1" 200 993
114.83.218.210 - - [01/Jul/2022:11:00:40 +0800] "GET /xingrg/all/function/internal_message.html?_=1656644439680&CODE_STATE=getMsg HTTP/1.1" 200 27
218.81.223.53 - - [01/Jul/2022:11:00:40 +0800] "GET /xingrg/kc/print/load_data.html?order_code=212022070100098&kc_code=cgsh&condition= HTTP/1.1" 200 747
218.81.223.53 - - [01/Jul/2022:11:00:43 +0800] "GET /xingrg/check_reg.html?_=1656644461050 HTTP/1.1" 200 22
218.81.223.53 - - [01/Jul/2022:11:00:46 +0800] "GET /xingrg/all/function/internal_message.html?_=1656644463542&CODE_STATE=getMsg HTTP/1.1" 200 27
101.85.95.26 - - [01/Jul/2022:11:00:48 +0800] "GET /xingrg/all/function/internal_message.html?_=1656644446215&CODE_STATE=getMsg HTTP/1.1" 200 27
223.104.47.176 - - [01/Jul/2022:11:00:50 +0800] "GET /xingrg/check_reg.html?_=1656644449831 HTTP/1.1" 302 -
223.104.47.176 - - [01/Jul/2022:11:00:50 +0800] "GET /xingrg/all/function/internal_message.html?_=1656644449829&CODE_STATE=getMsg HTTP/1.1" 302 -
223.104.47.176 - - [01/Jul/2022:11:00:50 +0800] "GET /xingrg/login.html HTTP/1.1" 200 7641
223.104.47.176 - - [01/Jul/2022:11:00:50 +0800] "GET /xingrg/login.html HTTP/1.1" 200 7641
180.162.222.201 - - [01/Jul/2022:11:00:51 +0800] "POST /xingrg/dwr/call/plaincall/AjaxCheckService.setItemNumber.dwr HTTP/1.1" 200 77
180.162.222.201 - - [01/Jul/2022:11:00:53 +0800] "POST /xingrg/dwr/call/plaincall/AjaxCheckService.setItemNumber.dwr HTTP/1.1" 200 77
218.81.223.53 - - [01/Jul/2022:11:00:54 +0800] "GET /xingrg/all/function/internal_message.html?_=1656644468919&CODE_STATE=getMsg HTTP/1.1" 302 -
180.162.222.201 - - [01/Jul/2022:11:00:54 +0800] "POST /xingrg/dwr/call/plaincall/AjaxCheckService.setItemNumber.dwr HTTP/1.1" 200 77
180.162.222.201 - - [01/Jul/2022:11:00:58 +0800] "GET /xingrg/kc/buy/cgsh_order_add.html HTTP/1.1" 200 67958
180.162.222.201 - - [01/Jul/2022:11:00:58 +0800] "POST /xingrg/kc/buy/cgsh_order_operate.html HTTP/1.1" 200 8245
180.162.222.201 - - [01/Jul/2022:11:00:58 +0800] "GET /xingrg/javascript/easyui/themes/default/validatebox.css HTTP/1.1" 404 1104
180.162.222.201 - - [01/Jul/2022:11:00:58 +0800] "POST /xingrg/dwr/call/plaincall/AjaxCheckService.setItemNumber.dwr HTTP/1.1" 200 77
114.84.82.172 - - [01/Jul/2022:11:00:59 +0800] "GET /xingrg/all/function/internal_message.html?_=1656644458456&CODE_STATE=getMsg HTTP/1.1" 200 27
114.84.82.172 - - [01/Jul/2022:11:00:59 +0800] "GET /xingrg/check_reg.html?_=1656644458458 HTTP/1.1" 200 22
58.40.7.146 - - [01/Jul/2022:11:00:59 +0800] "GET /xingrg/all/function/internal_message.html?_=1656644480209&CODE_STATE=getMsg HTTP/1.1" 200 27
101.83.223.227 - - [01/Jul/2022:11:01:00 +0800] "GET /xingrg/check_reg.html?_=1656644406666 HTTP/1.1" 200 22
101.83.223.227 - - [01/Jul/2022:11:01:00 +0800] "GET /xingrg/all/function/internal_message.html?_=1656644407196&CODE_STATE=getMsg HTTP/1.1" 200 27
218.81.223.53 - - [01/Jul/2022:11:01:01 +0800] "GET /xingrg/kc/buy/cgsh_order_add.html HTTP/1.1" 200 67838
218.81.223.53 - - [01/Jul/2022:11:01:02 +0800] "POST /xingrg/kc/buy/cgsh_order_operate.html HTTP/1.1" 200 8245
218.81.223.53 - - [01/Jul/2022:11:01:02 +0800] "GET /xingrg/javascript/easyui/themes/default/validatebox.css HTTP/1.1" 404 1104
120.253.135.82 - - [01/Jul/2022:11:01:02 +0800] "GET /xingrg/all/function/internal_message.html?_=1656644591486&CODE_STATE=getMsg HTTP/1.1" 200 27
180.162.222.201 - - [01/Jul/2022:11:01:05 +0800] "GET /xingrg/all/function/internal_message.html?_=1656644467147&CODE_STATE=getMsg HTTP/1.1" 200 27
180.162.222.201 - - [01/Jul/2022:11:01:05 +0800] "GET /xingrg/check_reg.html?_=1656644467150 HTTP/1.1" 200 22
58.35.196.166 - - [01/Jul/2022:11:01:08 +0800] "GET /xingrg/all/function/internal_message.html?_=1656644466156&CODE_STATE=getMsg HTTP/1.1" 200 27
180.162.222.201 - - [01/Jul/2022:11:01:09 +0800] "POST /xingrg/dwr/call/plaincall/AjaxCheckService.setItemNumber.dwr HTTP/1.1" 200 77
120.253.135.82 - - [01/Jul/2022:11:01:10 +0800] "GET /xingrg/all/function/internal_message.html?_=1656644279667&CODE_STATE=getMsg HTTP/1.1" 200 27
180.169.147.146 - - [01/Jul/2022:11:01:11 +0800] "GET /xingrg/all/function/internal_message.html?_=1656644469732&CODE_STATE=getMsg HTTP/1.1" 200 27
180.169.147.146 - - [01/Jul/2022:11:01:12 +0800] "GET /xingrg/all/function/internal_message.html?_=1656644468797&CODE_STATE=getMsg HTTP/1.1" 200 27
101.85.238.90 - - [01/Jul/2022:11:01:14 +0800] "GET /xingrg/all/function/internal_message.html?_=1656644543539&CODE_STATE=getMsg HTTP/1.1" 200 27
114.84.82.172 - - [01/Jul/2022:11:01:15 +0800] "GET /xingrg/kc/buy/cgsh_order_operate.html?command=get_materiel&rest_code=00148&code=00101008072&supplier_code=00100007&order_time=2022-07-01 HTTP/1.1" 200 408
124.78.155.58 - - [01/Jul/2022:11:01:15 +0800] "GET /xingrg/all/function/internal_message.html?_=1656644477069&CODE_STATE=getMsg HTTP/1.1" 200 27
124.78.155.58 - - [01/Jul/2022:11:01:15 +0800] "GET /xingrg/check_reg.html?_=1656644477074 HTTP/1.1" 200 22
180.162.222.201 - - [01/Jul/2022:11:01:18 +0800] "POST /xingrg/dwr/call/plaincall/AjaxCheckService.setItemNumber.dwr HTTP/1.1" 200 77
180.162.222.201 - - [01/Jul/2022:11:01:18 +0800] "GET /xingrg/all/function/internal_message.html?_=1656644382312&CODE_STATE=getMsg HTTP/1.1" 200 27
180.169.147.146 - - [01/Jul/2022:11:01:24 +0800] "GET /xingrg/all/function/internal_message.html?_=1656644477736&CODE_STATE=getMsg HTTP/1.1" 200 27
116.230.110.173 - - [01/Jul/2022:11:01:26 +0800] "GET /xingrg/all/function/internal_message.html?_=1656644482190&CODE_STATE=getMsg HTTP/1.1" 200 27
180.169.147.146 - - [01/Jul/2022:11:01:28 +0800] "GET /xingrg/all/function/internal_message.html?_=1656644486715&CODE_STATE=getMsg HTTP/1.1" 200 27
114.84.82.172 - - [01/Jul/2022:11:01:29 +0800] "GET /xingrg/all/function/internal_message.html?_=1656644489295&CODE_STATE=getMsg HTTP/1.1" 200 27
114.88.162.248 - - [01/Jul/2022:11:01:32 +0800] "GET /xingrg/all/function/internal_message.html?_=1656644489443&CODE_STATE=getMsg HTTP/1.1" 200 27
180.162.115.11 - - [01/Jul/2022:11:01:33 +0800] "GET /xingrg/all/function/internal_message.html?_=1656643720483&CODE_STATE=getMsg HTTP/1.1" 200 27
58.37.225.129 - - [01/Jul/2022:11:01:34 +0800] "POST /xingrg/services/DataTransmitService HTTP/1.1" 200 524
58.37.225.129 - - [01/Jul/2022:11:01:34 +0800] "POST /xingrg/services/DataTransmitService HTTP/1.1" 200 501
58.37.225.129 - - [01/Jul/2022:11:01:35 +0800] "POST /xingrg/services/DataTransmitService HTTP/1.1" 200 524
58.37.225.129 - - [01/Jul/2022:11:01:35 +0800] "POST /xingrg/services/DataTransmitService HTTP/1.1" 200 501
58.37.225.129 - - [01/Jul/2022:11:01:36 +0800] "POST /xingrg/services/DataTransmitService HTTP/1.1" 200 524
58.37.225.129 - - [01/Jul/2022:11:01:36 +0800] "POST /xingrg/services/DataTransmitService HTTP/1.1" 200 501
116.233.77.233 - - [01/Jul/2022:11:01:36 +0800] "GET /xingrg/all/function/internal_message.html?_=1656644502676&CODE_STATE=getMsg HTTP/1.1" 200 27
58.37.225.129 - - [01/Jul/2022:11:01:37 +0800] "POST /xingrg/services/DataTransmitService HTTP/1.1" 200 524
180.162.222.201 - - [01/Jul/2022:11:01:39 +0800] "POST /xingrg/dwr/call/plaincall/AjaxCheckService.setItemNumber.dwr HTTP/1.1" 200 77
114.83.218.210 - - [01/Jul/2022:11:01:40 +0800] "GET /xingrg/all/function/internal_message.html?_=1656644499650&CODE_STATE=getMsg HTTP/1.1" 200 27
58.37.225.129 - - [01/Jul/2022:11:01:43 +0800] "POST /xingrg/services/DataTransmitService HTTP/1.1" 200 501
218.81.223.53 - - [01/Jul/2022:11:01:46 +0800] "GET /xingrg/all/function/internal_message.html?_=1656644523556&CODE_STATE=getMsg HTTP/1.1" 200 27
101.85.95.26 - - [01/Jul/2022:11:01:48 +0800] "GET /xingrg/all/function/internal_message.html?_=1656644506216&CODE_STATE=getMsg HTTP/1.1" 200 27
180.162.222.201 - - [01/Jul/2022:11:01:52 +0800] "GET /xingrg/kc/buy/cgsh_order_operate.html?command=get_materiel&rest_code=00105&code=00101010248&supplier_code=00100012&order_time=2022-07-01 HTTP/1.1" 200 430
218.81.223.53 - - [01/Jul/2022:11:01:54 +0800] "GET /xingrg/all/function/internal_message.html?_=1656644528932&CODE_STATE=getMsg HTTP/1.1" 302 -
180.162.222.201 - - [01/Jul/2022:11:01:54 +0800] "POST /xingrg/all/common/load_select.html HTTP/1.1" 200 25
180.162.222.201 - - [01/Jul/2022:11:01:55 +0800] "POST /xingrg/dwr/call/plaincall/AjaxCheckService.setItemNumber.dwr HTTP/1.1" 200 77
114.84.82.172 - - [01/Jul/2022:11:01:59 +0800] "GET /xingrg/all/function/internal_message.html?_=1656644518456&CODE_STATE=getMsg HTTP/1.1" 200 27
180.162.222.201 - - [01/Jul/2022:11:01:59 +0800] "GET /xingrg/kc/buy/cgsh_order_operate.html?command=get_materiel_price&rest_code=00105&code=00101010248&unit_code=00100043&supplier_code=00100012&order_time=2022-07-01 HTTP/1.1" 200 29
180.162.222.201 - - [01/Jul/2022:11:01:59 +0800] "POST /xingrg/dwr/call/plaincall/AjaxCheckService.setItemNumber.dwr HTTP/1.1" 200 77
58.40.7.146 - - [01/Jul/2022:11:01:59 +0800] "GET /xingrg/all/function/internal_message.html?_=1656644540209&CODE_STATE=getMsg HTTP/1.1" 200 27
120.253.135.82 - - [01/Jul/2022:11:02:00 +0800] "GET /xingrg/check_reg.html?_=1656644649181 HTTP/1.1" 200 22
101.83.223.227 - - [01/Jul/2022:11:02:00 +0800] "GET /xingrg/all/function/internal_message.html?_=1656644467209&CODE_STATE=getMsg HTTP/1.1" 200 27
120.253.135.82 - - [01/Jul/2022:11:02:02 +0800] "GET /xingrg/all/function/internal_message.html?_=1656644651500&CODE_STATE=getMsg HTTP/1.1" 200 27
180.162.222.201 - - [01/Jul/2022:11:02:05 +0800] "GET /xingrg/all/function/internal_message.html?_=1656644527153&CODE_STATE=getMsg HTTP/1.1" 200 27
58.35.196.166 - - [01/Jul/2022:11:02:08 +0800] "GET /xingrg/all/function/internal_message.html?_=1656644526132&CODE_STATE=getMsg HTTP/1.1" 200 27
180.162.222.201 - - [01/Jul/2022:11:02:10 +0800] "POST /xingrg/dwr/call/plaincall/AjaxCheckService.setItemNumber.dwr HTTP/1.1" 200 77
120.253.135.82 - - [01/Jul/2022:11:02:10 +0800] "GET /xingrg/all/function/internal_message.html?_=1656644339755&CODE_STATE=getMsg HTTP/1.1" 200 27
180.169.147.146 - - [01/Jul/2022:11:02:11 +0800] "GET /xingrg/all/function/internal_message.html?_=1656644529743&CODE_STATE=getMsg HTTP/1.1" 200 27
180.169.147.146 - - [01/Jul/2022:11:02:12 +0800] "GET /xingrg/all/function/internal_message.html?_=1656644528795&CODE_STATE=getMsg HTTP/1.1" 200 27
180.169.147.146 - - [01/Jul/2022:11:02:12 +0800] "GET /xingrg/check_reg.html?_=1656644528797 HTTP/1.1" 200 22
101.85.238.90 - - [01/Jul/2022:11:02:14 +0800] "GET /xingrg/all/function/internal_message.html?_=1656644603551&CODE_STATE=getMsg HTTP/1.1" 200 27
124.78.155.58 - - [01/Jul/2022:11:02:15 +0800] "GET /xingrg/all/function/internal_message.html?_=1656644537077&CODE_STATE=getMsg HTTP/1.1" 200 27
180.162.222.201 - - [01/Jul/2022:11:02:19 +0800] "GET /xingrg/all/function/internal_message.html?_=1656644442331&CODE_STATE=getMsg HTTP/1.1" 200 27
180.162.222.201 - - [01/Jul/2022:11:02:19 +0800] "POST /xingrg/dwr/call/plaincall/AjaxCheckService.setItemNumber.dwr HTTP/1.1" 200 77
218.81.223.53 - - [01/Jul/2022:11:02:20 +0800] "GET /xingrg/kc/buy/cgsh_order_operate.html?command=get_materiel&rest_code=00146&code=00101012057&supplier_code=00100033&order_time=2022-07-01 HTTP/1.1" 200 420
58.35.196.166 - - [01/Jul/2022:11:02:21 +0800] "GET /xingrg/kc/buy/cgsh_order_operate.html?command=get_materiel&rest_code=00156&code=00101004104&supplier_code=00100090&order_time=2022-07-01 HTTP/1.1" 200 428
180.169.147.146 - - [01/Jul/2022:11:02:24 +0800] "GET /xingrg/all/function/internal_message.html?_=1656644537726&CODE_STATE=getMsg HTTP/1.1" 200 27
58.40.7.146 - - [01/Jul/2022:11:02:26 +0800] "POST /xingrg/services/DataTransmitService HTTP/1.1" 200 524
116.230.110.173 - - [01/Jul/2022:11:02:26 +0800] "GET /xingrg/all/function/internal_message.html?_=1656644542188&CODE_STATE=getMsg HTTP/1.1" 200 27
116.230.110.173 - - [01/Jul/2022:11:02:26 +0800] "GET /xingrg/check_reg.html?_=1656644542190 HTTP/1.1" 200 22
180.169.147.146 - - [01/Jul/2022:11:02:27 +0800] "GET /xingrg/all/report/report_query.html?fileName=dma/new_5.0/yingye/order_list.xml HTTP/1.1" 200 55281
180.169.147.146 - - [01/Jul/2022:11:02:27 +0800] "GET /xingrg/css/blue.css HTTP/1.1" 200 15949
180.169.147.146 - - [01/Jul/2022:11:02:27 +0800] "GET /xingrg/javascript/multi_select/jqueryMultiSelect.css HTTP/1.1" 200 951
180.169.147.146 - - [01/Jul/2022:11:02:27 +0800] "GET /xingrg/javascript/jquery_easy_ui/themes/default/easyui.css HTTP/1.1" 200 26500
180.169.147.146 - - [01/Jul/2022:11:02:27 +0800] "GET /xingrg/javascript/jquery_easy_ui/themes/icon.css HTTP/1.1" 200 3949
180.169.147.146 - - [01/Jul/2022:11:02:27 +0800] "GET /xingrg/css/form.css HTTP/1.1" 200 893
180.169.147.146 - - [01/Jul/2022:11:02:27 +0800] "GET /xingrg/javascript/calendar/timePicker.css HTTP/1.1" 200 523
180.169.147.146 - - [01/Jul/2022:11:02:27 +0800] "GET /xingrg/javascript/bigrid/fix.css HTTP/1.1" 200 1702
180.169.147.146 - - [01/Jul/2022:11:02:27 +0800] "GET /xingrg/javascript/pic_change.js HTTP/1.1" 200 4739
180.169.147.146 - - [01/Jul/2022:11:02:27 +0800] "GET /xingrg/dwr/interface/AjaxReportQueryService.js HTTP/1.1" 200 13203
180.169.147.146 - - [01/Jul/2022:11:02:27 +0800] "GET /xingrg/dwr/engine.js HTTP/1.1" 200 43631
180.169.147.146 - - [01/Jul/2022:11:02:27 +0800] "GET /xingrg/dwr/util.js HTTP/1.1" 200 35990
180.169.147.146 - - [01/Jul/2022:11:02:27 +0800] "GET /xingrg/javascript/myfunction.js HTTP/1.1" 200 24559
180.169.147.146 - - [01/Jul/2022:11:02:27 +0800] "GET /xingrg/javascript/jquery-1.4.2.min.js HTTP/1.1" 200 72205
180.169.147.146 - - [01/Jul/2022:11:02:27 +0800] "GET /xingrg/javascript/jquery_easy_ui/jquery.easyui.min.js HTTP/1.1" 200 213662
180.169.147.146 - - [01/Jul/2022:11:02:27 +0800] "GET /xingrg/javascript/jquery.utils.js HTTP/1.1" 200 11805
180.169.147.146 - - [01/Jul/2022:11:02:27 +0800] "GET /xingrg/javascript/jqueryMultiSelect.js HTTP/1.1" 200 11866
180.169.147.146 - - [01/Jul/2022:11:02:27 +0800] "GET /xingrg/javascript/Calendar.js HTTP/1.1" 200 31561
180.169.147.146 - - [01/Jul/2022:11:02:27 +0800] "GET /xingrg/javascript/calendar/jquery.timePicker.min.js HTTP/1.1" 200 2997
180.169.147.146 - - [01/Jul/2022:11:02:27 +0800] "GET /xingrg/javascript/bigrid/fix.js HTTP/1.1" 200 6439
180.169.147.146 - - [01/Jul/2022:11:02:27 +0800] "GET /xingrg/images/control/loading.gif HTTP/1.1" 200 13463
180.169.147.146 - - [01/Jul/2022:11:02:27 +0800] "GET /xingrg/images/blue/button/advanceover.gif HTTP/1.1" 200 1347
180.169.147.146 - - [01/Jul/2022:11:02:27 +0800] "GET /xingrg/images/blue/button/advance2over.gif HTTP/1.1" 200 1336
180.169.147.146 - - [01/Jul/2022:11:02:27 +0800] "GET /xingrg/images/blue/button/back2over.gif HTTP/1.1" 200 1335
180.169.147.146 - - [01/Jul/2022:11:02:27 +0800] "GET /xingrg/images/blue/button/backover.gif HTTP/1.1" 200 1348
180.169.147.146 - - [01/Jul/2022:11:02:28 +0800] "GET /xingrg/javascript/jquery_easy_ui/themes/icons/help.png HTTP/1.1" 200 1187
180.169.147.146 - - [01/Jul/2022:11:02:28 +0800] "GET /xingrg/javascript/jquery_easy_ui/themes/default/images/menu_downarrow.png HTTP/1.1" 200 173
180.169.147.146 - - [01/Jul/2022:11:02:28 +0800] "GET /xingrg/javascript/jquery_easy_ui/themes/default/images/menu.gif HTTP/1.1" 200 834
180.169.147.146 - - [01/Jul/2022:11:02:28 +0800] "GET /xingrg/javascript/jquery_easy_ui/themes/icons/print.png HTTP/1.1" 200 1057
180.169.147.146 - - [01/Jul/2022:11:02:28 +0800] "GET /xingrg/javascript/jquery_easy_ui/themes/icons/pencil.png HTTP/1.1" 200 713
180.169.147.146 - - [01/Jul/2022:11:02:28 +0800] "GET /xingrg/javascript/jquery_easy_ui/themes/default/images/menu_rightarrow.png HTTP/1.1" 200 3617
180.169.147.146 - - [01/Jul/2022:11:02:28 +0800] "GET /xingrg/all/function/internal_message.html?_=1656644546717&CODE_STATE=getMsg HTTP/1.1" 200 27
180.169.147.146 - - [01/Jul/2022:11:02:28 +0800] "GET /xingrg/javascript/jquery_easy_ui/themes/default/images/combo_arrow_dot.gif HTTP/1.1" 200 79
180.169.147.146 - - [01/Jul/2022:11:02:28 +0800] "POST /xingrg/dwr/call/plaincall/AjaxReportQueryService.getFixDate.dwr HTTP/1.1" 200 111
180.169.147.146 - - [01/Jul/2022:11:02:28 +0800] "POST /xingrg/all/common/load_tree.html?tree=area_station_tree_json&manage=1 HTTP/1.1" 200 3364
180.169.147.146 - - [01/Jul/2022:11:02:28 +0800] "POST /xingrg/dwr/call/plaincall/AjaxReportQueryService.getInitString.dwr HTTP/1.1" 200 76
180.169.147.146 - - [01/Jul/2022:11:02:28 +0800] "GET /xingrg/javascript/multi_select/dropdown.gif HTTP/1.1" 200 61
114.84.82.172 - - [01/Jul/2022:11:02:29 +0800] "GET /xingrg/all/function/internal_message.html?_=1656644549271&CODE_STATE=getMsg HTTP/1.1" 200 27
114.84.82.172 - - [01/Jul/2022:11:02:29 +0800] "GET /xingrg/check_reg.html?_=1656644549306 HTTP/1.1" 200 22
114.88.162.248 - - [01/Jul/2022:11:02:32 +0800] "GET /xingrg/all/function/internal_message.html?_=1656644549429&CODE_STATE=getMsg HTTP/1.1" 200 27
180.162.115.11 - - [01/Jul/2022:11:02:33 +0800] "GET /xingrg/all/function/internal_message.html?_=1656643780483&CODE_STATE=getMsg HTTP/1.1" 200 27
58.35.196.166 - - [01/Jul/2022:11:02:34 +0800] "POST /xingrg/kc/buy/cgsh_order_operate.html HTTP/1.1" 200 37
116.233.77.233 - - [01/Jul/2022:11:02:36 +0800] "GET /xingrg/all/function/internal_message.html?_=1656644562661&CODE_STATE=getMsg HTTP/1.1" 200 27
58.35.196.166 - - [01/Jul/2022:11:02:37 +0800] "POST /xingrg/kc/buy/cgsh_order_operate.html HTTP/1.1" 200 2655
218.81.223.53 - - [01/Jul/2022:11:02:38 +0800] "GET /xingrg/kc/buy/cgsh_order_operate.html?command=get_materiel&rest_code=00146&code=00101012040&supplier_code=00100033&order_time=2022-07-01 HTTP/1.1" 200 412
180.162.222.201 - - [01/Jul/2022:11:02:39 +0800] "POST /xingrg/dwr/call/plaincall/AjaxCheckService.setItemNumber.dwr HTTP/1.1" 200 77
114.83.218.210 - - [01/Jul/2022:11:02:40 +0800] "GET /xingrg/all/function/internal_message.html?_=1656644559635&CODE_STATE=getMsg HTTP/1.1" 200 27
218.81.223.53 - - [01/Jul/2022:11:02:46 +0800] "GET /xingrg/all/function/internal_message.html?_=1656644583570&CODE_STATE=getMsg HTTP/1.1" 200 27
58.35.196.166 - - [01/Jul/2022:11:02:46 +0800] "GET /xingrg/kc/print/load_data.html?order_code=212022070100099&kc_code=cgsh&condition= HTTP/1.1" 200 743
101.85.95.26 - - [01/Jul/2022:11:02:48 +0800] "GET /xingrg/all/function/internal_message.html?_=1656644566218&CODE_STATE=getMsg HTTP/1.1" 200 27
101.83.223.227 - - [01/Jul/2022:11:02:49 +0800] "POST /xingrg/kc/buy/cgsh_order_operate.html HTTP/1.1" 200 37
180.162.222.201 - - [01/Jul/2022:11:02:51 +0800] "POST /xingrg/dwr/call/plaincall/AjaxCheckService.setItemNumber.dwr HTTP/1.1" 200 77
101.83.223.227 - - [01/Jul/2022:11:02:51 +0800] "POST /xingrg/kc/buy/cgsh_order_operate.html HTTP/1.1" 200 21233
218.81.223.53 - - [01/Jul/2022:11:02:54 +0800] "GET /xingrg/all/function/internal_message.html?_=1656644588947&CODE_STATE=getMsg HTTP/1.1" 302 -
101.83.223.227 - - [01/Jul/2022:11:02:55 +0800] "POST /xingrg/all/user/operate.html HTTP/1.1" 200 36
101.83.223.227 - - [01/Jul/2022:11:02:55 +0800] "GET /xingrg/index.html?sysBaseUrl=http%3A%2F%2F180.169.147.146%3A18081%2Fxingrg%2F&costTime=45×tamp=1656636568822 HTTP/1.1" 200 17179
101.83.223.227 - - [01/Jul/2022:11:02:55 +0800] "GET /xingrg/javascript/jquery_easy_ui/themes/default/easyui.css HTTP/1.1" 304 -
101.83.223.227 - - [01/Jul/2022:11:02:56 +0800] "GET /xingrg/javascript/jquery_easy_ui/themes/icon.css HTTP/1.1" 304 -
101.83.223.227 - - [01/Jul/2022:11:02:56 +0800] "GET /xingrg/css/form.css HTTP/1.1" 304 -
101.83.223.227 - - [01/Jul/2022:11:02:56 +0800] "GET /xingrg/javascript/jquery-1.4.2.min.js HTTP/1.1" 304 -
101.83.223.227 - - [01/Jul/2022:11:02:56 +0800] "GET /xingrg/javascript/jquery_easy_ui/jquery.easyui.min.js HTTP/1.1" 304 -
101.83.223.227 - - [01/Jul/2022:11:02:56 +0800] "GET /xingrg/javascript/jquery_easy_ui/easyui-lang-zh_CN.js HTTP/1.1" 304 -
101.83.223.227 - - [01/Jul/2022:11:02:56 +0800] "GET /xingrg/javascript/jquery.form.js HTTP/1.1" 304 -
101.83.223.227 - - [01/Jul/2022:11:02:56 +0800] "GET /xingrg/javascript/jquery.utils.js HTTP/1.1" 304 -
101.83.223.227 - - [01/Jul/2022:11:02:56 +0800] "GET /xingrg/javascript/jquery.timers.js HTTP/1.1" 304 -
101.83.223.227 - - [01/Jul/2022:11:02:56 +0800] "GET /xingrg/images/blue/jxLogo.png HTTP/1.1" 304 -
101.83.223.227 - - [01/Jul/2022:11:02:56 +0800] "GET /xingrg/images/blue/navBackgound.jpg HTTP/1.1" 304 -
