58.35.196.166 - - [01/Jul/2022:10:34:09 +0800] "GET /xingrg/all/function/internal_message.html?_=1656642846673&CODE_STATE=getMsg HTTP/1.1" 200 27
180.169.147.146 - - [01/Jul/2022:10:34:12 +0800] "GET /xingrg/all/function/internal_message.html?_=1656642848775&CODE_STATE=getMsg HTTP/1.1" 200 27
101.85.238.90 - - [01/Jul/2022:10:34:12 +0800] "GET /xingrg/all/function/internal_message.html?_=1656642921783&CODE_STATE=getMsg HTTP/1.1" 200 27
114.83.218.210 - - [01/Jul/2022:10:34:12 +0800] "GET /xingrg/kc/buy/cgsh_order_operate.html?command=get_materiel&rest_code=00149&code=00101009011&supplier_code=00100201&order_time=2022-07-01 HTTP/1.1" 200 416
101.85.238.90 - - [01/Jul/2022:10:34:13 +0800] "GET /xingrg/kc/base/wldb_order_operate.html?command=get_materiel&rest_code=00102&base_code=0010476&code=00101008417 HTTP/1.1" 200 429
180.162.222.201 - - [01/Jul/2022:10:34:15 +0800] "POST /xingrg/dwr/call/plaincall/AjaxCheckService.setItemNumber.dwr HTTP/1.1" 200 77
124.78.155.58 - - [01/Jul/2022:10:34:15 +0800] "GET /xingrg/all/function/internal_message.html?_=1656642856987&CODE_STATE=getMsg HTTP/1.1" 200 27
180.169.147.146 - - [01/Jul/2022:10:34:16 +0800] "POST /xingrg/all/user/operate.html HTTP/1.1" 200 36
180.169.147.146 - - [01/Jul/2022:10:34:16 +0800] "GET /xingrg/javascript/jquery_easy_ui/themes/default/easyui.css HTTP/1.1" 304 -
180.169.147.146 - - [01/Jul/2022:10:34:16 +0800] "GET /xingrg/javascript/jquery_easy_ui/themes/icon.css HTTP/1.1" 304 -
180.169.147.146 - - [01/Jul/2022:10:34:16 +0800] "GET /xingrg/css/form.css HTTP/1.1" 304 -
180.169.147.146 - - [01/Jul/2022:10:34:16 +0800] "GET /xingrg/index.html?sysBaseUrl=http%3A%2F%2F180.169.147.146%3A18081%2Fxingrg%2F&costTime=45×tamp=1656642496837 HTTP/1.1" 200 17509
180.169.147.146 - - [01/Jul/2022:10:34:16 +0800] "GET /xingrg/javascript/jquery-1.4.2.min.js HTTP/1.1" 304 -
180.169.147.146 - - [01/Jul/2022:10:34:16 +0800] "GET /xingrg/javascript/jquery_easy_ui/jquery.easyui.min.js HTTP/1.1" 304 -
180.169.147.146 - - [01/Jul/2022:10:34:16 +0800] "GET /xingrg/javascript/jquery_easy_ui/easyui-lang-zh_CN.js HTTP/1.1" 304 -
180.169.147.146 - - [01/Jul/2022:10:34:16 +0800] "GET /xingrg/javascript/jquery.form.js HTTP/1.1" 304 -
180.169.147.146 - - [01/Jul/2022:10:34:16 +0800] "GET /xingrg/javascript/jquery.utils.js HTTP/1.1" 304 -
180.169.147.146 - - [01/Jul/2022:10:34:16 +0800] "GET /xingrg/javascript/jquery.timers.js HTTP/1.1" 304 -
180.169.147.146 - - [01/Jul/2022:10:34:16 +0800] "GET /xingrg/images/blue/jxLogo.png HTTP/1.1" 304 -
180.169.147.146 - - [01/Jul/2022:10:34:16 +0800] "GET /xingrg/images/blue/navBackgound.jpg HTTP/1.1" 304 -
180.169.147.146 - - [01/Jul/2022:10:34:16 +0800] "GET /xingrg/javascript/jquery_easy_ui/themes/icons/settle_new.png HTTP/1.1" 304 -
180.169.147.146 - - [01/Jul/2022:10:34:16 +0800] "POST /xingrg/all/common/load_tree.html?tree=area_rest_tree_json&manage=1 HTTP/1.1" 200 3472
180.169.147.146 - - [01/Jul/2022:10:34:16 +0800] "GET /xingrg/javascript/jquery_easy_ui/themes/default/images/panel_tool_expand.gif HTTP/1.1" 304 -
180.169.147.146 - - [01/Jul/2022:10:34:16 +0800] "GET /xingrg/javascript/jquery_easy_ui/themes/default/images/panel_tool_collapse.gif HTTP/1.1" 304 -
180.169.147.146 - - [01/Jul/2022:10:34:16 +0800] "GET /xingrg/check_reg.html?_=1656642855948 HTTP/1.1" 200 22
180.169.147.146 - - [01/Jul/2022:10:34:16 +0800] "GET /xingrg/all/function/internal_message.html?_=1656642855947&CODE_STATE=count HTTP/1.1" 200 11
180.169.147.146 - - [01/Jul/2022:10:34:16 +0800] "GET /xingrg/images/blue/pingpu.png HTTP/1.1" 304 -
180.169.147.146 - - [01/Jul/2022:10:34:16 +0800] "GET /xingrg/javascript/jquery_easy_ui/themes/default/images/tabs_rightarrow.png HTTP/1.1" 304 -
180.169.147.146 - - [01/Jul/2022:10:34:16 +0800] "GET /xingrg/javascript/jquery_easy_ui/themes/default/images/tabs_leftarrow.png HTTP/1.1" 304 -
180.169.147.146 - - [01/Jul/2022:10:34:16 +0800] "POST /xingrg/load_menu.html HTTP/1.1" 200 9959
180.162.222.201 - - [01/Jul/2022:10:34:17 +0800] "POST /xingrg/dwr/call/plaincall/AjaxCheckService.setItemNumber.dwr HTTP/1.1" 200 77
180.169.147.146 - - [01/Jul/2022:10:34:18 +0800] "GET /xingrg/kc/buy/cgsh_order_list.html HTTP/1.1" 200 52355
101.85.238.90 - - [01/Jul/2022:10:34:18 +0800] "GET /xingrg/kc/base/wldb_order_operate.html?command=get_materiel&rest_code=00102&base_code=0010476&code=00101019283 HTTP/1.1" 200 465
180.162.222.201 - - [01/Jul/2022:10:34:18 +0800] "GET /xingrg/all/function/internal_message.html?_=1656642762274&CODE_STATE=getMsg HTTP/1.1" 200 27
180.162.222.201 - - [01/Jul/2022:10:34:19 +0800] "POST /xingrg/dwr/call/plaincall/AjaxCheckService.setItemNumber.dwr HTTP/1.1" 200 77
58.35.210.91 - - [01/Jul/2022:10:34:19 +0800] "POST /xingrg/services/DataTransmitService HTTP/1.1" 200 524
58.35.210.91 - - [01/Jul/2022:10:34:19 +0800] "POST /xingrg/services/DataTransmitService HTTP/1.1" 200 2147
58.35.210.91 - - [01/Jul/2022:10:34:20 +0800] "POST /xingrg/services/DataTransmitService HTTP/1.1" 200 117047
180.162.222.201 - - [01/Jul/2022:10:34:22 +0800] "POST /xingrg/dwr/call/plaincall/AjaxCheckService.setItemNumber.dwr HTTP/1.1" 200 77
180.169.147.146 - - [01/Jul/2022:10:34:22 +0800] "POST /xingrg/kc/buy/cgsh_list_operate.html HTTP/1.1" 200 4347
180.162.222.201 - - [01/Jul/2022:10:34:23 +0800] "POST /xingrg/dwr/call/plaincall/AjaxCheckService.setItemNumber.dwr HTTP/1.1" 200 77
101.83.223.227 - - [01/Jul/2022:10:34:23 +0800] "GET /xingrg/kc/buy/cgsh_order_operate.html?command=get_materiel&rest_code=00150&code=00101007125&supplier_code=00100096&order_time=2022-07-01 HTTP/1.1" 200 406
101.85.238.90 - - [01/Jul/2022:10:34:24 +0800] "GET /xingrg/kc/base/wldb_order_operate.html?command=get_materiel&rest_code=00102&base_code=0010476&code=00101019084 HTTP/1.1" 200 472
180.169.147.146 - - [01/Jul/2022:10:34:24 +0800] "GET /xingrg/all/function/internal_message.html?_=1656642857697&CODE_STATE=getMsg HTTP/1.1" 200 27
116.230.110.173 - - [01/Jul/2022:10:34:26 +0800] "GET /xingrg/all/function/internal_message.html?_=1656642862189&CODE_STATE=getMsg HTTP/1.1" 200 27
180.169.147.146 - - [01/Jul/2022:10:34:28 +0800] "GET /xingrg/all/function/internal_message.html?_=1656642866703&CODE_STATE=getMsg HTTP/1.1" 200 27
180.169.147.146 - - [01/Jul/2022:10:34:28 +0800] "GET /xingrg/javascript/auto/indicator.gif HTTP/1.1" 404 1066
180.162.222.201 - - [01/Jul/2022:10:34:29 +0800] "POST /xingrg/dwr/call/plaincall/AjaxCheckService.setItemNumber.dwr HTTP/1.1" 200 77
101.83.223.227 - - [01/Jul/2022:10:34:30 +0800] "GET /xingrg/check_reg.html?_=1656642817017 HTTP/1.1" 200 22
101.83.223.227 - - [01/Jul/2022:10:34:32 +0800] "GET /xingrg/all/function/internal_message.html?_=1656642818679&CODE_STATE=getMsg HTTP/1.1" 200 27
180.162.222.201 - - [01/Jul/2022:10:34:32 +0800] "POST /xingrg/dwr/call/plaincall/AjaxCheckService.setItemNumber.dwr HTTP/1.1" 200 77
114.88.162.248 - - [01/Jul/2022:10:34:32 +0800] "GET /xingrg/all/function/internal_message.html?_=1656642869909&CODE_STATE=getMsg HTTP/1.1" 200 27
180.162.115.11 - - [01/Jul/2022:10:34:33 +0800] "GET /xingrg/all/function/internal_message.html?_=1656642100431&CODE_STATE=getMsg HTTP/1.1" 200 27
180.162.115.11 - - [01/Jul/2022:10:34:33 +0800] "GET /xingrg/check_reg.html?_=1656642100434 HTTP/1.1" 200 22
116.233.77.233 - - [01/Jul/2022:10:34:36 +0800] "GET /xingrg/all/function/internal_message.html?_=1656642882446&CODE_STATE=getMsg HTTP/1.1" 200 27
101.83.223.227 - - [01/Jul/2022:10:34:38 +0800] "GET /xingrg/kc/buy/cgsh_order_operate.html?command=get_materiel&rest_code=00150&code=00101007081&supplier_code=00100096&order_time=2022-07-01 HTTP/1.1" 200 415
180.162.222.201 - - [01/Jul/2022:10:34:38 +0800] "POST /xingrg/dwr/call/plaincall/AjaxCheckService.setItemNumber.dwr HTTP/1.1" 200 77
101.85.238.90 - - [01/Jul/2022:10:34:39 +0800] "POST /xingrg/kc/base/wldb_order_operate.html HTTP/1.1" 200 37
180.169.147.146 - - [01/Jul/2022:10:34:40 +0800] "POST /xingrg/kc/buy/cgsh_list_operate.html HTTP/1.1" 200 2114
180.162.222.201 - - [01/Jul/2022:10:34:40 +0800] "POST /xingrg/dwr/call/plaincall/AjaxCheckService.setItemNumber.dwr HTTP/1.1" 200 77
114.83.218.210 - - [01/Jul/2022:10:34:41 +0800] "GET /xingrg/all/function/internal_message.html?_=1656642880203&CODE_STATE=getMsg HTTP/1.1" 200 27
114.83.218.210 - - [01/Jul/2022:10:34:44 +0800] "GET /xingrg/kc/buy/cgsh_order_operate.html?command=get_materiel&rest_code=00149&code=00101009031&supplier_code=00100201&order_time=2022-07-01 HTTP/1.1" 200 409
101.85.238.90 - - [01/Jul/2022:10:34:44 +0800] "POST /xingrg/kc/base/wldb_order_operate.html HTTP/1.1" 200 12
101.85.238.90 - - [01/Jul/2022:10:34:45 +0800] "POST /xingrg/kc/base/wldb_order_operate.html HTTP/1.1" 200 4166
218.81.223.53 - - [01/Jul/2022:10:34:45 +0800] "GET /xingrg/all/function/internal_message.html?_=1656642903190&CODE_STATE=getMsg HTTP/1.1" 200 27
180.162.222.201 - - [01/Jul/2022:10:34:46 +0800] "POST /xingrg/dwr/call/plaincall/AjaxCheckService.setItemNumber.dwr HTTP/1.1" 200 77
58.221.95.50 - - [01/Jul/2022:10:34:46 +0800] "GET /xingrg/check_reg.html?_=1656642887678 HTTP/1.1" 302 -
58.221.95.50 - - [01/Jul/2022:10:34:46 +0800] "GET /xingrg/check_reg.html?_=1656642887696 HTTP/1.1" 302 -
101.85.238.90 - - [01/Jul/2022:10:34:46 +0800] "GET /xingrg/kc/base/wldb_order_info.html?code=422022070100003 HTTP/1.1" 200 26228
101.85.238.90 - - [01/Jul/2022:10:34:47 +0800] "GET /xingrg/javascript/easyui/themes/default/validatebox.css HTTP/1.1" 404 1104
101.85.238.90 - - [01/Jul/2022:10:34:48 +0800] "POST /xingrg/kc/base/wldb_order_operate.html HTTP/1.1" 200 2418
101.85.95.26 - - [01/Jul/2022:10:34:48 +0800] "GET /xingrg/all/function/internal_message.html?_=1656642886182&CODE_STATE=getMsg HTTP/1.1" 200 27
180.162.222.201 - - [01/Jul/2022:10:34:49 +0800] "POST /xingrg/dwr/call/plaincall/AjaxCheckService.setItemNumber.dwr HTTP/1.1" 200 77
180.162.222.201 - - [01/Jul/2022:10:34:50 +0800] "POST /xingrg/dwr/call/plaincall/AjaxCheckService.setItemNumber.dwr HTTP/1.1" 200 77
180.162.222.201 - - [01/Jul/2022:10:34:51 +0800] "POST /xingrg/dwr/call/plaincall/AjaxCheckService.setItemNumber.dwr HTTP/1.1" 200 77
218.81.223.53 - - [01/Jul/2022:10:34:52 +0800] "GET /xingrg/check_reg.html?_=1656642906697 HTTP/1.1" 302 -
218.81.223.53 - - [01/Jul/2022:10:34:53 +0800] "GET /xingrg/all/function/internal_message.html?_=1656642908565&CODE_STATE=getMsg HTTP/1.1" 302 -
101.83.223.227 - - [01/Jul/2022:10:34:54 +0800] "GET /xingrg/kc/buy/cgsh_order_operate.html?command=get_materiel&rest_code=00150&code=00101007071&supplier_code=00100096&order_time=2022-07-01 HTTP/1.1" 200 417
180.162.222.201 - - [01/Jul/2022:10:34:57 +0800] "POST /xingrg/dwr/call/plaincall/AjaxCheckService.setItemNumber.dwr HTTP/1.1" 200 77
114.83.218.210 - - [01/Jul/2022:10:34:58 +0800] "GET /xingrg/kc/buy/cgsh_order_operate.html?command=get_materiel&rest_code=00149&code=00101009051&supplier_code=00100201&order_time=2022-07-01 HTTP/1.1" 200 409
114.84.82.172 - - [01/Jul/2022:10:34:59 +0800] "GET /xingrg/all/function/internal_message.html?_=1656642899349&CODE_STATE=getMsg HTTP/1.1" 200 27
120.253.135.82 - - [01/Jul/2022:10:35:02 +0800] "GET /xingrg/all/function/internal_message.html?_=1656643031058&CODE_STATE=getMsg HTTP/1.1" 200 27
120.253.135.82 - - [01/Jul/2022:10:35:04 +0800] "GET /xingrg/check_reg.html?_=1656642713504 HTTP/1.1" 200 22
120.253.135.82 - - [01/Jul/2022:10:35:04 +0800] "GET /xingrg/all/function/internal_message.html?_=1656642713759&CODE_STATE=getMsg HTTP/1.1" 200 27
180.162.222.201 - - [01/Jul/2022:10:35:05 +0800] "GET /xingrg/all/function/internal_message.html?_=1656642907115&CODE_STATE=getMsg HTTP/1.1" 200 27
101.83.223.227 - - [01/Jul/2022:10:35:08 +0800] "GET /xingrg/kc/buy/cgsh_order_operate.html?command=get_materiel&rest_code=00150&code=00101007077&supplier_code=00100096&order_time=2022-07-01 HTTP/1.1" 200 436
58.35.196.166 - - [01/Jul/2022:10:35:09 +0800] "GET /xingrg/all/function/internal_message.html?_=1656642906650&CODE_STATE=getMsg HTTP/1.1" 200 27
101.85.238.90 - - [01/Jul/2022:10:35:10 +0800] "GET /xingrg/check_reg.html?_=1656642980027 HTTP/1.1" 200 22
172.20.0.100 - - [01/Jul/2022:10:35:11 +0800] "GET /xingrg/check_reg.html?_=1656642907253 HTTP/1.1" 302 -
180.169.147.146 - - [01/Jul/2022:10:35:12 +0800] "GET /xingrg/all/function/internal_message.html?_=1656642908773&CODE_STATE=getMsg HTTP/1.1" 200 27
101.85.238.90 - - [01/Jul/2022:10:35:12 +0800] "GET /xingrg/all/function/internal_message.html?_=1656642981797&CODE_STATE=getMsg HTTP/1.1" 200 27
180.169.147.146 - - [01/Jul/2022:10:35:15 +0800] "POST /xingrg/kc/buy/cgsh_list_operate.html HTTP/1.1" 200 1565
124.78.155.58 - - [01/Jul/2022:10:35:15 +0800] "GET /xingrg/all/function/internal_message.html?_=1656642916988&CODE_STATE=getMsg HTTP/1.1" 200 27
180.169.147.146 - - [01/Jul/2022:10:35:17 +0800] "GET /xingrg/all/function/internal_message.html?_=1656642916892&CODE_STATE=getMsg HTTP/1.1" 200 27
180.162.222.201 - - [01/Jul/2022:10:35:18 +0800] "GET /xingrg/all/function/internal_message.html?_=1656642822273&CODE_STATE=getMsg HTTP/1.1" 200 27
180.162.222.201 - - [01/Jul/2022:10:35:18 +0800] "GET /xingrg/check_reg.html?_=1656642822277 HTTP/1.1" 200 22
180.169.147.146 - - [01/Jul/2022:10:35:24 +0800] "GET /xingrg/all/function/internal_message.html?_=1656642917682&CODE_STATE=getMsg HTTP/1.1" 200 27
180.169.147.146 - - [01/Jul/2022:10:35:24 +0800] "GET /xingrg/check_reg.html?_=1656642917719 HTTP/1.1" 200 22
116.230.110.173 - - [01/Jul/2022:10:35:26 +0800] "GET /xingrg/all/function/internal_message.html?_=1656642922182&CODE_STATE=getMsg HTTP/1.1" 200 27
58.35.196.166 - - [01/Jul/2022:10:35:27 +0800] "GET /xingrg/check_reg.html?_=1656642924714 HTTP/1.1" 200 22
180.169.147.146 - - [01/Jul/2022:10:35:28 +0800] "GET /xingrg/all/function/internal_message.html?_=1656642926705&CODE_STATE=getMsg HTTP/1.1" 200 27
180.169.147.146 - - [01/Jul/2022:10:35:28 +0800] "GET /xingrg/check_reg.html?_=1656642926707 HTTP/1.1" 200 22
124.78.155.58 - - [01/Jul/2022:10:35:30 +0800] "GET /xingrg/kc/buy/cgsh_order_operate.html?command=get_materiel&rest_code=00106&code=00101001060&supplier_code=00100545&order_time=2022-07-01 HTTP/1.1" 200 420
101.83.223.227 - - [01/Jul/2022:10:35:32 +0800] "GET /xingrg/all/function/internal_message.html?_=1656642878682&CODE_STATE=getMsg HTTP/1.1" 200 27
114.88.162.248 - - [01/Jul/2022:10:35:32 +0800] "GET /xingrg/check_reg.html?_=1656642929909 HTTP/1.1" 200 22
114.88.162.248 - - [01/Jul/2022:10:35:32 +0800] "GET /xingrg/all/function/internal_message.html?_=1656642929916&CODE_STATE=getMsg HTTP/1.1" 200 27
180.162.115.11 - - [01/Jul/2022:10:35:33 +0800] "GET /xingrg/all/function/internal_message.html?_=1656642160431&CODE_STATE=getMsg HTTP/1.1" 200 27
116.233.77.233 - - [01/Jul/2022:10:35:36 +0800] "GET /xingrg/all/function/internal_message.html?_=1656642942444&CODE_STATE=getMsg HTTP/1.1" 200 27
114.88.162.248 - - [01/Jul/2022:10:35:38 +0800] "GET /xingrg/kc/buy/cgsh_order_add.html HTTP/1.1" 200 67832
114.88.162.248 - - [01/Jul/2022:10:35:38 +0800] "POST /xingrg/kc/buy/cgsh_order_operate.html HTTP/1.1" 200 8245
114.88.162.248 - - [01/Jul/2022:10:35:38 +0800] "GET /xingrg/javascript/easyui/themes/default/validatebox.css HTTP/1.1" 404 1104
114.83.218.210 - - [01/Jul/2022:10:35:40 +0800] "POST /xingrg/kc/buy/cgsh_order_operate.html HTTP/1.1" 200 37
218.81.223.53 - - [01/Jul/2022:10:35:43 +0800] "GET /xingrg/check_reg.html?_=1656642961030 HTTP/1.1" 200 22
180.162.222.201 - - [01/Jul/2022:10:35:44 +0800] "POST /xingrg/dwr/call/plaincall/AjaxCheckService.setItemNumber.dwr HTTP/1.1" 200 77
180.162.222.201 - - [01/Jul/2022:10:35:45 +0800] "POST /xingrg/dwr/call/plaincall/AjaxCheckService.setItemNumber.dwr HTTP/1.1" 200 77
218.81.223.53 - - [01/Jul/2022:10:35:45 +0800] "GET /xingrg/all/function/internal_message.html?_=1656642963203&CODE_STATE=getMsg HTTP/1.1" 200 27
101.83.223.227 - - [01/Jul/2022:10:35:46 +0800] "POST /xingrg/kc/buy/cgsh_order_operate.html HTTP/1.1" 200 37
101.85.95.26 - - [01/Jul/2022:10:35:48 +0800] "GET /xingrg/all/function/internal_message.html?_=1656642946183&CODE_STATE=getMsg HTTP/1.1" 200 27
180.162.222.201 - - [01/Jul/2022:10:35:49 +0800] "POST /xingrg/dwr/call/plaincall/AjaxCheckService.setItemNumber.dwr HTTP/1.1" 200 77
114.88.162.248 - - [01/Jul/2022:10:35:52 +0800] "GET /xingrg/kc/buy/cgsh_order_operate.html?command=get_materiel&rest_code=00111&code=00101004063&supplier_code=00100085&order_time=2022-07-01 HTTP/1.1" 200 416
218.81.223.53 - - [01/Jul/2022:10:35:53 +0800] "GET /xingrg/all/function/internal_message.html?_=1656642968581&CODE_STATE=getMsg HTTP/1.1" 302 -
101.83.223.227 - - [01/Jul/2022:10:35:54 +0800] "POST /xingrg/kc/buy/cgsh_order_operate.html HTTP/1.1" 200 12
180.162.222.201 - - [01/Jul/2022:10:35:54 +0800] "POST /xingrg/dwr/call/plaincall/AjaxCheckService.setItemNumber.dwr HTTP/1.1" 200 77
101.83.223.227 - - [01/Jul/2022:10:35:55 +0800] "GET /xingrg/kc/buy/cgsh_order_info.html?code=212022070100070 HTTP/1.1" 200 62703
101.83.223.227 - - [01/Jul/2022:10:35:55 +0800] "GET /xingrg/javascript/easyui/themes/default/validatebox.css HTTP/1.1" 404 1104
101.83.223.227 - - [01/Jul/2022:10:35:57 +0800] "POST /xingrg/kc/buy/cgsh_order_operate.html HTTP/1.1" 200 4152
180.162.222.201 - - [01/Jul/2022:10:35:58 +0800] "POST /xingrg/dwr/call/plaincall/AjaxCheckService.setItemNumber.dwr HTTP/1.1" 200 77
180.162.222.201 - - [01/Jul/2022:10:35:59 +0800] "POST /xingrg/dwr/call/plaincall/AjaxCheckService.setItemNumber.dwr HTTP/1.1" 200 77
114.84.82.172 - - [01/Jul/2022:10:35:59 +0800] "GET /xingrg/all/function/internal_message.html?_=1656642959344&CODE_STATE=getMsg HTTP/1.1" 200 27
180.162.222.201 - - [01/Jul/2022:10:36:00 +0800] "POST /xingrg/dwr/call/plaincall/AjaxCheckService.setItemNumber.dwr HTTP/1.1" 200 77
120.253.135.82 - - [01/Jul/2022:10:36:02 +0800] "GET /xingrg/all/function/internal_message.html?_=1656643091068&CODE_STATE=getMsg HTTP/1.1" 200 27
120.253.135.82 - - [01/Jul/2022:10:36:04 +0800] "GET /xingrg/all/function/internal_message.html?_=1656642773772&CODE_STATE=getMsg HTTP/1.1" 200 27
180.162.222.201 - - [01/Jul/2022:10:36:05 +0800] "GET /xingrg/check_reg.html?_=1656642967105 HTTP/1.1" 200 22
180.162.222.201 - - [01/Jul/2022:10:36:05 +0800] "GET /xingrg/all/function/internal_message.html?_=1656642967108&CODE_STATE=getMsg HTTP/1.1" 200 27
180.162.222.201 - - [01/Jul/2022:10:36:07 +0800] "POST /xingrg/dwr/call/plaincall/AjaxCheckService.setItemNumber.dwr HTTP/1.1" 200 77
58.35.196.166 - - [01/Jul/2022:10:36:09 +0800] "GET /xingrg/all/function/internal_message.html?_=1656642966620&CODE_STATE=getMsg HTTP/1.1" 200 27
180.162.222.201 - - [01/Jul/2022:10:36:09 +0800] "POST /xingrg/dwr/call/plaincall/AjaxCheckService.setItemNumber.dwr HTTP/1.1" 200 77
180.162.222.201 - - [01/Jul/2022:10:36:10 +0800] "POST /xingrg/dwr/call/plaincall/AjaxCheckService.setItemNumber.dwr HTTP/1.1" 200 77
180.169.147.146 - - [01/Jul/2022:10:36:12 +0800] "GET /xingrg/all/function/internal_message.html?_=1656642968772&CODE_STATE=getMsg HTTP/1.1" 200 27
101.85.238.90 - - [01/Jul/2022:10:36:12 +0800] "GET /xingrg/all/function/internal_message.html?_=1656643041813&CODE_STATE=getMsg HTTP/1.1" 200 27
180.162.222.201 - - [01/Jul/2022:10:36:12 +0800] "POST /xingrg/dwr/call/plaincall/AjaxCheckService.setItemNumber.dwr HTTP/1.1" 200 77
124.78.155.58 - - [01/Jul/2022:10:36:15 +0800] "GET /xingrg/all/function/internal_message.html?_=1656642976979&CODE_STATE=getMsg HTTP/1.1" 200 27
124.78.155.58 - - [01/Jul/2022:10:36:15 +0800] "GET /xingrg/check_reg.html?_=1656642976983 HTTP/1.1" 200 22
124.78.155.58 - - [01/Jul/2022:10:36:16 +0800] "POST /xingrg/kc/buy/cgsh_order_operate.html HTTP/1.1" 200 37
180.169.147.146 - - [01/Jul/2022:10:36:17 +0800] "GET /xingrg/all/function/internal_message.html?_=1656642976881&CODE_STATE=getMsg HTTP/1.1" 200 27
124.78.155.58 - - [01/Jul/2022:10:36:18 +0800] "POST /xingrg/kc/buy/cgsh_order_operate.html HTTP/1.1" 200 2666
180.162.222.201 - - [01/Jul/2022:10:36:18 +0800] "GET /xingrg/all/function/internal_message.html?_=1656642882274&CODE_STATE=getMsg HTTP/1.1" 200 27
180.162.222.201 - - [01/Jul/2022:10:36:22 +0800] "POST /xingrg/dwr/call/plaincall/AjaxCheckService.checkOrder.dwr HTTP/1.1" 200 79
180.162.222.201 - - [01/Jul/2022:10:36:23 +0800] "GET /xingrg/kc/base/check_order_info.html?code=452022070100003 HTTP/1.1" 200 22854
180.162.222.201 - - [01/Jul/2022:10:36:23 +0800] "GET /xingrg/dwr/interface/AjaxCheckService.js HTTP/1.1" 200 14003
180.162.222.201 - - [01/Jul/2022:10:36:23 +0800] "GET /xingrg/dwr/interface/AjaxComOrderService.js HTTP/1.1" 200 18264
180.162.222.201 - - [01/Jul/2022:10:36:23 +0800] "GET /xingrg/dwr/engine.js HTTP/1.1" 200 43631
180.162.222.201 - - [01/Jul/2022:10:36:24 +0800] "POST /xingrg/dwr/call/plaincall/AjaxCheckService.loadOrderItems.dwr HTTP/1.1" 200 28821
180.169.147.146 - - [01/Jul/2022:10:36:24 +0800] "GET /xingrg/all/function/internal_message.html?_=1656642977687&CODE_STATE=getMsg HTTP/1.1" 200 27
114.83.218.210 - - [01/Jul/2022:10:36:26 +0800] "POST /xingrg/kc/buy/cgsh_order_operate.html HTTP/1.1" 200 12
116.230.110.173 - - [01/Jul/2022:10:36:26 +0800] "GET /xingrg/all/function/internal_message.html?_=1656642982171&CODE_STATE=getMsg HTTP/1.1" 200 27
180.169.147.146 - - [01/Jul/2022:10:36:28 +0800] "GET /xingrg/all/function/internal_message.html?_=1656642986709&CODE_STATE=getMsg HTTP/1.1" 200 27
114.83.218.210 - - [01/Jul/2022:10:36:28 +0800] "GET /xingrg/kc/buy/cgsh_order_info.html?code=212022070100069 HTTP/1.1" 200 62867
114.83.218.210 - - [01/Jul/2022:10:36:29 +0800] "GET /xingrg/words/20220701093933_words.js HTTP/1.1" 304 -
114.83.218.210 - - [01/Jul/2022:10:36:29 +0800] "GET /xingrg/javascript/easyui/themes/default/validatebox.css HTTP/1.1" 404 1104
114.83.218.210 - - [01/Jul/2022:10:36:30 +0800] "POST /xingrg/kc/buy/cgsh_order_operate.html HTTP/1.1" 200 4753
101.83.223.227 - - [01/Jul/2022:10:36:32 +0800] "GET /xingrg/all/function/internal_message.html?_=1656642938695&CODE_STATE=getMsg HTTP/1.1" 200 27
114.83.218.210 - - [01/Jul/2022:10:36:32 +0800] "GET /xingrg/kc/print/load_data.html?order_code=212022070100069&kc_code=cgsh&condition= HTTP/1.1" 200 2294
114.88.162.248 - - [01/Jul/2022:10:36:32 +0800] "GET /xingrg/all/function/internal_message.html?_=1656642989934&CODE_STATE=getMsg HTTP/1.1" 200 27
180.162.115.11 - - [01/Jul/2022:10:36:33 +0800] "GET /xingrg/all/function/internal_message.html?_=1656642220431&CODE_STATE=getMsg HTTP/1.1" 200 27
180.162.222.201 - - [01/Jul/2022:10:36:35 +0800] "GET /xingrg/kc/base/check_order_list.html HTTP/1.1" 200 16261
180.162.222.201 - - [01/Jul/2022:10:36:35 +0800] "POST /xingrg/kc/base/check_list_operate.html HTTP/1.1" 200 4110
116.233.77.233 - - [01/Jul/2022:10:36:36 +0800] "GET /xingrg/all/function/internal_message.html?_=1656643002444&CODE_STATE=getMsg HTTP/1.1" 200 27
114.83.218.210 - - [01/Jul/2022:10:36:37 +0800] "GET /xingrg/kc/buy/cgsh_order_add.html HTTP/1.1" 200 67964
114.83.218.210 - - [01/Jul/2022:10:36:38 +0800] "POST /xingrg/kc/buy/cgsh_order_operate.html HTTP/1.1" 200 8245
114.83.218.210 - - [01/Jul/2022:10:36:38 +0800] "GET /xingrg/javascript/easyui/themes/default/validatebox.css HTTP/1.1" 404 1104
180.162.222.201 - - [01/Jul/2022:10:36:40 +0800] "GET /xingrg/dwr/interface/AjaxCheckService.js HTTP/1.1" 200 14003
180.162.222.201 - - [01/Jul/2022:10:36:40 +0800] "GET /xingrg/dwr/interface/AjaxComOrderService.js HTTP/1.1" 200 18264
180.162.222.201 - - [01/Jul/2022:10:36:40 +0800] "GET /xingrg/kc/base/check_order_info.html?code=452022063000459 HTTP/1.1" 200 26551
180.162.222.201 - - [01/Jul/2022:10:36:40 +0800] "GET /xingrg/dwr/engine.js HTTP/1.1" 200 43631
114.83.218.210 - - [01/Jul/2022:10:36:41 +0800] "GET /xingrg/all/function/internal_message.html?_=1656643000212&CODE_STATE=getMsg HTTP/1.1" 200 27
180.162.222.201 - - [01/Jul/2022:10:36:41 +0800] "POST /xingrg/dwr/call/plaincall/AjaxCheckService.loadOrderItems.dwr HTTP/1.1" 200 63741
114.88.162.248 - - [01/Jul/2022:10:36:41 +0800] "POST /xingrg/kc/buy/cgsh_order_operate.html HTTP/1.1" 200 37
124.78.155.58 - - [01/Jul/2022:10:36:42 +0800] "GET /xingrg/kc/buy/cgsh_order_add.html HTTP/1.1" 200 67870
124.78.155.58 - - [01/Jul/2022:10:36:43 +0800] "GET /xingrg/words/20220701093933_words.js HTTP/1.1" 304 -
124.78.155.58 - - [01/Jul/2022:10:36:43 +0800] "POST /xingrg/kc/buy/cgsh_order_operate.html HTTP/1.1" 200 8245
124.78.155.58 - - [01/Jul/2022:10:36:43 +0800] "GET /xingrg/javascript/easyui/themes/default/validatebox.css HTTP/1.1" 404 1104
114.88.162.248 - - [01/Jul/2022:10:36:44 +0800] "POST /xingrg/kc/buy/cgsh_order_operate.html HTTP/1.1" 200 2666
180.162.222.201 - - [01/Jul/2022:10:36:44 +0800] "POST /xingrg/dwr/call/plaincall/AjaxCheckService.deleteOrder.dwr HTTP/1.1" 200 78
124.78.155.58 - - [01/Jul/2022:10:36:44 +0800] "GET /xingrg/javascript/easyui/themes/default/tree.css HTTP/1.1" 404 1090
124.78.155.58 - - [01/Jul/2022:10:36:44 +0800] "POST /xingrg/all/common/load_tree.html?tree=supplier_tree_json&isDelete=1 HTTP/1.1" 200 66828
114.88.162.248 - - [01/Jul/2022:10:36:45 +0800] "GET /xingrg/kc/print/load_data.html?order_code=212022070100072&kc_code=cgsh&condition= HTTP/1.1" 200 737
180.162.222.201 - - [01/Jul/2022:10:36:45 +0800] "GET /xingrg/kc/base/check_order_list.html HTTP/1.1" 200 16261
218.81.223.53 - - [01/Jul/2022:10:36:45 +0800] "GET /xingrg/all/function/internal_message.html?_=1656643023216&CODE_STATE=getMsg HTTP/1.1" 200 27
180.162.222.201 - - [01/Jul/2022:10:36:45 +0800] "POST /xingrg/kc/base/check_list_operate.html HTTP/1.1" 200 3792
120.253.135.82 - - [01/Jul/2022:10:36:47 +0800] "POST /xingrg/kc/pszx/mdps_order_operate.html HTTP/1.1" 200 37
101.85.95.26 - - [01/Jul/2022:10:36:48 +0800] "GET /xingrg/all/function/internal_message.html?_=1656643006193&CODE_STATE=getMsg HTTP/1.1" 200 27
180.162.222.201 - - [01/Jul/2022:10:36:48 +0800] "GET /xingrg/kc/base/check_order_info.html?code=452022063000455 HTTP/1.1" 200 26551
180.162.222.201 - - [01/Jul/2022:10:36:48 +0800] "GET /xingrg/dwr/interface/AjaxCheckService.js HTTP/1.1" 200 14003
180.162.222.201 - - [01/Jul/2022:10:36:48 +0800] "GET /xingrg/dwr/interface/AjaxComOrderService.js HTTP/1.1" 200 18264
180.162.222.201 - - [01/Jul/2022:10:36:48 +0800] "GET /xingrg/dwr/engine.js HTTP/1.1" 200 43631
114.88.162.248 - - [01/Jul/2022:10:36:49 +0800] "GET /xingrg/kc/buy/cgsh_order_add.html HTTP/1.1" 200 67832
120.253.135.82 - - [01/Jul/2022:10:36:49 +0800] "POST /xingrg/kc/pszx/mdps_order_operate.html HTTP/1.1" 200 12
180.162.222.201 - - [01/Jul/2022:10:36:49 +0800] "POST /xingrg/dwr/call/plaincall/AjaxCheckService.loadOrderItems.dwr HTTP/1.1" 200 104680
114.88.162.248 - - [01/Jul/2022:10:36:49 +0800] "GET /xingrg/javascript/easyui/themes/default/validatebox.css HTTP/1.1" 404 1104
114.88.162.248 - - [01/Jul/2022:10:36:49 +0800] "POST /xingrg/kc/buy/cgsh_order_operate.html HTTP/1.1" 200 8245
120.253.135.82 - - [01/Jul/2022:10:36:50 +0800] "GET /xingrg/kc/pszx/mdps_order_info.html?code=312022062700424 HTTP/1.1" 200 19638
120.253.135.82 - - [01/Jul/2022:10:36:51 +0800] "POST /xingrg/kc/pszx/mdps_order_operate.html HTTP/1.1" 200 506
120.253.135.82 - - [01/Jul/2022:10:36:51 +0800] "GET /xingrg/javascript/easyui/themes/default/validatebox.css HTTP/1.1" 404 1104
58.35.210.91 - - [01/Jul/2022:10:36:51 +0800] "POST /xingrg/services/DataTransmitService HTTP/1.1" 200 524
120.253.135.82 - - [01/Jul/2022:10:36:51 +0800] "POST /xingrg/kc/pszx/mdps_list_operate.html HTTP/1.1" 200 868
58.35.210.91 - - [01/Jul/2022:10:36:52 +0800] "POST /xingrg/services/DataTransmitService HTTP/1.1" 200 2147
58.35.210.91 - - [01/Jul/2022:10:36:53 +0800] "POST /xingrg/services/DataTransmitService HTTP/1.1" 200 117047
120.253.135.82 - - [01/Jul/2022:10:36:53 +0800] "GET /xingrg/javascript/easyui/plugins/jquery.draggable.js HTTP/1.1" 304 -
120.253.135.82 - - [01/Jul/2022:10:36:53 +0800] "GET /xingrg/javascript/easyui/plugins/jquery.droppable.js HTTP/1.1" 304 -
120.253.135.82 - - [01/Jul/2022:10:36:53 +0800] "GET /xingrg/javascript/easyui/themes/default/tree.css HTTP/1.1" 404 1090
120.253.135.82 - - [01/Jul/2022:10:36:53 +0800] "GET /xingrg/javascript/easyui/plugins/jquery.tree.js HTTP/1.1" 304 -
120.253.135.82 - - [01/Jul/2022:10:36:53 +0800] "POST /xingrg/all/common/load_tree.html?tree=area_rest_tree_json HTTP/1.1" 200 3472
120.253.135.82 - - [01/Jul/2022:10:36:53 +0800] "GET /xingrg/javascript/easyui/themes/default/images/tree_arrows.gif HTTP/1.1" 200 617
120.253.135.82 - - [01/Jul/2022:10:36:53 +0800] "GET /xingrg/javascript/easyui/themes/default/images/tree_checkbox_0.gif HTTP/1.1" 200 168
120.253.135.82 - - [01/Jul/2022:10:36:53 +0800] "GET /xingrg/javascript/easyui/themes/default/images/tree_checkbox_1.gif HTTP/1.1" 200 174
120.253.135.82 - - [01/Jul/2022:10:36:53 +0800] "GET /xingrg/javascript/easyui/themes/default/images/tree_folder_open.gif HTTP/1.1" 200 956
120.253.135.82 - - [01/Jul/2022:10:36:53 +0800] "GET /xingrg/javascript/easyui/themes/default/images/tree_checkbox_2.gif HTTP/1.1" 200 181
120.253.135.82 - - [01/Jul/2022:10:36:53 +0800] "GET /xingrg/javascript/easyui/themes/icons/area.png HTTP/1.1" 200 262
120.253.135.82 - - [01/Jul/2022:10:36:53 +0800] "GET /xingrg/javascript/easyui/themes/icons/manage.png HTTP/1.1" 200 696
120.253.135.82 - - [01/Jul/2022:10:36:53 +0800] "GET /xingrg/javascript/easyui/themes/icons/rest.png HTTP/1.1" 200 695
218.81.223.53 - - [01/Jul/2022:10:36:53 +0800] "GET /xingrg/all/function/internal_message.html?_=1656643028592&CODE_STATE=getMsg HTTP/1.1" 302 -
180.162.222.201 - - [01/Jul/2022:10:36:54 +0800] "POST /xingrg/dwr/call/plaincall/AjaxCheckService.deleteOrder.dwr HTTP/1.1" 200 78
180.169.147.146 - - [01/Jul/2022:10:36:55 +0800] "GET /xingrg/index.html?sysBaseUrl=http%3A%2F%2F180.169.147.146%3A18081%2Fxingrg%2F&costTime=46×tamp=1638346643259 HTTP/1.1" 302 -
180.169.147.146 - - [01/Jul/2022:10:36:55 +0800] "GET /xingrg/login.html HTTP/1.1" 200 7641
180.162.222.201 - - [01/Jul/2022:10:36:55 +0800] "GET /xingrg/kc/base/check_order_list.html HTTP/1.1" 200 16261
180.169.147.146 - - [01/Jul/2022:10:36:55 +0800] "GET /xingrg/images/blue/jxLogo.png HTTP/1.1" 200 6156
180.162.222.201 - - [01/Jul/2022:10:36:55 +0800] "POST /xingrg/kc/base/check_list_operate.html HTTP/1.1" 200 3474
180.169.147.146 - - [01/Jul/2022:10:36:55 +0800] "GET /xingrg/images/blue/login_bg.png HTTP/1.1" 200 22101
180.169.147.146 - - [01/Jul/2022:10:36:55 +0800] "GET /xingrg/images/blue/srbg.png HTTP/1.1" 200 138
180.169.147.146 - - [01/Jul/2022:10:36:55 +0800] "GET /xingrg/images/blue/hj.png HTTP/1.1" 200 1014
180.169.147.146 - - [01/Jul/2022:10:36:55 +0800] "GET /favicon.ico HTTP/1.1" 404 -
180.162.222.201 - - [01/Jul/2022:10:36:57 +0800] "GET /xingrg/kc/base/check_order_list.html HTTP/1.1" 200 16261
180.162.222.201 - - [01/Jul/2022:10:36:57 +0800] "POST /xingrg/kc/base/check_list_operate.html HTTP/1.1" 200 3474
180.162.222.201 - - [01/Jul/2022:10:36:59 +0800] "GET /xingrg/kc/base/check_order_add.html HTTP/1.1" 200 26518
180.162.222.201 - - [01/Jul/2022:10:36:59 +0800] "GET /xingrg/dwr/interface/AjaxCheckService.js HTTP/1.1" 200 14003
180.162.222.201 - - [01/Jul/2022:10:36:59 +0800] "GET /xingrg/dwr/interface/AjaxComOrderService.js HTTP/1.1" 200 18264
180.162.222.201 - - [01/Jul/2022:10:36:59 +0800] "GET /xingrg/dwr/engine.js HTTP/1.1" 200 43631
120.253.135.82 - - [01/Jul/2022:10:36:59 +0800] "POST /xingrg/kc/pszx/mdps_list_operate.html HTTP/1.1" 200 2410
114.84.82.172 - - [01/Jul/2022:10:36:59 +0800] "GET /xingrg/all/function/internal_message.html?_=1656643019347&CODE_STATE=getMsg HTTP/1.1" 200 27
120.253.135.82 - - [01/Jul/2022:10:37:00 +0800] "GET /xingrg/check_reg.html?_=1656643149042 HTTP/1.1" 200 22
120.253.135.82 - - [01/Jul/2022:10:37:00 +0800] "POST /xingrg/kc/pszx/mdps_list_operate.html HTTP/1.1" 200 207
120.253.135.82 - - [01/Jul/2022:10:37:01 +0800] "GET /xingrg/kc/pszx/mdps_order_info.html?code=312022061700283 HTTP/1.1" 200 23978
180.169.147.146 - - [01/Jul/2022:10:37:01 +0800] "POST /xingrg/login.do HTTP/1.1" 302 -
180.169.147.146 - - [01/Jul/2022:10:37:01 +0800] "GET /xingrg/javascript/jquery_easy_ui/themes/icon.css HTTP/1.1" 200 3949
180.169.147.146 - - [01/Jul/2022:10:37:01 +0800] "GET /xingrg/javascript/jquery_easy_ui/easyui-lang-zh_CN.js HTTP/1.1" 200 1900
180.169.147.146 - - [01/Jul/2022:10:37:01 +0800] "GET /xingrg/javascript/jquery_easy_ui/themes/default/easyui.css HTTP/1.1" 200 26500
180.169.147.146 - - [01/Jul/2022:10:37:01 +0800] "GET /xingrg/css/form.css HTTP/1.1" 200 893
180.169.147.146 - - [01/Jul/2022:10:37:01 +0800] "GET /xingrg/javascript/jquery-1.4.2.min.js HTTP/1.1" 200 72205
180.169.147.146 - - [01/Jul/2022:10:37:01 +0800] "GET /xingrg/javascript/jquery_easy_ui/jquery.easyui.min.js HTTP/1.1" 200 213662
180.169.147.146 - - [01/Jul/2022:10:37:01 +0800] "GET /xingrg/javascript/jquery.timers.js HTTP/1.1" 200 3532
180.169.147.146 - - [01/Jul/2022:10:37:01 +0800] "GET /xingrg/javascript/jquery.utils.js HTTP/1.1" 200 11805
180.169.147.146 - - [01/Jul/2022:10:37:01 +0800] "GET /xingrg/javascript/jquery.form.js HTTP/1.1" 200 23110
120.253.135.82 - - [01/Jul/2022:10:37:01 +0800] "GET /xingrg/javascript/easyui/themes/default/validatebox.css HTTP/1.1" 404 1104
180.169.147.146 - - [01/Jul/2022:10:37:01 +0800] "GET /xingrg/index.html?sysBaseUrl=http%3A%2F%2F180.169.147.146%3A18081%2Fxingrg%2F&costTime=180×tamp=1656643021817 HTTP/1.1" 200 17503
180.169.147.146 - - [01/Jul/2022:10:37:01 +0800] "GET /favicon.ico HTTP/1.1" 404 -
180.169.147.146 - - [01/Jul/2022:10:37:01 +0800] "GET /xingrg/javascript/jquery_easy_ui/themes/icons/settle_new.png HTTP/1.1" 200 826
180.169.147.146 - - [01/Jul/2022:10:37:01 +0800] "GET /xingrg/images/blue/navBackgound.jpg HTTP/1.1" 200 12378
120.253.135.82 - - [01/Jul/2022:10:37:02 +0800] "POST /xingrg/kc/pszx/mdps_order_operate.html HTTP/1.1" 200 2281
180.169.147.146 - - [01/Jul/2022:10:37:02 +0800] "POST /xingrg/all/common/load_tree.html?tree=area_rest_tree_json&manage=1 HTTP/1.1" 200 2091
120.253.135.82 - - [01/Jul/2022:10:37:02 +0800] "GET /xingrg/all/function/internal_message.html?_=1656643151084&CODE_STATE=getMsg HTTP/1.1" 200 27
180.169.147.146 - - [01/Jul/2022:10:37:02 +0800] "GET /xingrg/all/function/internal_message.html?_=1656643020686&CODE_STATE=count HTTP/1.1" 200 11
180.169.147.146 - - [01/Jul/2022:10:37:02 +0800] "GET /xingrg/check_reg.html?_=1656643020688 HTTP/1.1" 200 22
180.169.147.146 - - [01/Jul/2022:10:37:02 +0800] "GET /xingrg/images/blue/pingpu.png HTTP/1.1" 200 231
180.169.147.146 - - [01/Jul/2022:10:37:02 +0800] "GET /xingrg/javascript/jquery_easy_ui/themes/default/images/tabs_rightarrow.png HTTP/1.1" 200 395
180.169.147.146 - - [01/Jul/2022:10:37:02 +0800] "GET /xingrg/javascript/jquery_easy_ui/themes/default/images/tabs_leftarrow.png HTTP/1.1" 200 389
180.169.147.146 - - [01/Jul/2022:10:37:02 +0800] "GET /xingrg/javascript/jquery_easy_ui/themes/default/images/panel_tool_expand.gif HTTP/1.1" 200 247
180.169.147.146 - - [01/Jul/2022:10:37:02 +0800] "GET /xingrg/javascript/jquery_easy_ui/themes/default/images/panel_tool_collapse.gif HTTP/1.1" 200 246
180.169.147.146 - - [01/Jul/2022:10:37:02 +0800] "POST /xingrg/load_menu.html HTTP/1.1" 200 11564
180.169.147.146 - - [01/Jul/2022:10:37:02 +0800] "GET /xingrg/javascript/jquery_easy_ui/themes/default/images/tree_arrows.gif HTTP/1.1" 200 1043
180.169.147.146 - - [01/Jul/2022:10:37:02 +0800] "GET /xingrg/javascript/jquery_easy_ui/themes/default/images/tree_folder_open.gif HTTP/1.1" 200 956
180.169.147.146 - - [01/Jul/2022:10:37:02 +0800] "GET /xingrg/javascript/jquery_easy_ui/themes/icons/search_new.png HTTP/1.1" 200 586
180.169.147.146 - - [01/Jul/2022:10:37:02 +0800] "GET /xingrg/javascript/jquery_easy_ui/themes/icons/delivery_new.png HTTP/1.1" 200 700
180.169.147.146 - - [01/Jul/2022:10:37:02 +0800] "GET /xingrg/javascript/jquery_easy_ui/themes/icons/forms_new.png HTTP/1.1" 200 350
180.169.147.146 - - [01/Jul/2022:10:37:02 +0800] "GET /xingrg/javascript/jquery_easy_ui/themes/icons/storage_new.png HTTP/1.1" 200 853
180.169.147.146 - - [01/Jul/2022:10:37:02 +0800] "GET /xingrg/javascript/jquery_easy_ui/themes/icons/checkout_new.png HTTP/1.1" 200 744
180.169.147.146 - - [01/Jul/2022:10:37:02 +0800] "GET /xingrg/javascript/jquery_easy_ui/themes/default/images/tree_folder.gif HTTP/1.1" 200 952
180.169.147.146 - - [01/Jul/2022:10:37:02 +0800] "GET /xingrg/javascript/jquery_easy_ui/themes/icons/systemset_new.png HTTP/1.1" 200 606
180.169.147.146 - - [01/Jul/2022:10:37:02 +0800] "GET /xingrg/javascript/jquery_easy_ui/themes/default/images/tree_file.gif HTTP/1.1" 200 118
180.169.147.146 - - [01/Jul/2022:10:37:02 +0800] "GET /xingrg/javascript/jquery_easy_ui/themes/icons/setting_new.png HTTP/1.1" 200 450
58.35.210.91 - - [01/Jul/2022:10:37:02 +0800] "POST /xingrg/services/DataTransmitService HTTP/1.1" 200 524
58.35.210.91 - - [01/Jul/2022:10:37:03 +0800] "POST /xingrg/services/DataTransmitService HTTP/1.1" 200 497
120.253.135.82 - - [01/Jul/2022:10:37:04 +0800] "POST /xingrg/kc/pszx/mdps_order_operate.html HTTP/1.1" 200 37
58.35.210.91 - - [01/Jul/2022:10:37:05 +0800] "POST /xingrg/services/DataTransmitService HTTP/1.1" 200 524
180.162.222.201 - - [01/Jul/2022:10:37:05 +0800] "GET /xingrg/all/function/internal_message.html?_=1656643027114&CODE_STATE=getMsg HTTP/1.1" 200 27
124.78.155.58 - - [01/Jul/2022:10:37:06 +0800] "GET /xingrg/kc/buy/cgsh_order_operate.html?command=get_materiel&rest_code=00106&code=00101004051&supplier_code=00100312&order_time=2022-07-01 HTTP/1.1" 200 408
180.162.222.201 - - [01/Jul/2022:10:37:06 +0800] "POST /xingrg/dwr/call/plaincall/AjaxCheckService.saveOrder.dwr HTTP/1.1" 200 78
58.35.210.91 - - [01/Jul/2022:10:37:07 +0800] "POST /xingrg/services/DataTransmitService HTTP/1.1" 200 501
120.253.135.82 - - [01/Jul/2022:10:37:07 +0800] "POST /xingrg/kc/pszx/mdps_order_operate.html HTTP/1.1" 200 12
114.88.162.248 - - [01/Jul/2022:10:37:08 +0800] "GET /xingrg/kc/buy/cgsh_order_operate.html?command=get_materiel&rest_code=00111&code=00101003040&supplier_code=00100093&order_time=2022-07-01 HTTP/1.1" 200 416
180.162.222.201 - - [01/Jul/2022:10:37:08 +0800] "POST /xingrg/dwr/call/plaincall/AjaxCheckService.loadOrderItems.dwr HTTP/1.1" 200 367
120.253.135.82 - - [01/Jul/2022:10:37:08 +0800] "GET /xingrg/kc/pszx/mdps_order_info.html?code=312022061700283 HTTP/1.1" 200 19638
58.35.196.166 - - [01/Jul/2022:10:37:09 +0800] "GET /xingrg/all/function/internal_message.html?_=1656643026605&CODE_STATE=getMsg HTTP/1.1" 200 27
120.253.135.82 - - [01/Jul/2022:10:37:09 +0800] "GET /xingrg/javascript/easyui/themes/default/validatebox.css HTTP/1.1" 404 1104
120.253.135.82 - - [01/Jul/2022:10:37:09 +0800] "POST /xingrg/kc/pszx/mdps_order_operate.html HTTP/1.1" 200 503
120.253.135.82 - - [01/Jul/2022:10:37:09 +0800] "GET /xingrg/all/function/internal_message.html?_=1656642839059&CODE_STATE=getMsg HTTP/1.1" 200 27
120.253.135.82 - - [01/Jul/2022:10:37:10 +0800] "POST /xingrg/kc/pszx/mdps_list_operate.html HTTP/1.1" 200 2039
180.162.222.201 - - [01/Jul/2022:10:37:10 +0800] "POST /xingrg/kc/report/common_data.html?type=materiel_category_tree HTTP/1.1" 200 3878
120.253.135.82 - - [01/Jul/2022:10:37:12 +0800] "POST /xingrg/kc/pszx/mdps_list_operate.html HTTP/1.1" 200 565
180.169.147.146 - - [01/Jul/2022:10:37:12 +0800] "GET /xingrg/all/function/internal_message.html?_=1656643028771&CODE_STATE=getMsg HTTP/1.1" 200 27
180.169.147.146 - - [01/Jul/2022:10:37:12 +0800] "GET /xingrg/check_reg.html?_=1656643028772 HTTP/1.1" 200 22
101.85.238.90 - - [01/Jul/2022:10:37:12 +0800] "GET /xingrg/all/function/internal_message.html?_=1656643101824&CODE_STATE=getMsg HTTP/1.1" 200 27
120.253.135.82 - - [01/Jul/2022:10:37:12 +0800] "GET /xingrg/kc/pszx/mdps_order_info.html?code=312022062900451 HTTP/1.1" 200 23970
120.253.135.82 - - [01/Jul/2022:10:37:13 +0800] "GET /xingrg/javascript/easyui/themes/default/validatebox.css HTTP/1.1" 404 1104
120.253.135.82 - - [01/Jul/2022:10:37:13 +0800] "POST /xingrg/kc/pszx/mdps_order_operate.html HTTP/1.1" 200 13370
114.83.218.210 - - [01/Jul/2022:10:37:15 +0800] "GET /xingrg/kc/buy/cgsh_order_operate.html?command=get_materiel&rest_code=00149&code=00101007061&supplier_code=00100205&order_time=2022-07-01 HTTP/1.1" 200 411
124.78.155.58 - - [01/Jul/2022:10:37:15 +0800] "GET /xingrg/all/function/internal_message.html?_=1656643037010&CODE_STATE=getMsg HTTP/1.1" 200 27
180.162.222.201 - - [01/Jul/2022:10:37:15 +0800] "POST /xingrg/dwr/call/plaincall/AjaxCheckService.importOrderItems.dwr HTTP/1.1" 200 78
180.169.147.146 - - [01/Jul/2022:10:37:17 +0800] "GET /xingrg/all/function/internal_message.html?_=1656643036858&CODE_STATE=getMsg HTTP/1.1" 200 27
180.162.222.201 - - [01/Jul/2022:10:37:18 +0800] "POST /xingrg/dwr/call/plaincall/AjaxCheckService.loadOrderItems.dwr HTTP/1.1" 200 108436
120.253.135.82 - - [01/Jul/2022:10:37:18 +0800] "POST /xingrg/kc/pszx/mdps_order_operate.html HTTP/1.1" 200 37
180.162.222.201 - - [01/Jul/2022:10:37:18 +0800] "GET /xingrg/all/function/internal_message.html?_=1656642942274&CODE_STATE=getMsg HTTP/1.1" 200 27
180.169.147.146 - - [01/Jul/2022:10:37:19 +0800] "GET /xingrg/javascript/jquery_easy_ui/themes/icons/area.png HTTP/1.1" 200 262
180.169.147.146 - - [01/Jul/2022:10:37:19 +0800] "GET /xingrg/javascript/jquery_easy_ui/themes/icons/rest.png HTTP/1.1" 200 695
180.169.147.146 - - [01/Jul/2022:10:37:19 +0800] "GET /xingrg/javascript/jquery_easy_ui/themes/icons/manage.png HTTP/1.1" 200 696
180.169.147.146 - - [01/Jul/2022:10:37:19 +0800] "GET /xingrg/javascript/jquery_easy_ui/themes/default/images/button_a_bg.gif HTTP/1.1" 200 1194
180.169.147.146 - - [01/Jul/2022:10:37:19 +0800] "GET /xingrg/javascript/jquery_easy_ui/themes/icons/ok.png HTTP/1.1" 200 883
180.169.147.146 - - [01/Jul/2022:10:37:19 +0800] "GET /xingrg/javascript/jquery_easy_ui/themes/default/images/button_span_bg.gif HTTP/1.1" 200 2061
180.169.147.146 - - [01/Jul/2022:10:37:19 +0800] "GET /xingrg/javascript/jquery_easy_ui/themes/default/images/panel_title.png HTTP/1.1" 200 266
180.169.147.146 - - [01/Jul/2022:10:37:19 +0800] "GET /xingrg/javascript/jquery_easy_ui/themes/default/images/panel_tools.gif HTTP/1.1" 200 737
180.169.147.146 - - [01/Jul/2022:10:37:21 +0800] "GET /xingrg/images/control/ajaxLoader.gif HTTP/1.1" 200 4659
180.169.147.146 - - [01/Jul/2022:10:37:21 +0800] "POST /xingrg/all/user/operate.html HTTP/1.1" 200 36
101.83.223.227 - - [01/Jul/2022:10:37:21 +0800] "GET /xingrg/kc/buy/cgsh_order_add.html HTTP/1.1" 200 67806
180.169.147.146 - - [01/Jul/2022:10:37:21 +0800] "GET /xingrg/index.html?sysBaseUrl=http%3A%2F%2F180.169.147.146%3A18081%2Fxingrg%2F&costTime=180×tamp=1656643021817 HTTP/1.1" 200 17503
180.169.147.146 - - [01/Jul/2022:10:37:21 +0800] "GET /xingrg/javascript/jquery_easy_ui/themes/default/easyui.css HTTP/1.1" 304 -
180.169.147.146 - - [01/Jul/2022:10:37:21 +0800] "GET /xingrg/javascript/jquery_easy_ui/themes/icon.css HTTP/1.1" 304 -
180.169.147.146 - - [01/Jul/2022:10:37:21 +0800] "GET /xingrg/css/form.css HTTP/1.1" 304 -
180.169.147.146 - - [01/Jul/2022:10:37:21 +0800] "GET /xingrg/javascript/jquery-1.4.2.min.js HTTP/1.1" 304 -
180.169.147.146 - - [01/Jul/2022:10:37:21 +0800] "GET /xingrg/javascript/jquery_easy_ui/jquery.easyui.min.js HTTP/1.1" 304 -
180.169.147.146 - - [01/Jul/2022:10:37:21 +0800] "GET /xingrg/javascript/jquery_easy_ui/easyui-lang-zh_CN.js HTTP/1.1" 304 -
180.169.147.146 - - [01/Jul/2022:10:37:21 +0800] "GET /xingrg/javascript/jquery.form.js HTTP/1.1" 304 -
180.169.147.146 - - [01/Jul/2022:10:37:21 +0800] "GET /xingrg/javascript/jquery.utils.js HTTP/1.1" 304 -
180.169.147.146 - - [01/Jul/2022:10:37:21 +0800] "GET /xingrg/javascript/jquery.timers.js HTTP/1.1" 304 -
180.169.147.146 - - [01/Jul/2022:10:37:21 +0800] "GET /xingrg/images/blue/jxLogo.png HTTP/1.1" 304 -
180.169.147.146 - - [01/Jul/2022:10:37:21 +0800] "GET /xingrg/images/blue/navBackgound.jpg HTTP/1.1" 304 -
180.169.147.146 - - [01/Jul/2022:10:37:21 +0800] "GET /xingrg/javascript/jquery_easy_ui/themes/icons/settle_new.png HTTP/1.1" 304 -
180.169.147.146 - - [01/Jul/2022:10:37:22 +0800] "POST /xingrg/all/common/load_tree.html?tree=area_rest_tree_json&manage=1 HTTP/1.1" 200 2091
180.169.147.146 - - [01/Jul/2022:10:37:22 +0800] "GET /xingrg/all/function/internal_message.html?_=1656643040592&CODE_STATE=count HTTP/1.1" 200 11
180.169.147.146 - - [01/Jul/2022:10:37:22 +0800] "GET /xingrg/check_reg.html?_=1656643040592 HTTP/1.1" 200 22
180.169.147.146 - - [01/Jul/2022:10:37:22 +0800] "GET /xingrg/javascript/jquery_easy_ui/themes/default/images/tabs_leftarrow.png HTTP/1.1" 304 -
180.169.147.146 - - [01/Jul/2022:10:37:22 +0800] "GET /xingrg/javascript/jquery_easy_ui/themes/default/images/panel_tool_expand.gif HTTP/1.1" 304 -
180.169.147.146 - - [01/Jul/2022:10:37:22 +0800] "GET /xingrg/javascript/jquery_easy_ui/themes/default/images/panel_tool_collapse.gif HTTP/1.1" 304 -
180.169.147.146 - - [01/Jul/2022:10:37:22 +0800] "GET /xingrg/javascript/jquery_easy_ui/themes/default/images/tabs_rightarrow.png HTTP/1.1" 304 -
180.169.147.146 - - [01/Jul/2022:10:37:22 +0800] "GET /xingrg/images/blue/pingpu.png HTTP/1.1" 304 -
120.253.135.82 - - [01/Jul/2022:10:37:22 +0800] "POST /xingrg/kc/pszx/mdps_order_operate.html HTTP/1.1" 200 12
180.169.147.146 - - [01/Jul/2022:10:37:22 +0800] "POST /xingrg/load_menu.html HTTP/1.1" 200 9959
101.83.223.227 - - [01/Jul/2022:10:37:22 +0800] "POST /xingrg/kc/buy/cgsh_order_operate.html HTTP/1.1" 200 8245
101.83.223.227 - - [01/Jul/2022:10:37:22 +0800] "GET /xingrg/javascript/easyui/themes/default/validatebox.css HTTP/1.1" 404 1104
120.253.135.82 - - [01/Jul/2022:10:37:23 +0800] "GET /xingrg/kc/pszx/mdps_order_info.html?code=312022062900451 HTTP/1.1" 200 19630
120.253.135.82 - - [01/Jul/2022:10:37:23 +0800] "GET /xingrg/javascript/easyui/themes/default/validatebox.css HTTP/1.1" 404 1104
120.253.135.82 - - [01/Jul/2022:10:37:23 +0800] "POST /xingrg/kc/pszx/mdps_order_operate.html HTTP/1.1" 200 11504
180.169.147.146 - - [01/Jul/2022:10:37:24 +0800] "GET /xingrg/javascript/jquery_easy_ui/themes/default/images/tabs_close.gif HTTP/1.1" 200 829
114.88.162.248 - - [01/Jul/2022:10:37:24 +0800] "GET /xingrg/kc/buy/cgsh_order_operate.html?command=get_materiel&rest_code=00111&code=00101003003&supplier_code=00100093&order_time=2022-07-01 HTTP/1.1" 200 416
180.169.147.146 - - [01/Jul/2022:10:37:24 +0800] "GET /xingrg/kc/buy/cgsh_order_list.html HTTP/1.1" 200 52349
180.169.147.146 - - [01/Jul/2022:10:37:24 +0800] "GET /xingrg/css/base.css HTTP/1.1" 200 2811
180.169.147.146 - - [01/Jul/2022:10:37:24 +0800] "GET /xingrg/css/site.css HTTP/1.1" 200 7541
180.169.147.146 - - [01/Jul/2022:10:37:24 +0800] "GET /xingrg/javascript/jquery_tools/datebox.css HTTP/1.1" 200 2597
180.169.147.146 - - [01/Jul/2022:10:37:24 +0800] "GET /xingrg/javascript/easyui/themes/icon.css HTTP/1.1" 200 4483
180.169.147.146 - - [01/Jul/2022:10:37:24 +0800] "GET /xingrg/javascript/jquery_tools/table.css HTTP/1.1" 200 1032
180.169.147.146 - - [01/Jul/2022:10:37:24 +0800] "GET /xingrg/javascript/auto/jquery.autocomplete.css HTTP/1.1" 200 587
180.169.147.146 - - [01/Jul/2022:10:37:24 +0800] "GET /xingrg/javascript/easyui/themes/default/easyui.css HTTP/1.1" 200 30432
180.169.147.146 - - [01/Jul/2022:10:37:24 +0800] "GET /xingrg/javascript/jquery_tools/fix.css HTTP/1.1" 200 1702
180.169.147.146 - - [01/Jul/2022:10:37:24 +0800] "GET /xingrg/javascript/jquery_tools/jquery.tools.min.js HTTP/1.1" 200 138801
180.169.147.146 - - [01/Jul/2022:10:37:24 +0800] "GET /xingrg/javascript/jquery_tools/jquery.tools.hotkey.js HTTP/1.1" 200 3242
180.169.147.146 - - [01/Jul/2022:10:37:24 +0800] "GET /xingrg/javascript/jquery_tools/jquery.tools.extend.js HTTP/1.1" 200 15385
180.169.147.146 - - [01/Jul/2022:10:37:24 +0800] "GET /xingrg/javascript/jquery_tools/jquery.tools.table.js HTTP/1.1" 200 6994
180.169.147.146 - - [01/Jul/2022:10:37:24 +0800] "GET /xingrg/javascript/jquery.cookie.js HTTP/1.1" 200 5513
180.169.147.146 - - [01/Jul/2022:10:37:24 +0800] "GET /xingrg/javascript/jquery_tools/list_manager.js HTTP/1.1" 200 3652
180.169.147.146 - - [01/Jul/2022:10:37:24 +0800] "GET /xingrg/javascript/auto/jquery.autocomplete.js HTTP/1.1" 200 21624
180.169.147.146 - - [01/Jul/2022:10:37:24 +0800] "GET /xingrg/javascript/print/LodopFuncs.js HTTP/1.1" 200 5121
180.169.147.146 - - [01/Jul/2022:10:37:24 +0800] "GET /xingrg/javascript/easyui/easyloader.js HTTP/1.1" 200 5975
180.169.147.146 - - [01/Jul/2022:10:37:24 +0800] "GET /xingrg/all/function/internal_message.html?_=1656643037702&CODE_STATE=getMsg HTTP/1.1" 200 27
180.169.147.146 - - [01/Jul/2022:10:37:24 +0800] "GET /xingrg/javascript/easyui/themes/icons/uncheck_new.png HTTP/1.1" 200 3197
180.169.147.146 - - [01/Jul/2022:10:37:24 +0800] "GET /xingrg/javascript/easyui/themes/icons/field_new.png HTTP/1.1" 200 1097
180.169.147.146 - - [01/Jul/2022:10:37:24 +0800] "GET /xingrg/javascript/easyui/themes/icons/check_new.png HTTP/1.1" 200 3224
180.169.147.146 - - [01/Jul/2022:10:37:24 +0800] "GET /xingrg/javascript/easyui/themes/icons/import_new.png HTTP/1.1" 200 1247
180.169.147.146 - - [01/Jul/2022:10:37:24 +0800] "GET /xingrg/javascript/easyui/themes/icons/edit_add_new.png HTTP/1.1" 200 2997
180.169.147.146 - - [01/Jul/2022:10:37:24 +0800] "GET /xingrg/javascript/easyui/themes/icons/cance_new.png HTTP/1.1" 200 3986
180.169.147.146 - - [01/Jul/2022:10:37:24 +0800] "GET /xingrg/javascript/easyui/plugins/jquery.parser.js HTTP/1.1" 200 1142
120.253.135.82 - - [01/Jul/2022:10:37:25 +0800] "POST /xingrg/kc/pszx/mdps_list_operate.html HTTP/1.1" 200 1677
180.169.147.146 - - [01/Jul/2022:10:37:25 +0800] "POST /xingrg/kc/buy/cgsh_list_operate.html HTTP/1.1" 200 693
120.253.135.82 - - [01/Jul/2022:10:37:26 +0800] "POST /xingrg/kc/pszx/mdps_list_operate.html HTTP/1.1" 200 285
116.230.110.173 - - [01/Jul/2022:10:37:26 +0800] "GET /xingrg/all/function/internal_message.html?_=1656643042190&CODE_STATE=getMsg HTTP/1.1" 200 27
116.230.110.173 - - [01/Jul/2022:10:37:26 +0800] "GET /xingrg/check_reg.html?_=1656643042193 HTTP/1.1" 200 22
120.253.135.82 - - [01/Jul/2022:10:37:27 +0800] "GET /xingrg/kc/pszx/mdps_order_info.html?code=312022062900452 HTTP/1.1" 200 23968
