120.253.135.82 - - [01/Jul/2022:10:10:49 +0800] "POST /xingrg/kc/pszx/mdps_order_operate.html HTTP/1.1" 200 4299
120.253.135.82 - - [01/Jul/2022:10:10:50 +0800] "GET /xingrg/javascript/easyui/themes/default/validatebox.css HTTP/1.1" 404 1104
58.35.196.166 - - [01/Jul/2022:10:10:51 +0800] "GET /xingrg/kc/buy/cgsh_order_operate.html?command=get_materiel&rest_code=00156&code=00101008377&supplier_code=00100006&order_time=2022-07-01 HTTP/1.1" 200 408
218.81.223.53 - - [01/Jul/2022:10:10:53 +0800] "GET /xingrg/all/function/internal_message.html?_=1656641468240&CODE_STATE=getMsg HTTP/1.1" 302 -
58.35.196.166 - - [01/Jul/2022:10:11:00 +0800] "GET /xingrg/kc/buy/cgsh_order_operate.html?command=get_materiel&rest_code=00156&code=00101008318&supplier_code=00100006&order_time=2022-07-01 HTTP/1.1" 200 408
120.253.135.82 - - [01/Jul/2022:10:11:01 +0800] "GET /xingrg/all/function/internal_message.html?_=1656641590636&CODE_STATE=getMsg HTTP/1.1" 200 27
120.253.135.82 - - [01/Jul/2022:10:11:03 +0800] "GET /xingrg/all/function/internal_message.html?_=1656641272705&CODE_STATE=getMsg HTTP/1.1" 200 27
180.162.222.201 - - [01/Jul/2022:10:11:05 +0800] "GET /xingrg/check_reg.html?_=1656641467068 HTTP/1.1" 200 22
180.162.222.201 - - [01/Jul/2022:10:11:05 +0800] "GET /xingrg/all/function/internal_message.html?_=1656641467071&CODE_STATE=getMsg HTTP/1.1" 200 27
58.35.196.166 - - [01/Jul/2022:10:11:08 +0800] "GET /xingrg/kc/buy/cgsh_order_operate.html?command=get_materiel&rest_code=00156&code=00101008136&supplier_code=00100006&order_time=2022-07-01 HTTP/1.1" 200 413
58.35.196.166 - - [01/Jul/2022:10:11:09 +0800] "GET /xingrg/all/function/internal_message.html?_=1656641467136&CODE_STATE=getMsg HTTP/1.1" 200 27
101.85.238.90 - - [01/Jul/2022:10:11:11 +0800] "GET /xingrg/all/function/internal_message.html?_=1656641540893&CODE_STATE=getMsg HTTP/1.1" 200 27
124.78.155.58 - - [01/Jul/2022:10:11:13 +0800] "GET /xingrg/login.html?r=1 HTTP/1.1" 200 7641
124.78.155.58 - - [01/Jul/2022:10:11:13 +0800] "GET /favicon.ico HTTP/1.1" 404 -
124.78.155.58 - - [01/Jul/2022:10:11:15 +0800] "POST /xingrg/login.do HTTP/1.1" 302 -
124.78.155.58 - - [01/Jul/2022:10:11:15 +0800] "GET /xingrg/index.html?sysBaseUrl=http%3A%2F%2F180.169.147.146%3A18081%2Fxingrg%2F&costTime=52×tamp=1656641475498 HTTP/1.1" 200 17173
124.78.155.58 - - [01/Jul/2022:10:11:15 +0800] "GET /favicon.ico HTTP/1.1" 404 -
124.78.155.58 - - [01/Jul/2022:10:11:15 +0800] "POST /xingrg/all/common/load_tree.html?tree=area_rest_tree_json&manage=1 HTTP/1.1" 200 342
124.78.155.58 - - [01/Jul/2022:10:11:15 +0800] "GET /xingrg/all/function/internal_message.html?_=1656641476904&CODE_STATE=count HTTP/1.1" 200 11
124.78.155.58 - - [01/Jul/2022:10:11:15 +0800] "GET /xingrg/check_reg.html?_=1656641476907 HTTP/1.1" 200 22
124.78.155.58 - - [01/Jul/2022:10:11:15 +0800] "POST /xingrg/load_menu.html HTTP/1.1" 200 5138
124.78.155.58 - - [01/Jul/2022:10:11:17 +0800] "GET /xingrg/kc/buy/buy_main.html HTTP/1.1" 200 12412
124.78.155.58 - - [01/Jul/2022:10:11:17 +0800] "GET /xingrg/css/new_ie.css HTTP/1.1" 404 1036
124.78.155.58 - - [01/Jul/2022:10:11:17 +0800] "GET /xingrg/images/yd/bt.gif HTTP/1.1" 404 1040
124.78.155.58 - - [01/Jul/2022:10:11:18 +0800] "GET /xingrg/kc/buy/cgsh_order_list.html HTTP/1.1" 200 52094
180.162.222.201 - - [01/Jul/2022:10:11:18 +0800] "GET /xingrg/all/function/internal_message.html?_=1656641382254&CODE_STATE=getMsg HTTP/1.1" 200 27
58.35.196.166 - - [01/Jul/2022:10:11:18 +0800] "GET /xingrg/kc/buy/cgsh_order_operate.html?command=get_materiel&rest_code=00156&code=00101008080&supplier_code=00100006&order_time=2022-07-01 HTTP/1.1" 200 416
124.78.155.58 - - [01/Jul/2022:10:11:21 +0800] "POST /xingrg/kc/buy/cgsh_list_operate.html HTTP/1.1" 200 2385
124.78.155.58 - - [01/Jul/2022:10:11:23 +0800] "GET /xingrg/kc/buy/cgsh_order_add.html HTTP/1.1" 200 67870
124.78.155.58 - - [01/Jul/2022:10:11:23 +0800] "GET /xingrg/words/20220701093933_words.js HTTP/1.1" 200 903587
124.78.155.58 - - [01/Jul/2022:10:11:23 +0800] "POST /xingrg/kc/buy/cgsh_order_operate.html HTTP/1.1" 200 8245
124.78.155.58 - - [01/Jul/2022:10:11:24 +0800] "GET /xingrg/all/common/auto_word.html?type=employee&rest_code=00106 HTTP/1.1" 200 205
124.78.155.58 - - [01/Jul/2022:10:11:24 +0800] "GET /xingrg/javascript/easyui/themes/default/validatebox.css HTTP/1.1" 404 1104
124.78.155.58 - - [01/Jul/2022:10:11:24 +0800] "GET /xingrg/all/common/auto_word.html?type=employee&rest_code=00106 HTTP/1.1" 200 205
180.169.147.146 - - [01/Jul/2022:10:11:24 +0800] "GET /xingrg/all/function/internal_message.html?_=1656641477655&CODE_STATE=getMsg HTTP/1.1" 200 27
124.78.155.58 - - [01/Jul/2022:10:11:25 +0800] "GET /xingrg/javascript/easyui/themes/default/tree.css HTTP/1.1" 404 1090
124.78.155.58 - - [01/Jul/2022:10:11:25 +0800] "POST /xingrg/all/common/load_tree.html?tree=supplier_tree_json&isDelete=1 HTTP/1.1" 200 66828
120.253.135.82 - - [01/Jul/2022:10:11:26 +0800] "POST /xingrg/kc/pszx/mdps_list_operate.html HTTP/1.1" 200 642
120.253.135.82 - - [01/Jul/2022:10:11:26 +0800] "GET /xingrg/kc/pszx/mdps_order_info.html?code=312022070100017 HTTP/1.1" 200 23978
116.230.110.173 - - [01/Jul/2022:10:11:26 +0800] "GET /xingrg/all/function/internal_message.html?_=1656641482183&CODE_STATE=getMsg HTTP/1.1" 200 27
120.253.135.82 - - [01/Jul/2022:10:11:27 +0800] "GET /xingrg/javascript/easyui/themes/default/validatebox.css HTTP/1.1" 404 1104
120.253.135.82 - - [01/Jul/2022:10:11:27 +0800] "POST /xingrg/kc/pszx/mdps_order_operate.html HTTP/1.1" 200 6825
180.169.147.146 - - [01/Jul/2022:10:11:28 +0800] "GET /xingrg/all/function/internal_message.html?_=1656641486705&CODE_STATE=getMsg HTTP/1.1" 200 27
58.35.196.166 - - [01/Jul/2022:10:11:31 +0800] "GET /xingrg/kc/buy/cgsh_order_operate.html?command=get_materiel&rest_code=00156&code=00101009122&supplier_code=00100006&order_time=2022-07-01 HTTP/1.1" 200 408
101.83.223.227 - - [01/Jul/2022:10:11:31 +0800] "GET /xingrg/all/function/internal_message.html?_=1656641437981&CODE_STATE=getMsg HTTP/1.1" 200 27
120.253.135.82 - - [01/Jul/2022:10:11:32 +0800] "POST /xingrg/kc/pszx/mdps_order_operate.html HTTP/1.1" 200 37
114.88.162.248 - - [01/Jul/2022:10:11:32 +0800] "GET /xingrg/all/function/internal_message.html?_=1656641489874&CODE_STATE=getMsg HTTP/1.1" 200 27
180.162.115.11 - - [01/Jul/2022:10:11:33 +0800] "GET /xingrg/all/function/internal_message.html?_=1656640720405&CODE_STATE=getMsg HTTP/1.1" 200 27
120.253.135.82 - - [01/Jul/2022:10:11:34 +0800] "POST /xingrg/kc/pszx/mdps_order_operate.html HTTP/1.1" 200 12
120.253.135.82 - - [01/Jul/2022:10:11:35 +0800] "GET /xingrg/kc/pszx/mdps_order_info.html?code=312022070100017 HTTP/1.1" 200 19638
120.253.135.82 - - [01/Jul/2022:10:11:36 +0800] "GET /xingrg/javascript/easyui/themes/default/validatebox.css HTTP/1.1" 404 1104
120.253.135.82 - - [01/Jul/2022:10:11:36 +0800] "POST /xingrg/kc/pszx/mdps_order_operate.html HTTP/1.1" 200 5085
116.233.77.233 - - [01/Jul/2022:10:11:36 +0800] "GET /xingrg/all/function/internal_message.html?_=1656641502403&CODE_STATE=getMsg HTTP/1.1" 200 27
124.78.155.58 - - [01/Jul/2022:10:11:39 +0800] "GET /xingrg/javascript/auto/indicator.gif HTTP/1.1" 404 1066
114.83.218.210 - - [01/Jul/2022:10:11:40 +0800] "GET /xingrg/all/function/internal_message.html?_=1656641500110&CODE_STATE=getMsg HTTP/1.1" 200 27
120.253.135.82 - - [01/Jul/2022:10:11:42 +0800] "POST /xingrg/kc/pszx/mdps_order_operate.html HTTP/1.1" 200 22
120.253.135.82 - - [01/Jul/2022:10:11:43 +0800] "GET /xingrg/kc/pszx/mdps_order_info.html?code=312022070100017 HTTP/1.1" 200 23978
120.253.135.82 - - [01/Jul/2022:10:11:43 +0800] "GET /xingrg/javascript/easyui/themes/default/validatebox.css HTTP/1.1" 404 1104
120.253.135.82 - - [01/Jul/2022:10:11:43 +0800] "POST /xingrg/kc/pszx/mdps_order_operate.html HTTP/1.1" 200 6902
218.81.223.53 - - [01/Jul/2022:10:11:45 +0800] "GET /xingrg/all/function/internal_message.html?_=1656641522876&CODE_STATE=getMsg HTTP/1.1" 200 27
124.78.155.58 - - [01/Jul/2022:10:11:45 +0800] "GET /xingrg/kc/buy/cgsh_order_operate.html?command=get_materiel&rest_code=00106&code=00101008146&supplier_code=00100009&order_time=2022-07-01 HTTP/1.1" 200 418
120.253.135.82 - - [01/Jul/2022:10:11:45 +0800] "POST /xingrg/kc/pszx/mdps_list_operate.html HTTP/1.1" 200 2064
120.253.135.82 - - [01/Jul/2022:10:11:47 +0800] "POST /xingrg/kc/pszx/mdps_list_operate.html HTTP/1.1" 200 642
120.253.135.82 - - [01/Jul/2022:10:11:49 +0800] "GET /xingrg/kc/pszx/mdps_order_info.html?code=312022070100017 HTTP/1.1" 200 23978
120.253.135.82 - - [01/Jul/2022:10:11:49 +0800] "GET /xingrg/javascript/easyui/themes/default/validatebox.css HTTP/1.1" 404 1104
120.253.135.82 - - [01/Jul/2022:10:11:49 +0800] "POST /xingrg/kc/pszx/mdps_order_operate.html HTTP/1.1" 200 6902
218.81.223.53 - - [01/Jul/2022:10:11:53 +0800] "GET /xingrg/all/function/internal_message.html?_=1656641528252&CODE_STATE=getMsg HTTP/1.1" 302 -
124.78.155.58 - - [01/Jul/2022:10:11:58 +0800] "POST /xingrg/kc/buy/cgsh_order_operate.html HTTP/1.1" 200 37
124.78.155.58 - - [01/Jul/2022:10:11:59 +0800] "POST /xingrg/kc/buy/cgsh_order_operate.html HTTP/1.1" 200 2660
120.253.135.82 - - [01/Jul/2022:10:11:59 +0800] "GET /xingrg/check_reg.html?_=1656641648969 HTTP/1.1" 200 22
124.78.155.58 - - [01/Jul/2022:10:12:01 +0800] "GET /xingrg/kc/buy/cgsh_order_add.html HTTP/1.1" 200 67870
124.78.155.58 - - [01/Jul/2022:10:12:01 +0800] "POST /xingrg/kc/buy/cgsh_order_operate.html HTTP/1.1" 200 8245
124.78.155.58 - - [01/Jul/2022:10:12:01 +0800] "GET /xingrg/javascript/easyui/themes/default/validatebox.css HTTP/1.1" 404 1104
120.253.135.82 - - [01/Jul/2022:10:12:01 +0800] "GET /xingrg/all/function/internal_message.html?_=1656641650648&CODE_STATE=getMsg HTTP/1.1" 200 27
120.253.135.82 - - [01/Jul/2022:10:12:03 +0800] "GET /xingrg/all/function/internal_message.html?_=1656641332714&CODE_STATE=getMsg HTTP/1.1" 200 27
124.78.155.58 - - [01/Jul/2022:10:12:03 +0800] "GET /xingrg/javascript/easyui/themes/default/tree.css HTTP/1.1" 404 1090
124.78.155.58 - - [01/Jul/2022:10:12:03 +0800] "POST /xingrg/all/common/load_tree.html?tree=supplier_tree_json&isDelete=1 HTTP/1.1" 200 66828
180.162.222.201 - - [01/Jul/2022:10:12:05 +0800] "GET /xingrg/all/function/internal_message.html?_=1656641527056&CODE_STATE=getMsg HTTP/1.1" 200 27
58.35.196.166 - - [01/Jul/2022:10:12:09 +0800] "GET /xingrg/all/function/internal_message.html?_=1656641527119&CODE_STATE=getMsg HTTP/1.1" 200 27
101.85.238.90 - - [01/Jul/2022:10:12:11 +0800] "GET /xingrg/all/function/internal_message.html?_=1656641600907&CODE_STATE=getMsg HTTP/1.1" 200 27
120.253.135.82 - - [01/Jul/2022:10:12:11 +0800] "POST /xingrg/kc/pszx/mdps_list_operate.html HTTP/1.1" 200 2064
120.253.135.82 - - [01/Jul/2022:10:12:13 +0800] "POST /xingrg/kc/pszx/mdps_list_operate.html HTTP/1.1" 200 538
120.253.135.82 - - [01/Jul/2022:10:12:15 +0800] "POST /xingrg/kc/pszx/mdps_list_operate.html HTTP/1.1" 200 642
124.78.155.58 - - [01/Jul/2022:10:12:15 +0800] "GET /xingrg/all/function/internal_message.html?_=1656641536917&CODE_STATE=getMsg HTTP/1.1" 200 27
180.162.222.201 - - [01/Jul/2022:10:12:18 +0800] "GET /xingrg/all/function/internal_message.html?_=1656641442254&CODE_STATE=getMsg HTTP/1.1" 200 27
124.78.155.58 - - [01/Jul/2022:10:12:21 +0800] "GET /xingrg/kc/buy/cgsh_order_operate.html?command=get_materiel&rest_code=00106&code=00101006085&supplier_code=00100015&order_time=2022-07-01 HTTP/1.1" 200 432
180.169.147.146 - - [01/Jul/2022:10:12:24 +0800] "GET /xingrg/all/function/internal_message.html?_=1656641537665&CODE_STATE=getMsg HTTP/1.1" 200 27
120.253.135.82 - - [01/Jul/2022:10:12:25 +0800] "GET /xingrg/kc/pszx/mdps_order_info.html?code=312022063000462 HTTP/1.1" 200 23978
120.253.135.82 - - [01/Jul/2022:10:12:26 +0800] "GET /xingrg/javascript/easyui/themes/default/validatebox.css HTTP/1.1" 404 1104
120.253.135.82 - - [01/Jul/2022:10:12:26 +0800] "POST /xingrg/kc/pszx/mdps_order_operate.html HTTP/1.1" 200 4299
116.230.110.173 - - [01/Jul/2022:10:12:26 +0800] "GET /xingrg/check_reg.html?_=1656641542184 HTTP/1.1" 200 22
116.230.110.173 - - [01/Jul/2022:10:12:26 +0800] "GET /xingrg/all/function/internal_message.html?_=1656641542185&CODE_STATE=getMsg HTTP/1.1" 200 27
180.169.147.146 - - [01/Jul/2022:10:12:28 +0800] "GET /xingrg/all/function/internal_message.html?_=1656641546709&CODE_STATE=getMsg HTTP/1.1" 200 27
120.253.135.82 - - [01/Jul/2022:10:12:29 +0800] "GET /xingrg/kc/print/load_config.html?kc_code=mdps HTTP/1.1" 200 2390
120.253.135.82 - - [01/Jul/2022:10:12:29 +0800] "GET /xingrg/kc/print/load_data.html?order_code=312022063000462&kc_code=mdps&condition= HTTP/1.1" 200 1637
101.83.223.227 - - [01/Jul/2022:10:12:31 +0800] "GET /xingrg/all/function/internal_message.html?_=1656641498073&CODE_STATE=getMsg HTTP/1.1" 200 27
114.88.162.248 - - [01/Jul/2022:10:12:32 +0800] "GET /xingrg/all/function/internal_message.html?_=1656641549876&CODE_STATE=getMsg HTTP/1.1" 200 27
180.162.115.11 - - [01/Jul/2022:10:12:33 +0800] "GET /xingrg/all/function/internal_message.html?_=1656640780405&CODE_STATE=getMsg HTTP/1.1" 200 27
120.253.135.82 - - [01/Jul/2022:10:12:36 +0800] "POST /xingrg/kc/pszx/mdps_list_operate.html HTTP/1.1" 200 2064
116.233.77.233 - - [01/Jul/2022:10:12:36 +0800] "GET /xingrg/all/function/internal_message.html?_=1656641562406&CODE_STATE=getMsg HTTP/1.1" 200 27
120.253.135.82 - - [01/Jul/2022:10:12:37 +0800] "POST /xingrg/kc/pszx/mdps_list_operate.html HTTP/1.1" 200 642
120.253.135.82 - - [01/Jul/2022:10:12:38 +0800] "GET /xingrg/kc/pszx/mdps_order_info.html?code=312022070100017 HTTP/1.1" 200 23978
120.253.135.82 - - [01/Jul/2022:10:12:39 +0800] "GET /xingrg/javascript/easyui/themes/default/validatebox.css HTTP/1.1" 404 1104
120.253.135.82 - - [01/Jul/2022:10:12:39 +0800] "POST /xingrg/kc/pszx/mdps_order_operate.html HTTP/1.1" 200 6902
114.83.218.210 - - [01/Jul/2022:10:12:41 +0800] "GET /xingrg/all/function/internal_message.html?_=1656641560115&CODE_STATE=getMsg HTTP/1.1" 200 27
120.253.135.82 - - [01/Jul/2022:10:12:41 +0800] "GET /xingrg/kc/print/load_data.html?order_code=312022070100017&kc_code=mdps&condition= HTTP/1.1" 200 2881
124.78.155.58 - - [01/Jul/2022:10:12:42 +0800] "POST /xingrg/kc/buy/cgsh_order_operate.html HTTP/1.1" 200 37
218.81.223.53 - - [01/Jul/2022:10:12:45 +0800] "GET /xingrg/all/function/internal_message.html?_=1656641582890&CODE_STATE=getMsg HTTP/1.1" 200 27
124.78.155.58 - - [01/Jul/2022:10:12:45 +0800] "POST /xingrg/kc/buy/cgsh_order_operate.html HTTP/1.1" 200 2656
124.78.155.58 - - [01/Jul/2022:10:12:48 +0800] "GET /xingrg/kc/buy/cgsh_order_add.html HTTP/1.1" 200 67870
124.78.155.58 - - [01/Jul/2022:10:12:48 +0800] "GET /xingrg/javascript/easyui/themes/default/validatebox.css HTTP/1.1" 404 1104
124.78.155.58 - - [01/Jul/2022:10:12:48 +0800] "POST /xingrg/kc/buy/cgsh_order_operate.html HTTP/1.1" 200 8245
120.253.135.82 - - [01/Jul/2022:10:12:48 +0800] "POST /xingrg/kc/pszx/mdps_list_operate.html HTTP/1.1" 200 2064
218.81.223.53 - - [01/Jul/2022:10:12:53 +0800] "GET /xingrg/all/function/internal_message.html?_=1656641588268&CODE_STATE=getMsg HTTP/1.1" 302 -
120.253.135.82 - - [01/Jul/2022:10:13:01 +0800] "GET /xingrg/all/function/internal_message.html?_=1656641710663&CODE_STATE=getMsg HTTP/1.1" 200 27
120.253.135.82 - - [01/Jul/2022:10:13:03 +0800] "GET /xingrg/all/function/internal_message.html?_=1656641392792&CODE_STATE=getMsg HTTP/1.1" 200 27
180.162.222.201 - - [01/Jul/2022:10:13:05 +0800] "GET /xingrg/all/function/internal_message.html?_=1656641587056&CODE_STATE=getMsg HTTP/1.1" 200 27
58.35.196.166 - - [01/Jul/2022:10:13:09 +0800] "GET /xingrg/all/function/internal_message.html?_=1656641587106&CODE_STATE=getMsg HTTP/1.1" 200 27
101.85.238.90 - - [01/Jul/2022:10:13:11 +0800] "GET /xingrg/all/function/internal_message.html?_=1656641661077&CODE_STATE=getMsg HTTP/1.1" 200 27
124.78.155.58 - - [01/Jul/2022:10:13:15 +0800] "GET /xingrg/all/function/internal_message.html?_=1656641596914&CODE_STATE=getMsg HTTP/1.1" 200 27
180.162.222.201 - - [01/Jul/2022:10:13:18 +0800] "GET /xingrg/all/function/internal_message.html?_=1656641502254&CODE_STATE=getMsg HTTP/1.1" 200 27
180.169.147.146 - - [01/Jul/2022:10:13:24 +0800] "GET /xingrg/all/function/internal_message.html?_=1656641597651&CODE_STATE=getMsg HTTP/1.1" 200 27
116.230.110.173 - - [01/Jul/2022:10:13:26 +0800] "GET /xingrg/all/function/internal_message.html?_=1656641602183&CODE_STATE=getMsg HTTP/1.1" 200 27
180.169.147.146 - - [01/Jul/2022:10:13:28 +0800] "GET /xingrg/all/function/internal_message.html?_=1656641606715&CODE_STATE=getMsg HTTP/1.1" 200 27
101.83.223.227 - - [01/Jul/2022:10:13:31 +0800] "GET /xingrg/all/function/internal_message.html?_=1656641558088&CODE_STATE=getMsg HTTP/1.1" 200 27
114.88.162.248 - - [01/Jul/2022:10:13:32 +0800] "GET /xingrg/all/function/internal_message.html?_=1656641609876&CODE_STATE=getMsg HTTP/1.1" 200 27
180.162.115.11 - - [01/Jul/2022:10:13:33 +0800] "GET /xingrg/all/function/internal_message.html?_=1656640840405&CODE_STATE=getMsg HTTP/1.1" 200 27
116.233.77.233 - - [01/Jul/2022:10:13:36 +0800] "GET /xingrg/check_reg.html?_=1656641622382 HTTP/1.1" 200 22
116.233.77.233 - - [01/Jul/2022:10:13:36 +0800] "GET /xingrg/all/function/internal_message.html?_=1656641622384&CODE_STATE=getMsg HTTP/1.1" 200 27
114.83.218.210 - - [01/Jul/2022:10:13:41 +0800] "GET /xingrg/check_reg.html?_=1656641620116 HTTP/1.1" 200 22
114.83.218.210 - - [01/Jul/2022:10:13:41 +0800] "GET /xingrg/all/function/internal_message.html?_=1656641620118&CODE_STATE=getMsg HTTP/1.1" 200 27
218.81.223.53 - - [01/Jul/2022:10:13:45 +0800] "GET /xingrg/all/function/internal_message.html?_=1656641642910&CODE_STATE=getMsg HTTP/1.1" 200 27
218.81.223.53 - - [01/Jul/2022:10:13:53 +0800] "GET /xingrg/all/function/internal_message.html?_=1656641648280&CODE_STATE=getMsg HTTP/1.1" 302 -
116.235.94.65 - - [01/Jul/2022:10:13:56 +0800] "POST /xingrg/services/DataTransmitService HTTP/1.1" 401 565
116.235.94.65 - - [01/Jul/2022:10:13:56 +0800] "POST /xingrg/services/DataTransmitService HTTP/1.1" 200 478
116.235.94.65 - - [01/Jul/2022:10:13:56 +0800] "POST /xingrg/services/DataTransmitService HTTP/1.1" 200 1319
116.235.94.65 - - [01/Jul/2022:10:13:56 +0800] "POST /xingrg/services/DataTransmitService HTTP/1.1" 200 478
116.235.94.65 - - [01/Jul/2022:10:13:56 +0800] "POST /xingrg/services/DataTransmitService HTTP/1.1" 200 1319
116.235.94.65 - - [01/Jul/2022:10:13:57 +0800] "POST /xingrg/services/DataTransmitService HTTP/1.1" 200 524
116.235.94.65 - - [01/Jul/2022:10:13:57 +0800] "POST /xingrg/services/DataTransmitService HTTP/1.1" 200 2403
116.235.94.65 - - [01/Jul/2022:10:13:59 +0800] "POST /xingrg/services/DataTransmitService HTTP/1.1" 200 174055
120.253.135.82 - - [01/Jul/2022:10:14:01 +0800] "GET /xingrg/all/function/internal_message.html?_=1656641770676&CODE_STATE=getMsg HTTP/1.1" 200 27
120.253.135.82 - - [01/Jul/2022:10:14:03 +0800] "GET /xingrg/all/function/internal_message.html?_=1656641452803&CODE_STATE=getMsg HTTP/1.1" 200 27
58.37.37.73 - - [01/Jul/2022:10:14:05 +0800] "GET /favicon.ico HTTP/1.1" 404 -
180.162.222.201 - - [01/Jul/2022:10:14:05 +0800] "GET /xingrg/all/function/internal_message.html?_=1656641647056&CODE_STATE=getMsg HTTP/1.1" 200 27
58.37.37.73 - - [01/Jul/2022:10:14:07 +0800] "GET /favicon.ico HTTP/1.1" 404 -
58.35.196.166 - - [01/Jul/2022:10:14:09 +0800] "GET /xingrg/all/function/internal_message.html?_=1656641647091&CODE_STATE=getMsg HTTP/1.1" 200 27
101.85.238.90 - - [01/Jul/2022:10:14:11 +0800] "GET /xingrg/all/function/internal_message.html?_=1656641721090&CODE_STATE=getMsg HTTP/1.1" 200 27
124.78.155.58 - - [01/Jul/2022:10:14:15 +0800] "GET /xingrg/all/function/internal_message.html?_=1656641656943&CODE_STATE=getMsg HTTP/1.1" 200 27
120.253.135.82 - - [01/Jul/2022:10:14:17 +0800] "POST /xingrg/kc/pszx/mdps_list_operate.html HTTP/1.1" 200 1691
120.253.135.82 - - [01/Jul/2022:10:14:18 +0800] "POST /xingrg/kc/pszx/mdps_list_operate.html HTTP/1.1" 200 538
180.162.222.201 - - [01/Jul/2022:10:14:18 +0800] "GET /xingrg/all/function/internal_message.html?_=1656641562259&CODE_STATE=getMsg HTTP/1.1" 200 27
120.253.135.82 - - [01/Jul/2022:10:14:19 +0800] "GET /xingrg/kc/pszx/mdps_order_info.html?code=312022063000461 HTTP/1.1" 200 23978
120.253.135.82 - - [01/Jul/2022:10:14:19 +0800] "GET /xingrg/javascript/easyui/themes/default/validatebox.css HTTP/1.1" 404 1104
120.253.135.82 - - [01/Jul/2022:10:14:19 +0800] "POST /xingrg/kc/pszx/mdps_order_operate.html HTTP/1.1" 200 4299
120.253.135.82 - - [01/Jul/2022:10:14:22 +0800] "GET /xingrg/kc/print/load_data.html?order_code=312022063000461&kc_code=mdps&condition= HTTP/1.1" 200 1637
180.169.147.146 - - [01/Jul/2022:10:14:24 +0800] "GET /xingrg/all/function/internal_message.html?_=1656641657666&CODE_STATE=getMsg HTTP/1.1" 200 27
116.230.110.173 - - [01/Jul/2022:10:14:26 +0800] "GET /xingrg/all/function/internal_message.html?_=1656641662178&CODE_STATE=getMsg HTTP/1.1" 200 27
180.169.147.146 - - [01/Jul/2022:10:14:28 +0800] "GET /xingrg/all/function/internal_message.html?_=1656641666717&CODE_STATE=getMsg HTTP/1.1" 200 27
101.83.223.227 - - [01/Jul/2022:10:14:30 +0800] "GET /xingrg/check_reg.html?_=1656641616770 HTTP/1.1" 200 22
101.83.223.227 - - [01/Jul/2022:10:14:31 +0800] "GET /xingrg/all/function/internal_message.html?_=1656641618100&CODE_STATE=getMsg HTTP/1.1" 200 27
114.88.162.248 - - [01/Jul/2022:10:14:32 +0800] "GET /xingrg/all/function/internal_message.html?_=1656641669877&CODE_STATE=getMsg HTTP/1.1" 200 27
180.162.115.11 - - [01/Jul/2022:10:14:33 +0800] "GET /xingrg/all/function/internal_message.html?_=1656640900405&CODE_STATE=getMsg HTTP/1.1" 200 27
180.162.115.11 - - [01/Jul/2022:10:14:33 +0800] "GET /xingrg/check_reg.html?_=1656640900407 HTTP/1.1" 200 22
120.253.135.82 - - [01/Jul/2022:10:14:34 +0800] "POST /xingrg/kc/pszx/mdps_list_operate.html HTTP/1.1" 200 1691
116.233.77.233 - - [01/Jul/2022:10:14:36 +0800] "GET /xingrg/all/function/internal_message.html?_=1656641682382&CODE_STATE=getMsg HTTP/1.1" 200 27
114.83.218.210 - - [01/Jul/2022:10:14:40 +0800] "GET /xingrg/all/function/internal_message.html?_=1656641680104&CODE_STATE=getMsg HTTP/1.1" 200 27
218.81.223.53 - - [01/Jul/2022:10:14:45 +0800] "GET /xingrg/all/function/internal_message.html?_=1656641702917&CODE_STATE=getMsg HTTP/1.1" 200 27
58.221.95.50 - - [01/Jul/2022:10:14:46 +0800] "GET /xingrg/check_reg.html?_=1656641687668 HTTP/1.1" 302 -
58.221.95.50 - - [01/Jul/2022:10:14:46 +0800] "GET /xingrg/check_reg.html?_=1656641687699 HTTP/1.1" 302 -
116.235.94.65 - - [01/Jul/2022:10:14:50 +0800] "POST /xingrg/services/DataTransmitService HTTP/1.1" 200 45454
116.235.94.65 - - [01/Jul/2022:10:14:51 +0800] "POST /xingrg/services/DataTransmitService HTTP/1.1" 200 19237
218.81.223.53 - - [01/Jul/2022:10:14:52 +0800] "GET /xingrg/check_reg.html?_=1656641706675 HTTP/1.1" 302 -
218.81.223.53 - - [01/Jul/2022:10:14:53 +0800] "GET /xingrg/all/function/internal_message.html?_=1656641708293&CODE_STATE=getMsg HTTP/1.1" 302 -
58.37.225.129 - - [01/Jul/2022:10:14:54 +0800] "GET /xingrg/check_reg.html?_=1656641689135 HTTP/1.1" 302 -
120.253.135.82 - - [01/Jul/2022:10:15:01 +0800] "GET /xingrg/all/function/internal_message.html?_=1656641830706&CODE_STATE=getMsg HTTP/1.1" 200 27
120.253.135.82 - - [01/Jul/2022:10:15:03 +0800] "GET /xingrg/check_reg.html?_=1656641512587 HTTP/1.1" 200 22
120.253.135.82 - - [01/Jul/2022:10:15:03 +0800] "GET /xingrg/all/function/internal_message.html?_=1656641512817&CODE_STATE=getMsg HTTP/1.1" 200 27
180.162.222.201 - - [01/Jul/2022:10:15:05 +0800] "GET /xingrg/all/function/internal_message.html?_=1656641707056&CODE_STATE=getMsg HTTP/1.1" 200 27
58.35.196.166 - - [01/Jul/2022:10:15:09 +0800] "GET /xingrg/all/function/internal_message.html?_=1656641707077&CODE_STATE=getMsg HTTP/1.1" 200 27
101.85.238.90 - - [01/Jul/2022:10:15:09 +0800] "GET /xingrg/check_reg.html?_=1656641779372 HTTP/1.1" 200 22
172.20.0.100 - - [01/Jul/2022:10:15:11 +0800] "GET /xingrg/check_reg.html?_=1656641707357 HTTP/1.1" 302 -
101.85.238.90 - - [01/Jul/2022:10:15:11 +0800] "GET /xingrg/all/function/internal_message.html?_=1656641781105&CODE_STATE=getMsg HTTP/1.1" 200 27
124.78.155.58 - - [01/Jul/2022:10:15:12 +0800] "GET /xingrg/javascript/easyui/themes/default/tree.css HTTP/1.1" 404 1090
124.78.155.58 - - [01/Jul/2022:10:15:12 +0800] "POST /xingrg/all/common/load_tree.html?tree=supplier_tree_json&isDelete=1 HTTP/1.1" 200 66828
124.78.155.58 - - [01/Jul/2022:10:15:15 +0800] "GET /xingrg/all/function/internal_message.html?_=1656641716926&CODE_STATE=getMsg HTTP/1.1" 200 27
180.162.222.201 - - [01/Jul/2022:10:15:18 +0800] "GET /xingrg/check_reg.html?_=1656641622259 HTTP/1.1" 200 22
180.162.222.201 - - [01/Jul/2022:10:15:18 +0800] "GET /xingrg/all/function/internal_message.html?_=1656641622262&CODE_STATE=getMsg HTTP/1.1" 200 27
180.169.147.146 - - [01/Jul/2022:10:15:24 +0800] "GET /xingrg/check_reg.html?_=1656641717652 HTTP/1.1" 200 22
180.169.147.146 - - [01/Jul/2022:10:15:24 +0800] "GET /xingrg/all/function/internal_message.html?_=1656641717655&CODE_STATE=getMsg HTTP/1.1" 200 27
116.230.110.173 - - [01/Jul/2022:10:15:26 +0800] "GET /xingrg/all/function/internal_message.html?_=1656641722191&CODE_STATE=getMsg HTTP/1.1" 200 27
58.35.196.166 - - [01/Jul/2022:10:15:27 +0800] "GET /xingrg/check_reg.html?_=1656641724716 HTTP/1.1" 200 22
180.169.147.146 - - [01/Jul/2022:10:15:28 +0800] "GET /xingrg/check_reg.html?_=1656641726705 HTTP/1.1" 200 22
180.169.147.146 - - [01/Jul/2022:10:15:28 +0800] "GET /xingrg/all/function/internal_message.html?_=1656641726705&CODE_STATE=getMsg HTTP/1.1" 200 27
101.83.223.227 - - [01/Jul/2022:10:15:31 +0800] "GET /xingrg/all/function/internal_message.html?_=1656641678114&CODE_STATE=getMsg HTTP/1.1" 200 27
114.88.162.248 - - [01/Jul/2022:10:15:32 +0800] "GET /xingrg/check_reg.html?_=1656641729882 HTTP/1.1" 200 22
114.88.162.248 - - [01/Jul/2022:10:15:32 +0800] "GET /xingrg/all/function/internal_message.html?_=1656641729878&CODE_STATE=getMsg HTTP/1.1" 200 27
180.162.115.11 - - [01/Jul/2022:10:15:33 +0800] "GET /xingrg/all/function/internal_message.html?_=1656640960405&CODE_STATE=getMsg HTTP/1.1" 200 27
116.233.77.233 - - [01/Jul/2022:10:15:36 +0800] "GET /xingrg/all/function/internal_message.html?_=1656641742391&CODE_STATE=getMsg HTTP/1.1" 200 27
114.83.218.210 - - [01/Jul/2022:10:15:41 +0800] "GET /xingrg/all/function/internal_message.html?_=1656641740109&CODE_STATE=getMsg HTTP/1.1" 200 27
218.81.223.53 - - [01/Jul/2022:10:15:43 +0800] "GET /xingrg/check_reg.html?_=1656641761000 HTTP/1.1" 200 22
218.81.223.53 - - [01/Jul/2022:10:15:45 +0800] "GET /xingrg/all/function/internal_message.html?_=1656641762930&CODE_STATE=getMsg HTTP/1.1" 200 27
101.83.223.227 - - [01/Jul/2022:10:15:46 +0800] "GET /xingrg/check_reg.html?_=1656641744500 HTTP/1.1" 302 -
218.81.223.53 - - [01/Jul/2022:10:15:53 +0800] "GET /xingrg/all/function/internal_message.html?_=1656641768308&CODE_STATE=getMsg HTTP/1.1" 302 -
116.235.94.65 - - [01/Jul/2022:10:15:54 +0800] "POST /xingrg/services/DataTransmitService HTTP/1.1" 200 524
116.235.94.65 - - [01/Jul/2022:10:15:55 +0800] "POST /xingrg/services/DataTransmitService HTTP/1.1" 200 2403
116.235.94.65 - - [01/Jul/2022:10:15:56 +0800] "POST /xingrg/services/DataTransmitService HTTP/1.1" 200 174055
124.78.155.58 - - [01/Jul/2022:10:15:57 +0800] "GET /xingrg/kc/buy/buy_main.html HTTP/1.1" 200 12412
124.78.155.58 - - [01/Jul/2022:10:15:57 +0800] "GET /xingrg/css/new_ie.css HTTP/1.1" 404 1036
124.78.155.58 - - [01/Jul/2022:10:15:58 +0800] "GET /xingrg/images/yd/bt.gif HTTP/1.1" 404 1040
124.78.155.58 - - [01/Jul/2022:10:15:58 +0800] "GET /xingrg/kc/buy/cgsh_order_list.html HTTP/1.1" 200 52094
120.253.135.82 - - [01/Jul/2022:10:16:01 +0800] "GET /xingrg/all/function/internal_message.html?_=1656641890718&CODE_STATE=getMsg HTTP/1.1" 200 27
124.78.155.58 - - [01/Jul/2022:10:16:02 +0800] "POST /xingrg/kc/buy/cgsh_list_operate.html HTTP/1.1" 200 3004
120.253.135.82 - - [01/Jul/2022:10:16:03 +0800] "GET /xingrg/all/function/internal_message.html?_=1656641572887&CODE_STATE=getMsg HTTP/1.1" 200 27
180.162.222.201 - - [01/Jul/2022:10:16:05 +0800] "GET /xingrg/all/function/internal_message.html?_=1656641767058&CODE_STATE=getMsg HTTP/1.1" 200 27
180.162.222.201 - - [01/Jul/2022:10:16:05 +0800] "GET /xingrg/check_reg.html?_=1656641767060 HTTP/1.1" 200 22
58.35.196.166 - - [01/Jul/2022:10:16:09 +0800] "GET /xingrg/all/function/internal_message.html?_=1656641767046&CODE_STATE=getMsg HTTP/1.1" 200 27
124.78.155.58 - - [01/Jul/2022:10:16:09 +0800] "GET /xingrg/kc/buy/cgsh_order_add.html HTTP/1.1" 200 67870
124.78.155.58 - - [01/Jul/2022:10:16:09 +0800] "GET /xingrg/words/20220701093933_words.js HTTP/1.1" 304 -
124.78.155.58 - - [01/Jul/2022:10:16:09 +0800] "POST /xingrg/kc/buy/cgsh_order_operate.html HTTP/1.1" 200 8245
124.78.155.58 - - [01/Jul/2022:10:16:09 +0800] "GET /xingrg/javascript/easyui/themes/default/validatebox.css HTTP/1.1" 404 1104
124.78.155.58 - - [01/Jul/2022:10:16:11 +0800] "GET /xingrg/javascript/easyui/themes/default/tree.css HTTP/1.1" 404 1090
124.78.155.58 - - [01/Jul/2022:10:16:11 +0800] "POST /xingrg/all/common/load_tree.html?tree=supplier_tree_json&isDelete=1 HTTP/1.1" 200 66828
101.85.238.90 - - [01/Jul/2022:10:16:11 +0800] "GET /xingrg/all/function/internal_message.html?_=1656641841118&CODE_STATE=getMsg HTTP/1.1" 200 27
124.78.155.58 - - [01/Jul/2022:10:16:15 +0800] "GET /xingrg/check_reg.html?_=1656641776926 HTTP/1.1" 200 22
124.78.155.58 - - [01/Jul/2022:10:16:15 +0800] "GET /xingrg/all/function/internal_message.html?_=1656641776931&CODE_STATE=getMsg HTTP/1.1" 200 27
180.162.222.201 - - [01/Jul/2022:10:16:18 +0800] "GET /xingrg/all/function/internal_message.html?_=1656641682247&CODE_STATE=getMsg HTTP/1.1" 200 27
180.169.147.146 - - [01/Jul/2022:10:16:24 +0800] "GET /xingrg/all/function/internal_message.html?_=1656641777655&CODE_STATE=getMsg HTTP/1.1" 200 27
116.230.110.173 - - [01/Jul/2022:10:16:26 +0800] "GET /xingrg/all/function/internal_message.html?_=1656641782190&CODE_STATE=getMsg HTTP/1.1" 200 27
180.162.222.201 - - [01/Jul/2022:10:16:27 +0800] "GET /xingrg/kc/buy/buy_main.html HTTP/1.1" 200 12412
180.162.222.201 - - [01/Jul/2022:10:16:27 +0800] "GET /xingrg/css/new_ie.css HTTP/1.1" 404 1036
180.162.222.201 - - [01/Jul/2022:10:16:27 +0800] "GET /xingrg/javascript/jquery_ui/themes/humanity/humanity.css HTTP/1.1" 304 -
180.162.222.201 - - [01/Jul/2022:10:16:27 +0800] "GET /xingrg/javascript/ToolTips.js HTTP/1.1" 304 -
180.162.222.201 - - [01/Jul/2022:10:16:27 +0800] "GET /xingrg/javascript/jquery_ui/jquery-ui.min.js HTTP/1.1" 304 -
180.162.222.201 - - [01/Jul/2022:10:16:27 +0800] "GET /xingrg/images/blue/button/cgxqd.gif HTTP/1.1" 304 -
180.162.222.201 - - [01/Jul/2022:10:16:27 +0800] "GET /xingrg/images/blue/button/cgydd.gif HTTP/1.1" 304 -
180.162.222.201 - - [01/Jul/2022:10:16:27 +0800] "GET /xingrg/images/blue/button/cgshd.gif HTTP/1.1" 304 -
180.162.222.201 - - [01/Jul/2022:10:16:27 +0800] "GET /xingrg/images/blue/button/cgfkd.gif HTTP/1.1" 304 -
180.162.222.201 - - [01/Jul/2022:10:16:27 +0800] "GET /xingrg/images/blue/button/ckthd.gif HTTP/1.1" 304 -
180.162.222.201 - - [01/Jul/2022:10:16:27 +0800] "GET /xingrg/javascript/jquery_ui/themes/humanity/images/ui-bg_inset-soft_100_f4f0ec_1x100.png HTTP/1.1" 304 -
180.162.222.201 - - [01/Jul/2022:10:16:27 +0800] "GET /xingrg/images/blue/button/down_ah.jpg HTTP/1.1" 304 -
180.162.222.201 - - [01/Jul/2022:10:16:27 +0800] "GET /xingrg/javascript/jquery_ui/themes/humanity/images/ui-bg_glass_70_ede4d4_1x400.png HTTP/1.1" 304 -
180.162.222.201 - - [01/Jul/2022:10:16:27 +0800] "GET /xingrg/javascript/jquery_ui/themes/humanity/images/ui-icons_ffffff_256x240.png HTTP/1.1" 304 -
180.162.222.201 - - [01/Jul/2022:10:16:27 +0800] "GET /xingrg/javascript/jquery_ui/themes/humanity/images/ui-icons_c47a23_256x240.png HTTP/1.1" 304 -
180.162.222.201 - - [01/Jul/2022:10:16:27 +0800] "GET /xingrg/javascript/jquery_ui/themes/humanity/images/ui-iconsnew.jpg HTTP/1.1" 304 -
180.169.147.146 - - [01/Jul/2022:10:16:28 +0800] "GET /xingrg/all/function/internal_message.html?_=1656641786707&CODE_STATE=getMsg HTTP/1.1" 200 27
180.162.222.201 - - [01/Jul/2022:10:16:28 +0800] "GET /xingrg/images/yd/bt.gif HTTP/1.1" 404 1040
180.162.222.201 - - [01/Jul/2022:10:16:29 +0800] "GET /xingrg/kc/buy/cgsh_order_list.html HTTP/1.1" 200 52094
180.162.222.201 - - [01/Jul/2022:10:16:29 +0800] "GET /xingrg/javascript/easyui/themes/icons/import_new.png HTTP/1.1" 304 -
180.162.222.201 - - [01/Jul/2022:10:16:30 +0800] "POST /xingrg/kc/buy/cgsh_list_operate.html HTTP/1.1" 200 693
101.83.223.227 - - [01/Jul/2022:10:16:31 +0800] "GET /xingrg/all/function/internal_message.html?_=1656641738127&CODE_STATE=getMsg HTTP/1.1" 200 27
114.88.162.248 - - [01/Jul/2022:10:16:32 +0800] "GET /xingrg/all/function/internal_message.html?_=1656641789908&CODE_STATE=getMsg HTTP/1.1" 200 27
180.162.115.11 - - [01/Jul/2022:10:16:33 +0800] "GET /xingrg/all/function/internal_message.html?_=1656641020405&CODE_STATE=getMsg HTTP/1.1" 200 27
116.233.77.233 - - [01/Jul/2022:10:16:36 +0800] "GET /xingrg/all/function/internal_message.html?_=1656641802385&CODE_STATE=getMsg HTTP/1.1" 200 27
180.162.222.201 - - [01/Jul/2022:10:16:37 +0800] "GET /xingrg/kc/buy/cgsh_order_add.html HTTP/1.1" 200 67958
180.162.222.201 - - [01/Jul/2022:10:16:37 +0800] "GET /xingrg/javascript/jquery_tools/order_manager.js HTTP/1.1" 304 -
180.162.222.201 - - [01/Jul/2022:10:16:37 +0800] "GET /xingrg/javascript/json2.js HTTP/1.1" 304 -
180.162.222.201 - - [01/Jul/2022:10:16:37 +0800] "GET /xingrg/words/20220701093933_words.js HTTP/1.1" 200 903587
180.162.222.201 - - [01/Jul/2022:10:16:37 +0800] "GET /xingrg/javascript/easyui/themes/icons/template_new.png HTTP/1.1" 304 -
180.162.222.201 - - [01/Jul/2022:10:16:37 +0800] "GET /xingrg/javascript/easyui/themes/icons/copy_new.png HTTP/1.1" 304 -
180.162.222.201 - - [01/Jul/2022:10:16:37 +0800] "GET /xingrg/javascript/easyui/themes/icons/ok.png HTTP/1.1" 304 -
180.162.222.201 - - [01/Jul/2022:10:16:37 +0800] "GET /xingrg/javascript/easyui/themes/icons/print.png HTTP/1.1" 304 -
180.162.222.201 - - [01/Jul/2022:10:16:37 +0800] "GET /xingrg/javascript/easyui/themes/icons/cancel.png HTTP/1.1" 304 -
180.162.222.201 - - [01/Jul/2022:10:16:37 +0800] "GET /xingrg/javascript/easyui/themes/default/images/menu_downarrow.png HTTP/1.1" 304 -
180.162.222.201 - - [01/Jul/2022:10:16:38 +0800] "GET /xingrg/javascript/easyui/themes/default/validatebox.css HTTP/1.1" 404 1104
180.162.222.201 - - [01/Jul/2022:10:16:38 +0800] "POST /xingrg/kc/buy/cgsh_order_operate.html HTTP/1.1" 200 8245
180.162.222.201 - - [01/Jul/2022:10:16:38 +0800] "GET /xingrg/all/common/auto_word.html?type=employee&rest_code=00105 HTTP/1.1" 200 193
180.162.222.201 - - [01/Jul/2022:10:16:38 +0800] "GET /xingrg/all/common/auto_word.html?type=employee&rest_code=00105 HTTP/1.1" 200 193
180.162.222.201 - - [01/Jul/2022:10:16:38 +0800] "GET /xingrg/javascript/easyui/plugins/jquery.validatebox.js HTTP/1.1" 304 -
180.162.222.201 - - [01/Jul/2022:10:16:38 +0800] "GET /xingrg/javascript/easyui/themes/icons/edit_remove.png HTTP/1.1" 304 -
180.162.222.201 - - [01/Jul/2022:10:16:38 +0800] "GET /xingrg/javascript/easyui/plugins/jquery.numberbox.js HTTP/1.1" 304 -
114.83.218.210 - - [01/Jul/2022:10:16:41 +0800] "GET /xingrg/all/function/internal_message.html?_=1656641800114&CODE_STATE=getMsg HTTP/1.1" 200 27
180.162.222.201 - - [01/Jul/2022:10:16:42 +0800] "GET /xingrg/javascript/auto/indicator.gif HTTP/1.1" 404 1066
218.81.223.53 - - [01/Jul/2022:10:16:45 +0800] "GET /xingrg/all/function/internal_message.html?_=1656641822944&CODE_STATE=getMsg HTTP/1.1" 200 27
218.81.223.53 - - [01/Jul/2022:10:16:53 +0800] "GET /xingrg/all/function/internal_message.html?_=1656641828320&CODE_STATE=getMsg HTTP/1.1" 302 -
120.253.135.82 - - [01/Jul/2022:10:16:59 +0800] "GET /xingrg/check_reg.html?_=1656641948983 HTTP/1.1" 200 22
180.162.222.201 - - [01/Jul/2022:10:17:01 +0800] "GET /xingrg/kc/buy/cgsh_order_operate.html?command=get_materiel&rest_code=00105&code=00101005037&supplier_code=00100397&order_time=2022-07-01 HTTP/1.1" 200 409
120.253.135.82 - - [01/Jul/2022:10:17:01 +0800] "GET /xingrg/all/function/internal_message.html?_=1656641950732&CODE_STATE=getMsg HTTP/1.1" 200 27
116.235.94.65 - - [01/Jul/2022:10:17:02 +0800] "POST /xingrg/services/DataTransmitService HTTP/1.1" 200 524
120.253.135.82 - - [01/Jul/2022:10:17:03 +0800] "GET /xingrg/all/function/internal_message.html?_=1656641632960&CODE_STATE=getMsg HTTP/1.1" 200 27
124.78.155.58 - - [01/Jul/2022:10:17:04 +0800] "GET /xingrg/kc/buy/cgsh_order_operate.html?command=get_materiel&rest_code=00106&code=00101003040&supplier_code=00100093&order_time=2022-07-01 HTTP/1.1" 200 416
180.162.222.201 - - [01/Jul/2022:10:17:05 +0800] "GET /xingrg/all/function/internal_message.html?_=1656641827060&CODE_STATE=getMsg HTTP/1.1" 200 27
58.35.196.166 - - [01/Jul/2022:10:17:09 +0800] "GET /xingrg/all/function/internal_message.html?_=1656641827031&CODE_STATE=getMsg HTTP/1.1" 200 27
180.162.222.201 - - [01/Jul/2022:10:17:11 +0800] "GET /xingrg/kc/base/check_order_list.html HTTP/1.1" 200 16261
180.162.222.201 - - [01/Jul/2022:10:17:11 +0800] "POST /xingrg/kc/base/check_list_operate.html HTTP/1.1" 200 4616
101.85.238.90 - - [01/Jul/2022:10:17:11 +0800] "GET /xingrg/all/function/internal_message.html?_=1656641901131&CODE_STATE=getMsg HTTP/1.1" 200 27
116.235.94.65 - - [01/Jul/2022:10:17:13 +0800] "POST /xingrg/services/DataTransmitService HTTP/1.1" 200 501
124.78.155.58 - - [01/Jul/2022:10:17:15 +0800] "GET /xingrg/all/function/internal_message.html?_=1656641836930&CODE_STATE=getMsg HTTP/1.1" 200 27
180.162.222.201 - - [01/Jul/2022:10:17:17 +0800] "POST /xingrg/kc/buy/cgsh_order_operate.html HTTP/1.1" 200 37
180.162.222.201 - - [01/Jul/2022:10:17:18 +0800] "POST /xingrg/kc/base/check_list_operate.html HTTP/1.1" 200 2057
180.162.222.201 - - [01/Jul/2022:10:17:19 +0800] "GET /xingrg/all/function/internal_message.html?_=1656641742432&CODE_STATE=getMsg HTTP/1.1" 200 27
180.162.222.201 - - [01/Jul/2022:10:17:20 +0800] "POST /xingrg/kc/buy/cgsh_order_operate.html HTTP/1.1" 200 2653
180.162.222.201 - - [01/Jul/2022:10:17:20 +0800] "POST /xingrg/kc/base/check_list_operate.html HTTP/1.1" 200 4616
180.162.222.201 - - [01/Jul/2022:10:17:22 +0800] "GET /xingrg/kc/base/check_order_info.html?code=452022063000463 HTTP/1.1" 200 26551
180.162.222.201 - - [01/Jul/2022:10:17:22 +0800] "GET /xingrg/dwr/interface/AjaxCheckService.js HTTP/1.1" 200 14003
180.162.222.201 - - [01/Jul/2022:10:17:22 +0800] "GET /xingrg/dwr/interface/AjaxComOrderService.js HTTP/1.1" 200 18264
180.162.222.201 - - [01/Jul/2022:10:17:22 +0800] "GET /xingrg/dwr/engine.js HTTP/1.1" 200 43631
180.162.222.201 - - [01/Jul/2022:10:17:22 +0800] "GET /xingrg/kc/print/load_config.html?kc_code=cgsh HTTP/1.1" 200 1943
180.162.222.201 - - [01/Jul/2022:10:17:23 +0800] "GET /xingrg/kc/print/load_data.html?order_code=212022070100056&kc_code=cgsh&condition= HTTP/1.1" 200 660
180.162.222.201 - - [01/Jul/2022:10:17:23 +0800] "POST /xingrg/dwr/call/plaincall/AjaxCheckService.loadOrderItems.dwr HTTP/1.1" 200 28168
180.169.147.146 - - [01/Jul/2022:10:17:24 +0800] "GET /xingrg/all/function/internal_message.html?_=1656641837666&CODE_STATE=getMsg HTTP/1.1" 200 27
116.230.110.173 - - [01/Jul/2022:10:17:26 +0800] "GET /xingrg/check_reg.html?_=1656641842191 HTTP/1.1" 200 22
116.230.110.173 - - [01/Jul/2022:10:17:26 +0800] "GET /xingrg/all/function/internal_message.html?_=1656641842194&CODE_STATE=getMsg HTTP/1.1" 200 27
180.169.147.146 - - [01/Jul/2022:10:17:28 +0800] "GET /xingrg/all/function/internal_message.html?_=1656641846709&CODE_STATE=getMsg HTTP/1.1" 200 27
180.162.222.201 - - [01/Jul/2022:10:17:28 +0800] "POST /xingrg/dwr/call/plaincall/AjaxCheckService.deleteOrder.dwr HTTP/1.1" 200 78
180.162.222.201 - - [01/Jul/2022:10:17:29 +0800] "GET /xingrg/kc/base/check_order_list.html HTTP/1.1" 200 16261
180.162.222.201 - - [01/Jul/2022:10:17:29 +0800] "POST /xingrg/kc/base/check_list_operate.html HTTP/1.1" 200 4613
101.83.223.227 - - [01/Jul/2022:10:17:31 +0800] "GET /xingrg/all/function/internal_message.html?_=1656641798216&CODE_STATE=getMsg HTTP/1.1" 200 27
114.88.162.248 - - [01/Jul/2022:10:17:32 +0800] "GET /xingrg/all/function/internal_message.html?_=1656641849909&CODE_STATE=getMsg HTTP/1.1" 200 27
180.162.115.11 - - [01/Jul/2022:10:17:33 +0800] "GET /xingrg/all/function/internal_message.html?_=1656641080405&CODE_STATE=getMsg HTTP/1.1" 200 27
180.162.222.201 - - [01/Jul/2022:10:17:36 +0800] "GET /xingrg/kc/base/check_order_list.html HTTP/1.1" 200 16261
180.162.222.201 - - [01/Jul/2022:10:17:36 +0800] "POST /xingrg/kc/base/check_list_operate.html HTTP/1.1" 200 4613
116.233.77.233 - - [01/Jul/2022:10:17:36 +0800] "GET /xingrg/all/function/internal_message.html?_=1656641862392&CODE_STATE=getMsg HTTP/1.1" 200 27
180.162.222.201 - - [01/Jul/2022:10:17:38 +0800] "GET /xingrg/kc/base/check_order_add.html HTTP/1.1" 200 26518
180.162.222.201 - - [01/Jul/2022:10:17:38 +0800] "GET /xingrg/dwr/interface/AjaxCheckService.js HTTP/1.1" 200 14003
180.162.222.201 - - [01/Jul/2022:10:17:38 +0800] "GET /xingrg/dwr/interface/AjaxComOrderService.js HTTP/1.1" 200 18264
180.162.222.201 - - [01/Jul/2022:10:17:38 +0800] "GET /xingrg/dwr/engine.js HTTP/1.1" 200 43631
114.83.218.210 - - [01/Jul/2022:10:17:41 +0800] "GET /xingrg/all/function/internal_message.html?_=1656641860110&CODE_STATE=getMsg HTTP/1.1" 200 27
218.81.223.53 - - [01/Jul/2022:10:17:45 +0800] "GET /xingrg/all/function/internal_message.html?_=1656641882959&CODE_STATE=getMsg HTTP/1.1" 200 27
180.162.222.201 - - [01/Jul/2022:10:17:46 +0800] "POST /xingrg/dwr/call/plaincall/AjaxCheckService.saveOrder.dwr HTTP/1.1" 200 78
180.162.222.201 - - [01/Jul/2022:10:17:48 +0800] "POST /xingrg/dwr/call/plaincall/AjaxCheckService.loadOrderItems.dwr HTTP/1.1" 200 367
180.162.222.201 - - [01/Jul/2022:10:17:51 +0800] "POST /xingrg/kc/report/common_data.html?type=materiel_category_tree HTTP/1.1" 200 3878
114.84.82.172 - - [01/Jul/2022:10:17:53 +0800] "GET /xingrg/login.html HTTP/1.1" 200 7641
218.81.223.53 - - [01/Jul/2022:10:17:53 +0800] "GET /xingrg/all/function/internal_message.html?_=1656641888336&CODE_STATE=getMsg HTTP/1.1" 302 -
114.84.82.172 - - [01/Jul/2022:10:17:54 +0800] "GET /favicon.ico HTTP/1.1" 404 -
180.162.222.201 - - [01/Jul/2022:10:17:57 +0800] "POST /xingrg/dwr/call/plaincall/AjaxCheckService.importOrderItems.dwr HTTP/1.1" 200 78
180.162.222.201 - - [01/Jul/2022:10:17:58 +0800] "POST /xingrg/dwr/call/plaincall/AjaxCheckService.loadOrderItems.dwr HTTP/1.1" 200 35780
114.84.82.172 - - [01/Jul/2022:10:17:59 +0800] "POST /xingrg/login.do HTTP/1.1" 302 -
114.84.82.172 - - [01/Jul/2022:10:17:59 +0800] "GET /xingrg/index.html?sysBaseUrl=http%3A%2F%2F180.169.147.146%3A18081%2Fxingrg%2F&costTime=139×tamp=1656641879123 HTTP/1.1" 200 17179
114.84.82.172 - - [01/Jul/2022:10:17:59 +0800] "GET /favicon.ico HTTP/1.1" 404 -
114.84.82.172 - - [01/Jul/2022:10:17:59 +0800] "POST /xingrg/all/common/load_tree.html?tree=area_rest_tree_json&manage=1 HTTP/1.1" 200 470
114.84.82.172 - - [01/Jul/2022:10:17:59 +0800] "GET /xingrg/all/function/internal_message.html?_=1656641879295&CODE_STATE=count HTTP/1.1" 200 11
114.84.82.172 - - [01/Jul/2022:10:17:59 +0800] "GET /xingrg/check_reg.html?_=1656641879296 HTTP/1.1" 200 22
180.162.222.201 - - [01/Jul/2022:10:17:59 +0800] "GET /xingrg/kc/base/wldb_order_list.html HTTP/1.1" 200 19142
114.84.82.172 - - [01/Jul/2022:10:17:59 +0800] "POST /xingrg/load_menu.html HTTP/1.1" 200 5138
180.162.222.201 - - [01/Jul/2022:10:18:00 +0800] "POST /xingrg/kc/base/wldb_list_operate.html HTTP/1.1" 200 928
180.162.222.201 - - [01/Jul/2022:10:18:01 +0800] "GET /xingrg/kc/buy/cgsh_order_list.html HTTP/1.1" 200 52094
120.253.135.82 - - [01/Jul/2022:10:18:01 +0800] "GET /xingrg/all/function/internal_message.html?_=1656642010746&CODE_STATE=getMsg HTTP/1.1" 200 27
120.253.135.82 - - [01/Jul/2022:10:18:03 +0800] "GET /xingrg/all/function/internal_message.html?_=1656641692966&CODE_STATE=getMsg HTTP/1.1" 200 27
180.162.222.201 - - [01/Jul/2022:10:18:05 +0800] "GET /xingrg/all/function/internal_message.html?_=1656641887099&CODE_STATE=getMsg HTTP/1.1" 200 27
180.162.222.201 - - [01/Jul/2022:10:18:05 +0800] "GET /xingrg/kc/buy/cgsh_order_add.html HTTP/1.1" 200 67958
180.162.222.201 - - [01/Jul/2022:10:18:05 +0800] "POST /xingrg/kc/buy/cgsh_list_operate.html HTTP/1.1" 200 1454
180.162.222.201 - - [01/Jul/2022:10:18:05 +0800] "POST /xingrg/kc/buy/cgsh_order_operate.html HTTP/1.1" 200 8245
180.162.222.201 - - [01/Jul/2022:10:18:05 +0800] "GET /xingrg/javascript/easyui/themes/default/validatebox.css HTTP/1.1" 404 1104
58.35.196.166 - - [01/Jul/2022:10:18:09 +0800] "GET /xingrg/all/function/internal_message.html?_=1656641887016&CODE_STATE=getMsg HTTP/1.1" 200 27
180.162.222.201 - - [01/Jul/2022:10:18:09 +0800] "GET /xingrg/kc/base/check_order_list.html HTTP/1.1" 200 16261
180.162.222.201 - - [01/Jul/2022:10:18:09 +0800] "POST /xingrg/kc/base/check_list_operate.html HTTP/1.1" 200 4616
180.162.222.201 - - [01/Jul/2022:10:18:10 +0800] "GET /xingrg/dwr/interface/AjaxComOrderService.js HTTP/1.1" 200 18264
180.162.222.201 - - [01/Jul/2022:10:18:10 +0800] "GET /xingrg/dwr/interface/AjaxCheckService.js HTTP/1.1" 200 14003
180.162.222.201 - - [01/Jul/2022:10:18:10 +0800] "GET /xingrg/dwr/engine.js HTTP/1.1" 200 43631
180.162.222.201 - - [01/Jul/2022:10:18:10 +0800] "GET /xingrg/kc/base/check_order_info.html?code=452022070100001 HTTP/1.1" 200 26551
180.162.222.201 - - [01/Jul/2022:10:18:11 +0800] "POST /xingrg/dwr/call/plaincall/AjaxCheckService.loadOrderItems.dwr HTTP/1.1" 200 35780
101.85.238.90 - - [01/Jul/2022:10:18:11 +0800] "GET /xingrg/all/function/internal_message.html?_=1656641961290&CODE_STATE=getMsg HTTP/1.1" 200 27
124.78.155.58 - - [01/Jul/2022:10:18:15 +0800] "GET /xingrg/all/function/internal_message.html?_=1656641896936&CODE_STATE=getMsg HTTP/1.1" 200 27
116.233.77.233 - - [01/Jul/2022:10:18:18 +0800] "POST /xingrg/services/DataTransmitService HTTP/1.1" 401 565
116.233.77.233 - - [01/Jul/2022:10:18:18 +0800] "POST /xingrg/services/DataTransmitService HTTP/1.1" 200 478
116.233.77.233 - - [01/Jul/2022:10:18:18 +0800] "POST /xingrg/services/DataTransmitService HTTP/1.1" 200 1319
116.233.77.233 - - [01/Jul/2022:10:18:18 +0800] "POST /xingrg/services/DataTransmitService HTTP/1.1" 200 478
116.233.77.233 - - [01/Jul/2022:10:18:18 +0800] "POST /xingrg/services/DataTransmitService HTTP/1.1" 200 1319
116.233.77.233 - - [01/Jul/2022:10:18:18 +0800] "POST /xingrg/services/DataTransmitService HTTP/1.1" 200 524
180.162.222.201 - - [01/Jul/2022:10:18:19 +0800] "GET /xingrg/all/function/internal_message.html?_=1656641802412&CODE_STATE=getMsg HTTP/1.1" 200 27
116.233.77.233 - - [01/Jul/2022:10:18:19 +0800] "POST /xingrg/services/DataTransmitService HTTP/1.1" 200 2663
116.233.77.233 - - [01/Jul/2022:10:18:20 +0800] "POST /xingrg/services/DataTransmitService HTTP/1.1" 200 196894
101.85.238.90 - - [01/Jul/2022:10:18:21 +0800] "GET /favicon.ico HTTP/1.1" 404 -
180.169.147.146 - - [01/Jul/2022:10:18:24 +0800] "GET /xingrg/all/function/internal_message.html?_=1656641897652&CODE_STATE=getMsg HTTP/1.1" 200 27
124.78.155.58 - - [01/Jul/2022:10:18:25 +0800] "POST /xingrg/kc/buy/cgsh_order_operate.html HTTP/1.1" 200 37
116.230.110.173 - - [01/Jul/2022:10:18:26 +0800] "GET /xingrg/all/function/internal_message.html?_=1656641902185&CODE_STATE=getMsg HTTP/1.1" 200 27
124.78.155.58 - - [01/Jul/2022:10:18:28 +0800] "POST /xingrg/kc/buy/cgsh_order_operate.html HTTP/1.1" 200 2665
180.169.147.146 - - [01/Jul/2022:10:18:28 +0800] "GET /xingrg/all/function/internal_message.html?_=1656641906711&CODE_STATE=getMsg HTTP/1.1" 200 27
124.78.155.58 - - [01/Jul/2022:10:18:30 +0800] "GET /xingrg/kc/buy/cgsh_order_add.html HTTP/1.1" 200 67870
124.78.155.58 - - [01/Jul/2022:10:18:30 +0800] "GET /xingrg/javascript/easyui/themes/default/validatebox.css HTTP/1.1" 404 1104
124.78.155.58 - - [01/Jul/2022:10:18:30 +0800] "POST /xingrg/kc/buy/cgsh_order_operate.html HTTP/1.1" 200 8245
101.83.223.227 - - [01/Jul/2022:10:18:31 +0800] "GET /xingrg/all/function/internal_message.html?_=1656641858217&CODE_STATE=getMsg HTTP/1.1" 200 27
124.78.155.58 - - [01/Jul/2022:10:18:32 +0800] "GET /xingrg/javascript/easyui/themes/default/tree.css HTTP/1.1" 404 1090
124.78.155.58 - - [01/Jul/2022:10:18:32 +0800] "POST /xingrg/all/common/load_tree.html?tree=supplier_tree_json&isDelete=1 HTTP/1.1" 200 66828
114.88.162.248 - - [01/Jul/2022:10:18:32 +0800] "GET /xingrg/all/function/internal_message.html?_=1656641909910&CODE_STATE=getMsg HTTP/1.1" 200 27
180.162.115.11 - - [01/Jul/2022:10:18:33 +0800] "GET /xingrg/all/function/internal_message.html?_=1656641140405&CODE_STATE=getMsg HTTP/1.1" 200 27
116.233.77.233 - - [01/Jul/2022:10:18:36 +0800] "GET /xingrg/check_reg.html?_=1656641922393 HTTP/1.1" 200 22
116.233.77.233 - - [01/Jul/2022:10:18:36 +0800] "GET /xingrg/all/function/internal_message.html?_=1656641922396&CODE_STATE=getMsg HTTP/1.1" 200 27
114.84.82.172 - - [01/Jul/2022:10:18:38 +0800] "GET /xingrg/kc/report/report_main.html HTTP/1.1" 200 7340
180.162.222.201 - - [01/Jul/2022:10:18:38 +0800] "POST /xingrg/dwr/call/plaincall/AjaxCheckService.setItemNumber.dwr HTTP/1.1" 200 76
114.84.82.172 - - [01/Jul/2022:10:18:39 +0800] "GET /xingrg/all/report/report_query.html?fileName=kc/buy/gys_amount.xml&rh=99999 HTTP/1.1" 200 52006
114.84.82.172 - - [01/Jul/2022:10:18:39 +0800] "GET /xingrg/dwr/interface/AjaxReportQueryService.js HTTP/1.1" 200 13203
114.84.82.172 - - [01/Jul/2022:10:18:39 +0800] "GET /xingrg/dwr/engine.js HTTP/1.1" 200 43631
114.84.82.172 - - [01/Jul/2022:10:18:39 +0800] "POST /xingrg/dwr/call/plaincall/AjaxReportQueryService.getFixDate.dwr HTTP/1.1" 200 111
114.84.82.172 - - [01/Jul/2022:10:18:39 +0800] "POST /xingrg/all/common/load_tree.html?tree=supplier_tree_json&manage=1 HTTP/1.1" 200 68035
114.84.82.172 - - [01/Jul/2022:10:18:39 +0800] "POST /xingrg/all/common/load_tree.html?tree=materiel_sort_tree_json HTTP/1.1" 200 9388
