180.169.147.146 - - [01/Jul/2022:09:45:28 +0800] "GET /xingrg/all/function/internal_message.html?_=1656639926719&CODE_STATE=getMsg HTTP/1.1" 200 27
180.162.222.201 - - [01/Jul/2022:09:45:29 +0800] "GET /xingrg/all/function/internal_message.html?_=1656639931436&CODE_STATE=getMsg HTTP/1.1" 200 27
180.162.222.201 - - [01/Jul/2022:09:45:29 +0800] "GET /xingrg/check_reg.html?_=1656639931437 HTTP/1.1" 200 22
101.83.223.227 - - [01/Jul/2022:09:45:30 +0800] "GET /xingrg/all/function/internal_message.html?_=1656639877254&CODE_STATE=getMsg HTTP/1.1" 200 27
114.88.162.248 - - [01/Jul/2022:09:45:31 +0800] "GET /xingrg/kc/buy/cgsh_order_operate.html?command=get_materiel&rest_code=00111&code=00101009030&supplier_code=00100005&order_time=2022-07-01 HTTP/1.1" 200 413
114.88.162.248 - - [01/Jul/2022:09:45:32 +0800] "GET /xingrg/check_reg.html?_=1656639929860 HTTP/1.1" 200 22
114.88.162.248 - - [01/Jul/2022:09:45:33 +0800] "GET /xingrg/all/function/internal_message.html?_=1656639930144&CODE_STATE=getMsg HTTP/1.1" 200 27
180.162.222.201 - - [01/Jul/2022:09:45:36 +0800] "GET /xingrg/kc/buy/cgsh_order_operate.html?command=get_materiel&rest_code=00105&code=00101001125&supplier_code=00100516&order_time=2022-06-25 HTTP/1.1" 200 437
116.233.77.233 - - [01/Jul/2022:09:45:36 +0800] "GET /xingrg/all/function/internal_message.html?_=1656639942338&CODE_STATE=getMsg HTTP/1.1" 200 27
114.83.218.210 - - [01/Jul/2022:09:45:40 +0800] "GET /xingrg/all/function/internal_message.html?_=1656639940001&CODE_STATE=getMsg HTTP/1.1" 200 27
116.233.77.233 - - [01/Jul/2022:09:45:41 +0800] "POST /xingrg/dwr/call/plaincall/AjaxCheckService.setItemNumber.dwr HTTP/1.1" 200 77
116.233.77.233 - - [01/Jul/2022:09:45:42 +0800] "POST /xingrg/dwr/call/plaincall/AjaxCheckService.setItemNumber.dwr HTTP/1.1" 200 77
116.233.77.233 - - [01/Jul/2022:09:45:42 +0800] "POST /xingrg/dwr/call/plaincall/AjaxCheckService.setItemNumber.dwr HTTP/1.1" 200 77
116.233.77.233 - - [01/Jul/2022:09:45:43 +0800] "POST /xingrg/dwr/call/plaincall/AjaxCheckService.setItemNumber.dwr HTTP/1.1" 200 77
218.81.223.53 - - [01/Jul/2022:09:45:43 +0800] "GET /xingrg/check_reg.html?_=1656639960968 HTTP/1.1" 200 22
180.162.222.201 - - [01/Jul/2022:09:45:45 +0800] "GET /xingrg/kc/buy/cgsh_order_operate.html?command=get_materiel&rest_code=00105&code=00101004101&supplier_code=00100516&order_time=2022-06-25 HTTP/1.1" 200 413
218.81.223.53 - - [01/Jul/2022:09:45:45 +0800] "GET /xingrg/all/function/internal_message.html?_=1656639962524&CODE_STATE=getMsg HTTP/1.1" 200 27
116.233.77.233 - - [01/Jul/2022:09:45:46 +0800] "POST /xingrg/dwr/call/plaincall/AjaxCheckService.setItemNumber.dwr HTTP/1.1" 200 77
116.233.77.233 - - [01/Jul/2022:09:45:47 +0800] "POST /xingrg/dwr/call/plaincall/AjaxCheckService.setItemNumber.dwr HTTP/1.1" 200 77
116.233.77.233 - - [01/Jul/2022:09:45:47 +0800] "POST /xingrg/dwr/call/plaincall/AjaxCheckService.setItemNumber.dwr HTTP/1.1" 200 77
116.233.77.233 - - [01/Jul/2022:09:45:48 +0800] "POST /xingrg/dwr/call/plaincall/AjaxCheckService.setItemNumber.dwr HTTP/1.1" 200 77
116.233.77.233 - - [01/Jul/2022:09:45:49 +0800] "POST /xingrg/dwr/call/plaincall/AjaxCheckService.setItemNumber.dwr HTTP/1.1" 200 77
114.88.162.248 - - [01/Jul/2022:09:45:49 +0800] "GET /xingrg/kc/buy/cgsh_order_operate.html?command=get_materiel&rest_code=00111&code=00101008212&supplier_code=00100005&order_time=2022-07-01 HTTP/1.1" 200 412
116.233.77.233 - - [01/Jul/2022:09:45:53 +0800] "POST /xingrg/dwr/call/plaincall/AjaxCheckService.setItemNumber.dwr HTTP/1.1" 200 77
218.81.223.53 - - [01/Jul/2022:09:45:53 +0800] "GET /xingrg/all/function/internal_message.html?_=1656639967900&CODE_STATE=getMsg HTTP/1.1" 302 -
116.233.77.233 - - [01/Jul/2022:09:45:54 +0800] "POST /xingrg/dwr/call/plaincall/AjaxCheckService.setItemNumber.dwr HTTP/1.1" 200 77
116.233.77.233 - - [01/Jul/2022:09:45:54 +0800] "POST /xingrg/dwr/call/plaincall/AjaxCheckService.setItemNumber.dwr HTTP/1.1" 200 77
116.233.77.233 - - [01/Jul/2022:09:45:55 +0800] "POST /xingrg/dwr/call/plaincall/AjaxCheckService.setItemNumber.dwr HTTP/1.1" 200 77
116.233.77.233 - - [01/Jul/2022:09:45:55 +0800] "POST /xingrg/dwr/call/plaincall/AjaxCheckService.setItemNumber.dwr HTTP/1.1" 200 77
116.233.77.233 - - [01/Jul/2022:09:45:55 +0800] "POST /xingrg/dwr/call/plaincall/AjaxCheckService.setItemNumber.dwr HTTP/1.1" 200 77
116.233.77.233 - - [01/Jul/2022:09:45:56 +0800] "POST /xingrg/dwr/call/plaincall/AjaxCheckService.setItemNumber.dwr HTTP/1.1" 200 77
116.233.77.233 - - [01/Jul/2022:09:45:58 +0800] "POST /xingrg/dwr/call/plaincall/AjaxCheckService.setItemNumber.dwr HTTP/1.1" 200 77
116.233.77.233 - - [01/Jul/2022:09:45:59 +0800] "POST /xingrg/dwr/call/plaincall/AjaxCheckService.setItemNumber.dwr HTTP/1.1" 200 77
124.78.155.58 - - [01/Jul/2022:09:45:59 +0800] "GET /xingrg/all/function/internal_message.html?_=1656639960025&CODE_STATE=getMsg HTTP/1.1" 200 27
116.233.77.233 - - [01/Jul/2022:09:46:00 +0800] "POST /xingrg/dwr/call/plaincall/AjaxCheckService.setItemNumber.dwr HTTP/1.1" 200 77
116.233.77.233 - - [01/Jul/2022:09:46:00 +0800] "POST /xingrg/dwr/call/plaincall/AjaxCheckService.setItemNumber.dwr HTTP/1.1" 200 77
116.233.77.233 - - [01/Jul/2022:09:46:00 +0800] "POST /xingrg/dwr/call/plaincall/AjaxCheckService.setItemNumber.dwr HTTP/1.1" 200 77
120.253.135.82 - - [01/Jul/2022:09:46:01 +0800] "GET /xingrg/all/function/internal_message.html?_=1656640090265&CODE_STATE=getMsg HTTP/1.1" 200 27
116.233.77.233 - - [01/Jul/2022:09:46:01 +0800] "POST /xingrg/dwr/call/plaincall/AjaxCheckService.setItemNumber.dwr HTTP/1.1" 200 77
116.233.77.233 - - [01/Jul/2022:09:46:01 +0800] "POST /xingrg/dwr/call/plaincall/AjaxCheckService.setItemNumber.dwr HTTP/1.1" 200 77
180.162.222.201 - - [01/Jul/2022:09:46:02 +0800] "POST /xingrg/kc/buy/cgsh_order_operate.html HTTP/1.1" 200 37
116.233.77.233 - - [01/Jul/2022:09:46:03 +0800] "POST /xingrg/dwr/call/plaincall/AjaxCheckService.setItemNumber.dwr HTTP/1.1" 200 77
116.233.77.233 - - [01/Jul/2022:09:46:03 +0800] "POST /xingrg/dwr/call/plaincall/AjaxCheckService.setItemNumber.dwr HTTP/1.1" 200 77
180.162.222.201 - - [01/Jul/2022:09:46:04 +0800] "POST /xingrg/kc/buy/cgsh_order_operate.html HTTP/1.1" 200 4454
116.233.77.233 - - [01/Jul/2022:09:46:04 +0800] "POST /xingrg/dwr/call/plaincall/AjaxCheckService.setItemNumber.dwr HTTP/1.1" 200 77
180.162.222.201 - - [01/Jul/2022:09:46:05 +0800] "GET /xingrg/kc/print/load_data.html?order_code=212022070100043&kc_code=cgsh&condition= HTTP/1.1" 200 1362
180.162.222.201 - - [01/Jul/2022:09:46:09 +0800] "GET /xingrg/kc/buy/cgsh_order_add.html HTTP/1.1" 200 67958
180.162.222.201 - - [01/Jul/2022:09:46:09 +0800] "GET /xingrg/javascript/easyui/themes/default/validatebox.css HTTP/1.1" 404 1104
180.162.222.201 - - [01/Jul/2022:09:46:09 +0800] "POST /xingrg/kc/buy/cgsh_order_operate.html HTTP/1.1" 200 8245
58.35.196.166 - - [01/Jul/2022:09:46:10 +0800] "GET /xingrg/all/function/internal_message.html?_=1656639967649&CODE_STATE=getMsg HTTP/1.1" 200 27
116.230.110.173 - - [01/Jul/2022:09:46:10 +0800] "GET /xingrg/all/function/internal_message.html?_=1656639965447&CODE_STATE=getMsg HTTP/1.1" 200 27
116.233.77.233 - - [01/Jul/2022:09:46:10 +0800] "POST /xingrg/dwr/call/plaincall/AjaxCheckService.setItemNumber.dwr HTTP/1.1" 200 77
101.85.238.90 - - [01/Jul/2022:09:46:10 +0800] "GET /xingrg/all/function/internal_message.html?_=1656640039817&CODE_STATE=getMsg HTTP/1.1" 200 27
116.233.77.233 - - [01/Jul/2022:09:46:10 +0800] "POST /xingrg/dwr/call/plaincall/AjaxCheckService.setItemNumber.dwr HTTP/1.1" 200 77
116.233.77.233 - - [01/Jul/2022:09:46:11 +0800] "POST /xingrg/dwr/call/plaincall/AjaxCheckService.setItemNumber.dwr HTTP/1.1" 200 77
116.233.77.233 - - [01/Jul/2022:09:46:12 +0800] "POST /xingrg/dwr/call/plaincall/AjaxCheckService.setItemNumber.dwr HTTP/1.1" 200 77
116.233.77.233 - - [01/Jul/2022:09:46:13 +0800] "POST /xingrg/dwr/call/plaincall/AjaxCheckService.setItemNumber.dwr HTTP/1.1" 200 77
120.253.135.82 - - [01/Jul/2022:09:46:13 +0800] "GET /xingrg/check_reg.html?_=1656639782785 HTTP/1.1" 200 22
120.253.135.82 - - [01/Jul/2022:09:46:15 +0800] "GET /xingrg/all/function/internal_message.html?_=1656639784747&CODE_STATE=getMsg HTTP/1.1" 200 27
114.88.162.248 - - [01/Jul/2022:09:46:17 +0800] "GET /xingrg/kc/buy/cgsh_order_operate.html?command=get_materiel&rest_code=00111&code=00101008350&supplier_code=00100005&order_time=2022-07-01 HTTP/1.1" 200 408
180.162.222.201 - - [01/Jul/2022:09:46:18 +0800] "GET /xingrg/all/function/internal_message.html?_=1656639882196&CODE_STATE=getMsg HTTP/1.1" 200 27
180.169.147.146 - - [01/Jul/2022:09:46:24 +0800] "GET /xingrg/all/function/internal_message.html?_=1656639977604&CODE_STATE=getMsg HTTP/1.1" 200 27
116.233.77.233 - - [01/Jul/2022:09:46:25 +0800] "POST /xingrg/dwr/call/plaincall/AjaxCheckService.setItemNumber.dwr HTTP/1.1" 200 77
180.169.147.146 - - [01/Jul/2022:09:46:28 +0800] "GET /xingrg/all/function/internal_message.html?_=1656639986703&CODE_STATE=getMsg HTTP/1.1" 200 27
180.162.222.201 - - [01/Jul/2022:09:46:29 +0800] "GET /xingrg/all/function/internal_message.html?_=1656639991438&CODE_STATE=getMsg HTTP/1.1" 200 27
101.83.223.227 - - [01/Jul/2022:09:46:30 +0800] "GET /xingrg/all/function/internal_message.html?_=1656639937267&CODE_STATE=getMsg HTTP/1.1" 200 27
114.88.162.248 - - [01/Jul/2022:09:46:33 +0800] "GET /xingrg/all/function/internal_message.html?_=1656639990113&CODE_STATE=getMsg HTTP/1.1" 200 27
116.233.77.233 - - [01/Jul/2022:09:46:36 +0800] "GET /xingrg/all/function/internal_message.html?_=1656640002348&CODE_STATE=getMsg HTTP/1.1" 200 27
116.233.77.233 - - [01/Jul/2022:09:46:39 +0800] "POST /xingrg/dwr/call/plaincall/AjaxCheckService.setItemNumber.dwr HTTP/1.1" 200 77
114.83.218.210 - - [01/Jul/2022:09:46:40 +0800] "GET /xingrg/all/function/internal_message.html?_=1656640000002&CODE_STATE=getMsg HTTP/1.1" 200 27
218.81.223.53 - - [01/Jul/2022:09:46:45 +0800] "GET /xingrg/all/function/internal_message.html?_=1656640022536&CODE_STATE=getMsg HTTP/1.1" 200 27
180.162.222.201 - - [01/Jul/2022:09:46:48 +0800] "GET /xingrg/kc/buy/cgsh_order_operate.html?command=get_materiel&rest_code=00105&code=00101001169&supplier_code=00100516&order_time=2022-06-26 HTTP/1.1" 200 417
116.233.77.233 - - [01/Jul/2022:09:46:50 +0800] "POST /xingrg/dwr/call/plaincall/AjaxCheckService.setItemNumber.dwr HTTP/1.1" 200 77
218.81.223.53 - - [01/Jul/2022:09:46:53 +0800] "GET /xingrg/all/function/internal_message.html?_=1656640027913&CODE_STATE=getMsg HTTP/1.1" 302 -
116.233.77.233 - - [01/Jul/2022:09:46:55 +0800] "POST /xingrg/dwr/call/plaincall/AjaxCheckService.setItemNumber.dwr HTTP/1.1" 200 77
116.233.77.233 - - [01/Jul/2022:09:46:56 +0800] "POST /xingrg/dwr/call/plaincall/AjaxCheckService.setItemNumber.dwr HTTP/1.1" 200 77
116.233.77.233 - - [01/Jul/2022:09:46:57 +0800] "POST /xingrg/dwr/call/plaincall/AjaxCheckService.setItemNumber.dwr HTTP/1.1" 200 77
116.233.77.233 - - [01/Jul/2022:09:46:58 +0800] "POST /xingrg/dwr/call/plaincall/AjaxCheckService.setItemNumber.dwr HTTP/1.1" 200 77
116.233.77.233 - - [01/Jul/2022:09:46:58 +0800] "POST /xingrg/dwr/call/plaincall/AjaxCheckService.setItemNumber.dwr HTTP/1.1" 200 77
124.78.155.58 - - [01/Jul/2022:09:46:59 +0800] "GET /xingrg/all/function/internal_message.html?_=1656640020026&CODE_STATE=getMsg HTTP/1.1" 200 27
120.253.135.82 - - [01/Jul/2022:09:46:59 +0800] "GET /xingrg/check_reg.html?_=1656640148864 HTTP/1.1" 200 22
120.253.135.82 - - [01/Jul/2022:09:47:01 +0800] "GET /xingrg/all/function/internal_message.html?_=1656640150278&CODE_STATE=getMsg HTTP/1.1" 200 27
116.233.77.233 - - [01/Jul/2022:09:47:01 +0800] "POST /xingrg/dwr/call/plaincall/AjaxCheckService.setItemNumber.dwr HTTP/1.1" 200 77
116.233.77.233 - - [01/Jul/2022:09:47:02 +0800] "POST /xingrg/dwr/call/plaincall/AjaxCheckService.setItemNumber.dwr HTTP/1.1" 200 77
180.162.222.201 - - [01/Jul/2022:09:47:05 +0800] "GET /xingrg/kc/buy/cgsh_order_operate.html?command=get_materiel&rest_code=00105&code=00101004101&supplier_code=00100516&order_time=2022-06-26 HTTP/1.1" 200 413
116.233.77.233 - - [01/Jul/2022:09:47:05 +0800] "POST /xingrg/dwr/call/plaincall/AjaxCheckService.setItemNumber.dwr HTTP/1.1" 200 77
58.35.196.166 - - [01/Jul/2022:09:47:10 +0800] "GET /xingrg/all/function/internal_message.html?_=1656640027636&CODE_STATE=getMsg HTTP/1.1" 200 27
116.230.110.173 - - [01/Jul/2022:09:47:10 +0800] "GET /xingrg/check_reg.html?_=1656640025462 HTTP/1.1" 200 22
116.230.110.173 - - [01/Jul/2022:09:47:10 +0800] "GET /xingrg/all/function/internal_message.html?_=1656640025460&CODE_STATE=getMsg HTTP/1.1" 200 27
101.85.238.90 - - [01/Jul/2022:09:47:10 +0800] "GET /xingrg/all/function/internal_message.html?_=1656640099837&CODE_STATE=getMsg HTTP/1.1" 200 27
120.253.135.82 - - [01/Jul/2022:09:47:15 +0800] "GET /xingrg/all/function/internal_message.html?_=1656639844760&CODE_STATE=getMsg HTTP/1.1" 200 27
180.162.222.201 - - [01/Jul/2022:09:47:17 +0800] "POST /xingrg/kc/buy/cgsh_order_operate.html HTTP/1.1" 200 37
180.162.222.201 - - [01/Jul/2022:09:47:18 +0800] "GET /xingrg/all/function/internal_message.html?_=1656639942196&CODE_STATE=getMsg HTTP/1.1" 200 27
180.162.222.201 - - [01/Jul/2022:09:47:19 +0800] "POST /xingrg/kc/buy/cgsh_order_operate.html HTTP/1.1" 200 3257
180.162.222.201 - - [01/Jul/2022:09:47:20 +0800] "GET /xingrg/kc/print/load_data.html?order_code=212022070100044&kc_code=cgsh&condition= HTTP/1.1" 200 894
180.162.222.201 - - [01/Jul/2022:09:47:24 +0800] "GET /xingrg/kc/buy/cgsh_order_add.html HTTP/1.1" 200 67958
180.169.147.146 - - [01/Jul/2022:09:47:24 +0800] "GET /xingrg/all/function/internal_message.html?_=1656640037604&CODE_STATE=getMsg HTTP/1.1" 200 27
180.162.222.201 - - [01/Jul/2022:09:47:24 +0800] "GET /xingrg/javascript/easyui/themes/default/validatebox.css HTTP/1.1" 404 1104
180.162.222.201 - - [01/Jul/2022:09:47:24 +0800] "POST /xingrg/kc/buy/cgsh_order_operate.html HTTP/1.1" 200 8245
180.169.147.146 - - [01/Jul/2022:09:47:28 +0800] "GET /xingrg/all/function/internal_message.html?_=1656640046705&CODE_STATE=getMsg HTTP/1.1" 200 27
180.162.222.201 - - [01/Jul/2022:09:47:29 +0800] "GET /xingrg/all/function/internal_message.html?_=1656640051434&CODE_STATE=getMsg HTTP/1.1" 200 27
101.83.223.227 - - [01/Jul/2022:09:47:30 +0800] "GET /xingrg/all/function/internal_message.html?_=1656639997364&CODE_STATE=getMsg HTTP/1.1" 200 27
114.88.162.248 - - [01/Jul/2022:09:47:33 +0800] "GET /xingrg/all/function/internal_message.html?_=1656640050093&CODE_STATE=getMsg HTTP/1.1" 200 27
116.233.77.233 - - [01/Jul/2022:09:47:36 +0800] "GET /xingrg/all/function/internal_message.html?_=1656640062342&CODE_STATE=getMsg HTTP/1.1" 200 27
114.83.218.210 - - [01/Jul/2022:09:47:40 +0800] "GET /xingrg/all/function/internal_message.html?_=1656640060005&CODE_STATE=getMsg HTTP/1.1" 200 27
218.81.223.53 - - [01/Jul/2022:09:47:45 +0800] "GET /xingrg/all/function/internal_message.html?_=1656640082550&CODE_STATE=getMsg HTTP/1.1" 200 27
114.88.162.248 - - [01/Jul/2022:09:47:49 +0800] "GET /xingrg/kc/buy/cgsh_order_operate.html?command=get_materiel&rest_code=00111&code=00101008150&supplier_code=00100005&order_time=2022-07-01 HTTP/1.1" 200 409
58.35.196.166 - - [01/Jul/2022:09:47:49 +0800] "GET /xingrg/kc/buy/cgsh_order_list.html HTTP/1.1" 200 52100
58.35.196.166 - - [01/Jul/2022:09:47:49 +0800] "GET /xingrg/css/base.css HTTP/1.1" 200 2811
58.35.196.166 - - [01/Jul/2022:09:47:49 +0800] "GET /xingrg/css/site.css HTTP/1.1" 200 7541
58.35.196.166 - - [01/Jul/2022:09:47:49 +0800] "GET /xingrg/javascript/jquery_tools/datebox.css HTTP/1.1" 200 2597
58.35.196.166 - - [01/Jul/2022:09:47:49 +0800] "GET /xingrg/javascript/easyui/themes/icon.css HTTP/1.1" 200 4483
58.35.196.166 - - [01/Jul/2022:09:47:49 +0800] "GET /xingrg/javascript/auto/jquery.autocomplete.css HTTP/1.1" 200 587
58.35.196.166 - - [01/Jul/2022:09:47:49 +0800] "GET /xingrg/javascript/jquery_tools/fix.css HTTP/1.1" 200 1702
58.35.196.166 - - [01/Jul/2022:09:47:49 +0800] "GET /xingrg/javascript/jquery_tools/table.css HTTP/1.1" 200 1032
58.35.196.166 - - [01/Jul/2022:09:47:49 +0800] "GET /xingrg/javascript/jquery_tools/jquery.tools.hotkey.js HTTP/1.1" 200 3242
58.35.196.166 - - [01/Jul/2022:09:47:49 +0800] "GET /xingrg/javascript/jquery_tools/jquery.tools.min.js HTTP/1.1" 200 138801
58.35.196.166 - - [01/Jul/2022:09:47:49 +0800] "GET /xingrg/javascript/jquery_tools/jquery.tools.table.js HTTP/1.1" 200 6994
58.35.196.166 - - [01/Jul/2022:09:47:49 +0800] "GET /xingrg/javascript/jquery_tools/jquery.tools.extend.js HTTP/1.1" 200 15385
58.35.196.166 - - [01/Jul/2022:09:47:49 +0800] "GET /xingrg/javascript/easyui/themes/default/easyui.css HTTP/1.1" 200 30432
58.35.196.166 - - [01/Jul/2022:09:47:49 +0800] "GET /xingrg/javascript/jquery_tools/list_manager.js HTTP/1.1" 200 3652
58.35.196.166 - - [01/Jul/2022:09:47:49 +0800] "GET /xingrg/javascript/easyui/easyloader.js HTTP/1.1" 200 5975
58.35.196.166 - - [01/Jul/2022:09:47:49 +0800] "GET /xingrg/javascript/jquery.cookie.js HTTP/1.1" 200 5513
58.35.196.166 - - [01/Jul/2022:09:47:49 +0800] "GET /xingrg/javascript/jquery.utils.js HTTP/1.1" 200 11805
58.35.196.166 - - [01/Jul/2022:09:47:49 +0800] "GET /xingrg/javascript/print/LodopFuncs.js HTTP/1.1" 200 5121
58.35.196.166 - - [01/Jul/2022:09:47:50 +0800] "GET /xingrg/javascript/auto/jquery.autocomplete.js HTTP/1.1" 200 21624
58.35.196.166 - - [01/Jul/2022:09:47:50 +0800] "GET /xingrg/javascript/easyui/themes/icons/field_new.png HTTP/1.1" 200 1097
58.35.196.166 - - [01/Jul/2022:09:47:50 +0800] "GET /xingrg/javascript/easyui/themes/icons/cance_new.png HTTP/1.1" 200 3986
58.35.196.166 - - [01/Jul/2022:09:47:50 +0800] "GET /xingrg/javascript/easyui/themes/icons/import_new.png HTTP/1.1" 200 1247
58.35.196.166 - - [01/Jul/2022:09:47:50 +0800] "GET /xingrg/javascript/easyui/themes/icons/edit_add_new.png HTTP/1.1" 200 2997
58.35.196.166 - - [01/Jul/2022:09:47:50 +0800] "GET /xingrg/javascript/easyui/themes/icons/check_new.png HTTP/1.1" 200 3224
58.35.196.166 - - [01/Jul/2022:09:47:50 +0800] "GET /xingrg/javascript/easyui/plugins/jquery.parser.js HTTP/1.1" 200 1142
58.35.196.166 - - [01/Jul/2022:09:47:50 +0800] "GET /xingrg/images/control/ajaxLoader.gif HTTP/1.1" 200 4659
58.35.196.166 - - [01/Jul/2022:09:47:51 +0800] "POST /xingrg/kc/buy/cgsh_list_operate.html HTTP/1.1" 200 693
218.81.223.53 - - [01/Jul/2022:09:47:53 +0800] "GET /xingrg/all/function/internal_message.html?_=1656640087928&CODE_STATE=getMsg HTTP/1.1" 302 -
58.35.196.166 - - [01/Jul/2022:09:47:53 +0800] "GET /xingrg/javascript/jquery_tools/images/prev.gif HTTP/1.1" 404 1086
58.35.196.166 - - [01/Jul/2022:09:47:53 +0800] "GET /xingrg/javascript/jquery_tools/images/next.gif HTTP/1.1" 404 1086
114.88.162.248 - - [01/Jul/2022:09:47:53 +0800] "POST /xingrg/kc/buy/cgsh_order_operate.html HTTP/1.1" 200 2065
124.78.155.58 - - [01/Jul/2022:09:47:59 +0800] "GET /xingrg/check_reg.html?_=1656640080024 HTTP/1.1" 200 22
124.78.155.58 - - [01/Jul/2022:09:47:59 +0800] "GET /xingrg/all/function/internal_message.html?_=1656640080028&CODE_STATE=getMsg HTTP/1.1" 200 27
120.253.135.82 - - [01/Jul/2022:09:48:01 +0800] "GET /xingrg/all/function/internal_message.html?_=1656640210292&CODE_STATE=getMsg HTTP/1.1" 200 27
114.88.162.248 - - [01/Jul/2022:09:48:05 +0800] "GET /xingrg/kc/buy/cgsh_order_operate.html?command=get_materiel&rest_code=00111&code=00101008098&supplier_code=00100005&order_time=2022-07-01 HTTP/1.1" 200 412
58.35.196.166 - - [01/Jul/2022:09:48:09 +0800] "GET /xingrg/all/function/internal_message.html?_=1656640087604&CODE_STATE=getMsg HTTP/1.1" 200 27
116.230.110.173 - - [01/Jul/2022:09:48:10 +0800] "GET /xingrg/all/function/internal_message.html?_=1656640085450&CODE_STATE=getMsg HTTP/1.1" 200 27
101.85.238.90 - - [01/Jul/2022:09:48:10 +0800] "GET /xingrg/all/function/internal_message.html?_=1656640160016&CODE_STATE=getMsg HTTP/1.1" 200 27
58.35.196.166 - - [01/Jul/2022:09:48:11 +0800] "POST /xingrg/kc/buy/cgsh_list_operate.html HTTP/1.1" 200 4494
120.253.135.82 - - [01/Jul/2022:09:48:15 +0800] "GET /xingrg/all/function/internal_message.html?_=1656639904774&CODE_STATE=getMsg HTTP/1.1" 200 27
180.162.222.201 - - [01/Jul/2022:09:48:18 +0800] "GET /xingrg/all/function/internal_message.html?_=1656640002196&CODE_STATE=getMsg HTTP/1.1" 200 27
180.169.147.146 - - [01/Jul/2022:09:48:24 +0800] "GET /xingrg/all/function/internal_message.html?_=1656640097604&CODE_STATE=getMsg HTTP/1.1" 200 27
58.35.196.166 - - [01/Jul/2022:09:48:25 +0800] "POST /xingrg/kc/buy/cgsh_list_operate.html HTTP/1.1" 200 204
114.88.162.248 - - [01/Jul/2022:09:48:26 +0800] "GET /xingrg/kc/buy/cgsh_order_operate.html?command=get_materiel&rest_code=00111&code=00101008298&supplier_code=00100005&order_time=2022-07-01 HTTP/1.1" 200 413
180.162.222.201 - - [01/Jul/2022:09:48:27 +0800] "GET /xingrg/kc/buy/cgsh_order_operate.html?command=get_materiel&rest_code=00105&code=00101001125&supplier_code=00100516&order_time=2022-06-27 HTTP/1.1" 200 437
180.169.147.146 - - [01/Jul/2022:09:48:28 +0800] "GET /xingrg/all/function/internal_message.html?_=1656640106707&CODE_STATE=getMsg HTTP/1.1" 200 27
180.162.222.201 - - [01/Jul/2022:09:48:29 +0800] "GET /xingrg/all/function/internal_message.html?_=1656640111434&CODE_STATE=getMsg HTTP/1.1" 200 27
101.83.223.227 - - [01/Jul/2022:09:48:30 +0800] "GET /xingrg/all/function/internal_message.html?_=1656640057373&CODE_STATE=getMsg HTTP/1.1" 200 27
114.88.162.248 - - [01/Jul/2022:09:48:32 +0800] "GET /xingrg/all/function/internal_message.html?_=1656640110073&CODE_STATE=getMsg HTTP/1.1" 200 27
58.35.196.166 - - [01/Jul/2022:09:48:35 +0800] "POST /xingrg/kc/buy/cgsh_list_operate.html HTTP/1.1" 200 279
116.233.77.233 - - [01/Jul/2022:09:48:36 +0800] "GET /xingrg/all/function/internal_message.html?_=1656640122337&CODE_STATE=getMsg HTTP/1.1" 200 27
116.233.77.233 - - [01/Jul/2022:09:48:36 +0800] "GET /xingrg/check_reg.html?_=1656640122347 HTTP/1.1" 200 22
180.162.222.201 - - [01/Jul/2022:09:48:38 +0800] "GET /xingrg/kc/buy/cgsh_order_operate.html?command=get_materiel&rest_code=00105&code=00101004101&supplier_code=00100516&order_time=2022-06-27 HTTP/1.1" 200 413
114.83.218.210 - - [01/Jul/2022:09:48:40 +0800] "GET /xingrg/all/function/internal_message.html?_=1656640120006&CODE_STATE=getMsg HTTP/1.1" 200 27
114.83.218.210 - - [01/Jul/2022:09:48:40 +0800] "GET /xingrg/check_reg.html?_=1656640120008 HTTP/1.1" 200 22
218.81.223.53 - - [01/Jul/2022:09:48:45 +0800] "GET /xingrg/all/function/internal_message.html?_=1656640142570&CODE_STATE=getMsg HTTP/1.1" 200 27
180.162.115.11 - - [01/Jul/2022:09:48:52 +0800] "GET /xingrg HTTP/1.1" 302 -
180.162.115.11 - - [01/Jul/2022:09:48:52 +0800] "GET /xingrg/ HTTP/1.1" 304 -
218.81.223.53 - - [01/Jul/2022:09:48:53 +0800] "GET /xingrg/all/function/internal_message.html?_=1656640147940&CODE_STATE=getMsg HTTP/1.1" 302 -
180.162.115.11 - - [01/Jul/2022:09:48:56 +0800] "GET /xingrg/index.html HTTP/1.1" 302 -
180.162.115.11 - - [01/Jul/2022:09:48:56 +0800] "GET /xingrg/login.html HTTP/1.1" 200 7641
180.162.115.11 - - [01/Jul/2022:09:48:56 +0800] "GET /xingrg/images/blue/jxLogo.png HTTP/1.1" 304 -
180.162.115.11 - - [01/Jul/2022:09:48:58 +0800] "GET /xingrg/images/blue/login_bg.png HTTP/1.1" 304 -
180.162.115.11 - - [01/Jul/2022:09:48:58 +0800] "GET /xingrg/images/blue/hj.png HTTP/1.1" 304 -
180.162.115.11 - - [01/Jul/2022:09:48:58 +0800] "GET /xingrg/images/blue/srbg.png HTTP/1.1" 304 -
124.78.155.58 - - [01/Jul/2022:09:48:59 +0800] "GET /xingrg/all/function/internal_message.html?_=1656640140029&CODE_STATE=getMsg HTTP/1.1" 200 27
180.162.222.201 - - [01/Jul/2022:09:49:00 +0800] "POST /xingrg/kc/buy/cgsh_order_operate.html HTTP/1.1" 200 37
120.253.135.82 - - [01/Jul/2022:09:49:01 +0800] "GET /xingrg/all/function/internal_message.html?_=1656640270306&CODE_STATE=getMsg HTTP/1.1" 200 27
180.162.115.11 - - [01/Jul/2022:09:49:02 +0800] "GET /favicon.ico HTTP/1.1" 404 -
180.162.222.201 - - [01/Jul/2022:09:49:02 +0800] "POST /xingrg/kc/buy/cgsh_order_operate.html HTTP/1.1" 200 3259
180.162.222.201 - - [01/Jul/2022:09:49:03 +0800] "GET /xingrg/kc/print/load_data.html?order_code=212022070100045&kc_code=cgsh&condition= HTTP/1.1" 200 894
180.162.222.201 - - [01/Jul/2022:09:49:07 +0800] "GET /xingrg/kc/buy/cgsh_order_add.html HTTP/1.1" 200 67958
180.162.222.201 - - [01/Jul/2022:09:49:08 +0800] "GET /xingrg/javascript/easyui/themes/default/validatebox.css HTTP/1.1" 404 1104
180.162.222.201 - - [01/Jul/2022:09:49:08 +0800] "POST /xingrg/kc/buy/cgsh_order_operate.html HTTP/1.1" 200 8245
58.35.196.166 - - [01/Jul/2022:09:49:09 +0800] "GET /xingrg/all/function/internal_message.html?_=1656640147583&CODE_STATE=getMsg HTTP/1.1" 200 27
116.230.110.173 - - [01/Jul/2022:09:49:10 +0800] "GET /xingrg/all/function/internal_message.html?_=1656640145445&CODE_STATE=getMsg HTTP/1.1" 200 27
101.85.238.90 - - [01/Jul/2022:09:49:10 +0800] "GET /xingrg/all/function/internal_message.html?_=1656640220018&CODE_STATE=getMsg HTTP/1.1" 200 27
120.253.135.82 - - [01/Jul/2022:09:49:15 +0800] "GET /xingrg/all/function/internal_message.html?_=1656639964836&CODE_STATE=getMsg HTTP/1.1" 200 27
114.88.162.248 - - [01/Jul/2022:09:49:16 +0800] "POST /xingrg/kc/buy/cgsh_order_operate.html HTTP/1.1" 200 37
114.88.162.248 - - [01/Jul/2022:09:49:18 +0800] "POST /xingrg/kc/buy/cgsh_order_operate.html HTTP/1.1" 200 26922
180.162.222.201 - - [01/Jul/2022:09:49:18 +0800] "GET /xingrg/all/function/internal_message.html?_=1656640062197&CODE_STATE=getMsg HTTP/1.1" 200 27
180.162.115.11 - - [01/Jul/2022:09:49:18 +0800] "GET /xingrg HTTP/1.1" 302 -
180.162.115.11 - - [01/Jul/2022:09:49:19 +0800] "GET /xingrg/index.html HTTP/1.1" 302 -
180.162.115.11 - - [01/Jul/2022:09:49:19 +0800] "GET /xingrg/login.html HTTP/1.1" 200 7641
180.162.115.11 - - [01/Jul/2022:09:49:19 +0800] "GET /favicon.ico HTTP/1.1" 404 -
180.162.115.11 - - [01/Jul/2022:09:49:19 +0800] "GET /favicon.ico HTTP/1.1" 404 -
114.88.162.248 - - [01/Jul/2022:09:49:20 +0800] "GET /xingrg/kc/print/load_data.html?order_code=212022070100046&kc_code=cgsh&condition= HTTP/1.1" 200 9906
180.169.147.146 - - [01/Jul/2022:09:49:24 +0800] "GET /xingrg/all/function/internal_message.html?_=1656640157604&CODE_STATE=getMsg HTTP/1.1" 200 27
180.169.147.146 - - [01/Jul/2022:09:49:28 +0800] "GET /xingrg/all/function/internal_message.html?_=1656640166711&CODE_STATE=getMsg HTTP/1.1" 200 27
180.162.222.201 - - [01/Jul/2022:09:49:29 +0800] "GET /xingrg/all/function/internal_message.html?_=1656640171474&CODE_STATE=getMsg HTTP/1.1" 200 27
101.83.223.227 - - [01/Jul/2022:09:49:29 +0800] "GET /xingrg/check_reg.html?_=1656640116397 HTTP/1.1" 200 22
101.83.223.227 - - [01/Jul/2022:09:49:30 +0800] "GET /xingrg/all/function/internal_message.html?_=1656640117386&CODE_STATE=getMsg HTTP/1.1" 200 27
180.162.115.11 - - [01/Jul/2022:09:49:31 +0800] "POST /xingrg/login.do HTTP/1.1" 302 -
180.162.115.11 - - [01/Jul/2022:09:49:32 +0800] "GET /xingrg/index.html?sysBaseUrl=http%3A%2F%2F180.169.147.146%3A18081%2Fxingrg%2F&costTime=145×tamp=1656640171845 HTTP/1.1" 200 17179
114.88.162.248 - - [01/Jul/2022:09:49:32 +0800] "GET /xingrg/kc/buy/cgsh_order_add.html HTTP/1.1" 200 67832
180.162.115.11 - - [01/Jul/2022:09:49:32 +0800] "GET /xingrg/javascript/jquery_easy_ui/themes/default/easyui.css HTTP/1.1" 304 -
114.88.162.248 - - [01/Jul/2022:09:49:32 +0800] "GET /xingrg/words/20220701093933_words.js HTTP/1.1" 200 903587
180.162.115.11 - - [01/Jul/2022:09:49:32 +0800] "GET /xingrg/javascript/jquery_easy_ui/themes/icon.css HTTP/1.1" 304 -
180.162.115.11 - - [01/Jul/2022:09:49:32 +0800] "GET /xingrg/css/form.css HTTP/1.1" 304 -
180.162.115.11 - - [01/Jul/2022:09:49:32 +0800] "GET /xingrg/javascript/jquery-1.4.2.min.js HTTP/1.1" 304 -
180.162.115.11 - - [01/Jul/2022:09:49:32 +0800] "GET /xingrg/javascript/jquery_easy_ui/jquery.easyui.min.js HTTP/1.1" 304 -
180.162.115.11 - - [01/Jul/2022:09:49:32 +0800] "GET /xingrg/javascript/jquery_easy_ui/easyui-lang-zh_CN.js HTTP/1.1" 304 -
180.162.115.11 - - [01/Jul/2022:09:49:32 +0800] "GET /xingrg/javascript/jquery.form.js HTTP/1.1" 304 -
180.162.115.11 - - [01/Jul/2022:09:49:32 +0800] "GET /xingrg/javascript/jquery.timers.js HTTP/1.1" 304 -
180.162.115.11 - - [01/Jul/2022:09:49:32 +0800] "GET /xingrg/javascript/jquery.utils.js HTTP/1.1" 304 -
180.162.115.11 - - [01/Jul/2022:09:49:32 +0800] "GET /favicon.ico HTTP/1.1" 404 -
114.88.162.248 - - [01/Jul/2022:09:49:32 +0800] "GET /xingrg/javascript/easyui/themes/default/validatebox.css HTTP/1.1" 404 1104
114.88.162.248 - - [01/Jul/2022:09:49:32 +0800] "POST /xingrg/kc/buy/cgsh_order_operate.html HTTP/1.1" 200 8245
114.88.162.248 - - [01/Jul/2022:09:49:32 +0800] "GET /xingrg/all/function/internal_message.html?_=1656640170079&CODE_STATE=getMsg HTTP/1.1" 200 27
180.162.115.11 - - [01/Jul/2022:09:49:33 +0800] "GET /xingrg/javascript/jquery_easy_ui/themes/icons/settle_new.png HTTP/1.1" 304 -
180.162.115.11 - - [01/Jul/2022:09:49:33 +0800] "GET /xingrg/images/blue/navBackgound.jpg HTTP/1.1" 304 -
180.162.115.11 - - [01/Jul/2022:09:49:33 +0800] "POST /xingrg/all/common/load_tree.html?tree=area_rest_tree_json&manage=1 HTTP/1.1" 200 351
180.162.115.11 - - [01/Jul/2022:09:49:33 +0800] "GET /xingrg/all/function/internal_message.html?_=1656639400337&CODE_STATE=count HTTP/1.1" 200 11
180.162.115.11 - - [01/Jul/2022:09:49:33 +0800] "GET /xingrg/check_reg.html?_=1656639400338 HTTP/1.1" 200 22
180.162.115.11 - - [01/Jul/2022:09:49:33 +0800] "GET /xingrg/images/blue/pingpu.png HTTP/1.1" 304 -
180.162.115.11 - - [01/Jul/2022:09:49:33 +0800] "GET /xingrg/javascript/jquery_easy_ui/themes/default/images/tabs_leftarrow.png HTTP/1.1" 304 -
180.162.115.11 - - [01/Jul/2022:09:49:33 +0800] "GET /xingrg/javascript/jquery_easy_ui/themes/default/images/tabs_rightarrow.png HTTP/1.1" 304 -
180.162.115.11 - - [01/Jul/2022:09:49:33 +0800] "GET /xingrg/javascript/jquery_easy_ui/themes/default/images/panel_tool_collapse.gif HTTP/1.1" 304 -
180.162.115.11 - - [01/Jul/2022:09:49:33 +0800] "POST /xingrg/load_menu.html HTTP/1.1" 200 5138
180.162.115.11 - - [01/Jul/2022:09:49:34 +0800] "GET /xingrg/javascript/jquery_easy_ui/themes/default/images/tree_arrows.gif HTTP/1.1" 304 -
180.162.115.11 - - [01/Jul/2022:09:49:34 +0800] "GET /xingrg/javascript/jquery_easy_ui/themes/default/images/tree_folder_open.gif HTTP/1.1" 304 -
180.162.115.11 - - [01/Jul/2022:09:49:34 +0800] "GET /xingrg/javascript/jquery_easy_ui/themes/icons/search_new.png HTTP/1.1" 304 -
180.162.115.11 - - [01/Jul/2022:09:49:34 +0800] "GET /xingrg/javascript/jquery_easy_ui/themes/icons/storage_new.png HTTP/1.1" 304 -
180.162.115.11 - - [01/Jul/2022:09:49:34 +0800] "GET /xingrg/javascript/jquery_easy_ui/themes/default/images/tree_folder.gif HTTP/1.1" 304 -
180.162.115.11 - - [01/Jul/2022:09:49:34 +0800] "GET /xingrg/javascript/jquery_easy_ui/themes/icons/forms_new.png HTTP/1.1" 304 -
180.162.115.11 - - [01/Jul/2022:09:49:34 +0800] "GET /xingrg/javascript/jquery_easy_ui/themes/default/images/tree_file.gif HTTP/1.1" 304 -
116.233.77.233 - - [01/Jul/2022:09:49:36 +0800] "GET /xingrg/all/function/internal_message.html?_=1656640182330&CODE_STATE=getMsg HTTP/1.1" 200 27
180.162.115.11 - - [01/Jul/2022:09:49:37 +0800] "GET /xingrg/kc/mdqp/qp_main.html HTTP/1.1" 200 10633
180.162.115.11 - - [01/Jul/2022:09:49:37 +0800] "GET /xingrg/javascript/jquery_easy_ui/themes/default/images/tabs_close.gif HTTP/1.1" 304 -
180.162.115.11 - - [01/Jul/2022:09:49:37 +0800] "GET /xingrg/css/blue.css HTTP/1.1" 304 -
180.162.115.11 - - [01/Jul/2022:09:49:37 +0800] "GET /xingrg/javascript/jquery_ui/themes/humanity/humanity.css HTTP/1.1" 304 -
180.162.115.11 - - [01/Jul/2022:09:49:37 +0800] "GET /xingrg/javascript/pic_change.js HTTP/1.1" 304 -
180.162.115.11 - - [01/Jul/2022:09:49:37 +0800] "GET /xingrg/javascript/ToolTips.js HTTP/1.1" 304 -
180.162.115.11 - - [01/Jul/2022:09:49:37 +0800] "GET /xingrg/javascript/myfunction.js HTTP/1.1" 304 -
180.162.115.11 - - [01/Jul/2022:09:49:37 +0800] "GET /xingrg/javascript/jquery_ui/jquery-ui.min.js HTTP/1.1" 304 -
180.162.115.11 - - [01/Jul/2022:09:49:37 +0800] "GET /xingrg/images/blue/button/cgxqd.gif HTTP/1.1" 304 -
180.162.115.11 - - [01/Jul/2022:09:49:37 +0800] "GET /xingrg/images/blue/button/qqpsd.gif HTTP/1.1" 304 -
180.162.115.11 - - [01/Jul/2022:09:49:37 +0800] "GET /xingrg/images/blue/button/pszx.gif HTTP/1.1" 304 -
180.162.115.11 - - [01/Jul/2022:09:49:37 +0800] "GET /xingrg/images/blue/button/psshd.gif HTTP/1.1" 304 -
180.162.115.11 - - [01/Jul/2022:09:49:37 +0800] "GET /xingrg/images/blue/pic_form2.gif HTTP/1.1" 304 -
180.162.115.11 - - [01/Jul/2022:09:49:37 +0800] "GET /xingrg/javascript/jquery_ui/themes/humanity/images/ui-bg_inset-soft_100_f4f0ec_1x100.png HTTP/1.1" 304 -
180.162.115.11 - - [01/Jul/2022:09:49:37 +0800] "GET /xingrg/images/blue/bg_dotted.jpg HTTP/1.1" 304 -
180.162.115.11 - - [01/Jul/2022:09:49:37 +0800] "GET /xingrg/images/blue/button/right_ah.jpg HTTP/1.1" 304 -
180.162.115.11 - - [01/Jul/2022:09:49:37 +0800] "GET /xingrg/images/blue/button/down_ah.jpg HTTP/1.1" 304 -
180.162.115.11 - - [01/Jul/2022:09:49:37 +0800] "GET /xingrg/javascript/jquery_ui/themes/humanity/images/ui-iconsnew.jpg HTTP/1.1" 304 -
180.162.115.11 - - [01/Jul/2022:09:49:37 +0800] "GET /xingrg/javascript/jquery_ui/themes/humanity/images/ui-icons_ffffff_256x240.png HTTP/1.1" 304 -
180.162.115.11 - - [01/Jul/2022:09:49:37 +0800] "GET /xingrg/javascript/jquery_ui/themes/humanity/images/ui-icons_c47a23_256x240.png HTTP/1.1" 304 -
180.162.115.11 - - [01/Jul/2022:09:49:37 +0800] "GET /xingrg/javascript/jquery_ui/themes/humanity/images/ui-bg_glass_70_ede4d4_1x400.png HTTP/1.1" 304 -
180.162.115.11 - - [01/Jul/2022:09:49:38 +0800] "GET /xingrg/images/yd/bt.gif HTTP/1.1" 404 1040
180.162.115.11 - - [01/Jul/2022:09:49:39 +0800] "GET /xingrg/kc/mdqp/qqps_order_list.html HTTP/1.1" 200 9222
180.162.115.11 - - [01/Jul/2022:09:49:39 +0800] "GET /xingrg/dwr/interface/AjaxQqpsService.js HTTP/1.1" 200 16326
180.162.115.11 - - [01/Jul/2022:09:49:39 +0800] "GET /xingrg/dwr/interface/AjaxReportQueryService.js HTTP/1.1" 200 13203
180.162.115.11 - - [01/Jul/2022:09:49:39 +0800] "GET /xingrg/dwr/engine.js HTTP/1.1" 200 43631
180.162.115.11 - - [01/Jul/2022:09:49:39 +0800] "GET /xingrg/dwr/util.js HTTP/1.1" 200 35990
180.162.115.11 - - [01/Jul/2022:09:49:39 +0800] "GET /xingrg/javascript/Calendar.js HTTP/1.1" 304 -
180.162.115.11 - - [01/Jul/2022:09:49:39 +0800] "GET /xingrg/javascript/jquery_easy_ui/themes/icons/uncheck_new.png HTTP/1.1" 304 -
180.162.115.11 - - [01/Jul/2022:09:49:39 +0800] "GET /xingrg/javascript/jquery_easy_ui/themes/icons/check_new.png HTTP/1.1" 304 -
180.162.115.11 - - [01/Jul/2022:09:49:39 +0800] "GET /xingrg/javascript/jquery_easy_ui/themes/icons/edit_add_new.png HTTP/1.1" 304 -
180.162.115.11 - - [01/Jul/2022:09:49:39 +0800] "GET /xingrg/javascript/jquery_easy_ui/themes/icons/cance_new.png HTTP/1.1" 304 -
180.162.115.11 - - [01/Jul/2022:09:49:40 +0800] "GET /xingrg/javascript/jquery_easy_ui/themes/default/images/button_plain_hover.png HTTP/1.1" 304 -
114.83.218.210 - - [01/Jul/2022:09:49:40 +0800] "GET /xingrg/all/function/internal_message.html?_=1656640180007&CODE_STATE=getMsg HTTP/1.1" 200 27
180.162.115.11 - - [01/Jul/2022:09:49:41 +0800] "GET /xingrg/kc/mdqp/qqps_order_add.html HTTP/1.1" 200 26162
180.162.115.11 - - [01/Jul/2022:09:49:41 +0800] "GET /xingrg/javascript/auto/jquery.autocomplete.css HTTP/1.1" 304 -
180.162.115.11 - - [01/Jul/2022:09:49:41 +0800] "GET /xingrg/javascript/auto/jquery.autocomplete.js HTTP/1.1" 304 -
180.162.115.11 - - [01/Jul/2022:09:49:41 +0800] "GET /xingrg/javascript/tools/jquery.qtip-1.0.0-rc3.min.js HTTP/1.1" 304 -
180.162.115.11 - - [01/Jul/2022:09:49:41 +0800] "GET /xingrg/dwr/interface/AjaxComOrderService.js HTTP/1.1" 200 18264
180.162.115.11 - - [01/Jul/2022:09:49:41 +0800] "GET /xingrg/dwr/interface/AjaxQqpsService.js HTTP/1.1" 200 16326
180.162.115.11 - - [01/Jul/2022:09:49:41 +0800] "GET /xingrg/dwr/engine.js HTTP/1.1" 200 43631
180.162.115.11 - - [01/Jul/2022:09:49:41 +0800] "GET /xingrg/javascript/AjaxInfoList.js HTTP/1.1" 304 -
180.162.115.11 - - [01/Jul/2022:09:49:41 +0800] "GET /xingrg/javascript/Grid.js HTTP/1.1" 304 -
180.162.115.11 - - [01/Jul/2022:09:49:41 +0800] "GET /xingrg/javascript/print/kc_print.js HTTP/1.1" 304 -
180.162.115.11 - - [01/Jul/2022:09:49:41 +0800] "GET /xingrg/javascript/print/LodopFuncs.js HTTP/1.1" 304 -
180.162.115.11 - - [01/Jul/2022:09:49:41 +0800] "GET /xingrg/words/20220701093933_words.js HTTP/1.1" 200 903587
180.162.115.11 - - [01/Jul/2022:09:49:42 +0800] "GET /xingrg/javascript/jquery_easy_ui/themes/default/images/menu_downarrow.png HTTP/1.1" 304 -
180.162.115.11 - - [01/Jul/2022:09:49:42 +0800] "GET /xingrg/javascript/jquery_easy_ui/themes/icons/print.png HTTP/1.1" 304 -
180.162.115.11 - - [01/Jul/2022:09:49:42 +0800] "GET /xingrg/javascript/jquery_easy_ui/themes/icons/ok.png HTTP/1.1" 304 -
180.162.115.11 - - [01/Jul/2022:09:49:42 +0800] "GET /xingrg/javascript/jquery_easy_ui/themes/icons/copy_new.png HTTP/1.1" 304 -
180.162.115.11 - - [01/Jul/2022:09:49:42 +0800] "GET /xingrg/javascript/jquery_easy_ui/themes/icons/template_new.png HTTP/1.1" 304 -
180.162.115.11 - - [01/Jul/2022:09:49:42 +0800] "GET /xingrg/javascript/jquery_easy_ui/themes/icons/back_new.png HTTP/1.1" 304 -
180.162.115.11 - - [01/Jul/2022:09:49:42 +0800] "GET /xingrg/images/blue/button/kc_tab_add.gif HTTP/1.1" 304 -
180.162.115.11 - - [01/Jul/2022:09:49:42 +0800] "GET /xingrg/images/blue/button/kc_tab_edit.gif HTTP/1.1" 304 -
180.162.115.11 - - [01/Jul/2022:09:49:42 +0800] "GET /xingrg/images/blue/button/kc_tab_save.gif HTTP/1.1" 304 -
180.162.115.11 - - [01/Jul/2022:09:49:42 +0800] "GET /xingrg/images/blue/button/kc_tab_del.gif HTTP/1.1" 304 -
180.162.115.11 - - [01/Jul/2022:09:49:42 +0800] "GET /xingrg/javascript/jquery_easy_ui/themes/default/images/combo_arrow_dot.gif HTTP/1.1" 304 -
180.162.115.11 - - [01/Jul/2022:09:49:42 +0800] "GET /xingrg/images/blue/kc_tab_left.gif HTTP/1.1" 304 -
180.162.115.11 - - [01/Jul/2022:09:49:42 +0800] "GET /xingrg/images/blue/kc_tab_mid.gif HTTP/1.1" 304 -
180.162.115.11 - - [01/Jul/2022:09:49:43 +0800] "GET /xingrg/images/blue/kc_tab_right.gif HTTP/1.1" 304 -
180.162.115.11 - - [01/Jul/2022:09:49:43 +0800] "GET /xingrg/images/blue/kc_tab2_left.gif HTTP/1.1" 304 -
180.162.115.11 - - [01/Jul/2022:09:49:43 +0800] "GET /xingrg/images/blue/kc_tab2_right.gif HTTP/1.1" 304 -
218.81.223.53 - - [01/Jul/2022:09:49:45 +0800] "GET /xingrg/all/function/internal_message.html?_=1656640202578&CODE_STATE=getMsg HTTP/1.1" 200 27
58.221.95.50 - - [01/Jul/2022:09:49:46 +0800] "GET /xingrg/check_reg.html?_=1656640187644 HTTP/1.1" 302 -
58.221.95.50 - - [01/Jul/2022:09:49:46 +0800] "GET /xingrg/check_reg.html?_=1656640187670 HTTP/1.1" 302 -
114.88.162.248 - - [01/Jul/2022:09:49:50 +0800] "GET /xingrg/kc/buy/cgsh_order_operate.html?command=get_materiel&rest_code=00111&code=00101009051&supplier_code=00100037&order_time=2022-07-01 HTTP/1.1" 200 409
218.81.223.53 - - [01/Jul/2022:09:49:52 +0800] "GET /xingrg/check_reg.html?_=1656640206643 HTTP/1.1" 302 -
218.81.223.53 - - [01/Jul/2022:09:49:53 +0800] "GET /xingrg/all/function/internal_message.html?_=1656640207954&CODE_STATE=getMsg HTTP/1.1" 302 -
58.37.225.129 - - [01/Jul/2022:09:49:53 +0800] "GET /xingrg/check_reg.html?_=1656640188871 HTTP/1.1" 302 -
180.162.115.11 - - [01/Jul/2022:09:49:55 +0800] "GET /xingrg/images/blue/wait.gif HTTP/1.1" 304 -
180.162.115.11 - - [01/Jul/2022:09:49:55 +0800] "POST /xingrg/dwr/call/plaincall/AjaxQqpsService.saveOrder.dwr HTTP/1.1" 200 78
124.78.155.58 - - [01/Jul/2022:09:49:59 +0800] "GET /xingrg/all/function/internal_message.html?_=1656640200029&CODE_STATE=getMsg HTTP/1.1" 200 27
180.162.222.201 - - [01/Jul/2022:09:49:59 +0800] "GET /xingrg/kc/buy/cgsh_order_operate.html?command=get_materiel&rest_code=00105&code=00101001040&supplier_code=00100516&order_time=2022-06-29 HTTP/1.1" 200 417
114.88.162.248 - - [01/Jul/2022:09:49:59 +0800] "GET /xingrg/kc/buy/cgsh_order_operate.html?command=get_materiel&rest_code=00111&code=00101007055&supplier_code=00100037&order_time=2022-07-01 HTTP/1.1" 200 409
120.253.135.82 - - [01/Jul/2022:09:50:01 +0800] "GET /xingrg/all/function/internal_message.html?_=1656640330335&CODE_STATE=getMsg HTTP/1.1" 200 27
180.162.115.11 - - [01/Jul/2022:09:50:04 +0800] "GET /xingrg/javascript/auto/indicator.gif HTTP/1.1" 404 1066
180.162.115.11 - - [01/Jul/2022:09:50:06 +0800] "POST /xingrg/dwr/call/plaincall/AjaxQqpsService.getMaterielByCode.dwr HTTP/1.1" 200 1492
101.85.238.90 - - [01/Jul/2022:09:50:09 +0800] "GET /xingrg/check_reg.html?_=1656640278600 HTTP/1.1" 200 22
58.35.196.166 - - [01/Jul/2022:09:50:09 +0800] "GET /xingrg/all/function/internal_message.html?_=1656640207559&CODE_STATE=getMsg HTTP/1.1" 200 27
116.230.110.173 - - [01/Jul/2022:09:50:10 +0800] "GET /xingrg/all/function/internal_message.html?_=1656640205458&CODE_STATE=getMsg HTTP/1.1" 200 27
101.85.238.90 - - [01/Jul/2022:09:50:10 +0800] "GET /xingrg/all/function/internal_message.html?_=1656640280031&CODE_STATE=getMsg HTTP/1.1" 200 27
172.20.0.100 - - [01/Jul/2022:09:50:11 +0800] "GET /xingrg/check_reg.html?_=1656640207490 HTTP/1.1" 302 -
180.162.115.11 - - [01/Jul/2022:09:50:12 +0800] "POST /xingrg/dwr/call/plaincall/AjaxQqpsService.saveMaterielItem.dwr HTTP/1.1" 200 78
180.162.222.201 - - [01/Jul/2022:09:50:14 +0800] "GET /xingrg/kc/buy/cgsh_order_operate.html?command=get_materiel&rest_code=00105&code=00101001140&supplier_code=00100516&order_time=2022-06-29 HTTP/1.1" 200 435
120.253.135.82 - - [01/Jul/2022:09:50:15 +0800] "GET /xingrg/all/function/internal_message.html?_=1656640024849&CODE_STATE=getMsg HTTP/1.1" 200 27
180.162.222.201 - - [01/Jul/2022:09:50:18 +0800] "GET /xingrg/check_reg.html?_=1656640122197 HTTP/1.1" 200 22
180.162.222.201 - - [01/Jul/2022:09:50:18 +0800] "GET /xingrg/all/function/internal_message.html?_=1656640122200&CODE_STATE=getMsg HTTP/1.1" 200 27
114.88.162.248 - - [01/Jul/2022:09:50:20 +0800] "GET /xingrg/kc/buy/cgsh_order_operate.html?command=get_materiel&rest_code=00111&code=00101009013&supplier_code=00100037&order_time=2022-07-01 HTTP/1.1" 200 421
180.162.222.201 - - [01/Jul/2022:09:50:23 +0800] "GET /xingrg/kc/buy/cgsh_order_operate.html?command=get_materiel&rest_code=00105&code=00101004101&supplier_code=00100516&order_time=2022-06-29 HTTP/1.1" 200 413
180.169.147.146 - - [01/Jul/2022:09:50:24 +0800] "GET /xingrg/all/function/internal_message.html?_=1656640217606&CODE_STATE=getMsg HTTP/1.1" 200 27
180.169.147.146 - - [01/Jul/2022:09:50:24 +0800] "GET /xingrg/check_reg.html?_=1656640217637 HTTP/1.1" 200 22
180.162.115.11 - - [01/Jul/2022:09:50:25 +0800] "POST /xingrg/dwr/call/plaincall/AjaxQqpsService.getMaterielByCode.dwr HTTP/1.1" 200 1535
58.35.196.166 - - [01/Jul/2022:09:50:27 +0800] "GET /xingrg/check_reg.html?_=1656640224721 HTTP/1.1" 200 22
180.169.147.146 - - [01/Jul/2022:09:50:28 +0800] "GET /xingrg/check_reg.html?_=1656640226715 HTTP/1.1" 200 22
180.169.147.146 - - [01/Jul/2022:09:50:28 +0800] "GET /xingrg/all/function/internal_message.html?_=1656640226713&CODE_STATE=getMsg HTTP/1.1" 200 27
180.162.222.201 - - [01/Jul/2022:09:50:29 +0800] "GET /xingrg/check_reg.html?_=1656640231437 HTTP/1.1" 200 22
180.162.222.201 - - [01/Jul/2022:09:50:29 +0800] "GET /xingrg/all/function/internal_message.html?_=1656640231440&CODE_STATE=getMsg HTTP/1.1" 200 27
101.83.223.227 - - [01/Jul/2022:09:50:30 +0800] "GET /xingrg/all/function/internal_message.html?_=1656640177400&CODE_STATE=getMsg HTTP/1.1" 200 27
180.162.115.11 - - [01/Jul/2022:09:50:32 +0800] "POST /xingrg/dwr/call/plaincall/AjaxQqpsService.saveMaterielItem.dwr HTTP/1.1" 200 78
114.88.162.248 - - [01/Jul/2022:09:50:32 +0800] "GET /xingrg/kc/buy/cgsh_order_operate.html?command=get_materiel&rest_code=00111&code=00101009039&supplier_code=00100037&order_time=2022-07-01 HTTP/1.1" 200 408
114.88.162.248 - - [01/Jul/2022:09:50:32 +0800] "GET /xingrg/check_reg.html?_=1656640229867 HTTP/1.1" 200 22
114.88.162.248 - - [01/Jul/2022:09:50:32 +0800] "GET /xingrg/all/function/internal_message.html?_=1656640230097&CODE_STATE=getMsg HTTP/1.1" 200 27
180.162.115.11 - - [01/Jul/2022:09:50:33 +0800] "GET /xingrg/all/function/internal_message.html?_=1656639460348&CODE_STATE=getMsg HTTP/1.1" 200 27
116.233.77.233 - - [01/Jul/2022:09:50:36 +0800] "GET /xingrg/all/function/internal_message.html?_=1656640242329&CODE_STATE=getMsg HTTP/1.1" 200 27
114.83.218.210 - - [01/Jul/2022:09:50:40 +0800] "GET /xingrg/all/function/internal_message.html?_=1656640240028&CODE_STATE=getMsg HTTP/1.1" 200 27
218.81.223.53 - - [01/Jul/2022:09:50:43 +0800] "GET /xingrg/check_reg.html?_=1656640260979 HTTP/1.1" 200 22
218.81.223.53 - - [01/Jul/2022:09:50:45 +0800] "GET /xingrg/all/function/internal_message.html?_=1656640262592&CODE_STATE=getMsg HTTP/1.1" 200 27
180.162.222.201 - - [01/Jul/2022:09:50:46 +0800] "POST /xingrg/kc/buy/cgsh_order_operate.html HTTP/1.1" 200 37
180.162.115.11 - - [01/Jul/2022:09:50:47 +0800] "POST /xingrg/dwr/call/plaincall/AjaxQqpsService.getMaterielByCode.dwr HTTP/1.1" 200 1518
180.162.222.201 - - [01/Jul/2022:09:50:47 +0800] "POST /xingrg/kc/buy/cgsh_order_operate.html HTTP/1.1" 200 3856
180.162.222.201 - - [01/Jul/2022:09:50:48 +0800] "GET /xingrg/kc/print/load_data.html?order_code=212022070100047&kc_code=cgsh&condition= HTTP/1.1" 200 1124
180.162.222.201 - - [01/Jul/2022:09:50:52 +0800] "GET /xingrg/kc/buy/cgsh_order_add.html HTTP/1.1" 200 67958
180.162.222.201 - - [01/Jul/2022:09:50:52 +0800] "GET /xingrg/javascript/easyui/themes/default/validatebox.css HTTP/1.1" 404 1104
180.162.222.201 - - [01/Jul/2022:09:50:52 +0800] "GET /xingrg/all/common/auto_word.html?type=employee&rest_code=00105 HTTP/1.1" 200 193
180.162.222.201 - - [01/Jul/2022:09:50:52 +0800] "GET /xingrg/all/common/auto_word.html?type=employee&rest_code=00105 HTTP/1.1" 200 193
180.162.222.201 - - [01/Jul/2022:09:50:52 +0800] "POST /xingrg/kc/buy/cgsh_order_operate.html HTTP/1.1" 200 8245
218.81.223.53 - - [01/Jul/2022:09:50:53 +0800] "GET /xingrg/all/function/internal_message.html?_=1656640267968&CODE_STATE=getMsg HTTP/1.1" 302 -
180.162.115.11 - - [01/Jul/2022:09:50:54 +0800] "POST /xingrg/dwr/call/plaincall/AjaxQqpsService.saveMaterielItem.dwr HTTP/1.1" 200 78
114.88.162.248 - - [01/Jul/2022:09:50:59 +0800] "GET /xingrg/kc/buy/cgsh_order_operate.html?command=get_materiel&rest_code=00111&code=00101016105&supplier_code=00100037&order_time=2022-07-01 HTTP/1.1" 200 409
124.78.155.58 - - [01/Jul/2022:09:50:59 +0800] "GET /xingrg/all/function/internal_message.html?_=1656640260029&CODE_STATE=getMsg HTTP/1.1" 200 27
120.253.135.82 - - [01/Jul/2022:09:51:01 +0800] "GET /xingrg/all/function/internal_message.html?_=1656640390349&CODE_STATE=getMsg HTTP/1.1" 200 27
58.35.196.166 - - [01/Jul/2022:09:51:09 +0800] "GET /xingrg/all/function/internal_message.html?_=1656640267531&CODE_STATE=getMsg HTTP/1.1" 200 27
116.230.110.173 - - [01/Jul/2022:09:51:10 +0800] "GET /xingrg/all/function/internal_message.html?_=1656640265453&CODE_STATE=getMsg HTTP/1.1" 200 27
101.85.238.90 - - [01/Jul/2022:09:51:10 +0800] "GET /xingrg/all/function/internal_message.html?_=1656640340045&CODE_STATE=getMsg HTTP/1.1" 200 27
120.253.135.82 - - [01/Jul/2022:09:51:13 +0800] "GET /xingrg/check_reg.html?_=1656640082838 HTTP/1.1" 200 22
120.253.135.82 - - [01/Jul/2022:09:51:15 +0800] "GET /xingrg/all/function/internal_message.html?_=1656640084861&CODE_STATE=getMsg HTTP/1.1" 200 27
180.162.222.201 - - [01/Jul/2022:09:51:18 +0800] "GET /xingrg/all/function/internal_message.html?_=1656640182200&CODE_STATE=getMsg HTTP/1.1" 200 27
180.169.147.146 - - [01/Jul/2022:09:51:24 +0800] "GET /xingrg/all/function/internal_message.html?_=1656640277606&CODE_STATE=getMsg HTTP/1.1" 200 27
180.169.147.146 - - [01/Jul/2022:09:51:28 +0800] "GET /xingrg/all/function/internal_message.html?_=1656640286715&CODE_STATE=getMsg HTTP/1.1" 200 27
180.162.222.201 - - [01/Jul/2022:09:51:29 +0800] "GET /xingrg/all/function/internal_message.html?_=1656640291446&CODE_STATE=getMsg HTTP/1.1" 200 27
114.88.162.248 - - [01/Jul/2022:09:51:29 +0800] "GET /xingrg/kc/buy/cgsh_order_operate.html?command=get_materiel&rest_code=00111&code=00101020153&supplier_code=00100037&order_time=2022-07-01 HTTP/1.1" 200 408
101.83.223.227 - - [01/Jul/2022:09:51:30 +0800] "GET /xingrg/all/function/internal_message.html?_=1656640237413&CODE_STATE=getMsg HTTP/1.1" 200 27
180.162.115.11 - - [01/Jul/2022:09:51:31 +0800] "POST /xingrg/dwr/call/plaincall/AjaxQqpsService.getMaterielByCode.dwr HTTP/1.1" 200 1527
114.88.162.248 - - [01/Jul/2022:09:51:32 +0800] "GET /xingrg/all/function/internal_message.html?_=1656640290073&CODE_STATE=getMsg HTTP/1.1" 200 27
180.162.115.11 - - [01/Jul/2022:09:51:33 +0800] "GET /xingrg/all/function/internal_message.html?_=1656639520346&CODE_STATE=getMsg HTTP/1.1" 200 27
180.162.115.11 - - [01/Jul/2022:09:51:34 +0800] "POST /xingrg/dwr/call/plaincall/AjaxQqpsService.saveMaterielItem.dwr HTTP/1.1" 200 78
116.233.77.233 - - [01/Jul/2022:09:51:36 +0800] "GET /xingrg/all/function/internal_message.html?_=1656640302331&CODE_STATE=getMsg HTTP/1.1" 200 27
180.162.222.201 - - [01/Jul/2022:09:51:39 +0800] "GET /xingrg/kc/buy/cgsh_order_operate.html?command=get_materiel&rest_code=00105&code=00101001140&supplier_code=00100516&order_time=2022-06-30 HTTP/1.1" 200 435
114.83.218.210 - - [01/Jul/2022:09:51:40 +0800] "GET /xingrg/all/function/internal_message.html?_=1656640300029&CODE_STATE=getMsg HTTP/1.1" 200 27
114.88.162.248 - - [01/Jul/2022:09:51:41 +0800] "GET /xingrg/kc/buy/cgsh_order_operate.html?command=get_materiel&rest_code=00111&code=00101007109&supplier_code=00100037&order_time=2022-07-01 HTTP/1.1" 200 428
218.81.223.53 - - [01/Jul/2022:09:51:45 +0800] "GET /xingrg/all/function/internal_message.html?_=1656640322605&CODE_STATE=getMsg HTTP/1.1" 200 27
180.162.115.11 - - [01/Jul/2022:09:51:46 +0800] "POST /xingrg/dwr/call/plaincall/AjaxQqpsService.getMaterielByCode.dwr HTTP/1.1" 200 1520
114.88.162.248 - - [01/Jul/2022:09:51:52 +0800] "GET /xingrg/kc/buy/cgsh_order_operate.html?command=get_materiel&rest_code=00111&code=00101008417&supplier_code=00100037&order_time=2022-07-01 HTTP/1.1" 200 408
