120.253.135.82 - - [01/Jul/2022:08:20:17 +0800] "POST /xingrg/dwr/call/plaincall/AjaxCgthService.getUnitPrice.dwr HTTP/1.1" 200 88
120.253.135.82 - - [01/Jul/2022:08:20:24 +0800] "POST /xingrg/dwr/call/plaincall/AjaxCgthService.saveMaterielItem.dwr HTTP/1.1" 200 78
180.162.222.201 - - [01/Jul/2022:08:20:26 +0800] "GET /xingrg/kc/buy/cgsh_order_operate.html?command=get_materiel&rest_code=00105&code=00102026001&supplier_code=00100093&order_time=2022-06-30 HTTP/1.1" 200 410
120.253.135.82 - - [01/Jul/2022:08:20:26 +0800] "GET /xingrg/javascript/jquery_easy_ui/themes/default/images/button_plain_hover.png HTTP/1.1" 304 -
58.35.196.166 - - [01/Jul/2022:08:20:27 +0800] "GET /xingrg/check_reg.html?_=1656634824723 HTTP/1.1" 200 22
120.253.135.82 - - [01/Jul/2022:08:20:28 +0800] "POST /xingrg/dwr/call/plaincall/AjaxCgthService.saveOrder.dwr HTTP/1.1" 200 78
180.162.222.201 - - [01/Jul/2022:08:20:29 +0800] "GET /xingrg/check_reg.html?_=1656634831279 HTTP/1.1" 200 22
180.162.222.201 - - [01/Jul/2022:08:20:29 +0800] "GET /xingrg/all/function/internal_message.html?_=1656634831279&CODE_STATE=getMsg HTTP/1.1" 200 27
120.253.135.82 - - [01/Jul/2022:08:20:34 +0800] "GET /xingrg/kc/buy/cgth_order_list.html?isBack=1 HTTP/1.1" 200 51497
120.253.135.82 - - [01/Jul/2022:08:20:35 +0800] "POST /xingrg/kc/buy/cgth_list_operate.html HTTP/1.1" 200 2820
120.253.135.82 - - [01/Jul/2022:08:20:37 +0800] "POST /xingrg/kc/buy/cgth_list_operate.html HTTP/1.1" 200 211
218.81.223.53 - - [01/Jul/2022:08:20:38 +0800] "POST /xingrg/dwr/call/plaincall/AjaxCheckService.setItemNumber.dwr HTTP/1.1" 200 77
120.253.135.82 - - [01/Jul/2022:08:20:38 +0800] "GET /xingrg/dwr/interface/AjaxCgthService.js HTTP/1.1" 200 14519
120.253.135.82 - - [01/Jul/2022:08:20:38 +0800] "GET /xingrg/dwr/interface/AjaxComOrderService.js HTTP/1.1" 200 18264
120.253.135.82 - - [01/Jul/2022:08:20:38 +0800] "GET /xingrg/kc/buy/cgth_order_info.html?code=232022070100001 HTTP/1.1" 200 69417
120.253.135.82 - - [01/Jul/2022:08:20:38 +0800] "GET /xingrg/dwr/engine.js HTTP/1.1" 200 43631
120.253.135.82 - - [01/Jul/2022:08:20:39 +0800] "POST /xingrg/all/common/load_tree.html?tree=supplier_tree_json&isDelete=1 HTTP/1.1" 200 66828
120.253.135.82 - - [01/Jul/2022:08:20:40 +0800] "POST /xingrg/dwr/call/plaincall/AjaxCgthService.loadMaterielItems.dwr HTTP/1.1" 200 870
218.81.223.53 - - [01/Jul/2022:08:20:43 +0800] "GET /xingrg/check_reg.html?_=1656634860831 HTTP/1.1" 200 22
218.81.223.53 - - [01/Jul/2022:08:20:44 +0800] "GET /xingrg/all/function/internal_message.html?_=1656634861368&CODE_STATE=getMsg HTTP/1.1" 200 27
120.253.135.82 - - [01/Jul/2022:08:20:44 +0800] "GET /xingrg/kc/buy/cgth_order_list.html?isBack=1 HTTP/1.1" 200 51497
120.253.135.82 - - [01/Jul/2022:08:20:45 +0800] "POST /xingrg/kc/buy/cgth_list_operate.html HTTP/1.1" 200 2820
218.81.223.53 - - [01/Jul/2022:08:20:52 +0800] "GET /xingrg/all/function/internal_message.html?_=1656634866746&CODE_STATE=getMsg HTTP/1.1" 302 -
120.253.135.82 - - [01/Jul/2022:08:20:59 +0800] "GET /xingrg/all/function/internal_message.html?_=1656634988797&CODE_STATE=getMsg HTTP/1.1" 200 27
218.81.223.53 - - [01/Jul/2022:08:21:07 +0800] "POST /xingrg/dwr/call/plaincall/AjaxCheckService.setItemNumber.dwr HTTP/1.1" 200 77
180.162.222.201 - - [01/Jul/2022:08:21:11 +0800] "POST /xingrg/kc/buy/cgsh_order_operate.html HTTP/1.1" 200 37
58.35.196.166 - - [01/Jul/2022:08:21:11 +0800] "GET /xingrg/all/function/internal_message.html?_=1656634869537&CODE_STATE=getMsg HTTP/1.1" 200 27
180.162.222.201 - - [01/Jul/2022:08:21:12 +0800] "POST /xingrg/kc/buy/cgsh_order_operate.html HTTP/1.1" 200 3272
120.253.135.82 - - [01/Jul/2022:08:21:12 +0800] "GET /xingrg/check_reg.html?_=1656634682437 HTTP/1.1" 200 22
120.253.135.82 - - [01/Jul/2022:08:21:13 +0800] "GET /xingrg/all/function/internal_message.html?_=1656634682500&CODE_STATE=getMsg HTTP/1.1" 200 27
180.162.222.201 - - [01/Jul/2022:08:21:14 +0800] "GET /xingrg/kc/print/load_data.html?order_code=212022070100003&kc_code=cgsh&condition= HTTP/1.1" 200 972
218.81.223.53 - - [01/Jul/2022:08:21:15 +0800] "POST /xingrg/dwr/call/plaincall/AjaxCheckService.setItemNumber.dwr HTTP/1.1" 200 77
218.81.223.53 - - [01/Jul/2022:08:21:18 +0800] "POST /xingrg/dwr/call/plaincall/AjaxCheckService.setItemNumber.dwr HTTP/1.1" 200 77
180.162.222.201 - - [01/Jul/2022:08:21:18 +0800] "GET /xingrg/kc/buy/cgsh_order_add.html HTTP/1.1" 200 67958
180.162.222.201 - - [01/Jul/2022:08:21:18 +0800] "POST /xingrg/kc/buy/cgsh_order_operate.html HTTP/1.1" 200 8245
180.162.222.201 - - [01/Jul/2022:08:21:18 +0800] "GET /xingrg/javascript/easyui/themes/default/validatebox.css HTTP/1.1" 404 1104
218.81.223.53 - - [01/Jul/2022:08:21:28 +0800] "POST /xingrg/dwr/call/plaincall/AjaxCheckService.setItemNumber.dwr HTTP/1.1" 200 77
180.162.222.201 - - [01/Jul/2022:08:21:28 +0800] "GET /xingrg/kc/buy/cgsh_order_operate.html?command=get_materiel&rest_code=00105&code=00101003003&supplier_code=00100093&order_time=2022-06-30 HTTP/1.1" 200 418
180.162.222.201 - - [01/Jul/2022:08:21:29 +0800] "GET /xingrg/all/function/internal_message.html?_=1656634891285&CODE_STATE=getMsg HTTP/1.1" 200 27
218.81.223.53 - - [01/Jul/2022:08:21:37 +0800] "POST /xingrg/dwr/call/plaincall/AjaxCheckService.setItemNumber.dwr HTTP/1.1" 200 77
101.83.223.227 - - [01/Jul/2022:08:21:39 +0800] "GET /xingrg/check_reg.html?_=1656634897554 HTTP/1.1" 302 -
218.81.223.53 - - [01/Jul/2022:08:21:39 +0800] "POST /xingrg/dwr/call/plaincall/AjaxCheckService.setItemNumber.dwr HTTP/1.1" 200 77
218.81.223.53 - - [01/Jul/2022:08:21:44 +0800] "GET /xingrg/all/function/internal_message.html?_=1656634921383&CODE_STATE=getMsg HTTP/1.1" 200 27
218.81.223.53 - - [01/Jul/2022:08:21:52 +0800] "GET /xingrg/all/function/internal_message.html?_=1656634926758&CODE_STATE=getMsg HTTP/1.1" 302 -
120.253.135.82 - - [01/Jul/2022:08:21:59 +0800] "GET /xingrg/check_reg.html?_=1656635048600 HTTP/1.1" 200 22
120.253.135.82 - - [01/Jul/2022:08:21:59 +0800] "GET /xingrg/all/function/internal_message.html?_=1656635048812&CODE_STATE=getMsg HTTP/1.1" 200 27
58.35.196.166 - - [01/Jul/2022:08:22:11 +0800] "GET /xingrg/all/function/internal_message.html?_=1656634929507&CODE_STATE=getMsg HTTP/1.1" 200 27
120.253.135.82 - - [01/Jul/2022:08:22:13 +0800] "GET /xingrg/all/function/internal_message.html?_=1656634742513&CODE_STATE=getMsg HTTP/1.1" 200 27
218.81.223.53 - - [01/Jul/2022:08:22:13 +0800] "POST /xingrg/dwr/call/plaincall/AjaxCheckService.setItemNumber.dwr HTTP/1.1" 200 77
218.81.223.53 - - [01/Jul/2022:08:22:21 +0800] "POST /xingrg/dwr/call/plaincall/AjaxCheckService.checkOrder.dwr HTTP/1.1" 200 79
218.81.223.53 - - [01/Jul/2022:08:22:22 +0800] "GET /xingrg/kc/base/check_order_info.html?code=452022063000435 HTTP/1.1" 200 22860
218.81.223.53 - - [01/Jul/2022:08:22:22 +0800] "GET /xingrg/dwr/interface/AjaxComOrderService.js HTTP/1.1" 200 18264
218.81.223.53 - - [01/Jul/2022:08:22:22 +0800] "GET /xingrg/dwr/interface/AjaxCheckService.js HTTP/1.1" 200 14003
218.81.223.53 - - [01/Jul/2022:08:22:22 +0800] "GET /xingrg/dwr/engine.js HTTP/1.1" 200 43631
218.81.223.53 - - [01/Jul/2022:08:22:23 +0800] "POST /xingrg/dwr/call/plaincall/AjaxCheckService.loadOrderItems.dwr HTTP/1.1" 200 32720
180.162.222.201 - - [01/Jul/2022:08:22:29 +0800] "GET /xingrg/all/function/internal_message.html?_=1656634951297&CODE_STATE=getMsg HTTP/1.1" 200 27
180.162.222.201 - - [01/Jul/2022:08:22:34 +0800] "POST /xingrg/kc/buy/cgsh_order_operate.html HTTP/1.1" 200 37
180.162.222.201 - - [01/Jul/2022:08:22:35 +0800] "POST /xingrg/kc/buy/cgsh_order_operate.html HTTP/1.1" 200 3274
180.162.222.201 - - [01/Jul/2022:08:22:38 +0800] "GET /xingrg/kc/print/load_data.html?order_code=212022070100004&kc_code=cgsh&condition= HTTP/1.1" 200 972
218.81.223.53 - - [01/Jul/2022:08:22:44 +0800] "GET /xingrg/all/function/internal_message.html?_=1656634981396&CODE_STATE=getMsg HTTP/1.1" 200 27
218.81.223.53 - - [01/Jul/2022:08:22:52 +0800] "GET /xingrg/all/function/internal_message.html?_=1656634986773&CODE_STATE=getMsg HTTP/1.1" 302 -
120.253.135.82 - - [01/Jul/2022:08:22:59 +0800] "GET /xingrg/all/function/internal_message.html?_=1656635108825&CODE_STATE=getMsg HTTP/1.1" 200 27
58.35.196.166 - - [01/Jul/2022:08:23:11 +0800] "GET /xingrg/all/function/internal_message.html?_=1656634989478&CODE_STATE=getMsg HTTP/1.1" 200 27
120.253.135.82 - - [01/Jul/2022:08:23:13 +0800] "GET /xingrg/all/function/internal_message.html?_=1656634802527&CODE_STATE=getMsg HTTP/1.1" 200 27
180.162.222.201 - - [01/Jul/2022:08:23:29 +0800] "GET /xingrg/all/function/internal_message.html?_=1656635011291&CODE_STATE=getMsg HTTP/1.1" 200 27
218.81.223.53 - - [01/Jul/2022:08:23:44 +0800] "GET /xingrg/all/function/internal_message.html?_=1656635041409&CODE_STATE=getMsg HTTP/1.1" 200 27
218.81.223.53 - - [01/Jul/2022:08:23:52 +0800] "GET /xingrg/all/function/internal_message.html?_=1656635046785&CODE_STATE=getMsg HTTP/1.1" 302 -
120.253.135.82 - - [01/Jul/2022:08:23:59 +0800] "GET /xingrg/all/function/internal_message.html?_=1656635168839&CODE_STATE=getMsg HTTP/1.1" 200 27
101.85.238.90 - - [01/Jul/2022:08:24:11 +0800] "GET /xingrg/check_reg.html?_=1656635120786 HTTP/1.1" 302 -
101.85.238.90 - - [01/Jul/2022:08:24:11 +0800] "GET /xingrg/login.html HTTP/1.1" 200 7641
58.35.196.166 - - [01/Jul/2022:08:24:11 +0800] "GET /xingrg/all/function/internal_message.html?_=1656635049447&CODE_STATE=getMsg HTTP/1.1" 200 27
120.253.135.82 - - [01/Jul/2022:08:24:13 +0800] "GET /xingrg/all/function/internal_message.html?_=1656634862560&CODE_STATE=getMsg HTTP/1.1" 200 27
180.162.222.201 - - [01/Jul/2022:08:24:29 +0800] "GET /xingrg/all/function/internal_message.html?_=1656635071292&CODE_STATE=getMsg HTTP/1.1" 200 27
180.162.222.201 - - [01/Jul/2022:08:24:40 +0800] "GET /xingrg/kc/buy/cgsh_order_list.html HTTP/1.1" 200 52094
180.162.222.201 - - [01/Jul/2022:08:24:42 +0800] "POST /xingrg/kc/buy/cgsh_list_operate.html HTTP/1.1" 200 4626
218.81.223.53 - - [01/Jul/2022:08:24:44 +0800] "GET /xingrg/all/function/internal_message.html?_=1656635101428&CODE_STATE=getMsg HTTP/1.1" 200 27
218.81.223.53 - - [01/Jul/2022:08:24:52 +0800] "GET /xingrg/check_reg.html?_=1656635106549 HTTP/1.1" 302 -
218.81.223.53 - - [01/Jul/2022:08:24:52 +0800] "GET /xingrg/all/function/internal_message.html?_=1656635106798&CODE_STATE=getMsg HTTP/1.1" 302 -
58.37.225.129 - - [01/Jul/2022:08:24:53 +0800] "GET /xingrg/check_reg.html?_=1656635088237 HTTP/1.1" 302 -
180.162.222.201 - - [01/Jul/2022:08:24:57 +0800] "POST /xingrg/kc/buy/cgsh_list_operate.html HTTP/1.1" 200 4772
120.253.135.82 - - [01/Jul/2022:08:24:59 +0800] "GET /xingrg/all/function/internal_message.html?_=1656635228877&CODE_STATE=getMsg HTTP/1.1" 200 27
58.35.196.166 - - [01/Jul/2022:08:25:11 +0800] "GET /xingrg/all/function/internal_message.html?_=1656635109433&CODE_STATE=getMsg HTTP/1.1" 200 27
172.20.0.100 - - [01/Jul/2022:08:25:11 +0800] "GET /xingrg/check_reg.html?_=1656635107927 HTTP/1.1" 302 -
120.253.135.82 - - [01/Jul/2022:08:25:13 +0800] "GET /xingrg/all/function/internal_message.html?_=1656634922617&CODE_STATE=getMsg HTTP/1.1" 200 27
180.162.222.201 - - [01/Jul/2022:08:25:25 +0800] "POST /xingrg/kc/buy/cgsh_list_operate.html HTTP/1.1" 200 203
58.35.196.166 - - [01/Jul/2022:08:25:27 +0800] "GET /xingrg/check_reg.html?_=1656635124717 HTTP/1.1" 200 22
180.162.222.201 - - [01/Jul/2022:08:25:28 +0800] "POST /xingrg/kc/buy/cgsh_list_operate.html HTTP/1.1" 200 4760
180.162.222.201 - - [01/Jul/2022:08:25:29 +0800] "GET /xingrg/check_reg.html?_=1656635131289 HTTP/1.1" 200 22
180.162.222.201 - - [01/Jul/2022:08:25:29 +0800] "GET /xingrg/all/function/internal_message.html?_=1656635131291&CODE_STATE=getMsg HTTP/1.1" 200 27
180.162.222.201 - - [01/Jul/2022:08:25:34 +0800] "POST /xingrg/kc/buy/cgsh_list_operate.html HTTP/1.1" 200 576
180.162.222.201 - - [01/Jul/2022:08:25:35 +0800] "GET /xingrg/kc/buy/cgsh_order_info.html?code=212022063004579 HTTP/1.1" 200 67971
180.162.222.201 - - [01/Jul/2022:08:25:35 +0800] "GET /xingrg/javascript/easyui/themes/default/validatebox.css HTTP/1.1" 404 1104
180.162.222.201 - - [01/Jul/2022:08:25:36 +0800] "POST /xingrg/kc/buy/cgsh_order_operate.html HTTP/1.1" 200 7414
218.81.223.53 - - [01/Jul/2022:08:25:43 +0800] "GET /xingrg/check_reg.html?_=1656635160829 HTTP/1.1" 200 22
218.81.223.53 - - [01/Jul/2022:08:25:44 +0800] "GET /xingrg/all/function/internal_message.html?_=1656635161440&CODE_STATE=getMsg HTTP/1.1" 200 27
180.162.222.201 - - [01/Jul/2022:08:25:50 +0800] "POST /xingrg/kc/buy/cgsh_order_operate.html HTTP/1.1" 200 37
180.162.222.201 - - [01/Jul/2022:08:25:51 +0800] "POST /xingrg/kc/buy/cgsh_order_operate.html HTTP/1.1" 200 7408
218.81.223.53 - - [01/Jul/2022:08:25:52 +0800] "GET /xingrg/all/function/internal_message.html?_=1656635166814&CODE_STATE=getMsg HTTP/1.1" 302 -
180.162.222.201 - - [01/Jul/2022:08:25:52 +0800] "GET /xingrg/kc/print/load_data.html?order_code=212022063004579&kc_code=cgsh&condition= HTTP/1.1" 200 2477
120.253.135.82 - - [01/Jul/2022:08:25:59 +0800] "GET /xingrg/all/function/internal_message.html?_=1656635288897&CODE_STATE=getMsg HTTP/1.1" 200 27
58.35.196.166 - - [01/Jul/2022:08:26:11 +0800] "GET /xingrg/all/function/internal_message.html?_=1656635169408&CODE_STATE=getMsg HTTP/1.1" 200 27
120.253.135.82 - - [01/Jul/2022:08:26:13 +0800] "GET /xingrg/check_reg.html?_=1656634982472 HTTP/1.1" 200 22
120.253.135.82 - - [01/Jul/2022:08:26:13 +0800] "GET /xingrg/all/function/internal_message.html?_=1656634982630&CODE_STATE=getMsg HTTP/1.1" 200 27
180.162.222.201 - - [01/Jul/2022:08:26:29 +0800] "GET /xingrg/all/function/internal_message.html?_=1656635191294&CODE_STATE=getMsg HTTP/1.1" 200 27
101.83.223.227 - - [01/Jul/2022:08:26:39 +0800] "GET /xingrg/check_reg.html?_=1656635197532 HTTP/1.1" 302 -
218.81.223.53 - - [01/Jul/2022:08:26:44 +0800] "GET /xingrg/all/function/internal_message.html?_=1656635221450&CODE_STATE=getMsg HTTP/1.1" 200 27
218.81.223.53 - - [01/Jul/2022:08:26:52 +0800] "GET /xingrg/all/function/internal_message.html?_=1656635226826&CODE_STATE=getMsg HTTP/1.1" 302 -
120.253.135.82 - - [01/Jul/2022:08:26:59 +0800] "GET /xingrg/check_reg.html?_=1656635348603 HTTP/1.1" 200 22
120.253.135.82 - - [01/Jul/2022:08:26:59 +0800] "GET /xingrg/all/function/internal_message.html?_=1656635348914&CODE_STATE=getMsg HTTP/1.1" 200 27
58.35.196.166 - - [01/Jul/2022:08:27:11 +0800] "GET /xingrg/all/function/internal_message.html?_=1656635229393&CODE_STATE=getMsg HTTP/1.1" 200 27
120.253.135.82 - - [01/Jul/2022:08:27:13 +0800] "GET /xingrg/all/function/internal_message.html?_=1656635042644&CODE_STATE=getMsg HTTP/1.1" 200 27
180.162.222.201 - - [01/Jul/2022:08:27:29 +0800] "GET /xingrg/all/function/internal_message.html?_=1656635251303&CODE_STATE=getMsg HTTP/1.1" 200 27
218.81.223.53 - - [01/Jul/2022:08:27:44 +0800] "GET /xingrg/all/function/internal_message.html?_=1656635281463&CODE_STATE=getMsg HTTP/1.1" 200 27
218.81.223.53 - - [01/Jul/2022:08:27:52 +0800] "GET /xingrg/all/function/internal_message.html?_=1656635286841&CODE_STATE=getMsg HTTP/1.1" 302 -
120.253.135.82 - - [01/Jul/2022:08:27:59 +0800] "GET /xingrg/all/function/internal_message.html?_=1656635408941&CODE_STATE=getMsg HTTP/1.1" 200 27
58.35.196.166 - - [01/Jul/2022:08:28:11 +0800] "GET /xingrg/all/function/internal_message.html?_=1656635289378&CODE_STATE=getMsg HTTP/1.1" 200 27
120.253.135.82 - - [01/Jul/2022:08:28:13 +0800] "GET /xingrg/all/function/internal_message.html?_=1656635102657&CODE_STATE=getMsg HTTP/1.1" 200 27
180.162.222.201 - - [01/Jul/2022:08:28:29 +0800] "GET /xingrg/all/function/internal_message.html?_=1656635311302&CODE_STATE=getMsg HTTP/1.1" 200 27
218.81.223.53 - - [01/Jul/2022:08:28:44 +0800] "GET /xingrg/all/function/internal_message.html?_=1656635341482&CODE_STATE=getMsg HTTP/1.1" 200 27
180.162.222.201 - - [01/Jul/2022:08:28:46 +0800] "GET /xingrg/kc/base/wldb_order_list.html HTTP/1.1" 200 19142
180.162.222.201 - - [01/Jul/2022:08:28:47 +0800] "POST /xingrg/kc/base/wldb_list_operate.html HTTP/1.1" 200 928
180.162.222.201 - - [01/Jul/2022:08:28:48 +0800] "GET /xingrg/kc/base/wldb_order_add.html HTTP/1.1" 200 30356
180.162.222.201 - - [01/Jul/2022:08:28:48 +0800] "POST /xingrg/kc/base/wldb_order_operate.html HTTP/1.1" 200 6806
180.162.222.201 - - [01/Jul/2022:08:28:48 +0800] "GET /xingrg/all/common/auto_word.html?type=base&rest_code=00105 HTTP/1.1" 200 1907
180.162.222.201 - - [01/Jul/2022:08:28:48 +0800] "GET /xingrg/all/common/auto_word.html?type=base&rest_code=00105 HTTP/1.1" 200 1907
180.162.222.201 - - [01/Jul/2022:08:28:48 +0800] "GET /xingrg/javascript/easyui/themes/default/validatebox.css HTTP/1.1" 404 1104
218.81.223.53 - - [01/Jul/2022:08:28:52 +0800] "GET /xingrg/all/function/internal_message.html?_=1656635346853&CODE_STATE=getMsg HTTP/1.1" 302 -
120.253.135.82 - - [01/Jul/2022:08:28:59 +0800] "GET /xingrg/all/function/internal_message.html?_=1656635468960&CODE_STATE=getMsg HTTP/1.1" 200 27
101.85.238.90 - - [01/Jul/2022:08:29:11 +0800] "GET /xingrg/check_reg.html?_=1656635420787 HTTP/1.1" 302 -
58.35.196.166 - - [01/Jul/2022:08:29:11 +0800] "GET /xingrg/all/function/internal_message.html?_=1656635349363&CODE_STATE=getMsg HTTP/1.1" 200 27
120.253.135.82 - - [01/Jul/2022:08:29:13 +0800] "GET /xingrg/all/function/internal_message.html?_=1656635162694&CODE_STATE=getMsg HTTP/1.1" 200 27
180.162.222.201 - - [01/Jul/2022:08:29:29 +0800] "GET /xingrg/all/function/internal_message.html?_=1656635371333&CODE_STATE=getMsg HTTP/1.1" 200 27
180.162.222.201 - - [01/Jul/2022:08:29:32 +0800] "GET /xingrg/kc/buy/cgsh_order_list.html HTTP/1.1" 200 52094
180.162.222.201 - - [01/Jul/2022:08:29:34 +0800] "POST /xingrg/kc/buy/cgsh_list_operate.html HTTP/1.1" 200 4626
180.162.222.201 - - [01/Jul/2022:08:29:42 +0800] "POST /xingrg/kc/buy/cgsh_list_operate.html HTTP/1.1" 200 4765
218.81.223.53 - - [01/Jul/2022:08:29:44 +0800] "GET /xingrg/all/function/internal_message.html?_=1656635401491&CODE_STATE=getMsg HTTP/1.1" 200 27
180.162.222.201 - - [01/Jul/2022:08:29:46 +0800] "POST /xingrg/kc/buy/cgsh_list_operate.html HTTP/1.1" 200 348
180.162.222.201 - - [01/Jul/2022:08:29:47 +0800] "GET /xingrg/kc/buy/cgsh_order_info.html?code=212022063004565 HTTP/1.1" 200 67971
180.162.222.201 - - [01/Jul/2022:08:29:47 +0800] "GET /xingrg/javascript/easyui/themes/default/validatebox.css HTTP/1.1" 404 1104
180.162.222.201 - - [01/Jul/2022:08:29:48 +0800] "POST /xingrg/kc/buy/cgsh_order_operate.html HTTP/1.1" 200 3842
218.81.223.53 - - [01/Jul/2022:08:29:52 +0800] "GET /xingrg/check_reg.html?_=1656635406559 HTTP/1.1" 302 -
218.81.223.53 - - [01/Jul/2022:08:29:52 +0800] "GET /xingrg/all/function/internal_message.html?_=1656635406866&CODE_STATE=getMsg HTTP/1.1" 302 -
58.37.225.129 - - [01/Jul/2022:08:29:53 +0800] "GET /xingrg/check_reg.html?_=1656635388267 HTTP/1.1" 302 -
180.162.222.201 - - [01/Jul/2022:08:29:59 +0800] "POST /xingrg/kc/buy/cgsh_order_operate.html HTTP/1.1" 200 37
120.253.135.82 - - [01/Jul/2022:08:29:59 +0800] "GET /xingrg/all/function/internal_message.html?_=1656635528981&CODE_STATE=getMsg HTTP/1.1" 200 27
180.162.222.201 - - [01/Jul/2022:08:30:00 +0800] "POST /xingrg/kc/buy/cgsh_order_operate.html HTTP/1.1" 200 3836
180.162.222.201 - - [01/Jul/2022:08:30:03 +0800] "GET /xingrg/kc/print/load_data.html?order_code=212022063004565&kc_code=cgsh&condition= HTTP/1.1" 200 1121
58.35.196.166 - - [01/Jul/2022:08:30:11 +0800] "GET /xingrg/all/function/internal_message.html?_=1656635409333&CODE_STATE=getMsg HTTP/1.1" 200 27
172.20.0.100 - - [01/Jul/2022:08:30:11 +0800] "GET /xingrg/check_reg.html?_=1656635407905 HTTP/1.1" 302 -
120.253.135.82 - - [01/Jul/2022:08:30:13 +0800] "GET /xingrg/all/function/internal_message.html?_=1656635222700&CODE_STATE=getMsg HTTP/1.1" 200 27
58.35.196.166 - - [01/Jul/2022:08:30:27 +0800] "GET /xingrg/check_reg.html?_=1656635424711 HTTP/1.1" 200 22
180.162.222.201 - - [01/Jul/2022:08:30:29 +0800] "GET /xingrg/check_reg.html?_=1656635431307 HTTP/1.1" 200 22
180.162.222.201 - - [01/Jul/2022:08:30:29 +0800] "GET /xingrg/all/function/internal_message.html?_=1656635431310&CODE_STATE=getMsg HTTP/1.1" 200 27
218.81.223.53 - - [01/Jul/2022:08:30:43 +0800] "GET /xingrg/check_reg.html?_=1656635460843 HTTP/1.1" 200 22
218.81.223.53 - - [01/Jul/2022:08:30:44 +0800] "GET /xingrg/all/function/internal_message.html?_=1656635461504&CODE_STATE=getMsg HTTP/1.1" 200 27
218.81.223.53 - - [01/Jul/2022:08:30:52 +0800] "GET /xingrg/all/function/internal_message.html?_=1656635466882&CODE_STATE=getMsg HTTP/1.1" 302 -
120.253.135.82 - - [01/Jul/2022:08:30:59 +0800] "GET /xingrg/all/function/internal_message.html?_=1656635588996&CODE_STATE=getMsg HTTP/1.1" 200 27
58.35.196.166 - - [01/Jul/2022:08:31:11 +0800] "GET /xingrg/all/function/internal_message.html?_=1656635469306&CODE_STATE=getMsg HTTP/1.1" 200 27
120.253.135.82 - - [01/Jul/2022:08:31:13 +0800] "GET /xingrg/check_reg.html?_=1656635282483 HTTP/1.1" 200 22
120.253.135.82 - - [01/Jul/2022:08:31:13 +0800] "GET /xingrg/all/function/internal_message.html?_=1656635282713&CODE_STATE=getMsg HTTP/1.1" 200 27
180.162.222.201 - - [01/Jul/2022:08:31:29 +0800] "GET /xingrg/all/function/internal_message.html?_=1656635491310&CODE_STATE=getMsg HTTP/1.1" 200 27
116.230.110.173 - - [01/Jul/2022:08:31:37 +0800] "GET /xingrg/index.html?sysBaseUrl=http%3A%2F%2F180.169.147.146%3A18081%2Fxingrg%2F&costTime=1277×tamp=1606817596806 HTTP/1.1" 302 -
116.230.110.173 - - [01/Jul/2022:08:31:37 +0800] "GET /xingrg/login.html HTTP/1.1" 200 7641
116.230.110.173 - - [01/Jul/2022:08:31:38 +0800] "GET /favicon.ico HTTP/1.1" 404 -
101.83.223.227 - - [01/Jul/2022:08:31:39 +0800] "GET /xingrg/check_reg.html?_=1656635497533 HTTP/1.1" 302 -
218.81.223.53 - - [01/Jul/2022:08:31:44 +0800] "GET /xingrg/all/function/internal_message.html?_=1656635521518&CODE_STATE=getMsg HTTP/1.1" 200 27
218.81.223.53 - - [01/Jul/2022:08:31:52 +0800] "GET /xingrg/all/function/internal_message.html?_=1656635526894&CODE_STATE=getMsg HTTP/1.1" 302 -
116.230.110.173 - - [01/Jul/2022:08:31:57 +0800] "POST /xingrg/login.do HTTP/1.1" 302 -
116.230.110.173 - - [01/Jul/2022:08:31:57 +0800] "GET /xingrg/index.html?sysBaseUrl=http%3A%2F%2F180.169.147.146%3A18081%2Fxingrg%2F&costTime=40×tamp=1656635517162 HTTP/1.1" 200 17179
116.230.110.173 - - [01/Jul/2022:08:31:59 +0800] "POST /xingrg/login.do HTTP/1.1" 302 -
116.230.110.173 - - [01/Jul/2022:08:31:59 +0800] "GET /xingrg/index.html?sysBaseUrl=http%3A%2F%2F180.169.147.146%3A18081%2Fxingrg%2F&costTime=39×tamp=1656635519327 HTTP/1.1" 200 17179
120.253.135.82 - - [01/Jul/2022:08:31:59 +0800] "GET /xingrg/check_reg.html?_=1656635648616 HTTP/1.1" 200 22
120.253.135.82 - - [01/Jul/2022:08:31:59 +0800] "GET /xingrg/all/function/internal_message.html?_=1656635649010&CODE_STATE=getMsg HTTP/1.1" 200 27
116.230.110.173 - - [01/Jul/2022:08:32:02 +0800] "POST /xingrg/login.do HTTP/1.1" 302 -
116.230.110.173 - - [01/Jul/2022:08:32:02 +0800] "GET /xingrg/index.html?sysBaseUrl=http%3A%2F%2F180.169.147.146%3A18081%2Fxingrg%2F&costTime=40×tamp=1656635522061 HTTP/1.1" 200 17179
116.230.110.173 - - [01/Jul/2022:08:32:02 +0800] "GET /favicon.ico HTTP/1.1" 404 -
116.230.110.173 - - [01/Jul/2022:08:32:02 +0800] "POST /xingrg/all/common/load_tree.html?tree=area_rest_tree_json&manage=1 HTTP/1.1" 200 351
116.230.110.173 - - [01/Jul/2022:08:32:04 +0800] "GET /xingrg/check_reg.html?_=1656635520107 HTTP/1.1" 200 22
116.230.110.173 - - [01/Jul/2022:08:32:04 +0800] "GET /xingrg/all/function/internal_message.html?_=1656635520106&CODE_STATE=count HTTP/1.1" 200 11
116.230.110.173 - - [01/Jul/2022:08:32:05 +0800] "POST /xingrg/load_menu.html HTTP/1.1" 200 5138
116.230.110.173 - - [01/Jul/2022:08:32:06 +0800] "GET /xingrg/index.html?sysBaseUrl=http%3A%2F%2F180.169.147.146%3A18081%2Fxingrg%2F&costTime=40×tamp=1656635522061 HTTP/1.1" 200 17179
116.230.110.173 - - [01/Jul/2022:08:32:09 +0800] "GET /xingrg/javascript/jquery_easy_ui/themes/default/easyui.css HTTP/1.1" 304 -
116.230.110.173 - - [01/Jul/2022:08:32:09 +0800] "GET /xingrg/javascript/jquery_easy_ui/themes/icon.css HTTP/1.1" 304 -
116.230.110.173 - - [01/Jul/2022:08:32:09 +0800] "GET /xingrg/css/form.css HTTP/1.1" 304 -
116.230.110.173 - - [01/Jul/2022:08:32:09 +0800] "GET /xingrg/javascript/jquery-1.4.2.min.js HTTP/1.1" 304 -
116.230.110.173 - - [01/Jul/2022:08:32:09 +0800] "GET /xingrg/javascript/jquery_easy_ui/jquery.easyui.min.js HTTP/1.1" 304 -
116.230.110.173 - - [01/Jul/2022:08:32:09 +0800] "GET /xingrg/javascript/jquery_easy_ui/easyui-lang-zh_CN.js HTTP/1.1" 304 -
116.230.110.173 - - [01/Jul/2022:08:32:09 +0800] "GET /xingrg/javascript/jquery.form.js HTTP/1.1" 304 -
116.230.110.173 - - [01/Jul/2022:08:32:09 +0800] "GET /xingrg/javascript/jquery.utils.js HTTP/1.1" 304 -
116.230.110.173 - - [01/Jul/2022:08:32:09 +0800] "GET /xingrg/javascript/jquery.timers.js HTTP/1.1" 304 -
116.230.110.173 - - [01/Jul/2022:08:32:09 +0800] "GET /xingrg/images/blue/jxLogo.png HTTP/1.1" 304 -
116.230.110.173 - - [01/Jul/2022:08:32:09 +0800] "GET /xingrg/javascript/jquery_easy_ui/themes/icons/settle_new.png HTTP/1.1" 304 -
116.230.110.173 - - [01/Jul/2022:08:32:09 +0800] "GET /xingrg/images/blue/navBackgound.jpg HTTP/1.1" 304 -
116.230.110.173 - - [01/Jul/2022:08:32:09 +0800] "POST /xingrg/all/common/load_tree.html?tree=area_rest_tree_json&manage=1 HTTP/1.1" 200 351
116.230.110.173 - - [01/Jul/2022:08:32:09 +0800] "GET /xingrg/all/function/internal_message.html?_=1656635525432&CODE_STATE=count HTTP/1.1" 200 11
116.230.110.173 - - [01/Jul/2022:08:32:09 +0800] "GET /xingrg/check_reg.html?_=1656635525433 HTTP/1.1" 200 22
116.230.110.173 - - [01/Jul/2022:08:32:09 +0800] "GET /xingrg/javascript/jquery_easy_ui/themes/default/images/tabs_rightarrow.png HTTP/1.1" 304 -
116.230.110.173 - - [01/Jul/2022:08:32:09 +0800] "GET /xingrg/images/blue/pingpu.png HTTP/1.1" 304 -
116.230.110.173 - - [01/Jul/2022:08:32:09 +0800] "GET /xingrg/javascript/jquery_easy_ui/themes/default/images/panel_tool_collapse.gif HTTP/1.1" 304 -
116.230.110.173 - - [01/Jul/2022:08:32:09 +0800] "GET /xingrg/javascript/jquery_easy_ui/themes/default/images/tabs_leftarrow.png HTTP/1.1" 304 -
116.230.110.173 - - [01/Jul/2022:08:32:09 +0800] "POST /xingrg/load_menu.html HTTP/1.1" 200 5138
58.35.196.166 - - [01/Jul/2022:08:32:11 +0800] "GET /xingrg/all/function/internal_message.html?_=1656635529292&CODE_STATE=getMsg HTTP/1.1" 200 27
116.230.110.173 - - [01/Jul/2022:08:32:12 +0800] "GET /xingrg/kc/buy/cgsh_order_list.html HTTP/1.1" 200 52100
120.253.135.82 - - [01/Jul/2022:08:32:13 +0800] "GET /xingrg/all/function/internal_message.html?_=1656635342727&CODE_STATE=getMsg HTTP/1.1" 200 27
116.230.110.173 - - [01/Jul/2022:08:32:14 +0800] "POST /xingrg/kc/buy/cgsh_list_operate.html HTTP/1.1" 200 693
180.162.222.201 - - [01/Jul/2022:08:32:29 +0800] "GET /xingrg/all/function/internal_message.html?_=1656635551311&CODE_STATE=getMsg HTTP/1.1" 200 27
218.81.223.53 - - [01/Jul/2022:08:32:44 +0800] "GET /xingrg/all/function/internal_message.html?_=1656635581531&CODE_STATE=getMsg HTTP/1.1" 200 27
218.81.223.53 - - [01/Jul/2022:08:32:52 +0800] "GET /xingrg/all/function/internal_message.html?_=1656635586910&CODE_STATE=getMsg HTTP/1.1" 302 -
120.253.135.82 - - [01/Jul/2022:08:32:59 +0800] "GET /xingrg/all/function/internal_message.html?_=1656635709023&CODE_STATE=getMsg HTTP/1.1" 200 27
116.230.110.173 - - [01/Jul/2022:08:33:00 +0800] "GET /xingrg/kc/buy/cgsh_order_add.html HTTP/1.1" 200 67838
116.230.110.173 - - [01/Jul/2022:08:33:00 +0800] "GET /xingrg/words/20220630171241_words.js HTTP/1.1" 304 -
116.230.110.173 - - [01/Jul/2022:08:33:00 +0800] "POST /xingrg/kc/buy/cgsh_order_operate.html HTTP/1.1" 200 8245
116.230.110.173 - - [01/Jul/2022:08:33:00 +0800] "GET /xingrg/all/common/auto_word.html?type=employee&rest_code=00155 HTTP/1.1" 200 205
116.230.110.173 - - [01/Jul/2022:08:33:00 +0800] "GET /xingrg/javascript/easyui/themes/default/validatebox.css HTTP/1.1" 404 1104
116.230.110.173 - - [01/Jul/2022:08:33:00 +0800] "GET /xingrg/all/common/auto_word.html?type=employee&rest_code=00155 HTTP/1.1" 200 205
116.230.110.173 - - [01/Jul/2022:08:33:01 +0800] "GET /xingrg/javascript/auto/indicator.gif HTTP/1.1" 404 1066
116.230.110.173 - - [01/Jul/2022:08:33:04 +0800] "GET /xingrg/javascript/jquery_tools/images/prev.gif HTTP/1.1" 404 1086
116.230.110.173 - - [01/Jul/2022:08:33:04 +0800] "GET /xingrg/javascript/jquery_tools/images/next.gif HTTP/1.1" 404 1086
116.230.110.173 - - [01/Jul/2022:08:33:09 +0800] "GET /xingrg/all/function/internal_message.html?_=1656635585459&CODE_STATE=getMsg HTTP/1.1" 200 27
58.35.196.166 - - [01/Jul/2022:08:33:11 +0800] "GET /xingrg/all/function/internal_message.html?_=1656635589263&CODE_STATE=getMsg HTTP/1.1" 200 27
120.253.135.82 - - [01/Jul/2022:08:33:13 +0800] "GET /xingrg/all/function/internal_message.html?_=1656635402741&CODE_STATE=getMsg HTTP/1.1" 200 27
116.230.110.173 - - [01/Jul/2022:08:33:14 +0800] "GET /xingrg/kc/buy/cgsh_order_operate.html?command=get_materiel&rest_code=00155&code=00101008148&supplier_code=00100005&order_time=2022-07-01 HTTP/1.1" 200 416
116.230.110.173 - - [01/Jul/2022:08:33:25 +0800] "GET /xingrg/kc/buy/cgsh_order_operate.html?command=get_materiel&rest_code=00155&code=00101008415&supplier_code=00100005&order_time=2022-07-01 HTTP/1.1" 200 412
180.162.222.201 - - [01/Jul/2022:08:33:29 +0800] "GET /xingrg/all/function/internal_message.html?_=1656635611312&CODE_STATE=getMsg HTTP/1.1" 200 27
116.230.110.173 - - [01/Jul/2022:08:33:34 +0800] "GET /xingrg/kc/buy/cgsh_order_operate.html?command=get_materiel&rest_code=00155&code=00101008646&supplier_code=00100005&order_time=2022-07-01 HTTP/1.1" 200 413
116.230.110.173 - - [01/Jul/2022:08:33:41 +0800] "GET /xingrg/kc/buy/cgsh_order_operate.html?command=get_materiel&rest_code=00155&code=00101008004&supplier_code=00100005&order_time=2022-07-01 HTTP/1.1" 200 416
218.81.223.53 - - [01/Jul/2022:08:33:44 +0800] "GET /xingrg/all/function/internal_message.html?_=1656635641546&CODE_STATE=getMsg HTTP/1.1" 200 27
218.81.223.53 - - [01/Jul/2022:08:33:52 +0800] "GET /xingrg/all/function/internal_message.html?_=1656635646921&CODE_STATE=getMsg HTTP/1.1" 302 -
120.253.135.82 - - [01/Jul/2022:08:33:59 +0800] "GET /xingrg/all/function/internal_message.html?_=1656635769037&CODE_STATE=getMsg HTTP/1.1" 200 27
116.230.110.173 - - [01/Jul/2022:08:34:05 +0800] "GET /xingrg/kc/buy/cgsh_order_operate.html?command=get_materiel&rest_code=00155&code=00101008356&supplier_code=00100005&order_time=2022-07-01 HTTP/1.1" 200 408
116.230.110.173 - - [01/Jul/2022:08:34:09 +0800] "GET /xingrg/all/function/internal_message.html?_=1656635645450&CODE_STATE=getMsg HTTP/1.1" 200 27
101.85.238.90 - - [01/Jul/2022:08:34:11 +0800] "GET /xingrg/check_reg.html?_=1656635720829 HTTP/1.1" 302 -
58.35.196.166 - - [01/Jul/2022:08:34:11 +0800] "GET /xingrg/all/function/internal_message.html?_=1656635649248&CODE_STATE=getMsg HTTP/1.1" 200 27
120.253.135.82 - - [01/Jul/2022:08:34:13 +0800] "GET /xingrg/all/function/internal_message.html?_=1656635462777&CODE_STATE=getMsg HTTP/1.1" 200 27
116.230.110.173 - - [01/Jul/2022:08:34:17 +0800] "GET /xingrg/kc/buy/cgsh_order_operate.html?command=get_materiel&rest_code=00155&code=00101008360&supplier_code=00100005&order_time=2022-07-01 HTTP/1.1" 200 413
116.230.110.173 - - [01/Jul/2022:08:34:25 +0800] "GET /xingrg/kc/buy/cgsh_order_operate.html?command=get_materiel&rest_code=00155&code=00101008196&supplier_code=00100005&order_time=2022-07-01 HTTP/1.1" 200 416
180.162.222.201 - - [01/Jul/2022:08:34:29 +0800] "GET /xingrg/all/function/internal_message.html?_=1656635671298&CODE_STATE=getMsg HTTP/1.1" 200 27
116.230.110.173 - - [01/Jul/2022:08:34:36 +0800] "GET /xingrg/kc/buy/cgsh_order_operate.html?command=get_materiel&rest_code=00155&code=00101008357&supplier_code=00100005&order_time=2022-07-01 HTTP/1.1" 200 410
218.81.223.53 - - [01/Jul/2022:08:34:44 +0800] "GET /xingrg/all/function/internal_message.html?_=1656635701559&CODE_STATE=getMsg HTTP/1.1" 200 27
116.230.110.173 - - [01/Jul/2022:08:34:44 +0800] "GET /xingrg/kc/buy/cgsh_order_operate.html?command=get_materiel&rest_code=00155&code=00101008006&supplier_code=00100005&order_time=2022-07-01 HTTP/1.1" 200 416
218.81.223.53 - - [01/Jul/2022:08:34:52 +0800] "GET /xingrg/check_reg.html?_=1656635706560 HTTP/1.1" 302 -
218.81.223.53 - - [01/Jul/2022:08:34:52 +0800] "GET /xingrg/all/function/internal_message.html?_=1656635706935&CODE_STATE=getMsg HTTP/1.1" 302 -
58.37.225.129 - - [01/Jul/2022:08:34:53 +0800] "GET /xingrg/check_reg.html?_=1656635688285 HTTP/1.1" 302 -
116.230.110.173 - - [01/Jul/2022:08:34:55 +0800] "GET /xingrg/kc/buy/cgsh_order_operate.html?command=get_materiel&rest_code=00155&code=00101008036&supplier_code=00100005&order_time=2022-07-01 HTTP/1.1" 200 408
120.253.135.82 - - [01/Jul/2022:08:34:59 +0800] "GET /xingrg/all/function/internal_message.html?_=1656635829065&CODE_STATE=getMsg HTTP/1.1" 200 27
116.230.110.173 - - [01/Jul/2022:08:35:04 +0800] "GET /xingrg/kc/buy/cgsh_order_operate.html?command=get_materiel&rest_code=00155&code=00101008318&supplier_code=00100005&order_time=2022-07-01 HTTP/1.1" 200 408
116.230.110.173 - - [01/Jul/2022:08:35:10 +0800] "GET /xingrg/all/function/internal_message.html?_=1656635705479&CODE_STATE=getMsg HTTP/1.1" 200 27
116.230.110.173 - - [01/Jul/2022:08:35:10 +0800] "GET /xingrg/kc/buy/cgsh_order_operate.html?command=get_materiel&rest_code=00155&code=00101008371&supplier_code=00100005&order_time=2022-07-01 HTTP/1.1" 200 412
58.35.196.166 - - [01/Jul/2022:08:35:11 +0800] "GET /xingrg/all/function/internal_message.html?_=1656635709218&CODE_STATE=getMsg HTTP/1.1" 200 27
172.20.0.100 - - [01/Jul/2022:08:35:11 +0800] "GET /xingrg/check_reg.html?_=1656635707876 HTTP/1.1" 302 -
120.253.135.82 - - [01/Jul/2022:08:35:13 +0800] "GET /xingrg/all/function/internal_message.html?_=1656635522783&CODE_STATE=getMsg HTTP/1.1" 200 27
116.230.110.173 - - [01/Jul/2022:08:35:18 +0800] "GET /xingrg/kc/buy/cgsh_order_operate.html?command=get_materiel&rest_code=00155&code=00101008353&supplier_code=00100005&order_time=2022-07-01 HTTP/1.1" 200 408
58.35.196.166 - - [01/Jul/2022:08:35:27 +0800] "GET /xingrg/check_reg.html?_=1656635724720 HTTP/1.1" 200 22
180.162.222.201 - - [01/Jul/2022:08:35:29 +0800] "GET /xingrg/check_reg.html?_=1656635731301 HTTP/1.1" 200 22
180.162.222.201 - - [01/Jul/2022:08:35:29 +0800] "GET /xingrg/all/function/internal_message.html?_=1656635731298&CODE_STATE=getMsg HTTP/1.1" 200 27
218.81.223.53 - - [01/Jul/2022:08:35:43 +0800] "GET /xingrg/check_reg.html?_=1656635760839 HTTP/1.1" 200 22
218.81.223.53 - - [01/Jul/2022:08:35:44 +0800] "GET /xingrg/all/function/internal_message.html?_=1656635761573&CODE_STATE=getMsg HTTP/1.1" 200 27
116.230.110.173 - - [01/Jul/2022:08:35:50 +0800] "GET /xingrg/kc/buy/cgsh_order_operate.html?command=get_materiel&rest_code=00155&code=00101008110&supplier_code=00100005&order_time=2022-07-01 HTTP/1.1" 200 408
218.81.223.53 - - [01/Jul/2022:08:35:52 +0800] "GET /xingrg/all/function/internal_message.html?_=1656635766949&CODE_STATE=getMsg HTTP/1.1" 302 -
116.230.110.173 - - [01/Jul/2022:08:35:59 +0800] "GET /xingrg/kc/buy/cgsh_order_operate.html?command=get_materiel&rest_code=00155&code=00101008283&supplier_code=00100005&order_time=2022-07-01 HTTP/1.1" 200 408
120.253.135.82 - - [01/Jul/2022:08:35:59 +0800] "GET /xingrg/all/function/internal_message.html?_=1656635889080&CODE_STATE=getMsg HTTP/1.1" 200 27
116.230.110.173 - - [01/Jul/2022:08:36:07 +0800] "GET /xingrg/kc/buy/cgsh_order_operate.html?command=get_materiel&rest_code=00155&code=00101008201&supplier_code=00100005&order_time=2022-07-01 HTTP/1.1" 200 412
116.230.110.173 - - [01/Jul/2022:08:36:09 +0800] "GET /xingrg/all/function/internal_message.html?_=1656635765477&CODE_STATE=getMsg HTTP/1.1" 200 27
58.35.196.166 - - [01/Jul/2022:08:36:11 +0800] "GET /xingrg/all/function/internal_message.html?_=1656635769190&CODE_STATE=getMsg HTTP/1.1" 200 27
120.253.135.82 - - [01/Jul/2022:08:36:13 +0800] "GET /xingrg/check_reg.html?_=1656635582511 HTTP/1.1" 200 22
120.253.135.82 - - [01/Jul/2022:08:36:13 +0800] "GET /xingrg/all/function/internal_message.html?_=1656635582798&CODE_STATE=getMsg HTTP/1.1" 200 27
116.230.110.173 - - [01/Jul/2022:08:36:14 +0800] "GET /xingrg/kc/buy/cgsh_order_operate.html?command=get_materiel&rest_code=00155&code=00101008095&supplier_code=00100005&order_time=2022-07-01 HTTP/1.1" 200 412
180.162.222.201 - - [01/Jul/2022:08:36:29 +0800] "GET /xingrg/all/function/internal_message.html?_=1656635791301&CODE_STATE=getMsg HTTP/1.1" 200 27
116.230.110.173 - - [01/Jul/2022:08:36:30 +0800] "GET /xingrg/kc/buy/cgsh_order_operate.html?command=get_materiel&rest_code=00155&code=00101008223&supplier_code=00100005&order_time=2022-07-01 HTTP/1.1" 200 412
116.230.110.173 - - [01/Jul/2022:08:36:32 +0800] "POST /xingrg/kc/buy/cgsh_order_operate.html HTTP/1.1" 200 2065
116.230.110.173 - - [01/Jul/2022:08:36:38 +0800] "GET /xingrg/kc/buy/cgsh_order_operate.html?command=get_materiel&rest_code=00155&code=00101008168&supplier_code=00100005&order_time=2022-07-01 HTTP/1.1" 200 413
101.83.223.227 - - [01/Jul/2022:08:36:39 +0800] "GET /xingrg/check_reg.html?_=1656635797557 HTTP/1.1" 302 -
218.81.223.53 - - [01/Jul/2022:08:36:44 +0800] "GET /xingrg/all/function/internal_message.html?_=1656635821585&CODE_STATE=getMsg HTTP/1.1" 200 27
116.230.110.173 - - [01/Jul/2022:08:36:49 +0800] "GET /xingrg/kc/buy/cgsh_order_operate.html?command=get_materiel&rest_code=00155&code=00101008229&supplier_code=00100005&order_time=2022-07-01 HTTP/1.1" 200 420
218.81.223.53 - - [01/Jul/2022:08:36:52 +0800] "GET /xingrg/all/function/internal_message.html?_=1656635826962&CODE_STATE=getMsg HTTP/1.1" 302 -
116.230.110.173 - - [01/Jul/2022:08:36:56 +0800] "GET /xingrg/kc/buy/cgsh_order_operate.html?command=get_materiel&rest_code=00155&code=00101008041&supplier_code=00100005&order_time=2022-07-01 HTTP/1.1" 200 408
120.253.135.82 - - [01/Jul/2022:08:36:59 +0800] "GET /xingrg/check_reg.html?_=1656635948626 HTTP/1.1" 200 22
120.253.135.82 - - [01/Jul/2022:08:36:59 +0800] "GET /xingrg/all/function/internal_message.html?_=1656635949094&CODE_STATE=getMsg HTTP/1.1" 200 27
116.230.110.173 - - [01/Jul/2022:08:37:08 +0800] "GET /xingrg/kc/buy/cgsh_order_operate.html?command=get_materiel&rest_code=00155&code=00101008633&supplier_code=00100005&order_time=2022-07-01 HTTP/1.1" 200 414
116.230.110.173 - - [01/Jul/2022:08:37:09 +0800] "GET /xingrg/check_reg.html?_=1656635825460 HTTP/1.1" 200 22
116.230.110.173 - - [01/Jul/2022:08:37:09 +0800] "GET /xingrg/all/function/internal_message.html?_=1656635825462&CODE_STATE=getMsg HTTP/1.1" 200 27
58.35.196.166 - - [01/Jul/2022:08:37:11 +0800] "GET /xingrg/all/function/internal_message.html?_=1656635829176&CODE_STATE=getMsg HTTP/1.1" 200 27
120.253.135.82 - - [01/Jul/2022:08:37:13 +0800] "GET /xingrg/all/function/internal_message.html?_=1656635642811&CODE_STATE=getMsg HTTP/1.1" 200 27
116.230.110.173 - - [01/Jul/2022:08:37:18 +0800] "GET /xingrg/kc/buy/cgsh_order_operate.html?command=get_materiel&rest_code=00155&code=00101008558&supplier_code=00100005&order_time=2022-07-01 HTTP/1.1" 200 411
116.230.110.173 - - [01/Jul/2022:08:37:20 +0800] "POST /xingrg/kc/buy/cgsh_order_operate.html HTTP/1.1" 200 2065
180.162.222.201 - - [01/Jul/2022:08:37:29 +0800] "GET /xingrg/all/function/internal_message.html?_=1656635851302&CODE_STATE=getMsg HTTP/1.1" 200 27
116.230.110.173 - - [01/Jul/2022:08:37:31 +0800] "GET /xingrg/kc/buy/cgsh_order_operate.html?command=get_materiel&rest_code=00155&code=00101008114&supplier_code=00100005&order_time=2022-07-01 HTTP/1.1" 200 412
116.230.110.173 - - [01/Jul/2022:08:37:41 +0800] "GET /xingrg/kc/buy/cgsh_order_operate.html?command=get_materiel&rest_code=00155&code=00101008361&supplier_code=00100005&order_time=2022-07-01 HTTP/1.1" 200 410
218.81.223.53 - - [01/Jul/2022:08:37:44 +0800] "GET /xingrg/all/function/internal_message.html?_=1656635881600&CODE_STATE=getMsg HTTP/1.1" 200 27
116.230.110.173 - - [01/Jul/2022:08:37:48 +0800] "GET /xingrg/kc/buy/cgsh_order_operate.html?command=get_materiel&rest_code=00155&code=00101008236&supplier_code=00100005&order_time=2022-07-01 HTTP/1.1" 200 416
218.81.223.53 - - [01/Jul/2022:08:37:52 +0800] "GET /xingrg/all/function/internal_message.html?_=1656635886976&CODE_STATE=getMsg HTTP/1.1" 302 -
116.230.110.173 - - [01/Jul/2022:08:37:58 +0800] "POST /xingrg/kc/buy/cgsh_order_operate.html HTTP/1.1" 200 2065
120.253.135.82 - - [01/Jul/2022:08:37:59 +0800] "GET /xingrg/all/function/internal_message.html?_=1656636009106&CODE_STATE=getMsg HTTP/1.1" 200 27
116.230.110.173 - - [01/Jul/2022:08:38:09 +0800] "GET /xingrg/all/function/internal_message.html?_=1656635885450&CODE_STATE=getMsg HTTP/1.1" 200 27
58.35.196.166 - - [01/Jul/2022:08:38:11 +0800] "GET /xingrg/all/function/internal_message.html?_=1656635889146&CODE_STATE=getMsg HTTP/1.1" 200 27
116.230.110.173 - - [01/Jul/2022:08:38:13 +0800] "POST /xingrg/kc/buy/cgsh_order_operate.html HTTP/1.1" 200 37
120.253.135.82 - - [01/Jul/2022:08:38:13 +0800] "GET /xingrg/all/function/internal_message.html?_=1656635702824&CODE_STATE=getMsg HTTP/1.1" 200 27
116.230.110.173 - - [01/Jul/2022:08:38:14 +0800] "POST /xingrg/kc/buy/cgsh_order_operate.html HTTP/1.1" 200 19228
116.230.110.173 - - [01/Jul/2022:08:38:15 +0800] "GET /xingrg/kc/print/load_config.html?kc_code=cgsh HTTP/1.1" 200 1943
116.230.110.173 - - [01/Jul/2022:08:38:15 +0800] "GET /xingrg/kc/print/load_data.html?order_code=212022070100005&kc_code=cgsh&condition= HTTP/1.1" 200 6986
116.230.110.173 - - [01/Jul/2022:08:38:22 +0800] "GET /xingrg/kc/print/load_data.html?order_code=212022070100005&kc_code=cgsh HTTP/1.1" 200 6986
180.162.222.201 - - [01/Jul/2022:08:38:29 +0800] "GET /xingrg/all/function/internal_message.html?_=1656635911302&CODE_STATE=getMsg HTTP/1.1" 200 27
218.81.223.53 - - [01/Jul/2022:08:38:44 +0800] "GET /xingrg/all/function/internal_message.html?_=1656635941618&CODE_STATE=getMsg HTTP/1.1" 200 27
218.81.223.53 - - [01/Jul/2022:08:38:52 +0800] "GET /xingrg/all/function/internal_message.html?_=1656635946989&CODE_STATE=getMsg HTTP/1.1" 302 -
101.85.238.90 - - [01/Jul/2022:08:38:56 +0800] "GET /xingrg/kc/buy/cgsh_order_list.html HTTP/1.1" 302 -
101.85.238.90 - - [01/Jul/2022:08:38:56 +0800] "GET /xingrg/login.html HTTP/1.1" 200 7641
101.85.238.90 - - [01/Jul/2022:08:38:56 +0800] "GET /xingrg/login.html HTTP/1.1" 200 7641
101.85.238.90 - - [01/Jul/2022:08:38:56 +0800] "GET /xingrg/images/blue/jxLogo.png HTTP/1.1" 200 6156
101.85.238.90 - - [01/Jul/2022:08:38:56 +0800] "GET /xingrg/images/blue/hj.png HTTP/1.1" 200 1014
101.85.238.90 - - [01/Jul/2022:08:38:56 +0800] "GET /xingrg/images/blue/srbg.png HTTP/1.1" 200 138
101.85.238.90 - - [01/Jul/2022:08:38:56 +0800] "GET /xingrg/images/blue/login_bg.png HTTP/1.1" 200 22101
101.85.238.90 - - [01/Jul/2022:08:38:57 +0800] "GET /favicon.ico HTTP/1.1" 404 -
120.253.135.82 - - [01/Jul/2022:08:38:59 +0800] "GET /xingrg/all/function/internal_message.html?_=1656636069121&CODE_STATE=getMsg HTTP/1.1" 200 27
101.85.238.90 - - [01/Jul/2022:08:39:04 +0800] "POST /xingrg/login.do HTTP/1.1" 302 -
101.85.238.90 - - [01/Jul/2022:08:39:04 +0800] "GET /xingrg/index.html?sysBaseUrl=http%3A%2F%2F180.169.147.146%3A18081%2Fxingrg%2F&costTime=39×tamp=1656635944713 HTTP/1.1" 200 17173
101.85.238.90 - - [01/Jul/2022:08:39:04 +0800] "POST /xingrg/login.do HTTP/1.1" 302 -
101.85.238.90 - - [01/Jul/2022:08:39:04 +0800] "GET /xingrg/javascript/jquery_easy_ui/themes/icon.css HTTP/1.1" 200 3949
101.85.238.90 - - [01/Jul/2022:08:39:04 +0800] "GET /xingrg/css/form.css HTTP/1.1" 200 893
101.85.238.90 - - [01/Jul/2022:08:39:04 +0800] "GET /xingrg/index.html?sysBaseUrl=http%3A%2F%2F180.169.147.146%3A18081%2Fxingrg%2F&costTime=39×tamp=1656635944878 HTTP/1.1" 200 17173
101.85.238.90 - - [01/Jul/2022:08:39:04 +0800] "GET /xingrg/javascript/jquery_easy_ui/jquery.easyui.min.js HTTP/1.1" 200 213662
101.85.238.90 - - [01/Jul/2022:08:39:04 +0800] "GET /xingrg/javascript/jquery-1.4.2.min.js HTTP/1.1" 200 72205
101.85.238.90 - - [01/Jul/2022:08:39:04 +0800] "GET /xingrg/javascript/jquery_easy_ui/easyui-lang-zh_CN.js HTTP/1.1" 200 1900
101.85.238.90 - - [01/Jul/2022:08:39:04 +0800] "GET /xingrg/javascript/jquery.timers.js HTTP/1.1" 200 3532
101.85.238.90 - - [01/Jul/2022:08:39:05 +0800] "GET /xingrg/javascript/jquery_easy_ui/themes/default/easyui.css HTTP/1.1" 200 26500
101.85.238.90 - - [01/Jul/2022:08:39:05 +0800] "GET /xingrg/javascript/jquery.utils.js HTTP/1.1" 200 11805
101.85.238.90 - - [01/Jul/2022:08:39:05 +0800] "GET /xingrg/javascript/jquery.form.js HTTP/1.1" 200 23110
101.85.238.90 - - [01/Jul/2022:08:39:05 +0800] "GET /favicon.ico HTTP/1.1" 404 -
101.85.238.90 - - [01/Jul/2022:08:39:05 +0800] "GET /xingrg/javascript/jquery_easy_ui/themes/icons/settle_new.png HTTP/1.1" 200 826
101.85.238.90 - - [01/Jul/2022:08:39:05 +0800] "GET /xingrg/images/blue/navBackgound.jpg HTTP/1.1" 200 12378
101.85.238.90 - - [01/Jul/2022:08:39:05 +0800] "GET /xingrg/images/blue/pingpu.png HTTP/1.1" 200 231
101.85.238.90 - - [01/Jul/2022:08:39:05 +0800] "GET /xingrg/javascript/jquery_easy_ui/themes/default/images/tabs_leftarrow.png HTTP/1.1" 200 389
101.85.238.90 - - [01/Jul/2022:08:39:05 +0800] "GET /xingrg/javascript/jquery_easy_ui/themes/default/images/tabs_rightarrow.png HTTP/1.1" 200 395
101.85.238.90 - - [01/Jul/2022:08:39:05 +0800] "POST /xingrg/all/common/load_tree.html?tree=area_rest_tree_json&manage=1 HTTP/1.1" 200 342
101.85.238.90 - - [01/Jul/2022:08:39:05 +0800] "GET /xingrg/javascript/jquery_easy_ui/themes/default/images/panel_tool_collapse.gif HTTP/1.1" 200 246
101.85.238.90 - - [01/Jul/2022:08:39:05 +0800] "GET /xingrg/all/function/internal_message.html?_=1656636015147&CODE_STATE=count HTTP/1.1" 200 11
101.85.238.90 - - [01/Jul/2022:08:39:05 +0800] "GET /xingrg/check_reg.html?_=1656636015149 HTTP/1.1" 200 22
101.85.238.90 - - [01/Jul/2022:08:39:05 +0800] "GET /xingrg/javascript/jquery_easy_ui/themes/default/images/tree_arrows.gif HTTP/1.1" 200 1043
101.85.238.90 - - [01/Jul/2022:08:39:06 +0800] "POST /xingrg/load_menu.html HTTP/1.1" 200 5138
101.85.238.90 - - [01/Jul/2022:08:39:06 +0800] "GET /xingrg/javascript/jquery_easy_ui/themes/default/images/tree_folder_open.gif HTTP/1.1" 200 956
101.85.238.90 - - [01/Jul/2022:08:39:06 +0800] "GET /xingrg/javascript/jquery_easy_ui/themes/icons/search_new.png HTTP/1.1" 200 586
101.85.238.90 - - [01/Jul/2022:08:39:06 +0800] "GET /xingrg/javascript/jquery_easy_ui/themes/default/images/tree_folder.gif HTTP/1.1" 200 952
101.85.238.90 - - [01/Jul/2022:08:39:06 +0800] "GET /xingrg/javascript/jquery_easy_ui/themes/icons/storage_new.png HTTP/1.1" 200 853
101.85.238.90 - - [01/Jul/2022:08:39:06 +0800] "GET /xingrg/javascript/jquery_easy_ui/themes/default/images/tree_file.gif HTTP/1.1" 200 118
101.85.238.90 - - [01/Jul/2022:08:39:06 +0800] "GET /xingrg/javascript/jquery_easy_ui/themes/icons/forms_new.png HTTP/1.1" 200 350
116.230.110.173 - - [01/Jul/2022:08:39:07 +0800] "GET /xingrg/kc/buy/cgsh_order_add.html HTTP/1.1" 200 67838
116.230.110.173 - - [01/Jul/2022:08:39:08 +0800] "POST /xingrg/kc/buy/cgsh_order_operate.html HTTP/1.1" 200 8245
116.230.110.173 - - [01/Jul/2022:08:39:08 +0800] "GET /xingrg/javascript/easyui/themes/default/validatebox.css HTTP/1.1" 404 1104
101.85.238.90 - - [01/Jul/2022:08:39:08 +0800] "GET /xingrg/javascript/jquery_easy_ui/themes/default/images/tabs_close.gif HTTP/1.1" 200 829
101.85.238.90 - - [01/Jul/2022:08:39:08 +0800] "GET /xingrg/css/base.css HTTP/1.1" 200 2811
101.85.238.90 - - [01/Jul/2022:08:39:08 +0800] "GET /xingrg/javascript/easyui/themes/icon.css HTTP/1.1" 200 4483
101.85.238.90 - - [01/Jul/2022:08:39:08 +0800] "GET /xingrg/javascript/jquery_tools/datebox.css HTTP/1.1" 200 2597
101.85.238.90 - - [01/Jul/2022:08:39:08 +0800] "GET /xingrg/css/site.css HTTP/1.1" 200 7541
101.85.238.90 - - [01/Jul/2022:08:39:08 +0800] "GET /xingrg/javascript/jquery_tools/fix.css HTTP/1.1" 200 1702
101.85.238.90 - - [01/Jul/2022:08:39:08 +0800] "GET /xingrg/javascript/auto/jquery.autocomplete.css HTTP/1.1" 200 587
101.85.238.90 - - [01/Jul/2022:08:39:08 +0800] "GET /xingrg/javascript/jquery_tools/table.css HTTP/1.1" 200 1032
101.85.238.90 - - [01/Jul/2022:08:39:08 +0800] "GET /xingrg/javascript/jquery_tools/jquery.tools.min.js HTTP/1.1" 200 138801
101.85.238.90 - - [01/Jul/2022:08:39:08 +0800] "GET /xingrg/javascript/jquery_tools/jquery.tools.hotkey.js HTTP/1.1" 200 3242
101.85.238.90 - - [01/Jul/2022:08:39:08 +0800] "GET /xingrg/javascript/jquery_tools/jquery.tools.table.js HTTP/1.1" 200 6994
101.85.238.90 - - [01/Jul/2022:08:39:08 +0800] "GET /xingrg/javascript/jquery_tools/list_manager.js HTTP/1.1" 200 3652
101.85.238.90 - - [01/Jul/2022:08:39:08 +0800] "GET /xingrg/javascript/easyui/easyloader.js HTTP/1.1" 200 5975
101.85.238.90 - - [01/Jul/2022:08:39:08 +0800] "GET /xingrg/javascript/jquery_tools/jquery.tools.extend.js HTTP/1.1" 200 15385
101.85.238.90 - - [01/Jul/2022:08:39:08 +0800] "GET /xingrg/javascript/jquery.cookie.js HTTP/1.1" 200 5513
101.85.238.90 - - [01/Jul/2022:08:39:08 +0800] "GET /xingrg/javascript/print/LodopFuncs.js HTTP/1.1" 200 5121
101.85.238.90 - - [01/Jul/2022:08:39:08 +0800] "GET /xingrg/kc/buy/cgsh_order_list.html HTTP/1.1" 200 52094
101.85.238.90 - - [01/Jul/2022:08:39:08 +0800] "GET /xingrg/javascript/easyui/themes/default/easyui.css HTTP/1.1" 200 30432
101.85.238.90 - - [01/Jul/2022:08:39:08 +0800] "GET /xingrg/javascript/auto/jquery.autocomplete.js HTTP/1.1" 200 21624
101.85.238.90 - - [01/Jul/2022:08:39:09 +0800] "GET /xingrg/javascript/easyui/themes/icons/edit_add_new.png HTTP/1.1" 200 2997
101.85.238.90 - - [01/Jul/2022:08:39:09 +0800] "GET /xingrg/javascript/easyui/themes/icons/cance_new.png HTTP/1.1" 200 3986
101.85.238.90 - - [01/Jul/2022:08:39:09 +0800] "GET /xingrg/javascript/easyui/themes/icons/import_new.png HTTP/1.1" 200 1247
101.85.238.90 - - [01/Jul/2022:08:39:09 +0800] "GET /xingrg/javascript/easyui/themes/icons/field_new.png HTTP/1.1" 200 1097
101.85.238.90 - - [01/Jul/2022:08:39:09 +0800] "GET /xingrg/javascript/easyui/themes/icons/check_new.png HTTP/1.1" 200 3224
