124.78.155.58 - - [01/Jul/2022:10:37:27 +0800] "GET /xingrg/kc/buy/cgsh_order_operate.html?command=get_materiel&rest_code=00106&code=00101004046&supplier_code=00100312&order_time=2022-07-01 HTTP/1.1" 200 417
120.253.135.82 - - [01/Jul/2022:10:37:27 +0800] "GET /xingrg/javascript/easyui/themes/default/validatebox.css HTTP/1.1" 404 1104
120.253.135.82 - - [01/Jul/2022:10:37:27 +0800] "POST /xingrg/kc/pszx/mdps_order_operate.html HTTP/1.1" 200 2803
180.169.147.146 - - [01/Jul/2022:10:37:28 +0800] "GET /xingrg/all/function/internal_message.html?_=1656643046711&CODE_STATE=getMsg HTTP/1.1" 200 27
120.253.135.82 - - [01/Jul/2022:10:37:31 +0800] "POST /xingrg/kc/pszx/mdps_order_operate.html HTTP/1.1" 200 37
101.83.223.227 - - [01/Jul/2022:10:37:32 +0800] "GET /xingrg/all/function/internal_message.html?_=1656642998709&CODE_STATE=getMsg HTTP/1.1" 200 27
180.169.147.146 - - [01/Jul/2022:10:37:32 +0800] "GET /xingrg/kc/buy/cgsh_order_list.html HTTP/1.1" 200 52349
114.88.162.248 - - [01/Jul/2022:10:37:32 +0800] "GET /xingrg/all/function/internal_message.html?_=1656643049926&CODE_STATE=getMsg HTTP/1.1" 200 27
180.162.115.11 - - [01/Jul/2022:10:37:33 +0800] "GET /xingrg/all/function/internal_message.html?_=1656642280432&CODE_STATE=getMsg HTTP/1.1" 200 27
180.169.147.146 - - [01/Jul/2022:10:37:34 +0800] "POST /xingrg/kc/buy/cgsh_list_operate.html HTTP/1.1" 200 693
120.253.135.82 - - [01/Jul/2022:10:37:34 +0800] "POST /xingrg/kc/pszx/mdps_order_operate.html HTTP/1.1" 200 12
120.253.135.82 - - [01/Jul/2022:10:37:35 +0800] "GET /xingrg/kc/pszx/mdps_order_info.html?code=312022062900452 HTTP/1.1" 200 19628
120.253.135.82 - - [01/Jul/2022:10:37:36 +0800] "GET /xingrg/javascript/easyui/themes/default/validatebox.css HTTP/1.1" 404 1104
120.253.135.82 - - [01/Jul/2022:10:37:36 +0800] "POST /xingrg/kc/pszx/mdps_order_operate.html HTTP/1.1" 200 1019
180.162.222.201 - - [01/Jul/2022:10:37:36 +0800] "POST /xingrg/dwr/call/plaincall/AjaxCheckService.setItemNumber.dwr HTTP/1.1" 200 76
116.233.77.233 - - [01/Jul/2022:10:37:37 +0800] "GET /xingrg/all/function/internal_message.html?_=1656643062442&CODE_STATE=getMsg HTTP/1.1" 200 27
180.169.147.146 - - [01/Jul/2022:10:37:37 +0800] "GET /xingrg/kc/base/check_order_list.html HTTP/1.1" 200 16522
180.169.147.146 - - [01/Jul/2022:10:37:37 +0800] "POST /xingrg/kc/base/check_list_operate.html HTTP/1.1" 200 1890
120.253.135.82 - - [01/Jul/2022:10:37:37 +0800] "POST /xingrg/kc/pszx/mdps_list_operate.html HTTP/1.1" 200 868
101.83.223.227 - - [01/Jul/2022:10:37:37 +0800] "GET /xingrg/kc/buy/cgsh_order_operate.html?command=get_materiel&rest_code=00150&code=00101008091&supplier_code=00100007&order_time=2022-07-01 HTTP/1.1" 200 412
180.162.222.201 - - [01/Jul/2022:10:37:38 +0800] "POST /xingrg/dwr/call/plaincall/AjaxCheckService.setItemNumber.dwr HTTP/1.1" 200 76
180.169.147.146 - - [01/Jul/2022:10:37:39 +0800] "GET /xingrg/kc/base/check_order_info.html?code=452022062900265 HTTP/1.1" 200 26606
180.169.147.146 - - [01/Jul/2022:10:37:39 +0800] "GET /xingrg/css/table.css HTTP/1.1" 200 3684
180.169.147.146 - - [01/Jul/2022:10:37:39 +0800] "GET /xingrg/css/blue.css HTTP/1.1" 200 15949
180.169.147.146 - - [01/Jul/2022:10:37:39 +0800] "GET /xingrg/javascript/pic_change.js HTTP/1.1" 200 4739
180.169.147.146 - - [01/Jul/2022:10:37:39 +0800] "GET /xingrg/dwr/interface/AjaxCheckService.js HTTP/1.1" 200 14003
180.169.147.146 - - [01/Jul/2022:10:37:39 +0800] "GET /xingrg/dwr/interface/AjaxComOrderService.js HTTP/1.1" 200 18264
180.169.147.146 - - [01/Jul/2022:10:37:39 +0800] "GET /xingrg/javascript/AjaxInfoList.js HTTP/1.1" 200 3774
180.169.147.146 - - [01/Jul/2022:10:37:39 +0800] "GET /xingrg/dwr/engine.js HTTP/1.1" 200 43631
180.169.147.146 - - [01/Jul/2022:10:37:39 +0800] "GET /xingrg/javascript/Calendar.js HTTP/1.1" 200 31561
180.169.147.146 - - [01/Jul/2022:10:37:39 +0800] "GET /xingrg/dwr/util.js HTTP/1.1" 200 35990
180.169.147.146 - - [01/Jul/2022:10:37:39 +0800] "GET /xingrg/javascript/convert.js HTTP/1.1" 200 1239
180.169.147.146 - - [01/Jul/2022:10:37:39 +0800] "GET /xingrg/javascript/myfunction.js HTTP/1.1" 200 24559
180.169.147.146 - - [01/Jul/2022:10:37:39 +0800] "GET /xingrg/javascript/print/kc_print.js HTTP/1.1" 200 11415
180.169.147.146 - - [01/Jul/2022:10:37:39 +0800] "GET /xingrg/javascript/jquery_easy_ui/themes/icons/cance_new.png HTTP/1.1" 200 3986
180.169.147.146 - - [01/Jul/2022:10:37:39 +0800] "GET /xingrg/javascript/jquery_easy_ui/themes/icons/check_new.png HTTP/1.1" 200 3224
180.169.147.146 - - [01/Jul/2022:10:37:39 +0800] "GET /xingrg/javascript/jquery_easy_ui/themes/icons/print.png HTTP/1.1" 200 1057
180.169.147.146 - - [01/Jul/2022:10:37:39 +0800] "GET /xingrg/javascript/jquery_easy_ui/themes/default/images/menu_downarrow.png HTTP/1.1" 200 173
180.169.147.146 - - [01/Jul/2022:10:37:39 +0800] "GET /xingrg/javascript/jquery_easy_ui/themes/icons/back_new.png HTTP/1.1" 200 3414
180.169.147.146 - - [01/Jul/2022:10:37:39 +0800] "POST /xingrg/dwr/call/plaincall/AjaxCheckService.loadOrderItems.dwr HTTP/1.1" 200 5592
180.169.147.146 - - [01/Jul/2022:10:37:39 +0800] "GET /xingrg/javascript/jquery_easy_ui/themes/icons/no.png HTTP/1.1" 200 922
114.83.218.210 - - [01/Jul/2022:10:37:41 +0800] "GET /xingrg/all/function/internal_message.html?_=1656643060186&CODE_STATE=getMsg HTTP/1.1" 200 27
120.253.135.82 - - [01/Jul/2022:10:37:41 +0800] "GET /xingrg/kc/pszx/mdqp_order_list.html?state=10 HTTP/1.1" 200 10217
120.253.135.82 - - [01/Jul/2022:10:37:41 +0800] "GET /xingrg/dwr/interface/AjaxReportQueryService.js HTTP/1.1" 200 13203
120.253.135.82 - - [01/Jul/2022:10:37:41 +0800] "GET /xingrg/dwr/interface/AjaxQqpsService.js HTTP/1.1" 200 16326
120.253.135.82 - - [01/Jul/2022:10:37:41 +0800] "GET /xingrg/dwr/engine.js HTTP/1.1" 200 43631
180.169.147.146 - - [01/Jul/2022:10:37:43 +0800] "POST /xingrg/dwr/call/plaincall/AjaxCheckService.setItemNumber.dwr HTTP/1.1" 200 76
120.253.135.82 - - [01/Jul/2022:10:37:43 +0800] "GET /xingrg/kc/pszx/mdth_order_list.html HTTP/1.1" 200 18431
120.253.135.82 - - [01/Jul/2022:10:37:44 +0800] "POST /xingrg/kc/pszx/mdth_order_new_list.html HTTP/1.1" 200 4771
124.78.155.58 - - [01/Jul/2022:10:37:44 +0800] "GET /xingrg/kc/buy/cgsh_order_operate.html?command=get_materiel&rest_code=00106&code=00101004067&supplier_code=00100312&order_time=2022-07-01 HTTP/1.1" 200 413
180.169.147.146 - - [01/Jul/2022:10:37:44 +0800] "POST /xingrg/dwr/call/plaincall/AjaxCheckService.setItemNumber.dwr HTTP/1.1" 200 76
114.83.218.210 - - [01/Jul/2022:10:37:45 +0800] "GET /xingrg/kc/buy/cgsh_order_operate.html?command=get_materiel&rest_code=00149&code=00101007082&supplier_code=00100205&order_time=2022-07-01 HTTP/1.1" 200 429
180.169.147.146 - - [01/Jul/2022:10:37:45 +0800] "POST /xingrg/dwr/call/plaincall/AjaxCheckService.setItemNumber.dwr HTTP/1.1" 200 76
218.81.223.53 - - [01/Jul/2022:10:37:45 +0800] "GET /xingrg/all/function/internal_message.html?_=1656643083229&CODE_STATE=getMsg HTTP/1.1" 200 27
180.169.147.146 - - [01/Jul/2022:10:37:45 +0800] "POST /xingrg/dwr/call/plaincall/AjaxCheckService.setItemNumber.dwr HTTP/1.1" 200 76
180.169.147.146 - - [01/Jul/2022:10:37:46 +0800] "POST /xingrg/dwr/call/plaincall/AjaxCheckService.setItemNumber.dwr HTTP/1.1" 200 76
180.169.147.146 - - [01/Jul/2022:10:37:46 +0800] "POST /xingrg/dwr/call/plaincall/AjaxCheckService.setItemNumber.dwr HTTP/1.1" 200 76
120.253.135.82 - - [01/Jul/2022:10:37:46 +0800] "POST /xingrg/kc/pszx/mdth_order_new_list.html HTTP/1.1" 200 445
58.35.210.91 - - [01/Jul/2022:10:37:47 +0800] "POST /xingrg/services/DataTransmitService HTTP/1.1" 200 524
58.35.210.91 - - [01/Jul/2022:10:37:47 +0800] "POST /xingrg/services/DataTransmitService HTTP/1.1" 200 2147
180.169.147.146 - - [01/Jul/2022:10:37:47 +0800] "POST /xingrg/dwr/call/plaincall/AjaxCheckService.setItemNumber.dwr HTTP/1.1" 200 76
180.169.147.146 - - [01/Jul/2022:10:37:47 +0800] "POST /xingrg/dwr/call/plaincall/AjaxCheckService.setItemNumber.dwr HTTP/1.1" 200 76
58.35.210.91 - - [01/Jul/2022:10:37:47 +0800] "POST /xingrg/services/DataTransmitService HTTP/1.1" 200 524
101.85.95.26 - - [01/Jul/2022:10:37:48 +0800] "GET /xingrg/all/function/internal_message.html?_=1656643066195&CODE_STATE=getMsg HTTP/1.1" 200 27
58.35.210.91 - - [01/Jul/2022:10:37:48 +0800] "POST /xingrg/services/DataTransmitService HTTP/1.1" 200 2147
58.35.210.91 - - [01/Jul/2022:10:37:48 +0800] "POST /xingrg/services/DataTransmitService HTTP/1.1" 200 524
58.35.210.91 - - [01/Jul/2022:10:37:49 +0800] "POST /xingrg/services/DataTransmitService HTTP/1.1" 200 2147
58.35.210.91 - - [01/Jul/2022:10:37:49 +0800] "POST /xingrg/services/DataTransmitService HTTP/1.1" 200 524
58.35.210.91 - - [01/Jul/2022:10:37:49 +0800] "POST /xingrg/services/DataTransmitService HTTP/1.1" 200 2147
58.35.210.91 - - [01/Jul/2022:10:37:49 +0800] "POST /xingrg/services/DataTransmitService HTTP/1.1" 200 524
114.88.162.248 - - [01/Jul/2022:10:37:50 +0800] "POST /xingrg/kc/buy/cgsh_order_operate.html HTTP/1.1" 200 37
58.35.210.91 - - [01/Jul/2022:10:37:50 +0800] "POST /xingrg/services/DataTransmitService HTTP/1.1" 200 2147
58.35.210.91 - - [01/Jul/2022:10:37:50 +0800] "POST /xingrg/services/DataTransmitService HTTP/1.1" 200 524
58.35.210.91 - - [01/Jul/2022:10:37:50 +0800] "POST /xingrg/services/DataTransmitService HTTP/1.1" 200 2147
101.83.223.227 - - [01/Jul/2022:10:37:51 +0800] "GET /xingrg/kc/buy/cgsh_order_operate.html?command=get_materiel&rest_code=00150&code=00101008257&supplier_code=00100007&order_time=2022-07-01 HTTP/1.1" 200 416
180.169.147.146 - - [01/Jul/2022:10:37:51 +0800] "GET /xingrg/javascript/jquery_easy_ui/themes/default/images/button_plain_hover.png HTTP/1.1" 200 252
58.35.210.91 - - [01/Jul/2022:10:37:51 +0800] "POST /xingrg/services/DataTransmitService HTTP/1.1" 200 524
58.35.210.91 - - [01/Jul/2022:10:37:51 +0800] "POST /xingrg/services/DataTransmitService HTTP/1.1" 200 2147
58.35.210.91 - - [01/Jul/2022:10:37:51 +0800] "POST /xingrg/services/DataTransmitService HTTP/1.1" 200 524
58.35.210.91 - - [01/Jul/2022:10:37:52 +0800] "POST /xingrg/services/DataTransmitService HTTP/1.1" 200 2147
58.35.210.91 - - [01/Jul/2022:10:37:52 +0800] "POST /xingrg/services/DataTransmitService HTTP/1.1" 200 524
114.88.162.248 - - [01/Jul/2022:10:37:52 +0800] "POST /xingrg/kc/buy/cgsh_order_operate.html HTTP/1.1" 200 3266
58.35.210.91 - - [01/Jul/2022:10:37:52 +0800] "POST /xingrg/services/DataTransmitService HTTP/1.1" 200 2147
58.35.210.91 - - [01/Jul/2022:10:37:52 +0800] "POST /xingrg/services/DataTransmitService HTTP/1.1" 200 524
58.40.7.146 - - [01/Jul/2022:10:37:53 +0800] "GET /xingrg/login.html HTTP/1.1" 200 7641
58.40.7.146 - - [01/Jul/2022:10:37:53 +0800] "GET /xingrg/images/blue/jxLogo.png HTTP/1.1" 200 6156
58.35.210.91 - - [01/Jul/2022:10:37:53 +0800] "POST /xingrg/services/DataTransmitService HTTP/1.1" 200 2147
58.35.210.91 - - [01/Jul/2022:10:37:53 +0800] "POST /xingrg/services/DataTransmitService HTTP/1.1" 200 524
218.81.223.53 - - [01/Jul/2022:10:37:53 +0800] "GET /xingrg/all/function/internal_message.html?_=1656643088607&CODE_STATE=getMsg HTTP/1.1" 302 -
58.35.210.91 - - [01/Jul/2022:10:37:54 +0800] "POST /xingrg/services/DataTransmitService HTTP/1.1" 200 2147
58.40.7.146 - - [01/Jul/2022:10:37:54 +0800] "GET /xingrg/images/blue/hj.png HTTP/1.1" 200 1014
58.40.7.146 - - [01/Jul/2022:10:37:54 +0800] "GET /xingrg/images/blue/srbg.png HTTP/1.1" 200 138
58.40.7.146 - - [01/Jul/2022:10:37:54 +0800] "GET /xingrg/images/blue/login_bg.png HTTP/1.1" 200 22101
58.35.210.91 - - [01/Jul/2022:10:37:54 +0800] "POST /xingrg/services/DataTransmitService HTTP/1.1" 200 524
58.40.7.146 - - [01/Jul/2022:10:37:54 +0800] "GET /favicon.ico HTTP/1.1" 404 -
114.88.162.248 - - [01/Jul/2022:10:37:54 +0800] "GET /xingrg/kc/print/load_data.html?order_code=212022070100073&kc_code=cgsh&condition= HTTP/1.1" 200 976
58.35.210.91 - - [01/Jul/2022:10:37:54 +0800] "POST /xingrg/services/DataTransmitService HTTP/1.1" 200 2147
58.35.210.91 - - [01/Jul/2022:10:37:54 +0800] "POST /xingrg/services/DataTransmitService HTTP/1.1" 200 524
58.35.210.91 - - [01/Jul/2022:10:37:55 +0800] "POST /xingrg/services/DataTransmitService HTTP/1.1" 200 2147
58.35.210.91 - - [01/Jul/2022:10:37:55 +0800] "POST /xingrg/services/DataTransmitService HTTP/1.1" 200 524
58.35.210.91 - - [01/Jul/2022:10:37:55 +0800] "POST /xingrg/services/DataTransmitService HTTP/1.1" 200 2147
58.35.210.91 - - [01/Jul/2022:10:37:56 +0800] "POST /xingrg/services/DataTransmitService HTTP/1.1" 200 524
58.35.210.91 - - [01/Jul/2022:10:37:56 +0800] "POST /xingrg/services/DataTransmitService HTTP/1.1" 200 2147
58.35.210.91 - - [01/Jul/2022:10:37:56 +0800] "POST /xingrg/services/DataTransmitService HTTP/1.1" 200 524
58.35.210.91 - - [01/Jul/2022:10:37:56 +0800] "POST /xingrg/services/DataTransmitService HTTP/1.1" 200 2147
58.35.210.91 - - [01/Jul/2022:10:37:57 +0800] "POST /xingrg/services/DataTransmitService HTTP/1.1" 200 524
58.35.210.91 - - [01/Jul/2022:10:37:57 +0800] "POST /xingrg/services/DataTransmitService HTTP/1.1" 200 2147
58.35.210.91 - - [01/Jul/2022:10:37:57 +0800] "POST /xingrg/services/DataTransmitService HTTP/1.1" 200 524
58.35.210.91 - - [01/Jul/2022:10:37:58 +0800] "POST /xingrg/services/DataTransmitService HTTP/1.1" 200 2147
58.35.210.91 - - [01/Jul/2022:10:37:58 +0800] "POST /xingrg/services/DataTransmitService HTTP/1.1" 200 524
58.35.210.91 - - [01/Jul/2022:10:37:58 +0800] "POST /xingrg/services/DataTransmitService HTTP/1.1" 200 2147
114.83.218.210 - - [01/Jul/2022:10:37:58 +0800] "GET /xingrg/kc/buy/cgsh_order_operate.html?command=get_materiel&rest_code=00149&code=00101007085&supplier_code=00100205&order_time=2022-07-01 HTTP/1.1" 200 413
58.35.210.91 - - [01/Jul/2022:10:37:59 +0800] "POST /xingrg/services/DataTransmitService HTTP/1.1" 200 524
180.169.147.146 - - [01/Jul/2022:10:37:59 +0800] "POST /xingrg/dwr/call/plaincall/AjaxCheckService.checkOrder.dwr HTTP/1.1" 200 78
58.40.7.146 - - [01/Jul/2022:10:37:59 +0800] "POST /xingrg/login.do HTTP/1.1" 302 -
58.35.210.91 - - [01/Jul/2022:10:37:59 +0800] "POST /xingrg/services/DataTransmitService HTTP/1.1" 200 2147
58.40.7.146 - - [01/Jul/2022:10:37:59 +0800] "GET /xingrg/javascript/jquery_easy_ui/themes/icon.css HTTP/1.1" 200 3949
58.40.7.146 - - [01/Jul/2022:10:37:59 +0800] "GET /xingrg/css/form.css HTTP/1.1" 200 893
58.40.7.146 - - [01/Jul/2022:10:37:59 +0800] "GET /xingrg/javascript/jquery-1.4.2.min.js HTTP/1.1" 200 72205
58.40.7.146 - - [01/Jul/2022:10:37:59 +0800] "GET /xingrg/javascript/jquery_easy_ui/easyui-lang-zh_CN.js HTTP/1.1" 200 1900
58.40.7.146 - - [01/Jul/2022:10:37:59 +0800] "GET /xingrg/javascript/jquery_easy_ui/jquery.easyui.min.js HTTP/1.1" 200 213662
58.40.7.146 - - [01/Jul/2022:10:37:59 +0800] "GET /xingrg/javascript/jquery.timers.js HTTP/1.1" 200 3532
58.40.7.146 - - [01/Jul/2022:10:37:59 +0800] "GET /xingrg/index.html?sysBaseUrl=http%3A%2F%2F180.169.147.146%3A18081%2Fxingrg%2F&costTime=61×tamp=1656643079391 HTTP/1.1" 200 17419
58.40.7.146 - - [01/Jul/2022:10:37:59 +0800] "GET /xingrg/javascript/jquery.utils.js HTTP/1.1" 200 11805
58.40.7.146 - - [01/Jul/2022:10:37:59 +0800] "GET /xingrg/javascript/jquery.form.js HTTP/1.1" 200 23110
58.40.7.146 - - [01/Jul/2022:10:37:59 +0800] "GET /xingrg/javascript/jquery_easy_ui/themes/default/easyui.css HTTP/1.1" 200 26500
58.40.7.146 - - [01/Jul/2022:10:37:59 +0800] "GET /favicon.ico HTTP/1.1" 404 -
58.40.7.146 - - [01/Jul/2022:10:37:59 +0800] "GET /xingrg/javascript/jquery_easy_ui/themes/icons/settle_new.png HTTP/1.1" 200 826
58.40.7.146 - - [01/Jul/2022:10:37:59 +0800] "GET /xingrg/images/blue/navBackgound.jpg HTTP/1.1" 200 12378
58.40.7.146 - - [01/Jul/2022:10:37:59 +0800] "POST /xingrg/all/common/load_tree.html?tree=area_rest_tree_json&manage=1 HTTP/1.1" 200 476
58.40.7.146 - - [01/Jul/2022:10:37:59 +0800] "GET /xingrg/check_reg.html?_=1656643100203 HTTP/1.1" 200 22
58.40.7.146 - - [01/Jul/2022:10:37:59 +0800] "GET /xingrg/images/blue/pingpu.png HTTP/1.1" 200 231
58.40.7.146 - - [01/Jul/2022:10:37:59 +0800] "GET /xingrg/javascript/jquery_easy_ui/themes/default/images/tabs_leftarrow.png HTTP/1.1" 200 389
58.40.7.146 - - [01/Jul/2022:10:37:59 +0800] "GET /xingrg/javascript/jquery_easy_ui/themes/default/images/tabs_rightarrow.png HTTP/1.1" 200 395
58.40.7.146 - - [01/Jul/2022:10:37:59 +0800] "GET /xingrg/all/function/internal_message.html?_=1656643100202&CODE_STATE=count HTTP/1.1" 200 11
58.40.7.146 - - [01/Jul/2022:10:37:59 +0800] "GET /xingrg/javascript/jquery_easy_ui/themes/default/images/panel_tool_expand.gif HTTP/1.1" 200 247
58.40.7.146 - - [01/Jul/2022:10:37:59 +0800] "GET /xingrg/javascript/jquery_easy_ui/themes/default/images/panel_tool_collapse.gif HTTP/1.1" 200 246
58.40.7.146 - - [01/Jul/2022:10:38:00 +0800] "POST /xingrg/load_menu.html HTTP/1.1" 200 9959
58.40.7.146 - - [01/Jul/2022:10:38:00 +0800] "GET /xingrg/javascript/jquery_easy_ui/themes/default/images/tree_arrows.gif HTTP/1.1" 200 1043
58.40.7.146 - - [01/Jul/2022:10:38:00 +0800] "GET /xingrg/javascript/jquery_easy_ui/themes/default/images/tree_folder_open.gif HTTP/1.1" 200 956
58.40.7.146 - - [01/Jul/2022:10:38:00 +0800] "GET /xingrg/javascript/jquery_easy_ui/themes/icons/search_new.png HTTP/1.1" 200 586
58.40.7.146 - - [01/Jul/2022:10:38:00 +0800] "GET /xingrg/javascript/jquery_easy_ui/themes/default/images/tree_folder.gif HTTP/1.1" 200 952
58.40.7.146 - - [01/Jul/2022:10:38:00 +0800] "GET /xingrg/javascript/jquery_easy_ui/themes/icons/storage_new.png HTTP/1.1" 200 853
58.40.7.146 - - [01/Jul/2022:10:38:00 +0800] "GET /xingrg/javascript/jquery_easy_ui/themes/icons/checkout_new.png HTTP/1.1" 200 744
58.40.7.146 - - [01/Jul/2022:10:38:00 +0800] "GET /xingrg/javascript/jquery_easy_ui/themes/icons/forms_new.png HTTP/1.1" 200 350
58.40.7.146 - - [01/Jul/2022:10:38:00 +0800] "GET /xingrg/javascript/jquery_easy_ui/themes/icons/setting_new.png HTTP/1.1" 200 450
58.40.7.146 - - [01/Jul/2022:10:38:00 +0800] "GET /xingrg/javascript/jquery_easy_ui/themes/icons/systemset_new.png HTTP/1.1" 200 606
58.40.7.146 - - [01/Jul/2022:10:38:00 +0800] "GET /xingrg/javascript/jquery_easy_ui/themes/default/images/tree_file.gif HTTP/1.1" 200 118
120.253.135.82 - - [01/Jul/2022:10:38:02 +0800] "GET /xingrg/all/function/internal_message.html?_=1656643211096&CODE_STATE=getMsg HTTP/1.1" 200 27
114.88.162.248 - - [01/Jul/2022:10:38:02 +0800] "GET /xingrg/kc/buy/cgsh_order_add.html HTTP/1.1" 200 67832
58.40.7.146 - - [01/Jul/2022:10:38:02 +0800] "POST /xingrg/load_menu.html HTTP/1.1" 200 9242
114.88.162.248 - - [01/Jul/2022:10:38:02 +0800] "POST /xingrg/kc/buy/cgsh_order_operate.html HTTP/1.1" 200 8245
114.88.162.248 - - [01/Jul/2022:10:38:02 +0800] "GET /xingrg/javascript/easyui/themes/default/validatebox.css HTTP/1.1" 404 1104
58.40.7.146 - - [01/Jul/2022:10:38:03 +0800] "GET /xingrg/javascript/jquery_easy_ui/themes/default/images/tabs_close.gif HTTP/1.1" 200 829
58.40.7.146 - - [01/Jul/2022:10:38:03 +0800] "GET /xingrg/javascript/multi_select/jqueryMultiSelect.css HTTP/1.1" 200 951
58.40.7.146 - - [01/Jul/2022:10:38:03 +0800] "GET /xingrg/all/report/report_query.html?fileName=dma/new_5.0/yingye/order_list.xml HTTP/1.1" 200 55281
58.40.7.146 - - [01/Jul/2022:10:38:03 +0800] "GET /xingrg/javascript/calendar/timePicker.css HTTP/1.1" 200 523
58.40.7.146 - - [01/Jul/2022:10:38:03 +0800] "GET /xingrg/css/blue.css HTTP/1.1" 200 15949
58.40.7.146 - - [01/Jul/2022:10:38:03 +0800] "GET /xingrg/javascript/bigrid/fix.css HTTP/1.1" 200 1702
58.40.7.146 - - [01/Jul/2022:10:38:03 +0800] "GET /xingrg/javascript/pic_change.js HTTP/1.1" 200 4739
58.40.7.146 - - [01/Jul/2022:10:38:03 +0800] "GET /xingrg/dwr/interface/AjaxReportQueryService.js HTTP/1.1" 200 13203
58.40.7.146 - - [01/Jul/2022:10:38:03 +0800] "GET /xingrg/dwr/util.js HTTP/1.1" 200 35990
58.40.7.146 - - [01/Jul/2022:10:38:03 +0800] "GET /xingrg/javascript/myfunction.js HTTP/1.1" 200 24559
58.40.7.146 - - [01/Jul/2022:10:38:03 +0800] "GET /xingrg/javascript/calendar/jquery.timePicker.min.js HTTP/1.1" 200 2997
58.40.7.146 - - [01/Jul/2022:10:38:03 +0800] "GET /xingrg/javascript/bigrid/fix.js HTTP/1.1" 200 6439
58.40.7.146 - - [01/Jul/2022:10:38:03 +0800] "GET /xingrg/dwr/engine.js HTTP/1.1" 200 43631
58.40.7.146 - - [01/Jul/2022:10:38:03 +0800] "GET /xingrg/javascript/jqueryMultiSelect.js HTTP/1.1" 200 11866
58.40.7.146 - - [01/Jul/2022:10:38:03 +0800] "GET /xingrg/javascript/Calendar.js HTTP/1.1" 200 31561
58.40.7.146 - - [01/Jul/2022:10:38:03 +0800] "GET /xingrg/images/blue/button/advanceover.gif HTTP/1.1" 200 1347
58.40.7.146 - - [01/Jul/2022:10:38:03 +0800] "GET /xingrg/images/blue/button/advance2over.gif HTTP/1.1" 200 1336
58.40.7.146 - - [01/Jul/2022:10:38:03 +0800] "GET /xingrg/images/blue/button/back2over.gif HTTP/1.1" 200 1335
58.40.7.146 - - [01/Jul/2022:10:38:03 +0800] "GET /xingrg/images/blue/button/backover.gif HTTP/1.1" 200 1348
58.40.7.146 - - [01/Jul/2022:10:38:03 +0800] "GET /xingrg/images/control/loading.gif HTTP/1.1" 200 13463
58.40.7.146 - - [01/Jul/2022:10:38:03 +0800] "GET /xingrg/javascript/jquery_easy_ui/themes/icons/help.png HTTP/1.1" 200 1187
58.40.7.146 - - [01/Jul/2022:10:38:03 +0800] "GET /xingrg/javascript/jquery_easy_ui/themes/default/images/menu_downarrow.png HTTP/1.1" 200 173
58.40.7.146 - - [01/Jul/2022:10:38:03 +0800] "GET /xingrg/javascript/jquery_easy_ui/themes/default/images/button_a_bg.gif HTTP/1.1" 200 1194
58.40.7.146 - - [01/Jul/2022:10:38:03 +0800] "GET /xingrg/javascript/jquery_easy_ui/themes/default/images/menu.gif HTTP/1.1" 200 834
58.40.7.146 - - [01/Jul/2022:10:38:03 +0800] "GET /xingrg/javascript/jquery_easy_ui/themes/icons/print.png HTTP/1.1" 200 1057
58.40.7.146 - - [01/Jul/2022:10:38:03 +0800] "GET /xingrg/javascript/jquery_easy_ui/themes/icons/pencil.png HTTP/1.1" 200 713
58.40.7.146 - - [01/Jul/2022:10:38:03 +0800] "GET /xingrg/javascript/jquery_easy_ui/themes/default/images/menu_rightarrow.png HTTP/1.1" 200 3617
58.40.7.146 - - [01/Jul/2022:10:38:03 +0800] "POST /xingrg/dwr/call/plaincall/AjaxReportQueryService.getFixDate.dwr HTTP/1.1" 200 111
58.40.7.146 - - [01/Jul/2022:10:38:03 +0800] "GET /xingrg/javascript/jquery_easy_ui/themes/default/images/combo_arrow_dot.gif HTTP/1.1" 200 79
58.40.7.146 - - [01/Jul/2022:10:38:03 +0800] "POST /xingrg/all/common/load_tree.html?tree=area_station_tree_json&manage=1 HTTP/1.1" 200 468
58.40.7.146 - - [01/Jul/2022:10:38:03 +0800] "GET /xingrg/javascript/jquery_easy_ui/themes/default/images/tree_checkbox_0.gif HTTP/1.1" 200 168
58.40.7.146 - - [01/Jul/2022:10:38:03 +0800] "GET /xingrg/javascript/jquery_easy_ui/themes/icons/rest.png HTTP/1.1" 200 695
58.40.7.146 - - [01/Jul/2022:10:38:03 +0800] "GET /xingrg/javascript/jquery_easy_ui/themes/icons/area.png HTTP/1.1" 200 262
58.40.7.146 - - [01/Jul/2022:10:38:03 +0800] "POST /xingrg/dwr/call/plaincall/AjaxReportQueryService.getInitString.dwr HTTP/1.1" 200 76
58.40.7.146 - - [01/Jul/2022:10:38:04 +0800] "GET /xingrg/javascript/multi_select/dropdown.gif HTTP/1.1" 200 61
101.83.223.227 - - [01/Jul/2022:10:38:04 +0800] "GET /xingrg/kc/buy/cgsh_order_operate.html?command=get_materiel&rest_code=00150&code=00101008185&supplier_code=00100007&order_time=2022-07-01 HTTP/1.1" 200 408
180.162.222.201 - - [01/Jul/2022:10:38:05 +0800] "GET /xingrg/all/function/internal_message.html?_=1656643087116&CODE_STATE=getMsg HTTP/1.1" 200 27
180.169.147.146 - - [01/Jul/2022:10:38:07 +0800] "GET /xingrg/kc/base/check_order_info.html?code=452022062900265 HTTP/1.1" 200 23126
180.169.147.146 - - [01/Jul/2022:10:38:07 +0800] "GET /xingrg/dwr/interface/AjaxCheckService.js HTTP/1.1" 200 14003
180.169.147.146 - - [01/Jul/2022:10:38:07 +0800] "GET /xingrg/dwr/interface/AjaxComOrderService.js HTTP/1.1" 200 18264
180.169.147.146 - - [01/Jul/2022:10:38:07 +0800] "GET /xingrg/dwr/engine.js HTTP/1.1" 200 43631
180.169.147.146 - - [01/Jul/2022:10:38:07 +0800] "GET /xingrg/javascript/jquery_easy_ui/themes/icons/uncheck_new.png HTTP/1.1" 200 3197
180.169.147.146 - - [01/Jul/2022:10:38:07 +0800] "GET /xingrg/javascript/jquery_easy_ui/themes/icons/exam_new.png HTTP/1.1" 200 756
180.169.147.146 - - [01/Jul/2022:10:38:07 +0800] "POST /xingrg/dwr/call/plaincall/AjaxCheckService.loadOrderItems.dwr HTTP/1.1" 200 2751
180.162.222.201 - - [01/Jul/2022:10:38:08 +0800] "POST /xingrg/dwr/call/plaincall/AjaxCheckService.setItemNumber.dwr HTTP/1.1" 200 76
58.40.7.146 - - [01/Jul/2022:10:38:08 +0800] "GET /xingrg/javascript/multi_select/dropdown_hover.gif HTTP/1.1" 200 61
58.35.196.166 - - [01/Jul/2022:10:38:09 +0800] "GET /xingrg/all/function/internal_message.html?_=1656643086590&CODE_STATE=getMsg HTTP/1.1" 200 27
120.253.135.82 - - [01/Jul/2022:10:38:09 +0800] "GET /xingrg/all/function/internal_message.html?_=1656642899072&CODE_STATE=getMsg HTTP/1.1" 200 27
180.169.147.146 - - [01/Jul/2022:10:38:10 +0800] "POST /xingrg/all/user/operate.html HTTP/1.1" 200 36
180.169.147.146 - - [01/Jul/2022:10:38:10 +0800] "GET /xingrg/javascript/jquery_easy_ui/themes/default/easyui.css HTTP/1.1" 304 -
180.169.147.146 - - [01/Jul/2022:10:38:10 +0800] "GET /xingrg/javascript/jquery_easy_ui/themes/icon.css HTTP/1.1" 304 -
180.169.147.146 - - [01/Jul/2022:10:38:11 +0800] "GET /xingrg/css/form.css HTTP/1.1" 304 -
180.169.147.146 - - [01/Jul/2022:10:38:11 +0800] "GET /xingrg/index.html?sysBaseUrl=http%3A%2F%2F180.169.147.146%3A18081%2Fxingrg%2F&costTime=180×tamp=1656643021817 HTTP/1.1" 200 17503
180.169.147.146 - - [01/Jul/2022:10:38:11 +0800] "GET /xingrg/javascript/jquery-1.4.2.min.js HTTP/1.1" 304 -
180.169.147.146 - - [01/Jul/2022:10:38:11 +0800] "GET /xingrg/javascript/jquery_easy_ui/jquery.easyui.min.js HTTP/1.1" 304 -
180.169.147.146 - - [01/Jul/2022:10:38:11 +0800] "GET /xingrg/javascript/jquery_easy_ui/easyui-lang-zh_CN.js HTTP/1.1" 304 -
180.169.147.146 - - [01/Jul/2022:10:38:11 +0800] "GET /xingrg/javascript/jquery.form.js HTTP/1.1" 304 -
180.169.147.146 - - [01/Jul/2022:10:38:11 +0800] "GET /xingrg/javascript/jquery.utils.js HTTP/1.1" 304 -
180.169.147.146 - - [01/Jul/2022:10:38:11 +0800] "GET /xingrg/javascript/jquery.timers.js HTTP/1.1" 304 -
180.169.147.146 - - [01/Jul/2022:10:38:11 +0800] "GET /xingrg/images/blue/jxLogo.png HTTP/1.1" 304 -
180.169.147.146 - - [01/Jul/2022:10:38:11 +0800] "GET /xingrg/javascript/jquery_easy_ui/themes/icons/settle_new.png HTTP/1.1" 304 -
180.169.147.146 - - [01/Jul/2022:10:38:11 +0800] "GET /xingrg/images/blue/navBackgound.jpg HTTP/1.1" 304 -
180.169.147.146 - - [01/Jul/2022:10:38:11 +0800] "POST /xingrg/all/common/load_tree.html?tree=area_rest_tree_json&manage=1 HTTP/1.1" 200 2091
180.169.147.146 - - [01/Jul/2022:10:38:11 +0800] "GET /xingrg/all/function/internal_message.html?_=1656643089719&CODE_STATE=count HTTP/1.1" 200 11
180.169.147.146 - - [01/Jul/2022:10:38:11 +0800] "GET /xingrg/check_reg.html?_=1656643089720 HTTP/1.1" 200 22
180.169.147.146 - - [01/Jul/2022:10:38:11 +0800] "GET /xingrg/javascript/jquery_easy_ui/themes/default/images/panel_tool_expand.gif HTTP/1.1" 304 -
180.169.147.146 - - [01/Jul/2022:10:38:11 +0800] "GET /xingrg/images/blue/pingpu.png HTTP/1.1" 304 -
180.169.147.146 - - [01/Jul/2022:10:38:11 +0800] "GET /xingrg/javascript/jquery_easy_ui/themes/default/images/panel_tool_collapse.gif HTTP/1.1" 304 -
180.169.147.146 - - [01/Jul/2022:10:38:11 +0800] "GET /xingrg/javascript/jquery_easy_ui/themes/default/images/tabs_leftarrow.png HTTP/1.1" 304 -
180.169.147.146 - - [01/Jul/2022:10:38:11 +0800] "GET /xingrg/javascript/jquery_easy_ui/themes/default/images/tabs_rightarrow.png HTTP/1.1" 304 -
180.169.147.146 - - [01/Jul/2022:10:38:11 +0800] "POST /xingrg/load_menu.html HTTP/1.1" 200 9959
180.169.147.146 - - [01/Jul/2022:10:38:12 +0800] "GET /xingrg/all/function/internal_message.html?_=1656643088771&CODE_STATE=getMsg HTTP/1.1" 200 27
101.85.238.90 - - [01/Jul/2022:10:38:12 +0800] "GET /xingrg/all/function/internal_message.html?_=1656643162048&CODE_STATE=getMsg HTTP/1.1" 200 27
114.83.218.210 - - [01/Jul/2022:10:38:12 +0800] "GET /xingrg/kc/buy/cgsh_order_operate.html?command=get_materiel&rest_code=00149&code=00101007059&supplier_code=00100205&order_time=2022-07-01 HTTP/1.1" 200 411
101.83.223.227 - - [01/Jul/2022:10:38:12 +0800] "GET /xingrg/kc/buy/cgsh_order_operate.html?command=get_materiel&rest_code=00150&code=00101008125&supplier_code=00100007&order_time=2022-07-01 HTTP/1.1" 200 413
180.169.147.146 - - [01/Jul/2022:10:38:15 +0800] "GET /xingrg/kc/base/check_order_list.html HTTP/1.1" 200 16522
180.169.147.146 - - [01/Jul/2022:10:38:15 +0800] "POST /xingrg/kc/base/check_list_operate.html HTTP/1.1" 200 3792
124.78.155.58 - - [01/Jul/2022:10:38:15 +0800] "GET /xingrg/all/function/internal_message.html?_=1656643097004&CODE_STATE=getMsg HTTP/1.1" 200 27
180.169.147.146 - - [01/Jul/2022:10:38:17 +0800] "GET /xingrg/all/function/internal_message.html?_=1656643096843&CODE_STATE=getMsg HTTP/1.1" 200 27
180.162.222.201 - - [01/Jul/2022:10:38:17 +0800] "POST /xingrg/dwr/call/plaincall/AjaxCheckService.setItemNumber.dwr HTTP/1.1" 200 76
180.162.222.201 - - [01/Jul/2022:10:38:18 +0800] "GET /xingrg/all/function/internal_message.html?_=1656643002281&CODE_STATE=getMsg HTTP/1.1" 200 27
180.162.222.201 - - [01/Jul/2022:10:38:19 +0800] "POST /xingrg/dwr/call/plaincall/AjaxCheckService.setItemNumber.dwr HTTP/1.1" 200 76
180.169.147.146 - - [01/Jul/2022:10:38:19 +0800] "GET /xingrg/javascript/easyui/themes/default/images/button_plain_hover.png HTTP/1.1" 200 144
114.88.162.248 - - [01/Jul/2022:10:38:20 +0800] "GET /xingrg/kc/buy/cgsh_order_operate.html?command=get_materiel&rest_code=00111&code=00101004030&supplier_code=00100312&order_time=2022-07-01 HTTP/1.1" 200 429
180.169.147.146 - - [01/Jul/2022:10:38:20 +0800] "GET /xingrg/kc/base/check_order_add.html HTTP/1.1" 200 26518
180.169.147.146 - - [01/Jul/2022:10:38:20 +0800] "GET /xingrg/dwr/interface/AjaxCheckService.js HTTP/1.1" 200 14003
180.169.147.146 - - [01/Jul/2022:10:38:20 +0800] "GET /xingrg/dwr/interface/AjaxComOrderService.js HTTP/1.1" 200 18264
180.169.147.146 - - [01/Jul/2022:10:38:20 +0800] "GET /xingrg/dwr/engine.js HTTP/1.1" 200 43631
180.162.222.201 - - [01/Jul/2022:10:38:21 +0800] "POST /xingrg/dwr/call/plaincall/AjaxCheckService.setItemNumber.dwr HTTP/1.1" 200 76
180.162.222.201 - - [01/Jul/2022:10:38:22 +0800] "POST /xingrg/dwr/call/plaincall/AjaxCheckService.setItemNumber.dwr HTTP/1.1" 200 77
101.83.223.227 - - [01/Jul/2022:10:38:22 +0800] "GET /xingrg/kc/buy/cgsh_order_operate.html?command=get_materiel&rest_code=00150&code=00101008355&supplier_code=00100007&order_time=2022-07-01 HTTP/1.1" 200 408
180.162.222.201 - - [01/Jul/2022:10:38:23 +0800] "POST /xingrg/dwr/call/plaincall/AjaxCheckService.setItemNumber.dwr HTTP/1.1" 200 77
180.169.147.146 - - [01/Jul/2022:10:38:24 +0800] "GET /xingrg/all/function/internal_message.html?_=1656643097708&CODE_STATE=getMsg HTTP/1.1" 200 27
180.162.222.201 - - [01/Jul/2022:10:38:26 +0800] "POST /xingrg/dwr/call/plaincall/AjaxCheckService.setItemNumber.dwr HTTP/1.1" 200 77
116.230.110.173 - - [01/Jul/2022:10:38:26 +0800] "GET /xingrg/all/function/internal_message.html?_=1656643102190&CODE_STATE=getMsg HTTP/1.1" 200 27
114.83.218.210 - - [01/Jul/2022:10:38:27 +0800] "POST /xingrg/kc/buy/cgsh_order_operate.html HTTP/1.1" 200 37
180.162.222.201 - - [01/Jul/2022:10:38:27 +0800] "POST /xingrg/dwr/call/plaincall/AjaxCheckService.setItemNumber.dwr HTTP/1.1" 200 77
180.169.147.146 - - [01/Jul/2022:10:38:28 +0800] "GET /xingrg/all/function/internal_message.html?_=1656643106715&CODE_STATE=getMsg HTTP/1.1" 200 27
180.162.222.201 - - [01/Jul/2022:10:38:28 +0800] "POST /xingrg/dwr/call/plaincall/AjaxCheckService.setItemNumber.dwr HTTP/1.1" 200 77
180.162.222.201 - - [01/Jul/2022:10:38:29 +0800] "POST /xingrg/dwr/call/plaincall/AjaxCheckService.setItemNumber.dwr HTTP/1.1" 200 77
180.162.222.201 - - [01/Jul/2022:10:38:30 +0800] "POST /xingrg/dwr/call/plaincall/AjaxCheckService.setItemNumber.dwr HTTP/1.1" 200 77
180.162.222.201 - - [01/Jul/2022:10:38:31 +0800] "POST /xingrg/dwr/call/plaincall/AjaxCheckService.setItemNumber.dwr HTTP/1.1" 200 77
180.169.147.146 - - [01/Jul/2022:10:38:32 +0800] "POST /xingrg/dwr/call/plaincall/AjaxCheckService.saveOrder.dwr HTTP/1.1" 200 78
101.83.223.227 - - [01/Jul/2022:10:38:32 +0800] "GET /xingrg/all/function/internal_message.html?_=1656643058723&CODE_STATE=getMsg HTTP/1.1" 200 27
114.88.162.248 - - [01/Jul/2022:10:38:32 +0800] "POST /xingrg/kc/buy/cgsh_order_operate.html HTTP/1.1" 200 37
180.162.222.201 - - [01/Jul/2022:10:38:33 +0800] "POST /xingrg/dwr/call/plaincall/AjaxCheckService.setItemNumber.dwr HTTP/1.1" 200 77
180.162.115.11 - - [01/Jul/2022:10:38:33 +0800] "GET /xingrg/all/function/internal_message.html?_=1656642340431&CODE_STATE=getMsg HTTP/1.1" 200 27
180.169.147.146 - - [01/Jul/2022:10:38:33 +0800] "POST /xingrg/dwr/call/plaincall/AjaxCheckService.loadOrderItems.dwr HTTP/1.1" 200 367
101.83.223.227 - - [01/Jul/2022:10:38:34 +0800] "GET /xingrg/kc/buy/cgsh_order_operate.html?command=get_materiel&rest_code=00150&code=00101008004&supplier_code=00100007&order_time=2022-07-01 HTTP/1.1" 200 416
180.169.147.146 - - [01/Jul/2022:10:38:34 +0800] "GET /xingrg/javascript/jquery_easy_ui/themes/icons/pencil.png HTTP/1.1" 200 713
114.83.218.210 - - [01/Jul/2022:10:38:36 +0800] "POST /xingrg/kc/buy/cgsh_order_operate.html HTTP/1.1" 200 12
116.233.77.233 - - [01/Jul/2022:10:38:36 +0800] "GET /xingrg/all/function/internal_message.html?_=1656643122443&CODE_STATE=getMsg HTTP/1.1" 200 27
116.233.77.233 - - [01/Jul/2022:10:38:36 +0800] "GET /xingrg/check_reg.html?_=1656643122453 HTTP/1.1" 200 22
180.162.222.201 - - [01/Jul/2022:10:38:36 +0800] "POST /xingrg/dwr/call/plaincall/AjaxCheckService.setItemNumber.dwr HTTP/1.1" 200 77
114.88.162.248 - - [01/Jul/2022:10:38:37 +0800] "POST /xingrg/kc/buy/cgsh_order_operate.html HTTP/1.1" 200 2655
114.83.218.210 - - [01/Jul/2022:10:38:37 +0800] "GET /xingrg/kc/buy/cgsh_order_info.html?code=212022070100074 HTTP/1.1" 200 62865
180.162.222.201 - - [01/Jul/2022:10:38:37 +0800] "POST /xingrg/dwr/call/plaincall/AjaxCheckService.setItemNumber.dwr HTTP/1.1" 200 77
114.83.218.210 - - [01/Jul/2022:10:38:38 +0800] "GET /xingrg/javascript/easyui/themes/default/validatebox.css HTTP/1.1" 404 1104
114.88.162.248 - - [01/Jul/2022:10:38:38 +0800] "GET /xingrg/kc/print/load_data.html?order_code=212022070100075&kc_code=cgsh&condition= HTTP/1.1" 200 667
180.162.222.201 - - [01/Jul/2022:10:38:38 +0800] "POST /xingrg/dwr/call/plaincall/AjaxCheckService.setItemNumber.dwr HTTP/1.1" 200 77
180.162.222.201 - - [01/Jul/2022:10:38:39 +0800] "POST /xingrg/dwr/call/plaincall/AjaxCheckService.setItemNumber.dwr HTTP/1.1" 200 77
114.83.218.210 - - [01/Jul/2022:10:38:39 +0800] "POST /xingrg/kc/buy/cgsh_order_operate.html HTTP/1.1" 200 2396
101.83.223.227 - - [01/Jul/2022:10:38:39 +0800] "POST /xingrg/services/DataTransmitService HTTP/1.1" 401 565
101.83.223.227 - - [01/Jul/2022:10:38:39 +0800] "POST /xingrg/services/DataTransmitService HTTP/1.1" 200 478
101.83.223.227 - - [01/Jul/2022:10:38:39 +0800] "POST /xingrg/services/DataTransmitService HTTP/1.1" 200 1319
101.83.223.227 - - [01/Jul/2022:10:38:39 +0800] "POST /xingrg/services/DataTransmitService HTTP/1.1" 200 478
101.83.223.227 - - [01/Jul/2022:10:38:39 +0800] "POST /xingrg/services/DataTransmitService HTTP/1.1" 200 1319
101.83.223.227 - - [01/Jul/2022:10:38:39 +0800] "POST /xingrg/services/DataTransmitService HTTP/1.1" 200 524
180.162.222.201 - - [01/Jul/2022:10:38:40 +0800] "POST /xingrg/dwr/call/plaincall/AjaxCheckService.setItemNumber.dwr HTTP/1.1" 200 77
101.83.223.227 - - [01/Jul/2022:10:38:40 +0800] "POST /xingrg/services/DataTransmitService HTTP/1.1" 200 2167
180.169.147.146 - - [01/Jul/2022:10:38:40 +0800] "POST /xingrg/dwr/call/plaincall/AjaxCheckService.importOrderItems.dwr HTTP/1.1" 200 78
114.83.218.210 - - [01/Jul/2022:10:38:41 +0800] "GET /xingrg/all/function/internal_message.html?_=1656643120172&CODE_STATE=getMsg HTTP/1.1" 200 27
114.83.218.210 - - [01/Jul/2022:10:38:41 +0800] "GET /xingrg/check_reg.html?_=1656643120228 HTTP/1.1" 200 22
101.83.223.227 - - [01/Jul/2022:10:38:41 +0800] "POST /xingrg/services/DataTransmitService HTTP/1.1" 200 130732
114.83.218.210 - - [01/Jul/2022:10:38:41 +0800] "GET /xingrg/kc/print/load_data.html?order_code=212022070100074&kc_code=cgsh&condition= HTTP/1.1" 200 1383
180.162.222.201 - - [01/Jul/2022:10:38:42 +0800] "POST /xingrg/dwr/call/plaincall/AjaxCheckService.setItemNumber.dwr HTTP/1.1" 200 77
124.78.155.58 - - [01/Jul/2022:10:38:42 +0800] "GET /xingrg/kc/buy/cgsh_order_operate.html?command=get_materiel&rest_code=00106&code=00101004024&supplier_code=00100312&order_time=2022-07-01 HTTP/1.1" 200 411
101.83.223.227 - - [01/Jul/2022:10:38:43 +0800] "GET /xingrg/kc/buy/cgsh_order_operate.html?command=get_materiel&rest_code=00150&code=00101008321&supplier_code=00100007&order_time=2022-07-01 HTTP/1.1" 200 412
180.169.147.146 - - [01/Jul/2022:10:38:44 +0800] "POST /xingrg/dwr/call/plaincall/AjaxCheckService.loadOrderItems.dwr HTTP/1.1" 200 1674
218.81.223.53 - - [01/Jul/2022:10:38:45 +0800] "GET /xingrg/all/function/internal_message.html?_=1656643143250&CODE_STATE=getMsg HTTP/1.1" 200 27
114.83.218.210 - - [01/Jul/2022:10:38:46 +0800] "GET /xingrg/kc/buy/cgsh_order_add.html HTTP/1.1" 200 67964
114.83.218.210 - - [01/Jul/2022:10:38:46 +0800] "POST /xingrg/kc/buy/cgsh_order_operate.html HTTP/1.1" 200 8245
114.83.218.210 - - [01/Jul/2022:10:38:46 +0800] "GET /xingrg/javascript/easyui/themes/default/validatebox.css HTTP/1.1" 404 1104
180.162.222.201 - - [01/Jul/2022:10:38:46 +0800] "POST /xingrg/dwr/call/plaincall/AjaxCheckService.setItemNumber.dwr HTTP/1.1" 200 77
101.85.95.26 - - [01/Jul/2022:10:38:48 +0800] "GET /xingrg/all/function/internal_message.html?_=1656643126185&CODE_STATE=getMsg HTTP/1.1" 200 27
101.85.95.26 - - [01/Jul/2022:10:38:48 +0800] "GET /xingrg/check_reg.html?_=1656643126181 HTTP/1.1" 200 22
58.40.7.146 - - [01/Jul/2022:10:38:48 +0800] "GET /xingrg/javascript/jquery_easy_ui/themes/default/images/tabs_active.png HTTP/1.1" 200 2894
180.162.222.201 - - [01/Jul/2022:10:38:48 +0800] "POST /xingrg/dwr/call/plaincall/AjaxCheckService.setItemNumber.dwr HTTP/1.1" 200 77
180.162.222.201 - - [01/Jul/2022:10:38:48 +0800] "POST /xingrg/dwr/call/plaincall/AjaxCheckService.setItemNumber.dwr HTTP/1.1" 200 77
180.162.222.201 - - [01/Jul/2022:10:38:51 +0800] "POST /xingrg/dwr/call/plaincall/AjaxCheckService.setItemNumber.dwr HTTP/1.1" 200 77
58.40.7.146 - - [01/Jul/2022:10:38:52 +0800] "POST /xingrg/dwr/call/plaincall/AjaxReportQueryService.getFixDate.dwr HTTP/1.1" 200 111
180.162.222.201 - - [01/Jul/2022:10:38:52 +0800] "POST /xingrg/dwr/call/plaincall/AjaxCheckService.setItemNumber.dwr HTTP/1.1" 200 77
218.81.223.53 - - [01/Jul/2022:10:38:53 +0800] "GET /xingrg/all/function/internal_message.html?_=1656643148619&CODE_STATE=getMsg HTTP/1.1" 302 -
180.162.222.201 - - [01/Jul/2022:10:38:54 +0800] "POST /xingrg/dwr/call/plaincall/AjaxCheckService.setItemNumber.dwr HTTP/1.1" 200 77
58.40.7.146 - - [01/Jul/2022:10:38:54 +0800] "GET /xingrg/javascript/jquery_easy_ui/themes/default/images/tree_checkbox_1.gif HTTP/1.1" 200 174
58.40.7.146 - - [01/Jul/2022:10:38:54 +0800] "GET /xingrg/javascript/jquery_easy_ui/themes/default/images/tree_checkbox_2.gif HTTP/1.1" 200 181
58.40.7.146 - - [01/Jul/2022:10:38:54 +0800] "POST /xingrg/dwr/call/plaincall/AjaxReportQueryService.queryInitializeString.dwr HTTP/1.1" 200 76
58.40.7.146 - - [01/Jul/2022:10:38:56 +0800] "POST /xingrg/dwr/call/plaincall/AjaxReportQueryService.refreshCache.dwr HTTP/1.1" 200 78
58.40.7.146 - - [01/Jul/2022:10:38:56 +0800] "POST /xingrg/all/report/load_report_page.html HTTP/1.1" 200 89
180.169.147.146 - - [01/Jul/2022:10:38:56 +0800] "POST /xingrg/dwr/call/plaincall/AjaxCheckService.setItemNumber.dwr HTTP/1.1" 200 76
180.169.147.146 - - [01/Jul/2022:10:38:57 +0800] "POST /xingrg/dwr/call/plaincall/AjaxCheckService.setItemNumber.dwr HTTP/1.1" 200 76
101.83.223.227 - - [01/Jul/2022:10:38:59 +0800] "GET /xingrg/kc/buy/cgsh_order_operate.html?command=get_materiel&rest_code=00150&code=00101008356&supplier_code=00100007&order_time=2022-07-01 HTTP/1.1" 200 408
124.78.155.58 - - [01/Jul/2022:10:38:59 +0800] "GET /xingrg/kc/buy/cgsh_order_operate.html?command=get_materiel&rest_code=00106&code=00101004071&supplier_code=00100312&order_time=2022-07-01 HTTP/1.1" 200 409
180.162.222.201 - - [01/Jul/2022:10:38:59 +0800] "POST /xingrg/dwr/call/plaincall/AjaxCheckService.setItemNumber.dwr HTTP/1.1" 200 77
58.40.7.146 - - [01/Jul/2022:10:38:59 +0800] "GET /xingrg/all/function/internal_message.html?_=1656643160207&CODE_STATE=getMsg HTTP/1.1" 200 27
120.253.135.82 - - [01/Jul/2022:10:39:02 +0800] "GET /xingrg/all/function/internal_message.html?_=1656643271110&CODE_STATE=getMsg HTTP/1.1" 200 27
180.169.147.146 - - [01/Jul/2022:10:39:02 +0800] "POST /xingrg/dwr/call/plaincall/AjaxCheckService.checkOrder.dwr HTTP/1.1" 200 78
180.162.222.201 - - [01/Jul/2022:10:39:03 +0800] "POST /xingrg/dwr/call/plaincall/AjaxCheckService.setItemNumber.dwr HTTP/1.1" 200 77
180.169.147.146 - - [01/Jul/2022:10:39:03 +0800] "GET /xingrg/kc/base/check_order_info.html?code=452022070100005 HTTP/1.1" 200 23122
180.169.147.146 - - [01/Jul/2022:10:39:03 +0800] "GET /xingrg/dwr/interface/AjaxComOrderService.js HTTP/1.1" 200 18264
180.169.147.146 - - [01/Jul/2022:10:39:03 +0800] "GET /xingrg/dwr/interface/AjaxCheckService.js HTTP/1.1" 200 14003
180.169.147.146 - - [01/Jul/2022:10:39:03 +0800] "GET /xingrg/dwr/engine.js HTTP/1.1" 200 43631
180.169.147.146 - - [01/Jul/2022:10:39:03 +0800] "POST /xingrg/dwr/call/plaincall/AjaxCheckService.loadOrderItems.dwr HTTP/1.1" 200 964
180.162.222.201 - - [01/Jul/2022:10:39:04 +0800] "POST /xingrg/dwr/call/plaincall/AjaxCheckService.setItemNumber.dwr HTTP/1.1" 200 77
180.162.222.201 - - [01/Jul/2022:10:39:05 +0800] "GET /xingrg/all/function/internal_message.html?_=1656643147115&CODE_STATE=getMsg HTTP/1.1" 200 27
101.83.223.227 - - [01/Jul/2022:10:39:07 +0800] "GET /xingrg/kc/buy/cgsh_order_operate.html?command=get_materiel&rest_code=00150&code=00101008439&supplier_code=00100007&order_time=2022-07-01 HTTP/1.1" 200 412
180.162.222.201 - - [01/Jul/2022:10:39:08 +0800] "POST /xingrg/dwr/call/plaincall/AjaxCheckService.setItemNumber.dwr HTTP/1.1" 200 77
58.35.196.166 - - [01/Jul/2022:10:39:08 +0800] "GET /xingrg/all/function/internal_message.html?_=1656643146576&CODE_STATE=getMsg HTTP/1.1" 200 27
120.253.135.82 - - [01/Jul/2022:10:39:09 +0800] "GET /xingrg/all/function/internal_message.html?_=1656642959087&CODE_STATE=getMsg HTTP/1.1" 200 27
114.83.218.210 - - [01/Jul/2022:10:39:10 +0800] "GET /xingrg/kc/buy/cgsh_order_operate.html?command=get_materiel&rest_code=00149&code=00101006133&supplier_code=00100012&order_time=2022-07-01 HTTP/1.1" 200 413
180.169.147.146 - - [01/Jul/2022:10:39:11 +0800] "GET /xingrg/all/function/internal_message.html?_=1656643149738&CODE_STATE=getMsg HTTP/1.1" 200 27
180.169.147.146 - - [01/Jul/2022:10:39:12 +0800] "GET /xingrg/all/function/internal_message.html?_=1656643148770&CODE_STATE=getMsg HTTP/1.1" 200 27
101.85.238.90 - - [01/Jul/2022:10:39:12 +0800] "GET /xingrg/all/function/internal_message.html?_=1656643222054&CODE_STATE=getMsg HTTP/1.1" 200 27
180.162.222.201 - - [01/Jul/2022:10:39:12 +0800] "POST /xingrg/dwr/call/plaincall/AjaxCheckService.setItemNumber.dwr HTTP/1.1" 200 77
124.78.155.58 - - [01/Jul/2022:10:39:14 +0800] "GET /xingrg/kc/buy/cgsh_order_operate.html?command=get_materiel&rest_code=00106&code=00101001029&supplier_code=00100312&order_time=2022-07-01 HTTP/1.1" 200 417
180.162.222.201 - - [01/Jul/2022:10:39:15 +0800] "POST /xingrg/dwr/call/plaincall/AjaxCheckService.setItemNumber.dwr HTTP/1.1" 200 77
101.83.223.227 - - [01/Jul/2022:10:39:15 +0800] "GET /xingrg/kc/buy/cgsh_order_operate.html?command=get_materiel&rest_code=00150&code=00101008360&supplier_code=00100007&order_time=2022-07-01 HTTP/1.1" 200 413
180.162.222.201 - - [01/Jul/2022:10:39:15 +0800] "POST /xingrg/dwr/call/plaincall/AjaxCheckService.setItemNumber.dwr HTTP/1.1" 200 77
124.78.155.58 - - [01/Jul/2022:10:39:15 +0800] "GET /xingrg/all/function/internal_message.html?_=1656643156994&CODE_STATE=getMsg HTTP/1.1" 200 27
101.83.223.227 - - [01/Jul/2022:10:39:16 +0800] "POST /xingrg/services/DataTransmitService HTTP/1.1" 200 45454
101.83.223.227 - - [01/Jul/2022:10:39:16 +0800] "POST /xingrg/services/DataTransmitService HTTP/1.1" 200 19237
180.162.222.201 - - [01/Jul/2022:10:39:17 +0800] "POST /xingrg/dwr/call/plaincall/AjaxCheckService.setItemNumber.dwr HTTP/1.1" 200 77
180.162.222.201 - - [01/Jul/2022:10:39:18 +0800] "GET /xingrg/all/function/internal_message.html?_=1656643062271&CODE_STATE=getMsg HTTP/1.1" 200 27
180.162.222.201 - - [01/Jul/2022:10:39:19 +0800] "POST /xingrg/dwr/call/plaincall/AjaxCheckService.setItemNumber.dwr HTTP/1.1" 200 77
58.40.7.146 - - [01/Jul/2022:10:39:20 +0800] "POST /xingrg/dwr/call/plaincall/AjaxReportQueryService.refreshCache.dwr HTTP/1.1" 200 78
58.40.7.146 - - [01/Jul/2022:10:39:20 +0800] "POST /xingrg/all/report/load_report_page.html HTTP/1.1" 200 89
58.40.7.146 - - [01/Jul/2022:10:39:21 +0800] "POST /xingrg/dwr/call/plaincall/AjaxReportQueryService.refreshCache.dwr HTTP/1.1" 200 78
58.40.7.146 - - [01/Jul/2022:10:39:22 +0800] "POST /xingrg/all/report/load_report_page.html HTTP/1.1" 200 89
101.83.223.227 - - [01/Jul/2022:10:39:23 +0800] "GET /xingrg/kc/buy/cgsh_order_operate.html?command=get_materiel&rest_code=00150&code=00101008077&supplier_code=00100007&order_time=2022-07-01 HTTP/1.1" 200 416
180.162.222.201 - - [01/Jul/2022:10:39:23 +0800] "POST /xingrg/dwr/call/plaincall/AjaxCheckService.setItemNumber.dwr HTTP/1.1" 200 77
180.162.222.201 - - [01/Jul/2022:10:39:24 +0800] "POST /xingrg/dwr/call/plaincall/AjaxCheckService.setItemNumber.dwr HTTP/1.1" 200 77
180.169.147.146 - - [01/Jul/2022:10:39:24 +0800] "GET /xingrg/all/function/internal_message.html?_=1656643157708&CODE_STATE=getMsg HTTP/1.1" 200 27
101.83.223.227 - - [01/Jul/2022:10:39:25 +0800] "POST /xingrg/services/DataTransmitService HTTP/1.1" 200 524
101.83.223.227 - - [01/Jul/2022:10:39:25 +0800] "POST /xingrg/services/DataTransmitService HTTP/1.1" 200 501
116.230.110.173 - - [01/Jul/2022:10:39:26 +0800] "GET /xingrg/all/function/internal_message.html?_=1656643162187&CODE_STATE=getMsg HTTP/1.1" 200 27
180.169.147.146 - - [01/Jul/2022:10:39:28 +0800] "GET /xingrg/all/function/internal_message.html?_=1656643166715&CODE_STATE=getMsg HTTP/1.1" 200 27
180.162.222.201 - - [01/Jul/2022:10:39:30 +0800] "POST /xingrg/dwr/call/plaincall/AjaxCheckService.setItemNumber.dwr HTTP/1.1" 200 77
124.78.155.58 - - [01/Jul/2022:10:39:30 +0800] "GET /xingrg/kc/buy/cgsh_order_operate.html?command=get_materiel&rest_code=00106&code=00101005017&supplier_code=00100312&order_time=2022-07-01 HTTP/1.1" 200 409
101.83.223.227 - - [01/Jul/2022:10:39:30 +0800] "GET /xingrg/check_reg.html?_=1656643117020 HTTP/1.1" 200 22
101.83.223.227 - - [01/Jul/2022:10:39:30 +0800] "GET /xingrg/kc/buy/cgsh_order_operate.html?command=get_materiel&rest_code=00150&code=00101008079&supplier_code=00100007&order_time=2022-07-01 HTTP/1.1" 200 416
58.40.7.146 - - [01/Jul/2022:10:39:31 +0800] "POST /xingrg/dwr/call/plaincall/AjaxReportQueryService.refreshCache.dwr HTTP/1.1" 200 78
58.40.7.146 - - [01/Jul/2022:10:39:31 +0800] "POST /xingrg/all/report/load_report_page.html HTTP/1.1" 200 89
180.162.222.201 - - [01/Jul/2022:10:39:32 +0800] "POST /xingrg/dwr/call/plaincall/AjaxCheckService.setItemNumber.dwr HTTP/1.1" 200 77
101.83.223.227 - - [01/Jul/2022:10:39:32 +0800] "GET /xingrg/all/function/internal_message.html?_=1656643118736&CODE_STATE=getMsg HTTP/1.1" 200 27
180.162.222.201 - - [01/Jul/2022:10:39:32 +0800] "POST /xingrg/dwr/call/plaincall/AjaxCheckService.setItemNumber.dwr HTTP/1.1" 200 77
114.88.162.248 - - [01/Jul/2022:10:39:32 +0800] "GET /xingrg/all/function/internal_message.html?_=1656643169934&CODE_STATE=getMsg HTTP/1.1" 200 27
180.162.115.11 - - [01/Jul/2022:10:39:33 +0800] "GET /xingrg/all/function/internal_message.html?_=1656642400431&CODE_STATE=getMsg HTTP/1.1" 200 27
180.162.115.11 - - [01/Jul/2022:10:39:33 +0800] "GET /xingrg/check_reg.html?_=1656642400434 HTTP/1.1" 200 22
180.162.222.201 - - [01/Jul/2022:10:39:33 +0800] "POST /xingrg/dwr/call/plaincall/AjaxCheckService.setItemNumber.dwr HTTP/1.1" 200 77
180.162.222.201 - - [01/Jul/2022:10:39:35 +0800] "POST /xingrg/dwr/call/plaincall/AjaxCheckService.setItemNumber.dwr HTTP/1.1" 200 77
116.233.77.233 - - [01/Jul/2022:10:39:36 +0800] "GET /xingrg/all/function/internal_message.html?_=1656643182437&CODE_STATE=getMsg HTTP/1.1" 200 27
180.162.222.201 - - [01/Jul/2022:10:39:37 +0800] "POST /xingrg/dwr/call/plaincall/AjaxCheckService.setItemNumber.dwr HTTP/1.1" 200 77
180.162.222.201 - - [01/Jul/2022:10:39:37 +0800] "POST /xingrg/dwr/call/plaincall/AjaxCheckService.setItemNumber.dwr HTTP/1.1" 200 77
180.162.222.201 - - [01/Jul/2022:10:39:38 +0800] "POST /xingrg/dwr/call/plaincall/AjaxCheckService.setItemNumber.dwr HTTP/1.1" 200 77
101.83.223.227 - - [01/Jul/2022:10:39:39 +0800] "GET /xingrg/kc/buy/cgsh_order_operate.html?command=get_materiel&rest_code=00150&code=00101008286&supplier_code=00100007&order_time=2022-07-01 HTTP/1.1" 200 408
180.162.222.201 - - [01/Jul/2022:10:39:40 +0800] "POST /xingrg/dwr/call/plaincall/AjaxCheckService.setItemNumber.dwr HTTP/1.1" 200 77
114.83.218.210 - - [01/Jul/2022:10:39:41 +0800] "GET /xingrg/all/function/internal_message.html?_=1656643180145&CODE_STATE=getMsg HTTP/1.1" 200 27
180.162.222.201 - - [01/Jul/2022:10:39:41 +0800] "POST /xingrg/dwr/call/plaincall/AjaxCheckService.setItemNumber.dwr HTTP/1.1" 200 77
180.162.222.201 - - [01/Jul/2022:10:39:42 +0800] "POST /xingrg/dwr/call/plaincall/AjaxCheckService.setItemNumber.dwr HTTP/1.1" 200 77
180.162.222.201 - - [01/Jul/2022:10:39:43 +0800] "POST /xingrg/dwr/call/plaincall/AjaxCheckService.setItemNumber.dwr HTTP/1.1" 200 77
180.162.222.201 - - [01/Jul/2022:10:39:44 +0800] "POST /xingrg/dwr/call/plaincall/AjaxCheckService.setItemNumber.dwr HTTP/1.1" 200 77
180.162.222.201 - - [01/Jul/2022:10:39:45 +0800] "POST /xingrg/dwr/call/plaincall/AjaxCheckService.setItemNumber.dwr HTTP/1.1" 200 77
