101.83.223.227 - - [01/Jul/2022:08:58:31 +0800] "GET /xingrg/javascript/auto/jquery.autocomplete.css HTTP/1.1" 304 -
101.83.223.227 - - [01/Jul/2022:08:58:31 +0800] "GET /xingrg/javascript/jquery_tools/fix.css HTTP/1.1" 304 -
101.83.223.227 - - [01/Jul/2022:08:58:31 +0800] "GET /xingrg/javascript/jquery_tools/jquery.tools.hotkey.js HTTP/1.1" 304 -
101.83.223.227 - - [01/Jul/2022:08:58:31 +0800] "GET /xingrg/javascript/jquery_tools/table.css HTTP/1.1" 304 -
101.83.223.227 - - [01/Jul/2022:08:58:31 +0800] "GET /xingrg/javascript/jquery_tools/datebox.css HTTP/1.1" 304 -
101.83.223.227 - - [01/Jul/2022:08:58:31 +0800] "GET /xingrg/javascript/jquery_tools/jquery.tools.extend.js HTTP/1.1" 304 -
101.83.223.227 - - [01/Jul/2022:08:58:31 +0800] "GET /xingrg/javascript/jquery_tools/jquery.tools.min.js HTTP/1.1" 304 -
101.83.223.227 - - [01/Jul/2022:08:58:31 +0800] "GET /xingrg/javascript/easyui/themes/default/easyui.css HTTP/1.1" 304 -
101.83.223.227 - - [01/Jul/2022:08:58:31 +0800] "GET /xingrg/javascript/jquery_tools/jquery.tools.table.js HTTP/1.1" 304 -
101.83.223.227 - - [01/Jul/2022:08:58:31 +0800] "GET /xingrg/javascript/easyui/themes/icon.css HTTP/1.1" 304 -
101.83.223.227 - - [01/Jul/2022:08:58:31 +0800] "GET /xingrg/javascript/auto/jquery.autocomplete.js HTTP/1.1" 304 -
101.83.223.227 - - [01/Jul/2022:08:58:31 +0800] "GET /xingrg/javascript/jquery_tools/list_manager.js HTTP/1.1" 304 -
101.83.223.227 - - [01/Jul/2022:08:58:31 +0800] "GET /xingrg/javascript/print/LodopFuncs.js HTTP/1.1" 304 -
101.83.223.227 - - [01/Jul/2022:08:58:31 +0800] "GET /xingrg/javascript/jquery.cookie.js HTTP/1.1" 304 -
101.83.223.227 - - [01/Jul/2022:08:58:31 +0800] "GET /xingrg/javascript/easyui/easyloader.js HTTP/1.1" 304 -
101.83.223.227 - - [01/Jul/2022:08:58:31 +0800] "GET /xingrg/kc/buy/cgsh_order_list.html HTTP/1.1" 200 52100
101.83.223.227 - - [01/Jul/2022:08:58:31 +0800] "GET /xingrg/javascript/easyui/themes/icons/edit_add_new.png HTTP/1.1" 304 -
101.83.223.227 - - [01/Jul/2022:08:58:31 +0800] "GET /xingrg/javascript/easyui/themes/icons/check_new.png HTTP/1.1" 304 -
101.83.223.227 - - [01/Jul/2022:08:58:31 +0800] "GET /xingrg/javascript/easyui/themes/icons/cance_new.png HTTP/1.1" 304 -
101.83.223.227 - - [01/Jul/2022:08:58:31 +0800] "GET /xingrg/javascript/easyui/themes/icons/field_new.png HTTP/1.1" 304 -
101.83.223.227 - - [01/Jul/2022:08:58:31 +0800] "GET /xingrg/javascript/easyui/themes/icons/import_new.png HTTP/1.1" 304 -
101.83.223.227 - - [01/Jul/2022:08:58:31 +0800] "GET /xingrg/javascript/easyui/plugins/jquery.parser.js HTTP/1.1" 304 -
101.83.223.227 - - [01/Jul/2022:08:58:31 +0800] "GET /xingrg/images/control/ajaxLoader.gif HTTP/1.1" 304 -
116.230.110.173 - - [01/Jul/2022:08:58:31 +0800] "GET /xingrg/kc/buy/cgsh_order_add.html HTTP/1.1" 200 67838
116.230.110.173 - - [01/Jul/2022:08:58:31 +0800] "POST /xingrg/kc/buy/cgsh_order_operate.html HTTP/1.1" 200 8245
116.230.110.173 - - [01/Jul/2022:08:58:31 +0800] "GET /xingrg/javascript/easyui/themes/default/validatebox.css HTTP/1.1" 404 1104
101.83.223.227 - - [01/Jul/2022:08:58:32 +0800] "POST /xingrg/kc/buy/cgsh_list_operate.html HTTP/1.1" 200 693
101.83.223.227 - - [01/Jul/2022:08:58:35 +0800] "GET /xingrg/javascript/easyui/themes/default/images/button_plain_hover.png HTTP/1.1" 304 -
101.83.223.227 - - [01/Jul/2022:08:58:36 +0800] "GET /xingrg/javascript/convert.js HTTP/1.1" 304 -
101.83.223.227 - - [01/Jul/2022:08:58:36 +0800] "GET /xingrg/javascript/json2.js HTTP/1.1" 304 -
101.83.223.227 - - [01/Jul/2022:08:58:36 +0800] "GET /xingrg/javascript/pic_change.js HTTP/1.1" 304 -
101.83.223.227 - - [01/Jul/2022:08:58:36 +0800] "GET /xingrg/javascript/jquery_tools/order_manager.js HTTP/1.1" 304 -
101.83.223.227 - - [01/Jul/2022:08:58:36 +0800] "GET /xingrg/javascript/print/kc_print.js HTTP/1.1" 304 -
101.83.223.227 - - [01/Jul/2022:08:58:36 +0800] "GET /xingrg/kc/buy/cgsh_order_add.html HTTP/1.1" 200 67806
101.83.223.227 - - [01/Jul/2022:08:58:36 +0800] "GET /xingrg/words/20220630171241_words.js HTTP/1.1" 304 -
101.83.223.227 - - [01/Jul/2022:08:58:36 +0800] "GET /xingrg/javascript/easyui/themes/icons/copy_new.png HTTP/1.1" 304 -
101.83.223.227 - - [01/Jul/2022:08:58:36 +0800] "GET /xingrg/javascript/easyui/themes/icons/template_new.png HTTP/1.1" 304 -
101.83.223.227 - - [01/Jul/2022:08:58:36 +0800] "GET /xingrg/javascript/easyui/themes/icons/ok.png HTTP/1.1" 304 -
101.83.223.227 - - [01/Jul/2022:08:58:36 +0800] "GET /xingrg/javascript/easyui/themes/icons/print.png HTTP/1.1" 304 -
101.83.223.227 - - [01/Jul/2022:08:58:36 +0800] "GET /xingrg/javascript/easyui/themes/default/images/menu_downarrow.png HTTP/1.1" 304 -
101.83.223.227 - - [01/Jul/2022:08:58:36 +0800] "GET /xingrg/javascript/easyui/themes/icons/cancel.png HTTP/1.1" 304 -
101.83.223.227 - - [01/Jul/2022:08:58:36 +0800] "POST /xingrg/kc/buy/cgsh_order_operate.html HTTP/1.1" 200 8245
101.83.223.227 - - [01/Jul/2022:08:58:36 +0800] "GET /xingrg/javascript/easyui/themes/icons/edit_remove.png HTTP/1.1" 304 -
101.83.223.227 - - [01/Jul/2022:08:58:36 +0800] "GET /xingrg/all/common/auto_word.html?type=employee&rest_code=00150 HTTP/1.1" 200 159
101.83.223.227 - - [01/Jul/2022:08:58:36 +0800] "GET /xingrg/all/common/auto_word.html?type=employee&rest_code=00150 HTTP/1.1" 200 159
101.83.223.227 - - [01/Jul/2022:08:58:36 +0800] "GET /xingrg/javascript/easyui/themes/default/validatebox.css HTTP/1.1" 404 1104
101.83.223.227 - - [01/Jul/2022:08:58:36 +0800] "GET /xingrg/javascript/easyui/plugins/jquery.validatebox.js HTTP/1.1" 304 -
101.83.223.227 - - [01/Jul/2022:08:58:36 +0800] "GET /xingrg/javascript/easyui/plugins/jquery.numberbox.js HTTP/1.1" 304 -
114.83.218.210 - - [01/Jul/2022:08:58:37 +0800] "GET /xingrg/login.html?sysBaseUrl=http%3A%2F%2F180.169.147.146%3A18081%2Fxingrg%2F&costTime=31×tamp=1615347190560 HTTP/1.1" 200 7641
114.83.218.210 - - [01/Jul/2022:08:58:38 +0800] "GET /favicon.ico HTTP/1.1" 404 -
101.83.223.227 - - [01/Jul/2022:08:58:39 +0800] "GET /xingrg/javascript/auto/indicator.gif HTTP/1.1" 404 1066
114.83.218.210 - - [01/Jul/2022:08:58:40 +0800] "POST /xingrg/login.do HTTP/1.1" 302 -
114.83.218.210 - - [01/Jul/2022:08:58:40 +0800] "GET /xingrg/index.html?sysBaseUrl=http%3A%2F%2F180.169.147.146%3A18081%2Fxingrg%2F&costTime=53×tamp=1656637120363 HTTP/1.1" 200 17179
114.83.218.210 - - [01/Jul/2022:08:58:40 +0800] "GET /favicon.ico HTTP/1.1" 404 -
114.83.218.210 - - [01/Jul/2022:08:58:40 +0800] "POST /xingrg/all/common/load_tree.html?tree=area_rest_tree_json&manage=1 HTTP/1.1" 200 351
114.83.218.210 - - [01/Jul/2022:08:58:40 +0800] "GET /xingrg/all/function/internal_message.html?_=1656637119830&CODE_STATE=count HTTP/1.1" 200 11
114.83.218.210 - - [01/Jul/2022:08:58:40 +0800] "GET /xingrg/check_reg.html?_=1656637119830 HTTP/1.1" 200 22
114.83.218.210 - - [01/Jul/2022:08:58:40 +0800] "POST /xingrg/load_menu.html HTTP/1.1" 200 5138
116.230.110.173 - - [01/Jul/2022:08:58:43 +0800] "GET /xingrg/kc/buy/cgsh_order_operate.html?command=get_materiel&rest_code=00155&code=00101009140&supplier_code=00100037&order_time=2022-07-01 HTTP/1.1" 200 413
218.81.223.53 - - [01/Jul/2022:08:58:44 +0800] "GET /xingrg/all/function/internal_message.html?_=1656637141891&CODE_STATE=getMsg HTTP/1.1" 200 27
114.83.218.210 - - [01/Jul/2022:08:58:50 +0800] "GET /xingrg/kc/buy/cgsh_order_list.html HTTP/1.1" 200 52100
114.83.218.210 - - [01/Jul/2022:08:58:51 +0800] "POST /xingrg/kc/buy/cgsh_list_operate.html HTTP/1.1" 200 693
101.83.223.227 - - [01/Jul/2022:08:58:52 +0800] "GET /xingrg/kc/buy/cgsh_order_operate.html?command=get_materiel&rest_code=00150&code=00101003006&supplier_code=00100092&order_time=2022-07-01 HTTP/1.1" 200 414
218.81.223.53 - - [01/Jul/2022:08:58:52 +0800] "GET /xingrg/all/function/internal_message.html?_=1656637147260&CODE_STATE=getMsg HTTP/1.1" 302 -
116.230.110.173 - - [01/Jul/2022:08:58:54 +0800] "GET /xingrg/kc/buy/cgsh_order_operate.html?command=get_materiel&rest_code=00155&code=00101009011&supplier_code=00100037&order_time=2022-07-01 HTTP/1.1" 200 416
120.253.135.82 - - [01/Jul/2022:08:59:00 +0800] "GET /xingrg/all/function/internal_message.html?_=1656637269470&CODE_STATE=getMsg HTTP/1.1" 200 27
116.230.110.173 - - [01/Jul/2022:08:59:06 +0800] "GET /xingrg/kc/buy/cgsh_order_operate.html?command=get_materiel&rest_code=00155&code=00101009063&supplier_code=00100037&order_time=2022-07-01 HTTP/1.1" 200 410
114.83.218.210 - - [01/Jul/2022:08:59:07 +0800] "GET /xingrg/kc/buy/cgsh_order_add.html HTTP/1.1" 200 67964
114.83.218.210 - - [01/Jul/2022:08:59:07 +0800] "GET /xingrg/words/20220630171241_words.js HTTP/1.1" 304 -
114.83.218.210 - - [01/Jul/2022:08:59:08 +0800] "POST /xingrg/kc/buy/cgsh_order_operate.html HTTP/1.1" 200 8245
114.83.218.210 - - [01/Jul/2022:08:59:08 +0800] "GET /xingrg/all/common/auto_word.html?type=employee&rest_code=00149 HTTP/1.1" 200 197
114.83.218.210 - - [01/Jul/2022:08:59:08 +0800] "GET /xingrg/all/common/auto_word.html?type=employee&rest_code=00149 HTTP/1.1" 200 197
114.83.218.210 - - [01/Jul/2022:08:59:08 +0800] "GET /xingrg/javascript/easyui/themes/default/validatebox.css HTTP/1.1" 404 1104
116.230.110.173 - - [01/Jul/2022:08:59:10 +0800] "GET /xingrg/all/function/internal_message.html?_=1656637145439&CODE_STATE=getMsg HTTP/1.1" 200 27
58.35.196.166 - - [01/Jul/2022:08:59:11 +0800] "GET /xingrg/all/function/internal_message.html?_=1656637148691&CODE_STATE=getMsg HTTP/1.1" 200 27
114.83.218.210 - - [01/Jul/2022:08:59:11 +0800] "GET /xingrg/javascript/auto/indicator.gif HTTP/1.1" 404 1066
101.83.223.227 - - [01/Jul/2022:08:59:11 +0800] "POST /xingrg/kc/buy/cgsh_order_operate.html HTTP/1.1" 200 37
114.83.218.210 - - [01/Jul/2022:08:59:13 +0800] "GET /xingrg/javascript/jquery_tools/images/prev.gif HTTP/1.1" 404 1086
114.83.218.210 - - [01/Jul/2022:08:59:13 +0800] "GET /xingrg/javascript/jquery_tools/images/next.gif HTTP/1.1" 404 1086
120.253.135.82 - - [01/Jul/2022:08:59:13 +0800] "GET /xingrg/all/function/internal_message.html?_=1656636963297&CODE_STATE=getMsg HTTP/1.1" 200 27
101.83.223.227 - - [01/Jul/2022:08:59:16 +0800] "POST /xingrg/kc/buy/cgsh_order_operate.html HTTP/1.1" 200 12
101.83.223.227 - - [01/Jul/2022:08:59:17 +0800] "GET /xingrg/kc/buy/cgsh_order_info.html?code=212022070100011 HTTP/1.1" 200 62715
101.83.223.227 - - [01/Jul/2022:08:59:17 +0800] "GET /xingrg/javascript/jquery_easy_ui/themes/icons/rest.png HTTP/1.1" 304 -
101.83.223.227 - - [01/Jul/2022:08:59:17 +0800] "GET /xingrg/javascript/jquery_easy_ui/themes/icons/area.png HTTP/1.1" 304 -
101.83.223.227 - - [01/Jul/2022:08:59:17 +0800] "GET /xingrg/javascript/easyui/themes/default/validatebox.css HTTP/1.1" 404 1104
101.83.223.227 - - [01/Jul/2022:08:59:18 +0800] "POST /xingrg/kc/buy/cgsh_order_operate.html HTTP/1.1" 200 613
101.83.223.227 - - [01/Jul/2022:08:59:19 +0800] "GET /xingrg/kc/print/load_config.html?kc_code=cgsh HTTP/1.1" 200 1943
101.83.223.227 - - [01/Jul/2022:08:59:19 +0800] "GET /xingrg/kc/print/load_data.html?order_code=212022070100011&kc_code=cgsh&condition= HTTP/1.1" 200 796
114.83.218.210 - - [01/Jul/2022:08:59:20 +0800] "GET /xingrg/kc/buy/cgsh_order_operate.html?command=get_materiel&rest_code=00149&code=00101008323&supplier_code=00100005&order_time=2022-07-01 HTTP/1.1" 200 408
101.83.223.227 - - [01/Jul/2022:08:59:24 +0800] "GET /xingrg/kc/buy/cgsh_order_add.html HTTP/1.1" 200 67806
101.83.223.227 - - [01/Jul/2022:08:59:24 +0800] "POST /xingrg/kc/buy/cgsh_order_operate.html HTTP/1.1" 200 8245
101.83.223.227 - - [01/Jul/2022:08:59:24 +0800] "GET /xingrg/javascript/easyui/themes/default/validatebox.css HTTP/1.1" 404 1104
101.83.223.227 - - [01/Jul/2022:08:59:29 +0800] "GET /xingrg/check_reg.html?_=1656637115869 HTTP/1.1" 200 22
101.83.223.227 - - [01/Jul/2022:08:59:29 +0800] "GET /xingrg/all/function/internal_message.html?_=1656637115958&CODE_STATE=getMsg HTTP/1.1" 200 27
180.162.222.201 - - [01/Jul/2022:08:59:29 +0800] "GET /xingrg/all/function/internal_message.html?_=1656637171323&CODE_STATE=getMsg HTTP/1.1" 200 27
114.83.218.210 - - [01/Jul/2022:08:59:34 +0800] "GET /xingrg/kc/buy/cgsh_order_operate.html?command=get_materiel&rest_code=00149&code=00101008248&supplier_code=00100005&order_time=2022-07-01 HTTP/1.1" 200 412
101.83.223.227 - - [01/Jul/2022:08:59:34 +0800] "GET /xingrg/kc/buy/cgsh_order_operate.html?command=get_materiel&rest_code=00150&code=00101003040&supplier_code=00100093&order_time=2022-07-01 HTTP/1.1" 200 418
114.83.218.210 - - [01/Jul/2022:08:59:40 +0800] "GET /xingrg/all/function/internal_message.html?_=1656637179848&CODE_STATE=getMsg HTTP/1.1" 200 27
218.81.223.53 - - [01/Jul/2022:08:59:44 +0800] "GET /xingrg/all/function/internal_message.html?_=1656637201898&CODE_STATE=getMsg HTTP/1.1" 200 27
101.83.223.227 - - [01/Jul/2022:08:59:47 +0800] "GET /xingrg/kc/buy/cgsh_order_operate.html?command=get_materiel&rest_code=00150&code=00101003003&supplier_code=00100093&order_time=2022-07-01 HTTP/1.1" 200 416
218.81.223.53 - - [01/Jul/2022:08:59:52 +0800] "GET /xingrg/check_reg.html?_=1656637206590 HTTP/1.1" 302 -
218.81.223.53 - - [01/Jul/2022:08:59:52 +0800] "GET /xingrg/all/function/internal_message.html?_=1656637207274&CODE_STATE=getMsg HTTP/1.1" 302 -
58.37.225.129 - - [01/Jul/2022:08:59:53 +0800] "GET /xingrg/check_reg.html?_=1656637188452 HTTP/1.1" 302 -
114.83.218.210 - - [01/Jul/2022:08:59:57 +0800] "GET /xingrg/kc/buy/cgsh_order_operate.html?command=get_materiel&rest_code=00149&code=00101008302&supplier_code=00100005&order_time=2022-07-01 HTTP/1.1" 200 412
120.253.135.82 - - [01/Jul/2022:09:00:00 +0800] "GET /xingrg/all/function/internal_message.html?_=1656637329498&CODE_STATE=getMsg HTTP/1.1" 200 27
101.83.223.227 - - [01/Jul/2022:09:00:01 +0800] "POST /xingrg/kc/buy/cgsh_order_operate.html HTTP/1.1" 200 37
101.83.223.227 - - [01/Jul/2022:09:00:05 +0800] "POST /xingrg/kc/buy/cgsh_order_operate.html HTTP/1.1" 200 12
101.83.223.227 - - [01/Jul/2022:09:00:07 +0800] "GET /xingrg/kc/buy/cgsh_order_info.html?code=212022070100012 HTTP/1.1" 200 62715
101.83.223.227 - - [01/Jul/2022:09:00:08 +0800] "GET /xingrg/javascript/easyui/themes/default/validatebox.css HTTP/1.1" 404 1104
101.83.223.227 - - [01/Jul/2022:09:00:08 +0800] "POST /xingrg/kc/buy/cgsh_order_operate.html HTTP/1.1" 200 1215
116.230.110.173 - - [01/Jul/2022:09:00:10 +0800] "GET /xingrg/all/function/internal_message.html?_=1656637205450&CODE_STATE=getMsg HTTP/1.1" 200 27
58.35.196.166 - - [01/Jul/2022:09:00:11 +0800] "GET /xingrg/all/function/internal_message.html?_=1656637208677&CODE_STATE=getMsg HTTP/1.1" 200 27
172.20.0.100 - - [01/Jul/2022:09:00:11 +0800] "GET /xingrg/check_reg.html?_=1656637207740 HTTP/1.1" 302 -
101.83.223.227 - - [01/Jul/2022:09:00:11 +0800] "GET /xingrg/kc/print/load_data.html?order_code=212022070100012&kc_code=cgsh&condition= HTTP/1.1" 200 1030
114.83.218.210 - - [01/Jul/2022:09:00:12 +0800] "GET /xingrg/kc/buy/cgsh_order_operate.html?command=get_materiel&rest_code=00149&code=00101008072&supplier_code=00100005&order_time=2022-07-01 HTTP/1.1" 200 408
120.253.135.82 - - [01/Jul/2022:09:00:13 +0800] "GET /xingrg/all/function/internal_message.html?_=1656637023311&CODE_STATE=getMsg HTTP/1.1" 200 27
101.83.223.227 - - [01/Jul/2022:09:00:16 +0800] "GET /xingrg/kc/buy/cgsh_order_add.html HTTP/1.1" 200 67806
101.83.223.227 - - [01/Jul/2022:09:00:17 +0800] "POST /xingrg/kc/buy/cgsh_order_operate.html HTTP/1.1" 200 8245
101.83.223.227 - - [01/Jul/2022:09:00:17 +0800] "GET /xingrg/javascript/easyui/themes/default/validatebox.css HTTP/1.1" 404 1104
114.83.218.210 - - [01/Jul/2022:09:00:20 +0800] "GET /xingrg/kc/buy/cgsh_order_operate.html?command=get_materiel&rest_code=00149&code=00101008219&supplier_code=00100005&order_time=2022-07-01 HTTP/1.1" 200 412
58.35.196.166 - - [01/Jul/2022:09:00:27 +0800] "GET /xingrg/check_reg.html?_=1656637224724 HTTP/1.1" 200 22
101.83.223.227 - - [01/Jul/2022:09:00:28 +0800] "GET /xingrg/kc/buy/cgsh_order_operate.html?command=get_materiel&rest_code=00150&code=00101002038&supplier_code=00100087&order_time=2022-07-01 HTTP/1.1" 200 416
101.83.223.227 - - [01/Jul/2022:09:00:29 +0800] "GET /xingrg/all/function/internal_message.html?_=1656637175972&CODE_STATE=getMsg HTTP/1.1" 200 27
180.162.222.201 - - [01/Jul/2022:09:00:29 +0800] "GET /xingrg/all/function/internal_message.html?_=1656637231363&CODE_STATE=getMsg HTTP/1.1" 200 27
180.162.222.201 - - [01/Jul/2022:09:00:29 +0800] "GET /xingrg/check_reg.html?_=1656637231366 HTTP/1.1" 200 22
114.83.218.210 - - [01/Jul/2022:09:00:35 +0800] "GET /xingrg/kc/buy/cgsh_order_operate.html?command=get_materiel&rest_code=00149&code=00101008132&supplier_code=00100005&order_time=2022-07-01 HTTP/1.1" 200 408
116.230.110.173 - - [01/Jul/2022:09:00:37 +0800] "GET /xingrg/kc/buy/cgsh_order_operate.html?command=get_materiel&rest_code=00155&code=00101009051&supplier_code=00100037&order_time=2022-07-01 HTTP/1.1" 200 409
101.83.223.227 - - [01/Jul/2022:09:00:40 +0800] "GET /xingrg/kc/buy/cgsh_order_operate.html?command=get_materiel&rest_code=00150&code=00101002002&supplier_code=00100087&order_time=2022-07-01 HTTP/1.1" 200 420
114.83.218.210 - - [01/Jul/2022:09:00:40 +0800] "GET /xingrg/all/function/internal_message.html?_=1656637239839&CODE_STATE=getMsg HTTP/1.1" 200 27
218.81.223.53 - - [01/Jul/2022:09:00:43 +0800] "GET /xingrg/check_reg.html?_=1656637260891 HTTP/1.1" 200 22
218.81.223.53 - - [01/Jul/2022:09:00:44 +0800] "GET /xingrg/all/function/internal_message.html?_=1656637261912&CODE_STATE=getMsg HTTP/1.1" 200 27
116.230.110.173 - - [01/Jul/2022:09:00:44 +0800] "GET /xingrg/kc/buy/cgsh_order_operate.html?command=get_materiel&rest_code=00155&code=00101015006&supplier_code=00100037&order_time=2022-07-01 HTTP/1.1" 200 413
114.83.218.210 - - [01/Jul/2022:09:00:49 +0800] "GET /xingrg/kc/buy/cgsh_order_operate.html?command=get_materiel&rest_code=00149&code=00101008234&supplier_code=00100005&order_time=2022-07-01 HTTP/1.1" 200 408
218.81.223.53 - - [01/Jul/2022:09:00:52 +0800] "GET /xingrg/all/function/internal_message.html?_=1656637267289&CODE_STATE=getMsg HTTP/1.1" 302 -
116.230.110.173 - - [01/Jul/2022:09:00:53 +0800] "GET /xingrg/kc/buy/cgsh_order_operate.html?command=get_materiel&rest_code=00155&code=00101016030&supplier_code=00100037&order_time=2022-07-01 HTTP/1.1" 200 412
101.83.223.227 - - [01/Jul/2022:09:00:59 +0800] "POST /xingrg/kc/buy/cgsh_order_operate.html HTTP/1.1" 200 37
120.253.135.82 - - [01/Jul/2022:09:01:00 +0800] "GET /xingrg/all/function/internal_message.html?_=1656637389513&CODE_STATE=getMsg HTTP/1.1" 200 27
116.230.110.173 - - [01/Jul/2022:09:01:03 +0800] "GET /xingrg/kc/buy/cgsh_order_operate.html?command=get_materiel&rest_code=00155&code=00101010136&supplier_code=00100037&order_time=2022-07-01 HTTP/1.1" 200 408
101.83.223.227 - - [01/Jul/2022:09:01:03 +0800] "POST /xingrg/kc/buy/cgsh_order_operate.html HTTP/1.1" 200 12
114.83.218.210 - - [01/Jul/2022:09:01:04 +0800] "GET /xingrg/kc/buy/cgsh_order_operate.html?command=get_materiel&rest_code=00149&code=00101008080&supplier_code=00100005&order_time=2022-07-01 HTTP/1.1" 200 417
223.104.47.176 - - [01/Jul/2022:09:01:06 +0800] "GET /xingrg/all/function/internal_message.html?_=1656637266899&CODE_STATE=getMsg HTTP/1.1" 302 -
223.104.47.176 - - [01/Jul/2022:09:01:06 +0800] "GET /xingrg/check_reg.html?_=1656637266913 HTTP/1.1" 302 -
223.104.47.176 - - [01/Jul/2022:09:01:06 +0800] "GET /xingrg/login.html HTTP/1.1" 200 7641
223.104.47.176 - - [01/Jul/2022:09:01:07 +0800] "GET /xingrg/login.html HTTP/1.1" 200 7641
116.230.110.173 - - [01/Jul/2022:09:01:10 +0800] "GET /xingrg/all/function/internal_message.html?_=1656637265443&CODE_STATE=getMsg HTTP/1.1" 200 27
58.35.196.166 - - [01/Jul/2022:09:01:11 +0800] "GET /xingrg/all/function/internal_message.html?_=1656637268648&CODE_STATE=getMsg HTTP/1.1" 200 27
120.253.135.82 - - [01/Jul/2022:09:01:13 +0800] "GET /xingrg/check_reg.html?_=1656637082588 HTTP/1.1" 200 22
120.253.135.82 - - [01/Jul/2022:09:01:13 +0800] "GET /xingrg/all/function/internal_message.html?_=1656637083324&CODE_STATE=getMsg HTTP/1.1" 200 27
114.83.218.210 - - [01/Jul/2022:09:01:15 +0800] "GET /xingrg/kc/buy/cgsh_order_operate.html?command=get_materiel&rest_code=00149&code=00101008350&supplier_code=00100005&order_time=2022-07-01 HTTP/1.1" 200 408
101.83.223.227 - - [01/Jul/2022:09:01:25 +0800] "GET /xingrg/kc/buy/cgsh_order_info.html?code=212022070100013 HTTP/1.1" 200 62713
101.83.223.227 - - [01/Jul/2022:09:01:26 +0800] "GET /xingrg/javascript/easyui/themes/default/validatebox.css HTTP/1.1" 404 1104
101.83.223.227 - - [01/Jul/2022:09:01:26 +0800] "POST /xingrg/kc/buy/cgsh_order_operate.html HTTP/1.1" 200 1219
101.83.223.227 - - [01/Jul/2022:09:01:29 +0800] "GET /xingrg/all/function/internal_message.html?_=1656637235986&CODE_STATE=getMsg HTTP/1.1" 200 27
180.162.222.201 - - [01/Jul/2022:09:01:29 +0800] "GET /xingrg/all/function/internal_message.html?_=1656637291355&CODE_STATE=getMsg HTTP/1.1" 200 27
114.83.218.210 - - [01/Jul/2022:09:01:30 +0800] "GET /xingrg/kc/buy/cgsh_order_operate.html?command=get_materiel&rest_code=00149&code=00101008244&supplier_code=00100005&order_time=2022-07-01 HTTP/1.1" 200 408
116.233.77.233 - - [01/Jul/2022:09:01:32 +0800] "GET /xingrg/check_reg.html?_=1656637298307 HTTP/1.1" 200 22
116.230.110.173 - - [01/Jul/2022:09:01:37 +0800] "POST /xingrg/kc/buy/cgsh_order_operate.html HTTP/1.1" 200 37
116.230.110.173 - - [01/Jul/2022:09:01:38 +0800] "POST /xingrg/kc/buy/cgsh_order_operate.html HTTP/1.1" 200 6791
116.230.110.173 - - [01/Jul/2022:09:01:40 +0800] "GET /xingrg/kc/print/load_data.html?order_code=212022070100014&kc_code=cgsh&condition= HTTP/1.1" 200 2299
114.83.218.210 - - [01/Jul/2022:09:01:40 +0800] "GET /xingrg/all/function/internal_message.html?_=1656637299848&CODE_STATE=getMsg HTTP/1.1" 200 27
114.83.218.210 - - [01/Jul/2022:09:01:43 +0800] "GET /xingrg/kc/buy/cgsh_order_operate.html?command=get_materiel&rest_code=00149&code=00101008185&supplier_code=00100005&order_time=2022-07-01 HTTP/1.1" 200 408
218.81.223.53 - - [01/Jul/2022:09:01:44 +0800] "GET /xingrg/all/function/internal_message.html?_=1656637321926&CODE_STATE=getMsg HTTP/1.1" 200 27
218.81.223.53 - - [01/Jul/2022:09:01:52 +0800] "GET /xingrg/all/function/internal_message.html?_=1656637327302&CODE_STATE=getMsg HTTP/1.1" 302 -
120.253.135.82 - - [01/Jul/2022:09:01:59 +0800] "GET /xingrg/check_reg.html?_=1656637448720 HTTP/1.1" 200 22
120.253.135.82 - - [01/Jul/2022:09:02:00 +0800] "GET /xingrg/all/function/internal_message.html?_=1656637449526&CODE_STATE=getMsg HTTP/1.1" 200 27
114.83.218.210 - - [01/Jul/2022:09:02:00 +0800] "GET /xingrg/kc/buy/cgsh_order_operate.html?command=get_materiel&rest_code=00149&code=00101008354&supplier_code=00100005&order_time=2022-07-01 HTTP/1.1" 200 412
116.230.110.173 - - [01/Jul/2022:09:02:10 +0800] "GET /xingrg/all/function/internal_message.html?_=1656637325446&CODE_STATE=getMsg HTTP/1.1" 200 27
116.230.110.173 - - [01/Jul/2022:09:02:10 +0800] "GET /xingrg/check_reg.html?_=1656637325450 HTTP/1.1" 200 22
114.83.218.210 - - [01/Jul/2022:09:02:10 +0800] "GET /xingrg/kc/buy/cgsh_order_operate.html?command=get_materiel&rest_code=00149&code=00101008028&supplier_code=00100005&order_time=2022-07-01 HTTP/1.1" 200 412
58.35.196.166 - - [01/Jul/2022:09:02:11 +0800] "GET /xingrg/all/function/internal_message.html?_=1656637328634&CODE_STATE=getMsg HTTP/1.1" 200 27
120.253.135.82 - - [01/Jul/2022:09:02:13 +0800] "GET /xingrg/all/function/internal_message.html?_=1656637143338&CODE_STATE=getMsg HTTP/1.1" 200 27
101.83.223.227 - - [01/Jul/2022:09:02:28 +0800] "GET /xingrg/kc/buy/cgsh_order_add.html HTTP/1.1" 200 67806
101.83.223.227 - - [01/Jul/2022:09:02:28 +0800] "POST /xingrg/kc/buy/cgsh_order_operate.html HTTP/1.1" 200 8245
101.83.223.227 - - [01/Jul/2022:09:02:28 +0800] "GET /xingrg/javascript/easyui/themes/default/validatebox.css HTTP/1.1" 404 1104
101.83.223.227 - - [01/Jul/2022:09:02:29 +0800] "GET /xingrg/all/function/internal_message.html?_=1656637295999&CODE_STATE=getMsg HTTP/1.1" 200 27
180.162.222.201 - - [01/Jul/2022:09:02:29 +0800] "GET /xingrg/all/function/internal_message.html?_=1656637351363&CODE_STATE=getMsg HTTP/1.1" 200 27
114.83.218.210 - - [01/Jul/2022:09:02:40 +0800] "GET /xingrg/all/function/internal_message.html?_=1656637359860&CODE_STATE=getMsg HTTP/1.1" 200 27
101.83.223.227 - - [01/Jul/2022:09:02:41 +0800] "GET /xingrg/kc/buy/cgsh_order_operate.html?command=get_materiel&rest_code=00150&code=00101002042&supplier_code=00100347&order_time=2022-07-01 HTTP/1.1" 200 416
218.81.223.53 - - [01/Jul/2022:09:02:44 +0800] "GET /xingrg/all/function/internal_message.html?_=1656637381941&CODE_STATE=getMsg HTTP/1.1" 200 27
218.81.223.53 - - [01/Jul/2022:09:02:52 +0800] "GET /xingrg/all/function/internal_message.html?_=1656637387317&CODE_STATE=getMsg HTTP/1.1" 302 -
114.83.218.210 - - [01/Jul/2022:09:02:53 +0800] "GET /xingrg/kc/buy/cgsh_order_operate.html?command=get_materiel&rest_code=00149&code=00101008351&supplier_code=00100005&order_time=2022-07-01 HTTP/1.1" 200 408
101.83.223.227 - - [01/Jul/2022:09:02:58 +0800] "POST /xingrg/kc/buy/cgsh_order_operate.html HTTP/1.1" 200 37
120.253.135.82 - - [01/Jul/2022:09:03:00 +0800] "GET /xingrg/all/function/internal_message.html?_=1656637509539&CODE_STATE=getMsg HTTP/1.1" 200 27
114.83.218.210 - - [01/Jul/2022:09:03:07 +0800] "GET /xingrg/kc/buy/cgsh_order_operate.html?command=get_materiel&rest_code=00149&code=00101008096&supplier_code=00100005&order_time=2022-07-01 HTTP/1.1" 200 413
116.230.110.173 - - [01/Jul/2022:09:03:10 +0800] "GET /xingrg/all/function/internal_message.html?_=1656637385450&CODE_STATE=getMsg HTTP/1.1" 200 27
101.83.223.227 - - [01/Jul/2022:09:03:10 +0800] "POST /xingrg/kc/buy/cgsh_order_operate.html HTTP/1.1" 200 12
58.35.196.166 - - [01/Jul/2022:09:03:10 +0800] "GET /xingrg/all/function/internal_message.html?_=1656637388608&CODE_STATE=getMsg HTTP/1.1" 200 27
101.83.223.227 - - [01/Jul/2022:09:03:12 +0800] "GET /xingrg/kc/buy/cgsh_order_info.html?code=212022070100015 HTTP/1.1" 200 62705
101.83.223.227 - - [01/Jul/2022:09:03:13 +0800] "GET /xingrg/javascript/easyui/themes/default/validatebox.css HTTP/1.1" 404 1104
101.83.223.227 - - [01/Jul/2022:09:03:13 +0800] "POST /xingrg/kc/buy/cgsh_order_operate.html HTTP/1.1" 200 615
120.253.135.82 - - [01/Jul/2022:09:03:13 +0800] "GET /xingrg/all/function/internal_message.html?_=1656637203351&CODE_STATE=getMsg HTTP/1.1" 200 27
114.83.218.210 - - [01/Jul/2022:09:03:24 +0800] "GET /xingrg/kc/buy/cgsh_order_operate.html?command=get_materiel&rest_code=00149&code=00101008038&supplier_code=00100005&order_time=2022-07-01 HTTP/1.1" 200 412
101.83.223.227 - - [01/Jul/2022:09:03:29 +0800] "GET /xingrg/all/function/internal_message.html?_=1656637356013&CODE_STATE=getMsg HTTP/1.1" 200 27
180.162.222.201 - - [01/Jul/2022:09:03:29 +0800] "GET /xingrg/all/function/internal_message.html?_=1656637411359&CODE_STATE=getMsg HTTP/1.1" 200 27
124.78.155.58 - - [01/Jul/2022:09:03:32 +0800] "POST /xingrg/services/DataTransmitService HTTP/1.1" 200 524
101.83.223.227 - - [01/Jul/2022:09:03:35 +0800] "GET /xingrg/kc/print/load_data.html?order_code=212022070100015&kc_code=cgsh&condition= HTTP/1.1" 200 738
114.83.218.210 - - [01/Jul/2022:09:03:40 +0800] "GET /xingrg/check_reg.html?_=1656637419854 HTTP/1.1" 200 22
114.83.218.210 - - [01/Jul/2022:09:03:40 +0800] "GET /xingrg/all/function/internal_message.html?_=1656637419860&CODE_STATE=getMsg HTTP/1.1" 200 27
218.81.223.53 - - [01/Jul/2022:09:03:44 +0800] "GET /xingrg/all/function/internal_message.html?_=1656637441957&CODE_STATE=getMsg HTTP/1.1" 200 27
218.81.223.53 - - [01/Jul/2022:09:03:52 +0800] "GET /xingrg/all/function/internal_message.html?_=1656637447329&CODE_STATE=getMsg HTTP/1.1" 302 -
101.83.223.227 - - [01/Jul/2022:09:03:58 +0800] "GET /xingrg/kc/buy/cgsh_order_add.html HTTP/1.1" 200 67806
101.83.223.227 - - [01/Jul/2022:09:03:59 +0800] "POST /xingrg/kc/buy/cgsh_order_operate.html HTTP/1.1" 200 8245
101.83.223.227 - - [01/Jul/2022:09:03:59 +0800] "GET /xingrg/javascript/easyui/themes/default/validatebox.css HTTP/1.1" 404 1104
120.253.135.82 - - [01/Jul/2022:09:04:00 +0800] "GET /xingrg/all/function/internal_message.html?_=1656637569553&CODE_STATE=getMsg HTTP/1.1" 200 27
116.230.110.173 - - [01/Jul/2022:09:04:10 +0800] "GET /xingrg/all/function/internal_message.html?_=1656637445447&CODE_STATE=getMsg HTTP/1.1" 200 27
101.83.223.227 - - [01/Jul/2022:09:04:10 +0800] "GET /xingrg/kc/buy/cgsh_order_operate.html?command=get_materiel&rest_code=00150&code=00101004067&supplier_code=00100312&order_time=2022-07-01 HTTP/1.1" 200 413
58.35.196.166 - - [01/Jul/2022:09:04:10 +0800] "GET /xingrg/all/function/internal_message.html?_=1656637448593&CODE_STATE=getMsg HTTP/1.1" 200 27
114.83.218.210 - - [01/Jul/2022:09:04:12 +0800] "POST /xingrg/kc/buy/cgsh_order_operate.html HTTP/1.1" 200 37
120.253.135.82 - - [01/Jul/2022:09:04:14 +0800] "GET /xingrg/all/function/internal_message.html?_=1656637263394&CODE_STATE=getMsg HTTP/1.1" 200 27
114.83.218.210 - - [01/Jul/2022:09:04:15 +0800] "POST /xingrg/kc/buy/cgsh_order_operate.html HTTP/1.1" 200 12115
101.83.223.227 - - [01/Jul/2022:09:04:22 +0800] "GET /xingrg/kc/buy/cgsh_order_operate.html?command=get_materiel&rest_code=00150&code=00101004030&supplier_code=00100312&order_time=2022-07-01 HTTP/1.1" 200 408
101.83.223.227 - - [01/Jul/2022:09:04:29 +0800] "GET /xingrg/check_reg.html?_=1656637415874 HTTP/1.1" 200 22
101.83.223.227 - - [01/Jul/2022:09:04:29 +0800] "GET /xingrg/all/function/internal_message.html?_=1656637416027&CODE_STATE=getMsg HTTP/1.1" 200 27
180.162.222.201 - - [01/Jul/2022:09:04:29 +0800] "GET /xingrg/all/function/internal_message.html?_=1656637471361&CODE_STATE=getMsg HTTP/1.1" 200 27
101.83.223.227 - - [01/Jul/2022:09:04:31 +0800] "GET /xingrg/kc/buy/cgsh_order_operate.html?command=get_materiel&rest_code=00150&code=00101001029&supplier_code=00100312&order_time=2022-07-01 HTTP/1.1" 200 415
114.83.218.210 - - [01/Jul/2022:09:04:40 +0800] "GET /xingrg/all/function/internal_message.html?_=1656637479856&CODE_STATE=getMsg HTTP/1.1" 200 27
218.81.223.53 - - [01/Jul/2022:09:04:44 +0800] "GET /xingrg/all/function/internal_message.html?_=1656637501966&CODE_STATE=getMsg HTTP/1.1" 200 27
101.83.223.227 - - [01/Jul/2022:09:04:50 +0800] "POST /xingrg/kc/buy/cgsh_order_operate.html HTTP/1.1" 200 37
218.81.223.53 - - [01/Jul/2022:09:04:52 +0800] "GET /xingrg/check_reg.html?_=1656637506593 HTTP/1.1" 302 -
218.81.223.53 - - [01/Jul/2022:09:04:52 +0800] "GET /xingrg/all/function/internal_message.html?_=1656637507342&CODE_STATE=getMsg HTTP/1.1" 302 -
58.37.225.129 - - [01/Jul/2022:09:04:53 +0800] "GET /xingrg/check_reg.html?_=1656637488492 HTTP/1.1" 302 -
101.83.223.227 - - [01/Jul/2022:09:04:54 +0800] "POST /xingrg/kc/buy/cgsh_order_operate.html HTTP/1.1" 200 12
120.253.135.82 - - [01/Jul/2022:09:05:00 +0800] "GET /xingrg/all/function/internal_message.html?_=1656637629581&CODE_STATE=getMsg HTTP/1.1" 200 27
101.83.223.227 - - [01/Jul/2022:09:05:01 +0800] "GET /xingrg/kc/buy/cgsh_order_info.html?code=212022070100017 HTTP/1.1" 200 62717
101.83.223.227 - - [01/Jul/2022:09:05:01 +0800] "GET /xingrg/javascript/easyui/themes/default/validatebox.css HTTP/1.1" 404 1104
101.83.223.227 - - [01/Jul/2022:09:05:01 +0800] "POST /xingrg/kc/buy/cgsh_order_operate.html HTTP/1.1" 200 1798
116.230.110.173 - - [01/Jul/2022:09:05:10 +0800] "GET /xingrg/all/function/internal_message.html?_=1656637505450&CODE_STATE=getMsg HTTP/1.1" 200 27
58.35.196.166 - - [01/Jul/2022:09:05:10 +0800] "GET /xingrg/all/function/internal_message.html?_=1656637508578&CODE_STATE=getMsg HTTP/1.1" 200 27
172.20.0.100 - - [01/Jul/2022:09:05:11 +0800] "GET /xingrg/check_reg.html?_=1656637507719 HTTP/1.1" 302 -
120.253.135.82 - - [01/Jul/2022:09:05:12 +0800] "POST /xingrg/kc/pszx/mdth_order_new_list.html HTTP/1.1" 200 4771
120.253.135.82 - - [01/Jul/2022:09:05:12 +0800] "GET /xingrg/kc/pszx/mdqp_order_list.html?state=10 HTTP/1.1" 200 10217
120.253.135.82 - - [01/Jul/2022:09:05:12 +0800] "GET /xingrg/dwr/interface/AjaxQqpsService.js HTTP/1.1" 200 16326
120.253.135.82 - - [01/Jul/2022:09:05:12 +0800] "GET /xingrg/dwr/interface/AjaxReportQueryService.js HTTP/1.1" 200 13203
120.253.135.82 - - [01/Jul/2022:09:05:12 +0800] "GET /xingrg/dwr/engine.js HTTP/1.1" 200 43631
120.253.135.82 - - [01/Jul/2022:09:05:13 +0800] "GET /xingrg/all/function/internal_message.html?_=1656637323394&CODE_STATE=getMsg HTTP/1.1" 200 27
101.83.223.227 - - [01/Jul/2022:09:05:15 +0800] "GET /xingrg/kc/print/load_data.html?order_code=212022070100017&kc_code=cgsh&condition= HTTP/1.1" 200 1196
101.83.223.227 - - [01/Jul/2022:09:05:26 +0800] "GET /xingrg/kc/buy/cgsh_order_add.html HTTP/1.1" 200 67806
101.83.223.227 - - [01/Jul/2022:09:05:26 +0800] "POST /xingrg/kc/buy/cgsh_order_operate.html HTTP/1.1" 200 8245
101.83.223.227 - - [01/Jul/2022:09:05:26 +0800] "GET /xingrg/javascript/easyui/themes/default/validatebox.css HTTP/1.1" 404 1104
58.35.196.166 - - [01/Jul/2022:09:05:27 +0800] "GET /xingrg/check_reg.html?_=1656637524721 HTTP/1.1" 200 22
101.83.223.227 - - [01/Jul/2022:09:05:29 +0800] "GET /xingrg/all/function/internal_message.html?_=1656637476040&CODE_STATE=getMsg HTTP/1.1" 200 27
180.162.222.201 - - [01/Jul/2022:09:05:29 +0800] "GET /xingrg/all/function/internal_message.html?_=1656637531360&CODE_STATE=getMsg HTTP/1.1" 200 27
180.162.222.201 - - [01/Jul/2022:09:05:29 +0800] "GET /xingrg/check_reg.html?_=1656637531362 HTTP/1.1" 200 22
120.253.135.82 - - [01/Jul/2022:09:05:32 +0800] "GET /xingrg/kc/buy/cgsh_order_list.html HTTP/1.1" 200 52094
120.253.135.82 - - [01/Jul/2022:09:05:33 +0800] "POST /xingrg/kc/buy/cgsh_list_operate.html HTTP/1.1" 200 693
101.83.223.227 - - [01/Jul/2022:09:05:36 +0800] "GET /xingrg/kc/buy/cgsh_order_operate.html?command=get_materiel&rest_code=00150&code=00101002006&supplier_code=00100091&order_time=2022-07-01 HTTP/1.1" 200 413
120.253.135.82 - - [01/Jul/2022:09:05:38 +0800] "GET /xingrg/kc/buy/cgsh_order_add.html HTTP/1.1" 200 66940
120.253.135.82 - - [01/Jul/2022:09:05:38 +0800] "GET /xingrg/javascript/easyui/themes/icons/copy_new.png HTTP/1.1" 304 -
120.253.135.82 - - [01/Jul/2022:09:05:38 +0800] "GET /xingrg/javascript/easyui/themes/icons/template_new.png HTTP/1.1" 304 -
120.253.135.82 - - [01/Jul/2022:09:05:39 +0800] "POST /xingrg/kc/buy/cgsh_order_operate.html HTTP/1.1" 200 8245
120.253.135.82 - - [01/Jul/2022:09:05:39 +0800] "GET /xingrg/javascript/easyui/themes/icons/edit_remove.png HTTP/1.1" 304 -
120.253.135.82 - - [01/Jul/2022:09:05:39 +0800] "GET /xingrg/javascript/easyui/themes/default/validatebox.css HTTP/1.1" 404 1104
114.83.218.210 - - [01/Jul/2022:09:05:40 +0800] "GET /xingrg/all/function/internal_message.html?_=1656637539863&CODE_STATE=getMsg HTTP/1.1" 200 27
218.81.223.53 - - [01/Jul/2022:09:05:43 +0800] "GET /xingrg/check_reg.html?_=1656637560894 HTTP/1.1" 200 22
218.81.223.53 - - [01/Jul/2022:09:05:44 +0800] "GET /xingrg/all/function/internal_message.html?_=1656637561980&CODE_STATE=getMsg HTTP/1.1" 200 27
101.83.223.227 - - [01/Jul/2022:09:05:46 +0800] "POST /xingrg/kc/buy/cgsh_order_operate.html HTTP/1.1" 200 37
120.253.135.82 - - [01/Jul/2022:09:05:51 +0800] "GET /xingrg/css/images/panel_loading.gif HTTP/1.1" 304 -
120.253.135.82 - - [01/Jul/2022:09:05:51 +0800] "POST /xingrg/all/common/load_combo.html?type=employee HTTP/1.1" 200 1752
101.83.223.227 - - [01/Jul/2022:09:05:52 +0800] "POST /xingrg/kc/buy/cgsh_order_operate.html HTTP/1.1" 200 12
218.81.223.53 - - [01/Jul/2022:09:05:52 +0800] "GET /xingrg/all/function/internal_message.html?_=1656637567357&CODE_STATE=getMsg HTTP/1.1" 302 -
101.83.223.227 - - [01/Jul/2022:09:05:57 +0800] "GET /xingrg/kc/buy/cgsh_order_info.html?code=212022070100018 HTTP/1.1" 200 62717
101.83.223.227 - - [01/Jul/2022:09:05:58 +0800] "GET /xingrg/javascript/easyui/themes/default/validatebox.css HTTP/1.1" 404 1104
101.83.223.227 - - [01/Jul/2022:09:05:58 +0800] "POST /xingrg/kc/buy/cgsh_order_operate.html HTTP/1.1" 200 610
120.253.135.82 - - [01/Jul/2022:09:06:00 +0800] "GET /xingrg/all/function/internal_message.html?_=1656637689596&CODE_STATE=getMsg HTTP/1.1" 200 27
120.253.135.82 - - [01/Jul/2022:09:06:04 +0800] "GET /xingrg/kc/buy/cgsh_order_operate.html?command=get_materiel&rest_code=00101&code=00101036003&supplier_code=00100373&order_time=2022-07-01 HTTP/1.1" 200 419
120.253.135.82 - - [01/Jul/2022:09:06:05 +0800] "POST /xingrg/all/common/load_select.html HTTP/1.1" 200 25
116.230.110.173 - - [01/Jul/2022:09:06:10 +0800] "GET /xingrg/all/function/internal_message.html?_=1656637565443&CODE_STATE=getMsg HTTP/1.1" 200 27
120.253.135.82 - - [01/Jul/2022:09:06:10 +0800] "GET /xingrg/kc/buy/cgsh_order_operate.html?command=get_materiel_price&rest_code=00101&code=00101036003&unit_code=00100317&supplier_code=00100373&order_time=2022-07-01 HTTP/1.1" 200 29
58.35.196.166 - - [01/Jul/2022:09:06:10 +0800] "GET /xingrg/all/function/internal_message.html?_=1656637568550&CODE_STATE=getMsg HTTP/1.1" 200 27
101.83.223.227 - - [01/Jul/2022:09:06:11 +0800] "GET /xingrg/kc/print/load_data.html?order_code=212022070100018&kc_code=cgsh&condition= HTTP/1.1" 200 804
120.253.135.82 - - [01/Jul/2022:09:06:13 +0800] "GET /xingrg/check_reg.html?_=1656637382584 HTTP/1.1" 200 22
120.253.135.82 - - [01/Jul/2022:09:06:13 +0800] "GET /xingrg/all/function/internal_message.html?_=1656637383411&CODE_STATE=getMsg HTTP/1.1" 200 27
101.83.223.227 - - [01/Jul/2022:09:06:26 +0800] "GET /xingrg/kc/buy/cgsh_order_add.html HTTP/1.1" 200 67806
101.83.223.227 - - [01/Jul/2022:09:06:26 +0800] "POST /xingrg/kc/buy/cgsh_order_operate.html HTTP/1.1" 200 8245
101.83.223.227 - - [01/Jul/2022:09:06:26 +0800] "GET /xingrg/javascript/easyui/themes/default/validatebox.css HTTP/1.1" 404 1104
222.64.61.61 - - [01/Jul/2022:09:06:27 +0800] "POST /xingrg/services/DataTransmitService HTTP/1.1" 200 524
222.64.61.61 - - [01/Jul/2022:09:06:28 +0800] "POST /xingrg/services/DataTransmitService HTTP/1.1" 200 501
101.83.223.227 - - [01/Jul/2022:09:06:29 +0800] "GET /xingrg/all/function/internal_message.html?_=1656637536053&CODE_STATE=getMsg HTTP/1.1" 200 27
180.162.222.201 - - [01/Jul/2022:09:06:29 +0800] "GET /xingrg/all/function/internal_message.html?_=1656637591356&CODE_STATE=getMsg HTTP/1.1" 200 27
120.253.135.82 - - [01/Jul/2022:09:06:30 +0800] "GET /xingrg/kc/buy/cgsh_order_operate.html?command=get_materiel&rest_code=00101&code=00101036002&supplier_code=00100373&order_time=2022-07-01 HTTP/1.1" 200 418
120.253.135.82 - - [01/Jul/2022:09:06:30 +0800] "POST /xingrg/all/common/load_select.html HTTP/1.1" 200 25
120.253.135.82 - - [01/Jul/2022:09:06:35 +0800] "GET /xingrg/kc/buy/cgsh_order_operate.html?command=get_materiel_price&rest_code=00101&code=00101036002&unit_code=00100317&supplier_code=00100373&order_time=2022-07-01 HTTP/1.1" 200 29
114.83.218.210 - - [01/Jul/2022:09:06:40 +0800] "GET /xingrg/all/function/internal_message.html?_=1656637599865&CODE_STATE=getMsg HTTP/1.1" 200 27
101.83.223.227 - - [01/Jul/2022:09:06:42 +0800] "GET /xingrg/kc/buy/cgsh_order_operate.html?command=get_materiel&rest_code=00150&code=00101001140&supplier_code=00100090&order_time=2022-07-01 HTTP/1.1" 200 434
218.81.223.53 - - [01/Jul/2022:09:06:44 +0800] "GET /xingrg/all/function/internal_message.html?_=1656637621995&CODE_STATE=getMsg HTTP/1.1" 200 27
218.81.223.53 - - [01/Jul/2022:09:06:52 +0800] "GET /xingrg/all/function/internal_message.html?_=1656637627369&CODE_STATE=getMsg HTTP/1.1" 302 -
120.253.135.82 - - [01/Jul/2022:09:06:55 +0800] "POST /xingrg/kc/buy/cgsh_order_operate.html HTTP/1.1" 200 37
101.83.223.227 - - [01/Jul/2022:09:06:55 +0800] "GET /xingrg/kc/buy/cgsh_order_operate.html?command=get_materiel&rest_code=00150&code=00101001125&supplier_code=00100090&order_time=2022-07-01 HTTP/1.1" 200 437
120.253.135.82 - - [01/Jul/2022:09:06:56 +0800] "POST /xingrg/kc/buy/cgsh_order_operate.html HTTP/1.1" 200 3257
120.253.135.82 - - [01/Jul/2022:09:06:59 +0800] "GET /xingrg/check_reg.html?_=1656637748735 HTTP/1.1" 200 22
120.253.135.82 - - [01/Jul/2022:09:07:00 +0800] "GET /xingrg/all/function/internal_message.html?_=1656637749610&CODE_STATE=getMsg HTTP/1.1" 200 27
101.83.223.227 - - [01/Jul/2022:09:07:08 +0800] "POST /xingrg/kc/buy/cgsh_order_operate.html HTTP/1.1" 200 37
120.253.135.82 - - [01/Jul/2022:09:07:09 +0800] "POST /xingrg/kc/buy/cgsh_order_operate.html HTTP/1.1" 200 37
116.230.110.173 - - [01/Jul/2022:09:07:10 +0800] "GET /xingrg/all/function/internal_message.html?_=1656637625454&CODE_STATE=getMsg HTTP/1.1" 200 27
116.230.110.173 - - [01/Jul/2022:09:07:10 +0800] "GET /xingrg/check_reg.html?_=1656637625460 HTTP/1.1" 200 22
58.35.196.166 - - [01/Jul/2022:09:07:10 +0800] "GET /xingrg/all/function/internal_message.html?_=1656637628521&CODE_STATE=getMsg HTTP/1.1" 200 27
120.253.135.82 - - [01/Jul/2022:09:07:11 +0800] "POST /xingrg/kc/buy/cgsh_order_operate.html HTTP/1.1" 200 3257
101.83.223.227 - - [01/Jul/2022:09:07:11 +0800] "POST /xingrg/kc/buy/cgsh_order_operate.html HTTP/1.1" 200 12
101.83.223.227 - - [01/Jul/2022:09:07:13 +0800] "GET /xingrg/kc/buy/cgsh_order_info.html?code=212022070100020 HTTP/1.1" 200 62717
101.83.223.227 - - [01/Jul/2022:09:07:13 +0800] "GET /xingrg/javascript/easyui/themes/default/validatebox.css HTTP/1.1" 404 1104
120.253.135.82 - - [01/Jul/2022:09:07:13 +0800] "GET /xingrg/kc/print/load_config.html?kc_code=cgsh HTTP/1.1" 200 1943
120.253.135.82 - - [01/Jul/2022:09:07:13 +0800] "GET /xingrg/kc/print/load_data.html?order_code=212022070100019&kc_code=cgsh&condition= HTTP/1.1" 200 933
101.83.223.227 - - [01/Jul/2022:09:07:14 +0800] "POST /xingrg/kc/buy/cgsh_order_operate.html HTTP/1.1" 200 1211
120.253.135.82 - - [01/Jul/2022:09:07:14 +0800] "GET /xingrg/all/function/internal_message.html?_=1656637443882&CODE_STATE=getMsg HTTP/1.1" 200 27
101.83.223.227 - - [01/Jul/2022:09:07:15 +0800] "GET /xingrg/kc/print/load_data.html?order_code=212022070100020&kc_code=cgsh&condition= HTTP/1.1" 200 1027
101.83.223.227 - - [01/Jul/2022:09:07:29 +0800] "GET /xingrg/all/function/internal_message.html?_=1656637596067&CODE_STATE=getMsg HTTP/1.1" 200 27
180.162.222.201 - - [01/Jul/2022:09:07:29 +0800] "GET /xingrg/all/function/internal_message.html?_=1656637651364&CODE_STATE=getMsg HTTP/1.1" 200 27
114.83.218.210 - - [01/Jul/2022:09:07:40 +0800] "GET /xingrg/all/function/internal_message.html?_=1656637659872&CODE_STATE=getMsg HTTP/1.1" 200 27
218.81.223.53 - - [01/Jul/2022:09:07:44 +0800] "GET /xingrg/all/function/internal_message.html?_=1656637682008&CODE_STATE=getMsg HTTP/1.1" 200 27
218.81.223.53 - - [01/Jul/2022:09:07:52 +0800] "GET /xingrg/all/function/internal_message.html?_=1656637687385&CODE_STATE=getMsg HTTP/1.1" 302 -
120.253.135.82 - - [01/Jul/2022:09:08:00 +0800] "GET /xingrg/all/function/internal_message.html?_=1656637809623&CODE_STATE=getMsg HTTP/1.1" 200 27
116.230.110.173 - - [01/Jul/2022:09:08:10 +0800] "GET /xingrg/all/function/internal_message.html?_=1656637685453&CODE_STATE=getMsg HTTP/1.1" 200 27
58.35.196.166 - - [01/Jul/2022:09:08:10 +0800] "GET /xingrg/all/function/internal_message.html?_=1656637688507&CODE_STATE=getMsg HTTP/1.1" 200 27
120.253.135.82 - - [01/Jul/2022:09:08:14 +0800] "GET /xingrg/all/function/internal_message.html?_=1656637503887&CODE_STATE=getMsg HTTP/1.1" 200 27
101.83.223.227 - - [01/Jul/2022:09:08:29 +0800] "GET /xingrg/all/function/internal_message.html?_=1656637656080&CODE_STATE=getMsg HTTP/1.1" 200 27
180.162.222.201 - - [01/Jul/2022:09:08:29 +0800] "GET /xingrg/all/function/internal_message.html?_=1656637711355&CODE_STATE=getMsg HTTP/1.1" 200 27
114.83.218.210 - - [01/Jul/2022:09:08:40 +0800] "GET /xingrg/check_reg.html?_=1656637719876 HTTP/1.1" 200 22
114.83.218.210 - - [01/Jul/2022:09:08:40 +0800] "GET /xingrg/all/function/internal_message.html?_=1656637719880&CODE_STATE=getMsg HTTP/1.1" 200 27
120.253.135.82 - - [01/Jul/2022:09:08:41 +0800] "POST /xingrg/kc/buy/cgsh_order_operate.html HTTP/1.1" 200 37
120.253.135.82 - - [01/Jul/2022:09:08:43 +0800] "POST /xingrg/kc/buy/cgsh_order_operate.html HTTP/1.1" 200 3257
218.81.223.53 - - [01/Jul/2022:09:08:44 +0800] "GET /xingrg/all/function/internal_message.html?_=1656637742026&CODE_STATE=getMsg HTTP/1.1" 200 27
120.253.135.82 - - [01/Jul/2022:09:08:50 +0800] "GET /xingrg/kc/buy/cgsh_order_list.html HTTP/1.1" 200 52094
120.253.135.82 - - [01/Jul/2022:09:08:52 +0800] "POST /xingrg/kc/buy/cgsh_list_operate.html HTTP/1.1" 200 1462
218.81.223.53 - - [01/Jul/2022:09:08:52 +0800] "GET /xingrg/all/function/internal_message.html?_=1656637747397&CODE_STATE=getMsg HTTP/1.1" 302 -
120.253.135.82 - - [01/Jul/2022:09:09:00 +0800] "GET /xingrg/all/function/internal_message.html?_=1656637869638&CODE_STATE=getMsg HTTP/1.1" 200 27
116.230.110.173 - - [01/Jul/2022:09:09:10 +0800] "GET /xingrg/all/function/internal_message.html?_=1656637745438&CODE_STATE=getMsg HTTP/1.1" 200 27
58.35.196.166 - - [01/Jul/2022:09:09:10 +0800] "GET /xingrg/all/function/internal_message.html?_=1656637748478&CODE_STATE=getMsg HTTP/1.1" 200 27
120.253.135.82 - - [01/Jul/2022:09:09:14 +0800] "GET /xingrg/all/function/internal_message.html?_=1656637563932&CODE_STATE=getMsg HTTP/1.1" 200 27
101.83.223.227 - - [01/Jul/2022:09:09:29 +0800] "GET /xingrg/check_reg.html?_=1656637715937 HTTP/1.1" 200 22
101.83.223.227 - - [01/Jul/2022:09:09:29 +0800] "GET /xingrg/all/function/internal_message.html?_=1656637716095&CODE_STATE=getMsg HTTP/1.1" 200 27
180.162.222.201 - - [01/Jul/2022:09:09:29 +0800] "GET /xingrg/all/function/internal_message.html?_=1656637771353&CODE_STATE=getMsg HTTP/1.1" 200 27
114.83.218.210 - - [01/Jul/2022:09:09:40 +0800] "GET /xingrg/all/function/internal_message.html?_=1656637779866&CODE_STATE=getMsg HTTP/1.1" 200 27
218.81.223.53 - - [01/Jul/2022:09:09:44 +0800] "GET /xingrg/all/function/internal_message.html?_=1656637802035&CODE_STATE=getMsg HTTP/1.1" 200 27
58.221.95.50 - - [01/Jul/2022:09:09:46 +0800] "GET /xingrg/check_reg.html?_=1656637787633 HTTP/1.1" 302 -
58.221.95.50 - - [01/Jul/2022:09:09:46 +0800] "GET /xingrg/check_reg.html?_=1656637787633 HTTP/1.1" 302 -
58.221.95.50 - - [01/Jul/2022:09:09:46 +0800] "GET /xingrg/login.html HTTP/1.1" 200 7641
58.221.95.50 - - [01/Jul/2022:09:09:46 +0800] "GET /xingrg/login.html HTTP/1.1" 200 7641
120.253.135.82 - - [01/Jul/2022:09:09:48 +0800] "GET /xingrg/kc/pszx/mdth_order_list.html HTTP/1.1" 200 18431
120.253.135.82 - - [01/Jul/2022:09:09:48 +0800] "POST /xingrg/kc/pszx/mdth_order_new_list.html HTTP/1.1" 200 4771
120.253.135.82 - - [01/Jul/2022:09:09:51 +0800] "POST /xingrg/kc/pszx/mdth_order_new_list.html HTTP/1.1" 200 217
218.81.223.53 - - [01/Jul/2022:09:09:52 +0800] "GET /xingrg/check_reg.html?_=1656637806604 HTTP/1.1" 302 -
218.81.223.53 - - [01/Jul/2022:09:09:52 +0800] "GET /xingrg/all/function/internal_message.html?_=1656637807410&CODE_STATE=getMsg HTTP/1.1" 302 -
58.37.225.129 - - [01/Jul/2022:09:09:53 +0800] "GET /xingrg/check_reg.html?_=1656637788587 HTTP/1.1" 302 -
180.162.222.201 - - [01/Jul/2022:09:09:59 +0800] "GET /xingrg/index.html?sysBaseUrl=http%3A%2F%2F180.169.147.146%3A18081%2Fxingrg%2F&costTime=32×tamp=1585224308505 HTTP/1.1" 302 -
180.162.222.201 - - [01/Jul/2022:09:09:59 +0800] "GET /xingrg/login.html HTTP/1.1" 200 7641
180.162.222.201 - - [01/Jul/2022:09:10:00 +0800] "GET /xingrg/images/blue/jxLogo.png HTTP/1.1" 304 -
120.253.135.82 - - [01/Jul/2022:09:10:00 +0800] "GET /xingrg/all/function/internal_message.html?_=1656637929663&CODE_STATE=getMsg HTTP/1.1" 200 27
180.162.222.201 - - [01/Jul/2022:09:10:01 +0800] "GET /xingrg/images/blue/login_bg.png HTTP/1.1" 304 -
180.162.222.201 - - [01/Jul/2022:09:10:01 +0800] "GET /xingrg/images/blue/hj.png HTTP/1.1" 304 -
180.162.222.201 - - [01/Jul/2022:09:10:01 +0800] "GET /xingrg/images/blue/srbg.png HTTP/1.1" 304 -
101.85.238.90 - - [01/Jul/2022:09:10:01 +0800] "GET /xingrg/login.html HTTP/1.1" 200 7641
180.162.222.201 - - [01/Jul/2022:09:10:01 +0800] "GET /favicon.ico HTTP/1.1" 404 -
101.85.238.90 - - [01/Jul/2022:09:10:02 +0800] "GET /xingrg/images/blue/jxLogo.png HTTP/1.1" 304 -
101.85.238.90 - - [01/Jul/2022:09:10:02 +0800] "GET /xingrg/images/blue/login_bg.png HTTP/1.1" 304 -
101.85.238.90 - - [01/Jul/2022:09:10:02 +0800] "GET /xingrg/images/blue/hj.png HTTP/1.1" 304 -
101.85.238.90 - - [01/Jul/2022:09:10:02 +0800] "GET /xingrg/images/blue/srbg.png HTTP/1.1" 304 -
101.85.238.90 - - [01/Jul/2022:09:10:03 +0800] "GET /favicon.ico HTTP/1.1" 404 -
101.85.238.90 - - [01/Jul/2022:09:10:07 +0800] "POST /xingrg/login.do HTTP/1.1" 302 -
101.85.238.90 - - [01/Jul/2022:09:10:07 +0800] "GET /xingrg/javascript/jquery_easy_ui/themes/icon.css HTTP/1.1" 304 -
101.85.238.90 - - [01/Jul/2022:09:10:07 +0800] "GET /xingrg/javascript/jquery_easy_ui/themes/default/easyui.css HTTP/1.1" 304 -
101.85.238.90 - - [01/Jul/2022:09:10:07 +0800] "GET /xingrg/css/form.css HTTP/1.1" 304 -
101.85.238.90 - - [01/Jul/2022:09:10:07 +0800] "GET /favicon.ico HTTP/1.1" 404 -
101.85.238.90 - - [01/Jul/2022:09:10:07 +0800] "GET /xingrg/javascript/jquery-1.4.2.min.js HTTP/1.1" 304 -
101.85.238.90 - - [01/Jul/2022:09:10:07 +0800] "GET /xingrg/javascript/jquery_easy_ui/jquery.easyui.min.js HTTP/1.1" 304 -
101.85.238.90 - - [01/Jul/2022:09:10:07 +0800] "GET /xingrg/index.html?sysBaseUrl=http%3A%2F%2F180.169.147.146%3A18081%2Fxingrg%2F&costTime=40×tamp=1656637807384 HTTP/1.1" 200 17173
101.85.238.90 - - [01/Jul/2022:09:10:07 +0800] "GET /xingrg/javascript/jquery_easy_ui/easyui-lang-zh_CN.js HTTP/1.1" 304 -
101.85.238.90 - - [01/Jul/2022:09:10:07 +0800] "GET /xingrg/javascript/jquery.form.js HTTP/1.1" 304 -
101.85.238.90 - - [01/Jul/2022:09:10:07 +0800] "GET /xingrg/javascript/jquery.utils.js HTTP/1.1" 304 -
101.85.238.90 - - [01/Jul/2022:09:10:07 +0800] "GET /xingrg/javascript/jquery.timers.js HTTP/1.1" 304 -
101.85.238.90 - - [01/Jul/2022:09:10:07 +0800] "GET /xingrg/images/blue/navBackgound.jpg HTTP/1.1" 304 -
101.85.238.90 - - [01/Jul/2022:09:10:07 +0800] "GET /xingrg/javascript/jquery_easy_ui/themes/icons/settle_new.png HTTP/1.1" 304 -
101.85.238.90 - - [01/Jul/2022:09:10:08 +0800] "GET /xingrg/images/blue/pingpu.png HTTP/1.1" 304 -
101.85.238.90 - - [01/Jul/2022:09:10:08 +0800] "POST /xingrg/all/common/load_tree.html?tree=area_rest_tree_json&manage=1 HTTP/1.1" 200 342
