120.253.135.82 - - [29/Jun/2022:10:17:13 +0800] "GET /xingrg/kc/pszx/mdps_order_info.html?code=312022062900447 HTTP/1.1" 200 23976
180.162.115.11 - - [29/Jun/2022:10:17:13 +0800] "GET /xingrg/all/function/internal_message.html?_=1656468262797&CODE_STATE=getMsg HTTP/1.1" 200 27
120.253.135.82 - - [29/Jun/2022:10:17:14 +0800] "GET /xingrg/javascript/myfunction.js HTTP/1.1" 200 24559
120.253.135.82 - - [29/Jun/2022:10:17:14 +0800] "GET /xingrg/all/common/auto_word.html?type=base&rest_code=00101 HTTP/1.1" 200 671
120.253.135.82 - - [29/Jun/2022:10:17:14 +0800] "GET /xingrg/javascript/easyui/themes/default/validatebox.css HTTP/1.1" 404 1104
120.253.135.82 - - [29/Jun/2022:10:17:14 +0800] "POST /xingrg/kc/pszx/mdps_order_operate.html HTTP/1.1" 200 2276
58.35.210.91 - - [29/Jun/2022:10:17:16 +0800] "GET /xingrg/all/function/internal_message.html?_=1656469034491&CODE_STATE=getMsg HTTP/1.1" 200 27
120.253.135.82 - - [29/Jun/2022:10:17:17 +0800] "GET /xingrg/kc/print/load_config.html?kc_code=mdps HTTP/1.1" 200 2390
120.253.135.82 - - [29/Jun/2022:10:17:17 +0800] "GET /xingrg/kc/print/load_data.html?order_code=312022062900447&kc_code=mdps&condition= HTTP/1.1" 200 665
180.169.147.146 - - [29/Jun/2022:10:17:19 +0800] "POST /xingrg/dwr/call/plaincall/AjaxCheckService.deleteOrder.dwr HTTP/1.1" 200 78
58.221.95.50 - - [29/Jun/2022:10:17:19 +0800] "GET /xingrg/check_reg.html?_=1656469037519 HTTP/1.1" 302 -
58.221.95.50 - - [29/Jun/2022:10:17:19 +0800] "GET /xingrg/check_reg.html?_=1656469037535 HTTP/1.1" 302 -
180.169.147.146 - - [29/Jun/2022:10:17:19 +0800] "GET /xingrg/kc/base/check_order_list.html HTTP/1.1" 200 16267
180.169.147.146 - - [29/Jun/2022:10:17:20 +0800] "POST /xingrg/kc/base/check_list_operate.html HTTP/1.1" 200 1572
120.253.135.82 - - [29/Jun/2022:10:17:23 +0800] "GET /xingrg/all/function/internal_message.html?_=1656469173682&CODE_STATE=getMsg HTTP/1.1" 200 27
101.83.223.227 - - [29/Jun/2022:10:17:25 +0800] "GET /xingrg/kc/buy/cgsh_order_operate.html?command=get_materiel&rest_code=00151&code=00101009121&supplier_code=00100424&order_time=2022-06-29 HTTP/1.1" 200 425
101.83.144.189 - - [29/Jun/2022:10:17:26 +0800] "GET /xingrg/check_reg.html?_=1656469045973 HTTP/1.1" 200 22
101.83.144.189 - - [29/Jun/2022:10:17:26 +0800] "GET /xingrg/all/function/internal_message.html?_=1656469045976&CODE_STATE=getMsg HTTP/1.1" 200 27
180.169.147.146 - - [29/Jun/2022:10:17:26 +0800] "GET /xingrg/kc/base/check_order_add.html HTTP/1.1" 200 26360
180.169.147.146 - - [29/Jun/2022:10:17:26 +0800] "GET /xingrg/dwr/interface/AjaxCheckService.js HTTP/1.1" 200 14003
180.169.147.146 - - [29/Jun/2022:10:17:26 +0800] "GET /xingrg/dwr/interface/AjaxComOrderService.js HTTP/1.1" 200 18264
180.169.147.146 - - [29/Jun/2022:10:17:26 +0800] "GET /xingrg/dwr/engine.js HTTP/1.1" 200 43631
58.35.210.91 - - [29/Jun/2022:10:17:27 +0800] "GET /xingrg/all/function/internal_message.html?_=1656469046158&CODE_STATE=getMsg HTTP/1.1" 200 27
222.69.144.95 - - [29/Jun/2022:10:17:30 +0800] "GET /xingrg/all/function/internal_message.html?_=1656469090079&CODE_STATE=getMsg HTTP/1.1" 200 27
114.88.162.248 - - [29/Jun/2022:10:17:32 +0800] "GET /xingrg/kc/base/wldb_order_list.html HTTP/1.1" 200 19142
218.81.223.53 - - [29/Jun/2022:10:17:33 +0800] "GET /xingrg/all/function/internal_message.html?_=1656469061432&CODE_STATE=getMsg HTTP/1.1" 200 27
101.83.223.227 - - [29/Jun/2022:10:17:33 +0800] "GET /xingrg/all/function/internal_message.html?_=1656469001340&CODE_STATE=getMsg HTTP/1.1" 200 27
114.88.162.248 - - [29/Jun/2022:10:17:33 +0800] "POST /xingrg/kc/base/wldb_list_operate.html HTTP/1.1" 200 2953
180.169.147.146 - - [29/Jun/2022:10:17:33 +0800] "POST /xingrg/dwr/call/plaincall/AjaxCheckService.saveOrder.dwr HTTP/1.1" 200 78
101.83.223.227 - - [29/Jun/2022:10:17:34 +0800] "POST /xingrg/kc/buy/cgsh_order_operate.html HTTP/1.1" 200 37
180.169.147.146 - - [29/Jun/2022:10:17:35 +0800] "POST /xingrg/dwr/call/plaincall/AjaxCheckService.loadOrderItems.dwr HTTP/1.1" 200 367
116.232.49.180 - - [29/Jun/2022:10:17:35 +0800] "GET /xingrg/all/function/internal_message.html?_=1656469059544&CODE_STATE=getMsg HTTP/1.1" 200 27
101.83.223.227 - - [29/Jun/2022:10:17:35 +0800] "POST /xingrg/kc/buy/cgsh_order_operate.html HTTP/1.1" 200 3255
114.88.162.248 - - [29/Jun/2022:10:17:36 +0800] "GET /xingrg/all/function/internal_message.html?_=1656469053477&CODE_STATE=getMsg HTTP/1.1" 200 27
116.235.94.65 - - [29/Jun/2022:10:17:37 +0800] "GET /xingrg/kc/buy/cgsh_order_operate.html?command=get_materiel&rest_code=00104&code=00101008077&supplier_code=00100005&order_time=2022-06-29 HTTP/1.1" 200 436
120.253.135.82 - - [29/Jun/2022:10:17:39 +0800] "GET /xingrg/all/function/internal_message.html?_=1656468867259&CODE_STATE=getMsg HTTP/1.1" 200 27
58.35.210.91 - - [29/Jun/2022:10:17:39 +0800] "GET /xingrg/login.html HTTP/1.1" 200 7641
58.35.210.91 - - [29/Jun/2022:10:17:39 +0800] "GET /xingrg/images/blue/jxLogo.png HTTP/1.1" 304 -
58.35.210.91 - - [29/Jun/2022:10:17:39 +0800] "GET /xingrg/images/blue/login_bg.png HTTP/1.1" 304 -
58.35.210.91 - - [29/Jun/2022:10:17:39 +0800] "GET /xingrg/images/blue/hj.png HTTP/1.1" 304 -
58.35.210.91 - - [29/Jun/2022:10:17:39 +0800] "GET /xingrg/images/blue/srbg.png HTTP/1.1" 304 -
58.35.210.91 - - [29/Jun/2022:10:17:40 +0800] "GET /favicon.ico HTTP/1.1" 404 -
58.35.196.166 - - [29/Jun/2022:10:17:40 +0800] "GET /xingrg/all/function/internal_message.html?_=1656469057509&CODE_STATE=getMsg HTTP/1.1" 200 27
180.169.147.146 - - [29/Jun/2022:10:17:40 +0800] "GET /xingrg/all/function/internal_message.html?_=1656469058165&CODE_STATE=getMsg HTTP/1.1" 200 27
180.169.147.146 - - [29/Jun/2022:10:17:42 +0800] "POST /xingrg/dwr/call/plaincall/AjaxCheckService.importOrderItems.dwr HTTP/1.1" 200 78
58.35.210.91 - - [29/Jun/2022:10:17:42 +0800] "GET /xingrg/login.html HTTP/1.1" 200 7641
116.230.110.173 - - [29/Jun/2022:10:17:43 +0800] "GET /xingrg/all/function/internal_message.html?_=1656469060222&CODE_STATE=getMsg HTTP/1.1" 200 27
180.169.147.146 - - [29/Jun/2022:10:17:44 +0800] "POST /xingrg/dwr/call/plaincall/AjaxCheckService.loadOrderItems.dwr HTTP/1.1" 200 59787
116.235.94.65 - - [29/Jun/2022:10:17:47 +0800] "GET /xingrg/all/function/internal_message.html?_=1656469248013&CODE_STATE=getMsg HTTP/1.1" 200 27
116.238.208.126 - - [29/Jun/2022:10:17:48 +0800] "GET /xingrg/all/function/internal_message.html?_=1656469136462&CODE_STATE=getMsg HTTP/1.1" 200 27
120.253.135.82 - - [29/Jun/2022:10:17:49 +0800] "POST /xingrg/kc/pszx/mdps_list_operate.html HTTP/1.1" 200 4494
120.253.135.82 - - [29/Jun/2022:10:17:49 +0800] "GET /xingrg/all/function/internal_message.html?_=1656468878054&CODE_STATE=getMsg HTTP/1.1" 200 27
58.35.210.91 - - [29/Jun/2022:10:17:52 +0800] "POST /xingrg/login.do HTTP/1.1" 302 -
58.35.210.91 - - [29/Jun/2022:10:17:52 +0800] "POST /xingrg/login.do HTTP/1.1" 302 -
58.35.210.91 - - [29/Jun/2022:10:17:52 +0800] "GET /xingrg/index.html?sysBaseUrl=http%3A%2F%2F180.169.147.146%3A18081%2Fxingrg%2F&costTime=64×tamp=1656469072493 HTTP/1.1" 200 17503
58.35.210.91 - - [29/Jun/2022:10:17:52 +0800] "POST /xingrg/all/common/load_tree.html?tree=area_rest_tree_json&manage=1 HTTP/1.1" 200 3472
58.35.210.91 - - [29/Jun/2022:10:17:52 +0800] "GET /xingrg/check_reg.html?_=1656469071174 HTTP/1.1" 200 22
58.35.210.91 - - [29/Jun/2022:10:17:52 +0800] "GET /xingrg/all/function/internal_message.html?_=1656469071173&CODE_STATE=count HTTP/1.1" 200 11
58.35.210.91 - - [29/Jun/2022:10:17:52 +0800] "POST /xingrg/load_menu.html HTTP/1.1" 200 11564
120.253.135.82 - - [29/Jun/2022:10:17:53 +0800] "POST /xingrg/kc/pszx/mdps_list_operate.html HTTP/1.1" 200 208
116.235.94.65 - - [29/Jun/2022:10:17:54 +0800] "GET /xingrg/kc/buy/cgsh_order_operate.html?command=get_materiel&rest_code=00104&code=00101008290&supplier_code=00100005&order_time=2022-06-29 HTTP/1.1" 200 416
101.85.95.26 - - [29/Jun/2022:10:17:55 +0800] "GET /xingrg/all/function/internal_message.html?_=1656469072368&CODE_STATE=getMsg HTTP/1.1" 200 27
114.88.162.248 - - [29/Jun/2022:10:17:56 +0800] "POST /xingrg/kc/base/wldb_list_operate.html HTTP/1.1" 200 4
180.169.147.146 - - [29/Jun/2022:10:17:56 +0800] "GET /xingrg/all/function/internal_message.html?_=1656469074834&CODE_STATE=getMsg HTTP/1.1" 302 -
58.35.210.91 - - [29/Jun/2022:10:17:56 +0800] "POST /xingrg/all/user/operate.html HTTP/1.1" 200 36
58.35.210.91 - - [29/Jun/2022:10:17:57 +0800] "GET /xingrg/index.html?sysBaseUrl=http%3A%2F%2F180.169.147.146%3A18081%2Fxingrg%2F&costTime=64×tamp=1656469072493 HTTP/1.1" 200 17509
58.35.210.91 - - [29/Jun/2022:10:17:57 +0800] "GET /xingrg/javascript/jquery_easy_ui/themes/default/easyui.css HTTP/1.1" 304 -
58.35.210.91 - - [29/Jun/2022:10:17:57 +0800] "GET /xingrg/javascript/jquery_easy_ui/themes/icon.css HTTP/1.1" 304 -
58.35.210.91 - - [29/Jun/2022:10:17:57 +0800] "GET /xingrg/css/form.css HTTP/1.1" 304 -
58.35.210.91 - - [29/Jun/2022:10:17:57 +0800] "GET /xingrg/javascript/jquery-1.4.2.min.js HTTP/1.1" 304 -
58.35.210.91 - - [29/Jun/2022:10:17:57 +0800] "GET /xingrg/javascript/jquery_easy_ui/jquery.easyui.min.js HTTP/1.1" 304 -
58.35.210.91 - - [29/Jun/2022:10:17:57 +0800] "GET /xingrg/javascript/jquery_easy_ui/easyui-lang-zh_CN.js HTTP/1.1" 304 -
58.35.210.91 - - [29/Jun/2022:10:17:57 +0800] "GET /xingrg/javascript/jquery.form.js HTTP/1.1" 304 -
58.35.210.91 - - [29/Jun/2022:10:17:57 +0800] "GET /xingrg/javascript/jquery.utils.js HTTP/1.1" 304 -
58.35.210.91 - - [29/Jun/2022:10:17:57 +0800] "GET /xingrg/javascript/jquery.timers.js HTTP/1.1" 304 -
58.35.210.91 - - [29/Jun/2022:10:17:57 +0800] "GET /xingrg/images/blue/jxLogo.png HTTP/1.1" 304 -
58.35.210.91 - - [29/Jun/2022:10:17:57 +0800] "GET /xingrg/images/blue/navBackgound.jpg HTTP/1.1" 304 -
58.35.210.91 - - [29/Jun/2022:10:17:57 +0800] "GET /xingrg/javascript/jquery_easy_ui/themes/icons/settle_new.png HTTP/1.1" 304 -
58.35.210.91 - - [29/Jun/2022:10:17:57 +0800] "POST /xingrg/all/common/load_tree.html?tree=area_rest_tree_json&manage=1 HTTP/1.1" 200 3472
58.35.210.91 - - [29/Jun/2022:10:17:57 +0800] "GET /xingrg/check_reg.html?_=1656469075788 HTTP/1.1" 200 22
58.35.210.91 - - [29/Jun/2022:10:17:57 +0800] "GET /xingrg/all/function/internal_message.html?_=1656469075787&CODE_STATE=count HTTP/1.1" 200 11
58.35.210.91 - - [29/Jun/2022:10:17:57 +0800] "GET /xingrg/images/blue/pingpu.png HTTP/1.1" 304 -
58.35.210.91 - - [29/Jun/2022:10:17:57 +0800] "GET /xingrg/javascript/jquery_easy_ui/themes/default/images/panel_tool_collapse.gif HTTP/1.1" 304 -
58.35.210.91 - - [29/Jun/2022:10:17:57 +0800] "GET /xingrg/javascript/jquery_easy_ui/themes/default/images/panel_tool_expand.gif HTTP/1.1" 304 -
58.35.210.91 - - [29/Jun/2022:10:17:57 +0800] "GET /xingrg/javascript/jquery_easy_ui/themes/default/images/tabs_leftarrow.png HTTP/1.1" 304 -
58.35.210.91 - - [29/Jun/2022:10:17:57 +0800] "GET /xingrg/javascript/jquery_easy_ui/themes/default/images/tabs_rightarrow.png HTTP/1.1" 304 -
58.35.210.91 - - [29/Jun/2022:10:17:57 +0800] "POST /xingrg/load_menu.html HTTP/1.1" 200 9959
120.253.135.82 - - [29/Jun/2022:10:17:57 +0800] "POST /xingrg/kc/pszx/mdps_list_operate.html HTTP/1.1" 200 5376
114.88.162.248 - - [29/Jun/2022:10:17:59 +0800] "POST /xingrg/kc/base/wldb_list_operate.html HTTP/1.1" 200 928
58.35.210.91 - - [29/Jun/2022:10:17:59 +0800] "POST /xingrg/kc/base/check_list_operate.html HTTP/1.1" 200 781
101.83.144.189 - - [29/Jun/2022:10:18:01 +0800] "GET /xingrg/all/function/internal_message.html?_=1656468984246&CODE_STATE=getMsg HTTP/1.1" 200 27
101.83.144.189 - - [29/Jun/2022:10:18:01 +0800] "GET /xingrg/check_reg.html?_=1656468984249 HTTP/1.1" 200 22
58.35.210.91 - - [29/Jun/2022:10:18:01 +0800] "GET /xingrg/dwr/engine.js HTTP/1.1" 200 43631
120.253.135.82 - - [29/Jun/2022:10:18:02 +0800] "POST /xingrg/kc/pszx/mdps_list_operate.html HTTP/1.1" 200 279
114.83.218.210 - - [29/Jun/2022:10:18:06 +0800] "GET /xingrg/all/function/internal_message.html?_=1656469083284&CODE_STATE=getMsg HTTP/1.1" 200 27
58.35.210.91 - - [29/Jun/2022:10:18:07 +0800] "POST /xingrg/dwr/call/plaincall/AjaxCheckService.saveOrder.dwr HTTP/1.1" 200 78
58.35.210.91 - - [29/Jun/2022:10:18:09 +0800] "POST /xingrg/dwr/call/plaincall/AjaxCheckService.loadOrderItems.dwr HTTP/1.1" 200 18106
58.35.210.91 - - [29/Jun/2022:10:18:12 +0800] "POST /xingrg/kc/base/check_list_operate.html HTTP/1.1" 200 781
58.35.210.91 - - [29/Jun/2022:10:18:13 +0800] "POST /xingrg/kc/base/check_list_operate.html HTTP/1.1" 200 781
58.35.210.91 - - [29/Jun/2022:10:18:13 +0800] "POST /xingrg/kc/base/check_list_operate.html HTTP/1.1" 200 781
180.162.115.11 - - [29/Jun/2022:10:18:13 +0800] "GET /xingrg/all/function/internal_message.html?_=1656468322797&CODE_STATE=getMsg HTTP/1.1" 200 27
58.35.210.91 - - [29/Jun/2022:10:18:14 +0800] "POST /xingrg/kc/base/check_list_operate.html HTTP/1.1" 200 781
58.35.210.91 - - [29/Jun/2022:10:18:15 +0800] "POST /xingrg/kc/base/check_list_operate.html HTTP/1.1" 200 781
58.35.210.91 - - [29/Jun/2022:10:18:15 +0800] "POST /xingrg/kc/base/check_list_operate.html HTTP/1.1" 200 781
101.83.223.227 - - [29/Jun/2022:10:18:15 +0800] "GET /xingrg/kc/buy/cgsh_order_add.html HTTP/1.1" 200 67531
101.83.223.227 - - [29/Jun/2022:10:18:16 +0800] "POST /xingrg/kc/buy/cgsh_order_operate.html HTTP/1.1" 200 8245
101.83.223.227 - - [29/Jun/2022:10:18:16 +0800] "GET /xingrg/javascript/easyui/themes/default/validatebox.css HTTP/1.1" 404 1104
58.35.210.91 - - [29/Jun/2022:10:18:16 +0800] "POST /xingrg/kc/base/check_list_operate.html HTTP/1.1" 200 781
58.35.210.91 - - [29/Jun/2022:10:18:17 +0800] "GET /xingrg/dwr/engine.js HTTP/1.1" 200 43631
116.235.94.65 - - [29/Jun/2022:10:18:18 +0800] "GET /xingrg/kc/buy/cgsh_order_operate.html?command=get_materiel&rest_code=00104&code=00101008354&supplier_code=00100005&order_time=2022-06-29 HTTP/1.1" 200 431
120.253.135.82 - - [29/Jun/2022:10:18:23 +0800] "GET /xingrg/all/function/internal_message.html?_=1656469233695&CODE_STATE=getMsg HTTP/1.1" 200 27
101.83.144.189 - - [29/Jun/2022:10:18:26 +0800] "GET /xingrg/all/function/internal_message.html?_=1656469105976&CODE_STATE=getMsg HTTP/1.1" 200 27
222.69.144.95 - - [29/Jun/2022:10:18:30 +0800] "GET /xingrg/all/function/internal_message.html?_=1656469150073&CODE_STATE=getMsg HTTP/1.1" 200 27
218.81.223.53 - - [29/Jun/2022:10:18:33 +0800] "GET /xingrg/all/function/internal_message.html?_=1656469121445&CODE_STATE=getMsg HTTP/1.1" 200 27
101.83.223.227 - - [29/Jun/2022:10:18:33 +0800] "GET /xingrg/all/function/internal_message.html?_=1656469061354&CODE_STATE=getMsg HTTP/1.1" 200 27
116.235.94.65 - - [29/Jun/2022:10:18:34 +0800] "GET /xingrg/kc/buy/cgsh_order_operate.html?command=get_materiel&rest_code=00104&code=00101008072&supplier_code=00100005&order_time=2022-06-29 HTTP/1.1" 200 428
116.232.49.180 - - [29/Jun/2022:10:18:35 +0800] "GET /xingrg/all/function/internal_message.html?_=1656469119516&CODE_STATE=getMsg HTTP/1.1" 200 27
114.88.162.248 - - [29/Jun/2022:10:18:36 +0800] "GET /xingrg/all/function/internal_message.html?_=1656469113486&CODE_STATE=getMsg HTTP/1.1" 200 27
120.253.135.82 - - [29/Jun/2022:10:18:39 +0800] "GET /xingrg/all/function/internal_message.html?_=1656468927284&CODE_STATE=getMsg HTTP/1.1" 200 27
58.35.196.166 - - [29/Jun/2022:10:18:40 +0800] "GET /xingrg/all/function/internal_message.html?_=1656469117497&CODE_STATE=getMsg HTTP/1.1" 200 27
180.169.147.146 - - [29/Jun/2022:10:18:40 +0800] "GET /xingrg/all/function/internal_message.html?_=1656469118146&CODE_STATE=getMsg HTTP/1.1" 200 27
116.230.110.173 - - [29/Jun/2022:10:18:43 +0800] "GET /xingrg/all/function/internal_message.html?_=1656469120235&CODE_STATE=getMsg HTTP/1.1" 200 27
116.235.94.65 - - [29/Jun/2022:10:18:47 +0800] "GET /xingrg/all/function/internal_message.html?_=1656469307992&CODE_STATE=getMsg HTTP/1.1" 200 27
116.238.208.126 - - [29/Jun/2022:10:18:48 +0800] "GET /xingrg/all/function/internal_message.html?_=1656469196477&CODE_STATE=getMsg HTTP/1.1" 200 27
120.253.135.82 - - [29/Jun/2022:10:18:49 +0800] "GET /xingrg/all/function/internal_message.html?_=1656468938067&CODE_STATE=getMsg HTTP/1.1" 200 27
101.85.95.26 - - [29/Jun/2022:10:18:55 +0800] "GET /xingrg/all/function/internal_message.html?_=1656469132368&CODE_STATE=getMsg HTTP/1.1" 200 27
180.169.147.146 - - [29/Jun/2022:10:18:56 +0800] "GET /xingrg/all/function/internal_message.html?_=1656469134826&CODE_STATE=getMsg HTTP/1.1" 302 -
58.35.210.91 - - [29/Jun/2022:10:18:57 +0800] "GET /xingrg/all/function/internal_message.html?_=1656469135810&CODE_STATE=getMsg HTTP/1.1" 200 27
101.83.144.189 - - [29/Jun/2022:10:19:01 +0800] "GET /xingrg/all/function/internal_message.html?_=1656469044257&CODE_STATE=getMsg HTTP/1.1" 200 27
116.235.94.65 - - [29/Jun/2022:10:19:04 +0800] "GET /xingrg/kc/buy/cgsh_order_operate.html?command=get_materiel&rest_code=00104&code=00101008213&supplier_code=00100005&order_time=2022-06-29 HTTP/1.1" 200 412
120.253.135.82 - - [29/Jun/2022:10:19:04 +0800] "GET /xingrg/check_reg.html?_=1656468952825 HTTP/1.1" 200 22
114.83.218.210 - - [29/Jun/2022:10:19:06 +0800] "GET /xingrg/all/function/internal_message.html?_=1656469143273&CODE_STATE=getMsg HTTP/1.1" 200 27
180.169.147.146 - - [29/Jun/2022:10:19:11 +0800] "GET /xingrg/index.html?sysBaseUrl=http%3A%2F%2F180.169.147.146%3A18081%2Fxingrg%2F&costTime=39×tamp=1592034574635 HTTP/1.1" 302 -
180.169.147.146 - - [29/Jun/2022:10:19:11 +0800] "GET /xingrg/login.html HTTP/1.1" 200 7641
180.169.147.146 - - [29/Jun/2022:10:19:12 +0800] "GET /favicon.ico HTTP/1.1" 404 -
180.169.147.146 - - [29/Jun/2022:10:19:13 +0800] "POST /xingrg/login.do HTTP/1.1" 302 -
180.169.147.146 - - [29/Jun/2022:10:19:13 +0800] "GET /xingrg/index.html?sysBaseUrl=http%3A%2F%2F180.169.147.146%3A18081%2Fxingrg%2F&costTime=41×tamp=1656469153395 HTTP/1.1" 200 17503
180.169.147.146 - - [29/Jun/2022:10:19:13 +0800] "GET /favicon.ico HTTP/1.1" 404 -
180.169.147.146 - - [29/Jun/2022:10:19:13 +0800] "POST /xingrg/all/common/load_tree.html?tree=area_rest_tree_json&manage=1 HTTP/1.1" 200 3472
180.169.147.146 - - [29/Jun/2022:10:19:13 +0800] "GET /xingrg/check_reg.html?_=1656469152172 HTTP/1.1" 200 22
180.169.147.146 - - [29/Jun/2022:10:19:13 +0800] "GET /xingrg/all/function/internal_message.html?_=1656469152171&CODE_STATE=count HTTP/1.1" 200 11
180.169.147.146 - - [29/Jun/2022:10:19:13 +0800] "POST /xingrg/load_menu.html HTTP/1.1" 200 11564
180.162.115.11 - - [29/Jun/2022:10:19:13 +0800] "GET /xingrg/check_reg.html?_=1656468382797 HTTP/1.1" 200 22
180.162.115.11 - - [29/Jun/2022:10:19:14 +0800] "GET /xingrg/all/function/internal_message.html?_=1656468382800&CODE_STATE=getMsg HTTP/1.1" 200 27
180.169.147.146 - - [29/Jun/2022:10:19:17 +0800] "POST /xingrg/all/user/operate.html HTTP/1.1" 200 36
180.169.147.146 - - [29/Jun/2022:10:19:17 +0800] "GET /xingrg/index.html?sysBaseUrl=http%3A%2F%2F180.169.147.146%3A18081%2Fxingrg%2F&costTime=41×tamp=1656469153395 HTTP/1.1" 200 17509
180.169.147.146 - - [29/Jun/2022:10:19:17 +0800] "GET /xingrg/javascript/jquery_easy_ui/themes/default/easyui.css HTTP/1.1" 304 -
180.169.147.146 - - [29/Jun/2022:10:19:17 +0800] "GET /xingrg/javascript/jquery_easy_ui/themes/icon.css HTTP/1.1" 304 -
180.169.147.146 - - [29/Jun/2022:10:19:17 +0800] "GET /xingrg/css/form.css HTTP/1.1" 304 -
180.169.147.146 - - [29/Jun/2022:10:19:17 +0800] "GET /xingrg/javascript/jquery-1.4.2.min.js HTTP/1.1" 304 -
180.169.147.146 - - [29/Jun/2022:10:19:17 +0800] "GET /xingrg/javascript/jquery_easy_ui/jquery.easyui.min.js HTTP/1.1" 304 -
180.169.147.146 - - [29/Jun/2022:10:19:17 +0800] "GET /xingrg/javascript/jquery_easy_ui/easyui-lang-zh_CN.js HTTP/1.1" 304 -
180.169.147.146 - - [29/Jun/2022:10:19:17 +0800] "GET /xingrg/javascript/jquery.form.js HTTP/1.1" 304 -
180.169.147.146 - - [29/Jun/2022:10:19:17 +0800] "GET /xingrg/javascript/jquery.utils.js HTTP/1.1" 304 -
180.169.147.146 - - [29/Jun/2022:10:19:17 +0800] "GET /xingrg/javascript/jquery.timers.js HTTP/1.1" 304 -
180.169.147.146 - - [29/Jun/2022:10:19:17 +0800] "GET /xingrg/images/blue/jxLogo.png HTTP/1.1" 304 -
180.169.147.146 - - [29/Jun/2022:10:19:17 +0800] "GET /xingrg/javascript/jquery_easy_ui/themes/icons/settle_new.png HTTP/1.1" 304 -
180.169.147.146 - - [29/Jun/2022:10:19:17 +0800] "GET /xingrg/images/blue/navBackgound.jpg HTTP/1.1" 304 -
180.169.147.146 - - [29/Jun/2022:10:19:17 +0800] "POST /xingrg/all/common/load_tree.html?tree=area_rest_tree_json&manage=1 HTTP/1.1" 200 3472
180.169.147.146 - - [29/Jun/2022:10:19:17 +0800] "GET /xingrg/all/function/internal_message.html?_=1656469156311&CODE_STATE=count HTTP/1.1" 200 11
180.169.147.146 - - [29/Jun/2022:10:19:17 +0800] "GET /xingrg/check_reg.html?_=1656469156312 HTTP/1.1" 200 22
180.169.147.146 - - [29/Jun/2022:10:19:17 +0800] "GET /xingrg/javascript/jquery_easy_ui/themes/default/images/tabs_rightarrow.png HTTP/1.1" 304 -
180.169.147.146 - - [29/Jun/2022:10:19:17 +0800] "GET /xingrg/javascript/jquery_easy_ui/themes/default/images/panel_tool_collapse.gif HTTP/1.1" 304 -
180.169.147.146 - - [29/Jun/2022:10:19:17 +0800] "GET /xingrg/javascript/jquery_easy_ui/themes/default/images/panel_tool_expand.gif HTTP/1.1" 304 -
180.169.147.146 - - [29/Jun/2022:10:19:17 +0800] "GET /xingrg/images/blue/pingpu.png HTTP/1.1" 304 -
180.169.147.146 - - [29/Jun/2022:10:19:17 +0800] "GET /xingrg/javascript/jquery_easy_ui/themes/default/images/tabs_leftarrow.png HTTP/1.1" 304 -
180.169.147.146 - - [29/Jun/2022:10:19:17 +0800] "POST /xingrg/load_menu.html HTTP/1.1" 200 9959
180.169.147.146 - - [29/Jun/2022:10:19:20 +0800] "GET /xingrg/kc/base/check_order_list.html HTTP/1.1" 200 16528
180.169.147.146 - - [29/Jun/2022:10:19:20 +0800] "POST /xingrg/kc/base/check_list_operate.html HTTP/1.1" 200 781
180.169.147.146 - - [29/Jun/2022:10:19:22 +0800] "GET /xingrg/kc/base/check_order_add.html HTTP/1.1" 200 26398
180.169.147.146 - - [29/Jun/2022:10:19:22 +0800] "GET /xingrg/dwr/interface/AjaxComOrderService.js HTTP/1.1" 200 18264
180.169.147.146 - - [29/Jun/2022:10:19:22 +0800] "GET /xingrg/dwr/interface/AjaxCheckService.js HTTP/1.1" 200 14003
180.169.147.146 - - [29/Jun/2022:10:19:22 +0800] "GET /xingrg/dwr/engine.js HTTP/1.1" 200 43631
120.253.135.82 - - [29/Jun/2022:10:19:23 +0800] "GET /xingrg/all/function/internal_message.html?_=1656469293708&CODE_STATE=getMsg HTTP/1.1" 200 27
116.235.94.65 - - [29/Jun/2022:10:19:24 +0800] "GET /xingrg/kc/buy/cgsh_order_operate.html?command=get_materiel&rest_code=00104&code=00101008185&supplier_code=00100005&order_time=2022-06-29 HTTP/1.1" 200 427
101.83.144.189 - - [29/Jun/2022:10:19:26 +0800] "GET /xingrg/all/function/internal_message.html?_=1656469165976&CODE_STATE=getMsg HTTP/1.1" 200 27
180.169.147.146 - - [29/Jun/2022:10:19:29 +0800] "POST /xingrg/dwr/call/plaincall/AjaxCheckService.saveOrder.dwr HTTP/1.1" 200 78
222.69.144.95 - - [29/Jun/2022:10:19:30 +0800] "GET /xingrg/all/function/internal_message.html?_=1656469210079&CODE_STATE=getMsg HTTP/1.1" 200 27
180.169.147.146 - - [29/Jun/2022:10:19:31 +0800] "POST /xingrg/dwr/call/plaincall/AjaxCheckService.loadOrderItems.dwr HTTP/1.1" 200 367
101.83.223.227 - - [29/Jun/2022:10:19:33 +0800] "GET /xingrg/all/function/internal_message.html?_=1656469121388&CODE_STATE=getMsg HTTP/1.1" 200 27
218.81.223.53 - - [29/Jun/2022:10:19:33 +0800] "GET /xingrg/all/function/internal_message.html?_=1656469182180&CODE_STATE=getMsg HTTP/1.1" 200 27
180.169.147.146 - - [29/Jun/2022:10:19:34 +0800] "GET /xingrg/kc/base/check_order_list.html?isBack=1 HTTP/1.1" 200 16267
180.169.147.146 - - [29/Jun/2022:10:19:34 +0800] "POST /xingrg/dwr/call/plaincall/AjaxCheckService.saveOrder.dwr HTTP/1.1" 200 78
180.169.147.146 - - [29/Jun/2022:10:19:34 +0800] "POST /xingrg/kc/base/check_list_operate.html HTTP/1.1" 200 1914
116.232.49.180 - - [29/Jun/2022:10:19:35 +0800] "GET /xingrg/check_reg.html?_=1656469179097 HTTP/1.1" 200 22
116.232.49.180 - - [29/Jun/2022:10:19:35 +0800] "GET /xingrg/all/function/internal_message.html?_=1656469179491&CODE_STATE=getMsg HTTP/1.1" 200 27
114.88.162.248 - - [29/Jun/2022:10:19:36 +0800] "GET /xingrg/check_reg.html?_=1656469173485 HTTP/1.1" 200 22
114.88.162.248 - - [29/Jun/2022:10:19:36 +0800] "GET /xingrg/all/function/internal_message.html?_=1656469173487&CODE_STATE=getMsg HTTP/1.1" 200 27
180.169.147.146 - - [29/Jun/2022:10:19:36 +0800] "POST /xingrg/dwr/call/plaincall/AjaxCheckService.loadOrderItems.dwr HTTP/1.1" 200 367
180.169.147.146 - - [29/Jun/2022:10:19:37 +0800] "GET /xingrg/kc/base/wldb_order_list.html HTTP/1.1" 200 19148
180.169.147.146 - - [29/Jun/2022:10:19:37 +0800] "POST /xingrg/kc/base/wldb_list_operate.html HTTP/1.1" 200 928
116.235.94.65 - - [29/Jun/2022:10:19:37 +0800] "GET /xingrg/kc/buy/cgsh_order_operate.html?command=get_materiel&rest_code=00104&code=00101008350&supplier_code=00100005&order_time=2022-06-29 HTTP/1.1" 200 408
180.169.147.146 - - [29/Jun/2022:10:19:38 +0800] "GET /xingrg/kc/base/wldb_order_add.html HTTP/1.1" 200 30362
180.169.147.146 - - [29/Jun/2022:10:19:39 +0800] "POST /xingrg/kc/base/wldb_order_operate.html HTTP/1.1" 200 6806
180.169.147.146 - - [29/Jun/2022:10:19:39 +0800] "GET /xingrg/all/common/auto_word.html?type=base&rest_code=00147 HTTP/1.1" 200 1803
180.169.147.146 - - [29/Jun/2022:10:19:39 +0800] "GET /xingrg/all/common/auto_word.html?type=base&rest_code=00147 HTTP/1.1" 200 1803
180.169.147.146 - - [29/Jun/2022:10:19:39 +0800] "GET /xingrg/javascript/easyui/themes/default/validatebox.css HTTP/1.1" 404 1104
120.253.135.82 - - [29/Jun/2022:10:19:39 +0800] "GET /xingrg/all/function/internal_message.html?_=1656468987286&CODE_STATE=getMsg HTTP/1.1" 200 27
180.169.147.146 - - [29/Jun/2022:10:19:39 +0800] "POST /xingrg/kc/report/common_data.html?type=materiel_category_tree HTTP/1.1" 200 3878
180.169.147.146 - - [29/Jun/2022:10:19:39 +0800] "POST /xingrg/all/common/load_combo.html?type=base HTTP/1.1" 200 3230
58.35.196.166 - - [29/Jun/2022:10:19:40 +0800] "GET /xingrg/all/function/internal_message.html?_=1656469177501&CODE_STATE=getMsg HTTP/1.1" 200 27
58.35.196.166 - - [29/Jun/2022:10:19:40 +0800] "GET /xingrg/check_reg.html?_=1656469177503 HTTP/1.1" 200 22
180.169.147.146 - - [29/Jun/2022:10:19:40 +0800] "GET /xingrg/all/function/internal_message.html?_=1656469178125&CODE_STATE=getMsg HTTP/1.1" 200 27
180.169.147.146 - - [29/Jun/2022:10:19:42 +0800] "POST /xingrg/all/common/load_combo.html?type=base HTTP/1.1" 200 3230
180.169.147.146 - - [29/Jun/2022:10:19:43 +0800] "POST /xingrg/dwr/call/plaincall/AjaxCheckService.importOrderItems.dwr HTTP/1.1" 200 78
116.230.110.173 - - [29/Jun/2022:10:19:43 +0800] "GET /xingrg/all/function/internal_message.html?_=1656469180227&CODE_STATE=getMsg HTTP/1.1" 200 27
180.169.147.146 - - [29/Jun/2022:10:19:44 +0800] "POST /xingrg/dwr/call/plaincall/AjaxCheckService.loadOrderItems.dwr HTTP/1.1" 200 17479
180.169.147.146 - - [29/Jun/2022:10:19:44 +0800] "GET /xingrg/javascript/jquery_easy_ui/themes/icons/no.png HTTP/1.1" 200 922
180.169.147.146 - - [29/Jun/2022:10:19:47 +0800] "POST /xingrg/kc/base/check_list_operate.html HTTP/1.1" 200 1566
116.235.94.65 - - [29/Jun/2022:10:19:47 +0800] "GET /xingrg/check_reg.html?_=1656469367998 HTTP/1.1" 200 22
116.235.94.65 - - [29/Jun/2022:10:19:47 +0800] "GET /xingrg/all/function/internal_message.html?_=1656469367997&CODE_STATE=getMsg HTTP/1.1" 200 27
116.238.208.126 - - [29/Jun/2022:10:19:48 +0800] "GET /xingrg/check_reg.html?_=1656469256132 HTTP/1.1" 200 22
116.238.208.126 - - [29/Jun/2022:10:19:48 +0800] "GET /xingrg/all/function/internal_message.html?_=1656469256490&CODE_STATE=getMsg HTTP/1.1" 200 27
180.169.147.146 - - [29/Jun/2022:10:19:49 +0800] "GET /xingrg/kc/base/check_order_add.html HTTP/1.1" 200 26398
180.169.147.146 - - [29/Jun/2022:10:19:49 +0800] "GET /xingrg/dwr/interface/AjaxComOrderService.js HTTP/1.1" 200 18264
180.169.147.146 - - [29/Jun/2022:10:19:49 +0800] "GET /xingrg/dwr/interface/AjaxCheckService.js HTTP/1.1" 200 14003
180.169.147.146 - - [29/Jun/2022:10:19:49 +0800] "GET /xingrg/dwr/engine.js HTTP/1.1" 200 43631
120.253.135.82 - - [29/Jun/2022:10:19:50 +0800] "GET /xingrg/all/function/internal_message.html?_=1656468998086&CODE_STATE=getMsg HTTP/1.1" 200 27
101.85.95.26 - - [29/Jun/2022:10:19:55 +0800] "GET /xingrg/all/function/internal_message.html?_=1656469192365&CODE_STATE=getMsg HTTP/1.1" 200 27
180.169.147.146 - - [29/Jun/2022:10:19:55 +0800] "POST /xingrg/dwr/call/plaincall/AjaxCheckService.saveOrder.dwr HTTP/1.1" 200 78
180.169.147.146 - - [29/Jun/2022:10:19:55 +0800] "GET /xingrg/kc/base/wldb_order_operate.html?command=get_materiel&rest_code=00147&base_code=0010270&code=00101016097 HTTP/1.1" 200 470
180.169.147.146 - - [29/Jun/2022:10:19:56 +0800] "POST /xingrg/dwr/call/plaincall/AjaxCheckService.loadOrderItems.dwr HTTP/1.1" 200 367
58.35.210.91 - - [29/Jun/2022:10:19:57 +0800] "GET /xingrg/all/function/internal_message.html?_=1656469195809&CODE_STATE=getMsg HTTP/1.1" 302 -
218.81.223.53 - - [29/Jun/2022:10:19:57 +0800] "GET /xingrg/check_reg.html?_=1656469206014 HTTP/1.1" 200 22
180.169.147.146 - - [29/Jun/2022:10:19:57 +0800] "POST /xingrg/all/common/load_select.html HTTP/1.1" 200 25
180.169.147.146 - - [29/Jun/2022:10:19:59 +0800] "GET /xingrg/kc/base/wldb_order_operate.html?command=get_materiel_price&rest_code=00147&base_code=0010270&code=00101016097&unit_code=00100163 HTTP/1.1" 200 37
101.83.144.189 - - [29/Jun/2022:10:20:01 +0800] "GET /xingrg/all/function/internal_message.html?_=1656469104246&CODE_STATE=getMsg HTTP/1.1" 200 27
180.169.147.146 - - [29/Jun/2022:10:20:01 +0800] "POST /xingrg/kc/report/common_data.html?type=materiel_category_tree HTTP/1.1" 200 3878
180.169.147.146 - - [29/Jun/2022:10:20:04 +0800] "POST /xingrg/kc/base/wldb_order_operate.html HTTP/1.1" 200 37
180.169.147.146 - - [29/Jun/2022:10:20:05 +0800] "POST /xingrg/kc/base/wldb_order_operate.html HTTP/1.1" 200 2211
180.169.147.146 - - [29/Jun/2022:10:20:05 +0800] "GET /xingrg/kc/base/wldb_order_info.html?code=422022062901195 HTTP/1.1" 200 30378
180.169.147.146 - - [29/Jun/2022:10:20:05 +0800] "GET /xingrg/javascript/easyui/themes/default/validatebox.css HTTP/1.1" 404 1104
114.83.218.210 - - [29/Jun/2022:10:20:06 +0800] "GET /xingrg/all/function/internal_message.html?_=1656469203255&CODE_STATE=getMsg HTTP/1.1" 200 27
180.169.147.146 - - [29/Jun/2022:10:20:06 +0800] "POST /xingrg/kc/base/wldb_order_operate.html HTTP/1.1" 200 2211
180.169.147.146 - - [29/Jun/2022:10:20:06 +0800] "POST /xingrg/dwr/call/plaincall/AjaxCheckService.importOrderItems.dwr HTTP/1.1" 200 78
116.235.94.65 - - [29/Jun/2022:10:20:07 +0800] "GET /xingrg/kc/buy/cgsh_order_operate.html?command=get_materiel&rest_code=00104&code=00102014106&supplier_code=00100005&order_time=2022-06-29 HTTP/1.1" 200 413
180.169.147.146 - - [29/Jun/2022:10:20:07 +0800] "POST /xingrg/dwr/call/plaincall/AjaxCheckService.loadOrderItems.dwr HTTP/1.1" 200 125538
180.169.147.146 - - [29/Jun/2022:10:20:09 +0800] "GET /xingrg/kc/base/wldb_order_add.html HTTP/1.1" 200 30362
180.169.147.146 - - [29/Jun/2022:10:20:09 +0800] "POST /xingrg/kc/base/wldb_order_operate.html HTTP/1.1" 200 6806
180.169.147.146 - - [29/Jun/2022:10:20:09 +0800] "GET /xingrg/javascript/easyui/themes/default/validatebox.css HTTP/1.1" 404 1104
180.169.147.146 - - [29/Jun/2022:10:20:10 +0800] "POST /xingrg/all/common/load_combo.html?type=base HTTP/1.1" 200 3230
180.169.147.146 - - [29/Jun/2022:10:20:12 +0800] "POST /xingrg/kc/base/check_list_operate.html HTTP/1.1" 200 1899
180.169.147.146 - - [29/Jun/2022:10:20:12 +0800] "POST /xingrg/kc/base/check_list_operate.html HTTP/1.1" 200 1899
180.169.147.146 - - [29/Jun/2022:10:20:12 +0800] "POST /xingrg/all/common/load_combo.html?type=base HTTP/1.1" 200 3230
180.169.147.146 - - [29/Jun/2022:10:20:13 +0800] "GET /xingrg/kc/base/check_order_add.html HTTP/1.1" 200 26398
180.169.147.146 - - [29/Jun/2022:10:20:13 +0800] "GET /xingrg/dwr/interface/AjaxComOrderService.js HTTP/1.1" 200 18264
180.169.147.146 - - [29/Jun/2022:10:20:13 +0800] "GET /xingrg/dwr/interface/AjaxCheckService.js HTTP/1.1" 200 14003
180.169.147.146 - - [29/Jun/2022:10:20:13 +0800] "GET /xingrg/dwr/engine.js HTTP/1.1" 200 43631
180.162.115.11 - - [29/Jun/2022:10:20:13 +0800] "GET /xingrg/all/function/internal_message.html?_=1656468442800&CODE_STATE=getMsg HTTP/1.1" 200 27
180.169.147.146 - - [29/Jun/2022:10:20:17 +0800] "GET /xingrg/all/function/internal_message.html?_=1656469216331&CODE_STATE=getMsg HTTP/1.1" 200 27
180.169.147.146 - - [29/Jun/2022:10:20:21 +0800] "POST /xingrg/dwr/call/plaincall/AjaxCheckService.saveOrder.dwr HTTP/1.1" 200 78
180.169.147.146 - - [29/Jun/2022:10:20:22 +0800] "POST /xingrg/dwr/call/plaincall/AjaxCheckService.loadOrderItems.dwr HTTP/1.1" 200 367
120.253.135.82 - - [29/Jun/2022:10:20:23 +0800] "GET /xingrg/all/function/internal_message.html?_=1656469353723&CODE_STATE=getMsg HTTP/1.1" 200 27
116.235.94.65 - - [29/Jun/2022:10:20:23 +0800] "GET /xingrg/kc/buy/cgsh_order_operate.html?command=get_materiel&rest_code=00104&code=00101015046&supplier_code=00100005&order_time=2022-06-29 HTTP/1.1" 200 412
180.169.147.146 - - [29/Jun/2022:10:20:26 +0800] "POST /xingrg/kc/report/common_data.html?type=materiel_category_tree HTTP/1.1" 200 3878
101.83.144.189 - - [29/Jun/2022:10:20:26 +0800] "GET /xingrg/all/function/internal_message.html?_=1656469225976&CODE_STATE=getMsg HTTP/1.1" 200 27
180.169.147.146 - - [29/Jun/2022:10:20:29 +0800] "POST /xingrg/dwr/call/plaincall/AjaxCheckService.importOrderItems.dwr HTTP/1.1" 200 78
180.169.147.146 - - [29/Jun/2022:10:20:30 +0800] "POST /xingrg/dwr/call/plaincall/AjaxCheckService.loadOrderItems.dwr HTTP/1.1" 200 45192
222.69.144.95 - - [29/Jun/2022:10:20:30 +0800] "GET /xingrg/check_reg.html?_=1656469270069 HTTP/1.1" 200 22
222.69.144.95 - - [29/Jun/2022:10:20:30 +0800] "GET /xingrg/all/function/internal_message.html?_=1656469270072&CODE_STATE=getMsg HTTP/1.1" 200 27
114.83.218.210 - - [29/Jun/2022:10:20:31 +0800] "GET /favicon.ico HTTP/1.1" 404 -
101.83.223.227 - - [29/Jun/2022:10:20:33 +0800] "GET /xingrg/all/function/internal_message.html?_=1656469181397&CODE_STATE=getMsg HTTP/1.1" 200 27
218.81.223.53 - - [29/Jun/2022:10:20:33 +0800] "GET /xingrg/all/function/internal_message.html?_=1656469242190&CODE_STATE=getMsg HTTP/1.1" 200 27
180.169.147.146 - - [29/Jun/2022:10:20:34 +0800] "POST /xingrg/kc/base/check_list_operate.html HTTP/1.1" 200 2232
116.232.49.180 - - [29/Jun/2022:10:20:35 +0800] "GET /xingrg/all/function/internal_message.html?_=1656469239475&CODE_STATE=getMsg HTTP/1.1" 200 27
180.169.147.146 - - [29/Jun/2022:10:20:36 +0800] "GET /xingrg/kc/base/check_order_add.html HTTP/1.1" 200 26398
180.169.147.146 - - [29/Jun/2022:10:20:36 +0800] "GET /xingrg/dwr/interface/AjaxCheckService.js HTTP/1.1" 200 14003
180.169.147.146 - - [29/Jun/2022:10:20:36 +0800] "GET /xingrg/dwr/interface/AjaxComOrderService.js HTTP/1.1" 200 18264
180.169.147.146 - - [29/Jun/2022:10:20:36 +0800] "GET /xingrg/dwr/engine.js HTTP/1.1" 200 43631
114.88.162.248 - - [29/Jun/2022:10:20:36 +0800] "GET /xingrg/all/function/internal_message.html?_=1656469233472&CODE_STATE=getMsg HTTP/1.1" 200 27
116.235.94.65 - - [29/Jun/2022:10:20:37 +0800] "GET /xingrg/kc/buy/cgsh_order_operate.html?command=get_materiel&rest_code=00104&code=00101008036&supplier_code=00100005&order_time=2022-06-29 HTTP/1.1" 200 423
180.169.147.146 - - [29/Jun/2022:10:20:37 +0800] "GET /xingrg/kc/base/wldb_order_operate.html?command=get_materiel&rest_code=00147&base_code=0010270&code=00101016037 HTTP/1.1" 200 452
180.169.147.146 - - [29/Jun/2022:10:20:39 +0800] "POST /xingrg/all/common/load_select.html HTTP/1.1" 200 25
120.253.135.82 - - [29/Jun/2022:10:20:39 +0800] "GET /xingrg/all/function/internal_message.html?_=1656469047300&CODE_STATE=getMsg HTTP/1.1" 200 27
58.35.196.166 - - [29/Jun/2022:10:20:40 +0800] "GET /xingrg/all/function/internal_message.html?_=1656469237506&CODE_STATE=getMsg HTTP/1.1" 200 27
180.169.147.146 - - [29/Jun/2022:10:20:40 +0800] "GET /xingrg/kc/base/wldb_order_operate.html?command=get_materiel_price&rest_code=00147&base_code=0010270&code=00101016037&unit_code=00100098 HTTP/1.1" 200 37
180.169.147.146 - - [29/Jun/2022:10:20:40 +0800] "GET /xingrg/all/function/internal_message.html?_=1656469238095&CODE_STATE=getMsg HTTP/1.1" 200 27
180.169.147.146 - - [29/Jun/2022:10:20:43 +0800] "POST /xingrg/dwr/call/plaincall/AjaxCheckService.saveOrder.dwr HTTP/1.1" 200 78
116.230.110.173 - - [29/Jun/2022:10:20:43 +0800] "GET /xingrg/all/function/internal_message.html?_=1656469240234&CODE_STATE=getMsg HTTP/1.1" 200 27
116.230.110.173 - - [29/Jun/2022:10:20:43 +0800] "GET /xingrg/check_reg.html?_=1656469240236 HTTP/1.1" 200 22
180.169.147.146 - - [29/Jun/2022:10:20:44 +0800] "POST /xingrg/dwr/call/plaincall/AjaxCheckService.loadOrderItems.dwr HTTP/1.1" 200 367
180.169.147.146 - - [29/Jun/2022:10:20:46 +0800] "POST /xingrg/kc/base/wldb_order_operate.html HTTP/1.1" 200 37
180.169.147.146 - - [29/Jun/2022:10:20:47 +0800] "POST /xingrg/kc/base/wldb_order_operate.html HTTP/1.1" 200 2197
180.169.147.146 - - [29/Jun/2022:10:20:47 +0800] "GET /xingrg/kc/base/wldb_order_info.html?code=422022062901196 HTTP/1.1" 200 30378
180.169.147.146 - - [29/Jun/2022:10:20:47 +0800] "POST /xingrg/kc/report/common_data.html?type=materiel_category_tree HTTP/1.1" 200 3878
180.169.147.146 - - [29/Jun/2022:10:20:47 +0800] "GET /xingrg/javascript/easyui/themes/default/validatebox.css HTTP/1.1" 404 1104
116.235.94.65 - - [29/Jun/2022:10:20:47 +0800] "GET /xingrg/all/function/internal_message.html?_=1656469428010&CODE_STATE=getMsg HTTP/1.1" 200 27
180.169.147.146 - - [29/Jun/2022:10:20:48 +0800] "POST /xingrg/kc/base/wldb_order_operate.html HTTP/1.1" 200 2197
116.238.208.126 - - [29/Jun/2022:10:20:48 +0800] "GET /xingrg/all/function/internal_message.html?_=1656469316503&CODE_STATE=getMsg HTTP/1.1" 200 27
120.253.135.82 - - [29/Jun/2022:10:20:50 +0800] "GET /xingrg/all/function/internal_message.html?_=1656469058095&CODE_STATE=getMsg HTTP/1.1" 200 27
180.169.147.146 - - [29/Jun/2022:10:20:51 +0800] "POST /xingrg/dwr/call/plaincall/AjaxCheckService.importOrderItems.dwr HTTP/1.1" 200 78
101.83.223.227 - - [29/Jun/2022:10:20:51 +0800] "GET /xingrg/kc/buy/cgsh_order_operate.html?command=get_materiel&rest_code=00151&code=00101012039&supplier_code=00100007&order_time=2022-06-29 HTTP/1.1" 200 408
180.169.147.146 - - [29/Jun/2022:10:20:51 +0800] "POST /xingrg/dwr/call/plaincall/AjaxCheckService.loadOrderItems.dwr HTTP/1.1" 200 367
116.235.94.65 - - [29/Jun/2022:10:20:53 +0800] "POST /xingrg/kc/buy/cgsh_order_operate.html HTTP/1.1" 200 2065
180.169.147.146 - - [29/Jun/2022:10:20:53 +0800] "GET /xingrg/kc/base/wldb_order_add.html HTTP/1.1" 200 30362
180.169.147.146 - - [29/Jun/2022:10:20:53 +0800] "POST /xingrg/kc/base/wldb_order_operate.html HTTP/1.1" 200 6806
180.169.147.146 - - [29/Jun/2022:10:20:53 +0800] "GET /xingrg/javascript/easyui/themes/default/validatebox.css HTTP/1.1" 404 1104
180.169.147.146 - - [29/Jun/2022:10:20:54 +0800] "POST /xingrg/all/common/load_combo.html?type=base HTTP/1.1" 200 3230
101.85.95.26 - - [29/Jun/2022:10:20:55 +0800] "GET /xingrg/all/function/internal_message.html?_=1656469252365&CODE_STATE=getMsg HTTP/1.1" 200 27
180.169.147.146 - - [29/Jun/2022:10:20:57 +0800] "POST /xingrg/dwr/call/plaincall/AjaxCheckService.saveOrder.dwr HTTP/1.1" 200 78
58.35.210.91 - - [29/Jun/2022:10:20:57 +0800] "GET /xingrg/all/function/internal_message.html?_=1656469255809&CODE_STATE=getMsg HTTP/1.1" 302 -
180.169.147.146 - - [29/Jun/2022:10:20:58 +0800] "POST /xingrg/dwr/call/plaincall/AjaxCheckService.loadOrderItems.dwr HTTP/1.1" 200 367
101.83.223.227 - - [29/Jun/2022:10:21:00 +0800] "GET /xingrg/kc/buy/cgsh_order_operate.html?command=get_materiel&rest_code=00151&code=00101008323&supplier_code=00100007&order_time=2022-06-29 HTTP/1.1" 200 408
180.169.147.146 - - [29/Jun/2022:10:21:01 +0800] "POST /xingrg/all/common/load_combo.html?type=base HTTP/1.1" 200 3230
101.83.144.189 - - [29/Jun/2022:10:21:01 +0800] "GET /xingrg/all/function/internal_message.html?_=1656469164272&CODE_STATE=getMsg HTTP/1.1" 200 27
180.169.147.146 - - [29/Jun/2022:10:21:03 +0800] "POST /xingrg/dwr/call/plaincall/AjaxCheckService.importOrderItems.dwr HTTP/1.1" 200 78
180.169.147.146 - - [29/Jun/2022:10:21:04 +0800] "POST /xingrg/dwr/call/plaincall/AjaxCheckService.loadOrderItems.dwr HTTP/1.1" 200 10591
114.83.218.210 - - [29/Jun/2022:10:21:06 +0800] "GET /xingrg/all/function/internal_message.html?_=1656469263243&CODE_STATE=getMsg HTTP/1.1" 200 27
101.83.223.227 - - [29/Jun/2022:10:21:07 +0800] "GET /xingrg/kc/buy/cgsh_order_operate.html?command=get_materiel&rest_code=00151&code=00101008257&supplier_code=00100007&order_time=2022-06-29 HTTP/1.1" 200 432
180.169.147.146 - - [29/Jun/2022:10:21:07 +0800] "POST /xingrg/kc/base/check_list_operate.html HTTP/1.1" 200 2565
180.169.147.146 - - [29/Jun/2022:10:21:09 +0800] "GET /xingrg/kc/base/check_order_add.html HTTP/1.1" 200 26398
180.169.147.146 - - [29/Jun/2022:10:21:09 +0800] "GET /xingrg/dwr/interface/AjaxComOrderService.js HTTP/1.1" 200 18264
180.169.147.146 - - [29/Jun/2022:10:21:09 +0800] "GET /xingrg/dwr/interface/AjaxCheckService.js HTTP/1.1" 200 14003
180.169.147.146 - - [29/Jun/2022:10:21:09 +0800] "GET /xingrg/dwr/engine.js HTTP/1.1" 200 43631
101.83.223.227 - - [29/Jun/2022:10:21:13 +0800] "GET /xingrg/kc/buy/cgsh_order_operate.html?command=get_materiel&rest_code=00151&code=00101008095&supplier_code=00100007&order_time=2022-06-29 HTTP/1.1" 200 412
180.162.115.11 - - [29/Jun/2022:10:21:13 +0800] "GET /xingrg/all/function/internal_message.html?_=1656468502788&CODE_STATE=getMsg HTTP/1.1" 200 27
180.169.147.146 - - [29/Jun/2022:10:21:17 +0800] "GET /xingrg/all/function/internal_message.html?_=1656469276322&CODE_STATE=getMsg HTTP/1.1" 200 27
101.83.223.227 - - [29/Jun/2022:10:21:20 +0800] "GET /xingrg/kc/buy/cgsh_order_operate.html?command=get_materiel&rest_code=00151&code=00101008221&supplier_code=00100007&order_time=2022-06-29 HTTP/1.1" 200 412
120.253.135.82 - - [29/Jun/2022:10:21:20 +0800] "GET /xingrg/check_reg.html?_=1656469410809 HTTP/1.1" 200 22
180.169.147.146 - - [29/Jun/2022:10:21:20 +0800] "POST /xingrg/dwr/call/plaincall/AjaxCheckService.saveOrder.dwr HTTP/1.1" 200 78
180.169.147.146 - - [29/Jun/2022:10:21:21 +0800] "POST /xingrg/dwr/call/plaincall/AjaxCheckService.loadOrderItems.dwr HTTP/1.1" 200 367
120.253.135.82 - - [29/Jun/2022:10:21:22 +0800] "POST /xingrg/kc/pszx/mdps_list_operate.html HTTP/1.1" 200 5247
120.253.135.82 - - [29/Jun/2022:10:21:22 +0800] "GET /xingrg/kc/pszx/mdps_order_list.html?orderType=0 HTTP/1.1" 200 21007
180.169.147.146 - - [29/Jun/2022:10:21:22 +0800] "GET /xingrg/kc/base/wldb_order_operate.html?command=get_materiel&rest_code=00147&base_code=0010270&code=00101016040 HTTP/1.1" 200 459
120.253.135.82 - - [29/Jun/2022:10:21:22 +0800] "POST /xingrg/kc/pszx/mdps_list_operate.html HTTP/1.1" 200 5247
180.169.147.146 - - [29/Jun/2022:10:21:23 +0800] "POST /xingrg/kc/report/common_data.html?type=materiel_category_tree HTTP/1.1" 200 3878
120.253.135.82 - - [29/Jun/2022:10:21:23 +0800] "GET /xingrg/all/function/internal_message.html?_=1656469413736&CODE_STATE=getMsg HTTP/1.1" 200 27
101.83.144.189 - - [29/Jun/2022:10:21:26 +0800] "GET /xingrg/all/function/internal_message.html?_=1656469286002&CODE_STATE=getMsg HTTP/1.1" 200 27
101.83.223.227 - - [29/Jun/2022:10:21:26 +0800] "GET /xingrg/kc/buy/cgsh_order_operate.html?command=get_materiel&rest_code=00151&code=00101008223&supplier_code=00100007&order_time=2022-06-29 HTTP/1.1" 200 412
120.253.135.82 - - [29/Jun/2022:10:21:26 +0800] "GET /xingrg/kc/pszx/mdps_order_add.html HTTP/1.1" 200 29076
180.169.147.146 - - [29/Jun/2022:10:21:27 +0800] "POST /xingrg/dwr/call/plaincall/AjaxCheckService.importOrderItems.dwr HTTP/1.1" 200 78
120.253.135.82 - - [29/Jun/2022:10:21:27 +0800] "POST /xingrg/kc/pszx/mdps_order_operate.html HTTP/1.1" 200 7126
180.169.147.146 - - [29/Jun/2022:10:21:27 +0800] "POST /xingrg/kc/base/wldb_order_operate.html HTTP/1.1" 200 37
120.253.135.82 - - [29/Jun/2022:10:21:27 +0800] "GET /xingrg/javascript/easyui/themes/default/validatebox.css HTTP/1.1" 404 1104
180.169.147.146 - - [29/Jun/2022:10:21:27 +0800] "POST /xingrg/kc/base/wldb_order_operate.html HTTP/1.1" 200 2202
180.169.147.146 - - [29/Jun/2022:10:21:28 +0800] "POST /xingrg/dwr/call/plaincall/AjaxCheckService.loadOrderItems.dwr HTTP/1.1" 200 141001
180.169.147.146 - - [29/Jun/2022:10:21:28 +0800] "GET /xingrg/kc/base/wldb_order_info.html?code=422022062901197 HTTP/1.1" 200 30379
180.169.147.146 - - [29/Jun/2022:10:21:28 +0800] "GET /xingrg/javascript/easyui/themes/default/validatebox.css HTTP/1.1" 404 1104
180.169.147.146 - - [29/Jun/2022:10:21:28 +0800] "POST /xingrg/kc/base/wldb_order_operate.html HTTP/1.1" 200 2202
222.69.144.95 - - [29/Jun/2022:10:21:30 +0800] "GET /xingrg/all/function/internal_message.html?_=1656469330084&CODE_STATE=getMsg HTTP/1.1" 200 27
180.169.147.146 - - [29/Jun/2022:10:21:31 +0800] "POST /xingrg/kc/base/wldb_list_operate.html HTTP/1.1" 200 2592
180.169.147.146 - - [29/Jun/2022:10:21:31 +0800] "POST /xingrg/kc/base/wldb_list_operate.html HTTP/1.1" 200 2592
120.253.135.82 - - [29/Jun/2022:10:21:31 +0800] "GET /xingrg/javascript/easyui/themes/default/tree.css HTTP/1.1" 404 1090
120.253.135.82 - - [29/Jun/2022:10:21:31 +0800] "POST /xingrg/all/common/load_tree.html?tree=area_rest_tree_json&only_rest=1 HTTP/1.1" 200 3351
180.169.147.146 - - [29/Jun/2022:10:21:32 +0800] "POST /xingrg/kc/base/check_list_operate.html HTTP/1.1" 200 2904
180.169.147.146 - - [29/Jun/2022:10:21:32 +0800] "POST /xingrg/kc/base/check_list_operate.html HTTP/1.1" 200 2904
101.83.223.227 - - [29/Jun/2022:10:21:33 +0800] "GET /xingrg/check_reg.html?_=1656469241332 HTTP/1.1" 200 22
101.83.223.227 - - [29/Jun/2022:10:21:33 +0800] "GET /xingrg/all/function/internal_message.html?_=1656469241410&CODE_STATE=getMsg HTTP/1.1" 200 27
218.81.223.53 - - [29/Jun/2022:10:21:33 +0800] "GET /xingrg/all/function/internal_message.html?_=1656469302203&CODE_STATE=getMsg HTTP/1.1" 200 27
116.232.49.180 - - [29/Jun/2022:10:21:35 +0800] "GET /xingrg/all/function/internal_message.html?_=1656469299446&CODE_STATE=getMsg HTTP/1.1" 200 27
114.88.162.248 - - [29/Jun/2022:10:21:36 +0800] "GET /xingrg/all/function/internal_message.html?_=1656469293472&CODE_STATE=getMsg HTTP/1.1" 200 27
58.35.210.91 - - [29/Jun/2022:10:21:37 +0800] "GET /xingrg/login.html HTTP/1.1" 200 7641
101.83.223.227 - - [29/Jun/2022:10:21:38 +0800] "GET /xingrg/kc/buy/cgsh_order_operate.html?command=get_materiel&rest_code=00151&code=00101008357&supplier_code=00100007&order_time=2022-06-29 HTTP/1.1" 200 408
120.253.135.82 - - [29/Jun/2022:10:21:39 +0800] "GET /xingrg/all/function/internal_message.html?_=1656469107313&CODE_STATE=getMsg HTTP/1.1" 200 27
58.35.196.166 - - [29/Jun/2022:10:21:40 +0800] "GET /xingrg/all/function/internal_message.html?_=1656469297511&CODE_STATE=getMsg HTTP/1.1" 200 27
180.169.147.146 - - [29/Jun/2022:10:21:40 +0800] "GET /xingrg/all/function/internal_message.html?_=1656469298068&CODE_STATE=getMsg HTTP/1.1" 200 27
180.169.147.146 - - [29/Jun/2022:10:21:40 +0800] "GET /xingrg/check_reg.html?_=1656469298168 HTTP/1.1" 200 22
180.169.147.146 - - [29/Jun/2022:10:21:41 +0800] "POST /xingrg/kc/base/wldb_list_operate.html HTTP/1.1" 200 4
180.169.147.146 - - [29/Jun/2022:10:21:42 +0800] "POST /xingrg/kc/base/wldb_list_operate.html HTTP/1.1" 200 928
116.235.94.65 - - [29/Jun/2022:10:21:43 +0800] "POST /xingrg/kc/buy/cgsh_order_operate.html HTTP/1.1" 200 37
116.230.110.173 - - [29/Jun/2022:10:21:43 +0800] "GET /xingrg/all/function/internal_message.html?_=1656469300231&CODE_STATE=getMsg HTTP/1.1" 200 27
58.35.210.91 - - [29/Jun/2022:10:21:45 +0800] "POST /xingrg/login.do HTTP/1.1" 302 -
58.35.210.91 - - [29/Jun/2022:10:21:45 +0800] "GET /xingrg/index.html?sysBaseUrl=http%3A%2F%2F180.169.147.146%3A18081%2Fxingrg%2F&costTime=42×tamp=1656469305717 HTTP/1.1" 200 17503
58.35.210.91 - - [29/Jun/2022:10:21:45 +0800] "POST /xingrg/all/common/load_tree.html?tree=area_rest_tree_json&manage=1 HTTP/1.1" 200 3472
58.35.210.91 - - [29/Jun/2022:10:21:45 +0800] "GET /xingrg/all/function/internal_message.html?_=1656469304345&CODE_STATE=count HTTP/1.1" 200 11
58.35.210.91 - - [29/Jun/2022:10:21:45 +0800] "GET /xingrg/check_reg.html?_=1656469304346 HTTP/1.1" 200 22
58.35.210.91 - - [29/Jun/2022:10:21:46 +0800] "POST /xingrg/load_menu.html HTTP/1.1" 200 11564
101.83.223.227 - - [29/Jun/2022:10:21:46 +0800] "GET /xingrg/kc/buy/cgsh_order_operate.html?command=get_materiel&rest_code=00151&code=00101008331&supplier_code=00100007&order_time=2022-06-29 HTTP/1.1" 200 416
116.238.208.126 - - [29/Jun/2022:10:21:48 +0800] "GET /xingrg/all/function/internal_message.html?_=1656469376519&CODE_STATE=getMsg HTTP/1.1" 200 27
120.253.135.82 - - [29/Jun/2022:10:21:49 +0800] "GET /xingrg/check_reg.html?_=1656469117489 HTTP/1.1" 200 22
120.253.135.82 - - [29/Jun/2022:10:21:50 +0800] "GET /xingrg/all/function/internal_message.html?_=1656469118108&CODE_STATE=getMsg HTTP/1.1" 200 27
101.85.95.26 - - [29/Jun/2022:10:21:55 +0800] "GET /xingrg/all/function/internal_message.html?_=1656469312365&CODE_STATE=getMsg HTTP/1.1" 200 27
101.85.95.26 - - [29/Jun/2022:10:21:55 +0800] "GET /xingrg/check_reg.html?_=1656469312368 HTTP/1.1" 200 22
101.83.223.227 - - [29/Jun/2022:10:21:56 +0800] "GET /xingrg/kc/buy/cgsh_order_operate.html?command=get_materiel&rest_code=00151&code=00101012044&supplier_code=00100007&order_time=2022-06-29 HTTP/1.1" 200 408
58.35.210.91 - - [29/Jun/2022:10:21:57 +0800] "GET /xingrg/all/function/internal_message.html?_=1656469315799&CODE_STATE=getMsg HTTP/1.1" 200 27
120.253.135.82 - - [29/Jun/2022:10:21:59 +0800] "POST /xingrg/all/common/load_combo.html?type=base HTTP/1.1" 200 1169
101.83.144.189 - - [29/Jun/2022:10:22:01 +0800] "GET /xingrg/all/function/internal_message.html?_=1656469224281&CODE_STATE=getMsg HTTP/1.1" 200 27
58.35.210.91 - - [29/Jun/2022:10:22:02 +0800] "POST /xingrg/all/user/operate.html HTTP/1.1" 200 36
58.35.210.91 - - [29/Jun/2022:10:22:02 +0800] "GET /xingrg/index.html?sysBaseUrl=http%3A%2F%2F180.169.147.146%3A18081%2Fxingrg%2F&costTime=42×tamp=1656469305717 HTTP/1.1" 200 17509
