180.169.147.146 - - [29/Jun/2022:10:33:03 +0800] "POST /xingrg/dwr/call/plaincall/AjaxCheckService.deleteOrder.dwr HTTP/1.1" 200 78
180.169.147.146 - - [29/Jun/2022:10:33:04 +0800] "GET /xingrg/kc/base/check_order_list.html HTTP/1.1" 200 16267
180.169.147.146 - - [29/Jun/2022:10:33:04 +0800] "POST /xingrg/kc/base/check_list_operate.html HTTP/1.1" 200 1572
180.169.147.146 - - [29/Jun/2022:10:33:05 +0800] "GET /xingrg/kc/base/base_main.html HTTP/1.1" 200 12142
180.169.147.146 - - [29/Jun/2022:10:33:05 +0800] "GET /xingrg/images/blue/button/wlsy.gif HTTP/1.1" 200 2536
180.169.147.146 - - [29/Jun/2022:10:33:05 +0800] "GET /xingrg/images/blue/button/ckpd.gif HTTP/1.1" 200 2051
180.169.147.146 - - [29/Jun/2022:10:33:05 +0800] "GET /xingrg/images/blue/button/kc.gif HTTP/1.1" 200 2160
180.169.147.146 - - [29/Jun/2022:10:33:05 +0800] "GET /xingrg/images/blue/button/ckdb.gif HTTP/1.1" 200 1950
180.169.147.146 - - [29/Jun/2022:10:33:05 +0800] "GET /xingrg/images/blue/button/yddb.gif HTTP/1.1" 200 2040
180.169.147.146 - - [29/Jun/2022:10:33:05 +0800] "GET /xingrg/images/blue/pic_form2.gif HTTP/1.1" 200 1853
180.169.147.146 - - [29/Jun/2022:10:33:05 +0800] "GET /xingrg/images/blue/button/left_ah.jpg HTTP/1.1" 200 1643
180.169.147.146 - - [29/Jun/2022:10:33:05 +0800] "GET /xingrg/images/blue/button/top_right.jpg HTTP/1.1" 200 1708
180.169.147.146 - - [29/Jun/2022:10:33:05 +0800] "GET /xingrg/images/blue/button/bottom_right.jpg HTTP/1.1" 200 1436
180.169.147.146 - - [29/Jun/2022:10:33:05 +0800] "GET /xingrg/images/blue/button/down.jpg HTTP/1.1" 200 1560
180.169.147.146 - - [29/Jun/2022:10:33:05 +0800] "GET /xingrg/images/blue/button/bottom_left.jpg HTTP/1.1" 200 1524
180.169.147.146 - - [29/Jun/2022:10:33:05 +0800] "GET /xingrg/images/blue/button/right_ah.jpg HTTP/1.1" 200 1744
180.169.147.146 - - [29/Jun/2022:10:33:05 +0800] "GET /xingrg/images/blue/bg_dotted.jpg HTTP/1.1" 200 319
180.169.147.146 - - [29/Jun/2022:10:33:05 +0800] "GET /xingrg/images/blue/button/top_left.jpg HTTP/1.1" 200 1632
114.83.218.210 - - [29/Jun/2022:10:33:05 +0800] "GET /xingrg/all/function/internal_message.html?_=1656469983076&CODE_STATE=getMsg HTTP/1.1" 200 27
180.169.147.146 - - [29/Jun/2022:10:33:06 +0800] "GET /xingrg/kc/base/check_order_add.html HTTP/1.1" 200 26360
180.169.147.146 - - [29/Jun/2022:10:33:06 +0800] "GET /xingrg/dwr/interface/AjaxCheckService.js HTTP/1.1" 200 14003
180.169.147.146 - - [29/Jun/2022:10:33:06 +0800] "GET /xingrg/dwr/interface/AjaxComOrderService.js HTTP/1.1" 200 18264
180.169.147.146 - - [29/Jun/2022:10:33:06 +0800] "GET /xingrg/dwr/engine.js HTTP/1.1" 200 43631
101.85.95.26 - - [29/Jun/2022:10:33:06 +0800] "GET /xingrg/kc/base/wldb_order_list.html HTTP/1.1" 200 19148
101.85.95.26 - - [29/Jun/2022:10:33:07 +0800] "POST /xingrg/kc/base/wldb_list_operate.html HTTP/1.1" 200 928
101.85.95.26 - - [29/Jun/2022:10:33:08 +0800] "GET /xingrg/kc/base/wldb_order_add.html HTTP/1.1" 200 30366
101.85.95.26 - - [29/Jun/2022:10:33:08 +0800] "POST /xingrg/kc/base/wldb_order_operate.html HTTP/1.1" 200 6806
101.85.95.26 - - [29/Jun/2022:10:33:08 +0800] "GET /xingrg/all/common/auto_word.html?type=base&rest_code=00142 HTTP/1.1" 200 719
101.85.95.26 - - [29/Jun/2022:10:33:08 +0800] "GET /xingrg/all/common/auto_word.html?type=base&rest_code=00142 HTTP/1.1" 200 719
101.85.95.26 - - [29/Jun/2022:10:33:08 +0800] "GET /xingrg/javascript/easyui/themes/default/validatebox.css HTTP/1.1" 404 1104
180.169.147.146 - - [29/Jun/2022:10:33:08 +0800] "GET /xingrg/kc/base/check_order_list.html HTTP/1.1" 200 16528
116.238.208.126 - - [29/Jun/2022:10:33:08 +0800] "POST /xingrg/kc/buy/cgsh_order_operate.html HTTP/1.1" 200 37
180.169.147.146 - - [29/Jun/2022:10:33:09 +0800] "POST /xingrg/kc/base/check_list_operate.html HTTP/1.1" 200 2904
116.235.94.65 - - [29/Jun/2022:10:33:09 +0800] "GET /xingrg/all/function/internal_message.html?_=1656470169751&CODE_STATE=getMsg HTTP/1.1" 200 27
180.169.147.146 - - [29/Jun/2022:10:33:10 +0800] "GET /xingrg/kc/base/check_order_add.html HTTP/1.1" 200 26398
180.169.147.146 - - [29/Jun/2022:10:33:10 +0800] "GET /xingrg/dwr/interface/AjaxCheckService.js HTTP/1.1" 200 14003
180.169.147.146 - - [29/Jun/2022:10:33:10 +0800] "GET /xingrg/dwr/interface/AjaxComOrderService.js HTTP/1.1" 200 18264
180.169.147.146 - - [29/Jun/2022:10:33:10 +0800] "GET /xingrg/dwr/engine.js HTTP/1.1" 200 43631
180.169.147.146 - - [29/Jun/2022:10:33:11 +0800] "POST /xingrg/dwr/call/plaincall/AjaxCheckService.saveOrder.dwr HTTP/1.1" 200 78
180.169.147.146 - - [29/Jun/2022:10:33:12 +0800] "POST /xingrg/dwr/call/plaincall/AjaxCheckService.loadOrderItems.dwr HTTP/1.1" 200 367
116.238.208.126 - - [29/Jun/2022:10:33:12 +0800] "GET /xingrg/all/function/internal_message.html?_=1656470060270&CODE_STATE=getMsg HTTP/1.1" 200 27
180.162.115.11 - - [29/Jun/2022:10:33:14 +0800] "GET /xingrg/all/function/internal_message.html?_=1656469222809&CODE_STATE=getMsg HTTP/1.1" 200 27
116.238.208.126 - - [29/Jun/2022:10:33:14 +0800] "POST /xingrg/kc/buy/cgsh_order_operate.html HTTP/1.1" 200 12
116.238.208.126 - - [29/Jun/2022:10:33:15 +0800] "GET /xingrg/kc/buy/cgsh_order_info.html?code=212022062904063 HTTP/1.1" 200 62818
116.238.208.126 - - [29/Jun/2022:10:33:17 +0800] "GET /xingrg/javascript/easyui/themes/default/validatebox.css HTTP/1.1" 404 1104
180.169.147.146 - - [29/Jun/2022:10:33:17 +0800] "POST /xingrg/dwr/call/plaincall/AjaxCheckService.importOrderItems.dwr HTTP/1.1" 200 78
116.238.208.126 - - [29/Jun/2022:10:33:18 +0800] "POST /xingrg/kc/buy/cgsh_order_operate.html HTTP/1.1" 200 611
180.169.147.146 - - [29/Jun/2022:10:33:18 +0800] "POST /xingrg/dwr/call/plaincall/AjaxCheckService.loadOrderItems.dwr HTTP/1.1" 200 59785
116.238.208.126 - - [29/Jun/2022:10:33:20 +0800] "GET /xingrg/kc/print/load_data.html?order_code=212022062904063&kc_code=cgsh&condition= HTTP/1.1" 200 742
58.35.210.91 - - [29/Jun/2022:10:33:22 +0800] "GET /xingrg/all/function/internal_message.html?_=1656470000965&CODE_STATE=getMsg HTTP/1.1" 302 -
180.169.147.146 - - [29/Jun/2022:10:33:22 +0800] "POST /xingrg/dwr/call/plaincall/AjaxCheckService.saveOrder.dwr HTTP/1.1" 200 78
120.253.135.82 - - [29/Jun/2022:10:33:24 +0800] "GET /xingrg/all/function/internal_message.html?_=1656470134500&CODE_STATE=getMsg HTTP/1.1" 200 27
180.169.147.146 - - [29/Jun/2022:10:33:24 +0800] "POST /xingrg/dwr/call/plaincall/AjaxCheckService.loadOrderItems.dwr HTTP/1.1" 200 367
101.85.95.26 - - [29/Jun/2022:10:33:24 +0800] "GET /xingrg/kc/base/wldb_order_operate.html?command=get_materiel&rest_code=00142&base_code=0010186&code=00101019816 HTTP/1.1" 200 447
101.83.144.189 - - [29/Jun/2022:10:33:26 +0800] "GET /xingrg/all/function/internal_message.html?_=1656470005997&CODE_STATE=getMsg HTTP/1.1" 200 27
101.85.95.26 - - [29/Jun/2022:10:33:27 +0800] "POST /xingrg/all/common/load_select.html HTTP/1.1" 200 25
116.238.208.126 - - [29/Jun/2022:10:33:28 +0800] "GET /xingrg/kc/buy/cgsh_order_add.html HTTP/1.1" 200 67915
180.169.147.146 - - [29/Jun/2022:10:33:29 +0800] "POST /xingrg/dwr/call/plaincall/AjaxCheckService.importOrderItems.dwr HTTP/1.1" 200 78
101.85.95.26 - - [29/Jun/2022:10:33:29 +0800] "GET /xingrg/kc/base/wldb_order_operate.html?command=get_materiel_price&rest_code=00142&base_code=0010186&code=00101019816&unit_code=00100074 HTTP/1.1" 200 33
116.238.208.126 - - [29/Jun/2022:10:33:30 +0800] "POST /xingrg/kc/buy/cgsh_order_operate.html HTTP/1.1" 200 8245
116.238.208.126 - - [29/Jun/2022:10:33:30 +0800] "GET /xingrg/javascript/easyui/themes/default/validatebox.css HTTP/1.1" 404 1104
222.69.144.95 - - [29/Jun/2022:10:33:30 +0800] "GET /xingrg/all/function/internal_message.html?_=1656470050076&CODE_STATE=getMsg HTTP/1.1" 200 27
180.169.147.146 - - [29/Jun/2022:10:33:31 +0800] "POST /xingrg/dwr/call/plaincall/AjaxCheckService.loadOrderItems.dwr HTTP/1.1" 200 61855
101.83.223.227 - - [29/Jun/2022:10:33:33 +0800] "GET /xingrg/all/function/internal_message.html?_=1656469961651&CODE_STATE=getMsg HTTP/1.1" 200 27
116.232.49.180 - - [29/Jun/2022:10:33:35 +0800] "GET /xingrg/all/function/internal_message.html?_=1656470019160&CODE_STATE=getMsg HTTP/1.1" 200 27
114.88.162.248 - - [29/Jun/2022:10:33:36 +0800] "GET /xingrg/all/function/internal_message.html?_=1656470013492&CODE_STATE=getMsg HTTP/1.1" 200 27
180.169.147.146 - - [29/Jun/2022:10:33:37 +0800] "GET /xingrg/kc/base/check_order_list.html?isBack=1 HTTP/1.1" 200 16528
180.169.147.146 - - [29/Jun/2022:10:33:37 +0800] "POST /xingrg/kc/base/check_list_operate.html HTTP/1.1" 200 3243
218.81.223.53 - - [29/Jun/2022:10:33:37 +0800] "GET /xingrg/all/function/internal_message.html?_=1656470025798&CODE_STATE=getMsg HTTP/1.1" 200 27
116.238.208.126 - - [29/Jun/2022:10:33:38 +0800] "GET /xingrg/javascript/easyui/themes/default/tree.css HTTP/1.1" 404 1090
116.238.208.126 - - [29/Jun/2022:10:33:38 +0800] "POST /xingrg/all/common/load_tree.html?tree=supplier_tree_json&isDelete=1 HTTP/1.1" 200 66935
120.253.135.82 - - [29/Jun/2022:10:33:39 +0800] "GET /xingrg/all/function/internal_message.html?_=1656469827548&CODE_STATE=getMsg HTTP/1.1" 200 27
180.169.147.146 - - [29/Jun/2022:10:33:40 +0800] "GET /xingrg/kc/base/check_order_add.html HTTP/1.1" 200 26398
58.35.196.166 - - [29/Jun/2022:10:33:40 +0800] "GET /xingrg/all/function/internal_message.html?_=1656470017508&CODE_STATE=getMsg HTTP/1.1" 200 27
180.169.147.146 - - [29/Jun/2022:10:33:40 +0800] "GET /xingrg/dwr/interface/AjaxComOrderService.js HTTP/1.1" 200 18264
180.169.147.146 - - [29/Jun/2022:10:33:40 +0800] "GET /xingrg/dwr/interface/AjaxCheckService.js HTTP/1.1" 200 14003
180.169.147.146 - - [29/Jun/2022:10:33:40 +0800] "GET /xingrg/dwr/engine.js HTTP/1.1" 200 43631
180.169.147.146 - - [29/Jun/2022:10:33:40 +0800] "GET /xingrg/all/function/internal_message.html?_=1656470017872&CODE_STATE=getMsg HTTP/1.1" 200 27
101.85.95.26 - - [29/Jun/2022:10:33:40 +0800] "GET /xingrg/kc/base/wldb_order_operate.html?command=get_materiel&rest_code=00142&base_code=0010186&code=00101010237 HTTP/1.1" 200 431
116.230.110.173 - - [29/Jun/2022:10:33:43 +0800] "GET /xingrg/all/function/internal_message.html?_=1656470022465&CODE_STATE=getMsg HTTP/1.1" 200 27
114.84.82.172 - - [29/Jun/2022:10:33:48 +0800] "GET /favicon.ico HTTP/1.1" 404 -
180.169.147.146 - - [29/Jun/2022:10:33:48 +0800] "POST /xingrg/dwr/call/plaincall/AjaxCheckService.saveOrder.dwr HTTP/1.1" 200 78
180.169.147.146 - - [29/Jun/2022:10:33:50 +0800] "POST /xingrg/dwr/call/plaincall/AjaxCheckService.loadOrderItems.dwr HTTP/1.1" 200 367
120.253.135.82 - - [29/Jun/2022:10:33:50 +0800] "GET /xingrg/all/function/internal_message.html?_=1656469838303&CODE_STATE=getMsg HTTP/1.1" 200 27
101.85.95.26 - - [29/Jun/2022:10:33:52 +0800] "GET /xingrg/kc/base/wldb_order_operate.html?command=get_materiel&rest_code=00142&base_code=0010186&code=00101019238 HTTP/1.1" 200 468
101.85.95.26 - - [29/Jun/2022:10:33:55 +0800] "GET /xingrg/all/function/internal_message.html?_=1656470032404&CODE_STATE=getMsg HTTP/1.1" 200 27
180.169.147.146 - - [29/Jun/2022:10:33:55 +0800] "POST /xingrg/dwr/call/plaincall/AjaxCheckService.importOrderItems.dwr HTTP/1.1" 200 78
58.35.210.91 - - [29/Jun/2022:10:33:57 +0800] "GET /xingrg/all/function/internal_message.html?_=1656470035810&CODE_STATE=getMsg HTTP/1.1" 302 -
180.169.147.146 - - [29/Jun/2022:10:33:58 +0800] "POST /xingrg/dwr/call/plaincall/AjaxCheckService.loadOrderItems.dwr HTTP/1.1" 200 40382
101.83.144.189 - - [29/Jun/2022:10:34:01 +0800] "GET /xingrg/all/function/internal_message.html?_=1656469944277&CODE_STATE=getMsg HTTP/1.1" 200 27
180.169.147.146 - - [29/Jun/2022:10:34:01 +0800] "GET /xingrg/all/function/internal_message.html?_=1656470039963&CODE_STATE=getMsg HTTP/1.1" 200 27
120.253.135.82 - - [29/Jun/2022:10:34:04 +0800] "GET /xingrg/check_reg.html?_=1656469852849 HTTP/1.1" 200 22
114.83.218.210 - - [29/Jun/2022:10:34:05 +0800] "GET /xingrg/all/function/internal_message.html?_=1656470043061&CODE_STATE=getMsg HTTP/1.1" 200 27
180.169.147.146 - - [29/Jun/2022:10:34:06 +0800] "GET /xingrg/kc/base/check_order_list.html?isBack=1 HTTP/1.1" 200 16528
180.169.147.146 - - [29/Jun/2022:10:34:06 +0800] "POST /xingrg/kc/base/check_list_operate.html HTTP/1.1" 200 3582
180.169.147.146 - - [29/Jun/2022:10:34:08 +0800] "GET /xingrg/kc/base/check_order_add.html HTTP/1.1" 200 26398
180.169.147.146 - - [29/Jun/2022:10:34:08 +0800] "GET /xingrg/dwr/interface/AjaxComOrderService.js HTTP/1.1" 200 18264
180.169.147.146 - - [29/Jun/2022:10:34:08 +0800] "GET /xingrg/dwr/interface/AjaxCheckService.js HTTP/1.1" 200 14003
180.169.147.146 - - [29/Jun/2022:10:34:08 +0800] "GET /xingrg/dwr/engine.js HTTP/1.1" 200 43631
116.235.94.65 - - [29/Jun/2022:10:34:09 +0800] "GET /xingrg/all/function/internal_message.html?_=1656470229722&CODE_STATE=getMsg HTTP/1.1" 200 27
114.84.82.172 - - [29/Jun/2022:10:34:10 +0800] "POST /xingrg/services/DataTransmitService HTTP/1.1" 200 524
116.238.208.126 - - [29/Jun/2022:10:34:12 +0800] "GET /xingrg/all/function/internal_message.html?_=1656470120774&CODE_STATE=getMsg HTTP/1.1" 200 27
101.85.95.26 - - [29/Jun/2022:10:34:12 +0800] "GET /xingrg/kc/base/wldb_order_operate.html?command=get_materiel&rest_code=00142&base_code=0010186&code=00101019015 HTTP/1.1" 200 449
180.162.115.11 - - [29/Jun/2022:10:34:14 +0800] "GET /xingrg/all/function/internal_message.html?_=1656469282807&CODE_STATE=getMsg HTTP/1.1" 200 27
180.162.115.11 - - [29/Jun/2022:10:34:14 +0800] "GET /xingrg/check_reg.html?_=1656469282810 HTTP/1.1" 200 22
180.169.147.146 - - [29/Jun/2022:10:34:15 +0800] "POST /xingrg/dwr/call/plaincall/AjaxCheckService.saveOrder.dwr HTTP/1.1" 200 78
180.169.147.146 - - [29/Jun/2022:10:34:17 +0800] "POST /xingrg/dwr/call/plaincall/AjaxCheckService.loadOrderItems.dwr HTTP/1.1" 200 367
180.169.147.146 - - [29/Jun/2022:10:34:19 +0800] "POST /xingrg/kc/report/common_data.html?type=materiel_category_tree HTTP/1.1" 200 3878
101.85.95.26 - - [29/Jun/2022:10:34:21 +0800] "POST /xingrg/kc/base/wldb_order_operate.html HTTP/1.1" 200 37
114.83.218.210 - - [29/Jun/2022:10:34:21 +0800] "GET /xingrg/kc/buy/cgsh_order_operate.html?command=get_materiel&rest_code=00149&code=00101002027&supplier_code=00100039&order_time=2022-06-28 HTTP/1.1" 200 429
101.85.95.26 - - [29/Jun/2022:10:34:21 +0800] "POST /xingrg/kc/base/wldb_order_operate.html HTTP/1.1" 200 2689
101.85.95.26 - - [29/Jun/2022:10:34:22 +0800] "GET /xingrg/kc/base/wldb_order_info.html?code=422022062901198 HTTP/1.1" 200 30381
58.35.210.91 - - [29/Jun/2022:10:34:22 +0800] "GET /xingrg/all/function/internal_message.html?_=1656470060977&CODE_STATE=getMsg HTTP/1.1" 302 -
101.85.95.26 - - [29/Jun/2022:10:34:22 +0800] "GET /xingrg/javascript/easyui/themes/default/validatebox.css HTTP/1.1" 404 1104
101.85.95.26 - - [29/Jun/2022:10:34:22 +0800] "POST /xingrg/kc/base/wldb_order_operate.html HTTP/1.1" 200 2689
180.169.147.146 - - [29/Jun/2022:10:34:23 +0800] "POST /xingrg/dwr/call/plaincall/AjaxCheckService.importOrderItems.dwr HTTP/1.1" 200 78
120.253.135.82 - - [29/Jun/2022:10:34:24 +0800] "GET /xingrg/all/function/internal_message.html?_=1656470194506&CODE_STATE=getMsg HTTP/1.1" 200 27
180.169.147.146 - - [29/Jun/2022:10:34:24 +0800] "POST /xingrg/dwr/call/plaincall/AjaxCheckService.loadOrderItems.dwr HTTP/1.1" 200 11251
101.83.144.189 - - [29/Jun/2022:10:34:26 +0800] "GET /xingrg/all/function/internal_message.html?_=1656470065998&CODE_STATE=getMsg HTTP/1.1" 200 27
180.169.147.146 - - [29/Jun/2022:10:34:28 +0800] "POST /xingrg/kc/base/check_list_operate.html HTTP/1.1" 200 3921
114.83.218.210 - - [29/Jun/2022:10:34:30 +0800] "GET /xingrg/kc/buy/cgsh_order_operate.html?command=get_materiel&rest_code=00149&code=00101010161&supplier_code=00100039&order_time=2022-06-28 HTTP/1.1" 200 409
222.69.144.95 - - [29/Jun/2022:10:34:30 +0800] "GET /xingrg/all/function/internal_message.html?_=1656470110089&CODE_STATE=getMsg HTTP/1.1" 200 27
180.169.147.146 - - [29/Jun/2022:10:34:31 +0800] "GET /xingrg/kc/base/check_order_add.html HTTP/1.1" 200 26398
180.169.147.146 - - [29/Jun/2022:10:34:31 +0800] "GET /xingrg/dwr/interface/AjaxComOrderService.js HTTP/1.1" 200 18264
180.169.147.146 - - [29/Jun/2022:10:34:31 +0800] "GET /xingrg/dwr/interface/AjaxCheckService.js HTTP/1.1" 200 14003
180.169.147.146 - - [29/Jun/2022:10:34:31 +0800] "GET /xingrg/dwr/engine.js HTTP/1.1" 200 43631
101.83.223.227 - - [29/Jun/2022:10:34:33 +0800] "GET /xingrg/all/function/internal_message.html?_=1656470021715&CODE_STATE=getMsg HTTP/1.1" 200 27
116.232.49.180 - - [29/Jun/2022:10:34:35 +0800] "GET /xingrg/check_reg.html?_=1656470079084 HTTP/1.1" 200 22
116.232.49.180 - - [29/Jun/2022:10:34:35 +0800] "GET /xingrg/all/function/internal_message.html?_=1656470079160&CODE_STATE=getMsg HTTP/1.1" 200 27
114.88.162.248 - - [29/Jun/2022:10:34:36 +0800] "GET /xingrg/all/function/internal_message.html?_=1656470073491&CODE_STATE=getMsg HTTP/1.1" 200 27
114.88.162.248 - - [29/Jun/2022:10:34:36 +0800] "GET /xingrg/check_reg.html?_=1656470073493 HTTP/1.1" 200 22
218.81.223.53 - - [29/Jun/2022:10:34:38 +0800] "GET /xingrg/all/function/internal_message.html?_=1656470086453&CODE_STATE=getMsg HTTP/1.1" 200 27
120.253.135.82 - - [29/Jun/2022:10:34:39 +0800] "GET /xingrg/all/function/internal_message.html?_=1656469887552&CODE_STATE=getMsg HTTP/1.1" 200 27
58.35.196.166 - - [29/Jun/2022:10:34:40 +0800] "GET /xingrg/all/function/internal_message.html?_=1656470077512&CODE_STATE=getMsg HTTP/1.1" 200 27
58.35.196.166 - - [29/Jun/2022:10:34:40 +0800] "GET /xingrg/check_reg.html?_=1656470077515 HTTP/1.1" 200 22
180.169.147.146 - - [29/Jun/2022:10:34:40 +0800] "GET /xingrg/all/function/internal_message.html?_=1656470077856&CODE_STATE=getMsg HTTP/1.1" 200 27
116.230.110.173 - - [29/Jun/2022:10:34:43 +0800] "GET /xingrg/all/function/internal_message.html?_=1656470082459&CODE_STATE=getMsg HTTP/1.1" 200 27
114.84.82.172 - - [29/Jun/2022:10:34:46 +0800] "GET /favicon.ico HTTP/1.1" 404 -
116.235.94.65 - - [29/Jun/2022:10:34:47 +0800] "GET /xingrg/check_reg.html?_=1656470268010 HTTP/1.1" 200 22
116.238.208.126 - - [29/Jun/2022:10:34:48 +0800] "GET /xingrg/check_reg.html?_=1656470156147 HTTP/1.1" 200 22
120.253.135.82 - - [29/Jun/2022:10:34:50 +0800] "GET /xingrg/all/function/internal_message.html?_=1656469898324&CODE_STATE=getMsg HTTP/1.1" 200 27
180.169.147.146 - - [29/Jun/2022:10:34:51 +0800] "GET /xingrg/kc/base/check_order_add.html HTTP/1.1" 200 26398
180.169.147.146 - - [29/Jun/2022:10:34:51 +0800] "GET /xingrg/dwr/interface/AjaxCheckService.js HTTP/1.1" 200 14003
180.169.147.146 - - [29/Jun/2022:10:34:51 +0800] "GET /xingrg/dwr/interface/AjaxComOrderService.js HTTP/1.1" 200 18264
180.169.147.146 - - [29/Jun/2022:10:34:51 +0800] "GET /xingrg/dwr/engine.js HTTP/1.1" 200 43631
114.83.218.210 - - [29/Jun/2022:10:34:52 +0800] "POST /xingrg/kc/buy/cgsh_order_operate.html HTTP/1.1" 200 37
114.83.218.210 - - [29/Jun/2022:10:34:54 +0800] "POST /xingrg/kc/buy/cgsh_order_operate.html HTTP/1.1" 200 3249
101.85.95.26 - - [29/Jun/2022:10:34:55 +0800] "GET /xingrg/all/function/internal_message.html?_=1656470092409&CODE_STATE=getMsg HTTP/1.1" 200 27
58.35.210.91 - - [29/Jun/2022:10:34:57 +0800] "GET /xingrg/all/function/internal_message.html?_=1656470095805&CODE_STATE=getMsg HTTP/1.1" 302 -
218.81.223.53 - - [29/Jun/2022:10:34:57 +0800] "GET /xingrg/check_reg.html?_=1656470106032 HTTP/1.1" 200 22
180.169.147.146 - - [29/Jun/2022:10:34:58 +0800] "POST /xingrg/dwr/call/plaincall/AjaxCheckService.saveOrder.dwr HTTP/1.1" 200 78
180.169.147.146 - - [29/Jun/2022:10:34:59 +0800] "POST /xingrg/dwr/call/plaincall/AjaxCheckService.loadOrderItems.dwr HTTP/1.1" 200 367
101.83.144.189 - - [29/Jun/2022:10:35:01 +0800] "GET /xingrg/all/function/internal_message.html?_=1656470004267&CODE_STATE=getMsg HTTP/1.1" 200 27
180.169.147.146 - - [29/Jun/2022:10:35:01 +0800] "GET /xingrg/all/function/internal_message.html?_=1656470099964&CODE_STATE=getMsg HTTP/1.1" 200 27
180.169.147.146 - - [29/Jun/2022:10:35:05 +0800] "POST /xingrg/dwr/call/plaincall/AjaxCheckService.importOrderItems.dwr HTTP/1.1" 200 78
114.83.218.210 - - [29/Jun/2022:10:35:05 +0800] "GET /xingrg/all/function/internal_message.html?_=1656470103041&CODE_STATE=getMsg HTTP/1.1" 200 27
180.169.147.146 - - [29/Jun/2022:10:35:06 +0800] "POST /xingrg/dwr/call/plaincall/AjaxCheckService.loadOrderItems.dwr HTTP/1.1" 200 1010
116.235.94.65 - - [29/Jun/2022:10:35:09 +0800] "GET /xingrg/all/function/internal_message.html?_=1656470289717&CODE_STATE=getMsg HTTP/1.1" 200 27
116.238.208.126 - - [29/Jun/2022:10:35:12 +0800] "GET /xingrg/all/function/internal_message.html?_=1656470180781&CODE_STATE=getMsg HTTP/1.1" 200 27
180.162.115.11 - - [29/Jun/2022:10:35:14 +0800] "GET /xingrg/all/function/internal_message.html?_=1656469342811&CODE_STATE=getMsg HTTP/1.1" 200 27
58.35.210.91 - - [29/Jun/2022:10:35:22 +0800] "GET /xingrg/all/function/internal_message.html?_=1656470120971&CODE_STATE=getMsg HTTP/1.1" 302 -
120.253.135.82 - - [29/Jun/2022:10:35:24 +0800] "GET /xingrg/all/function/internal_message.html?_=1656470254646&CODE_STATE=getMsg HTTP/1.1" 200 27
101.83.144.189 - - [29/Jun/2022:10:35:26 +0800] "GET /xingrg/all/function/internal_message.html?_=1656470125999&CODE_STATE=getMsg HTTP/1.1" 200 27
180.169.147.146 - - [29/Jun/2022:10:35:28 +0800] "POST /xingrg/kc/base/check_list_operate.html HTTP/1.1" 200 4257
222.69.144.95 - - [29/Jun/2022:10:35:30 +0800] "GET /xingrg/check_reg.html?_=1656470170088 HTTP/1.1" 200 22
222.69.144.95 - - [29/Jun/2022:10:35:30 +0800] "GET /xingrg/all/function/internal_message.html?_=1656470170090&CODE_STATE=getMsg HTTP/1.1" 200 27
222.64.58.43 - - [29/Jun/2022:10:35:31 +0800] "POST /xingrg/services/DataTransmitService HTTP/1.1" 200 524
222.64.58.43 - - [29/Jun/2022:10:35:33 +0800] "POST /xingrg/services/DataTransmitService HTTP/1.1" 200 412
101.83.223.227 - - [29/Jun/2022:10:35:33 +0800] "GET /xingrg/all/function/internal_message.html?_=1656470081725&CODE_STATE=getMsg HTTP/1.1" 200 27
116.232.49.180 - - [29/Jun/2022:10:35:35 +0800] "GET /xingrg/all/function/internal_message.html?_=1656470139149&CODE_STATE=getMsg HTTP/1.1" 200 27
114.88.162.248 - - [29/Jun/2022:10:35:36 +0800] "GET /xingrg/all/function/internal_message.html?_=1656470133492&CODE_STATE=getMsg HTTP/1.1" 200 27
114.84.82.172 - - [29/Jun/2022:10:35:37 +0800] "GET /favicon.ico HTTP/1.1" 404 -
218.81.223.53 - - [29/Jun/2022:10:35:38 +0800] "GET /xingrg/all/function/internal_message.html?_=1656470146465&CODE_STATE=getMsg HTTP/1.1" 200 27
120.253.135.82 - - [29/Jun/2022:10:35:39 +0800] "GET /xingrg/all/function/internal_message.html?_=1656469947565&CODE_STATE=getMsg HTTP/1.1" 200 27
58.35.196.166 - - [29/Jun/2022:10:35:40 +0800] "GET /xingrg/all/function/internal_message.html?_=1656470137503&CODE_STATE=getMsg HTTP/1.1" 200 27
180.169.147.146 - - [29/Jun/2022:10:35:40 +0800] "GET /xingrg/all/function/internal_message.html?_=1656470137838&CODE_STATE=getMsg HTTP/1.1" 200 27
116.230.110.173 - - [29/Jun/2022:10:35:43 +0800] "GET /xingrg/check_reg.html?_=1656470142458 HTTP/1.1" 200 22
116.230.110.173 - - [29/Jun/2022:10:35:43 +0800] "GET /xingrg/all/function/internal_message.html?_=1656470142462&CODE_STATE=getMsg HTTP/1.1" 200 27
120.253.135.82 - - [29/Jun/2022:10:35:50 +0800] "GET /xingrg/all/function/internal_message.html?_=1656469958330&CODE_STATE=getMsg HTTP/1.1" 200 27
114.83.218.210 - - [29/Jun/2022:10:35:53 +0800] "GET /xingrg/kc/print/load_data.html?order_code=212022062904064&kc_code=cgsh&condition= HTTP/1.1" 200 921
101.85.95.26 - - [29/Jun/2022:10:35:55 +0800] "GET /xingrg/all/function/internal_message.html?_=1656470152409&CODE_STATE=getMsg HTTP/1.1" 200 27
58.35.210.91 - - [29/Jun/2022:10:35:57 +0800] "GET /xingrg/all/function/internal_message.html?_=1656470155806&CODE_STATE=getMsg HTTP/1.1" 302 -
180.162.115.11 - - [29/Jun/2022:10:36:00 +0800] "GET /xingrg/kc/buy/cgsh_order_operate.html?command=get_materiel&rest_code=00143&code=00101019611&supplier_code=00100152&order_time=2022-06-29 HTTP/1.1" 200 416
101.83.144.189 - - [29/Jun/2022:10:36:01 +0800] "GET /xingrg/all/function/internal_message.html?_=1656470064267&CODE_STATE=getMsg HTTP/1.1" 200 27
180.169.147.146 - - [29/Jun/2022:10:36:01 +0800] "GET /xingrg/all/function/internal_message.html?_=1656470159972&CODE_STATE=getMsg HTTP/1.1" 200 27
114.83.218.210 - - [29/Jun/2022:10:36:05 +0800] "GET /xingrg/all/function/internal_message.html?_=1656470163024&CODE_STATE=getMsg HTTP/1.1" 200 27
116.235.94.65 - - [29/Jun/2022:10:36:09 +0800] "GET /xingrg/all/function/internal_message.html?_=1656470349688&CODE_STATE=getMsg HTTP/1.1" 200 27
116.238.208.126 - - [29/Jun/2022:10:36:12 +0800] "GET /xingrg/all/function/internal_message.html?_=1656470240793&CODE_STATE=getMsg HTTP/1.1" 200 27
180.162.115.11 - - [29/Jun/2022:10:36:14 +0800] "GET /xingrg/all/function/internal_message.html?_=1656469402813&CODE_STATE=getMsg HTTP/1.1" 200 27
120.253.135.82 - - [29/Jun/2022:10:36:20 +0800] "GET /xingrg/check_reg.html?_=1656470310821 HTTP/1.1" 200 22
58.35.210.91 - - [29/Jun/2022:10:36:22 +0800] "GET /xingrg/check_reg.html?_=1656470180962 HTTP/1.1" 302 -
58.35.210.91 - - [29/Jun/2022:10:36:22 +0800] "GET /xingrg/all/function/internal_message.html?_=1656470180967&CODE_STATE=getMsg HTTP/1.1" 302 -
120.253.135.82 - - [29/Jun/2022:10:36:24 +0800] "GET /xingrg/all/function/internal_message.html?_=1656470314658&CODE_STATE=getMsg HTTP/1.1" 200 27
114.83.218.210 - - [29/Jun/2022:10:36:25 +0800] "POST /xingrg/kc/buy/cgsh_order_operate.html HTTP/1.1" 200 37
101.83.144.189 - - [29/Jun/2022:10:36:26 +0800] "GET /xingrg/all/function/internal_message.html?_=1656470186025&CODE_STATE=getMsg HTTP/1.1" 200 27
222.69.144.95 - - [29/Jun/2022:10:36:30 +0800] "GET /xingrg/all/function/internal_message.html?_=1656470230088&CODE_STATE=getMsg HTTP/1.1" 200 27
101.83.223.227 - - [29/Jun/2022:10:36:33 +0800] "GET /xingrg/check_reg.html?_=1656470141494 HTTP/1.1" 200 22
101.83.223.227 - - [29/Jun/2022:10:36:33 +0800] "GET /xingrg/all/function/internal_message.html?_=1656470141740&CODE_STATE=getMsg HTTP/1.1" 200 27
116.232.49.180 - - [29/Jun/2022:10:36:35 +0800] "GET /xingrg/all/function/internal_message.html?_=1656470199122&CODE_STATE=getMsg HTTP/1.1" 200 27
114.88.162.248 - - [29/Jun/2022:10:36:36 +0800] "GET /xingrg/all/function/internal_message.html?_=1656470193491&CODE_STATE=getMsg HTTP/1.1" 200 27
218.81.223.53 - - [29/Jun/2022:10:36:38 +0800] "GET /xingrg/all/function/internal_message.html?_=1656470206479&CODE_STATE=getMsg HTTP/1.1" 200 27
120.253.135.82 - - [29/Jun/2022:10:36:39 +0800] "GET /xingrg/all/function/internal_message.html?_=1656470007588&CODE_STATE=getMsg HTTP/1.1" 200 27
101.85.95.26 - - [29/Jun/2022:10:36:39 +0800] "POST /xingrg/kc/base/wldb_order_operate.html HTTP/1.1" 200 37
114.83.218.210 - - [29/Jun/2022:10:36:40 +0800] "POST /xingrg/kc/buy/cgsh_order_operate.html HTTP/1.1" 200 12
58.35.196.166 - - [29/Jun/2022:10:36:40 +0800] "GET /xingrg/all/function/internal_message.html?_=1656470197507&CODE_STATE=getMsg HTTP/1.1" 200 27
180.169.147.146 - - [29/Jun/2022:10:36:40 +0800] "GET /xingrg/all/function/internal_message.html?_=1656470197822&CODE_STATE=getMsg HTTP/1.1" 200 27
180.169.147.146 - - [29/Jun/2022:10:36:40 +0800] "GET /xingrg/check_reg.html?_=1656470198120 HTTP/1.1" 200 22
101.85.95.26 - - [29/Jun/2022:10:36:42 +0800] "POST /xingrg/kc/base/wldb_order_operate.html HTTP/1.1" 200 12
101.85.95.26 - - [29/Jun/2022:10:36:42 +0800] "POST /xingrg/kc/base/wldb_order_operate.html HTTP/1.1" 200 2688
101.85.95.26 - - [29/Jun/2022:10:36:43 +0800] "GET /xingrg/kc/base/wldb_order_info.html?code=422022062901198 HTTP/1.1" 200 26247
114.83.218.210 - - [29/Jun/2022:10:36:43 +0800] "GET /xingrg/kc/buy/cgsh_order_info.html?code=212022062904064 HTTP/1.1" 200 62912
114.83.218.210 - - [29/Jun/2022:10:36:43 +0800] "GET /xingrg/javascript/easyui/themes/default/validatebox.css HTTP/1.1" 404 1104
101.85.95.26 - - [29/Jun/2022:10:36:43 +0800] "GET /xingrg/javascript/easyui/themes/default/validatebox.css HTTP/1.1" 404 1104
101.85.95.26 - - [29/Jun/2022:10:36:43 +0800] "POST /xingrg/kc/base/wldb_order_operate.html HTTP/1.1" 200 973
116.230.110.173 - - [29/Jun/2022:10:36:43 +0800] "GET /xingrg/all/function/internal_message.html?_=1656470202460&CODE_STATE=getMsg HTTP/1.1" 200 27
114.83.218.210 - - [29/Jun/2022:10:36:44 +0800] "POST /xingrg/kc/buy/cgsh_order_operate.html HTTP/1.1" 200 1199
120.253.135.82 - - [29/Jun/2022:10:36:49 +0800] "GET /xingrg/check_reg.html?_=1656470017506 HTTP/1.1" 200 22
120.253.135.82 - - [29/Jun/2022:10:36:50 +0800] "GET /xingrg/all/function/internal_message.html?_=1656470018343&CODE_STATE=getMsg HTTP/1.1" 200 27
116.238.208.126 - - [29/Jun/2022:10:36:52 +0800] "GET /xingrg/kc/buy/cgsh_order_operate.html?command=get_materiel&rest_code=00102&code=00101004051&supplier_code=00100312&order_time=2022-06-29 HTTP/1.1" 200 408
101.85.95.26 - - [29/Jun/2022:10:36:52 +0800] "GET /xingrg/kc/print/load_config.html?kc_code=wldb HTTP/1.1" 200 2173
101.85.95.26 - - [29/Jun/2022:10:36:52 +0800] "GET /xingrg/kc/print/load_data.html?order_code=422022062901198&kc_code=wldb&condition= HTTP/1.1" 200 776
101.85.95.26 - - [29/Jun/2022:10:36:55 +0800] "GET /xingrg/check_reg.html?_=1656470212494 HTTP/1.1" 200 22
101.85.95.26 - - [29/Jun/2022:10:36:55 +0800] "GET /xingrg/all/function/internal_message.html?_=1656470212491&CODE_STATE=getMsg HTTP/1.1" 200 27
58.35.210.91 - - [29/Jun/2022:10:36:57 +0800] "GET /xingrg/all/function/internal_message.html?_=1656470215805&CODE_STATE=getMsg HTTP/1.1" 302 -
101.83.144.189 - - [29/Jun/2022:10:37:01 +0800] "GET /xingrg/all/function/internal_message.html?_=1656470124267&CODE_STATE=getMsg HTTP/1.1" 200 27
180.169.147.146 - - [29/Jun/2022:10:37:01 +0800] "GET /xingrg/all/function/internal_message.html?_=1656470219965&CODE_STATE=getMsg HTTP/1.1" 200 27
114.83.218.210 - - [29/Jun/2022:10:37:05 +0800] "GET /xingrg/all/function/internal_message.html?_=1656470223006&CODE_STATE=getMsg HTTP/1.1" 200 27
114.83.218.210 - - [29/Jun/2022:10:37:05 +0800] "GET /xingrg/kc/buy/cgsh_order_add.html HTTP/1.1" 200 68009
116.238.208.126 - - [29/Jun/2022:10:37:06 +0800] "GET /xingrg/kc/buy/cgsh_order_operate.html?command=get_materiel&rest_code=00102&code=00101004046&supplier_code=00100312&order_time=2022-06-29 HTTP/1.1" 200 417
114.83.218.210 - - [29/Jun/2022:10:37:06 +0800] "POST /xingrg/kc/buy/cgsh_order_operate.html HTTP/1.1" 200 8245
114.83.218.210 - - [29/Jun/2022:10:37:06 +0800] "GET /xingrg/javascript/easyui/themes/default/validatebox.css HTTP/1.1" 404 1104
114.83.218.210 - - [29/Jun/2022:10:37:06 +0800] "GET /xingrg/check_reg.html?_=1656470223993 HTTP/1.1" 200 22
116.235.94.65 - - [29/Jun/2022:10:37:09 +0800] "GET /xingrg/all/function/internal_message.html?_=1656470409662&CODE_STATE=getMsg HTTP/1.1" 200 27
116.238.208.126 - - [29/Jun/2022:10:37:12 +0800] "GET /xingrg/all/function/internal_message.html?_=1656470300808&CODE_STATE=getMsg HTTP/1.1" 200 27
180.162.115.11 - - [29/Jun/2022:10:37:14 +0800] "GET /xingrg/all/function/internal_message.html?_=1656469462818&CODE_STATE=getMsg HTTP/1.1" 200 27
116.238.208.126 - - [29/Jun/2022:10:37:14 +0800] "GET /xingrg/kc/buy/cgsh_order_operate.html?command=get_materiel&rest_code=00102&code=00101004027&supplier_code=00100312&order_time=2022-06-29 HTTP/1.1" 200 425
58.221.95.50 - - [29/Jun/2022:10:37:19 +0800] "GET /xingrg/check_reg.html?_=1656470237524 HTTP/1.1" 302 -
58.221.95.50 - - [29/Jun/2022:10:37:19 +0800] "GET /xingrg/check_reg.html?_=1656470237552 HTTP/1.1" 302 -
116.238.208.126 - - [29/Jun/2022:10:37:22 +0800] "GET /xingrg/kc/buy/cgsh_order_operate.html?command=get_materiel&rest_code=00102&code=00101005018&supplier_code=00100312&order_time=2022-06-29 HTTP/1.1" 200 408
58.35.210.91 - - [29/Jun/2022:10:37:22 +0800] "GET /xingrg/all/function/internal_message.html?_=1656470240976&CODE_STATE=getMsg HTTP/1.1" 302 -
120.253.135.82 - - [29/Jun/2022:10:37:24 +0800] "GET /xingrg/all/function/internal_message.html?_=1656470374670&CODE_STATE=getMsg HTTP/1.1" 200 27
101.83.144.189 - - [29/Jun/2022:10:37:26 +0800] "GET /xingrg/all/function/internal_message.html?_=1656470246024&CODE_STATE=getMsg HTTP/1.1" 200 27
101.83.144.189 - - [29/Jun/2022:10:37:26 +0800] "GET /xingrg/check_reg.html?_=1656470246027 HTTP/1.1" 200 22
222.69.144.95 - - [29/Jun/2022:10:37:30 +0800] "GET /xingrg/all/function/internal_message.html?_=1656470290083&CODE_STATE=getMsg HTTP/1.1" 200 27
101.83.223.227 - - [29/Jun/2022:10:37:33 +0800] "GET /xingrg/all/function/internal_message.html?_=1656470201752&CODE_STATE=getMsg HTTP/1.1" 200 27
116.232.49.180 - - [29/Jun/2022:10:37:35 +0800] "GET /xingrg/all/function/internal_message.html?_=1656470259108&CODE_STATE=getMsg HTTP/1.1" 200 27
114.88.162.248 - - [29/Jun/2022:10:37:36 +0800] "GET /xingrg/all/function/internal_message.html?_=1656470253491&CODE_STATE=getMsg HTTP/1.1" 200 27
218.81.223.53 - - [29/Jun/2022:10:37:38 +0800] "GET /xingrg/all/function/internal_message.html?_=1656470267220&CODE_STATE=getMsg HTTP/1.1" 200 27
120.253.135.82 - - [29/Jun/2022:10:37:39 +0800] "GET /xingrg/all/function/internal_message.html?_=1656470067594&CODE_STATE=getMsg HTTP/1.1" 200 27
58.35.196.166 - - [29/Jun/2022:10:37:40 +0800] "GET /xingrg/all/function/internal_message.html?_=1656470257513&CODE_STATE=getMsg HTTP/1.1" 200 27
180.169.147.146 - - [29/Jun/2022:10:37:40 +0800] "GET /xingrg/all/function/internal_message.html?_=1656470257806&CODE_STATE=getMsg HTTP/1.1" 200 27
116.238.208.126 - - [29/Jun/2022:10:37:40 +0800] "GET /xingrg/kc/buy/cgsh_order_operate.html?command=get_materiel&rest_code=00102&code=00101004050&supplier_code=00100312&order_time=2022-06-29 HTTP/1.1" 200 409
116.230.110.173 - - [29/Jun/2022:10:37:43 +0800] "GET /xingrg/all/function/internal_message.html?_=1656470262463&CODE_STATE=getMsg HTTP/1.1" 200 27
120.253.135.82 - - [29/Jun/2022:10:37:50 +0800] "GET /xingrg/all/function/internal_message.html?_=1656470078357&CODE_STATE=getMsg HTTP/1.1" 200 27
101.85.95.26 - - [29/Jun/2022:10:37:55 +0800] "GET /xingrg/all/function/internal_message.html?_=1656470272475&CODE_STATE=getMsg HTTP/1.1" 200 27
58.35.210.91 - - [29/Jun/2022:10:37:57 +0800] "GET /xingrg/check_reg.html?_=1656470275795 HTTP/1.1" 302 -
58.35.210.91 - - [29/Jun/2022:10:37:57 +0800] "GET /xingrg/all/function/internal_message.html?_=1656470275796&CODE_STATE=getMsg HTTP/1.1" 302 -
101.83.144.189 - - [29/Jun/2022:10:38:01 +0800] "GET /xingrg/check_reg.html?_=1656470184267 HTTP/1.1" 200 22
101.83.144.189 - - [29/Jun/2022:10:38:01 +0800] "GET /xingrg/all/function/internal_message.html?_=1656470184271&CODE_STATE=getMsg HTTP/1.1" 200 27
180.169.147.146 - - [29/Jun/2022:10:38:01 +0800] "GET /xingrg/all/function/internal_message.html?_=1656470279958&CODE_STATE=getMsg HTTP/1.1" 200 27
180.169.147.146 - - [29/Jun/2022:10:38:01 +0800] "GET /xingrg/check_reg.html?_=1656470279954 HTTP/1.1" 200 22
114.83.218.210 - - [29/Jun/2022:10:38:05 +0800] "GET /xingrg/all/function/internal_message.html?_=1656470282979&CODE_STATE=getMsg HTTP/1.1" 200 27
116.238.208.126 - - [29/Jun/2022:10:38:05 +0800] "GET /xingrg/kc/buy/cgsh_order_operate.html?command=get_materiel&rest_code=00102&code=00101004013&supplier_code=00100312&order_time=2022-06-29 HTTP/1.1" 200 415
116.235.94.65 - - [29/Jun/2022:10:38:09 +0800] "GET /xingrg/all/function/internal_message.html?_=1656470469630&CODE_STATE=getMsg HTTP/1.1" 200 27
116.238.208.126 - - [29/Jun/2022:10:38:12 +0800] "GET /xingrg/all/function/internal_message.html?_=1656470360947&CODE_STATE=getMsg HTTP/1.1" 200 27
180.162.115.11 - - [29/Jun/2022:10:38:14 +0800] "GET /xingrg/all/function/internal_message.html?_=1656469522806&CODE_STATE=getMsg HTTP/1.1" 200 27
116.238.208.126 - - [29/Jun/2022:10:38:18 +0800] "GET /xingrg/kc/buy/cgsh_order_operate.html?command=get_materiel&rest_code=00102&code=00101001029&supplier_code=00100312&order_time=2022-06-29 HTTP/1.1" 200 417
58.35.210.91 - - [29/Jun/2022:10:38:22 +0800] "GET /xingrg/all/function/internal_message.html?_=1656470300977&CODE_STATE=getMsg HTTP/1.1" 302 -
120.253.135.82 - - [29/Jun/2022:10:38:24 +0800] "GET /xingrg/all/function/internal_message.html?_=1656470434814&CODE_STATE=getMsg HTTP/1.1" 200 27
101.83.144.189 - - [29/Jun/2022:10:38:26 +0800] "GET /xingrg/all/function/internal_message.html?_=1656470306027&CODE_STATE=getMsg HTTP/1.1" 200 27
222.69.144.95 - - [29/Jun/2022:10:38:30 +0800] "GET /xingrg/all/function/internal_message.html?_=1656470350073&CODE_STATE=getMsg HTTP/1.1" 200 27
101.83.223.227 - - [29/Jun/2022:10:38:33 +0800] "GET /xingrg/all/function/internal_message.html?_=1656470261766&CODE_STATE=getMsg HTTP/1.1" 200 27
116.232.49.180 - - [29/Jun/2022:10:38:35 +0800] "GET /xingrg/all/function/internal_message.html?_=1656470319110&CODE_STATE=getMsg HTTP/1.1" 200 27
114.88.162.248 - - [29/Jun/2022:10:38:36 +0800] "GET /xingrg/all/function/internal_message.html?_=1656470313503&CODE_STATE=getMsg HTTP/1.1" 200 27
218.81.223.53 - - [29/Jun/2022:10:38:38 +0800] "GET /xingrg/all/function/internal_message.html?_=1656470327223&CODE_STATE=getMsg HTTP/1.1" 200 27
120.253.135.82 - - [29/Jun/2022:10:38:39 +0800] "GET /xingrg/all/function/internal_message.html?_=1656470127618&CODE_STATE=getMsg HTTP/1.1" 200 27
58.35.196.166 - - [29/Jun/2022:10:38:40 +0800] "GET /xingrg/all/function/internal_message.html?_=1656470317501&CODE_STATE=getMsg HTTP/1.1" 200 27
180.169.147.146 - - [29/Jun/2022:10:38:40 +0800] "GET /xingrg/all/function/internal_message.html?_=1656470317787&CODE_STATE=getMsg HTTP/1.1" 200 27
116.238.208.126 - - [29/Jun/2022:10:38:42 +0800] "POST /xingrg/kc/buy/cgsh_order_operate.html HTTP/1.1" 200 37
116.230.110.173 - - [29/Jun/2022:10:38:43 +0800] "GET /xingrg/all/function/internal_message.html?_=1656470322462&CODE_STATE=getMsg HTTP/1.1" 200 27
116.238.208.126 - - [29/Jun/2022:10:38:45 +0800] "POST /xingrg/kc/buy/cgsh_order_operate.html HTTP/1.1" 200 12
116.238.208.126 - - [29/Jun/2022:10:38:46 +0800] "GET /xingrg/kc/buy/cgsh_order_info.html?code=212022062904065 HTTP/1.1" 200 62820
116.238.208.126 - - [29/Jun/2022:10:38:48 +0800] "GET /xingrg/javascript/easyui/themes/default/validatebox.css HTTP/1.1" 404 1104
116.238.208.126 - - [29/Jun/2022:10:38:49 +0800] "POST /xingrg/kc/buy/cgsh_order_operate.html HTTP/1.1" 200 4176
120.253.135.82 - - [29/Jun/2022:10:38:50 +0800] "GET /xingrg/all/function/internal_message.html?_=1656470138370&CODE_STATE=getMsg HTTP/1.1" 200 27
116.238.208.126 - - [29/Jun/2022:10:38:52 +0800] "GET /xingrg/kc/print/load_data.html?order_code=212022062904065&kc_code=cgsh&condition= HTTP/1.1" 200 2067
101.85.95.26 - - [29/Jun/2022:10:38:55 +0800] "GET /xingrg/all/function/internal_message.html?_=1656470332461&CODE_STATE=getMsg HTTP/1.1" 200 27
58.35.210.91 - - [29/Jun/2022:10:38:57 +0800] "GET /xingrg/all/function/internal_message.html?_=1656470335811&CODE_STATE=getMsg HTTP/1.1" 302 -
180.169.147.146 - - [29/Jun/2022:10:38:57 +0800] "GET /xingrg/kc/base/yddb_order_list.html HTTP/1.1" 200 16754
180.169.147.146 - - [29/Jun/2022:10:38:58 +0800] "POST /xingrg/kc/base/yddb_list_operate.html HTTP/1.1" 200 1585
180.169.147.146 - - [29/Jun/2022:10:38:59 +0800] "POST /xingrg/kc/base/yddb_list_operate.html HTTP/1.1" 200 572
180.169.147.146 - - [29/Jun/2022:10:38:59 +0800] "GET /xingrg/kc/base/yddb_order_info.html?code=482022062600228 HTTP/1.1" 200 31414
180.169.147.146 - - [29/Jun/2022:10:38:59 +0800] "GET /xingrg/dwr/interface/AjaxComOrderService.js HTTP/1.1" 200 18264
180.169.147.146 - - [29/Jun/2022:10:38:59 +0800] "GET /xingrg/dwr/interface/AjaxYddbService.js HTTP/1.1" 200 13201
180.169.147.146 - - [29/Jun/2022:10:38:59 +0800] "GET /xingrg/dwr/engine.js HTTP/1.1" 200 43631
180.169.147.146 - - [29/Jun/2022:10:38:59 +0800] "POST /xingrg/dwr/call/plaincall/AjaxYddbService.loadMaterielItems.dwr HTTP/1.1" 200 14260
101.83.144.189 - - [29/Jun/2022:10:39:01 +0800] "GET /xingrg/all/function/internal_message.html?_=1656470244277&CODE_STATE=getMsg HTTP/1.1" 200 27
180.169.147.146 - - [29/Jun/2022:10:39:01 +0800] "GET /xingrg/all/function/internal_message.html?_=1656470339959&CODE_STATE=getMsg HTTP/1.1" 200 27
116.238.208.126 - - [29/Jun/2022:10:39:01 +0800] "GET /xingrg/kc/buy/cgsh_order_add.html HTTP/1.1" 200 67915
180.169.147.146 - - [29/Jun/2022:10:39:02 +0800] "POST /xingrg/dwr/call/plaincall/AjaxYddbService.checkOrder.dwr HTTP/1.1" 200 1119
116.238.208.126 - - [29/Jun/2022:10:39:04 +0800] "POST /xingrg/kc/buy/cgsh_order_operate.html HTTP/1.1" 200 8245
116.238.208.126 - - [29/Jun/2022:10:39:04 +0800] "GET /xingrg/javascript/easyui/themes/default/validatebox.css HTTP/1.1" 404 1104
120.253.135.82 - - [29/Jun/2022:10:39:04 +0800] "GET /xingrg/check_reg.html?_=1656470152847 HTTP/1.1" 200 22
114.83.218.210 - - [29/Jun/2022:10:39:05 +0800] "GET /xingrg/all/function/internal_message.html?_=1656470342956&CODE_STATE=getMsg HTTP/1.1" 200 27
116.235.94.65 - - [29/Jun/2022:10:39:09 +0800] "GET /xingrg/all/function/internal_message.html?_=1656470529599&CODE_STATE=getMsg HTTP/1.1" 200 27
180.169.147.146 - - [29/Jun/2022:10:39:10 +0800] "GET /xingrg/kc/base/yddb_order_list.html HTTP/1.1" 200 16754
180.169.147.146 - - [29/Jun/2022:10:39:10 +0800] "POST /xingrg/kc/base/yddb_list_operate.html HTTP/1.1" 200 636
116.238.208.126 - - [29/Jun/2022:10:39:12 +0800] "GET /xingrg/all/function/internal_message.html?_=1656470420960&CODE_STATE=getMsg HTTP/1.1" 200 27
180.162.115.11 - - [29/Jun/2022:10:39:14 +0800] "GET /xingrg/all/function/internal_message.html?_=1656469582807&CODE_STATE=getMsg HTTP/1.1" 200 27
180.162.115.11 - - [29/Jun/2022:10:39:14 +0800] "GET /xingrg/check_reg.html?_=1656469582810 HTTP/1.1" 200 22
180.169.147.146 - - [29/Jun/2022:10:39:15 +0800] "POST /xingrg/all/user/operate.html HTTP/1.1" 200 36
180.169.147.146 - - [29/Jun/2022:10:39:15 +0800] "GET /xingrg/index.html?sysBaseUrl=http%3A%2F%2F180.169.147.146%3A18081%2Fxingrg%2F&costTime=40×tamp=1656469976501 HTTP/1.1" 200 17503
180.169.147.146 - - [29/Jun/2022:10:39:15 +0800] "GET /xingrg/javascript/jquery_easy_ui/themes/default/easyui.css HTTP/1.1" 304 -
180.169.147.146 - - [29/Jun/2022:10:39:15 +0800] "GET /xingrg/javascript/jquery_easy_ui/themes/icon.css HTTP/1.1" 304 -
180.169.147.146 - - [29/Jun/2022:10:39:15 +0800] "GET /xingrg/css/form.css HTTP/1.1" 304 -
180.169.147.146 - - [29/Jun/2022:10:39:15 +0800] "GET /xingrg/javascript/jquery-1.4.2.min.js HTTP/1.1" 304 -
180.169.147.146 - - [29/Jun/2022:10:39:15 +0800] "GET /xingrg/javascript/jquery_easy_ui/jquery.easyui.min.js HTTP/1.1" 304 -
180.169.147.146 - - [29/Jun/2022:10:39:15 +0800] "GET /xingrg/javascript/jquery_easy_ui/easyui-lang-zh_CN.js HTTP/1.1" 304 -
180.169.147.146 - - [29/Jun/2022:10:39:15 +0800] "GET /xingrg/javascript/jquery.form.js HTTP/1.1" 304 -
180.169.147.146 - - [29/Jun/2022:10:39:15 +0800] "GET /xingrg/javascript/jquery.utils.js HTTP/1.1" 304 -
180.169.147.146 - - [29/Jun/2022:10:39:15 +0800] "GET /xingrg/javascript/jquery.timers.js HTTP/1.1" 304 -
180.169.147.146 - - [29/Jun/2022:10:39:15 +0800] "GET /xingrg/images/blue/jxLogo.png HTTP/1.1" 304 -
180.169.147.146 - - [29/Jun/2022:10:39:15 +0800] "GET /xingrg/javascript/jquery_easy_ui/themes/icons/settle_new.png HTTP/1.1" 304 -
180.169.147.146 - - [29/Jun/2022:10:39:15 +0800] "GET /xingrg/images/blue/navBackgound.jpg HTTP/1.1" 304 -
180.169.147.146 - - [29/Jun/2022:10:39:15 +0800] "POST /xingrg/all/common/load_tree.html?tree=area_rest_tree_json&manage=1 HTTP/1.1" 200 3472
180.169.147.146 - - [29/Jun/2022:10:39:15 +0800] "GET /xingrg/check_reg.html?_=1656470353815 HTTP/1.1" 200 22
180.169.147.146 - - [29/Jun/2022:10:39:15 +0800] "GET /xingrg/javascript/jquery_easy_ui/themes/default/images/panel_tool_collapse.gif HTTP/1.1" 304 -
180.169.147.146 - - [29/Jun/2022:10:39:15 +0800] "GET /xingrg/javascript/jquery_easy_ui/themes/default/images/tabs_rightarrow.png HTTP/1.1" 304 -
180.169.147.146 - - [29/Jun/2022:10:39:15 +0800] "GET /xingrg/images/blue/pingpu.png HTTP/1.1" 304 -
180.169.147.146 - - [29/Jun/2022:10:39:15 +0800] "GET /xingrg/all/function/internal_message.html?_=1656470353814&CODE_STATE=count HTTP/1.1" 200 11
180.169.147.146 - - [29/Jun/2022:10:39:15 +0800] "POST /xingrg/load_menu.html HTTP/1.1" 200 11564
180.169.147.146 - - [29/Jun/2022:10:39:15 +0800] "GET /xingrg/javascript/jquery_easy_ui/themes/default/images/tabs_leftarrow.png HTTP/1.1" 304 -
180.169.147.146 - - [29/Jun/2022:10:39:15 +0800] "GET /xingrg/javascript/jquery_easy_ui/themes/default/images/panel_tool_expand.gif HTTP/1.1" 304 -
180.169.147.146 - - [29/Jun/2022:10:39:19 +0800] "GET /xingrg/kc/base/yddb_order_list.html HTTP/1.1" 200 16748
180.169.147.146 - - [29/Jun/2022:10:39:19 +0800] "POST /xingrg/kc/base/yddb_list_operate.html HTTP/1.1" 200 1585
58.35.210.91 - - [29/Jun/2022:10:39:22 +0800] "GET /xingrg/all/function/internal_message.html?_=1656470360981&CODE_STATE=getMsg HTTP/1.1" 302 -
180.169.147.146 - - [29/Jun/2022:10:39:24 +0800] "POST /xingrg/dwr/call/plaincall/AjaxYddbService.saveMaterielItem.dwr HTTP/1.1" 200 78
120.253.135.82 - - [29/Jun/2022:10:39:24 +0800] "GET /xingrg/all/function/internal_message.html?_=1656470494822&CODE_STATE=getMsg HTTP/1.1" 200 27
101.83.144.189 - - [29/Jun/2022:10:39:26 +0800] "GET /xingrg/all/function/internal_message.html?_=1656470366027&CODE_STATE=getMsg HTTP/1.1" 200 27
180.169.147.146 - - [29/Jun/2022:10:39:27 +0800] "POST /xingrg/kc/base/yddb_list_operate.html HTTP/1.1" 200 3776
180.169.147.146 - - [29/Jun/2022:10:39:29 +0800] "POST /xingrg/kc/base/yddb_list_operate.html HTTP/1.1" 200 564
180.169.147.146 - - [29/Jun/2022:10:39:30 +0800] "POST /xingrg/dwr/call/plaincall/AjaxYddbService.saveMaterielItem.dwr HTTP/1.1" 200 78
222.69.144.95 - - [29/Jun/2022:10:39:30 +0800] "GET /xingrg/all/function/internal_message.html?_=1656470410085&CODE_STATE=getMsg HTTP/1.1" 200 27
180.169.147.146 - - [29/Jun/2022:10:39:33 +0800] "POST /xingrg/dwr/call/plaincall/AjaxYddbService.checkOrder.dwr HTTP/1.1" 200 905
101.83.223.227 - - [29/Jun/2022:10:39:34 +0800] "GET /xingrg/all/function/internal_message.html?_=1656470321834&CODE_STATE=getMsg HTTP/1.1" 200 27
180.169.147.146 - - [29/Jun/2022:10:39:34 +0800] "POST /xingrg/kc/base/yddb_list_operate.html HTTP/1.1" 200 2536
180.169.147.146 - - [29/Jun/2022:10:39:34 +0800] "POST /xingrg/kc/base/yddb_list_operate.html HTTP/1.1" 200 3776
116.232.49.180 - - [29/Jun/2022:10:39:35 +0800] "GET /xingrg/check_reg.html?_=1656470379111 HTTP/1.1" 200 22
116.232.49.180 - - [29/Jun/2022:10:39:35 +0800] "GET /xingrg/all/function/internal_message.html?_=1656470379115&CODE_STATE=getMsg HTTP/1.1" 200 27
180.169.147.146 - - [29/Jun/2022:10:39:35 +0800] "POST /xingrg/kc/base/yddb_list_operate.html HTTP/1.1" 200 2536
114.88.162.248 - - [29/Jun/2022:10:39:36 +0800] "GET /xingrg/check_reg.html?_=1656470373488 HTTP/1.1" 200 22
114.88.162.248 - - [29/Jun/2022:10:39:36 +0800] "GET /xingrg/all/function/internal_message.html?_=1656470373490&CODE_STATE=getMsg HTTP/1.1" 200 27
180.169.147.146 - - [29/Jun/2022:10:39:37 +0800] "POST /xingrg/kc/base/yddb_list_operate.html HTTP/1.1" 200 285
120.253.135.82 - - [29/Jun/2022:10:39:39 +0800] "GET /xingrg/all/function/internal_message.html?_=1656470187635&CODE_STATE=getMsg HTTP/1.1" 200 27
180.169.147.146 - - [29/Jun/2022:10:39:39 +0800] "POST /xingrg/kc/base/yddb_list_operate.html HTTP/1.1" 200 567
218.81.223.53 - - [29/Jun/2022:10:39:39 +0800] "GET /xingrg/all/function/internal_message.html?_=1656470387890&CODE_STATE=getMsg HTTP/1.1" 200 27
58.35.196.166 - - [29/Jun/2022:10:39:40 +0800] "GET /xingrg/all/function/internal_message.html?_=1656470377506&CODE_STATE=getMsg HTTP/1.1" 200 27
58.35.196.166 - - [29/Jun/2022:10:39:40 +0800] "GET /xingrg/check_reg.html?_=1656470377509 HTTP/1.1" 200 22
180.169.147.146 - - [29/Jun/2022:10:39:43 +0800] "POST /xingrg/kc/base/yddb_list_operate.html HTTP/1.1" 200 3776
116.230.110.173 - - [29/Jun/2022:10:39:43 +0800] "GET /xingrg/all/function/internal_message.html?_=1656470382462&CODE_STATE=getMsg HTTP/1.1" 200 27
180.169.147.146 - - [29/Jun/2022:10:39:44 +0800] "POST /xingrg/kc/base/yddb_list_operate.html HTTP/1.1" 200 564
180.169.147.146 - - [29/Jun/2022:10:39:44 +0800] "GET /xingrg/kc/base/yddb_order_info.html?code=482022061800164 HTTP/1.1" 200 30949
180.169.147.146 - - [29/Jun/2022:10:39:44 +0800] "GET /xingrg/all/function/internal_message.html?_=1656470381719&CODE_STATE=getMsg HTTP/1.1" 200 27
180.169.147.146 - - [29/Jun/2022:10:39:44 +0800] "GET /xingrg/dwr/interface/AjaxComOrderService.js HTTP/1.1" 200 18264
180.169.147.146 - - [29/Jun/2022:10:39:44 +0800] "GET /xingrg/dwr/interface/AjaxYddbService.js HTTP/1.1" 200 13201
180.169.147.146 - - [29/Jun/2022:10:39:44 +0800] "GET /xingrg/dwr/engine.js HTTP/1.1" 200 43631
180.169.147.146 - - [29/Jun/2022:10:39:44 +0800] "POST /xingrg/dwr/call/plaincall/AjaxYddbService.loadMaterielItems.dwr HTTP/1.1" 200 4170
116.235.94.65 - - [29/Jun/2022:10:39:47 +0800] "GET /xingrg/check_reg.html?_=1656470568045 HTTP/1.1" 200 22
116.238.208.126 - - [29/Jun/2022:10:39:48 +0800] "GET /xingrg/check_reg.html?_=1656470456154 HTTP/1.1" 200 22
180.169.147.146 - - [29/Jun/2022:10:39:49 +0800] "POST /xingrg/dwr/call/plaincall/AjaxYddbService.saveOrder.dwr HTTP/1.1" 200 78
120.253.135.82 - - [29/Jun/2022:10:39:50 +0800] "GET /xingrg/all/function/internal_message.html?_=1656470198395&CODE_STATE=getMsg HTTP/1.1" 200 27
180.169.147.146 - - [29/Jun/2022:10:39:53 +0800] "POST /xingrg/dwr/call/plaincall/AjaxYddbService.objCheckOrder.dwr HTTP/1.1" 200 78
180.169.147.146 - - [29/Jun/2022:10:39:53 +0800] "GET /xingrg/kc/base/yddb_order_info.html?code=482022061800164 HTTP/1.1" 200 31068
180.169.147.146 - - [29/Jun/2022:10:39:53 +0800] "GET /xingrg/dwr/interface/AjaxYddbService.js HTTP/1.1" 200 13201
180.169.147.146 - - [29/Jun/2022:10:39:53 +0800] "GET /xingrg/dwr/interface/AjaxComOrderService.js HTTP/1.1" 200 18264
180.169.147.146 - - [29/Jun/2022:10:39:53 +0800] "GET /xingrg/dwr/engine.js HTTP/1.1" 200 43631
180.169.147.146 - - [29/Jun/2022:10:39:53 +0800] "POST /xingrg/dwr/call/plaincall/AjaxYddbService.loadMaterielItems.dwr HTTP/1.1" 200 4170
101.85.95.26 - - [29/Jun/2022:10:39:55 +0800] "GET /xingrg/all/function/internal_message.html?_=1656470392446&CODE_STATE=getMsg HTTP/1.1" 200 27
180.169.147.146 - - [29/Jun/2022:10:39:55 +0800] "POST /xingrg/kc/base/yddb_list_operate.html HTTP/1.1" 200 201
