58.37.225.129 - - [29/Jun/2022:11:16:16 +0800] "GET /xingrg/kc/buy/cgsh_order_info.html?code=212022060500550 HTTP/1.1" 200 67971
58.37.225.129 - - [29/Jun/2022:11:16:16 +0800] "GET /xingrg/javascript/easyui/themes/icons/template_new.png HTTP/1.1" 200 3956
114.88.162.248 - - [29/Jun/2022:11:16:16 +0800] "GET /xingrg/kc/base/wlsy_order_add.html?syType=0 HTTP/1.1" 200 28561
58.37.225.129 - - [29/Jun/2022:11:16:16 +0800] "GET /xingrg/javascript/easyui/themes/icons/ok.png HTTP/1.1" 200 883
58.37.225.129 - - [29/Jun/2022:11:16:16 +0800] "GET /favicon.ico HTTP/1.1" 404 -
114.88.162.248 - - [29/Jun/2022:11:16:16 +0800] "POST /xingrg/kc/base/wlsy_order_operate.html HTTP/1.1" 200 6806
58.37.225.129 - - [29/Jun/2022:11:16:16 +0800] "GET /xingrg/all/common/auto_word.html?type=employee&rest_code=00141 HTTP/1.1" 200 201
58.37.225.129 - - [29/Jun/2022:11:16:17 +0800] "GET /xingrg/all/common/auto_word.html?type=employee&rest_code=00141 HTTP/1.1" 200 201
114.88.162.248 - - [29/Jun/2022:11:16:17 +0800] "GET /xingrg/javascript/easyui/themes/default/validatebox.css HTTP/1.1" 404 1104
58.37.225.129 - - [29/Jun/2022:11:16:17 +0800] "GET /xingrg/javascript/easyui/themes/default/validatebox.css HTTP/1.1" 404 1104
58.37.225.129 - - [29/Jun/2022:11:16:17 +0800] "POST /xingrg/kc/buy/cgsh_order_operate.html HTTP/1.1" 200 8114
180.169.147.146 - - [29/Jun/2022:11:16:18 +0800] "GET /xingrg/kc/base/stock_operate.html?_=1656472576883&command=get_report_file&start_day=20220301 HTTP/1.1" 200 53
58.37.6.216 - - [29/Jun/2022:11:16:18 +0800] "GET /xingrg/kc/buy/cgsh_order_operate.html?command=get_materiel&rest_code=00106&code=00101001023&supplier_code=00100313&order_time=2022-06-29 HTTP/1.1" 200 435
180.169.147.146 - - [29/Jun/2022:11:16:18 +0800] "GET /xingrg/all/report/report_query.html?isQuery=1&onlyBody=1&rh=2000&fileName=kc/base/kc_stock_detail_new.xml&queryString=(1=1)&queryText=&tableQueryString=init_table$sp1$$sp$crk_table$sp1$order_day%20between%2020220301%20and%2020220630&varString=start_day:20220301,materiel_code:00101005061,cost_id:3613,end_date:20220228 HTTP/1.1" 200 48701
180.169.147.146 - - [29/Jun/2022:11:16:18 +0800] "GET /xingrg/dwr/interface/AjaxReportQueryService.js HTTP/1.1" 200 13203
180.169.147.146 - - [29/Jun/2022:11:16:18 +0800] "GET /xingrg/dwr/engine.js HTTP/1.1" 200 43631
116.238.208.126 - - [29/Jun/2022:11:16:18 +0800] "GET /xingrg/check_reg.html?_=1656472646955 HTTP/1.1" 200 22
116.238.208.126 - - [29/Jun/2022:11:16:19 +0800] "GET /xingrg/all/function/internal_message.html?_=1656472647234&CODE_STATE=getMsg HTTP/1.1" 200 27
101.83.223.227 - - [29/Jun/2022:11:16:19 +0800] "GET /xingrg/all/function/internal_message.html?_=1656472526791&CODE_STATE=getMsg HTTP/1.1" 200 27
180.169.147.146 - - [29/Jun/2022:11:16:19 +0800] "POST /xingrg/all/report/load_report_page.html HTTP/1.1" 200 59558
180.169.147.146 - - [29/Jun/2022:11:16:19 +0800] "GET /xingrg/servlets/image?cache=0.47967215003517216&image=px HTTP/1.1" 200 807
120.253.135.82 - - [29/Jun/2022:11:16:21 +0800] "GET /xingrg/check_reg.html?_=1656472711396 HTTP/1.1" 200 22
101.83.144.189 - - [29/Jun/2022:11:16:26 +0800] "GET /xingrg/all/function/internal_message.html?_=1656472586080&CODE_STATE=getMsg HTTP/1.1" 200 27
218.81.223.53 - - [29/Jun/2022:11:16:26 +0800] "GET /xingrg/kc/buy/cgsh_order_operate.html?command=get_materiel&rest_code=00146&code=00101008351&supplier_code=00100005&order_time=2022-06-29 HTTP/1.1" 200 427
120.253.135.82 - - [29/Jun/2022:11:16:27 +0800] "GET /xingrg/all/function/internal_message.html?_=1656472717509&CODE_STATE=getMsg HTTP/1.1" 200 27
114.84.82.172 - - [29/Jun/2022:11:16:27 +0800] "GET /xingrg/all/function/internal_message.html?_=1656472585444&CODE_STATE=getMsg HTTP/1.1" 200 27
180.169.147.146 - - [29/Jun/2022:11:16:27 +0800] "GET /xingrg/javascript/easyui/themes/sunny/images/ui-bg_gloss-wave_60_fece2f_500x100.png HTTP/1.1" 200 3512
222.69.144.95 - - [29/Jun/2022:11:16:30 +0800] "GET /xingrg/all/function/internal_message.html?_=1656472630071&CODE_STATE=getMsg HTTP/1.1" 200 27
180.169.147.146 - - [29/Jun/2022:11:16:31 +0800] "GET /xingrg/all/function/internal_message.html?_=1656472589544&CODE_STATE=getMsg HTTP/1.1" 200 27
58.37.6.216 - - [29/Jun/2022:11:16:33 +0800] "GET /xingrg/all/function/internal_message.html?_=1656472591764&CODE_STATE=getMsg HTTP/1.1" 200 27
58.37.6.216 - - [29/Jun/2022:11:16:34 +0800] "GET /xingrg/kc/buy/cgsh_order_operate.html?command=get_materiel&rest_code=00106&code=00101001096&supplier_code=00100313&order_time=2022-06-29 HTTP/1.1" 200 429
116.232.49.180 - - [29/Jun/2022:11:16:35 +0800] "GET /xingrg/all/function/internal_message.html?_=1656472599136&CODE_STATE=getMsg HTTP/1.1" 200 27
114.88.162.248 - - [29/Jun/2022:11:16:36 +0800] "GET /xingrg/all/function/internal_message.html?_=1656472593958&CODE_STATE=getMsg HTTP/1.1" 200 27
114.88.162.248 - - [29/Jun/2022:11:16:39 +0800] "GET /xingrg/kc/base/wlsy_order_operate.html?command=get_materiel&rest_code=00111&base_code=0010305&code=00101008361 HTTP/1.1" 200 426
58.37.225.129 - - [29/Jun/2022:11:16:39 +0800] "POST /xingrg/kc/buy/cgsh_order_operate.html HTTP/1.1" 200 37
58.35.196.166 - - [29/Jun/2022:11:16:40 +0800] "GET /xingrg/all/function/internal_message.html?_=1656472597511&CODE_STATE=getMsg HTTP/1.1" 200 27
218.81.223.53 - - [29/Jun/2022:11:16:41 +0800] "GET /xingrg/all/function/internal_message.html?_=1656472609564&CODE_STATE=getMsg HTTP/1.1" 200 27
114.84.82.172 - - [29/Jun/2022:11:16:41 +0800] "GET /xingrg/all/function/internal_message.html?_=1656472600038&CODE_STATE=getMsg HTTP/1.1" 200 27
58.37.225.129 - - [29/Jun/2022:11:16:42 +0800] "POST /xingrg/kc/buy/cgsh_order_operate.html HTTP/1.1" 200 12
58.37.225.129 - - [29/Jun/2022:11:16:43 +0800] "GET /xingrg/kc/buy/cgsh_order_info.html?code=212022060500550 HTTP/1.1" 200 63122
116.230.110.173 - - [29/Jun/2022:11:16:43 +0800] "GET /xingrg/all/function/internal_message.html?_=1656472602461&CODE_STATE=getMsg HTTP/1.1" 200 27
58.37.225.129 - - [29/Jun/2022:11:16:44 +0800] "GET /xingrg/javascript/easyui/themes/default/validatebox.css HTTP/1.1" 404 1104
58.37.225.129 - - [29/Jun/2022:11:16:45 +0800] "POST /xingrg/kc/buy/cgsh_order_operate.html HTTP/1.1" 200 6058
114.88.162.248 - - [29/Jun/2022:11:16:45 +0800] "GET /xingrg/kc/base/wlsy_order_operate.html?command=get_materiel&rest_code=00111&base_code=0010305&code=00101006067 HTTP/1.1" 200 426
58.37.6.216 - - [29/Jun/2022:11:16:47 +0800] "GET /xingrg/kc/buy/cgsh_order_operate.html?command=get_materiel&rest_code=00106&code=00101003080&supplier_code=00100313&order_time=2022-06-29 HTTP/1.1" 200 435
101.85.54.219 - - [29/Jun/2022:11:16:49 +0800] "GET /xingrg/all/function/internal_message.html?_=1656472604014&CODE_STATE=getMsg HTTP/1.1" 200 27
58.37.225.129 - - [29/Jun/2022:11:16:53 +0800] "GET /xingrg/javascript/jquery_easy_ui/themes/default/images/tabs_active.png HTTP/1.1" 200 2894
114.88.162.248 - - [29/Jun/2022:11:16:54 +0800] "GET /xingrg/kc/base/wlsy_order_operate.html?command=get_materiel&rest_code=00111&base_code=0010305&code=00101018007 HTTP/1.1" 200 426
180.169.147.146 - - [29/Jun/2022:11:16:54 +0800] "GET /xingrg/check_reg.html?_=1656472611795 HTTP/1.1" 200 22
101.85.95.26 - - [29/Jun/2022:11:16:55 +0800] "GET /xingrg/all/function/internal_message.html?_=1656472612477&CODE_STATE=getMsg HTTP/1.1" 200 27
101.85.95.26 - - [29/Jun/2022:11:16:55 +0800] "GET /xingrg/check_reg.html?_=1656472612479 HTTP/1.1" 200 22
58.37.6.216 - - [29/Jun/2022:11:16:58 +0800] "GET /xingrg/kc/buy/cgsh_order_operate.html?command=get_materiel&rest_code=00106&code=00102026001&supplier_code=00100313&order_time=2022-06-29 HTTP/1.1" 200 409
58.35.210.91 - - [29/Jun/2022:11:16:58 +0800] "POST /xingrg/kc/base/check_list_operate.html HTTP/1.1" 302 -
58.35.210.91 - - [29/Jun/2022:11:16:58 +0800] "GET /xingrg/kc/base/images/blue/login_bg.png HTTP/1.1" 404 1072
58.35.210.91 - - [29/Jun/2022:11:16:58 +0800] "GET /xingrg/kc/base/images/blue/srbg.png HTTP/1.1" 404 1064
58.35.210.91 - - [29/Jun/2022:11:16:58 +0800] "GET /xingrg/kc/base/images/blue/hj.png HTTP/1.1" 404 1060
58.35.210.91 - - [29/Jun/2022:11:16:59 +0800] "GET /xingrg/javascript/jquery_tools/images/prev.gif HTTP/1.1" 404 1086
58.35.210.91 - - [29/Jun/2022:11:16:59 +0800] "GET /xingrg/javascript/jquery_tools/images/next.gif HTTP/1.1" 404 1086
114.88.162.248 - - [29/Jun/2022:11:17:00 +0800] "GET /xingrg/kc/base/wlsy_order_operate.html?command=get_materiel&rest_code=00111&base_code=0010305&code=00101008257 HTTP/1.1" 200 434
116.232.49.180 - - [29/Jun/2022:11:17:00 +0800] "GET /xingrg/login.html HTTP/1.1" 200 7641
116.232.49.180 - - [29/Jun/2022:11:17:00 +0800] "GET /xingrg/images/blue/jxLogo.png HTTP/1.1" 200 6156
116.232.49.180 - - [29/Jun/2022:11:17:01 +0800] "GET /xingrg/images/blue/login_bg.png HTTP/1.1" 200 22101
116.232.49.180 - - [29/Jun/2022:11:17:01 +0800] "GET /xingrg/images/blue/hj.png HTTP/1.1" 200 1014
116.232.49.180 - - [29/Jun/2022:11:17:01 +0800] "GET /xingrg/images/blue/srbg.png HTTP/1.1" 200 138
116.232.49.180 - - [29/Jun/2022:11:17:01 +0800] "GET /favicon.ico HTTP/1.1" 404 -
58.35.210.91 - - [29/Jun/2022:11:17:01 +0800] "GET /xingrg/index.html?sysBaseUrl=http%3A%2F%2F180.169.147.146%3A18081%2Fxingrg%2F&costTime=43×tamp=1656471718219 HTTP/1.1" 302 -
101.83.144.189 - - [29/Jun/2022:11:17:01 +0800] "GET /xingrg/all/function/internal_message.html?_=1656472524320&CODE_STATE=getMsg HTTP/1.1" 200 27
58.35.210.91 - - [29/Jun/2022:11:17:02 +0800] "GET /xingrg/check_reg.html?_=1656472620589 HTTP/1.1" 302 -
58.35.210.91 - - [29/Jun/2022:11:17:02 +0800] "GET /xingrg/all/function/internal_message.html?_=1656472620592&CODE_STATE=getMsg HTTP/1.1" 302 -
114.84.82.172 - - [29/Jun/2022:11:17:02 +0800] "GET /xingrg/all/function/internal_message.html?_=1656472621128&CODE_STATE=getMsg HTTP/1.1" 200 27
58.35.210.91 - - [29/Jun/2022:11:17:02 +0800] "POST /xingrg/login.do HTTP/1.1" 200 2421
58.35.210.91 - - [29/Jun/2022:11:17:02 +0800] "GET /xingrg/images/blue/pic_top.gif HTTP/1.1" 200 3656
58.35.210.91 - - [29/Jun/2022:11:17:02 +0800] "GET /xingrg/images/blue/error_buttom.gif HTTP/1.1" 200 1750
58.35.210.91 - - [29/Jun/2022:11:17:02 +0800] "GET /xingrg/images/blue/pic_notice.jpg HTTP/1.1" 200 3583
58.35.210.91 - - [29/Jun/2022:11:17:02 +0800] "GET /xingrg/images/blue/error_mid.gif HTTP/1.1" 200 215
58.35.210.91 - - [29/Jun/2022:11:17:02 +0800] "GET /xingrg/images/blue/error_top.gif HTTP/1.1" 200 1790
114.83.218.210 - - [29/Jun/2022:11:17:05 +0800] "GET /xingrg/all/function/internal_message.html?_=1656472622248&CODE_STATE=getMsg HTTP/1.1" 200 27
114.88.162.248 - - [29/Jun/2022:11:17:05 +0800] "GET /xingrg/kc/base/wlsy_order_operate.html?command=get_materiel&rest_code=00111&base_code=0010305&code=00101010161 HTTP/1.1" 200 427
114.83.218.210 - - [29/Jun/2022:11:17:06 +0800] "GET /xingrg/check_reg.html?_=1656472624139 HTTP/1.1" 200 22
116.232.49.180 - - [29/Jun/2022:11:17:07 +0800] "POST /xingrg/login.do HTTP/1.1" 302 -
116.232.49.180 - - [29/Jun/2022:11:17:07 +0800] "GET /xingrg/javascript/jquery_easy_ui/themes/icon.css HTTP/1.1" 200 3949
116.232.49.180 - - [29/Jun/2022:11:17:07 +0800] "GET /xingrg/index.html?sysBaseUrl=http%3A%2F%2F180.169.147.146%3A18081%2Fxingrg%2F&costTime=53×tamp=1656472627248 HTTP/1.1" 200 17173
116.232.49.180 - - [29/Jun/2022:11:17:07 +0800] "GET /xingrg/javascript/jquery_easy_ui/themes/default/easyui.css HTTP/1.1" 200 26500
116.232.49.180 - - [29/Jun/2022:11:17:07 +0800] "GET /xingrg/javascript/jquery_easy_ui/easyui-lang-zh_CN.js HTTP/1.1" 200 1900
116.232.49.180 - - [29/Jun/2022:11:17:07 +0800] "GET /favicon.ico HTTP/1.1" 404 -
116.232.49.180 - - [29/Jun/2022:11:17:07 +0800] "GET /xingrg/javascript/jquery.form.js HTTP/1.1" 200 23110
116.232.49.180 - - [29/Jun/2022:11:17:07 +0800] "GET /xingrg/css/form.css HTTP/1.1" 200 893
116.232.49.180 - - [29/Jun/2022:11:17:07 +0800] "GET /xingrg/javascript/jquery_easy_ui/jquery.easyui.min.js HTTP/1.1" 200 213662
116.232.49.180 - - [29/Jun/2022:11:17:07 +0800] "GET /xingrg/javascript/jquery.utils.js HTTP/1.1" 200 11805
116.232.49.180 - - [29/Jun/2022:11:17:07 +0800] "GET /xingrg/javascript/jquery.timers.js HTTP/1.1" 200 3532
116.232.49.180 - - [29/Jun/2022:11:17:07 +0800] "GET /xingrg/javascript/jquery-1.4.2.min.js HTTP/1.1" 200 72205
116.232.49.180 - - [29/Jun/2022:11:17:07 +0800] "GET /xingrg/javascript/jquery_easy_ui/themes/icons/settle_new.png HTTP/1.1" 200 826
116.232.49.180 - - [29/Jun/2022:11:17:07 +0800] "GET /xingrg/images/blue/navBackgound.jpg HTTP/1.1" 200 12378
116.232.49.180 - - [29/Jun/2022:11:17:07 +0800] "POST /xingrg/all/common/load_tree.html?tree=area_rest_tree_json&manage=1 HTTP/1.1" 200 342
116.232.49.180 - - [29/Jun/2022:11:17:07 +0800] "GET /xingrg/javascript/jquery_easy_ui/themes/default/images/tabs_rightarrow.png HTTP/1.1" 200 395
116.232.49.180 - - [29/Jun/2022:11:17:07 +0800] "GET /xingrg/javascript/jquery_easy_ui/themes/default/images/tabs_leftarrow.png HTTP/1.1" 200 389
116.232.49.180 - - [29/Jun/2022:11:17:07 +0800] "GET /xingrg/check_reg.html?_=1656472626635 HTTP/1.1" 200 22
116.232.49.180 - - [29/Jun/2022:11:17:07 +0800] "GET /xingrg/all/function/internal_message.html?_=1656472626634&CODE_STATE=count HTTP/1.1" 200 11
116.232.49.180 - - [29/Jun/2022:11:17:07 +0800] "GET /xingrg/images/blue/pingpu.png HTTP/1.1" 200 231
116.232.49.180 - - [29/Jun/2022:11:17:07 +0800] "GET /xingrg/javascript/jquery_easy_ui/themes/default/images/panel_tool_collapse.gif HTTP/1.1" 200 246
58.37.225.129 - - [29/Jun/2022:11:17:07 +0800] "GET /xingrg/all/function/internal_message.html?_=1656472610660&CODE_STATE=getMsg HTTP/1.1" 200 27
116.232.49.180 - - [29/Jun/2022:11:17:07 +0800] "POST /xingrg/load_menu.html HTTP/1.1" 200 5138
116.232.49.180 - - [29/Jun/2022:11:17:07 +0800] "GET /xingrg/javascript/jquery_easy_ui/themes/icons/search_new.png HTTP/1.1" 200 586
116.232.49.180 - - [29/Jun/2022:11:17:07 +0800] "GET /xingrg/javascript/jquery_easy_ui/themes/default/images/tree_folder_open.gif HTTP/1.1" 200 956
116.232.49.180 - - [29/Jun/2022:11:17:07 +0800] "GET /xingrg/javascript/jquery_easy_ui/themes/default/images/tree_arrows.gif HTTP/1.1" 200 1043
116.232.49.180 - - [29/Jun/2022:11:17:07 +0800] "GET /xingrg/javascript/jquery_easy_ui/themes/default/images/tree_folder.gif HTTP/1.1" 200 952
116.232.49.180 - - [29/Jun/2022:11:17:07 +0800] "GET /xingrg/javascript/jquery_easy_ui/themes/icons/forms_new.png HTTP/1.1" 200 350
116.232.49.180 - - [29/Jun/2022:11:17:07 +0800] "GET /xingrg/javascript/jquery_easy_ui/themes/icons/storage_new.png HTTP/1.1" 200 853
116.232.49.180 - - [29/Jun/2022:11:17:07 +0800] "GET /xingrg/javascript/jquery_easy_ui/themes/default/images/tree_file.gif HTTP/1.1" 200 118
116.232.49.180 - - [29/Jun/2022:11:17:08 +0800] "GET /xingrg/javascript/jquery_easy_ui/themes/default/images/tabs_active.png HTTP/1.1" 200 2894
116.235.94.65 - - [29/Jun/2022:11:17:08 +0800] "GET /xingrg/all/function/internal_message.html?_=1656472808619&CODE_STATE=getMsg HTTP/1.1" 200 27
180.169.147.146 - - [29/Jun/2022:11:17:08 +0800] "GET /xingrg/all/function/internal_message.html?_=1656472625843&CODE_STATE=getMsg HTTP/1.1" 200 27
116.232.49.180 - - [29/Jun/2022:11:17:08 +0800] "GET /xingrg/javascript/jquery_easy_ui/themes/default/images/tabs_close.gif HTTP/1.1" 200 829
116.232.49.180 - - [29/Jun/2022:11:17:08 +0800] "GET /xingrg/kc/buy/buy_main.html HTTP/1.1" 200 12412
116.232.49.180 - - [29/Jun/2022:11:17:08 +0800] "GET /xingrg/css/new_ie.css HTTP/1.1" 404 1036
116.232.49.180 - - [29/Jun/2022:11:17:08 +0800] "GET /xingrg/javascript/ToolTips.js HTTP/1.1" 200 5615
116.232.49.180 - - [29/Jun/2022:11:17:08 +0800] "GET /xingrg/javascript/pic_change.js HTTP/1.1" 200 4739
116.232.49.180 - - [29/Jun/2022:11:17:08 +0800] "GET /xingrg/javascript/jquery_ui/jquery-ui.min.js HTTP/1.1" 200 186181
116.232.49.180 - - [29/Jun/2022:11:17:08 +0800] "GET /xingrg/images/blue/button/cgshd.gif HTTP/1.1" 200 2618
116.232.49.180 - - [29/Jun/2022:11:17:08 +0800] "GET /xingrg/images/blue/button/cgydd.gif HTTP/1.1" 200 2712
116.232.49.180 - - [29/Jun/2022:11:17:08 +0800] "GET /xingrg/images/blue/button/cgxqd.gif HTTP/1.1" 200 2619
116.232.49.180 - - [29/Jun/2022:11:17:08 +0800] "GET /xingrg/images/blue/button/kc.gif HTTP/1.1" 200 2160
116.232.49.180 - - [29/Jun/2022:11:17:08 +0800] "GET /xingrg/images/blue/button/ckthd.gif HTTP/1.1" 200 2045
116.232.49.180 - - [29/Jun/2022:11:17:08 +0800] "GET /xingrg/css/blue.css HTTP/1.1" 200 15949
116.232.49.180 - - [29/Jun/2022:11:17:08 +0800] "GET /xingrg/images/blue/pic_form2.gif HTTP/1.1" 200 1853
116.232.49.180 - - [29/Jun/2022:11:17:08 +0800] "GET /xingrg/javascript/myfunction.js HTTP/1.1" 200 24559
116.232.49.180 - - [29/Jun/2022:11:17:08 +0800] "GET /xingrg/javascript/jquery_ui/themes/humanity/humanity.css HTTP/1.1" 200 27801
116.232.49.180 - - [29/Jun/2022:11:17:08 +0800] "GET /xingrg/images/blue/button/cgfkd.gif HTTP/1.1" 200 2075
58.35.210.91 - - [29/Jun/2022:11:17:08 +0800] "POST /xingrg/login.do HTTP/1.1" 302 -
116.232.49.180 - - [29/Jun/2022:11:17:08 +0800] "GET /xingrg/images/blue/button/right_ah.jpg HTTP/1.1" 200 1744
116.232.49.180 - - [29/Jun/2022:11:17:08 +0800] "GET /xingrg/images/blue/bg_dotted.jpg HTTP/1.1" 200 319
116.232.49.180 - - [29/Jun/2022:11:17:08 +0800] "GET /xingrg/javascript/jquery_ui/themes/humanity/images/ui-bg_inset-soft_100_f4f0ec_1x100.png HTTP/1.1" 200 141
116.232.49.180 - - [29/Jun/2022:11:17:08 +0800] "GET /xingrg/images/blue/button/down_ah.jpg HTTP/1.1" 200 1732
58.35.210.91 - - [29/Jun/2022:11:17:08 +0800] "GET /xingrg/index.html?sysBaseUrl=http%3A%2F%2F180.169.147.146%3A18081%2Fxingrg%2F&costTime=41×tamp=1656472628783 HTTP/1.1" 200 17503
116.232.49.180 - - [29/Jun/2022:11:17:08 +0800] "GET /xingrg/javascript/jquery_ui/themes/humanity/images/ui-iconsnew.jpg HTTP/1.1" 200 337
116.232.49.180 - - [29/Jun/2022:11:17:08 +0800] "GET /xingrg/javascript/jquery_ui/themes/humanity/images/ui-icons_ffffff_256x240.png HTTP/1.1" 200 4369
116.232.49.180 - - [29/Jun/2022:11:17:08 +0800] "GET /xingrg/javascript/jquery_ui/themes/humanity/images/ui-icons_c47a23_256x240.png HTTP/1.1" 200 5355
116.232.49.180 - - [29/Jun/2022:11:17:08 +0800] "GET /xingrg/javascript/jquery_ui/themes/humanity/images/ui-bg_glass_70_ede4d4_1x400.png HTTP/1.1" 200 161
58.35.210.91 - - [29/Jun/2022:11:17:08 +0800] "POST /xingrg/all/common/load_tree.html?tree=area_rest_tree_json&manage=1 HTTP/1.1" 200 3472
58.35.210.91 - - [29/Jun/2022:11:17:08 +0800] "GET /xingrg/all/function/internal_message.html?_=1656472627363&CODE_STATE=count HTTP/1.1" 200 11
58.35.210.91 - - [29/Jun/2022:11:17:08 +0800] "GET /xingrg/check_reg.html?_=1656472627364 HTTP/1.1" 200 22
58.35.210.91 - - [29/Jun/2022:11:17:09 +0800] "POST /xingrg/load_menu.html HTTP/1.1" 200 11564
116.232.49.180 - - [29/Jun/2022:11:17:09 +0800] "GET /xingrg/images/yd/bt.gif HTTP/1.1" 404 1040
180.169.147.146 - - [29/Jun/2022:11:17:12 +0800] "POST /xingrg/kc/buy/cgsh_list_operate.html HTTP/1.1" 200 4311
180.169.147.146 - - [29/Jun/2022:11:17:12 +0800] "POST /xingrg/kc/buy/cgsh_list_operate.html HTTP/1.1" 200 4311
116.232.49.180 - - [29/Jun/2022:11:17:12 +0800] "GET /xingrg/kc/mdqp/qp_main.html HTTP/1.1" 200 10633
116.232.49.180 - - [29/Jun/2022:11:17:12 +0800] "GET /xingrg/images/blue/button/qqpsd.gif HTTP/1.1" 200 2548
116.232.49.180 - - [29/Jun/2022:11:17:12 +0800] "GET /xingrg/images/blue/button/pszx.gif HTTP/1.1" 200 2648
116.232.49.180 - - [29/Jun/2022:11:17:12 +0800] "GET /xingrg/images/blue/button/psshd.gif HTTP/1.1" 200 2692
116.232.49.180 - - [29/Jun/2022:11:17:14 +0800] "GET /xingrg/kc/base/base_main.html HTTP/1.1" 200 12142
116.232.49.180 - - [29/Jun/2022:11:17:14 +0800] "GET /xingrg/images/blue/button/ckpd.gif HTTP/1.1" 200 2051
116.232.49.180 - - [29/Jun/2022:11:17:14 +0800] "GET /xingrg/images/blue/button/wlsy.gif HTTP/1.1" 200 2536
116.232.49.180 - - [29/Jun/2022:11:17:14 +0800] "GET /xingrg/images/blue/button/yddb.gif HTTP/1.1" 200 2040
116.232.49.180 - - [29/Jun/2022:11:17:14 +0800] "GET /xingrg/images/blue/button/ckdb.gif HTTP/1.1" 200 1950
180.162.115.11 - - [29/Jun/2022:11:17:14 +0800] "GET /xingrg/all/function/internal_message.html?_=1656471863079&CODE_STATE=getMsg HTTP/1.1" 200 27
116.232.49.180 - - [29/Jun/2022:11:17:14 +0800] "GET /xingrg/images/blue/button/top_right.jpg HTTP/1.1" 200 1708
116.232.49.180 - - [29/Jun/2022:11:17:14 +0800] "GET /xingrg/images/blue/button/down.jpg HTTP/1.1" 200 1560
116.232.49.180 - - [29/Jun/2022:11:17:14 +0800] "GET /xingrg/images/blue/button/left_ah.jpg HTTP/1.1" 200 1643
116.232.49.180 - - [29/Jun/2022:11:17:14 +0800] "GET /xingrg/images/blue/button/top_left.jpg HTTP/1.1" 200 1632
116.232.49.180 - - [29/Jun/2022:11:17:14 +0800] "GET /xingrg/images/blue/button/bottom_right.jpg HTTP/1.1" 200 1436
116.232.49.180 - - [29/Jun/2022:11:17:14 +0800] "GET /xingrg/images/blue/button/bottom_left.jpg HTTP/1.1" 200 1524
58.35.210.91 - - [29/Jun/2022:11:17:14 +0800] "POST /xingrg/all/user/operate.html HTTP/1.1" 200 36
58.35.210.91 - - [29/Jun/2022:11:17:14 +0800] "GET /xingrg/javascript/jquery_easy_ui/themes/default/easyui.css HTTP/1.1" 304 -
58.35.210.91 - - [29/Jun/2022:11:17:14 +0800] "GET /xingrg/index.html?sysBaseUrl=http%3A%2F%2F180.169.147.146%3A18081%2Fxingrg%2F&costTime=41×tamp=1656472628783 HTTP/1.1" 200 17509
58.35.210.91 - - [29/Jun/2022:11:17:14 +0800] "GET /xingrg/javascript/jquery_easy_ui/themes/icon.css HTTP/1.1" 304 -
58.35.210.91 - - [29/Jun/2022:11:17:14 +0800] "GET /xingrg/css/form.css HTTP/1.1" 304 -
58.35.210.91 - - [29/Jun/2022:11:17:14 +0800] "GET /xingrg/javascript/jquery-1.4.2.min.js HTTP/1.1" 304 -
58.35.210.91 - - [29/Jun/2022:11:17:14 +0800] "GET /xingrg/javascript/jquery_easy_ui/jquery.easyui.min.js HTTP/1.1" 304 -
58.35.210.91 - - [29/Jun/2022:11:17:15 +0800] "GET /xingrg/javascript/jquery_easy_ui/easyui-lang-zh_CN.js HTTP/1.1" 304 -
58.35.210.91 - - [29/Jun/2022:11:17:15 +0800] "GET /xingrg/javascript/jquery.form.js HTTP/1.1" 304 -
58.35.210.91 - - [29/Jun/2022:11:17:15 +0800] "GET /xingrg/javascript/jquery.utils.js HTTP/1.1" 304 -
58.35.210.91 - - [29/Jun/2022:11:17:15 +0800] "GET /xingrg/javascript/jquery.timers.js HTTP/1.1" 304 -
58.35.210.91 - - [29/Jun/2022:11:17:15 +0800] "GET /xingrg/images/blue/jxLogo.png HTTP/1.1" 304 -
58.35.210.91 - - [29/Jun/2022:11:17:15 +0800] "GET /xingrg/images/blue/navBackgound.jpg HTTP/1.1" 304 -
58.35.210.91 - - [29/Jun/2022:11:17:15 +0800] "GET /xingrg/javascript/jquery_easy_ui/themes/icons/settle_new.png HTTP/1.1" 304 -
58.35.210.91 - - [29/Jun/2022:11:17:15 +0800] "POST /xingrg/all/common/load_tree.html?tree=area_rest_tree_json&manage=1 HTTP/1.1" 200 3472
58.35.210.91 - - [29/Jun/2022:11:17:15 +0800] "GET /xingrg/all/function/internal_message.html?_=1656472633517&CODE_STATE=count HTTP/1.1" 200 11
58.35.210.91 - - [29/Jun/2022:11:17:15 +0800] "GET /xingrg/check_reg.html?_=1656472633518 HTTP/1.1" 200 22
58.35.210.91 - - [29/Jun/2022:11:17:15 +0800] "GET /xingrg/javascript/jquery_easy_ui/themes/default/images/tabs_rightarrow.png HTTP/1.1" 304 -
58.35.210.91 - - [29/Jun/2022:11:17:15 +0800] "POST /xingrg/load_menu.html HTTP/1.1" 200 9959
58.35.210.91 - - [29/Jun/2022:11:17:15 +0800] "GET /xingrg/javascript/jquery_easy_ui/themes/default/images/panel_tool_expand.gif HTTP/1.1" 304 -
58.35.210.91 - - [29/Jun/2022:11:17:15 +0800] "GET /xingrg/javascript/jquery_easy_ui/themes/default/images/panel_tool_collapse.gif HTTP/1.1" 304 -
58.35.210.91 - - [29/Jun/2022:11:17:15 +0800] "GET /xingrg/javascript/jquery_easy_ui/themes/default/images/tabs_leftarrow.png HTTP/1.1" 304 -
58.35.210.91 - - [29/Jun/2022:11:17:15 +0800] "GET /xingrg/images/blue/pingpu.png HTTP/1.1" 304 -
58.35.210.91 - - [29/Jun/2022:11:17:15 +0800] "GET /xingrg/javascript/jquery_easy_ui/themes/default/images/tree_folder_open.gif HTTP/1.1" 304 -
58.35.210.91 - - [29/Jun/2022:11:17:15 +0800] "GET /xingrg/javascript/jquery_easy_ui/themes/default/images/tree_arrows.gif HTTP/1.1" 304 -
58.35.210.91 - - [29/Jun/2022:11:17:15 +0800] "GET /xingrg/javascript/jquery_easy_ui/themes/default/images/tree_folder.gif HTTP/1.1" 304 -
58.35.210.91 - - [29/Jun/2022:11:17:15 +0800] "GET /xingrg/javascript/jquery_easy_ui/themes/icons/storage_new.png HTTP/1.1" 304 -
58.35.210.91 - - [29/Jun/2022:11:17:15 +0800] "GET /xingrg/javascript/jquery_easy_ui/themes/icons/forms_new.png HTTP/1.1" 304 -
58.35.210.91 - - [29/Jun/2022:11:17:15 +0800] "GET /xingrg/javascript/jquery_easy_ui/themes/default/images/tree_file.gif HTTP/1.1" 304 -
58.35.210.91 - - [29/Jun/2022:11:17:15 +0800] "GET /xingrg/javascript/jquery_easy_ui/themes/icons/checkout_new.png HTTP/1.1" 304 -
58.35.210.91 - - [29/Jun/2022:11:17:15 +0800] "GET /xingrg/javascript/jquery_easy_ui/themes/icons/setting_new.png HTTP/1.1" 304 -
58.35.210.91 - - [29/Jun/2022:11:17:15 +0800] "GET /xingrg/javascript/jquery_easy_ui/themes/icons/systemset_new.png HTTP/1.1" 304 -
58.35.210.91 - - [29/Jun/2022:11:17:15 +0800] "GET /xingrg/javascript/jquery_easy_ui/themes/icons/search_new.png HTTP/1.1" 304 -
180.169.147.146 - - [29/Jun/2022:11:17:15 +0800] "GET /xingrg/all/function/internal_message.html?_=1656472633824&CODE_STATE=getMsg HTTP/1.1" 302 -
116.232.49.180 - - [29/Jun/2022:11:17:15 +0800] "GET /xingrg/kc/base/check_order_list.html HTTP/1.1" 200 16261
116.232.49.180 - - [29/Jun/2022:11:17:15 +0800] "GET /xingrg/css/base.css HTTP/1.1" 200 2811
116.232.49.180 - - [29/Jun/2022:11:17:15 +0800] "GET /xingrg/css/site.css HTTP/1.1" 200 7541
116.232.49.180 - - [29/Jun/2022:11:17:15 +0800] "GET /xingrg/javascript/easyui/themes/icon.css HTTP/1.1" 200 4483
116.232.49.180 - - [29/Jun/2022:11:17:15 +0800] "GET /xingrg/javascript/jquery_tools/datebox.css HTTP/1.1" 200 2597
116.232.49.180 - - [29/Jun/2022:11:17:15 +0800] "GET /xingrg/javascript/auto/jquery.autocomplete.css HTTP/1.1" 200 587
116.232.49.180 - - [29/Jun/2022:11:17:15 +0800] "GET /xingrg/javascript/jquery_tools/table.css HTTP/1.1" 200 1032
116.232.49.180 - - [29/Jun/2022:11:17:15 +0800] "GET /xingrg/javascript/jquery_tools/fix.css HTTP/1.1" 200 1702
116.232.49.180 - - [29/Jun/2022:11:17:15 +0800] "GET /xingrg/javascript/jquery_tools/jquery.tools.min.js HTTP/1.1" 200 138801
116.232.49.180 - - [29/Jun/2022:11:17:15 +0800] "GET /xingrg/javascript/jquery_tools/jquery.tools.hotkey.js HTTP/1.1" 200 3242
116.232.49.180 - - [29/Jun/2022:11:17:15 +0800] "GET /xingrg/javascript/jquery_tools/jquery.tools.table.js HTTP/1.1" 200 6994
116.232.49.180 - - [29/Jun/2022:11:17:15 +0800] "GET /xingrg/javascript/jquery_tools/list_manager.js HTTP/1.1" 200 3652
116.232.49.180 - - [29/Jun/2022:11:17:15 +0800] "GET /xingrg/javascript/easyui/easyloader.js HTTP/1.1" 200 5975
116.232.49.180 - - [29/Jun/2022:11:17:15 +0800] "GET /xingrg/javascript/jquery.cookie.js HTTP/1.1" 200 5513
116.232.49.180 - - [29/Jun/2022:11:17:15 +0800] "GET /xingrg/javascript/jquery_tools/jquery.tools.extend.js HTTP/1.1" 200 15385
116.232.49.180 - - [29/Jun/2022:11:17:15 +0800] "GET /xingrg/javascript/easyui/themes/default/easyui.css HTTP/1.1" 200 30432
116.232.49.180 - - [29/Jun/2022:11:17:15 +0800] "GET /xingrg/javascript/auto/jquery.autocomplete.js HTTP/1.1" 200 21624
116.232.49.180 - - [29/Jun/2022:11:17:15 +0800] "GET /xingrg/javascript/easyui/themes/icons/edit_add_new.png HTTP/1.1" 200 2997
116.232.49.180 - - [29/Jun/2022:11:17:15 +0800] "GET /xingrg/javascript/easyui/themes/icons/field_new.png HTTP/1.1" 200 1097
116.232.49.180 - - [29/Jun/2022:11:17:15 +0800] "GET /xingrg/javascript/easyui/themes/icons/check_new.png HTTP/1.1" 200 3224
116.232.49.180 - - [29/Jun/2022:11:17:15 +0800] "GET /xingrg/javascript/easyui/themes/icons/cance_new.png HTTP/1.1" 200 3986
116.232.49.180 - - [29/Jun/2022:11:17:15 +0800] "GET /xingrg/javascript/easyui/plugins/jquery.parser.js HTTP/1.1" 200 1142
116.232.49.180 - - [29/Jun/2022:11:17:15 +0800] "GET /xingrg/images/control/ajaxLoader.gif HTTP/1.1" 200 4659
116.232.49.180 - - [29/Jun/2022:11:17:15 +0800] "POST /xingrg/kc/base/check_list_operate.html HTTP/1.1" 200 1557
58.35.210.91 - - [29/Jun/2022:11:17:17 +0800] "POST /xingrg/kc/base/check_list_operate.html HTTP/1.1" 200 4781
58.35.210.91 - - [29/Jun/2022:11:17:18 +0800] "GET /xingrg/kc/base/check_order_info.html?code=452022062900250 HTTP/1.1" 200 26440
58.35.210.91 - - [29/Jun/2022:11:17:18 +0800] "GET /xingrg/dwr/engine.js HTTP/1.1" 200 43631
116.238.208.126 - - [29/Jun/2022:11:17:19 +0800] "GET /xingrg/all/function/internal_message.html?_=1656472707248&CODE_STATE=getMsg HTTP/1.1" 200 27
101.83.223.227 - - [29/Jun/2022:11:17:19 +0800] "GET /xingrg/all/function/internal_message.html?_=1656472586832&CODE_STATE=getMsg HTTP/1.1" 200 27
58.35.210.91 - - [29/Jun/2022:11:17:19 +0800] "POST /xingrg/dwr/call/plaincall/AjaxCheckService.loadOrderItems.dwr HTTP/1.1" 200 25240
116.232.49.180 - - [29/Jun/2022:11:17:19 +0800] "GET /xingrg/javascript/easyui/themes/default/images/button_plain_hover.png HTTP/1.1" 200 144
114.88.162.248 - - [29/Jun/2022:11:17:20 +0800] "GET /xingrg/kc/base/wlsy_order_operate.html?command=get_materiel&rest_code=00111&base_code=0010305&code=00101008132 HTTP/1.1" 200 425
116.232.49.180 - - [29/Jun/2022:11:17:21 +0800] "POST /xingrg/kc/base/check_list_operate.html HTTP/1.1" 200 4
180.169.147.146 - - [29/Jun/2022:11:17:21 +0800] "GET /xingrg/kc/base/yddb_order_list.html HTTP/1.1" 200 16754
58.35.210.91 - - [29/Jun/2022:11:17:21 +0800] "GET /xingrg/kc/print/load_config.html?_=1656472640272&kc_code=check HTTP/1.1" 200 2411
58.35.210.91 - - [29/Jun/2022:11:17:21 +0800] "GET /xingrg/kc/print/load_data.html?_=1656472640291&order_code=452022062900250&kc_code=check&condition= HTTP/1.1" 200 6663
180.169.147.146 - - [29/Jun/2022:11:17:21 +0800] "POST /xingrg/kc/base/yddb_list_operate.html HTTP/1.1" 200 636
116.232.49.180 - - [29/Jun/2022:11:17:22 +0800] "POST /xingrg/kc/base/check_list_operate.html HTTP/1.1" 200 781
116.232.49.180 - - [29/Jun/2022:11:17:23 +0800] "GET /xingrg/kc/base/check_order_add.html HTTP/1.1" 200 26562
116.232.49.180 - - [29/Jun/2022:11:17:23 +0800] "GET /xingrg/css/table.css HTTP/1.1" 200 3684
116.232.49.180 - - [29/Jun/2022:11:17:23 +0800] "GET /xingrg/javascript/AjaxInfoList.js HTTP/1.1" 200 3774
116.232.49.180 - - [29/Jun/2022:11:17:23 +0800] "GET /xingrg/dwr/interface/AjaxCheckService.js HTTP/1.1" 200 14003
116.232.49.180 - - [29/Jun/2022:11:17:23 +0800] "GET /xingrg/dwr/interface/AjaxComOrderService.js HTTP/1.1" 200 18264
116.232.49.180 - - [29/Jun/2022:11:17:23 +0800] "GET /xingrg/javascript/convert.js HTTP/1.1" 200 1239
116.232.49.180 - - [29/Jun/2022:11:17:23 +0800] "GET /xingrg/javascript/print/LodopFuncs.js HTTP/1.1" 200 5121
116.232.49.180 - - [29/Jun/2022:11:17:23 +0800] "GET /xingrg/javascript/Calendar.js HTTP/1.1" 200 31561
116.232.49.180 - - [29/Jun/2022:11:17:23 +0800] "GET /xingrg/dwr/util.js HTTP/1.1" 200 35990
116.232.49.180 - - [29/Jun/2022:11:17:24 +0800] "GET /xingrg/javascript/print/kc_print.js HTTP/1.1" 200 11415
116.232.49.180 - - [29/Jun/2022:11:17:24 +0800] "GET /xingrg/dwr/engine.js HTTP/1.1" 200 43631
180.169.147.146 - - [29/Jun/2022:11:17:24 +0800] "POST /xingrg/kc/base/yddb_list_operate.html HTTP/1.1" 200 3847
116.232.49.180 - - [29/Jun/2022:11:17:24 +0800] "GET /xingrg/javascript/jquery_easy_ui/themes/icons/check_new.png HTTP/1.1" 200 3224
116.232.49.180 - - [29/Jun/2022:11:17:24 +0800] "GET /xingrg/javascript/jquery_easy_ui/themes/icons/print.png HTTP/1.1" 200 1057
116.232.49.180 - - [29/Jun/2022:11:17:24 +0800] "GET /xingrg/javascript/jquery_easy_ui/themes/icons/cance_new.png HTTP/1.1" 200 3986
116.232.49.180 - - [29/Jun/2022:11:17:24 +0800] "GET /xingrg/javascript/jquery_easy_ui/themes/icons/back_new.png HTTP/1.1" 200 3414
116.232.49.180 - - [29/Jun/2022:11:17:24 +0800] "GET /xingrg/javascript/jquery_easy_ui/themes/default/images/menu_downarrow.png HTTP/1.1" 200 173
114.88.162.248 - - [29/Jun/2022:11:17:26 +0800] "GET /xingrg/kc/base/wlsy_order_operate.html?command=get_materiel&rest_code=00111&base_code=0010305&code=00101012046 HTTP/1.1" 200 433
101.83.144.189 - - [29/Jun/2022:11:17:26 +0800] "GET /xingrg/check_reg.html?_=1656472646107 HTTP/1.1" 200 22
101.83.144.189 - - [29/Jun/2022:11:17:26 +0800] "GET /xingrg/all/function/internal_message.html?_=1656472646109&CODE_STATE=getMsg HTTP/1.1" 200 27
180.169.147.146 - - [29/Jun/2022:11:17:26 +0800] "POST /xingrg/kc/base/yddb_list_operate.html HTTP/1.1" 200 561
180.169.147.146 - - [29/Jun/2022:11:17:27 +0800] "POST /xingrg/kc/base/yddb_list_operate.html HTTP/1.1" 200 348
120.253.135.82 - - [29/Jun/2022:11:17:27 +0800] "GET /xingrg/all/function/internal_message.html?_=1656472777523&CODE_STATE=getMsg HTTP/1.1" 200 27
114.84.82.172 - - [29/Jun/2022:11:17:27 +0800] "GET /xingrg/all/function/internal_message.html?_=1656472645441&CODE_STATE=getMsg HTTP/1.1" 200 27
180.169.147.146 - - [29/Jun/2022:11:17:27 +0800] "POST /xingrg/kc/base/yddb_list_operate.html HTTP/1.1" 200 201
180.169.147.146 - - [29/Jun/2022:11:17:28 +0800] "POST /xingrg/kc/base/yddb_list_operate.html HTTP/1.1" 200 212
218.81.223.53 - - [29/Jun/2022:11:17:28 +0800] "GET /xingrg/kc/buy/cgsh_order_operate.html?command=get_materiel&rest_code=00146&code=00101008038&supplier_code=00100005&order_time=2022-06-29 HTTP/1.1" 200 412
222.69.144.95 - - [29/Jun/2022:11:17:30 +0800] "GET /xingrg/all/function/internal_message.html?_=1656472690080&CODE_STATE=getMsg HTTP/1.1" 200 27
180.169.147.146 - - [29/Jun/2022:11:17:31 +0800] "GET /xingrg/all/function/internal_message.html?_=1656472649549&CODE_STATE=getMsg HTTP/1.1" 302 -
58.35.210.91 - - [29/Jun/2022:11:17:31 +0800] "GET /xingrg/kc/base/check_order_info.html?code=452022062900251 HTTP/1.1" 200 26440
58.35.210.91 - - [29/Jun/2022:11:17:31 +0800] "GET /xingrg/dwr/engine.js HTTP/1.1" 200 43631
58.35.210.91 - - [29/Jun/2022:11:17:32 +0800] "POST /xingrg/dwr/call/plaincall/AjaxCheckService.loadOrderItems.dwr HTTP/1.1" 200 24200
180.169.147.146 - - [29/Jun/2022:11:17:33 +0800] "POST /xingrg/kc/base/yddb_list_operate.html HTTP/1.1" 200 365
58.37.6.216 - - [29/Jun/2022:11:17:33 +0800] "GET /xingrg/all/function/internal_message.html?_=1656472651743&CODE_STATE=getMsg HTTP/1.1" 200 27
116.232.49.180 - - [29/Jun/2022:11:17:35 +0800] "GET /xingrg/all/function/internal_message.html?_=1656472659139&CODE_STATE=getMsg HTTP/1.1" 200 27
180.169.147.146 - - [29/Jun/2022:11:17:35 +0800] "GET /xingrg/kc/base/yddb_order_info.html?code=482022062800251 HTTP/1.1" 200 29588
180.169.147.146 - - [29/Jun/2022:11:17:35 +0800] "GET /xingrg/dwr/interface/AjaxComOrderService.js HTTP/1.1" 200 18264
180.169.147.146 - - [29/Jun/2022:11:17:36 +0800] "GET /xingrg/dwr/interface/AjaxYddbService.js HTTP/1.1" 200 13201
180.169.147.146 - - [29/Jun/2022:11:17:36 +0800] "GET /xingrg/dwr/engine.js HTTP/1.1" 200 43631
180.169.147.146 - - [29/Jun/2022:11:17:36 +0800] "POST /xingrg/dwr/call/plaincall/AjaxYddbService.loadMaterielItems.dwr HTTP/1.1" 200 1046
114.88.162.248 - - [29/Jun/2022:11:17:36 +0800] "GET /xingrg/all/function/internal_message.html?_=1656472653929&CODE_STATE=getMsg HTTP/1.1" 200 27
116.232.49.180 - - [29/Jun/2022:11:17:37 +0800] "POST /xingrg/dwr/call/plaincall/AjaxCheckService.saveOrder.dwr HTTP/1.1" 200 78
180.169.147.146 - - [29/Jun/2022:11:17:37 +0800] "GET /xingrg/kc/base/yddb_order_list.html?isBack=1 HTTP/1.1" 200 16754
180.169.147.146 - - [29/Jun/2022:11:17:37 +0800] "POST /xingrg/kc/base/yddb_list_operate.html HTTP/1.1" 200 636
58.37.6.216 - - [29/Jun/2022:11:17:38 +0800] "GET /xingrg/kc/buy/cgsh_order_operate.html?command=get_materiel&rest_code=00106&code=00101001016&supplier_code=00100313&order_time=2022-06-29 HTTP/1.1" 200 430
116.232.49.180 - - [29/Jun/2022:11:17:38 +0800] "POST /xingrg/dwr/call/plaincall/AjaxCheckService.loadOrderItems.dwr HTTP/1.1" 200 367
116.232.49.180 - - [29/Jun/2022:11:17:39 +0800] "GET /xingrg/javascript/jquery_easy_ui/themes/default/images/panel_tools.gif HTTP/1.1" 200 737
116.232.49.180 - - [29/Jun/2022:11:17:39 +0800] "GET /xingrg/javascript/jquery_easy_ui/themes/icons/pencil.png HTTP/1.1" 200 713
116.232.49.180 - - [29/Jun/2022:11:17:39 +0800] "GET /xingrg/javascript/jquery_easy_ui/themes/icons/ok.png HTTP/1.1" 200 883
116.232.49.180 - - [29/Jun/2022:11:17:39 +0800] "GET /xingrg/javascript/jquery_easy_ui/themes/default/images/button_span_bg.gif HTTP/1.1" 200 2061
116.232.49.180 - - [29/Jun/2022:11:17:39 +0800] "GET /xingrg/javascript/jquery_easy_ui/themes/default/images/panel_title.png HTTP/1.1" 200 266
116.232.49.180 - - [29/Jun/2022:11:17:39 +0800] "GET /xingrg/javascript/jquery_easy_ui/themes/default/images/button_a_bg.gif HTTP/1.1" 200 1194
114.88.162.248 - - [29/Jun/2022:11:17:39 +0800] "GET /xingrg/kc/base/wlsy_order_operate.html?command=get_materiel&rest_code=00111&base_code=0010305&code=00101010050 HTTP/1.1" 200 421
58.35.196.166 - - [29/Jun/2022:11:17:40 +0800] "GET /xingrg/all/function/internal_message.html?_=1656472657500&CODE_STATE=getMsg HTTP/1.1" 200 27
180.169.147.146 - - [29/Jun/2022:11:17:40 +0800] "POST /xingrg/kc/base/yddb_list_operate.html HTTP/1.1" 200 3847
218.81.223.53 - - [29/Jun/2022:11:17:41 +0800] "GET /xingrg/all/function/internal_message.html?_=1656472669578&CODE_STATE=getMsg HTTP/1.1" 200 27
114.84.82.172 - - [29/Jun/2022:11:17:41 +0800] "GET /xingrg/all/function/internal_message.html?_=1656472660041&CODE_STATE=getMsg HTTP/1.1" 200 27
218.81.223.53 - - [29/Jun/2022:11:17:42 +0800] "GET /xingrg/kc/buy/cgsh_order_operate.html?command=get_materiel&rest_code=00146&code=00101008163&supplier_code=00100005&order_time=2022-06-29 HTTP/1.1" 200 425
180.169.147.146 - - [29/Jun/2022:11:17:42 +0800] "POST /xingrg/kc/base/yddb_list_operate.html HTTP/1.1" 200 342
116.232.49.180 - - [29/Jun/2022:11:17:42 +0800] "POST /xingrg/dwr/call/plaincall/AjaxCheckService.importOrderItems.dwr HTTP/1.1" 200 78
116.232.49.180 - - [29/Jun/2022:11:17:43 +0800] "POST /xingrg/dwr/call/plaincall/AjaxCheckService.loadOrderItems.dwr HTTP/1.1" 200 198028
116.230.110.173 - - [29/Jun/2022:11:17:43 +0800] "GET /xingrg/all/function/internal_message.html?_=1656472662449&CODE_STATE=getMsg HTTP/1.1" 200 27
116.232.49.180 - - [29/Jun/2022:11:17:44 +0800] "GET /xingrg/javascript/jquery_easy_ui/themes/icons/no.png HTTP/1.1" 200 922
116.232.49.180 - - [29/Jun/2022:11:17:44 +0800] "GET /xingrg/javascript/jquery_easy_ui/themes/default/images/button_plain_hover.png HTTP/1.1" 200 252
116.232.49.180 - - [29/Jun/2022:11:17:45 +0800] "GET /xingrg/kc/print/load_config.html?_=1656472664200&kc_code=check HTTP/1.1" 200 2411
116.232.49.180 - - [29/Jun/2022:11:17:45 +0800] "GET /xingrg/kc/print/load_data.html?_=1656472664245&order_code=452022062900252&kc_code=check&condition= HTTP/1.1" 200 51651
180.169.147.146 - - [29/Jun/2022:11:17:45 +0800] "POST /xingrg/kc/base/yddb_list_operate.html HTTP/1.1" 200 201
114.88.162.248 - - [29/Jun/2022:11:17:45 +0800] "GET /xingrg/kc/base/wlsy_order_operate.html?command=get_materiel&rest_code=00111&base_code=0010305&code=00101010646 HTTP/1.1" 200 439
180.169.147.146 - - [29/Jun/2022:11:17:46 +0800] "POST /xingrg/kc/base/yddb_list_operate.html HTTP/1.1" 200 348
101.85.54.219 - - [29/Jun/2022:11:17:49 +0800] "GET /xingrg/all/function/internal_message.html?_=1656472664018&CODE_STATE=getMsg HTTP/1.1" 200 27
180.169.147.146 - - [29/Jun/2022:11:17:55 +0800] "GET /xingrg/kc/base/check_order_list.html HTTP/1.1" 200 16267
180.169.147.146 - - [29/Jun/2022:11:17:55 +0800] "POST /xingrg/kc/base/check_list_operate.html HTTP/1.1" 200 2250
101.85.95.26 - - [29/Jun/2022:11:17:55 +0800] "GET /xingrg/all/function/internal_message.html?_=1656472672478&CODE_STATE=getMsg HTTP/1.1" 200 27
101.83.144.189 - - [29/Jun/2022:11:18:01 +0800] "GET /xingrg/all/function/internal_message.html?_=1656472584320&CODE_STATE=getMsg HTTP/1.1" 200 27
180.169.147.146 - - [29/Jun/2022:11:18:01 +0800] "POST /xingrg/kc/base/check_list_operate.html HTTP/1.1" 200 4
101.83.144.189 - - [29/Jun/2022:11:18:01 +0800] "GET /xingrg/check_reg.html?_=1656472584323 HTTP/1.1" 200 22
180.169.147.146 - - [29/Jun/2022:11:18:02 +0800] "POST /xingrg/kc/base/check_list_operate.html HTTP/1.1" 200 781
58.35.210.91 - - [29/Jun/2022:11:18:02 +0800] "GET /xingrg/all/function/internal_message.html?_=1656472680598&CODE_STATE=getMsg HTTP/1.1" 200 27
114.84.82.172 - - [29/Jun/2022:11:18:02 +0800] "GET /xingrg/all/function/internal_message.html?_=1656472681127&CODE_STATE=getMsg HTTP/1.1" 200 27
180.169.147.146 - - [29/Jun/2022:11:18:03 +0800] "GET /xingrg/kc/base/check_order_add.html HTTP/1.1" 200 26360
180.169.147.146 - - [29/Jun/2022:11:18:03 +0800] "GET /xingrg/dwr/interface/AjaxCheckService.js HTTP/1.1" 200 14003
180.169.147.146 - - [29/Jun/2022:11:18:03 +0800] "GET /xingrg/dwr/interface/AjaxComOrderService.js HTTP/1.1" 200 18264
180.169.147.146 - - [29/Jun/2022:11:18:03 +0800] "GET /xingrg/dwr/engine.js HTTP/1.1" 200 43631
114.83.218.210 - - [29/Jun/2022:11:18:05 +0800] "GET /xingrg/all/function/internal_message.html?_=1656472682218&CODE_STATE=getMsg HTTP/1.1" 200 27
180.169.147.146 - - [29/Jun/2022:11:18:07 +0800] "POST /xingrg/dwr/call/plaincall/AjaxCheckService.saveOrder.dwr HTTP/1.1" 200 78
58.37.225.129 - - [29/Jun/2022:11:18:07 +0800] "GET /xingrg/all/function/internal_message.html?_=1656472670669&CODE_STATE=getMsg HTTP/1.1" 200 27
180.169.147.146 - - [29/Jun/2022:11:18:08 +0800] "POST /xingrg/dwr/call/plaincall/AjaxCheckService.loadOrderItems.dwr HTTP/1.1" 200 367
116.235.94.65 - - [29/Jun/2022:11:18:08 +0800] "GET /xingrg/all/function/internal_message.html?_=1656472868590&CODE_STATE=getMsg HTTP/1.1" 200 27
180.169.147.146 - - [29/Jun/2022:11:18:08 +0800] "GET /xingrg/all/function/internal_message.html?_=1656472685824&CODE_STATE=getMsg HTTP/1.1" 200 27
58.37.6.216 - - [29/Jun/2022:11:18:08 +0800] "POST /xingrg/kc/buy/cgsh_order_operate.html HTTP/1.1" 200 37
58.37.6.216 - - [29/Jun/2022:11:18:10 +0800] "POST /xingrg/kc/buy/cgsh_order_operate.html HTTP/1.1" 200 5641
180.169.147.146 - - [29/Jun/2022:11:18:12 +0800] "POST /xingrg/dwr/call/plaincall/AjaxCheckService.importOrderItems.dwr HTTP/1.1" 200 78
180.169.147.146 - - [29/Jun/2022:11:18:13 +0800] "POST /xingrg/dwr/call/plaincall/AjaxCheckService.loadOrderItems.dwr HTTP/1.1" 200 49496
180.162.115.11 - - [29/Jun/2022:11:18:14 +0800] "GET /xingrg/all/function/internal_message.html?_=1656471923061&CODE_STATE=getMsg HTTP/1.1" 200 27
218.81.223.53 - - [29/Jun/2022:11:18:14 +0800] "GET /xingrg/kc/buy/cgsh_order_operate.html?command=get_materiel&rest_code=00146&code=00101008185&supplier_code=00100005&order_time=2022-06-29 HTTP/1.1" 200 427
58.35.210.91 - - [29/Jun/2022:11:18:15 +0800] "GET /xingrg/all/function/internal_message.html?_=1656472693529&CODE_STATE=getMsg HTTP/1.1" 200 27
180.169.147.146 - - [29/Jun/2022:11:18:15 +0800] "GET /xingrg/all/function/internal_message.html?_=1656472693838&CODE_STATE=getMsg HTTP/1.1" 302 -
116.238.208.126 - - [29/Jun/2022:11:18:19 +0800] "GET /xingrg/all/function/internal_message.html?_=1656472767262&CODE_STATE=getMsg HTTP/1.1" 200 27
101.83.223.227 - - [29/Jun/2022:11:18:19 +0800] "GET /xingrg/all/function/internal_message.html?_=1656472646835&CODE_STATE=getMsg HTTP/1.1" 200 27
218.81.223.53 - - [29/Jun/2022:11:18:19 +0800] "POST /xingrg/kc/buy/cgsh_order_operate.html HTTP/1.1" 200 2065
114.88.162.248 - - [29/Jun/2022:11:18:23 +0800] "POST /xingrg/kc/base/wlsy_order_operate.html HTTP/1.1" 200 37
114.88.162.248 - - [29/Jun/2022:11:18:23 +0800] "POST /xingrg/kc/base/wlsy_order_operate.html HTTP/1.1" 200 4386
114.88.162.248 - - [29/Jun/2022:11:18:25 +0800] "POST /xingrg/kc/base/wlsy_list_operate.html?syType=0 HTTP/1.1" 200 2396
114.88.162.248 - - [29/Jun/2022:11:18:25 +0800] "GET /xingrg/kc/base/wlsy_order_add.html?syType=0 HTTP/1.1" 200 28561
114.88.162.248 - - [29/Jun/2022:11:18:26 +0800] "POST /xingrg/kc/base/wlsy_order_operate.html HTTP/1.1" 200 6806
101.83.144.189 - - [29/Jun/2022:11:18:26 +0800] "GET /xingrg/all/function/internal_message.html?_=1656472706108&CODE_STATE=getMsg HTTP/1.1" 200 27
114.88.162.248 - - [29/Jun/2022:11:18:26 +0800] "GET /xingrg/javascript/easyui/themes/default/validatebox.css HTTP/1.1" 404 1104
114.84.82.172 - - [29/Jun/2022:11:18:27 +0800] "GET /xingrg/check_reg.html?_=1656472705438 HTTP/1.1" 200 22
114.84.82.172 - - [29/Jun/2022:11:18:27 +0800] "GET /xingrg/all/function/internal_message.html?_=1656472705439&CODE_STATE=getMsg HTTP/1.1" 200 27
120.253.135.82 - - [29/Jun/2022:11:18:27 +0800] "GET /xingrg/all/function/internal_message.html?_=1656472837537&CODE_STATE=getMsg HTTP/1.1" 200 27
218.81.223.53 - - [29/Jun/2022:11:18:29 +0800] "GET /xingrg/kc/buy/cgsh_order_operate.html?command=get_materiel&rest_code=00146&code=00101008361&supplier_code=00100005&order_time=2022-06-29 HTTP/1.1" 200 426
58.35.210.91 - - [29/Jun/2022:11:18:29 +0800] "POST /xingrg/kc/base/check_list_operate.html HTTP/1.1" 200 4781
222.69.144.95 - - [29/Jun/2022:11:18:30 +0800] "GET /xingrg/all/function/internal_message.html?_=1656472750076&CODE_STATE=getMsg HTTP/1.1" 200 27
180.169.147.146 - - [29/Jun/2022:11:18:31 +0800] "GET /xingrg/check_reg.html?_=1656472709527 HTTP/1.1" 302 -
180.169.147.146 - - [29/Jun/2022:11:18:31 +0800] "GET /xingrg/all/function/internal_message.html?_=1656472709530&CODE_STATE=getMsg HTTP/1.1" 302 -
58.37.6.216 - - [29/Jun/2022:11:18:32 +0800] "GET /xingrg/check_reg.html?_=1656472711142 HTTP/1.1" 200 22
58.37.6.216 - - [29/Jun/2022:11:18:33 +0800] "GET /xingrg/all/function/internal_message.html?_=1656472711721&CODE_STATE=getMsg HTTP/1.1" 200 27
116.232.49.180 - - [29/Jun/2022:11:18:35 +0800] "GET /xingrg/all/function/internal_message.html?_=1656472719140&CODE_STATE=getMsg HTTP/1.1" 200 27
114.88.162.248 - - [29/Jun/2022:11:18:36 +0800] "GET /xingrg/all/function/internal_message.html?_=1656472713901&CODE_STATE=getMsg HTTP/1.1" 200 27
58.37.6.216 - - [29/Jun/2022:11:18:37 +0800] "GET /xingrg/kc/buy/cgsh_order_add.html HTTP/1.1" 200 67956
58.37.6.216 - - [29/Jun/2022:11:18:38 +0800] "POST /xingrg/kc/buy/cgsh_order_operate.html HTTP/1.1" 200 8245
58.37.6.216 - - [29/Jun/2022:11:18:38 +0800] "GET /xingrg/javascript/easyui/themes/default/validatebox.css HTTP/1.1" 404 1104
58.35.196.166 - - [29/Jun/2022:11:18:40 +0800] "GET /xingrg/all/function/internal_message.html?_=1656472717503&CODE_STATE=getMsg HTTP/1.1" 200 27
218.81.223.53 - - [29/Jun/2022:11:18:41 +0800] "GET /xingrg/check_reg.html?_=1656472729409 HTTP/1.1" 200 22
218.81.223.53 - - [29/Jun/2022:11:18:41 +0800] "GET /xingrg/all/function/internal_message.html?_=1656472729591&CODE_STATE=getMsg HTTP/1.1" 200 27
114.84.82.172 - - [29/Jun/2022:11:18:41 +0800] "GET /xingrg/all/function/internal_message.html?_=1656472720054&CODE_STATE=getMsg HTTP/1.1" 200 27
116.230.110.173 - - [29/Jun/2022:11:18:44 +0800] "GET /xingrg/all/function/internal_message.html?_=1656472722463&CODE_STATE=getMsg HTTP/1.1" 200 27
101.85.54.219 - - [29/Jun/2022:11:18:49 +0800] "GET /xingrg/all/function/internal_message.html?_=1656472724023&CODE_STATE=getMsg HTTP/1.1" 200 27
114.88.162.248 - - [29/Jun/2022:11:18:49 +0800] "GET /xingrg/kc/base/wlsy_order_operate.html?command=get_materiel&rest_code=00111&base_code=0010305&code=00101007077 HTTP/1.1" 200 434
101.85.95.26 - - [29/Jun/2022:11:18:55 +0800] "GET /xingrg/all/function/internal_message.html?_=1656472732478&CODE_STATE=getMsg HTTP/1.1" 200 27
114.88.162.248 - - [29/Jun/2022:11:18:57 +0800] "GET /xingrg/kc/base/wlsy_order_operate.html?command=get_materiel&rest_code=00111&base_code=0010305&code=00101016105 HTTP/1.1" 200 427
222.70.180.114 - - [29/Jun/2022:11:18:58 +0800] "POST /xingrg/services/DataTransmitService HTTP/1.1" 200 524
222.70.180.114 - - [29/Jun/2022:11:18:58 +0800] "POST /xingrg/services/DataTransmitService HTTP/1.1" 200 2583
101.83.144.189 - - [29/Jun/2022:11:19:01 +0800] "GET /xingrg/all/function/internal_message.html?_=1656472644329&CODE_STATE=getMsg HTTP/1.1" 200 27
58.35.210.91 - - [29/Jun/2022:11:19:02 +0800] "GET /xingrg/all/function/internal_message.html?_=1656472740591&CODE_STATE=getMsg HTTP/1.1" 200 27
114.84.82.172 - - [29/Jun/2022:11:19:02 +0800] "GET /xingrg/all/function/internal_message.html?_=1656472741126&CODE_STATE=getMsg HTTP/1.1" 200 27
101.83.223.227 - - [29/Jun/2022:11:19:02 +0800] "GET /xingrg/check_reg.html?_=1656472740530 HTTP/1.1" 302 -
114.83.218.210 - - [29/Jun/2022:11:19:05 +0800] "GET /xingrg/all/function/internal_message.html?_=1656472742199&CODE_STATE=getMsg HTTP/1.1" 200 27
58.37.225.129 - - [29/Jun/2022:11:19:07 +0800] "GET /xingrg/all/function/internal_message.html?_=1656472730688&CODE_STATE=getMsg HTTP/1.1" 200 27
116.235.94.65 - - [29/Jun/2022:11:19:08 +0800] "GET /xingrg/all/function/internal_message.html?_=1656472928560&CODE_STATE=getMsg HTTP/1.1" 200 27
180.169.147.146 - - [29/Jun/2022:11:19:08 +0800] "GET /xingrg/all/function/internal_message.html?_=1656472745800&CODE_STATE=getMsg HTTP/1.1" 200 27
218.81.223.53 - - [29/Jun/2022:11:19:10 +0800] "GET /xingrg/kc/buy/cgsh_order_operate.html?command=get_materiel&rest_code=00146&code=00101008355&supplier_code=00100005&order_time=2022-06-29 HTTP/1.1" 200 427
180.162.115.11 - - [29/Jun/2022:11:19:14 +0800] "GET /xingrg/check_reg.html?_=1656471982851 HTTP/1.1" 200 22
180.162.115.11 - - [29/Jun/2022:11:19:14 +0800] "GET /xingrg/all/function/internal_message.html?_=1656471983039&CODE_STATE=getMsg HTTP/1.1" 200 27
58.35.210.91 - - [29/Jun/2022:11:19:15 +0800] "GET /xingrg/all/function/internal_message.html?_=1656472753531&CODE_STATE=getMsg HTTP/1.1" 200 27
180.169.147.146 - - [29/Jun/2022:11:19:15 +0800] "GET /xingrg/check_reg.html?_=1656472753828 HTTP/1.1" 302 -
180.169.147.146 - - [29/Jun/2022:11:19:15 +0800] "GET /xingrg/all/function/internal_message.html?_=1656472753833&CODE_STATE=getMsg HTTP/1.1" 302 -
120.253.135.82 - - [29/Jun/2022:11:19:17 +0800] "GET /xingrg/kc/pszx/mdqp_order_list.html?state=10 HTTP/1.1" 200 10217
120.253.135.82 - - [29/Jun/2022:11:19:17 +0800] "GET /xingrg/dwr/interface/AjaxReportQueryService.js HTTP/1.1" 200 13203
120.253.135.82 - - [29/Jun/2022:11:19:17 +0800] "GET /xingrg/dwr/interface/AjaxQqpsService.js HTTP/1.1" 200 16326
120.253.135.82 - - [29/Jun/2022:11:19:17 +0800] "GET /xingrg/dwr/engine.js HTTP/1.1" 200 43631
101.83.223.227 - - [29/Jun/2022:11:19:18 +0800] "GET /xingrg/check_reg.html?_=1656472706495 HTTP/1.1" 200 22
