114.84.82.172 - - [29/Jun/2022:11:03:20 +0800] "POST /xingrg/all/report/load_report_page.html HTTP/1.1" 200 89
180.169.147.146 - - [29/Jun/2022:11:03:20 +0800] "GET /xingrg/kc/buy/cgsh_order_operate.html?command=get_materiel&rest_code=00147&code=00101022019&supplier_code=00100242&order_time=2022-06-29 HTTP/1.1" 200 444
120.253.135.82 - - [29/Jun/2022:11:03:22 +0800] "POST /xingrg/kc/pszx/mdps_order_operate.html HTTP/1.1" 200 37
120.253.135.82 - - [29/Jun/2022:11:03:24 +0800] "POST /xingrg/kc/pszx/mdps_order_operate.html HTTP/1.1" 200 12
114.84.82.172 - - [29/Jun/2022:11:03:24 +0800] "GET /xingrg/login.html HTTP/1.1" 200 7641
114.84.82.172 - - [29/Jun/2022:11:03:25 +0800] "GET /favicon.ico HTTP/1.1" 404 -
120.253.135.82 - - [29/Jun/2022:11:03:25 +0800] "GET /xingrg/kc/pszx/mdps_order_info.html?code=312022062900441 HTTP/1.1" 200 19638
120.253.135.82 - - [29/Jun/2022:11:03:26 +0800] "POST /xingrg/kc/pszx/mdps_order_operate.html HTTP/1.1" 200 5952
120.253.135.82 - - [29/Jun/2022:11:03:26 +0800] "GET /xingrg/javascript/easyui/themes/default/validatebox.css HTTP/1.1" 404 1104
101.83.144.189 - - [29/Jun/2022:11:03:26 +0800] "GET /xingrg/all/function/internal_message.html?_=1656471806115&CODE_STATE=getMsg HTTP/1.1" 200 27
120.253.135.82 - - [29/Jun/2022:11:03:26 +0800] "GET /xingrg/all/function/internal_message.html?_=1656471936771&CODE_STATE=getMsg HTTP/1.1" 200 27
114.84.82.172 - - [29/Jun/2022:11:03:26 +0800] "POST /xingrg/login.do HTTP/1.1" 302 -
114.84.82.172 - - [29/Jun/2022:11:03:27 +0800] "GET /xingrg/index.html?sysBaseUrl=http%3A%2F%2F180.169.147.146%3A18081%2Fxingrg%2F&costTime=240×tamp=1656471806990 HTTP/1.1" 200 17419
114.84.82.172 - - [29/Jun/2022:11:03:27 +0800] "GET /favicon.ico HTTP/1.1" 404 -
114.84.82.172 - - [29/Jun/2022:11:03:27 +0800] "POST /xingrg/all/common/load_tree.html?tree=area_rest_tree_json&manage=1 HTTP/1.1" 200 3472
114.84.82.172 - - [29/Jun/2022:11:03:27 +0800] "GET /xingrg/check_reg.html?_=1656471805402 HTTP/1.1" 200 22
114.84.82.172 - - [29/Jun/2022:11:03:27 +0800] "GET /xingrg/all/function/internal_message.html?_=1656471805402&CODE_STATE=count HTTP/1.1" 200 11
114.84.82.172 - - [29/Jun/2022:11:03:27 +0800] "POST /xingrg/load_menu.html HTTP/1.1" 200 9959
120.253.135.82 - - [29/Jun/2022:11:03:27 +0800] "POST /xingrg/kc/pszx/mdps_list_operate.html HTTP/1.1" 200 5174
180.169.147.146 - - [29/Jun/2022:11:03:29 +0800] "POST /xingrg/kc/buy/cgsh_order_operate.html HTTP/1.1" 200 37
218.81.223.53 - - [29/Jun/2022:11:03:29 +0800] "GET /xingrg/javascript/jquery_easy_ui/themes/default/images/tabs_active.png HTTP/1.1" 304 -
222.69.144.95 - - [29/Jun/2022:11:03:30 +0800] "GET /xingrg/all/function/internal_message.html?_=1656471850084&CODE_STATE=getMsg HTTP/1.1" 200 27
114.84.82.172 - - [29/Jun/2022:11:03:31 +0800] "POST /xingrg/load_menu.html HTTP/1.1" 200 9242
180.169.147.146 - - [29/Jun/2022:11:03:31 +0800] "POST /xingrg/kc/buy/cgsh_order_operate.html HTTP/1.1" 200 4432
180.169.147.146 - - [29/Jun/2022:11:03:32 +0800] "GET /xingrg/kc/print/load_data.html?order_code=212022062904073&kc_code=cgsh&condition= HTTP/1.1" 200 1335
120.253.135.82 - - [29/Jun/2022:11:03:32 +0800] "POST /xingrg/kc/pszx/mdps_list_operate.html HTTP/1.1" 200 202
120.253.135.82 - - [29/Jun/2022:11:03:32 +0800] "GET /xingrg/kc/pszx/mdps_order_info.html?code=312022062900442 HTTP/1.1" 200 23978
58.37.6.216 - - [29/Jun/2022:11:03:32 +0800] "GET /xingrg/all/function/internal_message.html?_=1656471811094&CODE_STATE=getMsg HTTP/1.1" 200 27
58.37.6.216 - - [29/Jun/2022:11:03:32 +0800] "GET /xingrg/check_reg.html?_=1656471811121 HTTP/1.1" 200 22
120.253.135.82 - - [29/Jun/2022:11:03:32 +0800] "POST /xingrg/kc/pszx/mdps_order_operate.html HTTP/1.1" 200 2285
120.253.135.82 - - [29/Jun/2022:11:03:32 +0800] "GET /xingrg/javascript/easyui/themes/default/validatebox.css HTTP/1.1" 404 1104
116.232.49.180 - - [29/Jun/2022:11:03:35 +0800] "GET /xingrg/all/function/internal_message.html?_=1656471819136&CODE_STATE=getMsg HTTP/1.1" 200 27
114.88.162.248 - - [29/Jun/2022:11:03:36 +0800] "GET /xingrg/all/function/internal_message.html?_=1656471813521&CODE_STATE=getMsg HTTP/1.1" 200 27
114.84.82.172 - - [29/Jun/2022:11:03:37 +0800] "GET /xingrg/all/report/report_query.html?fileName=dma/new_5.0/menu/menu_hz_all.xml HTTP/1.1" 200 51795
114.84.82.172 - - [29/Jun/2022:11:03:37 +0800] "GET /xingrg/dwr/interface/AjaxReportQueryService.js HTTP/1.1" 200 13203
114.84.82.172 - - [29/Jun/2022:11:03:37 +0800] "GET /xingrg/dwr/engine.js HTTP/1.1" 200 43631
114.84.82.172 - - [29/Jun/2022:11:03:37 +0800] "POST /xingrg/dwr/call/plaincall/AjaxReportQueryService.getFixDate.dwr HTTP/1.1" 200 111
114.84.82.172 - - [29/Jun/2022:11:03:37 +0800] "POST /xingrg/all/common/load_tree.html?tree=area_station_tree_json&manage=1 HTTP/1.1" 200 3364
218.81.223.53 - - [29/Jun/2022:11:03:38 +0800] "GET /favicon.ico HTTP/1.1" 404 -
218.81.223.53 - - [29/Jun/2022:11:03:39 +0800] "GET /xingrg/login.html HTTP/1.1" 200 7641
218.81.223.53 - - [29/Jun/2022:11:03:39 +0800] "GET /xingrg/images/blue/jxLogo.png HTTP/1.1" 304 -
218.81.223.53 - - [29/Jun/2022:11:03:39 +0800] "GET /xingrg/images/blue/login_bg.png HTTP/1.1" 304 -
218.81.223.53 - - [29/Jun/2022:11:03:39 +0800] "GET /xingrg/images/blue/hj.png HTTP/1.1" 304 -
218.81.223.53 - - [29/Jun/2022:11:03:39 +0800] "GET /xingrg/images/blue/srbg.png HTTP/1.1" 304 -
218.81.223.53 - - [29/Jun/2022:11:03:39 +0800] "GET /favicon.ico HTTP/1.1" 404 -
58.35.196.166 - - [29/Jun/2022:11:03:40 +0800] "GET /xingrg/all/function/internal_message.html?_=1656471817509&CODE_STATE=getMsg HTTP/1.1" 200 27
218.81.223.53 - - [29/Jun/2022:11:03:40 +0800] "POST /xingrg/login.do HTTP/1.1" 302 -
218.81.223.53 - - [29/Jun/2022:11:03:40 +0800] "GET /xingrg/javascript/jquery_easy_ui/themes/icon.css HTTP/1.1" 304 -
218.81.223.53 - - [29/Jun/2022:11:03:40 +0800] "GET /xingrg/javascript/jquery_easy_ui/themes/default/easyui.css HTTP/1.1" 304 -
218.81.223.53 - - [29/Jun/2022:11:03:40 +0800] "GET /xingrg/index.html?sysBaseUrl=http%3A%2F%2F180.169.147.146%3A18081%2Fxingrg%2F&costTime=41×tamp=1656471820704 HTTP/1.1" 200 17179
218.81.223.53 - - [29/Jun/2022:11:03:40 +0800] "GET /favicon.ico HTTP/1.1" 404 -
218.81.223.53 - - [29/Jun/2022:11:03:40 +0800] "GET /xingrg/css/form.css HTTP/1.1" 304 -
218.81.223.53 - - [29/Jun/2022:11:03:40 +0800] "GET /xingrg/javascript/jquery-1.4.2.min.js HTTP/1.1" 304 -
218.81.223.53 - - [29/Jun/2022:11:03:40 +0800] "GET /xingrg/javascript/jquery_easy_ui/jquery.easyui.min.js HTTP/1.1" 304 -
218.81.223.53 - - [29/Jun/2022:11:03:40 +0800] "GET /xingrg/javascript/jquery.utils.js HTTP/1.1" 304 -
218.81.223.53 - - [29/Jun/2022:11:03:40 +0800] "GET /xingrg/javascript/jquery_easy_ui/easyui-lang-zh_CN.js HTTP/1.1" 304 -
218.81.223.53 - - [29/Jun/2022:11:03:40 +0800] "GET /xingrg/javascript/jquery.timers.js HTTP/1.1" 304 -
218.81.223.53 - - [29/Jun/2022:11:03:40 +0800] "GET /xingrg/javascript/jquery.form.js HTTP/1.1" 304 -
218.81.223.53 - - [29/Jun/2022:11:03:40 +0800] "GET /xingrg/images/blue/navBackgound.jpg HTTP/1.1" 304 -
218.81.223.53 - - [29/Jun/2022:11:03:40 +0800] "GET /xingrg/javascript/jquery_easy_ui/themes/icons/settle_new.png HTTP/1.1" 304 -
218.81.223.53 - - [29/Jun/2022:11:03:40 +0800] "POST /xingrg/all/common/load_tree.html?tree=area_rest_tree_json&manage=1 HTTP/1.1" 200 479
218.81.223.53 - - [29/Jun/2022:11:03:40 +0800] "GET /xingrg/images/blue/pingpu.png HTTP/1.1" 304 -
218.81.223.53 - - [29/Jun/2022:11:03:40 +0800] "GET /xingrg/javascript/jquery_easy_ui/themes/default/images/tabs_leftarrow.png HTTP/1.1" 304 -
218.81.223.53 - - [29/Jun/2022:11:03:40 +0800] "GET /xingrg/javascript/jquery_easy_ui/themes/default/images/tabs_rightarrow.png HTTP/1.1" 304 -
218.81.223.53 - - [29/Jun/2022:11:03:41 +0800] "GET /xingrg/javascript/jquery_easy_ui/themes/default/images/panel_tool_collapse.gif HTTP/1.1" 304 -
218.81.223.53 - - [29/Jun/2022:11:03:41 +0800] "GET /xingrg/all/function/internal_message.html?_=1656471829395&CODE_STATE=count HTTP/1.1" 200 11
218.81.223.53 - - [29/Jun/2022:11:03:41 +0800] "GET /xingrg/check_reg.html?_=1656471829396 HTTP/1.1" 200 22
218.81.223.53 - - [29/Jun/2022:11:03:41 +0800] "GET /xingrg/javascript/jquery_easy_ui/themes/default/images/tree_arrows.gif HTTP/1.1" 304 -
218.81.223.53 - - [29/Jun/2022:11:03:41 +0800] "POST /xingrg/load_menu.html HTTP/1.1" 200 5138
218.81.223.53 - - [29/Jun/2022:11:03:41 +0800] "GET /xingrg/javascript/jquery_easy_ui/themes/default/images/tree_folder_open.gif HTTP/1.1" 304 -
218.81.223.53 - - [29/Jun/2022:11:03:41 +0800] "GET /xingrg/javascript/jquery_easy_ui/themes/icons/search_new.png HTTP/1.1" 304 -
218.81.223.53 - - [29/Jun/2022:11:03:41 +0800] "GET /xingrg/javascript/jquery_easy_ui/themes/default/images/tree_folder.gif HTTP/1.1" 304 -
218.81.223.53 - - [29/Jun/2022:11:03:41 +0800] "GET /xingrg/javascript/jquery_easy_ui/themes/icons/storage_new.png HTTP/1.1" 304 -
218.81.223.53 - - [29/Jun/2022:11:03:41 +0800] "GET /xingrg/javascript/jquery_easy_ui/themes/icons/forms_new.png HTTP/1.1" 304 -
218.81.223.53 - - [29/Jun/2022:11:03:41 +0800] "GET /xingrg/javascript/jquery_easy_ui/themes/default/images/tree_file.gif HTTP/1.1" 304 -
114.84.82.172 - - [29/Jun/2022:11:03:41 +0800] "GET /xingrg/all/function/internal_message.html?_=1656471819997&CODE_STATE=getMsg HTTP/1.1" 200 27
114.83.218.210 - - [29/Jun/2022:11:03:42 +0800] "GET /xingrg/kc/buy/cgsh_order_add.html HTTP/1.1" 200 68009
114.83.218.210 - - [29/Jun/2022:11:03:42 +0800] "POST /xingrg/kc/buy/cgsh_order_operate.html HTTP/1.1" 200 8245
114.83.218.210 - - [29/Jun/2022:11:03:42 +0800] "GET /xingrg/javascript/easyui/themes/default/validatebox.css HTTP/1.1" 404 1104
116.230.110.173 - - [29/Jun/2022:11:03:43 +0800] "GET /xingrg/all/function/internal_message.html?_=1656471822459&CODE_STATE=getMsg HTTP/1.1" 200 27
218.81.223.53 - - [29/Jun/2022:11:03:44 +0800] "GET /xingrg/javascript/jquery_easy_ui/themes/default/images/tabs_close.gif HTTP/1.1" 304 -
218.81.223.53 - - [29/Jun/2022:11:03:44 +0800] "GET /xingrg/css/base.css HTTP/1.1" 304 -
218.81.223.53 - - [29/Jun/2022:11:03:44 +0800] "GET /xingrg/javascript/jquery_tools/datebox.css HTTP/1.1" 304 -
218.81.223.53 - - [29/Jun/2022:11:03:44 +0800] "GET /xingrg/css/site.css HTTP/1.1" 304 -
218.81.223.53 - - [29/Jun/2022:11:03:44 +0800] "GET /xingrg/javascript/easyui/themes/default/easyui.css HTTP/1.1" 304 -
218.81.223.53 - - [29/Jun/2022:11:03:44 +0800] "GET /xingrg/javascript/auto/jquery.autocomplete.css HTTP/1.1" 304 -
218.81.223.53 - - [29/Jun/2022:11:03:44 +0800] "GET /xingrg/javascript/easyui/themes/icon.css HTTP/1.1" 304 -
218.81.223.53 - - [29/Jun/2022:11:03:44 +0800] "GET /xingrg/javascript/jquery_tools/fix.css HTTP/1.1" 304 -
218.81.223.53 - - [29/Jun/2022:11:03:44 +0800] "GET /xingrg/javascript/jquery_tools/jquery.tools.min.js HTTP/1.1" 304 -
218.81.223.53 - - [29/Jun/2022:11:03:44 +0800] "GET /xingrg/javascript/jquery_tools/table.css HTTP/1.1" 304 -
218.81.223.53 - - [29/Jun/2022:11:03:44 +0800] "GET /xingrg/javascript/jquery_tools/jquery.tools.extend.js HTTP/1.1" 304 -
218.81.223.53 - - [29/Jun/2022:11:03:44 +0800] "GET /xingrg/javascript/jquery_tools/jquery.tools.hotkey.js HTTP/1.1" 304 -
218.81.223.53 - - [29/Jun/2022:11:03:44 +0800] "GET /xingrg/javascript/jquery_tools/jquery.tools.table.js HTTP/1.1" 304 -
218.81.223.53 - - [29/Jun/2022:11:03:44 +0800] "GET /xingrg/javascript/jquery_tools/list_manager.js HTTP/1.1" 304 -
218.81.223.53 - - [29/Jun/2022:11:03:44 +0800] "GET /xingrg/javascript/auto/jquery.autocomplete.js HTTP/1.1" 304 -
218.81.223.53 - - [29/Jun/2022:11:03:44 +0800] "GET /xingrg/javascript/easyui/easyloader.js HTTP/1.1" 304 -
218.81.223.53 - - [29/Jun/2022:11:03:44 +0800] "GET /xingrg/javascript/print/LodopFuncs.js HTTP/1.1" 304 -
218.81.223.53 - - [29/Jun/2022:11:03:44 +0800] "GET /xingrg/javascript/jquery.cookie.js HTTP/1.1" 304 -
218.81.223.53 - - [29/Jun/2022:11:03:44 +0800] "GET /xingrg/kc/buy/cgsh_order_list.html HTTP/1.1" 200 52145
218.81.223.53 - - [29/Jun/2022:11:03:44 +0800] "GET /xingrg/javascript/easyui/plugins/jquery.parser.js HTTP/1.1" 304 -
218.81.223.53 - - [29/Jun/2022:11:03:45 +0800] "POST /xingrg/kc/buy/cgsh_list_operate.html HTTP/1.1" 200 693
218.81.223.53 - - [29/Jun/2022:11:03:45 +0800] "GET /xingrg/javascript/easyui/themes/default/images/button_plain_hover.png HTTP/1.1" 304 -
218.81.223.53 - - [29/Jun/2022:11:03:46 +0800] "GET /xingrg/javascript/pic_change.js HTTP/1.1" 304 -
218.81.223.53 - - [29/Jun/2022:11:03:46 +0800] "GET /xingrg/javascript/jquery_tools/order_manager.js HTTP/1.1" 304 -
218.81.223.53 - - [29/Jun/2022:11:03:46 +0800] "GET /xingrg/javascript/convert.js HTTP/1.1" 304 -
218.81.223.53 - - [29/Jun/2022:11:03:46 +0800] "GET /xingrg/javascript/json2.js HTTP/1.1" 304 -
218.81.223.53 - - [29/Jun/2022:11:03:46 +0800] "GET /xingrg/javascript/print/kc_print.js HTTP/1.1" 304 -
218.81.223.53 - - [29/Jun/2022:11:03:46 +0800] "GET /xingrg/kc/buy/cgsh_order_add.html HTTP/1.1" 200 67883
218.81.223.53 - - [29/Jun/2022:11:03:46 +0800] "GET /xingrg/words/20220628134614_words.js HTTP/1.1" 304 -
218.81.223.53 - - [29/Jun/2022:11:03:46 +0800] "GET /xingrg/javascript/easyui/themes/icons/copy_new.png HTTP/1.1" 304 -
218.81.223.53 - - [29/Jun/2022:11:03:46 +0800] "GET /xingrg/javascript/easyui/themes/icons/template_new.png HTTP/1.1" 304 -
218.81.223.53 - - [29/Jun/2022:11:03:46 +0800] "GET /xingrg/javascript/easyui/themes/icons/ok.png HTTP/1.1" 304 -
218.81.223.53 - - [29/Jun/2022:11:03:46 +0800] "GET /xingrg/javascript/easyui/themes/icons/print.png HTTP/1.1" 304 -
218.81.223.53 - - [29/Jun/2022:11:03:46 +0800] "GET /xingrg/javascript/easyui/themes/default/images/menu_downarrow.png HTTP/1.1" 304 -
218.81.223.53 - - [29/Jun/2022:11:03:46 +0800] "GET /xingrg/javascript/easyui/themes/icons/cancel.png HTTP/1.1" 304 -
218.81.223.53 - - [29/Jun/2022:11:03:46 +0800] "POST /xingrg/kc/buy/cgsh_order_operate.html HTTP/1.1" 200 8245
218.81.223.53 - - [29/Jun/2022:11:03:46 +0800] "GET /xingrg/all/common/auto_word.html?type=employee&rest_code=00146 HTTP/1.1" 200 101
218.81.223.53 - - [29/Jun/2022:11:03:46 +0800] "GET /xingrg/all/common/auto_word.html?type=employee&rest_code=00146 HTTP/1.1" 200 101
218.81.223.53 - - [29/Jun/2022:11:03:46 +0800] "GET /xingrg/javascript/easyui/themes/icons/edit_remove.png HTTP/1.1" 304 -
218.81.223.53 - - [29/Jun/2022:11:03:46 +0800] "GET /xingrg/javascript/easyui/themes/default/validatebox.css HTTP/1.1" 404 1104
218.81.223.53 - - [29/Jun/2022:11:03:46 +0800] "GET /xingrg/javascript/easyui/plugins/jquery.validatebox.js HTTP/1.1" 304 -
218.81.223.53 - - [29/Jun/2022:11:03:46 +0800] "GET /xingrg/javascript/easyui/plugins/jquery.numberbox.js HTTP/1.1" 304 -
120.253.135.82 - - [29/Jun/2022:11:03:47 +0800] "POST /xingrg/kc/pszx/mdps_order_operate.html HTTP/1.1" 200 37
120.253.135.82 - - [29/Jun/2022:11:03:48 +0800] "POST /xingrg/kc/pszx/mdps_order_operate.html HTTP/1.1" 200 12
58.35.210.91 - - [29/Jun/2022:11:03:48 +0800] "GET /favicon.ico HTTP/1.1" 404 -
180.169.147.146 - - [29/Jun/2022:11:03:49 +0800] "GET /xingrg/kc/buy/cgsh_order_add.html HTTP/1.1" 200 67924
180.169.147.146 - - [29/Jun/2022:11:03:50 +0800] "POST /xingrg/kc/buy/cgsh_order_operate.html HTTP/1.1" 200 8245
218.81.223.53 - - [29/Jun/2022:11:03:50 +0800] "GET /xingrg/javascript/auto/indicator.gif HTTP/1.1" 404 1066
180.169.147.146 - - [29/Jun/2022:11:03:50 +0800] "GET /xingrg/javascript/easyui/themes/default/validatebox.css HTTP/1.1" 404 1104
120.253.135.82 - - [29/Jun/2022:11:03:50 +0800] "GET /xingrg/kc/pszx/mdps_order_info.html?code=312022062900442 HTTP/1.1" 200 19636
120.253.135.82 - - [29/Jun/2022:11:03:50 +0800] "POST /xingrg/kc/pszx/mdps_order_operate.html HTTP/1.1" 200 506
120.253.135.82 - - [29/Jun/2022:11:03:50 +0800] "GET /xingrg/javascript/easyui/themes/default/validatebox.css HTTP/1.1" 404 1104
120.253.135.82 - - [29/Jun/2022:11:03:52 +0800] "POST /xingrg/kc/pszx/mdps_list_operate.html HTTP/1.1" 200 5163
120.253.135.82 - - [29/Jun/2022:11:03:54 +0800] "POST /xingrg/kc/pszx/mdps_list_operate.html HTTP/1.1" 200 609
120.253.135.82 - - [29/Jun/2022:11:03:54 +0800] "GET /xingrg/kc/pszx/mdps_order_info.html?code=312022062900443 HTTP/1.1" 200 23976
120.253.135.82 - - [29/Jun/2022:11:03:55 +0800] "POST /xingrg/kc/pszx/mdps_order_operate.html HTTP/1.1" 200 6740
120.253.135.82 - - [29/Jun/2022:11:03:55 +0800] "GET /xingrg/javascript/easyui/themes/default/validatebox.css HTTP/1.1" 404 1104
101.85.95.26 - - [29/Jun/2022:11:03:55 +0800] "GET /xingrg/all/function/internal_message.html?_=1656471832458&CODE_STATE=getMsg HTTP/1.1" 200 27
120.253.135.82 - - [29/Jun/2022:11:03:58 +0800] "POST /xingrg/kc/pszx/mdps_list_operate.html HTTP/1.1" 200 5163
218.81.223.53 - - [29/Jun/2022:11:03:58 +0800] "GET /xingrg/javascript/jquery_tools/images/prev.gif HTTP/1.1" 404 1086
218.81.223.53 - - [29/Jun/2022:11:03:58 +0800] "GET /xingrg/javascript/jquery_tools/images/next.gif HTTP/1.1" 404 1086
114.84.82.172 - - [29/Jun/2022:11:03:59 +0800] "POST /xingrg/dwr/call/plaincall/AjaxReportQueryService.refreshCache.dwr HTTP/1.1" 200 78
114.84.82.172 - - [29/Jun/2022:11:03:59 +0800] "POST /xingrg/all/report/load_report_page.html HTTP/1.1" 200 89
101.83.144.189 - - [29/Jun/2022:11:04:01 +0800] "GET /xingrg/all/function/internal_message.html?_=1656471744293&CODE_STATE=getMsg HTTP/1.1" 200 27
58.35.210.91 - - [29/Jun/2022:11:04:02 +0800] "GET /xingrg/all/function/internal_message.html?_=1656471840599&CODE_STATE=getMsg HTTP/1.1" 200 27
180.169.147.146 - - [29/Jun/2022:11:04:02 +0800] "GET /xingrg/kc/buy/cgsh_order_operate.html?command=get_materiel&rest_code=00147&code=00101008286&supplier_code=00100006&order_time=2022-06-29 HTTP/1.1" 200 428
101.83.223.227 - - [29/Jun/2022:11:04:02 +0800] "GET /xingrg/check_reg.html?_=1656471840502 HTTP/1.1" 302 -
120.253.135.82 - - [29/Jun/2022:11:04:03 +0800] "POST /xingrg/kc/pszx/mdps_list_operate.html HTTP/1.1" 200 279
120.253.135.82 - - [29/Jun/2022:11:04:03 +0800] "GET /xingrg/kc/pszx/mdps_order_info.html?code=312022062800438 HTTP/1.1" 200 23976
120.253.135.82 - - [29/Jun/2022:11:04:03 +0800] "POST /xingrg/kc/pszx/mdps_order_operate.html HTTP/1.1" 200 2775
120.253.135.82 - - [29/Jun/2022:11:04:04 +0800] "GET /xingrg/javascript/easyui/themes/default/validatebox.css HTTP/1.1" 404 1104
114.83.218.210 - - [29/Jun/2022:11:04:05 +0800] "GET /xingrg/all/function/internal_message.html?_=1656471842528&CODE_STATE=getMsg HTTP/1.1" 200 27
218.81.223.53 - - [29/Jun/2022:11:04:07 +0800] "GET /xingrg/kc/buy/cgsh_order_operate.html?command=get_materiel&rest_code=00146&code=00101008084&supplier_code=00100005&order_time=2022-06-29 HTTP/1.1" 200 412
114.83.218.210 - - [29/Jun/2022:11:04:08 +0800] "GET /xingrg/kc/buy/cgsh_order_operate.html?command=get_materiel&rest_code=00149&code=00102012054&supplier_code=00100073&order_time=2022-06-28 HTTP/1.1" 200 416
180.169.147.146 - - [29/Jun/2022:11:04:08 +0800] "GET /xingrg/all/function/internal_message.html?_=1656471845879&CODE_STATE=getMsg HTTP/1.1" 200 27
116.235.94.65 - - [29/Jun/2022:11:04:08 +0800] "GET /xingrg/all/function/internal_message.html?_=1656472028952&CODE_STATE=getMsg HTTP/1.1" 200 27
180.169.147.146 - - [29/Jun/2022:11:04:11 +0800] "GET /xingrg/kc/buy/cgsh_order_operate.html?command=get_materiel&rest_code=00147&code=00101008036&supplier_code=00100006&order_time=2022-06-29 HTTP/1.1" 200 423
120.253.135.82 - - [29/Jun/2022:11:04:11 +0800] "POST /xingrg/kc/pszx/mdps_order_operate.html HTTP/1.1" 200 37
120.253.135.82 - - [29/Jun/2022:11:04:12 +0800] "POST /xingrg/kc/pszx/mdps_order_operate.html HTTP/1.1" 200 12
120.253.135.82 - - [29/Jun/2022:11:04:13 +0800] "GET /xingrg/kc/pszx/mdps_order_info.html?code=312022062800438 HTTP/1.1" 200 19634
180.162.115.11 - - [29/Jun/2022:11:04:14 +0800] "GET /xingrg/all/function/internal_message.html?_=1656471082837&CODE_STATE=getMsg HTTP/1.1" 200 27
180.162.115.11 - - [29/Jun/2022:11:04:14 +0800] "GET /xingrg/check_reg.html?_=1656471082840 HTTP/1.1" 200 22
120.253.135.82 - - [29/Jun/2022:11:04:14 +0800] "POST /xingrg/kc/pszx/mdps_order_operate.html HTTP/1.1" 200 991
120.253.135.82 - - [29/Jun/2022:11:04:14 +0800] "GET /xingrg/javascript/easyui/themes/default/validatebox.css HTTP/1.1" 404 1104
180.169.147.146 - - [29/Jun/2022:11:04:15 +0800] "GET /xingrg/check_reg.html?_=1656471853834 HTTP/1.1" 302 -
180.169.147.146 - - [29/Jun/2022:11:04:15 +0800] "GET /xingrg/all/function/internal_message.html?_=1656471853836&CODE_STATE=getMsg HTTP/1.1" 302 -
101.83.223.227 - - [29/Jun/2022:11:04:18 +0800] "GET /xingrg/check_reg.html?_=1656471806449 HTTP/1.1" 200 22
101.83.223.227 - - [29/Jun/2022:11:04:18 +0800] "GET /xingrg/all/function/internal_message.html?_=1656471806582&CODE_STATE=getMsg HTTP/1.1" 200 27
114.83.218.210 - - [29/Jun/2022:11:04:19 +0800] "POST /xingrg/kc/buy/cgsh_order_operate.html HTTP/1.1" 200 37
116.238.208.126 - - [29/Jun/2022:11:04:19 +0800] "GET /xingrg/all/function/internal_message.html?_=1656471927649&CODE_STATE=getMsg HTTP/1.1" 200 27
180.169.147.146 - - [29/Jun/2022:11:04:20 +0800] "GET /xingrg/kc/buy/cgsh_order_operate.html?command=get_materiel&rest_code=00147&code=00101009011&supplier_code=00100006&order_time=2022-06-29 HTTP/1.1" 200 417
114.83.218.210 - - [29/Jun/2022:11:04:22 +0800] "POST /xingrg/kc/buy/cgsh_order_operate.html HTTP/1.1" 200 12
114.83.218.210 - - [29/Jun/2022:11:04:23 +0800] "GET /xingrg/kc/buy/cgsh_order_info.html?code=212022062904074 HTTP/1.1" 200 62914
114.83.218.210 - - [29/Jun/2022:11:04:23 +0800] "GET /xingrg/javascript/easyui/themes/default/validatebox.css HTTP/1.1" 404 1104
114.83.218.210 - - [29/Jun/2022:11:04:24 +0800] "POST /xingrg/kc/buy/cgsh_order_operate.html HTTP/1.1" 200 610
114.83.218.210 - - [29/Jun/2022:11:04:25 +0800] "GET /xingrg/kc/print/load_data.html?order_code=212022062904074&kc_code=cgsh&condition= HTTP/1.1" 200 753
101.83.144.189 - - [29/Jun/2022:11:04:26 +0800] "GET /xingrg/all/function/internal_message.html?_=1656471866084&CODE_STATE=getMsg HTTP/1.1" 200 27
120.253.135.82 - - [29/Jun/2022:11:04:26 +0800] "GET /xingrg/all/function/internal_message.html?_=1656471996785&CODE_STATE=getMsg HTTP/1.1" 200 27
114.84.82.172 - - [29/Jun/2022:11:04:27 +0800] "GET /xingrg/all/function/internal_message.html?_=1656471865410&CODE_STATE=getMsg HTTP/1.1" 200 27
180.169.147.146 - - [29/Jun/2022:11:04:27 +0800] "GET /xingrg/kc/buy/cgsh_order_operate.html?command=get_materiel&rest_code=00147&code=00101009015&supplier_code=00100006&order_time=2022-06-29 HTTP/1.1" 200 417
114.84.82.172 - - [29/Jun/2022:11:04:30 +0800] "POST /xingrg/dwr/call/plaincall/AjaxReportQueryService.refreshCache.dwr HTTP/1.1" 200 78
222.69.144.95 - - [29/Jun/2022:11:04:30 +0800] "GET /xingrg/all/function/internal_message.html?_=1656471910073&CODE_STATE=getMsg HTTP/1.1" 200 27
114.84.82.172 - - [29/Jun/2022:11:04:30 +0800] "POST /xingrg/all/report/load_report_page.html HTTP/1.1" 200 26615
114.84.82.172 - - [29/Jun/2022:11:04:30 +0800] "GET /xingrg/servlets/image?cache=0.8896415994682844&image=px HTTP/1.1" 200 807
218.81.223.53 - - [29/Jun/2022:11:04:31 +0800] "GET /xingrg/kc/buy/cgsh_order_operate.html?command=get_materiel&rest_code=00146&code=00101008087&supplier_code=00100005&order_time=2022-06-29 HTTP/1.1" 200 431
58.37.6.216 - - [29/Jun/2022:11:04:32 +0800] "GET /xingrg/all/function/internal_message.html?_=1656471871109&CODE_STATE=getMsg HTTP/1.1" 200 27
116.232.49.180 - - [29/Jun/2022:11:04:35 +0800] "GET /xingrg/all/function/internal_message.html?_=1656471879136&CODE_STATE=getMsg HTTP/1.1" 200 27
116.232.49.180 - - [29/Jun/2022:11:04:35 +0800] "GET /xingrg/check_reg.html?_=1656471879138 HTTP/1.1" 200 22
114.88.162.248 - - [29/Jun/2022:11:04:36 +0800] "GET /xingrg/check_reg.html?_=1656471873521 HTTP/1.1" 200 22
114.88.162.248 - - [29/Jun/2022:11:04:36 +0800] "GET /xingrg/all/function/internal_message.html?_=1656471873524&CODE_STATE=getMsg HTTP/1.1" 200 27
58.35.196.166 - - [29/Jun/2022:11:04:40 +0800] "GET /xingrg/all/function/internal_message.html?_=1656471877511&CODE_STATE=getMsg HTTP/1.1" 200 27
58.35.196.166 - - [29/Jun/2022:11:04:40 +0800] "GET /xingrg/check_reg.html?_=1656471877512 HTTP/1.1" 200 22
218.81.223.53 - - [29/Jun/2022:11:04:41 +0800] "GET /xingrg/all/function/internal_message.html?_=1656471889401&CODE_STATE=getMsg HTTP/1.1" 200 27
114.84.82.172 - - [29/Jun/2022:11:04:41 +0800] "GET /xingrg/check_reg.html?_=1656471880003 HTTP/1.1" 200 22
114.84.82.172 - - [29/Jun/2022:11:04:41 +0800] "GET /xingrg/all/function/internal_message.html?_=1656471880009&CODE_STATE=getMsg HTTP/1.1" 200 27
116.230.110.173 - - [29/Jun/2022:11:04:43 +0800] "GET /xingrg/all/function/internal_message.html?_=1656471882454&CODE_STATE=getMsg HTTP/1.1" 200 27
58.35.210.91 - - [29/Jun/2022:11:04:44 +0800] "POST /xingrg/kc/base/stock_operate.html HTTP/1.1" 200 1467
114.84.82.172 - - [29/Jun/2022:11:04:45 +0800] "GET /xingrg/all/report/report_query.html?isQuery=1&fileName=dma/new_5.0/menu/menu_mx.xml&queryString=(a.sale_day%2520between%252020220601%2520and%252020220630)%2520and%2520(a.sid%2520in%2520(14))%2520and%2520(a.menu_name%2520like%2520'%2524bf%2524%25E9%25B2%258D%25E9%25B1%25BC%2524bf%2524')%2520and%2520(a.menu_name%253D'6%25E5%25A4%25B4%25E9%25B2%258D%25E9%25B1%25BC'%2520and%2520a.menu_unit%253D'%25E5%2585%2583')&queryText=%25E3%2580%2590%25E8%2590%25A5%25E4%25B8%259A%25E6%2597%25A5%25E6%259C%259F%253A2022-06-01%2520%25E8%2587%25B3%25202022-06-30%25E3%2580%2591%2520%25E5%25B9%25B6%25E4%25B8%2594%2520%2520%25E3%2580%2590%25E9%2597%25A8%25E5%25BA%2597%25E5%2590%258D%25E7%25A7%25B0%2520%253D%2520%25E6%25B7%25B1%25E6%25B5%25B7%25E6%25B8%2594%25E6%25B8%25AF%25E4%25B8%2583%25E5%25AE%259D%25E5%25BA%2597%25E3%2580%2591%2520%25E5%25B9%25B6%25E4%25B8%2594%2520%2520%25E3%2580%2590%25E8%258F%259C%25E5%2593%2581%25E5%2590%258D%25E7%25A7%25B0%2520%25E5%258C%2585%25E5%2590%25AB%2520%25E9%25B2%258D%25E9%25B1%25BC%25E3%2580%2591%2520%25E5%25B9%25B6%25E4%25B8%2594%2520%25E3%2580%2590%25E8%258F%259C%25E5%2593%2581%25E5%2590%258D%25E7%25A7%25B0%2520%253D%25206%25E5%25A4%25B4%25E9%25B2%258D%25E9%25B1%25BC%25E3%2580%2591%2520%25E3%2580%2590%25E5%258D%2595%25E4%25BD%258D%2520%253D%2520%25E5%2585%2583%25E3%2580%2591 HTTP/1.1" 200 51836
114.84.82.172 - - [29/Jun/2022:11:04:45 +0800] "GET /xingrg/dwr/engine.js HTTP/1.1" 200 43631
58.35.210.91 - - [29/Jun/2022:11:04:45 +0800] "GET /xingrg/kc/base/stock_detail.html?m=00101029010 HTTP/1.1" 200 7401
114.84.82.172 - - [29/Jun/2022:11:04:45 +0800] "GET /favicon.ico HTTP/1.1" 404 -
114.84.82.172 - - [29/Jun/2022:11:04:45 +0800] "POST /xingrg/all/report/load_report_page.html HTTP/1.1" 200 15996
114.84.82.172 - - [29/Jun/2022:11:04:45 +0800] "GET /xingrg/servlets/image?cache=0.009007703235782705&image=px HTTP/1.1" 200 807
218.81.223.53 - - [29/Jun/2022:11:04:46 +0800] "GET /xingrg/kc/buy/cgsh_order_operate.html?command=get_materiel&rest_code=00146&code=00101008321&supplier_code=00100005&order_time=2022-06-29 HTTP/1.1" 200 431
116.235.94.65 - - [29/Jun/2022:11:04:47 +0800] "GET /xingrg/check_reg.html?_=1656472068074 HTTP/1.1" 200 22
116.238.208.126 - - [29/Jun/2022:11:04:49 +0800] "GET /xingrg/check_reg.html?_=1656471957414 HTTP/1.1" 200 22
58.35.210.91 - - [29/Jun/2022:11:04:50 +0800] "GET /xingrg/kc/base/stock_operate.html?_=1656471888720&command=get_report_file&start_day=20220501 HTTP/1.1" 200 53
58.35.210.91 - - [29/Jun/2022:11:04:50 +0800] "GET /xingrg/all/report/report_query.html?isQuery=1&onlyBody=1&rh=2000&fileName=kc/base/kc_stock_detail_new.xml&queryString=(1=1)&queryText=&tableQueryString=init_table$sp1$$sp$crk_table$sp1$order_day%20between%2020220501%20and%2020220630&varString=start_day:20220501,materiel_code:00101029010,cost_id:3703,end_date:20220430 HTTP/1.1" 200 48701
58.35.210.91 - - [29/Jun/2022:11:04:50 +0800] "GET /xingrg/dwr/engine.js HTTP/1.1" 200 43631
120.253.135.82 - - [29/Jun/2022:11:04:50 +0800] "POST /xingrg/kc/pszx/mdps_list_operate.html HTTP/1.1" 200 5172
58.35.210.91 - - [29/Jun/2022:11:04:51 +0800] "POST /xingrg/all/report/load_report_page.html HTTP/1.1" 200 20235
58.35.210.91 - - [29/Jun/2022:11:04:51 +0800] "GET /xingrg/servlets/image?cache=0.3332068844444631&image=px HTTP/1.1" 200 807
120.253.135.82 - - [29/Jun/2022:11:04:54 +0800] "POST /xingrg/kc/pszx/mdps_list_operate.html HTTP/1.1" 200 3695
120.253.135.82 - - [29/Jun/2022:11:04:54 +0800] "GET /xingrg/javascript/jquery_easy_ui/themes/default/images/tabs_active.png HTTP/1.1" 200 2894
58.35.210.91 - - [29/Jun/2022:11:04:55 +0800] "GET /xingrg/kc/base/stock_operate.html?_=1656471893428&command=get_report_file&start_day=20200501 HTTP/1.1" 200 21
58.35.210.91 - - [29/Jun/2022:11:04:55 +0800] "GET /xingrg/all/report/report_query.html?isQuery=1&onlyBody=1&rh=2000&fileName=kc/base/kc_stock_detail.xml&queryString=(1=1)&queryText=&tableQueryString=init_table$sp1$$sp$crk_table$sp1$order_day%20between%2020200501%20and%2020220630&varString=start_day:20200501,materiel_code:00101029010,cost_id:undefined,end_date:undefined HTTP/1.1" 200 48699
58.35.210.91 - - [29/Jun/2022:11:04:55 +0800] "GET /xingrg/dwr/engine.js HTTP/1.1" 200 43631
101.85.95.26 - - [29/Jun/2022:11:04:55 +0800] "GET /xingrg/all/function/internal_message.html?_=1656471892457&CODE_STATE=getMsg HTTP/1.1" 200 27
58.35.210.91 - - [29/Jun/2022:11:04:56 +0800] "POST /xingrg/all/report/load_report_page.html HTTP/1.1" 200 34939
58.35.210.91 - - [29/Jun/2022:11:04:56 +0800] "GET /xingrg/servlets/image?cache=0.85095909608879&image=px HTTP/1.1" 200 807
120.253.135.82 - - [29/Jun/2022:11:04:56 +0800] "POST /xingrg/kc/pszx/mdps_list_operate.html HTTP/1.1" 200 5172
120.253.135.82 - - [29/Jun/2022:11:04:58 +0800] "POST /xingrg/kc/pszx/mdps_list_operate.html HTTP/1.1" 200 627
120.253.135.82 - - [29/Jun/2022:11:05:00 +0800] "GET /xingrg/kc/pszx/mdps_order_info.html?code=312022062900446 HTTP/1.1" 200 23970
120.253.135.82 - - [29/Jun/2022:11:05:00 +0800] "POST /xingrg/kc/pszx/mdps_order_operate.html HTTP/1.1" 200 5315
120.253.135.82 - - [29/Jun/2022:11:05:00 +0800] "GET /xingrg/javascript/easyui/themes/default/validatebox.css HTTP/1.1" 404 1104
101.83.144.189 - - [29/Jun/2022:11:05:01 +0800] "GET /xingrg/all/function/internal_message.html?_=1656471804294&CODE_STATE=getMsg HTTP/1.1" 200 27
116.238.208.126 - - [29/Jun/2022:11:05:01 +0800] "POST /xingrg/services/DataTransmitService HTTP/1.1" 200 524
116.238.208.126 - - [29/Jun/2022:11:05:01 +0800] "POST /xingrg/services/DataTransmitService HTTP/1.1" 200 501
58.35.210.91 - - [29/Jun/2022:11:05:02 +0800] "GET /xingrg/all/function/internal_message.html?_=1656471900597&CODE_STATE=getMsg HTTP/1.1" 200 27
114.83.218.210 - - [29/Jun/2022:11:05:05 +0800] "GET /xingrg/all/function/internal_message.html?_=1656471902503&CODE_STATE=getMsg HTTP/1.1" 200 27
120.253.135.82 - - [29/Jun/2022:11:05:05 +0800] "POST /xingrg/kc/pszx/mdps_list_operate.html HTTP/1.1" 200 5172
120.253.135.82 - - [29/Jun/2022:11:05:07 +0800] "POST /xingrg/kc/pszx/mdps_list_operate.html HTTP/1.1" 200 370
180.169.147.146 - - [29/Jun/2022:11:05:08 +0800] "GET /xingrg/all/function/internal_message.html?_=1656471905855&CODE_STATE=getMsg HTTP/1.1" 200 27
116.235.94.65 - - [29/Jun/2022:11:05:08 +0800] "GET /xingrg/all/function/internal_message.html?_=1656472088922&CODE_STATE=getMsg HTTP/1.1" 200 27
120.253.135.82 - - [29/Jun/2022:11:05:08 +0800] "GET /xingrg/kc/pszx/mdps_order_info.html?code=312022062800436 HTTP/1.1" 200 23976
120.253.135.82 - - [29/Jun/2022:11:05:09 +0800] "POST /xingrg/kc/pszx/mdps_order_operate.html HTTP/1.1" 200 3289
120.253.135.82 - - [29/Jun/2022:11:05:09 +0800] "GET /xingrg/javascript/easyui/themes/default/validatebox.css HTTP/1.1" 404 1104
114.84.82.172 - - [29/Jun/2022:11:05:12 +0800] "GET /xingrg/javascript/auto/indicator.gif HTTP/1.1" 404 1066
180.162.115.11 - - [29/Jun/2022:11:05:13 +0800] "GET /xingrg/kc/buy/cgsh_order_add.html HTTP/1.1" 200 67002
180.162.115.11 - - [29/Jun/2022:11:05:14 +0800] "POST /xingrg/kc/buy/cgsh_order_operate.html HTTP/1.1" 200 8245
180.162.115.11 - - [29/Jun/2022:11:05:14 +0800] "GET /xingrg/all/function/internal_message.html?_=1656471142883&CODE_STATE=getMsg HTTP/1.1" 200 27
180.162.115.11 - - [29/Jun/2022:11:05:14 +0800] "GET /xingrg/javascript/easyui/themes/default/validatebox.css HTTP/1.1" 404 1104
180.169.147.146 - - [29/Jun/2022:11:05:14 +0800] "GET /xingrg/kc/buy/cgsh_order_operate.html?command=get_materiel&rest_code=00147&code=00101008350&supplier_code=00100006&order_time=2022-06-29 HTTP/1.1" 200 408
180.162.115.11 - - [29/Jun/2022:11:05:15 +0800] "GET /xingrg/javascript/easyui/themes/default/tree.css HTTP/1.1" 404 1090
180.169.147.146 - - [29/Jun/2022:11:05:15 +0800] "GET /xingrg/all/function/internal_message.html?_=1656471913830&CODE_STATE=getMsg HTTP/1.1" 302 -
180.162.115.11 - - [29/Jun/2022:11:05:15 +0800] "POST /xingrg/all/common/load_tree.html?tree=supplier_tree_json&isDelete=1 HTTP/1.1" 200 66935
114.84.82.172 - - [29/Jun/2022:11:05:15 +0800] "GET /xingrg/javascript/jquery_tools/images/next.gif HTTP/1.1" 404 1086
114.84.82.172 - - [29/Jun/2022:11:05:15 +0800] "GET /xingrg/javascript/jquery_tools/images/prev.gif HTTP/1.1" 404 1086
101.83.223.227 - - [29/Jun/2022:11:05:18 +0800] "GET /xingrg/all/function/internal_message.html?_=1656471866595&CODE_STATE=getMsg HTTP/1.1" 200 27
116.238.208.126 - - [29/Jun/2022:11:05:19 +0800] "GET /xingrg/all/function/internal_message.html?_=1656471987661&CODE_STATE=getMsg HTTP/1.1" 200 27
120.253.135.82 - - [29/Jun/2022:11:05:20 +0800] "POST /xingrg/kc/pszx/mdps_list_operate.html HTTP/1.1" 200 5172
114.84.82.172 - - [29/Jun/2022:11:05:22 +0800] "GET /xingrg/kc/base/wldb_order_operate.html?command=get_materiel&rest_code=00148&base_code=0010014&code=00101001013 HTTP/1.1" 200 436
120.253.135.82 - - [29/Jun/2022:11:05:23 +0800] "POST /xingrg/kc/pszx/mdps_list_operate.html HTTP/1.1" 200 609
120.253.135.82 - - [29/Jun/2022:11:05:24 +0800] "GET /xingrg/kc/pszx/mdps_order_info.html?code=312022062900443 HTTP/1.1" 200 23976
114.84.82.172 - - [29/Jun/2022:11:05:24 +0800] "POST /xingrg/dwr/call/plaincall/AjaxReportQueryService.refreshCache.dwr HTTP/1.1" 200 78
120.253.135.82 - - [29/Jun/2022:11:05:24 +0800] "POST /xingrg/kc/pszx/mdps_order_operate.html HTTP/1.1" 200 6740
120.253.135.82 - - [29/Jun/2022:11:05:24 +0800] "GET /xingrg/javascript/easyui/themes/default/validatebox.css HTTP/1.1" 404 1104
114.84.82.172 - - [29/Jun/2022:11:05:25 +0800] "POST /xingrg/all/report/load_report_page.html HTTP/1.1" 200 89
218.81.223.53 - - [29/Jun/2022:11:05:25 +0800] "GET /xingrg/kc/buy/cgsh_order_operate.html?command=get_materiel&rest_code=00146&code=00101008332&supplier_code=00100005&order_time=2022-06-29 HTTP/1.1" 200 412
101.83.144.189 - - [29/Jun/2022:11:05:26 +0800] "GET /xingrg/all/function/internal_message.html?_=1656471926070&CODE_STATE=getMsg HTTP/1.1" 200 27
120.253.135.82 - - [29/Jun/2022:11:05:26 +0800] "GET /xingrg/all/function/internal_message.html?_=1656472056798&CODE_STATE=getMsg HTTP/1.1" 200 27
114.84.82.172 - - [29/Jun/2022:11:05:27 +0800] "GET /xingrg/all/function/internal_message.html?_=1656471925416&CODE_STATE=getMsg HTTP/1.1" 200 27
116.238.208.126 - - [29/Jun/2022:11:05:28 +0800] "GET /xingrg/kc/base/wldb_order_operate.html?command=get_materiel&rest_code=00102&base_code=0010476&code=00101019373 HTTP/1.1" 200 466
114.84.82.172 - - [29/Jun/2022:11:05:30 +0800] "GET /xingrg/kc/base/wldb_order_operate.html?command=get_materiel&rest_code=00148&base_code=0010014&code=00101001045 HTTP/1.1" 200 440
222.69.144.95 - - [29/Jun/2022:11:05:30 +0800] "GET /xingrg/all/function/internal_message.html?_=1656471970078&CODE_STATE=getMsg HTTP/1.1" 200 27
222.69.144.95 - - [29/Jun/2022:11:05:30 +0800] "GET /xingrg/check_reg.html?_=1656471970080 HTTP/1.1" 200 22
58.35.210.91 - - [29/Jun/2022:11:05:31 +0800] "POST /xingrg/kc/base/stock_operate.html HTTP/1.1" 200 1743
58.37.6.216 - - [29/Jun/2022:11:05:32 +0800] "GET /xingrg/all/function/internal_message.html?_=1656471931117&CODE_STATE=getMsg HTTP/1.1" 200 27
120.253.135.82 - - [29/Jun/2022:11:05:33 +0800] "POST /xingrg/kc/pszx/mdps_list_operate.html HTTP/1.1" 200 5172
116.238.208.126 - - [29/Jun/2022:11:05:33 +0800] "POST /xingrg/kc/base/wldb_order_operate.html HTTP/1.1" 200 37
180.169.147.146 - - [29/Jun/2022:11:05:34 +0800] "GET /xingrg/kc/buy/cgsh_order_operate.html?command=get_materiel&rest_code=00147&code=00101008049&supplier_code=00100006&order_time=2022-06-29 HTTP/1.1" 200 427
116.232.49.180 - - [29/Jun/2022:11:05:35 +0800] "GET /xingrg/all/function/internal_message.html?_=1656471939146&CODE_STATE=getMsg HTTP/1.1" 200 27
114.88.162.248 - - [29/Jun/2022:11:05:36 +0800] "GET /xingrg/all/function/internal_message.html?_=1656471933524&CODE_STATE=getMsg HTTP/1.1" 200 27
116.238.208.126 - - [29/Jun/2022:11:05:36 +0800] "POST /xingrg/kc/base/wldb_order_operate.html HTTP/1.1" 200 12
116.238.208.126 - - [29/Jun/2022:11:05:36 +0800] "POST /xingrg/kc/base/wldb_order_operate.html HTTP/1.1" 200 2208
120.253.135.82 - - [29/Jun/2022:11:05:37 +0800] "POST /xingrg/kc/pszx/mdps_list_operate.html HTTP/1.1" 200 201
116.238.208.126 - - [29/Jun/2022:11:05:37 +0800] "GET /xingrg/kc/base/wldb_order_info.html?code=422022062901205 HTTP/1.1" 200 26225
120.253.135.82 - - [29/Jun/2022:11:05:38 +0800] "POST /xingrg/kc/pszx/mdps_list_operate.html HTTP/1.1" 200 208
218.81.223.53 - - [29/Jun/2022:11:05:39 +0800] "GET /xingrg/kc/buy/cgsh_order_operate.html?command=get_materiel&rest_code=00146&code=00101008502&supplier_code=00100005&order_time=2022-06-29 HTTP/1.1" 200 412
116.238.208.126 - - [29/Jun/2022:11:05:40 +0800] "POST /xingrg/kc/base/wldb_order_operate.html HTTP/1.1" 200 502
58.35.196.166 - - [29/Jun/2022:11:05:40 +0800] "GET /xingrg/all/function/internal_message.html?_=1656471937498&CODE_STATE=getMsg HTTP/1.1" 200 27
116.238.208.126 - - [29/Jun/2022:11:05:40 +0800] "GET /xingrg/javascript/easyui/themes/default/validatebox.css HTTP/1.1" 404 1104
218.81.223.53 - - [29/Jun/2022:11:05:41 +0800] "GET /xingrg/all/function/internal_message.html?_=1656471949416&CODE_STATE=getMsg HTTP/1.1" 200 27
120.253.135.82 - - [29/Jun/2022:11:05:41 +0800] "GET /xingrg/kc/pszx/mdps_order_info.html?code=312022062700419 HTTP/1.1" 200 23972
114.84.82.172 - - [29/Jun/2022:11:05:41 +0800] "GET /xingrg/all/function/internal_message.html?_=1656471940030&CODE_STATE=getMsg HTTP/1.1" 200 27
120.253.135.82 - - [29/Jun/2022:11:05:41 +0800] "GET /xingrg/javascript/easyui/themes/default/validatebox.css HTTP/1.1" 404 1104
120.253.135.82 - - [29/Jun/2022:11:05:41 +0800] "POST /xingrg/kc/pszx/mdps_order_operate.html HTTP/1.1" 200 2280
116.238.208.126 - - [29/Jun/2022:11:05:41 +0800] "GET /xingrg/kc/base/wldb_order_add.html HTTP/1.1" 200 30352
114.84.82.172 - - [29/Jun/2022:11:05:41 +0800] "GET /xingrg/kc/base/wldb_order_operate.html?command=get_materiel&rest_code=00148&base_code=0010014&code=00101001023 HTTP/1.1" 200 435
116.238.208.126 - - [29/Jun/2022:11:05:43 +0800] "POST /xingrg/kc/base/wldb_order_operate.html HTTP/1.1" 200 6806
116.230.110.173 - - [29/Jun/2022:11:05:43 +0800] "GET /xingrg/all/function/internal_message.html?_=1656471942470&CODE_STATE=getMsg HTTP/1.1" 200 27
116.230.110.173 - - [29/Jun/2022:11:05:44 +0800] "GET /xingrg/check_reg.html?_=1656471942473 HTTP/1.1" 200 22
116.238.208.126 - - [29/Jun/2022:11:05:44 +0800] "GET /xingrg/javascript/easyui/themes/default/validatebox.css HTTP/1.1" 404 1104
180.169.147.146 - - [29/Jun/2022:11:05:45 +0800] "GET /xingrg/kc/buy/cgsh_order_operate.html?command=get_materiel&rest_code=00147&code=00101008088&supplier_code=00100006&order_time=2022-06-29 HTTP/1.1" 200 408
116.238.208.126 - - [29/Jun/2022:11:05:45 +0800] "POST /xingrg/all/common/load_combo.html?type=base HTTP/1.1" 200 3233
116.238.208.126 - - [29/Jun/2022:11:05:47 +0800] "POST /xingrg/all/common/load_combo.html?type=base HTTP/1.1" 200 3233
101.85.54.219 - - [29/Jun/2022:11:05:48 +0800] "POST /xingrg/login.do HTTP/1.1" 302 -
101.85.54.219 - - [29/Jun/2022:11:05:48 +0800] "GET /xingrg/index.html?sysBaseUrl=http%3A%2F%2F180.169.147.146%3A18081%2Fxingrg%2F&costTime=91×tamp=1656471948084 HTTP/1.1" 200 17179
101.85.54.219 - - [29/Jun/2022:11:05:48 +0800] "GET /favicon.ico HTTP/1.1" 404 -
120.253.135.82 - - [29/Jun/2022:11:05:48 +0800] "POST /xingrg/kc/pszx/mdps_order_operate.html HTTP/1.1" 200 12
101.85.54.219 - - [29/Jun/2022:11:05:48 +0800] "POST /xingrg/all/common/load_tree.html?tree=area_rest_tree_json&manage=1 HTTP/1.1" 200 351
101.85.54.219 - - [29/Jun/2022:11:05:49 +0800] "GET /xingrg/all/function/internal_message.html?_=1656471944004&CODE_STATE=count HTTP/1.1" 200 11
101.85.54.219 - - [29/Jun/2022:11:05:49 +0800] "GET /xingrg/check_reg.html?_=1656471944007 HTTP/1.1" 200 22
101.85.54.219 - - [29/Jun/2022:11:05:49 +0800] "POST /xingrg/load_menu.html HTTP/1.1" 200 5138
120.253.135.82 - - [29/Jun/2022:11:05:49 +0800] "POST /xingrg/kc/pszx/mdps_list_operate.html HTTP/1.1" 200 5168
120.253.135.82 - - [29/Jun/2022:11:05:52 +0800] "POST /xingrg/kc/pszx/mdps_list_operate.html HTTP/1.1" 200 208
180.169.147.146 - - [29/Jun/2022:11:05:52 +0800] "GET /xingrg/kc/buy/cgsh_order_operate.html?command=get_materiel&rest_code=00147&code=00101008355&supplier_code=00100006&order_time=2022-06-29 HTTP/1.1" 200 427
114.84.82.172 - - [29/Jun/2022:11:05:53 +0800] "GET /xingrg/kc/base/wldb_order_operate.html?command=get_materiel&rest_code=00148&base_code=0010014&code=00101001135 HTTP/1.1" 200 435
120.253.135.82 - - [29/Jun/2022:11:05:53 +0800] "GET /xingrg/kc/pszx/mdps_order_info.html?code=312022062700424 HTTP/1.1" 200 23978
120.253.135.82 - - [29/Jun/2022:11:05:53 +0800] "GET /xingrg/javascript/easyui/themes/default/validatebox.css HTTP/1.1" 404 1104
120.253.135.82 - - [29/Jun/2022:11:05:53 +0800] "POST /xingrg/kc/pszx/mdps_order_operate.html HTTP/1.1" 200 2285
114.83.218.210 - - [29/Jun/2022:11:05:55 +0800] "GET /xingrg/kc/buy/cgsh_order_add.html HTTP/1.1" 200 68009
114.83.218.210 - - [29/Jun/2022:11:05:55 +0800] "POST /xingrg/kc/buy/cgsh_order_operate.html HTTP/1.1" 200 8245
114.83.218.210 - - [29/Jun/2022:11:05:55 +0800] "GET /xingrg/javascript/easyui/themes/default/validatebox.css HTTP/1.1" 404 1104
101.85.95.26 - - [29/Jun/2022:11:05:55 +0800] "GET /xingrg/all/function/internal_message.html?_=1656471952457&CODE_STATE=getMsg HTTP/1.1" 200 27
116.238.208.126 - - [29/Jun/2022:11:05:57 +0800] "GET /xingrg/kc/base/wldb_order_operate.html?command=get_materiel&rest_code=00102&base_code=0010476&code=00101016029 HTTP/1.1" 200 460
101.83.223.227 - - [29/Jun/2022:11:05:58 +0800] "GET /xingrg/kc/base/kc_stocks.html HTTP/1.1" 200 16443
101.83.223.227 - - [29/Jun/2022:11:05:58 +0800] "GET /xingrg/javascript/easyui/themes/sunny/easyui.css HTTP/1.1" 304 -
101.83.223.227 - - [29/Jun/2022:11:05:58 +0800] "GET /xingrg/javascript/easyui/themes/icons/print_new.png HTTP/1.1" 304 -
101.83.223.227 - - [29/Jun/2022:11:05:58 +0800] "GET /xingrg/javascript/easyui/themes/icons/filter_new.png HTTP/1.1" 304 -
101.83.223.227 - - [29/Jun/2022:11:05:58 +0800] "GET /xingrg/javascript/easyui/themes/icons/refresh_new.png HTTP/1.1" 304 -
101.83.223.227 - - [29/Jun/2022:11:05:58 +0800] "GET /xingrg/javascript/easyui/plugins/jquery.draggable.js HTTP/1.1" 304 -
101.83.223.227 - - [29/Jun/2022:11:05:58 +0800] "GET /xingrg/javascript/easyui/plugins/jquery.droppable.js HTTP/1.1" 304 -
101.83.223.227 - - [29/Jun/2022:11:05:58 +0800] "GET /xingrg/all/common/auto_word.html?type=base&rest_code=00150 HTTP/1.1" 200 1699
101.83.223.227 - - [29/Jun/2022:11:05:58 +0800] "GET /xingrg/javascript/easyui/themes/default/tree.css HTTP/1.1" 404 1090
101.83.223.227 - - [29/Jun/2022:11:05:58 +0800] "GET /xingrg/javascript/easyui/plugins/jquery.tree.js HTTP/1.1" 304 -
101.83.223.227 - - [29/Jun/2022:11:05:58 +0800] "POST /xingrg/all/common/load_tree.html?tree=materiel_sort_tree_json HTTP/1.1" 200 9388
101.83.223.227 - - [29/Jun/2022:11:05:58 +0800] "GET /xingrg/javascript/easyui/themes/sunny/images/tree_arrows.gif HTTP/1.1" 304 -
101.83.223.227 - - [29/Jun/2022:11:05:58 +0800] "GET /xingrg/javascript/easyui/themes/sunny/images/tree_folder_open.gif HTTP/1.1" 304 -
101.83.223.227 - - [29/Jun/2022:11:05:58 +0800] "GET /xingrg/javascript/easyui/themes/sunny/images/tree_folder.gif HTTP/1.1" 304 -
101.83.223.227 - - [29/Jun/2022:11:05:58 +0800] "GET /xingrg/javascript/easyui/themes/sunny/images/tree_file.gif HTTP/1.1" 304 -
101.83.223.227 - - [29/Jun/2022:11:05:58 +0800] "GET /xingrg/javascript/easyui/themes/sunny/images/ui-bg_gloss-wave_60_fece2f_500x100.png HTTP/1.1" 304 -
120.253.135.82 - - [29/Jun/2022:11:05:59 +0800] "POST /xingrg/kc/pszx/mdps_list_operate.html HTTP/1.1" 200 5168
101.83.223.227 - - [29/Jun/2022:11:06:00 +0800] "POST /xingrg/all/common/load_combo.html?type=base HTTP/1.1" 200 3051
180.169.147.146 - - [29/Jun/2022:11:06:00 +0800] "GET /xingrg/kc/buy/cgsh_order_operate.html?command=get_materiel&rest_code=00147&code=00101008131&supplier_code=00100006&order_time=2022-06-29 HTTP/1.1" 200 409
120.253.135.82 - - [29/Jun/2022:11:06:01 +0800] "POST /xingrg/kc/pszx/mdps_list_operate.html HTTP/1.1" 200 363
101.83.144.189 - - [29/Jun/2022:11:06:01 +0800] "GET /xingrg/all/function/internal_message.html?_=1656471864330&CODE_STATE=getMsg HTTP/1.1" 200 27
58.35.210.91 - - [29/Jun/2022:11:06:02 +0800] "GET /xingrg/all/function/internal_message.html?_=1656471960597&CODE_STATE=getMsg HTTP/1.1" 200 27
120.253.135.82 - - [29/Jun/2022:11:06:02 +0800] "GET /xingrg/kc/pszx/mdps_order_info.html?code=312022062300366 HTTP/1.1" 200 23976
120.253.135.82 - - [29/Jun/2022:11:06:02 +0800] "POST /xingrg/kc/pszx/mdps_order_operate.html HTTP/1.1" 200 3257
120.253.135.82 - - [29/Jun/2022:11:06:02 +0800] "GET /xingrg/javascript/easyui/themes/default/validatebox.css HTTP/1.1" 404 1104
116.238.208.126 - - [29/Jun/2022:11:06:03 +0800] "GET /xingrg/kc/base/wldb_order_operate.html?command=get_materiel&rest_code=00102&base_code=0010476&code=00101019195 HTTP/1.1" 200 473
101.83.223.227 - - [29/Jun/2022:11:06:03 +0800] "POST /xingrg/kc/base/stock_operate.html HTTP/1.1" 200 1711
101.83.223.227 - - [29/Jun/2022:11:06:03 +0800] "GET /xingrg/javascript/jquery_tools/fix_table.js HTTP/1.1" 304 -
114.83.218.210 - - [29/Jun/2022:11:06:05 +0800] "GET /xingrg/all/function/internal_message.html?_=1656471962484&CODE_STATE=getMsg HTTP/1.1" 200 27
114.83.218.210 - - [29/Jun/2022:11:06:06 +0800] "GET /xingrg/kc/buy/cgsh_order_operate.html?command=get_materiel&rest_code=00149&code=00101001140&supplier_code=00100090&order_time=2022-06-29 HTTP/1.1" 200 431
101.85.54.219 - - [29/Jun/2022:11:06:07 +0800] "GET /xingrg/kc/base/base_main.html HTTP/1.1" 200 12142
180.169.147.146 - - [29/Jun/2022:11:06:08 +0800] "GET /xingrg/all/function/internal_message.html?_=1656471965834&CODE_STATE=getMsg HTTP/1.1" 200 27
116.235.94.65 - - [29/Jun/2022:11:06:08 +0800] "GET /xingrg/all/function/internal_message.html?_=1656472148920&CODE_STATE=getMsg HTTP/1.1" 200 27
120.253.135.82 - - [29/Jun/2022:11:06:09 +0800] "POST /xingrg/kc/pszx/mdps_list_operate.html HTTP/1.1" 200 5168
101.85.54.219 - - [29/Jun/2022:11:06:09 +0800] "GET /xingrg/kc/base/yddb_order_list.html HTTP/1.1" 200 16754
120.253.135.82 - - [29/Jun/2022:11:06:10 +0800] "POST /xingrg/kc/pszx/mdps_list_operate.html HTTP/1.1" 200 209
116.238.208.126 - - [29/Jun/2022:11:06:10 +0800] "POST /xingrg/kc/base/wldb_order_operate.html HTTP/1.1" 200 37
101.85.54.219 - - [29/Jun/2022:11:06:10 +0800] "POST /xingrg/kc/base/yddb_list_operate.html HTTP/1.1" 200 636
180.169.147.146 - - [29/Jun/2022:11:06:11 +0800] "GET /xingrg/kc/buy/cgsh_order_operate.html?command=get_materiel&rest_code=00147&code=00101008353&supplier_code=00100006&order_time=2022-06-29 HTTP/1.1" 200 428
116.238.208.126 - - [29/Jun/2022:11:06:12 +0800] "POST /xingrg/kc/base/wldb_order_operate.html HTTP/1.1" 200 12
116.238.208.126 - - [29/Jun/2022:11:06:12 +0800] "POST /xingrg/kc/base/wldb_order_operate.html HTTP/1.1" 200 2711
101.85.54.219 - - [29/Jun/2022:11:06:13 +0800] "POST /xingrg/kc/base/yddb_list_operate.html HTTP/1.1" 200 4390
180.162.115.11 - - [29/Jun/2022:11:06:14 +0800] "GET /xingrg/all/function/internal_message.html?_=1656471202867&CODE_STATE=getMsg HTTP/1.1" 200 27
101.85.54.219 - - [29/Jun/2022:11:06:14 +0800] "GET /xingrg/kc/base/base_main.html HTTP/1.1" 200 12142
116.238.208.126 - - [29/Jun/2022:11:06:14 +0800] "GET /xingrg/kc/base/wldb_order_info.html?code=422022062901206 HTTP/1.1" 200 26229
101.85.54.219 - - [29/Jun/2022:11:06:15 +0800] "GET /xingrg/kc/base/wldb_order_list.html HTTP/1.1" 200 19148
180.169.147.146 - - [29/Jun/2022:11:06:15 +0800] "GET /xingrg/all/function/internal_message.html?_=1656471973833&CODE_STATE=getMsg HTTP/1.1" 302 -
101.85.54.219 - - [29/Jun/2022:11:06:15 +0800] "POST /xingrg/kc/base/wldb_list_operate.html HTTP/1.1" 200 928
120.253.135.82 - - [29/Jun/2022:11:06:17 +0800] "POST /xingrg/kc/pszx/mdps_list_operate.html HTTP/1.1" 200 212
116.238.208.126 - - [29/Jun/2022:11:06:17 +0800] "POST /xingrg/kc/base/wldb_order_operate.html HTTP/1.1" 200 996
116.238.208.126 - - [29/Jun/2022:11:06:17 +0800] "GET /xingrg/javascript/easyui/themes/default/validatebox.css HTTP/1.1" 404 1104
101.83.223.227 - - [29/Jun/2022:11:06:18 +0800] "GET /xingrg/all/function/internal_message.html?_=1656471926608&CODE_STATE=getMsg HTTP/1.1" 200 27
101.85.54.219 - - [29/Jun/2022:11:06:19 +0800] "POST /xingrg/kc/base/wldb_list_operate.html HTTP/1.1" 200 6195
180.169.147.146 - - [29/Jun/2022:11:06:19 +0800] "GET /xingrg/kc/buy/cgsh_order_operate.html?command=get_materiel&rest_code=00147&code=00101008004&supplier_code=00100006&order_time=2022-06-29 HTTP/1.1" 200 416
116.238.208.126 - - [29/Jun/2022:11:06:19 +0800] "GET /xingrg/kc/base/wldb_order_add.html HTTP/1.1" 200 30352
120.253.135.82 - - [29/Jun/2022:11:06:20 +0800] "GET /xingrg/check_reg.html?_=1656472111246 HTTP/1.1" 200 22
101.85.54.219 - - [29/Jun/2022:11:06:21 +0800] "POST /xingrg/kc/base/wldb_list_operate.html HTTP/1.1" 200 210
116.238.208.126 - - [29/Jun/2022:11:06:21 +0800] "POST /xingrg/kc/base/wldb_order_operate.html HTTP/1.1" 200 6806
120.253.135.82 - - [29/Jun/2022:11:06:21 +0800] "POST /xingrg/kc/pszx/mdps_list_operate.html HTTP/1.1" 200 201
114.84.82.172 - - [29/Jun/2022:11:06:22 +0800] "POST /xingrg/kc/base/wldb_order_operate.html HTTP/1.1" 200 37
