114.84.82.172 - - [28/Jun/2022:09:02:21 +0800] "GET /xingrg/all/function/internal_message.html?_=1656378140974&CODE_STATE=getMsg HTTP/1.1" 200 27
58.221.95.50 - - [28/Jun/2022:09:02:24 +0800] "GET /xingrg/all/function/internal_message.html?_=1656378143922&CODE_STATE=getMsg HTTP/1.1" 200 27
222.69.144.95 - - [28/Jun/2022:09:02:24 +0800] "GET /xingrg/kc/buy/cgsh_order_operate.html?command=get_materiel&rest_code=00154&code=00101018028&supplier_code=00100503&order_time=2022-06-28 HTTP/1.1" 200 413
101.83.223.227 - - [28/Jun/2022:09:02:39 +0800] "GET /xingrg/all/function/internal_message.html?_=1656378108684&CODE_STATE=getMsg HTTP/1.1" 200 27
101.83.144.189 - - [28/Jun/2022:09:02:39 +0800] "GET /xingrg/all/function/internal_message.html?_=1656378159766&CODE_STATE=getMsg HTTP/1.1" 200 27
218.81.223.53 - - [28/Jun/2022:09:02:47 +0800] "GET /xingrg/all/function/internal_message.html?_=1656378172347&CODE_STATE=getMsg HTTP/1.1" 200 27
222.69.144.95 - - [28/Jun/2022:09:02:58 +0800] "GET /xingrg/all/function/internal_message.html?_=1656378217586&CODE_STATE=getMsg HTTP/1.1" 200 27
114.84.82.172 - - [28/Jun/2022:09:03:05 +0800] "GET /xingrg/all/function/internal_message.html?_=1656378185282&CODE_STATE=getMsg HTTP/1.1" 200 27
101.83.144.189 - - [28/Jun/2022:09:03:10 +0800] "GET /xingrg/check_reg.html?_=1656378190157 HTTP/1.1" 200 22
114.84.82.172 - - [28/Jun/2022:09:03:10 +0800] "GET /xingrg/kc/buy/buy_main.html HTTP/1.1" 200 12412
114.84.82.172 - - [28/Jun/2022:09:03:10 +0800] "GET /xingrg/css/new_ie.css HTTP/1.1" 404 1036
114.84.82.172 - - [28/Jun/2022:09:03:11 +0800] "GET /xingrg/images/yd/bt.gif HTTP/1.1" 404 1040
116.238.208.126 - - [28/Jun/2022:09:03:11 +0800] "GET /xingrg/check_reg.html?_=1656378260446 HTTP/1.1" 200 22
114.84.82.172 - - [28/Jun/2022:09:03:11 +0800] "GET /xingrg/kc/buy/cgsh_order_list.html HTTP/1.1" 200 52037
114.84.82.172 - - [28/Jun/2022:09:03:12 +0800] "POST /xingrg/kc/buy/cgsh_list_operate.html HTTP/1.1" 200 693
58.221.95.50 - - [28/Jun/2022:09:03:16 +0800] "GET /xingrg/check_reg.html?_=1656378196572 HTTP/1.1" 200 22
116.230.110.173 - - [28/Jun/2022:09:03:17 +0800] "GET /xingrg/all/function/internal_message.html?_=1656378194929&CODE_STATE=getMsg HTTP/1.1" 200 27
116.238.208.126 - - [28/Jun/2022:09:03:17 +0800] "GET /xingrg/all/function/internal_message.html?_=1656378266919&CODE_STATE=getMsg HTTP/1.1" 200 27
114.84.82.172 - - [28/Jun/2022:09:03:19 +0800] "GET /xingrg/javascript/auto/indicator.gif HTTP/1.1" 404 1066
101.83.223.227 - - [28/Jun/2022:09:03:21 +0800] "GET /xingrg/all/function/internal_message.html?_=1656378223494&CODE_STATE=getMsg HTTP/1.1" 200 27
114.84.82.172 - - [28/Jun/2022:09:03:21 +0800] "GET /xingrg/all/function/internal_message.html?_=1656378200982&CODE_STATE=getMsg HTTP/1.1" 200 27
58.221.95.50 - - [28/Jun/2022:09:03:24 +0800] "GET /xingrg/all/function/internal_message.html?_=1656378203924&CODE_STATE=getMsg HTTP/1.1" 200 27
58.221.95.50 - - [28/Jun/2022:09:03:24 +0800] "GET /xingrg/check_reg.html?_=1656378203929 HTTP/1.1" 200 22
114.84.82.172 - - [28/Jun/2022:09:03:28 +0800] "POST /xingrg/kc/buy/cgsh_list_operate.html HTTP/1.1" 200 4944
114.84.82.172 - - [28/Jun/2022:09:03:33 +0800] "GET /xingrg/javascript/jquery_tools/images/next.gif HTTP/1.1" 404 1086
114.84.82.172 - - [28/Jun/2022:09:03:33 +0800] "GET /xingrg/javascript/jquery_tools/images/prev.gif HTTP/1.1" 404 1086
101.83.144.189 - - [28/Jun/2022:09:03:39 +0800] "GET /xingrg/check_reg.html?_=1656378269587 HTTP/1.1" 302 -
101.83.223.227 - - [28/Jun/2022:09:03:39 +0800] "GET /xingrg/all/function/internal_message.html?_=1656378168697&CODE_STATE=getMsg HTTP/1.1" 200 27
101.83.144.189 - - [28/Jun/2022:09:03:39 +0800] "GET /xingrg/login.html HTTP/1.1" 200 7641
101.83.144.189 - - [28/Jun/2022:09:03:39 +0800] "GET /xingrg/all/function/internal_message.html?_=1656378219736&CODE_STATE=getMsg HTTP/1.1" 200 27
114.84.82.172 - - [28/Jun/2022:09:03:40 +0800] "POST /xingrg/kc/buy/cgsh_list_operate.html HTTP/1.1" 200 4524
218.81.223.53 - - [28/Jun/2022:09:03:47 +0800] "GET /xingrg/all/function/internal_message.html?_=1656378232361&CODE_STATE=getMsg HTTP/1.1" 200 27
114.84.82.172 - - [28/Jun/2022:09:03:51 +0800] "POST /xingrg/services/DataTransmitService HTTP/1.1" 200 524
58.35.210.91 - - [28/Jun/2022:09:03:53 +0800] "POST /xingrg/services/DataTransmitService HTTP/1.1" 200 524
222.69.144.95 - - [28/Jun/2022:09:03:58 +0800] "GET /xingrg/check_reg.html?_=1656378277581 HTTP/1.1" 200 22
222.69.144.95 - - [28/Jun/2022:09:03:58 +0800] "GET /xingrg/all/function/internal_message.html?_=1656378277587&CODE_STATE=getMsg HTTP/1.1" 200 27
218.81.223.53 - - [28/Jun/2022:09:04:00 +0800] "GET /xingrg/check_reg.html?_=1656378244762 HTTP/1.1" 200 22
114.84.82.172 - - [28/Jun/2022:09:04:05 +0800] "GET /xingrg/all/function/internal_message.html?_=1656378245281&CODE_STATE=getMsg HTTP/1.1" 200 27
116.230.110.173 - - [28/Jun/2022:09:04:17 +0800] "GET /xingrg/all/function/internal_message.html?_=1656378254944&CODE_STATE=getMsg HTTP/1.1" 200 27
116.238.208.126 - - [28/Jun/2022:09:04:17 +0800] "GET /xingrg/all/function/internal_message.html?_=1656378326933&CODE_STATE=getMsg HTTP/1.1" 200 27
101.83.223.227 - - [28/Jun/2022:09:04:21 +0800] "GET /xingrg/all/function/internal_message.html?_=1656378283498&CODE_STATE=getMsg HTTP/1.1" 200 27
101.83.223.227 - - [28/Jun/2022:09:04:21 +0800] "GET /xingrg/check_reg.html?_=1656378283500 HTTP/1.1" 200 22
114.84.82.172 - - [28/Jun/2022:09:04:21 +0800] "GET /xingrg/all/function/internal_message.html?_=1656378260977&CODE_STATE=getMsg HTTP/1.1" 200 27
58.221.95.50 - - [28/Jun/2022:09:04:24 +0800] "GET /xingrg/all/function/internal_message.html?_=1656378263929&CODE_STATE=getMsg HTTP/1.1" 200 27
101.83.223.227 - - [28/Jun/2022:09:04:39 +0800] "GET /xingrg/all/function/internal_message.html?_=1656378228723&CODE_STATE=getMsg HTTP/1.1" 200 27
101.83.144.189 - - [28/Jun/2022:09:04:39 +0800] "GET /xingrg/all/function/internal_message.html?_=1656378279711&CODE_STATE=getMsg HTTP/1.1" 200 27
218.81.223.53 - - [28/Jun/2022:09:04:47 +0800] "GET /xingrg/all/function/internal_message.html?_=1656378292374&CODE_STATE=getMsg HTTP/1.1" 200 27
222.69.144.95 - - [28/Jun/2022:09:04:58 +0800] "GET /xingrg/all/function/internal_message.html?_=1656378337577&CODE_STATE=getMsg HTTP/1.1" 200 27
114.84.82.172 - - [28/Jun/2022:09:05:05 +0800] "GET /xingrg/all/function/internal_message.html?_=1656378305296&CODE_STATE=getMsg HTTP/1.1" 200 27
114.84.82.172 - - [28/Jun/2022:09:05:05 +0800] "GET /xingrg/check_reg.html?_=1656378305298 HTTP/1.1" 200 22
222.64.58.43 - - [28/Jun/2022:09:05:13 +0800] "POST /xingrg/services/DataTransmitService HTTP/1.1" 200 524
116.230.110.173 - - [28/Jun/2022:09:05:17 +0800] "GET /xingrg/check_reg.html?_=1656378314945 HTTP/1.1" 200 22
116.230.110.173 - - [28/Jun/2022:09:05:17 +0800] "GET /xingrg/all/function/internal_message.html?_=1656378314947&CODE_STATE=getMsg HTTP/1.1" 200 27
116.238.208.126 - - [28/Jun/2022:09:05:18 +0800] "GET /xingrg/all/function/internal_message.html?_=1656378387264&CODE_STATE=getMsg HTTP/1.1" 200 27
101.83.223.227 - - [28/Jun/2022:09:05:21 +0800] "GET /xingrg/all/function/internal_message.html?_=1656378343486&CODE_STATE=getMsg HTTP/1.1" 200 27
114.84.82.172 - - [28/Jun/2022:09:05:21 +0800] "GET /xingrg/all/function/internal_message.html?_=1656378320978&CODE_STATE=getMsg HTTP/1.1" 200 27
58.221.95.50 - - [28/Jun/2022:09:05:24 +0800] "GET /xingrg/all/function/internal_message.html?_=1656378323931&CODE_STATE=getMsg HTTP/1.1" 200 27
101.83.223.227 - - [28/Jun/2022:09:05:39 +0800] "GET /xingrg/all/function/internal_message.html?_=1656378288725&CODE_STATE=getMsg HTTP/1.1" 200 27
101.83.144.189 - - [28/Jun/2022:09:05:39 +0800] "GET /xingrg/all/function/internal_message.html?_=1656378339690&CODE_STATE=getMsg HTTP/1.1" 200 27
124.78.155.37 - - [28/Jun/2022:09:05:44 +0800] "GET /xingrg/kc/base/base_main.html HTTP/1.1" 302 -
124.78.155.37 - - [28/Jun/2022:09:05:44 +0800] "GET /xingrg/login.html HTTP/1.1" 200 7641
124.78.155.37 - - [28/Jun/2022:09:05:44 +0800] "GET /xingrg/login.html HTTP/1.1" 200 7641
124.78.155.37 - - [28/Jun/2022:09:05:44 +0800] "GET /favicon.ico HTTP/1.1" 404 -
124.78.155.37 - - [28/Jun/2022:09:05:46 +0800] "POST /xingrg/login.do HTTP/1.1" 302 -
124.78.155.37 - - [28/Jun/2022:09:05:46 +0800] "GET /xingrg/index.html?sysBaseUrl=http%3A%2F%2F180.169.147.146%3A18081%2Fxingrg%2F&costTime=43×tamp=1656378346788 HTTP/1.1" 200 17173
124.78.155.37 - - [28/Jun/2022:09:05:46 +0800] "GET /favicon.ico HTTP/1.1" 404 -
124.78.155.37 - - [28/Jun/2022:09:05:46 +0800] "POST /xingrg/all/common/load_tree.html?tree=area_rest_tree_json&manage=1 HTTP/1.1" 200 342
124.78.155.37 - - [28/Jun/2022:09:05:47 +0800] "GET /xingrg/all/function/internal_message.html?_=1656378346664&CODE_STATE=count HTTP/1.1" 200 11
124.78.155.37 - - [28/Jun/2022:09:05:47 +0800] "GET /xingrg/check_reg.html?_=1656378346665 HTTP/1.1" 200 22
124.78.155.37 - - [28/Jun/2022:09:05:47 +0800] "POST /xingrg/load_menu.html HTTP/1.1" 200 5138
218.81.223.53 - - [28/Jun/2022:09:05:47 +0800] "GET /xingrg/all/function/internal_message.html?_=1656378352387&CODE_STATE=getMsg HTTP/1.1" 200 27
124.78.155.37 - - [28/Jun/2022:09:05:51 +0800] "GET /xingrg/kc/mdqp/qp_main.html HTTP/1.1" 200 10633
124.78.155.37 - - [28/Jun/2022:09:05:52 +0800] "GET /xingrg/images/yd/bt.gif HTTP/1.1" 404 1040
124.78.155.37 - - [28/Jun/2022:09:05:53 +0800] "GET /xingrg/kc/mdqp/pssh_order_list.html HTTP/1.1" 200 17859
124.78.155.37 - - [28/Jun/2022:09:05:53 +0800] "POST /xingrg/kc/mdqp/pssh_list_operate.html HTTP/1.1" 200 5413
222.69.144.95 - - [28/Jun/2022:09:05:58 +0800] "GET /xingrg/all/function/internal_message.html?_=1656378397580&CODE_STATE=getMsg HTTP/1.1" 200 27
124.78.155.37 - - [28/Jun/2022:09:05:58 +0800] "POST /xingrg/kc/mdqp/pssh_list_operate.html HTTP/1.1" 200 262
124.78.155.37 - - [28/Jun/2022:09:05:58 +0800] "GET /xingrg/kc/mdqp/pssh_order_info.html?code=312022062800429 HTTP/1.1" 200 17275
124.78.155.37 - - [28/Jun/2022:09:05:58 +0800] "GET /xingrg/javascript/jquery_tools/jquery-1.4.2.min.js HTTP/1.1" 404 1094
124.78.155.37 - - [28/Jun/2022:09:05:58 +0800] "GET /xingrg/words/20220627161246_words.js HTTP/1.1" 304 -
124.78.155.37 - - [28/Jun/2022:09:05:58 +0800] "POST /xingrg/kc/mdqp/pssh_order_operate.html HTTP/1.1" 200 536
124.78.155.37 - - [28/Jun/2022:09:05:58 +0800] "GET /xingrg/all/common/auto_word.html?type=base&rest_code=00106&rest_code=00106 HTTP/1.1" 200 1849
124.78.155.37 - - [28/Jun/2022:09:05:58 +0800] "GET /xingrg/all/common/auto_word.html?type=employee&rest_code=00106 HTTP/1.1" 200 205
124.78.155.37 - - [28/Jun/2022:09:05:58 +0800] "GET /xingrg/javascript/easyui/themes/default/validatebox.css HTTP/1.1" 404 1104
116.233.75.165 - - [28/Jun/2022:09:06:05 +0800] "POST /xingrg/services/DataTransmitService HTTP/1.1" 200 524
114.84.82.172 - - [28/Jun/2022:09:06:05 +0800] "GET /xingrg/all/function/internal_message.html?_=1656378365283&CODE_STATE=getMsg HTTP/1.1" 200 27
124.78.155.37 - - [28/Jun/2022:09:06:09 +0800] "GET /xingrg/kc/mdqp/qp_main.html HTTP/1.1" 200 10633
222.69.144.95 - - [28/Jun/2022:09:06:10 +0800] "POST /xingrg/kc/buy/cgsh_order_operate.html HTTP/1.1" 200 37
124.78.155.37 - - [28/Jun/2022:09:06:10 +0800] "GET /xingrg/images/yd/bt.gif HTTP/1.1" 404 1040
124.78.155.37 - - [28/Jun/2022:09:06:11 +0800] "GET /xingrg/kc/mdqp/pssh_order_list.html HTTP/1.1" 200 17859
124.78.155.37 - - [28/Jun/2022:09:06:11 +0800] "POST /xingrg/kc/mdqp/pssh_list_operate.html HTTP/1.1" 200 5413
222.69.144.95 - - [28/Jun/2022:09:06:12 +0800] "POST /xingrg/kc/buy/cgsh_order_operate.html HTTP/1.1" 200 5628
124.78.155.37 - - [28/Jun/2022:09:06:13 +0800] "POST /xingrg/kc/mdqp/pssh_list_operate.html HTTP/1.1" 200 262
124.78.155.37 - - [28/Jun/2022:09:06:13 +0800] "GET /xingrg/kc/mdqp/pssh_order_info.html?code=312022062700419 HTTP/1.1" 200 17244
124.78.155.37 - - [28/Jun/2022:09:06:13 +0800] "GET /xingrg/javascript/jquery_tools/jquery-1.4.2.min.js HTTP/1.1" 404 1094
124.78.155.37 - - [28/Jun/2022:09:06:13 +0800] "POST /xingrg/kc/mdqp/pssh_order_operate.html HTTP/1.1" 200 528
124.78.155.37 - - [28/Jun/2022:09:06:13 +0800] "GET /xingrg/javascript/easyui/themes/default/validatebox.css HTTP/1.1" 404 1104
116.230.110.173 - - [28/Jun/2022:09:06:17 +0800] "GET /xingrg/all/function/internal_message.html?_=1656378374937&CODE_STATE=getMsg HTTP/1.1" 200 27
124.78.155.37 - - [28/Jun/2022:09:06:17 +0800] "GET /xingrg/kc/mdqp/pssh_order_list.html?isBack=1 HTTP/1.1" 200 17859
124.78.155.37 - - [28/Jun/2022:09:06:18 +0800] "POST /xingrg/kc/mdqp/pssh_list_operate.html HTTP/1.1" 200 5413
116.238.208.126 - - [28/Jun/2022:09:06:18 +0800] "GET /xingrg/all/function/internal_message.html?_=1656378447273&CODE_STATE=getMsg HTTP/1.1" 200 27
101.83.223.227 - - [28/Jun/2022:09:06:21 +0800] "GET /xingrg/all/function/internal_message.html?_=1656378403490&CODE_STATE=getMsg HTTP/1.1" 200 27
114.84.82.172 - - [28/Jun/2022:09:06:21 +0800] "GET /xingrg/check_reg.html?_=1656378380978 HTTP/1.1" 200 22
114.84.82.172 - - [28/Jun/2022:09:06:21 +0800] "GET /xingrg/all/function/internal_message.html?_=1656378380981&CODE_STATE=getMsg HTTP/1.1" 200 27
58.221.95.50 - - [28/Jun/2022:09:06:24 +0800] "GET /xingrg/all/function/internal_message.html?_=1656378383919&CODE_STATE=getMsg HTTP/1.1" 200 27
101.83.223.227 - - [28/Jun/2022:09:06:38 +0800] "GET /xingrg/check_reg.html?_=1656378348595 HTTP/1.1" 200 22
101.83.223.227 - - [28/Jun/2022:09:06:39 +0800] "GET /xingrg/all/function/internal_message.html?_=1656378348738&CODE_STATE=getMsg HTTP/1.1" 200 27
101.83.144.189 - - [28/Jun/2022:09:06:39 +0800] "GET /xingrg/all/function/internal_message.html?_=1656378399669&CODE_STATE=getMsg HTTP/1.1" 200 27
218.81.223.53 - - [28/Jun/2022:09:06:48 +0800] "GET /xingrg/all/function/internal_message.html?_=1656378412774&CODE_STATE=getMsg HTTP/1.1" 200 27
222.69.144.95 - - [28/Jun/2022:09:06:58 +0800] "GET /xingrg/all/function/internal_message.html?_=1656378457593&CODE_STATE=getMsg HTTP/1.1" 200 27
114.84.82.172 - - [28/Jun/2022:09:07:05 +0800] "GET /xingrg/all/function/internal_message.html?_=1656378425281&CODE_STATE=getMsg HTTP/1.1" 200 27
116.230.110.173 - - [28/Jun/2022:09:07:17 +0800] "GET /xingrg/all/function/internal_message.html?_=1656378434929&CODE_STATE=getMsg HTTP/1.1" 200 27
116.238.208.126 - - [28/Jun/2022:09:07:18 +0800] "GET /xingrg/all/function/internal_message.html?_=1656378507607&CODE_STATE=getMsg HTTP/1.1" 200 27
101.83.223.227 - - [28/Jun/2022:09:07:21 +0800] "GET /xingrg/all/function/internal_message.html?_=1656378463493&CODE_STATE=getMsg HTTP/1.1" 200 27
114.84.82.172 - - [28/Jun/2022:09:07:21 +0800] "GET /xingrg/all/function/internal_message.html?_=1656378440967&CODE_STATE=getMsg HTTP/1.1" 200 27
58.221.95.50 - - [28/Jun/2022:09:07:24 +0800] "GET /xingrg/all/function/internal_message.html?_=1656378443947&CODE_STATE=getMsg HTTP/1.1" 200 27
101.83.223.227 - - [28/Jun/2022:09:07:39 +0800] "GET /xingrg/all/function/internal_message.html?_=1656378408751&CODE_STATE=getMsg HTTP/1.1" 200 27
101.83.144.189 - - [28/Jun/2022:09:07:39 +0800] "GET /xingrg/all/function/internal_message.html?_=1656378459637&CODE_STATE=getMsg HTTP/1.1" 200 27
218.81.223.53 - - [28/Jun/2022:09:07:48 +0800] "GET /xingrg/all/function/internal_message.html?_=1656378472790&CODE_STATE=getMsg HTTP/1.1" 200 27
116.230.110.173 - - [28/Jun/2022:09:07:52 +0800] "GET /xingrg/kc/buy/cgsh_order_add.html HTTP/1.1" 200 67775
116.230.110.173 - - [28/Jun/2022:09:07:53 +0800] "POST /xingrg/kc/buy/cgsh_order_operate.html HTTP/1.1" 200 8245
116.230.110.173 - - [28/Jun/2022:09:07:53 +0800] "GET /xingrg/javascript/easyui/themes/default/validatebox.css HTTP/1.1" 404 1104
116.230.110.173 - - [28/Jun/2022:09:07:55 +0800] "GET /xingrg/kc/buy/cgsh_order_list.html HTTP/1.1" 200 52037
116.230.110.173 - - [28/Jun/2022:09:07:58 +0800] "POST /xingrg/kc/buy/cgsh_list_operate.html HTTP/1.1" 200 1462
222.69.144.95 - - [28/Jun/2022:09:07:58 +0800] "GET /xingrg/all/function/internal_message.html?_=1656378517598&CODE_STATE=getMsg HTTP/1.1" 200 27
116.230.110.173 - - [28/Jun/2022:09:07:59 +0800] "POST /xingrg/kc/buy/cgsh_list_operate.html HTTP/1.1" 200 591
116.230.110.173 - - [28/Jun/2022:09:07:59 +0800] "GET /xingrg/kc/buy/cgsh_order_info.html?code=212022062803747 HTTP/1.1" 200 67784
116.230.110.173 - - [28/Jun/2022:09:08:00 +0800] "GET /xingrg/javascript/easyui/themes/default/validatebox.css HTTP/1.1" 404 1104
116.230.110.173 - - [28/Jun/2022:09:08:00 +0800] "POST /xingrg/kc/buy/cgsh_order_operate.html HTTP/1.1" 200 6823
116.230.110.173 - - [28/Jun/2022:09:08:02 +0800] "GET /xingrg/kc/print/load_data.html?order_code=212022062803747&kc_code=cgsh HTTP/1.1" 200 2372
114.84.82.172 - - [28/Jun/2022:09:08:05 +0800] "GET /xingrg/all/function/internal_message.html?_=1656378485280&CODE_STATE=getMsg HTTP/1.1" 200 27
101.83.144.189 - - [28/Jun/2022:09:08:10 +0800] "GET /xingrg/check_reg.html?_=1656378490126 HTTP/1.1" 200 22
116.238.208.126 - - [28/Jun/2022:09:08:11 +0800] "GET /xingrg/check_reg.html?_=1656378560453 HTTP/1.1" 200 22
58.221.95.50 - - [28/Jun/2022:09:08:16 +0800] "GET /xingrg/check_reg.html?_=1656378496551 HTTP/1.1" 200 22
116.230.110.173 - - [28/Jun/2022:09:08:17 +0800] "GET /xingrg/all/function/internal_message.html?_=1656378494924&CODE_STATE=getMsg HTTP/1.1" 200 27
116.230.110.173 - - [28/Jun/2022:09:08:18 +0800] "GET /xingrg/kc/buy/cgsh_order_add.html HTTP/1.1" 200 67775
116.230.110.173 - - [28/Jun/2022:09:08:18 +0800] "POST /xingrg/kc/buy/cgsh_order_operate.html HTTP/1.1" 200 8245
116.230.110.173 - - [28/Jun/2022:09:08:18 +0800] "GET /xingrg/javascript/easyui/themes/default/validatebox.css HTTP/1.1" 404 1104
116.238.208.126 - - [28/Jun/2022:09:08:18 +0800] "GET /xingrg/all/function/internal_message.html?_=1656378567611&CODE_STATE=getMsg HTTP/1.1" 200 27
101.83.223.227 - - [28/Jun/2022:09:08:21 +0800] "GET /xingrg/all/function/internal_message.html?_=1656378523499&CODE_STATE=getMsg HTTP/1.1" 200 27
114.84.82.172 - - [28/Jun/2022:09:08:21 +0800] "GET /xingrg/all/function/internal_message.html?_=1656378500968&CODE_STATE=getMsg HTTP/1.1" 200 27
58.221.95.50 - - [28/Jun/2022:09:08:24 +0800] "GET /xingrg/all/function/internal_message.html?_=1656378503948&CODE_STATE=getMsg HTTP/1.1" 200 27
58.221.95.50 - - [28/Jun/2022:09:08:24 +0800] "GET /xingrg/check_reg.html?_=1656378503952 HTTP/1.1" 200 22
116.230.110.173 - - [28/Jun/2022:09:08:32 +0800] "GET /xingrg/kc/buy/cgsh_order_operate.html?command=get_materiel&rest_code=00155&code=00101007061&supplier_code=00100002&order_time=2022-06-28 HTTP/1.1" 200 424
101.83.144.189 - - [28/Jun/2022:09:08:39 +0800] "GET /xingrg/check_reg.html?_=1656378569563 HTTP/1.1" 302 -
101.83.223.227 - - [28/Jun/2022:09:08:39 +0800] "GET /xingrg/all/function/internal_message.html?_=1656378468765&CODE_STATE=getMsg HTTP/1.1" 200 27
101.83.144.189 - - [28/Jun/2022:09:08:39 +0800] "GET /xingrg/all/function/internal_message.html?_=1656378519607&CODE_STATE=getMsg HTTP/1.1" 200 27
116.230.110.173 - - [28/Jun/2022:09:08:41 +0800] "GET /xingrg/kc/buy/cgsh_order_operate.html?command=get_materiel&rest_code=00155&code=00101007048&supplier_code=00100002&order_time=2022-06-28 HTTP/1.1" 200 408
218.81.223.53 - - [28/Jun/2022:09:08:48 +0800] "GET /xingrg/all/function/internal_message.html?_=1656378532803&CODE_STATE=getMsg HTTP/1.1" 200 27
116.230.110.173 - - [28/Jun/2022:09:08:50 +0800] "GET /xingrg/kc/buy/cgsh_order_operate.html?command=get_materiel&rest_code=00155&code=00101007032&supplier_code=00100002&order_time=2022-06-28 HTTP/1.1" 200 413
180.169.147.146 - - [28/Jun/2022:09:08:57 +0800] "GET /xingrg/index.html?sysBaseUrl=http%3A%2F%2F180.169.147.146%3A18081%2Fxingrg%2F&costTime=39×tamp=1592034574635 HTTP/1.1" 302 -
180.169.147.146 - - [28/Jun/2022:09:08:57 +0800] "GET /xingrg/login.html HTTP/1.1" 200 7641
116.230.110.173 - - [28/Jun/2022:09:08:58 +0800] "GET /xingrg/kc/buy/cgsh_order_operate.html?command=get_materiel&rest_code=00155&code=00101007071&supplier_code=00100002&order_time=2022-06-28 HTTP/1.1" 200 437
222.69.144.95 - - [28/Jun/2022:09:08:58 +0800] "GET /xingrg/check_reg.html?_=1656378577591 HTTP/1.1" 200 22
222.69.144.95 - - [28/Jun/2022:09:08:58 +0800] "GET /xingrg/all/function/internal_message.html?_=1656378577594&CODE_STATE=getMsg HTTP/1.1" 200 27
180.169.147.146 - - [28/Jun/2022:09:08:58 +0800] "GET /favicon.ico HTTP/1.1" 404 -
180.169.147.146 - - [28/Jun/2022:09:08:59 +0800] "POST /xingrg/login.do HTTP/1.1" 302 -
180.169.147.146 - - [28/Jun/2022:09:08:59 +0800] "GET /xingrg/index.html?sysBaseUrl=http%3A%2F%2F180.169.147.146%3A18081%2Fxingrg%2F&costTime=44×tamp=1656378539230 HTTP/1.1" 200 17503
180.169.147.146 - - [28/Jun/2022:09:08:59 +0800] "GET /favicon.ico HTTP/1.1" 404 -
180.169.147.146 - - [28/Jun/2022:09:08:59 +0800] "POST /xingrg/all/common/load_tree.html?tree=area_rest_tree_json&manage=1 HTTP/1.1" 200 3472
180.169.147.146 - - [28/Jun/2022:09:08:59 +0800] "GET /xingrg/all/function/internal_message.html?_=1656378538758&CODE_STATE=count HTTP/1.1" 200 11
180.169.147.146 - - [28/Jun/2022:09:08:59 +0800] "GET /xingrg/check_reg.html?_=1656378538759 HTTP/1.1" 200 22
180.169.147.146 - - [28/Jun/2022:09:08:59 +0800] "POST /xingrg/load_menu.html HTTP/1.1" 200 11564
218.81.223.53 - - [28/Jun/2022:09:09:00 +0800] "GET /xingrg/check_reg.html?_=1656378545070 HTTP/1.1" 200 22
114.84.82.172 - - [28/Jun/2022:09:09:05 +0800] "GET /xingrg/all/function/internal_message.html?_=1656378545295&CODE_STATE=getMsg HTTP/1.1" 200 27
180.169.147.146 - - [28/Jun/2022:09:09:06 +0800] "GET /xingrg/system/supplier/kcSupplier.html?isKc=1 HTTP/1.1" 200 10949
180.169.147.146 - - [28/Jun/2022:09:09:06 +0800] "POST /xingrg/all/common/load_tree.html?tree=area_tree_json HTTP/1.1" 200 206
180.169.147.146 - - [28/Jun/2022:09:09:06 +0800] "POST /xingrg/all/common/load_tree.html?tree=supplier_sort_tree_json HTTP/1.1" 200 2516
180.169.147.146 - - [28/Jun/2022:09:09:06 +0800] "POST /xingrg/all/common/load_tree.html?tree=area_tree_json HTTP/1.1" 200 206
180.169.147.146 - - [28/Jun/2022:09:09:06 +0800] "POST /xingrg/all/common/load_tree.html?tree=supplier_sort_tree_json HTTP/1.1" 200 2516
116.230.110.173 - - [28/Jun/2022:09:09:08 +0800] "POST /xingrg/kc/buy/cgsh_order_operate.html HTTP/1.1" 200 37
116.230.110.173 - - [28/Jun/2022:09:09:09 +0800] "POST /xingrg/kc/buy/cgsh_order_operate.html HTTP/1.1" 200 4430
116.230.110.173 - - [28/Jun/2022:09:09:10 +0800] "GET /xingrg/kc/print/load_data.html?order_code=212022062803750&kc_code=cgsh&condition= HTTP/1.1" 200 1427
116.230.110.173 - - [28/Jun/2022:09:09:13 +0800] "GET /xingrg/kc/print/load_data.html?order_code=212022062803750&kc_code=cgsh HTTP/1.1" 200 1427
180.169.147.146 - - [28/Jun/2022:09:09:15 +0800] "POST /xingrg/system/supplier/kc_supplier_operate.html HTTP/1.1" 200 11888
116.230.110.173 - - [28/Jun/2022:09:09:17 +0800] "GET /xingrg/all/function/internal_message.html?_=1656378554972&CODE_STATE=getMsg HTTP/1.1" 200 27
116.238.208.126 - - [28/Jun/2022:09:09:18 +0800] "GET /xingrg/all/function/internal_message.html?_=1656378627630&CODE_STATE=getMsg HTTP/1.1" 200 27
180.169.147.146 - - [28/Jun/2022:09:09:20 +0800] "GET /xingrg/system/supplier/kcSupplier_info.html?isAdd=1&type=sort&id=00119 HTTP/1.1" 200 26466
180.169.147.146 - - [28/Jun/2022:09:09:20 +0800] "GET /xingrg/dwr/interface/AjaxKcSupplierService.js HTTP/1.1" 200 13003
180.169.147.146 - - [28/Jun/2022:09:09:20 +0800] "GET /xingrg/dwr/interface/AjaxGetFirstChart.js HTTP/1.1" 200 631
180.169.147.146 - - [28/Jun/2022:09:09:20 +0800] "GET /xingrg/dwr/engine.js HTTP/1.1" 200 43631
180.169.147.146 - - [28/Jun/2022:09:09:21 +0800] "POST /xingrg/all/common/load_tree.html?tree=area_tree_json HTTP/1.1" 200 206
101.83.223.227 - - [28/Jun/2022:09:09:21 +0800] "GET /xingrg/all/function/internal_message.html?_=1656378583487&CODE_STATE=getMsg HTTP/1.1" 200 27
180.169.147.146 - - [28/Jun/2022:09:09:21 +0800] "POST /xingrg/all/common/load_tree.html?tree=area_tree_json HTTP/1.1" 200 206
180.169.147.146 - - [28/Jun/2022:09:09:21 +0800] "POST /xingrg/all/common/load_tree.html?tree=area_rest_tree_json HTTP/1.1" 200 3472
101.83.223.227 - - [28/Jun/2022:09:09:21 +0800] "GET /xingrg/check_reg.html?_=1656378583491 HTTP/1.1" 200 22
180.169.147.146 - - [28/Jun/2022:09:09:21 +0800] "POST /xingrg/dwr/call/plaincall/AjaxKcSupplierService.modifyKcSupplier.dwr HTTP/1.1" 200 123
180.169.147.146 - - [28/Jun/2022:09:09:21 +0800] "GET /favicon.ico HTTP/1.1" 404 -
180.169.147.146 - - [28/Jun/2022:09:09:21 +0800] "POST /xingrg/all/common/load_tree.html?tree=area_tree_json HTTP/1.1" 200 206
180.169.147.146 - - [28/Jun/2022:09:09:21 +0800] "POST /xingrg/all/common/load_tree.html?tree=area_rest_tree_json&defaultRests= HTTP/1.1" 200 3472
180.169.147.146 - - [28/Jun/2022:09:09:21 +0800] "POST /xingrg/all/common/load_tree.html?tree=area_rest_tree_json&areaId=1&defaultRests= HTTP/1.1" 200 3472
114.84.82.172 - - [28/Jun/2022:09:09:21 +0800] "GET /xingrg/all/function/internal_message.html?_=1656378560968&CODE_STATE=getMsg HTTP/1.1" 200 27
116.230.110.173 - - [28/Jun/2022:09:09:21 +0800] "GET /xingrg/kc/buy/cgsh_order_add.html HTTP/1.1" 200 67775
116.230.110.173 - - [28/Jun/2022:09:09:22 +0800] "POST /xingrg/kc/buy/cgsh_order_operate.html HTTP/1.1" 200 8245
116.230.110.173 - - [28/Jun/2022:09:09:22 +0800] "GET /xingrg/javascript/easyui/themes/default/validatebox.css HTTP/1.1" 404 1104
58.221.95.50 - - [28/Jun/2022:09:09:24 +0800] "GET /xingrg/all/function/internal_message.html?_=1656378563956&CODE_STATE=getMsg HTTP/1.1" 200 27
42.236.10.84 - - [28/Jun/2022:09:09:27 +0800] "GET /xingrg/system/supplier/kcSupplier_info.html HTTP/1.1" 302 -
42.236.10.84 - - [28/Jun/2022:09:09:27 +0800] "GET /xingrg/login.html HTTP/1.1" 200 2139
42.236.10.84 - - [28/Jun/2022:09:09:27 +0800] "GET /xingrg/javascript/mobile/jquery.mobile-1.3.2.min.css HTTP/1.1" 200 94670
42.236.10.75 - - [28/Jun/2022:09:09:27 +0800] "GET /xingrg/javascript/mobile/jquery-1.8.3.min.js HTTP/1.1" 200 93637
42.236.10.78 - - [28/Jun/2022:09:09:27 +0800] "GET /xingrg/javascript/mobile/jquery.mobile-1.3.2.min.js HTTP/1.1" 200 145396
42.236.10.78 - - [28/Jun/2022:09:09:28 +0800] "GET /xingrg/javascript/mobile/images/ajax-loader.gif HTTP/1.1" 200 7825
116.230.110.173 - - [28/Jun/2022:09:09:29 +0800] "GET /xingrg/kc/buy/cgsh_order_operate.html?command=get_materiel&rest_code=00155&code=00101001111&supplier_code=00100199&order_time=2022-06-28 HTTP/1.1" 200 411
180.169.147.146 - - [28/Jun/2022:09:09:33 +0800] "POST /xingrg/dwr/call/plaincall/AjaxGetFirstChart.getFirstChart.dwr HTTP/1.1" 200 77
180.169.147.146 - - [28/Jun/2022:09:09:33 +0800] "POST /xingrg/dwr/call/plaincall/AjaxGetFirstChart.getFirstChart.dwr HTTP/1.1" 200 78
180.169.147.146 - - [28/Jun/2022:09:09:33 +0800] "POST /xingrg/dwr/call/plaincall/AjaxGetFirstChart.getFirstChart.dwr HTTP/1.1" 200 78
180.169.147.146 - - [28/Jun/2022:09:09:33 +0800] "POST /xingrg/dwr/call/plaincall/AjaxGetFirstChart.getFirstChart.dwr HTTP/1.1" 200 79
180.169.147.146 - - [28/Jun/2022:09:09:33 +0800] "POST /xingrg/dwr/call/plaincall/AjaxGetFirstChart.getFirstChart.dwr HTTP/1.1" 200 79
180.169.147.146 - - [28/Jun/2022:09:09:33 +0800] "POST /xingrg/dwr/call/plaincall/AjaxGetFirstChart.getFirstChart.dwr HTTP/1.1" 200 80
180.169.147.146 - - [28/Jun/2022:09:09:33 +0800] "POST /xingrg/dwr/call/plaincall/AjaxGetFirstChart.getFirstChart.dwr HTTP/1.1" 200 80
180.169.147.146 - - [28/Jun/2022:09:09:34 +0800] "POST /xingrg/dwr/call/plaincall/AjaxGetFirstChart.getFirstChart.dwr HTTP/1.1" 200 81
180.169.147.146 - - [28/Jun/2022:09:09:34 +0800] "POST /xingrg/dwr/call/plaincall/AjaxGetFirstChart.getFirstChart.dwr HTTP/1.1" 200 81
180.169.147.146 - - [28/Jun/2022:09:09:34 +0800] "POST /xingrg/dwr/call/plaincall/AjaxGetFirstChart.getFirstChart.dwr HTTP/1.1" 200 83
180.169.147.146 - - [28/Jun/2022:09:09:34 +0800] "POST /xingrg/dwr/call/plaincall/AjaxGetFirstChart.getFirstChart.dwr HTTP/1.1" 200 83
180.169.147.146 - - [28/Jun/2022:09:09:34 +0800] "POST /xingrg/dwr/call/plaincall/AjaxGetFirstChart.getFirstChart.dwr HTTP/1.1" 200 84
180.169.147.146 - - [28/Jun/2022:09:09:34 +0800] "POST /xingrg/dwr/call/plaincall/AjaxGetFirstChart.getFirstChart.dwr HTTP/1.1" 200 84
180.169.147.146 - - [28/Jun/2022:09:09:34 +0800] "POST /xingrg/dwr/call/plaincall/AjaxGetFirstChart.getFirstChart.dwr HTTP/1.1" 200 85
180.169.147.146 - - [28/Jun/2022:09:09:34 +0800] "POST /xingrg/dwr/call/plaincall/AjaxGetFirstChart.getFirstChart.dwr HTTP/1.1" 200 85
180.169.147.146 - - [28/Jun/2022:09:09:34 +0800] "POST /xingrg/dwr/call/plaincall/AjaxGetFirstChart.getFirstChart.dwr HTTP/1.1" 200 79
180.169.147.146 - - [28/Jun/2022:09:09:34 +0800] "POST /xingrg/dwr/call/plaincall/AjaxGetFirstChart.getFirstChart.dwr HTTP/1.1" 200 79
180.169.147.146 - - [28/Jun/2022:09:09:34 +0800] "POST /xingrg/dwr/call/plaincall/AjaxGetFirstChart.getFirstChart.dwr HTTP/1.1" 200 80
180.169.147.146 - - [28/Jun/2022:09:09:35 +0800] "POST /xingrg/dwr/call/plaincall/AjaxGetFirstChart.getFirstChart.dwr HTTP/1.1" 200 81
180.169.147.146 - - [28/Jun/2022:09:09:35 +0800] "POST /xingrg/dwr/call/plaincall/AjaxGetFirstChart.getFirstChart.dwr HTTP/1.1" 200 81
180.169.147.146 - - [28/Jun/2022:09:09:35 +0800] "POST /xingrg/dwr/call/plaincall/AjaxGetFirstChart.getFirstChart.dwr HTTP/1.1" 200 82
180.169.147.146 - - [28/Jun/2022:09:09:35 +0800] "POST /xingrg/dwr/call/plaincall/AjaxGetFirstChart.getFirstChart.dwr HTTP/1.1" 200 82
180.169.147.146 - - [28/Jun/2022:09:09:35 +0800] "POST /xingrg/dwr/call/plaincall/AjaxGetFirstChart.getFirstChart.dwr HTTP/1.1" 200 83
180.169.147.146 - - [28/Jun/2022:09:09:35 +0800] "POST /xingrg/dwr/call/plaincall/AjaxGetFirstChart.getFirstChart.dwr HTTP/1.1" 200 83
180.169.147.146 - - [28/Jun/2022:09:09:35 +0800] "POST /xingrg/dwr/call/plaincall/AjaxGetFirstChart.getFirstChart.dwr HTTP/1.1" 200 84
180.169.147.146 - - [28/Jun/2022:09:09:35 +0800] "POST /xingrg/dwr/call/plaincall/AjaxGetFirstChart.getFirstChart.dwr HTTP/1.1" 200 84
180.169.147.146 - - [28/Jun/2022:09:09:35 +0800] "POST /xingrg/dwr/call/plaincall/AjaxGetFirstChart.getFirstChart.dwr HTTP/1.1" 200 85
180.169.147.146 - - [28/Jun/2022:09:09:35 +0800] "POST /xingrg/dwr/call/plaincall/AjaxGetFirstChart.getFirstChart.dwr HTTP/1.1" 200 85
180.169.147.146 - - [28/Jun/2022:09:09:35 +0800] "POST /xingrg/dwr/call/plaincall/AjaxGetFirstChart.getFirstChart.dwr HTTP/1.1" 200 86
180.169.147.146 - - [28/Jun/2022:09:09:35 +0800] "POST /xingrg/dwr/call/plaincall/AjaxGetFirstChart.getFirstChart.dwr HTTP/1.1" 200 86
180.169.147.146 - - [28/Jun/2022:09:09:36 +0800] "POST /xingrg/dwr/call/plaincall/AjaxGetFirstChart.getFirstChart.dwr HTTP/1.1" 200 81
180.169.147.146 - - [28/Jun/2022:09:09:36 +0800] "POST /xingrg/dwr/call/plaincall/AjaxGetFirstChart.getFirstChart.dwr HTTP/1.1" 200 81
180.169.147.146 - - [28/Jun/2022:09:09:37 +0800] "POST /xingrg/dwr/call/plaincall/AjaxGetFirstChart.getFirstChart.dwr HTTP/1.1" 200 80
180.169.147.146 - - [28/Jun/2022:09:09:37 +0800] "POST /xingrg/dwr/call/plaincall/AjaxGetFirstChart.getFirstChart.dwr HTTP/1.1" 200 81
180.169.147.146 - - [28/Jun/2022:09:09:37 +0800] "POST /xingrg/dwr/call/plaincall/AjaxGetFirstChart.getFirstChart.dwr HTTP/1.1" 200 82
180.169.147.146 - - [28/Jun/2022:09:09:37 +0800] "POST /xingrg/dwr/call/plaincall/AjaxGetFirstChart.getFirstChart.dwr HTTP/1.1" 200 82
180.169.147.146 - - [28/Jun/2022:09:09:37 +0800] "POST /xingrg/dwr/call/plaincall/AjaxGetFirstChart.getFirstChart.dwr HTTP/1.1" 200 83
180.169.147.146 - - [28/Jun/2022:09:09:37 +0800] "POST /xingrg/dwr/call/plaincall/AjaxGetFirstChart.getFirstChart.dwr HTTP/1.1" 200 83
180.169.147.146 - - [28/Jun/2022:09:09:37 +0800] "POST /xingrg/dwr/call/plaincall/AjaxGetFirstChart.getFirstChart.dwr HTTP/1.1" 200 84
180.169.147.146 - - [28/Jun/2022:09:09:37 +0800] "POST /xingrg/dwr/call/plaincall/AjaxGetFirstChart.getFirstChart.dwr HTTP/1.1" 200 84
180.169.147.146 - - [28/Jun/2022:09:09:39 +0800] "POST /xingrg/dwr/call/plaincall/AjaxGetFirstChart.getFirstChart.dwr HTTP/1.1" 200 81
180.169.147.146 - - [28/Jun/2022:09:09:39 +0800] "POST /xingrg/dwr/call/plaincall/AjaxGetFirstChart.getFirstChart.dwr HTTP/1.1" 200 81
101.83.223.227 - - [28/Jun/2022:09:09:39 +0800] "GET /xingrg/all/function/internal_message.html?_=1656378528791&CODE_STATE=getMsg HTTP/1.1" 200 27
180.169.147.146 - - [28/Jun/2022:09:09:39 +0800] "POST /xingrg/dwr/call/plaincall/AjaxGetFirstChart.getFirstChart.dwr HTTP/1.1" 200 82
180.169.147.146 - - [28/Jun/2022:09:09:39 +0800] "POST /xingrg/dwr/call/plaincall/AjaxGetFirstChart.getFirstChart.dwr HTTP/1.1" 200 83
180.169.147.146 - - [28/Jun/2022:09:09:39 +0800] "POST /xingrg/dwr/call/plaincall/AjaxGetFirstChart.getFirstChart.dwr HTTP/1.1" 200 83
180.169.147.146 - - [28/Jun/2022:09:09:39 +0800] "POST /xingrg/dwr/call/plaincall/AjaxGetFirstChart.getFirstChart.dwr HTTP/1.1" 200 84
180.169.147.146 - - [28/Jun/2022:09:09:39 +0800] "POST /xingrg/dwr/call/plaincall/AjaxGetFirstChart.getFirstChart.dwr HTTP/1.1" 200 84
180.169.147.146 - - [28/Jun/2022:09:09:39 +0800] "POST /xingrg/dwr/call/plaincall/AjaxGetFirstChart.getFirstChart.dwr HTTP/1.1" 200 85
180.169.147.146 - - [28/Jun/2022:09:09:39 +0800] "POST /xingrg/dwr/call/plaincall/AjaxGetFirstChart.getFirstChart.dwr HTTP/1.1" 200 85
101.83.144.189 - - [28/Jun/2022:09:09:39 +0800] "GET /xingrg/all/function/internal_message.html?_=1656378579585&CODE_STATE=getMsg HTTP/1.1" 200 27
180.169.147.146 - - [28/Jun/2022:09:09:39 +0800] "POST /xingrg/dwr/call/plaincall/AjaxGetFirstChart.getFirstChart.dwr HTTP/1.1" 200 83
180.169.147.146 - - [28/Jun/2022:09:09:39 +0800] "POST /xingrg/dwr/call/plaincall/AjaxGetFirstChart.getFirstChart.dwr HTTP/1.1" 200 83
180.169.147.146 - - [28/Jun/2022:09:09:39 +0800] "POST /xingrg/dwr/call/plaincall/AjaxGetFirstChart.getFirstChart.dwr HTTP/1.1" 200 84
180.169.147.146 - - [28/Jun/2022:09:09:39 +0800] "POST /xingrg/dwr/call/plaincall/AjaxGetFirstChart.getFirstChart.dwr HTTP/1.1" 200 85
180.169.147.146 - - [28/Jun/2022:09:09:39 +0800] "POST /xingrg/dwr/call/plaincall/AjaxGetFirstChart.getFirstChart.dwr HTTP/1.1" 200 85
180.169.147.146 - - [28/Jun/2022:09:09:40 +0800] "POST /xingrg/dwr/call/plaincall/AjaxGetFirstChart.getFirstChart.dwr HTTP/1.1" 200 86
180.169.147.146 - - [28/Jun/2022:09:09:40 +0800] "POST /xingrg/dwr/call/plaincall/AjaxGetFirstChart.getFirstChart.dwr HTTP/1.1" 200 86
180.169.147.146 - - [28/Jun/2022:09:09:40 +0800] "POST /xingrg/dwr/call/plaincall/AjaxGetFirstChart.getFirstChart.dwr HTTP/1.1" 200 85
180.169.147.146 - - [28/Jun/2022:09:09:40 +0800] "POST /xingrg/dwr/call/plaincall/AjaxGetFirstChart.getFirstChart.dwr HTTP/1.1" 200 85
180.169.147.146 - - [28/Jun/2022:09:09:40 +0800] "POST /xingrg/dwr/call/plaincall/AjaxGetFirstChart.getFirstChart.dwr HTTP/1.1" 200 84
180.169.147.146 - - [28/Jun/2022:09:09:40 +0800] "POST /xingrg/dwr/call/plaincall/AjaxGetFirstChart.getFirstChart.dwr HTTP/1.1" 200 84
180.169.147.146 - - [28/Jun/2022:09:09:40 +0800] "POST /xingrg/dwr/call/plaincall/AjaxGetFirstChart.getFirstChart.dwr HTTP/1.1" 200 83
180.169.147.146 - - [28/Jun/2022:09:09:40 +0800] "POST /xingrg/dwr/call/plaincall/AjaxGetFirstChart.getFirstChart.dwr HTTP/1.1" 200 84
180.169.147.146 - - [28/Jun/2022:09:09:40 +0800] "POST /xingrg/dwr/call/plaincall/AjaxGetFirstChart.getFirstChart.dwr HTTP/1.1" 200 85
180.169.147.146 - - [28/Jun/2022:09:09:40 +0800] "POST /xingrg/dwr/call/plaincall/AjaxGetFirstChart.getFirstChart.dwr HTTP/1.1" 200 85
180.169.147.146 - - [28/Jun/2022:09:09:41 +0800] "POST /xingrg/dwr/call/plaincall/AjaxGetFirstChart.getFirstChart.dwr HTTP/1.1" 200 86
180.169.147.146 - - [28/Jun/2022:09:09:41 +0800] "POST /xingrg/dwr/call/plaincall/AjaxGetFirstChart.getFirstChart.dwr HTTP/1.1" 200 86
180.169.147.146 - - [28/Jun/2022:09:09:41 +0800] "POST /xingrg/dwr/call/plaincall/AjaxGetFirstChart.getFirstChart.dwr HTTP/1.1" 200 87
180.169.147.146 - - [28/Jun/2022:09:09:41 +0800] "POST /xingrg/dwr/call/plaincall/AjaxGetFirstChart.getFirstChart.dwr HTTP/1.1" 200 87
180.169.147.146 - - [28/Jun/2022:09:09:41 +0800] "POST /xingrg/dwr/call/plaincall/AjaxGetFirstChart.getFirstChart.dwr HTTP/1.1" 200 88
180.169.147.146 - - [28/Jun/2022:09:09:41 +0800] "POST /xingrg/dwr/call/plaincall/AjaxGetFirstChart.getFirstChart.dwr HTTP/1.1" 200 88
180.169.147.146 - - [28/Jun/2022:09:09:41 +0800] "POST /xingrg/dwr/call/plaincall/AjaxGetFirstChart.getFirstChart.dwr HTTP/1.1" 200 89
180.169.147.146 - - [28/Jun/2022:09:09:41 +0800] "POST /xingrg/dwr/call/plaincall/AjaxGetFirstChart.getFirstChart.dwr HTTP/1.1" 200 89
180.169.147.146 - - [28/Jun/2022:09:09:41 +0800] "POST /xingrg/dwr/call/plaincall/AjaxGetFirstChart.getFirstChart.dwr HTTP/1.1" 200 90
180.169.147.146 - - [28/Jun/2022:09:09:41 +0800] "POST /xingrg/dwr/call/plaincall/AjaxGetFirstChart.getFirstChart.dwr HTTP/1.1" 200 90
180.169.147.146 - - [28/Jun/2022:09:09:41 +0800] "POST /xingrg/dwr/call/plaincall/AjaxGetFirstChart.getFirstChart.dwr HTTP/1.1" 200 85
180.169.147.146 - - [28/Jun/2022:09:09:41 +0800] "POST /xingrg/dwr/call/plaincall/AjaxGetFirstChart.getFirstChart.dwr HTTP/1.1" 200 85
180.169.147.146 - - [28/Jun/2022:09:09:41 +0800] "POST /xingrg/dwr/call/plaincall/AjaxGetFirstChart.getFirstChart.dwr HTTP/1.1" 200 86
180.169.147.146 - - [28/Jun/2022:09:09:41 +0800] "POST /xingrg/dwr/call/plaincall/AjaxGetFirstChart.getFirstChart.dwr HTTP/1.1" 200 87
180.169.147.146 - - [28/Jun/2022:09:09:41 +0800] "POST /xingrg/dwr/call/plaincall/AjaxGetFirstChart.getFirstChart.dwr HTTP/1.1" 200 87
180.169.147.146 - - [28/Jun/2022:09:09:41 +0800] "POST /xingrg/dwr/call/plaincall/AjaxGetFirstChart.getFirstChart.dwr HTTP/1.1" 200 88
180.169.147.146 - - [28/Jun/2022:09:09:41 +0800] "POST /xingrg/dwr/call/plaincall/AjaxGetFirstChart.getFirstChart.dwr HTTP/1.1" 200 88
180.169.147.146 - - [28/Jun/2022:09:09:41 +0800] "POST /xingrg/dwr/call/plaincall/AjaxGetFirstChart.getFirstChart.dwr HTTP/1.1" 200 89
180.169.147.146 - - [28/Jun/2022:09:09:41 +0800] "POST /xingrg/dwr/call/plaincall/AjaxGetFirstChart.getFirstChart.dwr HTTP/1.1" 200 89
180.169.147.146 - - [28/Jun/2022:09:09:42 +0800] "POST /xingrg/dwr/call/plaincall/AjaxGetFirstChart.getFirstChart.dwr HTTP/1.1" 200 90
180.169.147.146 - - [28/Jun/2022:09:09:42 +0800] "POST /xingrg/dwr/call/plaincall/AjaxGetFirstChart.getFirstChart.dwr HTTP/1.1" 200 90
180.169.147.146 - - [28/Jun/2022:09:09:42 +0800] "POST /xingrg/dwr/call/plaincall/AjaxGetFirstChart.getFirstChart.dwr HTTP/1.1" 200 91
180.169.147.146 - - [28/Jun/2022:09:09:42 +0800] "POST /xingrg/dwr/call/plaincall/AjaxGetFirstChart.getFirstChart.dwr HTTP/1.1" 200 91
180.169.147.146 - - [28/Jun/2022:09:09:42 +0800] "POST /xingrg/dwr/call/plaincall/AjaxGetFirstChart.getFirstChart.dwr HTTP/1.1" 200 87
180.169.147.146 - - [28/Jun/2022:09:09:42 +0800] "POST /xingrg/dwr/call/plaincall/AjaxGetFirstChart.getFirstChart.dwr HTTP/1.1" 200 87
116.230.110.173 - - [28/Jun/2022:09:09:44 +0800] "GET /xingrg/kc/buy/cgsh_order_operate.html?command=get_materiel&rest_code=00155&code=00101001075&supplier_code=00100199&order_time=2022-06-28 HTTP/1.1" 200 428
180.169.147.146 - - [28/Jun/2022:09:09:45 +0800] "POST /xingrg/dwr/call/plaincall/AjaxKcSupplierService.modifyKcSupplier.dwr HTTP/1.1" 200 77
180.169.147.146 - - [28/Jun/2022:09:09:45 +0800] "POST /xingrg/system/supplier/kc_supplier_operate.html HTTP/1.1" 200 12059
218.81.223.53 - - [28/Jun/2022:09:09:48 +0800] "GET /xingrg/all/function/internal_message.html?_=1656378593146&CODE_STATE=getMsg HTTP/1.1" 200 27
116.230.110.173 - - [28/Jun/2022:09:09:53 +0800] "GET /xingrg/kc/buy/cgsh_order_operate.html?command=get_materiel&rest_code=00155&code=00101002027&supplier_code=00100199&order_time=2022-06-28 HTTP/1.1" 200 429
222.69.144.95 - - [28/Jun/2022:09:09:58 +0800] "GET /xingrg/all/function/internal_message.html?_=1656378637594&CODE_STATE=getMsg HTTP/1.1" 200 27
116.230.110.173 - - [28/Jun/2022:09:09:59 +0800] "POST /xingrg/kc/buy/cgsh_order_operate.html HTTP/1.1" 200 37
180.169.147.146 - - [28/Jun/2022:09:09:59 +0800] "GET /xingrg/all/function/internal_message.html?_=1656378598782&CODE_STATE=getMsg HTTP/1.1" 200 27
116.230.110.173 - - [28/Jun/2022:09:10:00 +0800] "POST /xingrg/kc/buy/cgsh_order_operate.html HTTP/1.1" 200 3839
116.230.110.173 - - [28/Jun/2022:09:10:00 +0800] "GET /xingrg/kc/print/load_data.html?order_code=212022062803751&kc_code=cgsh&condition= HTTP/1.1" 200 1120
116.230.110.173 - - [28/Jun/2022:09:10:04 +0800] "GET /xingrg/kc/print/load_data.html?order_code=212022062803751&kc_code=cgsh HTTP/1.1" 200 1120
114.84.82.172 - - [28/Jun/2022:09:10:05 +0800] "GET /xingrg/all/function/internal_message.html?_=1656378605295&CODE_STATE=getMsg HTTP/1.1" 200 27
114.84.82.172 - - [28/Jun/2022:09:10:06 +0800] "GET /xingrg/check_reg.html?_=1656378605297 HTTP/1.1" 200 22
180.169.147.146 - - [28/Jun/2022:09:10:06 +0800] "POST /xingrg/system/supplier/kc_supplier_operate.html HTTP/1.1" 200 16901
180.169.147.146 - - [28/Jun/2022:09:10:09 +0800] "GET /xingrg/system/info/materiel_manager.html HTTP/1.1" 200 19497
180.169.147.146 - - [28/Jun/2022:09:10:09 +0800] "GET /xingrg/dwr/interface/AjaxBaseInfoService.js HTTP/1.1" 200 21363
180.169.147.146 - - [28/Jun/2022:09:10:09 +0800] "GET /xingrg/dwr/interface/AjaxComOrderService.js HTTP/1.1" 200 18264
180.169.147.146 - - [28/Jun/2022:09:10:09 +0800] "GET /xingrg/dwr/engine.js HTTP/1.1" 200 43631
180.169.147.146 - - [28/Jun/2022:09:10:09 +0800] "POST /xingrg/dwr/call/plaincall/AjaxBaseInfoService.getSubMaterielSorts.dwr HTTP/1.1" 200 219
180.169.147.146 - - [28/Jun/2022:09:10:10 +0800] "POST /xingrg/dwr/call/plaincall/AjaxBaseInfoService.getMateriels.dwr HTTP/1.1" 200 2930
180.169.147.146 - - [28/Jun/2022:09:10:11 +0800] "POST /xingrg/dwr/call/plaincall/AjaxBaseInfoService.getSubMaterielSorts.dwr HTTP/1.1" 200 3953
180.169.147.146 - - [28/Jun/2022:09:10:11 +0800] "POST /xingrg/dwr/call/plaincall/AjaxBaseInfoService.getMateriels.dwr HTTP/1.1" 200 2928
180.169.147.146 - - [28/Jun/2022:09:10:12 +0800] "POST /xingrg/dwr/call/plaincall/AjaxBaseInfoService.getMateriels.dwr HTTP/1.1" 200 3049
180.169.147.146 - - [28/Jun/2022:09:10:13 +0800] "GET /xingrg/system/info/materiel_info.html?code=00101010&isAdd=1 HTTP/1.1" 200 36426
180.169.147.146 - - [28/Jun/2022:09:10:13 +0800] "GET /xingrg/dwr/engine.js HTTP/1.1" 200 43631
180.169.147.146 - - [28/Jun/2022:09:10:13 +0800] "GET /favicon.ico HTTP/1.1" 404 -
180.169.147.146 - - [28/Jun/2022:09:10:13 +0800] "POST /xingrg/all/common/load_tree.html?tree=area_rest_tree_json HTTP/1.1" 200 3472
180.169.147.146 - - [28/Jun/2022:09:10:13 +0800] "POST /xingrg/dwr/call/plaincall/AjaxBaseInfoService.getMaterielInfo.dwr HTTP/1.1" 200 210
180.169.147.146 - - [28/Jun/2022:09:10:13 +0800] "POST /xingrg/all/common/load_tree.html?tree=area_rest_tree_json&defaultRests=undefined HTTP/1.1" 200 3472
116.230.110.173 - - [28/Jun/2022:09:10:15 +0800] "GET /xingrg/kc/buy/cgsh_order_add.html HTTP/1.1" 200 67838
116.230.110.173 - - [28/Jun/2022:09:10:15 +0800] "POST /xingrg/kc/buy/cgsh_order_operate.html HTTP/1.1" 200 8245
116.230.110.173 - - [28/Jun/2022:09:10:15 +0800] "GET /xingrg/javascript/easyui/themes/default/validatebox.css HTTP/1.1" 404 1104
180.169.147.146 - - [28/Jun/2022:09:10:15 +0800] "POST /xingrg/dwr/call/plaincall/AjaxGetFirstChart.getFirstChart.dwr HTTP/1.1" 200 78
116.230.110.173 - - [28/Jun/2022:09:10:17 +0800] "GET /xingrg/check_reg.html?_=1656378614934 HTTP/1.1" 200 22
116.230.110.173 - - [28/Jun/2022:09:10:17 +0800] "GET /xingrg/all/function/internal_message.html?_=1656378614964&CODE_STATE=getMsg HTTP/1.1" 200 27
116.238.208.126 - - [28/Jun/2022:09:10:18 +0800] "GET /xingrg/all/function/internal_message.html?_=1656378687939&CODE_STATE=getMsg HTTP/1.1" 200 27
180.169.147.146 - - [28/Jun/2022:09:10:20 +0800] "POST /xingrg/dwr/call/plaincall/AjaxBaseInfoService.changeUnitGroup.dwr HTTP/1.1" 200 243
101.83.223.227 - - [28/Jun/2022:09:10:21 +0800] "GET /xingrg/all/function/internal_message.html?_=1656378643496&CODE_STATE=getMsg HTTP/1.1" 200 27
114.84.82.172 - - [28/Jun/2022:09:10:21 +0800] "GET /xingrg/all/function/internal_message.html?_=1656378620969&CODE_STATE=getMsg HTTP/1.1" 200 27
58.221.95.50 - - [28/Jun/2022:09:10:24 +0800] "GET /xingrg/all/function/internal_message.html?_=1656378623957&CODE_STATE=getMsg HTTP/1.1" 200 27
180.169.147.146 - - [28/Jun/2022:09:10:25 +0800] "POST /xingrg/dwr/call/plaincall/AjaxBaseInfoService.saveMateriel.dwr HTTP/1.1" 200 109
180.169.147.146 - - [28/Jun/2022:09:10:25 +0800] "POST /xingrg/dwr/call/plaincall/AjaxBaseInfoService.getMateriels.dwr HTTP/1.1" 200 3049
180.169.147.146 - - [28/Jun/2022:09:10:26 +0800] "GET /xingrg/system/info/materiel_info.html?code=00101010&isAdd=1 HTTP/1.1" 200 36426
180.169.147.146 - - [28/Jun/2022:09:10:26 +0800] "GET /xingrg/dwr/interface/AjaxBaseInfoService.js HTTP/1.1" 200 21363
180.169.147.146 - - [28/Jun/2022:09:10:26 +0800] "GET /xingrg/dwr/interface/AjaxGetFirstChart.js HTTP/1.1" 200 631
180.169.147.146 - - [28/Jun/2022:09:10:26 +0800] "GET /xingrg/dwr/interface/AjaxComOrderService.js HTTP/1.1" 200 18264
180.169.147.146 - - [28/Jun/2022:09:10:26 +0800] "GET /xingrg/dwr/engine.js HTTP/1.1" 200 43631
180.169.147.146 - - [28/Jun/2022:09:10:26 +0800] "POST /xingrg/dwr/call/plaincall/AjaxBaseInfoService.getMaterielInfo.dwr HTTP/1.1" 200 210
180.169.147.146 - - [28/Jun/2022:09:10:26 +0800] "POST /xingrg/all/common/load_tree.html?tree=area_rest_tree_json HTTP/1.1" 200 3472
180.169.147.146 - - [28/Jun/2022:09:10:26 +0800] "POST /xingrg/all/common/load_tree.html?tree=area_rest_tree_json&defaultRests=undefined HTTP/1.1" 200 3472
116.230.110.173 - - [28/Jun/2022:09:10:27 +0800] "GET /xingrg/kc/buy/cgsh_order_operate.html?command=get_materiel&rest_code=00155&code=00101015046&supplier_code=00100450&order_time=2022-06-28 HTTP/1.1" 200 413
116.230.110.173 - - [28/Jun/2022:09:10:34 +0800] "GET /xingrg/kc/buy/cgsh_order_operate.html?command=get_materiel&rest_code=00155&code=00101008123&supplier_code=00100450&order_time=2022-06-28 HTTP/1.1" 200 413
101.83.223.227 - - [28/Jun/2022:09:10:39 +0800] "GET /xingrg/all/function/internal_message.html?_=1656378588808&CODE_STATE=getMsg HTTP/1.1" 200 27
101.83.144.189 - - [28/Jun/2022:09:10:39 +0800] "GET /xingrg/all/function/internal_message.html?_=1656378639579&CODE_STATE=getMsg HTTP/1.1" 200 27
116.230.110.173 - - [28/Jun/2022:09:10:46 +0800] "GET /xingrg/kc/buy/cgsh_order_operate.html?command=get_materiel&rest_code=00155&code=00101015038&supplier_code=00100450&order_time=2022-06-28 HTTP/1.1" 200 419
218.81.223.53 - - [28/Jun/2022:09:10:48 +0800] "GET /xingrg/all/function/internal_message.html?_=1656378653158&CODE_STATE=getMsg HTTP/1.1" 200 27
116.230.110.173 - - [28/Jun/2022:09:10:57 +0800] "GET /xingrg/kc/buy/cgsh_order_operate.html?command=get_materiel&rest_code=00155&code=00101008568&supplier_code=00100450&order_time=2022-06-28 HTTP/1.1" 200 413
222.69.144.95 - - [28/Jun/2022:09:10:58 +0800] "GET /xingrg/all/function/internal_message.html?_=1656378697594&CODE_STATE=getMsg HTTP/1.1" 200 27
180.169.147.146 - - [28/Jun/2022:09:10:59 +0800] "GET /xingrg/all/function/internal_message.html?_=1656378658773&CODE_STATE=getMsg HTTP/1.1" 200 27
114.84.82.172 - - [28/Jun/2022:09:11:05 +0800] "GET /xingrg/all/function/internal_message.html?_=1656378665281&CODE_STATE=getMsg HTTP/1.1" 200 27
116.230.110.173 - - [28/Jun/2022:09:11:07 +0800] "GET /xingrg/kc/buy/cgsh_order_operate.html?command=get_materiel&rest_code=00155&code=00101008284&supplier_code=00100450&order_time=2022-06-28 HTTP/1.1" 200 413
116.230.110.173 - - [28/Jun/2022:09:11:15 +0800] "GET /xingrg/kc/buy/cgsh_order_operate.html?command=get_materiel&rest_code=00155&code=00101015136&supplier_code=00100450&order_time=2022-06-28 HTTP/1.1" 200 413
116.230.110.173 - - [28/Jun/2022:09:11:17 +0800] "GET /xingrg/all/function/internal_message.html?_=1656378674986&CODE_STATE=getMsg HTTP/1.1" 200 27
116.238.208.126 - - [28/Jun/2022:09:11:18 +0800] "GET /xingrg/all/function/internal_message.html?_=1656378747948&CODE_STATE=getMsg HTTP/1.1" 200 27
101.83.223.227 - - [28/Jun/2022:09:11:21 +0800] "GET /xingrg/all/function/internal_message.html?_=1656378703498&CODE_STATE=getMsg HTTP/1.1" 200 27
114.84.82.172 - - [28/Jun/2022:09:11:21 +0800] "GET /xingrg/all/function/internal_message.html?_=1656378680970&CODE_STATE=getMsg HTTP/1.1" 200 27
114.84.82.172 - - [28/Jun/2022:09:11:21 +0800] "GET /xingrg/check_reg.html?_=1656378680973 HTTP/1.1" 200 22
116.238.208.126 - - [28/Jun/2022:09:11:22 +0800] "GET /xingrg/kc/buy/cgsh_order_list.html HTTP/1.1" 200 52094
116.230.110.173 - - [28/Jun/2022:09:11:23 +0800] "GET /xingrg/kc/buy/cgsh_order_operate.html?command=get_materiel&rest_code=00155&code=00101015129&supplier_code=00100450&order_time=2022-06-28 HTTP/1.1" 200 410
116.238.208.126 - - [28/Jun/2022:09:11:23 +0800] "POST /xingrg/kc/buy/cgsh_list_operate.html HTTP/1.1" 200 693
58.221.95.50 - - [28/Jun/2022:09:11:24 +0800] "GET /xingrg/all/function/internal_message.html?_=1656378683946&CODE_STATE=getMsg HTTP/1.1" 200 27
116.238.208.126 - - [28/Jun/2022:09:11:24 +0800] "GET /xingrg/kc/buy/cgsh_order_add.html HTTP/1.1" 200 67870
116.238.208.126 - - [28/Jun/2022:09:11:24 +0800] "GET /xingrg/words/20220628091025_words.js HTTP/1.1" 200 902433
116.238.208.126 - - [28/Jun/2022:09:11:24 +0800] "GET /xingrg/javascript/easyui/themes/icons/copy_new.png HTTP/1.1" 200 815
116.238.208.126 - - [28/Jun/2022:09:11:26 +0800] "POST /xingrg/kc/buy/cgsh_order_operate.html HTTP/1.1" 200 8245
116.238.208.126 - - [28/Jun/2022:09:11:26 +0800] "GET /xingrg/javascript/easyui/themes/default/validatebox.css HTTP/1.1" 404 1104
116.238.208.126 - - [28/Jun/2022:09:11:29 +0800] "GET /xingrg/javascript/easyui/plugins/jquery.draggable.js HTTP/1.1" 200 6121
116.238.208.126 - - [28/Jun/2022:09:11:29 +0800] "GET /xingrg/javascript/easyui/plugins/jquery.droppable.js HTTP/1.1" 200 1167
116.238.208.126 - - [28/Jun/2022:09:11:29 +0800] "GET /xingrg/javascript/easyui/themes/default/tree.css HTTP/1.1" 404 1090
116.238.208.126 - - [28/Jun/2022:09:11:29 +0800] "GET /xingrg/javascript/easyui/plugins/jquery.tree.js HTTP/1.1" 200 20874
116.238.208.126 - - [28/Jun/2022:09:11:30 +0800] "POST /xingrg/all/common/load_tree.html?tree=supplier_tree_json&isDelete=1 HTTP/1.1" 200 66828
