116.230.110.173 - - [28/Jun/2022:09:50:05 +0800] "GET /xingrg/all/function/internal_message.html?_=1656381004461&CODE_STATE=count HTTP/1.1" 200 11
116.230.110.173 - - [28/Jun/2022:09:50:05 +0800] "GET /xingrg/check_reg.html?_=1656381004463 HTTP/1.1" 200 22
114.84.82.172 - - [28/Jun/2022:09:50:06 +0800] "GET /xingrg/all/function/internal_message.html?_=1656381005372&CODE_STATE=getMsg HTTP/1.1" 200 27
114.84.82.172 - - [28/Jun/2022:09:50:06 +0800] "GET /xingrg/check_reg.html?_=1656381005374 HTTP/1.1" 200 22
222.69.144.95 - - [28/Jun/2022:09:50:07 +0800] "GET /xingrg/all/function/internal_message.html?_=1656381046932&CODE_STATE=getMsg HTTP/1.1" 200 27
114.84.82.172 - - [28/Jun/2022:09:50:09 +0800] "GET /xingrg/all/report/report_query.html?isQuery=1&fileName=kc/base/crk_detail_by_materiel.xml&queryString=&queryText=%25E3%2580%2590%25E4%25BB%2593%25E5%25BA%2593%25E5%2590%258D%25E7%25A7%25B0%253A%25E5%25A4%2596%25E5%258D%2596%25E6%25A1%25A3%25E5%258F%25A3%25E3%2580%2591%25E3%2580%2590%25E4%25B8%259A%25E5%258A%25A1%25E7%25B1%25BB%25E5%259E%258B%25EF%25BC%259A%25E6%2580%25BB%25E9%2583%25A8%25E9%2585%258D%25E9%2580%2581%25E3%2580%2591%2520%253F%253F%253F%253F%253F2022-04-01%253F%253F2022-04-30%2520%253F%253F%253F%253F%253F%253F%253F%253F%253F%253F%253F&tableQueryString=crk_table%2524sp1%2524order_day%2520between%252020220401%2520and%252020220430%2520and%2520(base_code%253D'0010014')%2520and%2520(src_order_type%2520in%2520(31))%2520and%2520(is_rk%2520in%2520(1))%2520and%2520(m.sort_code%253D'00101011') HTTP/1.1" 200 53821
114.84.82.172 - - [28/Jun/2022:09:50:09 +0800] "GET /xingrg/dwr/interface/AjaxReportQueryService.js HTTP/1.1" 200 13203
114.84.82.172 - - [28/Jun/2022:09:50:09 +0800] "GET /xingrg/dwr/engine.js HTTP/1.1" 200 43631
114.84.82.172 - - [28/Jun/2022:09:50:10 +0800] "POST /xingrg/all/report/load_report_page.html HTTP/1.1" 200 19062
114.84.82.172 - - [28/Jun/2022:09:50:10 +0800] "GET /xingrg/servlets/image?cache=0.15591139304793822&image=px HTTP/1.1" 200 807
116.230.110.173 - - [28/Jun/2022:09:50:17 +0800] "GET /xingrg/check_reg.html?_=1656381016318 HTTP/1.1" 200 22
116.230.110.173 - - [28/Jun/2022:09:50:17 +0800] "GET /xingrg/all/function/internal_message.html?_=1656381016332&CODE_STATE=getMsg HTTP/1.1" 200 27
101.83.223.227 - - [28/Jun/2022:09:50:21 +0800] "GET /xingrg/all/function/internal_message.html?_=1656381043484&CODE_STATE=getMsg HTTP/1.1" 200 27
114.84.82.172 - - [28/Jun/2022:09:50:21 +0800] "GET /xingrg/all/function/internal_message.html?_=1656381021105&CODE_STATE=getMsg HTTP/1.1" 200 27
114.84.82.172 - - [28/Jun/2022:09:50:33 +0800] "GET /xingrg/all/report/report_query.html?isQuery=1&fileName=kc/base/crk_detail_by_list.xml&queryString=&queryText=%25E3%2580%2590%25E4%25BB%2593%25E5%25BA%2593%25E5%2590%258D%25E7%25A7%25B0%253A%25E5%25A4%2596%25E5%258D%2596%25E6%25A1%25A3%25E5%258F%25A3%25E3%2580%2591%25E3%2580%2590%25E4%25B8%259A%25E5%258A%25A1%25E7%25B1%25BB%25E5%259E%258B%25EF%25BC%259A%25E6%2580%25BB%25E9%2583%25A8%25E9%2585%258D%25E9%2580%2581%25E3%2580%2591%2520%253F%253F%253F%253F%253F2022-04-01%253F%253F2022-04-30%2520%253F%253F%253F%253F%253F%253F%253F%253F%253F%253F%253F&tableQueryString=crk_table%2524sp1%2524order_day%2520between%252020220401%2520and%252020220430%2520and%2520(base_code%253D'0010014')%2520and%2520(src_order_type%2520in%2520(31))%2520and%2520(is_rk%2520in%2520(1))%2520and%2520(m.sort_code%253D'00101011')%2520and%2520(a.materiel_code%253D'00101011005') HTTP/1.1" 200 51062
114.84.82.172 - - [28/Jun/2022:09:50:34 +0800] "GET /xingrg/dwr/interface/AjaxReportQueryService.js HTTP/1.1" 200 13203
114.84.82.172 - - [28/Jun/2022:09:50:34 +0800] "GET /xingrg/dwr/engine.js HTTP/1.1" 200 43631
114.84.82.172 - - [28/Jun/2022:09:50:34 +0800] "POST /xingrg/all/report/load_report_page.html HTTP/1.1" 200 16007
114.84.82.172 - - [28/Jun/2022:09:50:34 +0800] "GET /xingrg/servlets/image?cache=0.35498073574507205&image=px HTTP/1.1" 200 807
116.238.208.126 - - [28/Jun/2022:09:50:36 +0800] "GET /xingrg/check_reg.html?_=1656381104796 HTTP/1.1" 200 22
116.238.208.126 - - [28/Jun/2022:09:50:36 +0800] "GET /xingrg/all/function/internal_message.html?_=1656381105072&CODE_STATE=getMsg HTTP/1.1" 200 27
101.83.144.189 - - [28/Jun/2022:09:50:38 +0800] "GET /xingrg/all/function/internal_message.html?_=1656381038623&CODE_STATE=getMsg HTTP/1.1" 200 27
101.83.223.227 - - [28/Jun/2022:09:50:40 +0800] "GET /xingrg/all/function/internal_message.html?_=1656380989585&CODE_STATE=getMsg HTTP/1.1" 200 27
172.20.0.100 - - [28/Jun/2022:09:50:43 +0800] "GET /xingrg/all/function/internal_message.html?_=1656381043651&CODE_STATE=getMsg HTTP/1.1" 200 27
114.84.82.172 - - [28/Jun/2022:09:50:47 +0800] "GET /xingrg/all/report/report_query.html?isQuery=1&fileName=kc/base/crk_detail_by_list.xml&queryString=&queryText=%25E3%2580%2590%25E4%25BB%2593%25E5%25BA%2593%25E5%2590%258D%25E7%25A7%25B0%253A%25E5%25A4%2596%25E5%258D%2596%25E6%25A1%25A3%25E5%258F%25A3%25E3%2580%2591%25E3%2580%2590%25E4%25B8%259A%25E5%258A%25A1%25E7%25B1%25BB%25E5%259E%258B%25EF%25BC%259A%25E6%2580%25BB%25E9%2583%25A8%25E9%2585%258D%25E9%2580%2581%25E3%2580%2591%2520%253F%253F%253F%253F%253F2022-04-01%253F%253F2022-04-30%2520%253F%253F%253F%253F%253F%253F%253F%253F%253F%253F%253F&tableQueryString=crk_table%2524sp1%2524order_day%2520between%252020220401%2520and%252020220430%2520and%2520(base_code%253D'0010014')%2520and%2520(src_order_type%2520in%2520(31))%2520and%2520(is_rk%2520in%2520(1))%2520and%2520(m.sort_code%253D'00101011')%2520and%2520(a.materiel_code%253D'00101011003') HTTP/1.1" 200 51062
114.84.82.172 - - [28/Jun/2022:09:50:47 +0800] "GET /xingrg/dwr/interface/AjaxReportQueryService.js HTTP/1.1" 200 13203
114.84.82.172 - - [28/Jun/2022:09:50:47 +0800] "GET /xingrg/dwr/engine.js HTTP/1.1" 200 43631
180.169.147.146 - - [28/Jun/2022:09:50:48 +0800] "GET /xingrg/all/function/internal_message.html?_=1656381047214&CODE_STATE=getMsg HTTP/1.1" 200 27
180.169.147.146 - - [28/Jun/2022:09:50:48 +0800] "GET /xingrg/check_reg.html?_=1656381047218 HTTP/1.1" 200 22
114.84.82.172 - - [28/Jun/2022:09:50:48 +0800] "POST /xingrg/all/report/load_report_page.html HTTP/1.1" 200 16033
114.84.82.172 - - [28/Jun/2022:09:50:48 +0800] "GET /xingrg/servlets/image?cache=0.033466490172924024&image=px HTTP/1.1" 200 807
218.81.223.53 - - [28/Jun/2022:09:50:54 +0800] "GET /xingrg/all/function/internal_message.html?_=1656381059505&CODE_STATE=getMsg HTTP/1.1" 200 27
116.233.75.165 - - [28/Jun/2022:09:50:55 +0800] "GET /xingrg/all/function/internal_message.html?_=1656381056453&CODE_STATE=getMsg HTTP/1.1" 200 27
218.81.223.53 - - [28/Jun/2022:09:50:59 +0800] "POST /xingrg/services/DataTransmitService HTTP/1.1" 200 524
218.81.223.53 - - [28/Jun/2022:09:51:00 +0800] "POST /xingrg/services/DataTransmitService HTTP/1.1" 200 412
114.84.82.172 - - [28/Jun/2022:09:51:06 +0800] "GET /xingrg/all/function/internal_message.html?_=1656381065373&CODE_STATE=getMsg HTTP/1.1" 200 27
222.69.144.95 - - [28/Jun/2022:09:51:07 +0800] "GET /xingrg/all/function/internal_message.html?_=1656381106922&CODE_STATE=getMsg HTTP/1.1" 200 27
116.230.110.173 - - [28/Jun/2022:09:51:17 +0800] "GET /xingrg/all/function/internal_message.html?_=1656381076333&CODE_STATE=getMsg HTTP/1.1" 200 27
101.83.223.227 - - [28/Jun/2022:09:51:21 +0800] "GET /xingrg/all/function/internal_message.html?_=1656381103486&CODE_STATE=getMsg HTTP/1.1" 200 27
114.84.82.172 - - [28/Jun/2022:09:51:21 +0800] "GET /xingrg/all/function/internal_message.html?_=1656381081113&CODE_STATE=getMsg HTTP/1.1" 200 27
114.84.82.172 - - [28/Jun/2022:09:51:21 +0800] "GET /xingrg/check_reg.html?_=1656381081116 HTTP/1.1" 200 22
116.238.208.126 - - [28/Jun/2022:09:51:29 +0800] "GET /xingrg/kc/buy/cgsh_order_operate.html?command=get_materiel&rest_code=00102&code=00101031001&supplier_code=00100064&order_time=2022-06-28 HTTP/1.1" 200 419
218.81.223.53 - - [28/Jun/2022:09:51:35 +0800] "POST /xingrg/kc/buy/cgsh_list_operate.html HTTP/1.1" 200 1462
116.238.208.126 - - [28/Jun/2022:09:51:36 +0800] "GET /xingrg/all/function/internal_message.html?_=1656381165075&CODE_STATE=getMsg HTTP/1.1" 200 27
218.81.223.53 - - [28/Jun/2022:09:51:37 +0800] "GET /xingrg/kc/buy/cgsh_order_add.html HTTP/1.1" 200 67838
218.81.223.53 - - [28/Jun/2022:09:51:37 +0800] "GET /xingrg/words/20220628091025_words.js HTTP/1.1" 200 902433
101.83.144.189 - - [28/Jun/2022:09:51:38 +0800] "GET /xingrg/all/function/internal_message.html?_=1656381098603&CODE_STATE=getMsg HTTP/1.1" 200 27
218.81.223.53 - - [28/Jun/2022:09:51:38 +0800] "POST /xingrg/kc/buy/cgsh_order_operate.html HTTP/1.1" 200 8245
218.81.223.53 - - [28/Jun/2022:09:51:38 +0800] "GET /xingrg/javascript/easyui/themes/default/validatebox.css HTTP/1.1" 404 1104
101.83.223.227 - - [28/Jun/2022:09:51:39 +0800] "GET /xingrg/check_reg.html?_=1656381048876 HTTP/1.1" 200 22
101.83.223.227 - - [28/Jun/2022:09:51:40 +0800] "GET /xingrg/all/function/internal_message.html?_=1656381049599&CODE_STATE=getMsg HTTP/1.1" 200 27
116.238.208.126 - - [28/Jun/2022:09:51:43 +0800] "GET /xingrg/kc/buy/cgsh_order_operate.html?command=get_materiel&rest_code=00102&code=00101031006&supplier_code=00100064&order_time=2022-06-28 HTTP/1.1" 200 417
172.20.0.100 - - [28/Jun/2022:09:51:43 +0800] "GET /xingrg/all/function/internal_message.html?_=1656381103632&CODE_STATE=getMsg HTTP/1.1" 200 27
180.169.147.146 - - [28/Jun/2022:09:51:48 +0800] "GET /xingrg/all/function/internal_message.html?_=1656381107218&CODE_STATE=getMsg HTTP/1.1" 200 27
218.81.223.53 - - [28/Jun/2022:09:51:54 +0800] "GET /xingrg/all/function/internal_message.html?_=1656381119518&CODE_STATE=getMsg HTTP/1.1" 200 27
116.233.75.165 - - [28/Jun/2022:09:51:55 +0800] "GET /xingrg/all/function/internal_message.html?_=1656381116445&CODE_STATE=getMsg HTTP/1.1" 200 27
116.233.75.165 - - [28/Jun/2022:09:51:55 +0800] "GET /xingrg/check_reg.html?_=1656381116479 HTTP/1.1" 200 22
218.81.223.53 - - [28/Jun/2022:09:51:56 +0800] "GET /xingrg/kc/buy/cgsh_order_operate.html?command=get_materiel&rest_code=00146&code=00101007032&supplier_code=00100002&order_time=2022-06-27 HTTP/1.1" 200 413
114.84.82.172 - - [28/Jun/2022:09:52:06 +0800] "GET /xingrg/all/function/internal_message.html?_=1656381125372&CODE_STATE=getMsg HTTP/1.1" 200 27
222.69.144.95 - - [28/Jun/2022:09:52:07 +0800] "GET /xingrg/all/function/internal_message.html?_=1656381166914&CODE_STATE=getMsg HTTP/1.1" 200 27
218.81.223.53 - - [28/Jun/2022:09:52:09 +0800] "POST /xingrg/kc/buy/cgsh_order_operate.html HTTP/1.1" 200 37
218.81.223.53 - - [28/Jun/2022:09:52:10 +0800] "POST /xingrg/kc/buy/cgsh_order_operate.html HTTP/1.1" 200 2658
218.81.223.53 - - [28/Jun/2022:09:52:12 +0800] "GET /xingrg/kc/print/load_data.html?order_code=212022062803759&kc_code=cgsh&condition= HTTP/1.1" 200 747
116.230.110.173 - - [28/Jun/2022:09:52:17 +0800] "GET /xingrg/all/function/internal_message.html?_=1656381136306&CODE_STATE=getMsg HTTP/1.1" 200 27
101.83.223.227 - - [28/Jun/2022:09:52:21 +0800] "GET /xingrg/all/function/internal_message.html?_=1656381163491&CODE_STATE=getMsg HTTP/1.1" 200 27
114.84.82.172 - - [28/Jun/2022:09:52:21 +0800] "GET /xingrg/all/function/internal_message.html?_=1656381141115&CODE_STATE=getMsg HTTP/1.1" 200 27
116.238.208.126 - - [28/Jun/2022:09:52:22 +0800] "POST /xingrg/kc/buy/cgsh_order_operate.html HTTP/1.1" 200 37
218.81.223.53 - - [28/Jun/2022:09:52:25 +0800] "GET /xingrg/kc/buy/cgsh_order_add.html HTTP/1.1" 200 67838
116.238.208.126 - - [28/Jun/2022:09:52:26 +0800] "POST /xingrg/kc/buy/cgsh_order_operate.html HTTP/1.1" 200 12
218.81.223.53 - - [28/Jun/2022:09:52:26 +0800] "POST /xingrg/kc/buy/cgsh_order_operate.html HTTP/1.1" 200 8245
218.81.223.53 - - [28/Jun/2022:09:52:26 +0800] "GET /xingrg/javascript/easyui/themes/default/validatebox.css HTTP/1.1" 404 1104
116.238.208.126 - - [28/Jun/2022:09:52:34 +0800] "GET /xingrg/kc/buy/cgsh_order_info.html?code=212022062803760 HTTP/1.1" 200 62771
116.238.208.126 - - [28/Jun/2022:09:52:36 +0800] "GET /xingrg/javascript/easyui/themes/default/validatebox.css HTTP/1.1" 404 1104
116.238.208.126 - - [28/Jun/2022:09:52:36 +0800] "GET /xingrg/all/function/internal_message.html?_=1656381225208&CODE_STATE=getMsg HTTP/1.1" 200 27
116.238.208.126 - - [28/Jun/2022:09:52:36 +0800] "POST /xingrg/kc/buy/cgsh_order_operate.html HTTP/1.1" 200 1208
101.83.144.189 - - [28/Jun/2022:09:52:38 +0800] "GET /xingrg/all/function/internal_message.html?_=1656381158583&CODE_STATE=getMsg HTTP/1.1" 200 27
101.83.223.227 - - [28/Jun/2022:09:52:40 +0800] "GET /xingrg/all/function/internal_message.html?_=1656381109613&CODE_STATE=getMsg HTTP/1.1" 200 27
116.238.208.126 - - [28/Jun/2022:09:52:42 +0800] "GET /xingrg/kc/print/load_data.html?order_code=212022062803760&kc_code=cgsh&condition= HTTP/1.1" 200 966
172.20.0.100 - - [28/Jun/2022:09:52:43 +0800] "GET /xingrg/check_reg.html?_=1656381163606 HTTP/1.1" 200 22
172.20.0.100 - - [28/Jun/2022:09:52:43 +0800] "GET /xingrg/all/function/internal_message.html?_=1656381163608&CODE_STATE=getMsg HTTP/1.1" 200 27
180.169.147.146 - - [28/Jun/2022:09:52:48 +0800] "GET /xingrg/all/function/internal_message.html?_=1656381167212&CODE_STATE=getMsg HTTP/1.1" 200 27
218.81.223.53 - - [28/Jun/2022:09:52:51 +0800] "GET /xingrg/kc/buy/cgsh_order_operate.html?command=get_materiel&rest_code=00146&code=00102009626&supplier_code=00100199&order_time=2022-06-27 HTTP/1.1" 200 409
218.81.223.53 - - [28/Jun/2022:09:52:54 +0800] "GET /xingrg/all/function/internal_message.html?_=1656381179554&CODE_STATE=getMsg HTTP/1.1" 200 27
116.233.75.165 - - [28/Jun/2022:09:52:55 +0800] "GET /xingrg/all/function/internal_message.html?_=1656381176479&CODE_STATE=getMsg HTTP/1.1" 200 27
116.238.208.126 - - [28/Jun/2022:09:52:56 +0800] "GET /xingrg/kc/buy/cgsh_order_add.html HTTP/1.1" 200 67870
116.238.208.126 - - [28/Jun/2022:09:52:58 +0800] "POST /xingrg/kc/buy/cgsh_order_operate.html HTTP/1.1" 200 8245
116.238.208.126 - - [28/Jun/2022:09:52:58 +0800] "GET /xingrg/javascript/easyui/themes/default/validatebox.css HTTP/1.1" 404 1104
218.81.223.53 - - [28/Jun/2022:09:53:02 +0800] "GET /xingrg/kc/buy/cgsh_order_operate.html?command=get_materiel&rest_code=00146&code=00101004010&supplier_code=00100199&order_time=2022-06-27 HTTP/1.1" 200 426
114.84.82.172 - - [28/Jun/2022:09:53:06 +0800] "GET /xingrg/all/function/internal_message.html?_=1656381185373&CODE_STATE=getMsg HTTP/1.1" 200 27
222.69.144.95 - - [28/Jun/2022:09:53:07 +0800] "GET /xingrg/check_reg.html?_=1656381226931 HTTP/1.1" 200 22
222.69.144.95 - - [28/Jun/2022:09:53:07 +0800] "GET /xingrg/all/function/internal_message.html?_=1656381226935&CODE_STATE=getMsg HTTP/1.1" 200 27
101.83.144.189 - - [28/Jun/2022:09:53:10 +0800] "GET /xingrg/check_reg.html?_=1656381189996 HTTP/1.1" 200 22
116.230.110.173 - - [28/Jun/2022:09:53:17 +0800] "GET /xingrg/all/function/internal_message.html?_=1656381196324&CODE_STATE=getMsg HTTP/1.1" 200 27
101.83.223.227 - - [28/Jun/2022:09:53:21 +0800] "GET /xingrg/all/function/internal_message.html?_=1656381223494&CODE_STATE=getMsg HTTP/1.1" 200 27
114.84.82.172 - - [28/Jun/2022:09:53:21 +0800] "GET /xingrg/all/function/internal_message.html?_=1656381201116&CODE_STATE=getMsg HTTP/1.1" 200 27
218.81.223.53 - - [28/Jun/2022:09:53:25 +0800] "GET /xingrg/kc/buy/cgsh_order_operate.html?command=get_materiel&rest_code=00146&code=00101002027&supplier_code=00100199&order_time=2022-06-27 HTTP/1.1" 200 429
116.238.208.126 - - [28/Jun/2022:09:53:36 +0800] "GET /xingrg/all/function/internal_message.html?_=1656381285529&CODE_STATE=getMsg HTTP/1.1" 200 27
218.81.223.53 - - [28/Jun/2022:09:53:37 +0800] "GET /xingrg/kc/buy/cgsh_order_operate.html?command=get_materiel&rest_code=00146&code=00101002022&supplier_code=00100199&order_time=2022-06-27 HTTP/1.1" 200 425
101.83.144.189 - - [28/Jun/2022:09:53:38 +0800] "GET /xingrg/all/function/internal_message.html?_=1656381218550&CODE_STATE=getMsg HTTP/1.1" 200 27
101.83.223.227 - - [28/Jun/2022:09:53:40 +0800] "GET /xingrg/all/function/internal_message.html?_=1656381169661&CODE_STATE=getMsg HTTP/1.1" 200 27
172.20.0.100 - - [28/Jun/2022:09:53:43 +0800] "GET /xingrg/all/function/internal_message.html?_=1656381223593&CODE_STATE=getMsg HTTP/1.1" 200 27
180.169.147.146 - - [28/Jun/2022:09:53:48 +0800] "GET /xingrg/all/function/internal_message.html?_=1656381227215&CODE_STATE=getMsg HTTP/1.1" 200 27
218.81.223.53 - - [28/Jun/2022:09:53:54 +0800] "GET /xingrg/all/function/internal_message.html?_=1656381239560&CODE_STATE=getMsg HTTP/1.1" 200 27
116.233.75.165 - - [28/Jun/2022:09:53:55 +0800] "GET /xingrg/all/function/internal_message.html?_=1656381236471&CODE_STATE=getMsg HTTP/1.1" 200 27
218.81.223.53 - - [28/Jun/2022:09:53:56 +0800] "POST /xingrg/kc/buy/cgsh_order_operate.html HTTP/1.1" 200 37
218.81.223.53 - - [28/Jun/2022:09:54:02 +0800] "POST /xingrg/kc/buy/cgsh_order_operate.html HTTP/1.1" 200 3842
218.81.223.53 - - [28/Jun/2022:09:54:04 +0800] "GET /xingrg/check_reg.html?_=1656381249248 HTTP/1.1" 200 22
218.81.223.53 - - [28/Jun/2022:09:54:05 +0800] "GET /xingrg/kc/print/load_data.html?order_code=212022062803761&kc_code=cgsh&condition= HTTP/1.1" 200 1127
114.84.82.172 - - [28/Jun/2022:09:54:06 +0800] "GET /xingrg/all/function/internal_message.html?_=1656381245371&CODE_STATE=getMsg HTTP/1.1" 200 27
222.69.144.95 - - [28/Jun/2022:09:54:07 +0800] "GET /xingrg/all/function/internal_message.html?_=1656381286933&CODE_STATE=getMsg HTTP/1.1" 200 27
116.230.110.173 - - [28/Jun/2022:09:54:17 +0800] "GET /xingrg/all/function/internal_message.html?_=1656381256322&CODE_STATE=getMsg HTTP/1.1" 200 27
218.81.223.53 - - [28/Jun/2022:09:54:18 +0800] "GET /xingrg/kc/buy/cgsh_order_add.html HTTP/1.1" 200 67838
218.81.223.53 - - [28/Jun/2022:09:54:20 +0800] "POST /xingrg/kc/buy/cgsh_order_operate.html HTTP/1.1" 200 8245
218.81.223.53 - - [28/Jun/2022:09:54:20 +0800] "GET /xingrg/javascript/easyui/themes/default/validatebox.css HTTP/1.1" 404 1104
101.83.223.227 - - [28/Jun/2022:09:54:21 +0800] "GET /xingrg/all/function/internal_message.html?_=1656381283497&CODE_STATE=getMsg HTTP/1.1" 200 27
101.83.223.227 - - [28/Jun/2022:09:54:21 +0800] "GET /xingrg/check_reg.html?_=1656381283499 HTTP/1.1" 200 22
114.84.82.172 - - [28/Jun/2022:09:54:21 +0800] "GET /xingrg/all/function/internal_message.html?_=1656381261115&CODE_STATE=getMsg HTTP/1.1" 200 27
101.83.223.227 - - [28/Jun/2022:09:54:32 +0800] "GET /xingrg/kc/buy/cgsh_order_add.html HTTP/1.1" 200 67486
101.83.223.227 - - [28/Jun/2022:09:54:32 +0800] "POST /xingrg/kc/buy/cgsh_order_operate.html HTTP/1.1" 200 8245
101.83.223.227 - - [28/Jun/2022:09:54:33 +0800] "GET /xingrg/javascript/easyui/themes/default/validatebox.css HTTP/1.1" 404 1104
116.238.208.126 - - [28/Jun/2022:09:54:36 +0800] "GET /xingrg/all/function/internal_message.html?_=1656381345537&CODE_STATE=getMsg HTTP/1.1" 200 27
101.83.144.189 - - [28/Jun/2022:09:54:38 +0800] "GET /xingrg/all/function/internal_message.html?_=1656381278525&CODE_STATE=getMsg HTTP/1.1" 200 27
101.83.223.227 - - [28/Jun/2022:09:54:40 +0800] "GET /xingrg/all/function/internal_message.html?_=1656381229678&CODE_STATE=getMsg HTTP/1.1" 200 27
172.20.0.100 - - [28/Jun/2022:09:54:43 +0800] "GET /xingrg/all/function/internal_message.html?_=1656381283581&CODE_STATE=getMsg HTTP/1.1" 200 27
180.169.147.146 - - [28/Jun/2022:09:54:48 +0800] "GET /xingrg/all/function/internal_message.html?_=1656381287215&CODE_STATE=getMsg HTTP/1.1" 200 27
172.20.0.100 - - [28/Jun/2022:09:54:48 +0800] "GET /xingrg/kc/buy/cgsh_order_list.html HTTP/1.1" 200 52335
172.20.0.100 - - [28/Jun/2022:09:54:48 +0800] "GET /xingrg/javascript/print/LodopFuncs.js HTTP/1.1" 200 5121
172.20.0.100 - - [28/Jun/2022:09:54:49 +0800] "GET /xingrg/javascript/easyui/themes/icons/import_new.png HTTP/1.1" 200 1247
172.20.0.100 - - [28/Jun/2022:09:54:50 +0800] "POST /xingrg/kc/buy/cgsh_list_operate.html HTTP/1.1" 200 693
218.81.223.53 - - [28/Jun/2022:09:54:50 +0800] "GET /xingrg/kc/buy/cgsh_order_operate.html?command=get_materiel&rest_code=00146&code=00101006129&supplier_code=00100012&order_time=2022-06-27 HTTP/1.1" 200 446
218.81.223.53 - - [28/Jun/2022:09:54:54 +0800] "GET /xingrg/all/function/internal_message.html?_=1656381299574&CODE_STATE=getMsg HTTP/1.1" 200 27
172.20.0.100 - - [28/Jun/2022:09:54:55 +0800] "GET /xingrg/javascript/auto/indicator.gif HTTP/1.1" 404 1066
116.233.75.165 - - [28/Jun/2022:09:54:55 +0800] "GET /xingrg/all/function/internal_message.html?_=1656381296478&CODE_STATE=getMsg HTTP/1.1" 200 27
218.81.223.53 - - [28/Jun/2022:09:55:00 +0800] "GET /xingrg/kc/buy/cgsh_order_operate.html?command=get_materiel&rest_code=00146&code=00101006130&supplier_code=00100012&order_time=2022-06-27 HTTP/1.1" 200 448
172.20.0.100 - - [28/Jun/2022:09:55:02 +0800] "POST /xingrg/kc/buy/cgsh_list_operate.html HTTP/1.1" 200 4556
172.20.0.100 - - [28/Jun/2022:09:55:04 +0800] "POST /xingrg/kc/buy/cgsh_list_operate.html HTTP/1.1" 200 570
101.83.223.227 - - [28/Jun/2022:09:55:04 +0800] "GET /xingrg/kc/buy/cgsh_order_operate.html?command=get_materiel&rest_code=00151&code=00101012039&supplier_code=00100007&order_time=2022-06-28 HTTP/1.1" 200 408
114.84.82.172 - - [28/Jun/2022:09:55:06 +0800] "GET /xingrg/all/function/internal_message.html?_=1656381305371&CODE_STATE=getMsg HTTP/1.1" 200 27
114.84.82.172 - - [28/Jun/2022:09:55:06 +0800] "GET /xingrg/check_reg.html?_=1656381305372 HTTP/1.1" 200 22
222.69.144.95 - - [28/Jun/2022:09:55:07 +0800] "GET /xingrg/all/function/internal_message.html?_=1656381346926&CODE_STATE=getMsg HTTP/1.1" 200 27
172.20.0.100 - - [28/Jun/2022:09:55:10 +0800] "POST /xingrg/kc/buy/cgsh_list_operate.html HTTP/1.1" 200 7666
172.20.0.100 - - [28/Jun/2022:09:55:14 +0800] "POST /xingrg/kc/buy/cgsh_list_operate.html HTTP/1.1" 200 2600
101.83.223.227 - - [28/Jun/2022:09:55:15 +0800] "GET /xingrg/kc/buy/cgsh_order_operate.html?command=get_materiel&rest_code=00151&code=00101008318&supplier_code=00100007&order_time=2022-06-28 HTTP/1.1" 200 408
116.230.110.173 - - [28/Jun/2022:09:55:17 +0800] "GET /xingrg/check_reg.html?_=1656381316325 HTTP/1.1" 200 22
116.230.110.173 - - [28/Jun/2022:09:55:17 +0800] "GET /xingrg/all/function/internal_message.html?_=1656381316331&CODE_STATE=getMsg HTTP/1.1" 200 27
172.20.0.100 - - [28/Jun/2022:09:55:19 +0800] "POST /xingrg/kc/buy/cgsh_list_operate.html HTTP/1.1" 200 7666
218.81.223.53 - - [28/Jun/2022:09:55:19 +0800] "GET /xingrg/kc/buy/cgsh_order_operate.html?command=get_materiel&rest_code=00146&code=00101006109&supplier_code=00100012&order_time=2022-06-27 HTTP/1.1" 200 428
101.83.223.227 - - [28/Jun/2022:09:55:21 +0800] "GET /xingrg/all/function/internal_message.html?_=1656381343484&CODE_STATE=getMsg HTTP/1.1" 200 27
114.84.82.172 - - [28/Jun/2022:09:55:21 +0800] "GET /xingrg/all/function/internal_message.html?_=1656381321116&CODE_STATE=getMsg HTTP/1.1" 200 27
101.83.223.227 - - [28/Jun/2022:09:55:22 +0800] "GET /xingrg/kc/buy/cgsh_order_operate.html?command=get_materiel&rest_code=00151&code=00101016051&supplier_code=00100007&order_time=2022-06-28 HTTP/1.1" 200 408
101.83.223.227 - - [28/Jun/2022:09:55:28 +0800] "GET /xingrg/kc/buy/cgsh_order_operate.html?command=get_materiel&rest_code=00151&code=00101008370&supplier_code=00100007&order_time=2022-06-28 HTTP/1.1" 200 412
218.81.223.53 - - [28/Jun/2022:09:55:34 +0800] "GET /xingrg/kc/buy/cgsh_order_operate.html?command=get_materiel&rest_code=00146&code=00101006127&supplier_code=00100012&order_time=2022-06-27 HTTP/1.1" 200 423
101.83.223.227 - - [28/Jun/2022:09:55:34 +0800] "GET /xingrg/kc/buy/cgsh_order_operate.html?command=get_materiel&rest_code=00151&code=00101008270&supplier_code=00100007&order_time=2022-06-28 HTTP/1.1" 200 412
116.238.208.126 - - [28/Jun/2022:09:55:36 +0800] "GET /xingrg/check_reg.html?_=1656381405377 HTTP/1.1" 200 22
116.238.208.126 - - [28/Jun/2022:09:55:36 +0800] "GET /xingrg/all/function/internal_message.html?_=1656381405550&CODE_STATE=getMsg HTTP/1.1" 200 27
101.83.144.189 - - [28/Jun/2022:09:55:38 +0800] "GET /xingrg/all/function/internal_message.html?_=1656381338522&CODE_STATE=getMsg HTTP/1.1" 200 27
101.83.223.227 - - [28/Jun/2022:09:55:40 +0800] "GET /xingrg/all/function/internal_message.html?_=1656381289685&CODE_STATE=getMsg HTTP/1.1" 200 27
101.83.223.227 - - [28/Jun/2022:09:55:41 +0800] "GET /xingrg/kc/buy/cgsh_order_operate.html?command=get_materiel&rest_code=00151&code=00101008095&supplier_code=00100007&order_time=2022-06-28 HTTP/1.1" 200 412
172.20.0.100 - - [28/Jun/2022:09:55:43 +0800] "GET /xingrg/all/function/internal_message.html?_=1656381343567&CODE_STATE=getMsg HTTP/1.1" 200 27
101.83.223.227 - - [28/Jun/2022:09:55:48 +0800] "GET /xingrg/kc/buy/cgsh_order_operate.html?command=get_materiel&rest_code=00151&code=00101008221&supplier_code=00100007&order_time=2022-06-28 HTTP/1.1" 200 412
180.169.147.146 - - [28/Jun/2022:09:55:48 +0800] "GET /xingrg/check_reg.html?_=1656381347210 HTTP/1.1" 200 22
180.169.147.146 - - [28/Jun/2022:09:55:48 +0800] "GET /xingrg/all/function/internal_message.html?_=1656381347207&CODE_STATE=getMsg HTTP/1.1" 200 27
172.20.0.100 - - [28/Jun/2022:09:55:49 +0800] "POST /xingrg/kc/buy/cgsh_list_operate.html HTTP/1.1" 200 569
172.20.0.100 - - [28/Jun/2022:09:55:52 +0800] "GET /xingrg/javascript/easyui/themes/default/images/button_plain_hover.png HTTP/1.1" 200 144
218.81.223.53 - - [28/Jun/2022:09:55:52 +0800] "GET /xingrg/kc/buy/cgsh_order_operate.html?command=get_materiel&rest_code=00146&code=00101009118&supplier_code=00100012&order_time=2022-06-27 HTTP/1.1" 200 421
218.81.223.53 - - [28/Jun/2022:09:55:54 +0800] "GET /xingrg/all/function/internal_message.html?_=1656381359654&CODE_STATE=getMsg HTTP/1.1" 200 27
172.20.0.100 - - [28/Jun/2022:09:55:55 +0800] "GET /xingrg/kc/buy/cgsh_order_info.html?code=212022062503239 HTTP/1.1" 200 62998
172.20.0.100 - - [28/Jun/2022:09:55:55 +0800] "GET /xingrg/javascript/jquery_tools/order_manager.js HTTP/1.1" 200 11183
172.20.0.100 - - [28/Jun/2022:09:55:55 +0800] "GET /xingrg/javascript/convert.js HTTP/1.1" 200 1239
172.20.0.100 - - [28/Jun/2022:09:55:55 +0800] "GET /xingrg/javascript/json2.js HTTP/1.1" 200 11259
172.20.0.100 - - [28/Jun/2022:09:55:55 +0800] "GET /xingrg/javascript/print/kc_print.js HTTP/1.1" 200 11415
172.20.0.100 - - [28/Jun/2022:09:55:55 +0800] "GET /xingrg/words/20220628091025_words.js HTTP/1.1" 200 902433
172.20.0.100 - - [28/Jun/2022:09:55:55 +0800] "GET /xingrg/javascript/easyui/themes/icons/copy_new.png HTTP/1.1" 200 815
172.20.0.100 - - [28/Jun/2022:09:55:55 +0800] "GET /xingrg/javascript/easyui/themes/icons/print.png HTTP/1.1" 200 1057
172.20.0.100 - - [28/Jun/2022:09:55:55 +0800] "GET /xingrg/javascript/easyui/themes/default/images/menu_downarrow.png HTTP/1.1" 200 173
172.20.0.100 - - [28/Jun/2022:09:55:55 +0800] "GET /xingrg/javascript/easyui/themes/icons/cancel.png HTTP/1.1" 200 1133
172.20.0.100 - - [28/Jun/2022:09:55:55 +0800] "GET /xingrg/javascript/easyui/themes/default/validatebox.css HTTP/1.1" 404 1104
172.20.0.100 - - [28/Jun/2022:09:55:55 +0800] "GET /xingrg/javascript/easyui/plugins/jquery.validatebox.js HTTP/1.1" 200 6103
116.233.75.165 - - [28/Jun/2022:09:55:55 +0800] "GET /xingrg/all/function/internal_message.html?_=1656381356471&CODE_STATE=getMsg HTTP/1.1" 200 27
172.20.0.100 - - [28/Jun/2022:09:55:55 +0800] "GET /xingrg/javascript/easyui/plugins/jquery.numberbox.js HTTP/1.1" 200 5213
101.83.223.227 - - [28/Jun/2022:09:55:55 +0800] "GET /xingrg/kc/buy/cgsh_order_operate.html?command=get_materiel&rest_code=00151&code=00101008350&supplier_code=00100007&order_time=2022-06-28 HTTP/1.1" 200 408
172.20.0.100 - - [28/Jun/2022:09:55:56 +0800] "POST /xingrg/kc/buy/cgsh_order_operate.html HTTP/1.1" 200 5972
172.20.0.100 - - [28/Jun/2022:09:55:56 +0800] "GET /xingrg/javascript/easyui/themes/icons/edit_remove.png HTTP/1.1" 200 625
101.83.223.227 - - [28/Jun/2022:09:56:02 +0800] "GET /xingrg/kc/buy/cgsh_order_operate.html?command=get_materiel&rest_code=00151&code=00101008264&supplier_code=00100007&order_time=2022-06-28 HTTP/1.1" 200 412
114.84.82.172 - - [28/Jun/2022:09:56:06 +0800] "GET /xingrg/all/function/internal_message.html?_=1656381365372&CODE_STATE=getMsg HTTP/1.1" 200 27
116.238.208.126 - - [28/Jun/2022:09:56:07 +0800] "GET /xingrg/kc/buy/cgsh_order_operate.html?command=get_materiel&rest_code=00102&code=00101012040&supplier_code=00100096&order_time=2022-06-28 HTTP/1.1" 200 412
222.69.144.95 - - [28/Jun/2022:09:56:07 +0800] "GET /xingrg/all/function/internal_message.html?_=1656381406928&CODE_STATE=getMsg HTTP/1.1" 200 27
101.83.223.227 - - [28/Jun/2022:09:56:12 +0800] "GET /xingrg/kc/buy/cgsh_order_operate.html?command=get_materiel&rest_code=00151&code=00101008344&supplier_code=00100007&order_time=2022-06-28 HTTP/1.1" 200 412
116.230.110.173 - - [28/Jun/2022:09:56:17 +0800] "GET /xingrg/all/function/internal_message.html?_=1656381376322&CODE_STATE=getMsg HTTP/1.1" 200 27
218.81.223.53 - - [28/Jun/2022:09:56:21 +0800] "GET /xingrg/kc/buy/cgsh_order_operate.html?command=get_materiel&rest_code=00146&code=00101016080&supplier_code=00100012&order_time=2022-06-27 HTTP/1.1" 200 423
101.83.223.227 - - [28/Jun/2022:09:56:21 +0800] "GET /xingrg/all/function/internal_message.html?_=1656381403487&CODE_STATE=getMsg HTTP/1.1" 200 27
114.84.82.172 - - [28/Jun/2022:09:56:21 +0800] "GET /xingrg/all/function/internal_message.html?_=1656381381116&CODE_STATE=getMsg HTTP/1.1" 200 27
114.84.82.172 - - [28/Jun/2022:09:56:21 +0800] "GET /xingrg/check_reg.html?_=1656381381119 HTTP/1.1" 200 22
116.238.208.126 - - [28/Jun/2022:09:56:24 +0800] "GET /xingrg/kc/buy/cgsh_order_operate.html?command=get_materiel&rest_code=00102&code=00101016071&supplier_code=00100096&order_time=2022-06-28 HTTP/1.1" 200 416
116.238.208.126 - - [28/Jun/2022:09:56:31 +0800] "GET /xingrg/kc/buy/cgsh_order_operate.html?command=get_materiel&rest_code=00102&code=00101012025&supplier_code=00100096&order_time=2022-06-28 HTTP/1.1" 200 412
116.238.208.126 - - [28/Jun/2022:09:56:36 +0800] "GET /xingrg/all/function/internal_message.html?_=1656381465564&CODE_STATE=getMsg HTTP/1.1" 200 27
101.83.144.189 - - [28/Jun/2022:09:56:38 +0800] "GET /xingrg/all/function/internal_message.html?_=1656381398490&CODE_STATE=getMsg HTTP/1.1" 200 27
101.83.223.227 - - [28/Jun/2022:09:56:39 +0800] "GET /xingrg/check_reg.html?_=1656381348936 HTTP/1.1" 200 22
101.83.223.227 - - [28/Jun/2022:09:56:40 +0800] "GET /xingrg/all/function/internal_message.html?_=1656381349698&CODE_STATE=getMsg HTTP/1.1" 200 27
172.20.0.100 - - [28/Jun/2022:09:56:43 +0800] "GET /xingrg/all/function/internal_message.html?_=1656381403556&CODE_STATE=getMsg HTTP/1.1" 200 27
116.238.208.126 - - [28/Jun/2022:09:56:45 +0800] "GET /xingrg/kc/buy/cgsh_order_operate.html?command=get_materiel&rest_code=00102&code=00101006240&supplier_code=00100096&order_time=2022-06-28 HTTP/1.1" 200 424
180.169.147.146 - - [28/Jun/2022:09:56:48 +0800] "GET /xingrg/all/function/internal_message.html?_=1656381407206&CODE_STATE=getMsg HTTP/1.1" 200 27
101.83.223.227 - - [28/Jun/2022:09:56:48 +0800] "GET /xingrg/kc/buy/cgsh_order_operate.html?command=get_materiel&rest_code=00151&code=00101008300&supplier_code=00100007&order_time=2022-06-28 HTTP/1.1" 200 412
218.81.223.53 - - [28/Jun/2022:09:56:54 +0800] "GET /xingrg/all/function/internal_message.html?_=1656381419664&CODE_STATE=getMsg HTTP/1.1" 200 27
218.81.223.53 - - [28/Jun/2022:09:56:55 +0800] "GET /xingrg/kc/buy/cgsh_order_operate.html?command=get_materiel&rest_code=00146&code=00101006111&supplier_code=00100012&order_time=2022-06-27 HTTP/1.1" 200 409
116.233.75.165 - - [28/Jun/2022:09:56:55 +0800] "GET /xingrg/all/function/internal_message.html?_=1656381416478&CODE_STATE=getMsg HTTP/1.1" 200 27
116.233.75.165 - - [28/Jun/2022:09:56:55 +0800] "GET /xingrg/check_reg.html?_=1656381416488 HTTP/1.1" 200 22
101.83.223.227 - - [28/Jun/2022:09:56:56 +0800] "GET /xingrg/kc/buy/cgsh_order_operate.html?command=get_materiel&rest_code=00151&code=00101008286&supplier_code=00100007&order_time=2022-06-28 HTTP/1.1" 200 408
116.238.208.126 - - [28/Jun/2022:09:56:59 +0800] "GET /xingrg/kc/buy/cgsh_order_operate.html?command=get_materiel&rest_code=00102&code=00101006111&supplier_code=00100096&order_time=2022-06-28 HTTP/1.1" 200 411
101.83.223.227 - - [28/Jun/2022:09:57:03 +0800] "GET /xingrg/kc/buy/cgsh_order_operate.html?command=get_materiel&rest_code=00151&code=00101008356&supplier_code=00100007&order_time=2022-06-28 HTTP/1.1" 200 408
114.84.82.172 - - [28/Jun/2022:09:57:06 +0800] "GET /xingrg/all/function/internal_message.html?_=1656381425371&CODE_STATE=getMsg HTTP/1.1" 200 27
222.69.144.95 - - [28/Jun/2022:09:57:07 +0800] "GET /xingrg/all/function/internal_message.html?_=1656381466918&CODE_STATE=getMsg HTTP/1.1" 200 27
101.83.223.227 - - [28/Jun/2022:09:57:09 +0800] "GET /xingrg/kc/buy/cgsh_order_operate.html?command=get_materiel&rest_code=00151&code=00101008017&supplier_code=00100007&order_time=2022-06-28 HTTP/1.1" 200 416
218.81.223.53 - - [28/Jun/2022:09:57:12 +0800] "GET /xingrg/kc/buy/cgsh_order_operate.html?command=get_materiel&rest_code=00146&code=00101006006&supplier_code=00100012&order_time=2022-06-27 HTTP/1.1" 200 409
101.83.223.227 - - [28/Jun/2022:09:57:15 +0800] "GET /xingrg/kc/buy/cgsh_order_operate.html?command=get_materiel&rest_code=00151&code=00101008096&supplier_code=00100007&order_time=2022-06-28 HTTP/1.1" 200 413
116.230.110.173 - - [28/Jun/2022:09:57:17 +0800] "GET /xingrg/all/function/internal_message.html?_=1656381436313&CODE_STATE=getMsg HTTP/1.1" 200 27
116.238.208.126 - - [28/Jun/2022:09:57:18 +0800] "GET /xingrg/kc/buy/cgsh_order_operate.html?command=get_materiel&rest_code=00102&code=00101006056&supplier_code=00100096&order_time=2022-06-28 HTTP/1.1" 200 435
101.83.223.227 - - [28/Jun/2022:09:57:21 +0800] "GET /xingrg/all/function/internal_message.html?_=1656381463493&CODE_STATE=getMsg HTTP/1.1" 200 27
114.84.82.172 - - [28/Jun/2022:09:57:21 +0800] "GET /xingrg/all/function/internal_message.html?_=1656381441113&CODE_STATE=getMsg HTTP/1.1" 200 27
101.83.223.227 - - [28/Jun/2022:09:57:23 +0800] "GET /xingrg/kc/buy/cgsh_order_operate.html?command=get_materiel&rest_code=00151&code=00101012061&supplier_code=00100007&order_time=2022-06-28 HTTP/1.1" 200 412
218.81.223.53 - - [28/Jun/2022:09:57:29 +0800] "GET /xingrg/kc/buy/cgsh_order_operate.html?command=get_materiel&rest_code=00146&code=00101006174&supplier_code=00100012&order_time=2022-06-27 HTTP/1.1" 200 414
101.83.223.227 - - [28/Jun/2022:09:57:31 +0800] "GET /xingrg/kc/buy/cgsh_order_operate.html?command=get_materiel&rest_code=00151&code=00101008087&supplier_code=00100007&order_time=2022-06-28 HTTP/1.1" 200 412
116.238.208.126 - - [28/Jun/2022:09:57:32 +0800] "GET /xingrg/kc/buy/cgsh_order_operate.html?command=get_materiel&rest_code=00102&code=00101006109&supplier_code=00100096&order_time=2022-06-28 HTTP/1.1" 200 428
116.238.208.126 - - [28/Jun/2022:09:57:36 +0800] "GET /xingrg/all/function/internal_message.html?_=1656381525719&CODE_STATE=getMsg HTTP/1.1" 200 27
101.83.144.189 - - [28/Jun/2022:09:57:38 +0800] "GET /xingrg/all/function/internal_message.html?_=1656381458468&CODE_STATE=getMsg HTTP/1.1" 200 27
101.83.223.227 - - [28/Jun/2022:09:57:40 +0800] "GET /xingrg/all/function/internal_message.html?_=1656381409712&CODE_STATE=getMsg HTTP/1.1" 200 27
101.83.223.227 - - [28/Jun/2022:09:57:40 +0800] "GET /xingrg/kc/buy/cgsh_order_operate.html?command=get_materiel&rest_code=00151&code=00101008244&supplier_code=00100007&order_time=2022-06-28 HTTP/1.1" 200 408
218.81.223.53 - - [28/Jun/2022:09:57:42 +0800] "GET /xingrg/kc/buy/cgsh_order_operate.html?command=get_materiel&rest_code=00146&code=00101016105&supplier_code=00100012&order_time=2022-06-27 HTTP/1.1" 200 409
172.20.0.100 - - [28/Jun/2022:09:57:43 +0800] "GET /xingrg/all/function/internal_message.html?_=1656381463543&CODE_STATE=getMsg HTTP/1.1" 200 27
172.20.0.100 - - [28/Jun/2022:09:57:43 +0800] "GET /xingrg/check_reg.html?_=1656381463620 HTTP/1.1" 200 22
180.169.147.146 - - [28/Jun/2022:09:57:48 +0800] "GET /xingrg/all/function/internal_message.html?_=1656381467215&CODE_STATE=getMsg HTTP/1.1" 200 27
101.83.223.227 - - [28/Jun/2022:09:57:51 +0800] "GET /xingrg/kc/buy/cgsh_order_operate.html?command=get_materiel&rest_code=00151&code=00101008067&supplier_code=00100007&order_time=2022-06-28 HTTP/1.1" 200 416
218.81.223.53 - - [28/Jun/2022:09:57:54 +0800] "GET /xingrg/all/function/internal_message.html?_=1656381479677&CODE_STATE=getMsg HTTP/1.1" 200 27
116.233.75.165 - - [28/Jun/2022:09:57:55 +0800] "GET /xingrg/all/function/internal_message.html?_=1656381476476&CODE_STATE=getMsg HTTP/1.1" 200 27
116.238.208.126 - - [28/Jun/2022:09:57:58 +0800] "POST /xingrg/kc/buy/cgsh_order_operate.html HTTP/1.1" 200 37
218.81.223.53 - - [28/Jun/2022:09:57:58 +0800] "POST /xingrg/kc/buy/cgsh_order_operate.html HTTP/1.1" 200 88
116.238.208.126 - - [28/Jun/2022:09:58:01 +0800] "POST /xingrg/kc/buy/cgsh_order_operate.html HTTP/1.1" 200 12
116.238.208.126 - - [28/Jun/2022:09:58:02 +0800] "GET /xingrg/kc/buy/cgsh_order_info.html?code=212022062803762 HTTP/1.1" 200 62761
116.238.208.126 - - [28/Jun/2022:09:58:04 +0800] "GET /xingrg/javascript/easyui/themes/default/validatebox.css HTTP/1.1" 404 1104
114.84.82.172 - - [28/Jun/2022:09:58:06 +0800] "GET /xingrg/all/function/internal_message.html?_=1656381485370&CODE_STATE=getMsg HTTP/1.1" 200 27
218.81.223.53 - - [28/Jun/2022:09:58:06 +0800] "POST /xingrg/kc/buy/cgsh_order_operate.html HTTP/1.1" 200 37
116.238.208.126 - - [28/Jun/2022:09:58:06 +0800] "POST /xingrg/kc/buy/cgsh_order_operate.html HTTP/1.1" 200 4166
222.69.144.95 - - [28/Jun/2022:09:58:07 +0800] "GET /xingrg/all/function/internal_message.html?_=1656381526926&CODE_STATE=getMsg HTTP/1.1" 200 27
222.69.144.95 - - [28/Jun/2022:09:58:07 +0800] "GET /xingrg/check_reg.html?_=1656381526929 HTTP/1.1" 200 22
218.81.223.53 - - [28/Jun/2022:09:58:08 +0800] "POST /xingrg/kc/buy/cgsh_order_operate.html HTTP/1.1" 200 7395
116.238.208.126 - - [28/Jun/2022:09:58:09 +0800] "GET /xingrg/kc/print/load_data.html?order_code=212022062803762&kc_code=cgsh&condition= HTTP/1.1" 200 2018
101.83.144.189 - - [28/Jun/2022:09:58:10 +0800] "GET /xingrg/check_reg.html?_=1656381489992 HTTP/1.1" 200 22
218.81.223.53 - - [28/Jun/2022:09:58:10 +0800] "GET /xingrg/kc/print/load_data.html?order_code=212022062803764&kc_code=cgsh&condition= HTTP/1.1" 200 2574
124.78.155.37 - - [28/Jun/2022:09:58:12 +0800] "POST /xingrg/services/DataTransmitService HTTP/1.1" 200 524
101.83.223.227 - - [28/Jun/2022:09:58:13 +0800] "POST /xingrg/kc/buy/cgsh_order_operate.html HTTP/1.1" 200 37
101.83.223.227 - - [28/Jun/2022:09:58:14 +0800] "POST /xingrg/kc/buy/cgsh_order_operate.html HTTP/1.1" 200 14049
116.230.110.173 - - [28/Jun/2022:09:58:17 +0800] "GET /xingrg/all/function/internal_message.html?_=1656381496331&CODE_STATE=getMsg HTTP/1.1" 200 27
116.238.208.126 - - [28/Jun/2022:09:58:19 +0800] "GET /xingrg/kc/buy/cgsh_order_add.html HTTP/1.1" 200 67870
116.238.208.126 - - [28/Jun/2022:09:58:21 +0800] "POST /xingrg/kc/buy/cgsh_order_operate.html HTTP/1.1" 200 8245
101.83.223.227 - - [28/Jun/2022:09:58:21 +0800] "GET /xingrg/all/function/internal_message.html?_=1656381523495&CODE_STATE=getMsg HTTP/1.1" 200 27
101.83.223.227 - - [28/Jun/2022:09:58:21 +0800] "GET /xingrg/kc/buy/cgsh_order_operate.html?command=get_materiel&rest_code=00151&code=00101009030&supplier_code=00100007&order_time=2022-06-28 HTTP/1.1" 200 413
116.238.208.126 - - [28/Jun/2022:09:58:21 +0800] "GET /xingrg/javascript/easyui/themes/default/validatebox.css HTTP/1.1" 404 1104
114.84.82.172 - - [28/Jun/2022:09:58:21 +0800] "GET /xingrg/all/function/internal_message.html?_=1656381501114&CODE_STATE=getMsg HTTP/1.1" 200 27
116.238.208.126 - - [28/Jun/2022:09:58:23 +0800] "GET /xingrg/javascript/easyui/themes/default/tree.css HTTP/1.1" 404 1090
116.238.208.126 - - [28/Jun/2022:09:58:23 +0800] "POST /xingrg/all/common/load_tree.html?tree=supplier_tree_json&isDelete=1 HTTP/1.1" 200 66828
218.81.223.53 - - [28/Jun/2022:09:58:24 +0800] "GET /xingrg/kc/buy/cgsh_order_add.html HTTP/1.1" 200 67838
218.81.223.53 - - [28/Jun/2022:09:58:25 +0800] "POST /xingrg/kc/buy/cgsh_order_operate.html HTTP/1.1" 200 8245
218.81.223.53 - - [28/Jun/2022:09:58:26 +0800] "GET /xingrg/javascript/easyui/themes/default/validatebox.css HTTP/1.1" 404 1104
101.83.223.227 - - [28/Jun/2022:09:58:33 +0800] "GET /xingrg/kc/buy/cgsh_order_operate.html?command=get_materiel&rest_code=00151&code=00101009013&supplier_code=00100007&order_time=2022-06-28 HTTP/1.1" 200 421
116.238.208.126 - - [28/Jun/2022:09:58:37 +0800] "GET /xingrg/all/function/internal_message.html?_=1656381586110&CODE_STATE=getMsg HTTP/1.1" 200 27
101.83.144.189 - - [28/Jun/2022:09:58:38 +0800] "GET /xingrg/all/function/internal_message.html?_=1656381518448&CODE_STATE=getMsg HTTP/1.1" 200 27
101.83.223.227 - - [28/Jun/2022:09:58:40 +0800] "GET /xingrg/all/function/internal_message.html?_=1656381469725&CODE_STATE=getMsg HTTP/1.1" 200 27
101.83.223.227 - - [28/Jun/2022:09:58:43 +0800] "GET /xingrg/kc/buy/cgsh_order_operate.html?command=get_materiel&rest_code=00151&code=00101009121&supplier_code=00100007&order_time=2022-06-28 HTTP/1.1" 200 425
172.20.0.100 - - [28/Jun/2022:09:58:43 +0800] "GET /xingrg/all/function/internal_message.html?_=1656381523518&CODE_STATE=getMsg HTTP/1.1" 200 27
116.238.208.126 - - [28/Jun/2022:09:58:46 +0800] "GET /favicon.ico HTTP/1.1" 404 -
116.238.208.126 - - [28/Jun/2022:09:58:47 +0800] "GET /xingrg/kc/buy/cgsh_order_operate.html?command=get_materiel&rest_code=00102&code=00101003003&supplier_code=00100093&order_time=2022-06-28 HTTP/1.1" 200 432
180.169.147.146 - - [28/Jun/2022:09:58:48 +0800] "GET /xingrg/all/function/internal_message.html?_=1656381527208&CODE_STATE=getMsg HTTP/1.1" 200 27
120.253.135.82 - - [28/Jun/2022:09:58:49 +0800] "GET /xingrg/login.html HTTP/1.1" 200 7641
120.253.135.82 - - [28/Jun/2022:09:58:50 +0800] "GET /xingrg/images/blue/jxLogo.png HTTP/1.1" 200 6156
120.253.135.82 - - [28/Jun/2022:09:58:50 +0800] "GET /xingrg/images/blue/login_bg.png HTTP/1.1" 200 22101
120.253.135.82 - - [28/Jun/2022:09:58:50 +0800] "GET /xingrg/images/blue/hj.png HTTP/1.1" 200 1014
120.253.135.82 - - [28/Jun/2022:09:58:50 +0800] "GET /xingrg/images/blue/srbg.png HTTP/1.1" 200 138
120.253.135.82 - - [28/Jun/2022:09:58:50 +0800] "GET /favicon.ico HTTP/1.1" 404 -
101.83.223.227 - - [28/Jun/2022:09:58:50 +0800] "POST /xingrg/kc/buy/cgsh_order_operate.html HTTP/1.1" 200 37
218.81.223.53 - - [28/Jun/2022:09:58:51 +0800] "GET /xingrg/kc/buy/cgsh_order_operate.html?command=get_materiel&rest_code=00146&code=00101016095&supplier_code=00100028&order_time=2022-06-27 HTTP/1.1" 200 23
120.253.135.82 - - [28/Jun/2022:09:58:53 +0800] "POST /xingrg/login.do HTTP/1.1" 302 -
120.253.135.82 - - [28/Jun/2022:09:58:53 +0800] "GET /xingrg/css/form.css HTTP/1.1" 200 893
120.253.135.82 - - [28/Jun/2022:09:58:53 +0800] "GET /xingrg/index.html?sysBaseUrl=http%3A%2F%2F180.169.147.146%3A18081%2Fxingrg%2F&costTime=44×tamp=1656381533329 HTTP/1.1" 200 17173
120.253.135.82 - - [28/Jun/2022:09:58:53 +0800] "GET /xingrg/javascript/jquery_easy_ui/themes/default/easyui.css HTTP/1.1" 200 26500
120.253.135.82 - - [28/Jun/2022:09:58:53 +0800] "GET /xingrg/javascript/jquery_easy_ui/themes/icon.css HTTP/1.1" 200 3949
120.253.135.82 - - [28/Jun/2022:09:58:53 +0800] "GET /xingrg/javascript/jquery-1.4.2.min.js HTTP/1.1" 200 72205
120.253.135.82 - - [28/Jun/2022:09:58:53 +0800] "GET /xingrg/javascript/jquery_easy_ui/easyui-lang-zh_CN.js HTTP/1.1" 200 1900
120.253.135.82 - - [28/Jun/2022:09:58:53 +0800] "GET /xingrg/javascript/jquery.form.js HTTP/1.1" 200 23110
120.253.135.82 - - [28/Jun/2022:09:58:53 +0800] "GET /xingrg/javascript/jquery.timers.js HTTP/1.1" 200 3532
120.253.135.82 - - [28/Jun/2022:09:58:53 +0800] "GET /xingrg/javascript/jquery.utils.js HTTP/1.1" 200 11805
120.253.135.82 - - [28/Jun/2022:09:58:53 +0800] "GET /xingrg/javascript/jquery_easy_ui/jquery.easyui.min.js HTTP/1.1" 200 213662
120.253.135.82 - - [28/Jun/2022:09:58:53 +0800] "GET /favicon.ico HTTP/1.1" 404 -
120.253.135.82 - - [28/Jun/2022:09:58:53 +0800] "GET /xingrg/javascript/jquery_easy_ui/themes/icons/settle_new.png HTTP/1.1" 200 826
101.83.223.227 - - [28/Jun/2022:09:58:53 +0800] "POST /xingrg/kc/buy/cgsh_order_operate.html HTTP/1.1" 200 15845
120.253.135.82 - - [28/Jun/2022:09:58:54 +0800] "POST /xingrg/all/common/load_tree.html?tree=area_rest_tree_json&manage=1 HTTP/1.1" 200 344
120.253.135.82 - - [28/Jun/2022:09:58:54 +0800] "GET /xingrg/images/blue/pingpu.png HTTP/1.1" 200 231
120.253.135.82 - - [28/Jun/2022:09:58:54 +0800] "GET /xingrg/javascript/jquery_easy_ui/themes/default/images/tabs_leftarrow.png HTTP/1.1" 200 389
120.253.135.82 - - [28/Jun/2022:09:58:54 +0800] "GET /xingrg/javascript/jquery_easy_ui/themes/default/images/tabs_rightarrow.png HTTP/1.1" 200 395
120.253.135.82 - - [28/Jun/2022:09:58:54 +0800] "GET /xingrg/images/blue/navBackgound.jpg HTTP/1.1" 200 12378
120.253.135.82 - - [28/Jun/2022:09:58:54 +0800] "GET /xingrg/javascript/jquery_easy_ui/themes/default/images/panel_tool_collapse.gif HTTP/1.1" 200 246
120.253.135.82 - - [28/Jun/2022:09:58:54 +0800] "GET /xingrg/all/function/internal_message.html?_=1656381666732&CODE_STATE=count HTTP/1.1" 200 11
120.253.135.82 - - [28/Jun/2022:09:58:54 +0800] "GET /xingrg/check_reg.html?_=1656381666733 HTTP/1.1" 200 22
120.253.135.82 - - [28/Jun/2022:09:58:54 +0800] "GET /xingrg/javascript/jquery_easy_ui/themes/default/images/tree_arrows.gif HTTP/1.1" 200 1043
120.253.135.82 - - [28/Jun/2022:09:58:54 +0800] "POST /xingrg/load_menu.html HTTP/1.1" 200 6743
218.81.223.53 - - [28/Jun/2022:09:58:54 +0800] "GET /xingrg/all/function/internal_message.html?_=1656381539691&CODE_STATE=getMsg HTTP/1.1" 200 27
120.253.135.82 - - [28/Jun/2022:09:58:54 +0800] "GET /xingrg/javascript/jquery_easy_ui/themes/default/images/tree_folder_open.gif HTTP/1.1" 200 956
120.253.135.82 - - [28/Jun/2022:09:58:54 +0800] "GET /xingrg/javascript/jquery_easy_ui/themes/icons/search_new.png HTTP/1.1" 200 586
120.253.135.82 - - [28/Jun/2022:09:58:54 +0800] "GET /xingrg/javascript/jquery_easy_ui/themes/icons/delivery_new.png HTTP/1.1" 200 700
120.253.135.82 - - [28/Jun/2022:09:58:54 +0800] "GET /xingrg/javascript/jquery_easy_ui/themes/icons/storage_new.png HTTP/1.1" 200 853
120.253.135.82 - - [28/Jun/2022:09:58:54 +0800] "GET /xingrg/javascript/jquery_easy_ui/themes/icons/forms_new.png HTTP/1.1" 200 350
120.253.135.82 - - [28/Jun/2022:09:58:54 +0800] "GET /xingrg/javascript/jquery_easy_ui/themes/default/images/tree_file.gif HTTP/1.1" 200 118
120.253.135.82 - - [28/Jun/2022:09:58:54 +0800] "GET /xingrg/javascript/jquery_easy_ui/themes/default/images/tree_folder.gif HTTP/1.1" 200 952
116.233.75.165 - - [28/Jun/2022:09:58:55 +0800] "GET /xingrg/all/function/internal_message.html?_=1656381536495&CODE_STATE=getMsg HTTP/1.1" 200 27
120.253.135.82 - - [28/Jun/2022:09:58:57 +0800] "GET /xingrg/javascript/jquery_easy_ui/themes/default/images/tabs_close.gif HTTP/1.1" 200 829
120.253.135.82 - - [28/Jun/2022:09:58:57 +0800] "GET /xingrg/kc/pszx/mdqp_order_list.html?state=10 HTTP/1.1" 200 10649
120.253.135.82 - - [28/Jun/2022:09:58:57 +0800] "GET /xingrg/javascript/pic_change.js HTTP/1.1" 200 4739
120.253.135.82 - - [28/Jun/2022:09:58:57 +0800] "GET /xingrg/dwr/interface/AjaxReportQueryService.js HTTP/1.1" 200 13203
120.253.135.82 - - [28/Jun/2022:09:58:57 +0800] "GET /xingrg/css/blue.css HTTP/1.1" 200 15949
120.253.135.82 - - [28/Jun/2022:09:58:57 +0800] "GET /xingrg/javascript/Calendar.js HTTP/1.1" 200 31561
120.253.135.82 - - [28/Jun/2022:09:58:57 +0800] "GET /xingrg/dwr/interface/AjaxQqpsService.js HTTP/1.1" 200 16326
120.253.135.82 - - [28/Jun/2022:09:58:57 +0800] "GET /xingrg/dwr/engine.js HTTP/1.1" 200 43631
120.253.135.82 - - [28/Jun/2022:09:58:57 +0800] "GET /xingrg/dwr/util.js HTTP/1.1" 200 35990
120.253.135.82 - - [28/Jun/2022:09:58:57 +0800] "GET /xingrg/javascript/myfunction.js HTTP/1.1" 200 24559
120.253.135.82 - - [28/Jun/2022:09:58:57 +0800] "GET /xingrg/javascript/jquery_easy_ui/themes/icons/check_new.png HTTP/1.1" 200 3224
120.253.135.82 - - [28/Jun/2022:09:58:57 +0800] "GET /xingrg/javascript/jquery_easy_ui/themes/icons/uncheck_new.png HTTP/1.1" 200 3197
120.253.135.82 - - [28/Jun/2022:09:58:57 +0800] "GET /xingrg/javascript/jquery_easy_ui/themes/icons/back_new.png HTTP/1.1" 200 3414
120.253.135.82 - - [28/Jun/2022:09:59:01 +0800] "GET /xingrg/kc/pszx/mdqp_order_info.html?code=302022062700283 HTTP/1.1" 200 13338
120.253.135.82 - - [28/Jun/2022:09:59:01 +0800] "GET /xingrg/javascript/AjaxInfoList.js HTTP/1.1" 200 3774
120.253.135.82 - - [28/Jun/2022:09:59:01 +0800] "GET /xingrg/javascript/Grid.js HTTP/1.1" 200 58908
120.253.135.82 - - [28/Jun/2022:09:59:01 +0800] "GET /xingrg/javascript/ToolTips.js HTTP/1.1" 200 5615
120.253.135.82 - - [28/Jun/2022:09:59:01 +0800] "GET /xingrg/dwr/interface/AjaxQqpsService.js HTTP/1.1" 200 16326
120.253.135.82 - - [28/Jun/2022:09:59:01 +0800] "GET /xingrg/javascript/auto/jquery.autocomplete.js HTTP/1.1" 200 21624
120.253.135.82 - - [28/Jun/2022:09:59:01 +0800] "GET /xingrg/javascript/checkform.js HTTP/1.1" 200 18351
120.253.135.82 - - [28/Jun/2022:09:59:01 +0800] "GET /xingrg/javascript/print/LodopFuncs.js HTTP/1.1" 200 5121
120.253.135.82 - - [28/Jun/2022:09:59:01 +0800] "GET /xingrg/dwr/interface/AjaxComOrderService.js HTTP/1.1" 200 18264
120.253.135.82 - - [28/Jun/2022:09:59:01 +0800] "GET /xingrg/javascript/tools/jquery.qtip-1.0.0-rc3.min.js HTTP/1.1" 200 38404
120.253.135.82 - - [28/Jun/2022:09:59:01 +0800] "GET /xingrg/dwr/engine.js HTTP/1.1" 200 43631
120.253.135.82 - - [28/Jun/2022:09:59:01 +0800] "GET /xingrg/javascript/print/kc_print.js HTTP/1.1" 200 11415
120.253.135.82 - - [28/Jun/2022:09:59:02 +0800] "GET /xingrg/javascript/jquery_easy_ui/themes/default/images/menu_downarrow.png HTTP/1.1" 200 173
120.253.135.82 - - [28/Jun/2022:09:59:02 +0800] "GET /xingrg/javascript/jquery_easy_ui/themes/icons/print.png HTTP/1.1" 200 1057
120.253.135.82 - - [28/Jun/2022:09:59:02 +0800] "GET /xingrg/images/blue/button/kc_tab_edit.gif HTTP/1.1" 200 551
120.253.135.82 - - [28/Jun/2022:09:59:02 +0800] "GET /xingrg/images/blue/button/kc_tab_save.gif HTTP/1.1" 200 777
