58.37.225.129 - - [28/Jun/2022:10:56:00 +0800] "GET /xingrg/javascript/jquery_easy_ui/themes/default/images/menu_downarrow.png HTTP/1.1" 200 173
58.37.225.129 - - [28/Jun/2022:10:56:00 +0800] "GET /xingrg/images/blue/kc_tab_right.gif HTTP/1.1" 200 643
58.37.225.129 - - [28/Jun/2022:10:56:00 +0800] "GET /xingrg/images/blue/kc_tab_mid.gif HTTP/1.1" 200 44
58.37.225.129 - - [28/Jun/2022:10:56:00 +0800] "GET /xingrg/javascript/jquery_easy_ui/themes/icons/back_new.png HTTP/1.1" 200 3414
58.37.225.129 - - [28/Jun/2022:10:56:00 +0800] "POST /xingrg/dwr/call/plaincall/AjaxYddbService.loadMaterielItems.dwr HTTP/1.1" 200 406
180.169.147.146 - - [28/Jun/2022:10:56:00 +0800] "POST /xingrg/kc/pszx/mdth_order_new_list.html HTTP/1.1" 200 621
180.169.147.146 - - [28/Jun/2022:10:56:03 +0800] "POST /xingrg/kc/pszx/mdth_order_new_list.html HTTP/1.1" 200 5005
180.169.147.146 - - [28/Jun/2022:10:56:04 +0800] "POST /xingrg/kc/pszx/mdth_order_new_list.html HTTP/1.1" 200 204
218.81.223.53 - - [28/Jun/2022:10:56:05 +0800] "GET /xingrg/all/function/internal_message.html?_=1656384970059&CODE_STATE=getMsg HTTP/1.1" 200 27
114.84.82.172 - - [28/Jun/2022:10:56:06 +0800] "GET /xingrg/all/function/internal_message.html?_=1656384965499&CODE_STATE=getMsg HTTP/1.1" 200 27
180.169.147.146 - - [28/Jun/2022:10:56:07 +0800] "POST /xingrg/kc/pszx/mdth_order_new_list.html HTTP/1.1" 200 4156
222.69.144.95 - - [28/Jun/2022:10:56:07 +0800] "GET /xingrg/all/function/internal_message.html?_=1656385006938&CODE_STATE=getMsg HTTP/1.1" 200 27
180.169.147.146 - - [28/Jun/2022:10:56:08 +0800] "POST /xingrg/kc/pszx/mdth_order_new_list.html HTTP/1.1" 200 621
180.169.147.146 - - [28/Jun/2022:10:56:09 +0800] "GET /xingrg/kc/pszx/mdth_order_info.html?code=322022060400009 HTTP/1.1" 200 22179
180.169.147.146 - - [28/Jun/2022:10:56:09 +0800] "POST /xingrg/kc/pszx/mdth_order_new_info.html HTTP/1.1" 200 1667
180.169.147.146 - - [28/Jun/2022:10:56:09 +0800] "GET /xingrg/javascript/easyui/themes/default/validatebox.css HTTP/1.1" 404 1104
58.40.7.146 - - [28/Jun/2022:10:56:09 +0800] "GET /xingrg/all/function/internal_message.html?_=1656384991904&CODE_STATE=getMsg HTTP/1.1" 200 27
124.78.155.37 - - [28/Jun/2022:10:56:09 +0800] "GET /xingrg/all/function/internal_message.html?_=1656384969355&CODE_STATE=getMsg HTTP/1.1" 200 27
120.253.135.82 - - [28/Jun/2022:10:56:11 +0800] "POST /xingrg/kc/pszx/mdps_list_operate.html HTTP/1.1" 200 212
120.253.135.82 - - [28/Jun/2022:10:56:11 +0800] "GET /xingrg/kc/pszx/mdps_order_info.html?code=312022062700423 HTTP/1.1" 200 23978
180.169.147.146 - - [28/Jun/2022:10:56:12 +0800] "POST /xingrg/kc/pszx/mdth_order_new_list.html HTTP/1.1" 200 4156
120.253.135.82 - - [28/Jun/2022:10:56:12 +0800] "POST /xingrg/kc/pszx/mdps_order_operate.html HTTP/1.1" 200 2298
120.253.135.82 - - [28/Jun/2022:10:56:12 +0800] "GET /xingrg/javascript/easyui/themes/default/validatebox.css HTTP/1.1" 404 1104
180.169.147.146 - - [28/Jun/2022:10:56:13 +0800] "POST /xingrg/kc/pszx/mdth_order_new_list.html HTTP/1.1" 200 621
180.169.147.146 - - [28/Jun/2022:10:56:13 +0800] "GET /xingrg/kc/pszx/mdth_order_info.html?code=322022060400009 HTTP/1.1" 200 22179
180.169.147.146 - - [28/Jun/2022:10:56:13 +0800] "GET /xingrg/javascript/easyui/themes/default/validatebox.css HTTP/1.1" 404 1104
180.169.147.146 - - [28/Jun/2022:10:56:13 +0800] "POST /xingrg/kc/pszx/mdth_order_new_info.html HTTP/1.1" 200 1667
114.84.82.172 - - [28/Jun/2022:10:56:16 +0800] "GET /xingrg/all/function/internal_message.html?_=1656384976050&CODE_STATE=getMsg HTTP/1.1" 200 27
120.253.135.82 - - [28/Jun/2022:10:56:16 +0800] "POST /xingrg/kc/pszx/mdps_order_operate.html HTTP/1.1" 200 37
116.230.110.173 - - [28/Jun/2022:10:56:17 +0800] "GET /xingrg/all/function/internal_message.html?_=1656384976315&CODE_STATE=getMsg HTTP/1.1" 200 27
120.253.135.82 - - [28/Jun/2022:10:56:18 +0800] "POST /xingrg/kc/pszx/mdps_order_operate.html HTTP/1.1" 200 12
120.253.135.82 - - [28/Jun/2022:10:56:19 +0800] "GET /xingrg/kc/pszx/mdps_order_info.html?code=312022062700423 HTTP/1.1" 200 19636
120.253.135.82 - - [28/Jun/2022:10:56:19 +0800] "POST /xingrg/kc/pszx/mdps_order_operate.html HTTP/1.1" 200 516
120.253.135.82 - - [28/Jun/2022:10:56:20 +0800] "GET /xingrg/javascript/easyui/themes/default/validatebox.css HTTP/1.1" 404 1104
101.83.223.227 - - [28/Jun/2022:10:56:20 +0800] "GET /xingrg/all/function/internal_message.html?_=1656384929609&CODE_STATE=getMsg HTTP/1.1" 200 27
120.253.135.82 - - [28/Jun/2022:10:56:29 +0800] "GET /xingrg/check_reg.html?_=1656385121857 HTTP/1.1" 200 22
101.83.144.189 - - [28/Jun/2022:10:56:37 +0800] "GET /xingrg/all/function/internal_message.html?_=1656384997082&CODE_STATE=getMsg HTTP/1.1" 200 27
180.169.147.146 - - [28/Jun/2022:10:56:38 +0800] "POST /xingrg/kc/pszx/mdth_order_new_list.html HTTP/1.1" 200 4156
120.253.135.82 - - [28/Jun/2022:10:56:39 +0800] "GET /xingrg/all/function/internal_message.html?_=1656385131174&CODE_STATE=getMsg HTTP/1.1" 200 27
120.253.135.82 - - [28/Jun/2022:10:56:40 +0800] "POST /xingrg/kc/pszx/mdps_list_operate.html HTTP/1.1" 200 5174
180.169.147.146 - - [28/Jun/2022:10:56:40 +0800] "POST /xingrg/kc/pszx/mdth_order_new_list.html HTTP/1.1" 200 5005
180.169.147.146 - - [28/Jun/2022:10:56:41 +0800] "POST /xingrg/kc/pszx/mdth_order_new_list.html HTTP/1.1" 200 201
180.169.147.146 - - [28/Jun/2022:10:56:42 +0800] "POST /xingrg/kc/pszx/mdth_order_new_list.html HTTP/1.1" 200 204
172.20.0.100 - - [28/Jun/2022:10:56:42 +0800] "GET /xingrg/all/function/internal_message.html?_=1656385002544&CODE_STATE=getMsg HTTP/1.1" 200 27
180.169.147.146 - - [28/Jun/2022:10:56:43 +0800] "GET /xingrg/kc/pszx/mdth_order_info.html?code=322022060800023 HTTP/1.1" 200 22185
180.169.147.146 - - [28/Jun/2022:10:56:43 +0800] "POST /xingrg/kc/pszx/mdth_order_new_info.html HTTP/1.1" 200 274
180.169.147.146 - - [28/Jun/2022:10:56:43 +0800] "GET /xingrg/javascript/easyui/themes/default/validatebox.css HTTP/1.1" 404 1104
180.169.147.146 - - [28/Jun/2022:10:56:43 +0800] "GET /xingrg/all/function/internal_message.html?_=1656385002732&CODE_STATE=getMsg HTTP/1.1" 200 27
180.169.147.146 - - [28/Jun/2022:10:56:44 +0800] "POST /xingrg/all/common/load_combo.html?type=employee HTTP/1.1" 200 1752
120.253.135.82 - - [28/Jun/2022:10:56:45 +0800] "POST /xingrg/kc/pszx/mdps_list_operate.html HTTP/1.1" 200 363
58.37.225.129 - - [28/Jun/2022:10:56:49 +0800] "GET /xingrg/all/function/internal_message.html?_=1656384718787&CODE_STATE=getMsg HTTP/1.1" 200 27
180.169.147.146 - - [28/Jun/2022:10:56:49 +0800] "POST /xingrg/all/common/load_combo.html?type=base HTTP/1.1" 200 1169
120.253.135.82 - - [28/Jun/2022:10:56:53 +0800] "POST /xingrg/kc/pszx/mdps_list_operate.html HTTP/1.1" 200 5176
180.169.147.146 - - [28/Jun/2022:10:56:53 +0800] "GET /xingrg/all/function/internal_message.html?_=1656385012367&CODE_STATE=getMsg HTTP/1.1" 200 27
58.40.7.146 - - [28/Jun/2022:10:56:54 +0800] "POST /xingrg/dwr/call/plaincall/AjaxReportQueryService.refreshCache.dwr HTTP/1.1" 200 78
58.40.7.146 - - [28/Jun/2022:10:56:54 +0800] "POST /xingrg/all/report/load_report_page.html HTTP/1.1" 200 35747
58.40.7.146 - - [28/Jun/2022:10:56:54 +0800] "GET /xingrg/servlets/image?cache=0.8160813927958213&image=px HTTP/1.1" 200 807
116.233.75.165 - - [28/Jun/2022:10:56:55 +0800] "GET /xingrg/all/function/internal_message.html?_=1656385016606&CODE_STATE=getMsg HTTP/1.1" 200 27
116.233.75.165 - - [28/Jun/2022:10:56:55 +0800] "GET /xingrg/check_reg.html?_=1656385016608 HTTP/1.1" 200 22
116.238.208.126 - - [28/Jun/2022:10:56:55 +0800] "GET /xingrg/all/function/internal_message.html?_=1656385085121&CODE_STATE=getMsg HTTP/1.1" 200 27
120.253.135.82 - - [28/Jun/2022:10:56:56 +0800] "POST /xingrg/kc/pszx/mdps_list_operate.html HTTP/1.1" 200 286
120.253.135.82 - - [28/Jun/2022:10:56:56 +0800] "GET /xingrg/kc/pszx/mdps_order_info.html?code=312022062700422 HTTP/1.1" 200 23978
120.253.135.82 - - [28/Jun/2022:10:56:57 +0800] "POST /xingrg/kc/pszx/mdps_order_operate.html HTTP/1.1" 200 2794
120.253.135.82 - - [28/Jun/2022:10:56:57 +0800] "GET /xingrg/javascript/easyui/themes/default/validatebox.css HTTP/1.1" 404 1104
120.253.135.82 - - [28/Jun/2022:10:57:04 +0800] "POST /xingrg/kc/pszx/mdps_order_operate.html HTTP/1.1" 200 37
218.81.223.53 - - [28/Jun/2022:10:57:05 +0800] "GET /xingrg/all/function/internal_message.html?_=1656385030111&CODE_STATE=getMsg HTTP/1.1" 200 27
120.253.135.82 - - [28/Jun/2022:10:57:06 +0800] "POST /xingrg/kc/pszx/mdps_order_operate.html HTTP/1.1" 200 12
222.69.144.95 - - [28/Jun/2022:10:57:07 +0800] "GET /xingrg/all/function/internal_message.html?_=1656385066921&CODE_STATE=getMsg HTTP/1.1" 200 27
58.40.7.146 - - [28/Jun/2022:10:57:09 +0800] "GET /xingrg/check_reg.html?_=1656385051919 HTTP/1.1" 200 22
124.78.155.37 - - [28/Jun/2022:10:57:09 +0800] "GET /xingrg/all/function/internal_message.html?_=1656385029356&CODE_STATE=getMsg HTTP/1.1" 200 27
58.40.7.146 - - [28/Jun/2022:10:57:10 +0800] "GET /xingrg/all/function/internal_message.html?_=1656385051921&CODE_STATE=getMsg HTTP/1.1" 200 27
120.253.135.82 - - [28/Jun/2022:10:57:10 +0800] "GET /xingrg/kc/pszx/mdps_order_info.html?code=312022062700422 HTTP/1.1" 200 19636
120.253.135.82 - - [28/Jun/2022:10:57:10 +0800] "POST /xingrg/kc/pszx/mdps_order_operate.html HTTP/1.1" 200 1011
120.253.135.82 - - [28/Jun/2022:10:57:11 +0800] "GET /xingrg/javascript/easyui/themes/default/validatebox.css HTTP/1.1" 404 1104
180.169.147.146 - - [28/Jun/2022:10:57:11 +0800] "POST /xingrg/kc/pszx/mdth_order_new_info.html HTTP/1.1" 200 37
180.169.147.146 - - [28/Jun/2022:10:57:12 +0800] "POST /xingrg/kc/pszx/mdth_order_new_info.html HTTP/1.1" 200 281
180.169.147.146 - - [28/Jun/2022:10:57:12 +0800] "POST /xingrg/kc/pszx/mdth_order_new_info.html HTTP/1.1" 200 12
120.253.135.82 - - [28/Jun/2022:10:57:13 +0800] "POST /xingrg/kc/pszx/mdps_list_operate.html HTTP/1.1" 200 5176
180.169.147.146 - - [28/Jun/2022:10:57:13 +0800] "GET /xingrg/kc/pszx/mdth_order_info.html?code=322022060800023 HTTP/1.1" 200 20259
180.169.147.146 - - [28/Jun/2022:10:57:14 +0800] "POST /xingrg/kc/pszx/mdth_order_new_info.html HTTP/1.1" 200 281
180.169.147.146 - - [28/Jun/2022:10:57:14 +0800] "GET /xingrg/javascript/easyui/themes/default/validatebox.css HTTP/1.1" 404 1104
114.84.82.172 - - [28/Jun/2022:10:57:16 +0800] "GET /xingrg/all/function/internal_message.html?_=1656385036051&CODE_STATE=getMsg HTTP/1.1" 200 27
114.84.82.172 - - [28/Jun/2022:10:57:16 +0800] "GET /xingrg/check_reg.html?_=1656385036054 HTTP/1.1" 200 22
116.230.110.173 - - [28/Jun/2022:10:57:17 +0800] "GET /xingrg/all/function/internal_message.html?_=1656385036316&CODE_STATE=getMsg HTTP/1.1" 200 27
101.83.223.227 - - [28/Jun/2022:10:57:19 +0800] "GET /xingrg/check_reg.html?_=1656384988611 HTTP/1.1" 200 22
101.83.223.227 - - [28/Jun/2022:10:57:20 +0800] "GET /xingrg/all/function/internal_message.html?_=1656384989623&CODE_STATE=getMsg HTTP/1.1" 200 27
180.169.147.146 - - [28/Jun/2022:10:57:33 +0800] "GET /xingrg/kc/report/report_main.html HTTP/1.1" 200 8599
101.83.144.189 - - [28/Jun/2022:10:57:37 +0800] "GET /xingrg/all/function/internal_message.html?_=1656385057059&CODE_STATE=getMsg HTTP/1.1" 200 27
120.253.135.82 - - [28/Jun/2022:10:57:39 +0800] "GET /xingrg/all/function/internal_message.html?_=1656385191199&CODE_STATE=getMsg HTTP/1.1" 200 27
172.20.0.100 - - [28/Jun/2022:10:57:42 +0800] "GET /xingrg/all/function/internal_message.html?_=1656385062530&CODE_STATE=getMsg HTTP/1.1" 200 27
180.169.147.146 - - [28/Jun/2022:10:57:43 +0800] "GET /xingrg/all/function/internal_message.html?_=1656385062715&CODE_STATE=getMsg HTTP/1.1" 200 27
172.20.0.100 - - [28/Jun/2022:10:57:43 +0800] "GET /xingrg/check_reg.html?_=1656385063627 HTTP/1.1" 200 22
180.169.147.146 - - [28/Jun/2022:10:57:45 +0800] "GET /xingrg/kc/pszx/mdth_order_list.html HTTP/1.1" 200 18431
180.169.147.146 - - [28/Jun/2022:10:57:46 +0800] "POST /xingrg/kc/pszx/mdth_order_new_list.html HTTP/1.1" 200 4762
180.169.147.146 - - [28/Jun/2022:10:57:48 +0800] "GET /xingrg/kc/base/yddb_order_list.html HTTP/1.1" 200 16748
180.169.147.146 - - [28/Jun/2022:10:57:48 +0800] "POST /xingrg/kc/base/yddb_list_operate.html HTTP/1.1" 200 1585
58.37.225.129 - - [28/Jun/2022:10:57:49 +0800] "GET /xingrg/all/function/internal_message.html?_=1656384778800&CODE_STATE=getMsg HTTP/1.1" 200 27
180.169.147.146 - - [28/Jun/2022:10:57:52 +0800] "GET /xingrg/kc/report/report_main.html HTTP/1.1" 200 8599
180.169.147.146 - - [28/Jun/2022:10:57:53 +0800] "GET /xingrg/all/function/internal_message.html?_=1656385072351&CODE_STATE=getMsg HTTP/1.1" 200 27
180.169.147.146 - - [28/Jun/2022:10:57:54 +0800] "GET /xingrg/check_reg.html?_=1656385072805 HTTP/1.1" 200 22
116.238.208.126 - - [28/Jun/2022:10:57:55 +0800] "GET /xingrg/check_reg.html?_=1656385144678 HTTP/1.1" 200 22
116.233.75.165 - - [28/Jun/2022:10:57:55 +0800] "GET /xingrg/all/function/internal_message.html?_=1656385076606&CODE_STATE=getMsg HTTP/1.1" 200 27
116.238.208.126 - - [28/Jun/2022:10:57:55 +0800] "GET /xingrg/all/function/internal_message.html?_=1656385145128&CODE_STATE=getMsg HTTP/1.1" 200 27
180.169.147.146 - - [28/Jun/2022:10:57:58 +0800] "GET /xingrg/all/report/report_query.html?fileName=kc/pszx/psth_mx_report.xml HTTP/1.1" 200 51391
180.169.147.146 - - [28/Jun/2022:10:57:59 +0800] "GET /xingrg/dwr/engine.js HTTP/1.1" 200 43631
180.169.147.146 - - [28/Jun/2022:10:57:59 +0800] "POST /xingrg/dwr/call/plaincall/AjaxReportQueryService.getFixDate.dwr HTTP/1.1" 200 111
180.169.147.146 - - [28/Jun/2022:10:57:59 +0800] "GET /favicon.ico HTTP/1.1" 404 -
180.169.147.146 - - [28/Jun/2022:10:57:59 +0800] "POST /xingrg/dwr/call/plaincall/AjaxReportQueryService.getInitString.dwr HTTP/1.1" 200 1238
180.169.147.146 - - [28/Jun/2022:10:57:59 +0800] "POST /xingrg/all/common/load_tree.html?tree=materiel_sort_tree_json HTTP/1.1" 200 9388
180.169.147.146 - - [28/Jun/2022:10:58:02 +0800] "POST /xingrg/dwr/call/plaincall/AjaxReportQueryService.refreshCache.dwr HTTP/1.1" 200 78
180.169.147.146 - - [28/Jun/2022:10:58:02 +0800] "POST /xingrg/all/report/load_report_page.html HTTP/1.1" 200 117012
180.169.147.146 - - [28/Jun/2022:10:58:03 +0800] "GET /xingrg/servlets/image?cache=0.9105574122412752&image=px HTTP/1.1" 200 807
218.81.223.53 - - [28/Jun/2022:10:58:05 +0800] "GET /xingrg/all/function/internal_message.html?_=1656385090117&CODE_STATE=getMsg HTTP/1.1" 200 27
222.69.144.95 - - [28/Jun/2022:10:58:07 +0800] "GET /xingrg/all/function/internal_message.html?_=1656385126911&CODE_STATE=getMsg HTTP/1.1" 200 27
222.69.144.95 - - [28/Jun/2022:10:58:07 +0800] "GET /xingrg/check_reg.html?_=1656385126913 HTTP/1.1" 200 22
58.40.7.146 - - [28/Jun/2022:10:58:09 +0800] "GET /xingrg/all/function/internal_message.html?_=1656385111910&CODE_STATE=getMsg HTTP/1.1" 200 27
124.78.155.37 - - [28/Jun/2022:10:58:09 +0800] "GET /xingrg/all/function/internal_message.html?_=1656385089354&CODE_STATE=getMsg HTTP/1.1" 200 27
101.83.144.189 - - [28/Jun/2022:10:58:09 +0800] "GET /xingrg/check_reg.html?_=1656385089782 HTTP/1.1" 200 22
124.78.155.37 - - [28/Jun/2022:10:58:09 +0800] "GET /xingrg/check_reg.html?_=1656385089356 HTTP/1.1" 200 22
180.169.147.146 - - [28/Jun/2022:10:58:10 +0800] "POST /xingrg/all/report/report_print.html HTTP/1.1" 200 19996
114.84.82.172 - - [28/Jun/2022:10:58:16 +0800] "GET /xingrg/all/function/internal_message.html?_=1656385096055&CODE_STATE=getMsg HTTP/1.1" 200 27
116.230.110.173 - - [28/Jun/2022:10:58:17 +0800] "GET /xingrg/all/function/internal_message.html?_=1656385096317&CODE_STATE=getMsg HTTP/1.1" 200 27
101.83.223.227 - - [28/Jun/2022:10:58:20 +0800] "GET /xingrg/all/function/internal_message.html?_=1656385049636&CODE_STATE=getMsg HTTP/1.1" 200 27
101.83.144.189 - - [28/Jun/2022:10:58:37 +0800] "GET /xingrg/all/function/internal_message.html?_=1656385117027&CODE_STATE=getMsg HTTP/1.1" 200 27
120.253.135.82 - - [28/Jun/2022:10:58:39 +0800] "GET /xingrg/all/function/internal_message.html?_=1656385251212&CODE_STATE=getMsg HTTP/1.1" 200 27
172.20.0.100 - - [28/Jun/2022:10:58:42 +0800] "GET /xingrg/all/function/internal_message.html?_=1656385122515&CODE_STATE=getMsg HTTP/1.1" 200 27
180.169.147.146 - - [28/Jun/2022:10:58:43 +0800] "GET /xingrg/all/function/internal_message.html?_=1656385122734&CODE_STATE=getMsg HTTP/1.1" 200 27
58.37.225.129 - - [28/Jun/2022:10:58:49 +0800] "GET /xingrg/all/function/internal_message.html?_=1656384838787&CODE_STATE=getMsg HTTP/1.1" 200 27
180.169.147.146 - - [28/Jun/2022:10:58:53 +0800] "GET /xingrg/all/function/internal_message.html?_=1656385132334&CODE_STATE=getMsg HTTP/1.1" 200 27
116.233.75.165 - - [28/Jun/2022:10:58:55 +0800] "GET /xingrg/all/function/internal_message.html?_=1656385136606&CODE_STATE=getMsg HTTP/1.1" 200 27
116.238.208.126 - - [28/Jun/2022:10:58:56 +0800] "GET /xingrg/all/function/internal_message.html?_=1656385205143&CODE_STATE=getMsg HTTP/1.1" 200 27
218.81.223.53 - - [28/Jun/2022:10:59:04 +0800] "GET /xingrg/check_reg.html?_=1656385148998 HTTP/1.1" 200 22
218.81.223.53 - - [28/Jun/2022:10:59:05 +0800] "GET /xingrg/all/function/internal_message.html?_=1656385150132&CODE_STATE=getMsg HTTP/1.1" 200 27
222.69.144.95 - - [28/Jun/2022:10:59:07 +0800] "GET /xingrg/all/function/internal_message.html?_=1656385186917&CODE_STATE=getMsg HTTP/1.1" 200 27
58.40.7.146 - - [28/Jun/2022:10:59:07 +0800] "POST /xingrg/services/DataTransmitService HTTP/1.1" 200 524
58.40.7.146 - - [28/Jun/2022:10:59:09 +0800] "GET /xingrg/all/function/internal_message.html?_=1656385171906&CODE_STATE=getMsg HTTP/1.1" 200 27
124.78.155.37 - - [28/Jun/2022:10:59:09 +0800] "GET /xingrg/all/function/internal_message.html?_=1656385149354&CODE_STATE=getMsg HTTP/1.1" 200 27
114.84.82.172 - - [28/Jun/2022:10:59:16 +0800] "GET /xingrg/all/function/internal_message.html?_=1656385156056&CODE_STATE=getMsg HTTP/1.1" 200 27
116.230.110.173 - - [28/Jun/2022:10:59:17 +0800] "GET /xingrg/all/function/internal_message.html?_=1656385156325&CODE_STATE=getMsg HTTP/1.1" 200 27
101.83.223.227 - - [28/Jun/2022:10:59:20 +0800] "GET /xingrg/all/function/internal_message.html?_=1656385109650&CODE_STATE=getMsg HTTP/1.1" 200 27
116.230.110.173 - - [28/Jun/2022:10:59:27 +0800] "GET /xingrg/kc/buy/cgsh_order_operate.html?command=get_materiel&rest_code=00155&code=00102002466&supplier_code=00100005&order_time=2022-06-28 HTTP/1.1" 200 412
58.40.7.146 - - [28/Jun/2022:10:59:32 +0800] "GET /xingrg/javascript/jquery_easy_ui/themes/default/images/button_plain_hover.png HTTP/1.1" 200 252
101.83.144.189 - - [28/Jun/2022:10:59:37 +0800] "GET /xingrg/all/function/internal_message.html?_=1656385177005&CODE_STATE=getMsg HTTP/1.1" 200 27
120.253.135.82 - - [28/Jun/2022:10:59:39 +0800] "GET /xingrg/all/function/internal_message.html?_=1656385311239&CODE_STATE=getMsg HTTP/1.1" 200 27
58.40.7.146 - - [28/Jun/2022:10:59:41 +0800] "GET /xingrg/dma/order_info.html?id=33968&sid=16&sale_day=20220514 HTTP/1.1" 200 5413
58.40.7.146 - - [28/Jun/2022:10:59:41 +0800] "GET /favicon.ico HTTP/1.1" 404 -
172.20.0.100 - - [28/Jun/2022:10:59:42 +0800] "GET /xingrg/all/function/internal_message.html?_=1656385182511&CODE_STATE=getMsg HTTP/1.1" 200 27
180.169.147.146 - - [28/Jun/2022:10:59:43 +0800] "GET /xingrg/all/function/internal_message.html?_=1656385182735&CODE_STATE=getMsg HTTP/1.1" 200 27
180.169.147.146 - - [28/Jun/2022:10:59:43 +0800] "GET /xingrg/check_reg.html?_=1656385182733 HTTP/1.1" 200 22
58.37.225.129 - - [28/Jun/2022:10:59:49 +0800] "GET /xingrg/all/function/internal_message.html?_=1656384898776&CODE_STATE=getMsg HTTP/1.1" 200 27
58.40.7.146 - - [28/Jun/2022:10:59:51 +0800] "GET /xingrg/dma/order_info.html?id=33969&sid=16&sale_day=20220514 HTTP/1.1" 200 5413
58.40.7.146 - - [28/Jun/2022:10:59:51 +0800] "GET /favicon.ico HTTP/1.1" 404 -
180.169.147.146 - - [28/Jun/2022:10:59:53 +0800] "GET /xingrg/all/function/internal_message.html?_=1656385192318&CODE_STATE=getMsg HTTP/1.1" 200 27
116.233.75.165 - - [28/Jun/2022:10:59:55 +0800] "GET /xingrg/all/function/internal_message.html?_=1656385196611&CODE_STATE=getMsg HTTP/1.1" 200 27
116.238.208.126 - - [28/Jun/2022:10:59:56 +0800] "GET /xingrg/all/function/internal_message.html?_=1656385265164&CODE_STATE=getMsg HTTP/1.1" 200 27
120.253.135.82 - - [28/Jun/2022:10:59:59 +0800] "POST /xingrg/kc/pszx/mdps_list_operate.html HTTP/1.1" 200 4803
218.81.223.53 - - [28/Jun/2022:11:00:05 +0800] "GET /xingrg/all/function/internal_message.html?_=1656385210144&CODE_STATE=getMsg HTTP/1.1" 200 27
120.253.135.82 - - [28/Jun/2022:11:00:07 +0800] "POST /xingrg/kc/pszx/mdps_list_operate.html HTTP/1.1" 200 5176
222.69.144.95 - - [28/Jun/2022:11:00:07 +0800] "GET /xingrg/all/function/internal_message.html?_=1656385246930&CODE_STATE=getMsg HTTP/1.1" 200 27
120.253.135.82 - - [28/Jun/2022:11:00:09 +0800] "POST /xingrg/kc/pszx/mdps_list_operate.html HTTP/1.1" 200 516
58.40.7.146 - - [28/Jun/2022:11:00:09 +0800] "GET /xingrg/all/function/internal_message.html?_=1656385231914&CODE_STATE=getMsg HTTP/1.1" 200 27
124.78.155.37 - - [28/Jun/2022:11:00:09 +0800] "GET /xingrg/all/function/internal_message.html?_=1656385209354&CODE_STATE=getMsg HTTP/1.1" 200 27
120.253.135.82 - - [28/Jun/2022:11:00:10 +0800] "GET /xingrg/kc/pszx/mdps_order_info.html?code=312022062700426 HTTP/1.1" 200 23972
120.253.135.82 - - [28/Jun/2022:11:00:11 +0800] "POST /xingrg/kc/pszx/mdps_order_operate.html HTTP/1.1" 200 4255
120.253.135.82 - - [28/Jun/2022:11:00:11 +0800] "GET /xingrg/javascript/easyui/themes/default/validatebox.css HTTP/1.1" 404 1104
114.84.82.172 - - [28/Jun/2022:11:00:16 +0800] "GET /xingrg/all/function/internal_message.html?_=1656385216057&CODE_STATE=getMsg HTTP/1.1" 200 27
116.230.110.173 - - [28/Jun/2022:11:00:17 +0800] "GET /xingrg/check_reg.html?_=1656385216312 HTTP/1.1" 200 22
116.230.110.173 - - [28/Jun/2022:11:00:17 +0800] "GET /xingrg/all/function/internal_message.html?_=1656385216316&CODE_STATE=getMsg HTTP/1.1" 200 27
101.83.223.227 - - [28/Jun/2022:11:00:20 +0800] "GET /xingrg/all/function/internal_message.html?_=1656385169727&CODE_STATE=getMsg HTTP/1.1" 200 27
223.147.205.234 - - [28/Jun/2022:11:00:22 +0800] "GET /xingrg/login_supplier.html?uc_sm=1 HTTP/1.1" 302 -
223.147.205.234 - - [28/Jun/2022:11:00:22 +0800] "GET /xingrg/login_supplier.html HTTP/1.1" 302 -
223.147.205.234 - - [28/Jun/2022:11:00:22 +0800] "GET /xingrg/supplier_index.html?sysBaseUrl=http%3A%2F%2F180.169.147.146%3A18081%2Fxingrg%2F&costTime=0×tamp=1656385222295 HTTP/1.1" 200 9061
223.147.205.234 - - [28/Jun/2022:11:00:22 +0800] "GET /xingrg/supplier_index.html?sysBaseUrl=http%3A%2F%2F180.169.147.146%3A18081%2Fxingrg%2F&costTime=0×tamp=1656385222403 HTTP/1.1" 200 9061
223.147.205.234 - - [28/Jun/2022:11:00:22 +0800] "GET /favicon.ico HTTP/1.1" 404 -
120.253.135.82 - - [28/Jun/2022:11:00:23 +0800] "POST /xingrg/kc/pszx/mdps_list_operate.html HTTP/1.1" 200 5176
120.253.135.82 - - [28/Jun/2022:11:00:24 +0800] "POST /xingrg/kc/pszx/mdps_list_operate.html HTTP/1.1" 200 619
120.253.135.82 - - [28/Jun/2022:11:00:24 +0800] "GET /xingrg/kc/pszx/mdps_order_info.html?code=312022062700427 HTTP/1.1" 200 23972
120.253.135.82 - - [28/Jun/2022:11:00:24 +0800] "POST /xingrg/kc/pszx/mdps_order_operate.html HTTP/1.1" 200 12587
120.253.135.82 - - [28/Jun/2022:11:00:24 +0800] "GET /xingrg/javascript/easyui/themes/default/validatebox.css HTTP/1.1" 404 1104
223.147.205.234 - - [28/Jun/2022:11:00:25 +0800] "GET /xingrg/supplier/cgsh_order_list.html HTTP/1.1" 200 10896
223.147.205.234 - - [28/Jun/2022:11:00:27 +0800] "POST /xingrg/supplier/cgsh_list_operate.html HTTP/1.1" 200 4997
223.147.205.234 - - [28/Jun/2022:11:00:34 +0800] "GET /xingrg/javascript/jquery_tools/images/prev.gif HTTP/1.1" 404 1086
223.147.205.234 - - [28/Jun/2022:11:00:34 +0800] "GET /xingrg/javascript/jquery_tools/images/next.gif HTTP/1.1" 404 1086
101.83.144.189 - - [28/Jun/2022:11:00:37 +0800] "GET /xingrg/all/function/internal_message.html?_=1656385236985&CODE_STATE=getMsg HTTP/1.1" 200 27
120.253.135.82 - - [28/Jun/2022:11:00:39 +0800] "GET /xingrg/all/function/internal_message.html?_=1656385371255&CODE_STATE=getMsg HTTP/1.1" 200 27
172.20.0.100 - - [28/Jun/2022:11:00:42 +0800] "GET /xingrg/all/function/internal_message.html?_=1656385242484&CODE_STATE=getMsg HTTP/1.1" 200 27
180.169.147.146 - - [28/Jun/2022:11:00:43 +0800] "GET /xingrg/all/function/internal_message.html?_=1656385242730&CODE_STATE=getMsg HTTP/1.1" 200 27
58.37.225.129 - - [28/Jun/2022:11:00:49 +0800] "GET /xingrg/check_reg.html?_=1656384958780 HTTP/1.1" 200 22
58.37.225.129 - - [28/Jun/2022:11:00:49 +0800] "GET /xingrg/all/function/internal_message.html?_=1656384958781&CODE_STATE=getMsg HTTP/1.1" 200 27
180.169.147.146 - - [28/Jun/2022:11:00:53 +0800] "GET /xingrg/all/function/internal_message.html?_=1656385252288&CODE_STATE=getMsg HTTP/1.1" 200 27
101.83.223.227 - - [28/Jun/2022:11:00:55 +0800] "GET /xingrg/check_reg.html?_=1656385252479 HTTP/1.1" 302 -
116.233.75.165 - - [28/Jun/2022:11:00:55 +0800] "GET /xingrg/all/function/internal_message.html?_=1656385256636&CODE_STATE=getMsg HTTP/1.1" 200 27
116.238.208.126 - - [28/Jun/2022:11:00:56 +0800] "GET /xingrg/all/function/internal_message.html?_=1656385325268&CODE_STATE=getMsg HTTP/1.1" 200 27
223.147.205.234 - - [28/Jun/2022:11:00:56 +0800] "POST /xingrg/supplier/cgsh_list_operate.html HTTP/1.1" 200 4593
218.81.223.53 - - [28/Jun/2022:11:01:05 +0800] "GET /xingrg/all/function/internal_message.html?_=1656385270159&CODE_STATE=getMsg HTTP/1.1" 200 27
222.69.144.95 - - [28/Jun/2022:11:01:07 +0800] "GET /xingrg/all/function/internal_message.html?_=1656385306934&CODE_STATE=getMsg HTTP/1.1" 200 27
58.40.7.146 - - [28/Jun/2022:11:01:09 +0800] "GET /xingrg/all/function/internal_message.html?_=1656385291906&CODE_STATE=getMsg HTTP/1.1" 200 27
124.78.155.37 - - [28/Jun/2022:11:01:09 +0800] "GET /xingrg/all/function/internal_message.html?_=1656385269353&CODE_STATE=getMsg HTTP/1.1" 200 27
114.84.82.172 - - [28/Jun/2022:11:01:16 +0800] "GET /xingrg/all/function/internal_message.html?_=1656385276058&CODE_STATE=getMsg HTTP/1.1" 200 27
116.230.110.173 - - [28/Jun/2022:11:01:17 +0800] "GET /xingrg/all/function/internal_message.html?_=1656385276320&CODE_STATE=getMsg HTTP/1.1" 200 27
101.83.223.227 - - [28/Jun/2022:11:01:20 +0800] "GET /xingrg/all/function/internal_message.html?_=1656385229739&CODE_STATE=getMsg HTTP/1.1" 200 27
120.253.135.82 - - [28/Jun/2022:11:01:29 +0800] "GET /xingrg/check_reg.html?_=1656385421868 HTTP/1.1" 200 22
223.147.205.234 - - [28/Jun/2022:11:01:30 +0800] "POST /xingrg/supplier/cgsh_list_operate.html HTTP/1.1" 200 353
58.35.210.91 - - [28/Jun/2022:11:01:31 +0800] "POST /xingrg/services/DataTransmitService HTTP/1.1" 200 524
223.147.205.234 - - [28/Jun/2022:11:01:33 +0800] "POST /xingrg/supplier/cgsh_list_operate.html HTTP/1.1" 200 209
223.147.205.234 - - [28/Jun/2022:11:01:35 +0800] "POST /xingrg/supplier/cgsh_list_operate.html HTTP/1.1" 200 610
101.83.144.189 - - [28/Jun/2022:11:01:37 +0800] "GET /xingrg/all/function/internal_message.html?_=1656385296954&CODE_STATE=getMsg HTTP/1.1" 200 27
120.253.135.82 - - [28/Jun/2022:11:01:39 +0800] "GET /xingrg/all/function/internal_message.html?_=1656385431268&CODE_STATE=getMsg HTTP/1.1" 200 27
172.20.0.100 - - [28/Jun/2022:11:01:42 +0800] "GET /xingrg/all/function/internal_message.html?_=1656385302459&CODE_STATE=getMsg HTTP/1.1" 200 27
180.169.147.146 - - [28/Jun/2022:11:01:43 +0800] "GET /xingrg/all/function/internal_message.html?_=1656385302721&CODE_STATE=getMsg HTTP/1.1" 200 27
58.37.225.129 - - [28/Jun/2022:11:01:49 +0800] "GET /xingrg/all/function/internal_message.html?_=1656385018783&CODE_STATE=getMsg HTTP/1.1" 200 27
223.147.205.234 - - [28/Jun/2022:11:01:51 +0800] "POST /xingrg/supplier/cgsh_list_operate.html HTTP/1.1" 200 377
180.169.147.146 - - [28/Jun/2022:11:01:53 +0800] "GET /xingrg/all/function/internal_message.html?_=1656385312268&CODE_STATE=getMsg HTTP/1.1" 200 27
223.147.205.234 - - [28/Jun/2022:11:01:54 +0800] "POST /xingrg/supplier/cgsh_list_operate.html HTTP/1.1" 200 201
116.233.75.165 - - [28/Jun/2022:11:01:55 +0800] "GET /xingrg/check_reg.html?_=1656385316637 HTTP/1.1" 200 22
116.233.75.165 - - [28/Jun/2022:11:01:55 +0800] "GET /xingrg/all/function/internal_message.html?_=1656385316644&CODE_STATE=getMsg HTTP/1.1" 200 27
116.238.208.126 - - [28/Jun/2022:11:01:56 +0800] "GET /xingrg/all/function/internal_message.html?_=1656385385276&CODE_STATE=getMsg HTTP/1.1" 200 27
218.81.223.53 - - [28/Jun/2022:11:02:05 +0800] "GET /xingrg/all/function/internal_message.html?_=1656385330205&CODE_STATE=getMsg HTTP/1.1" 200 27
222.69.144.95 - - [28/Jun/2022:11:02:07 +0800] "GET /xingrg/all/function/internal_message.html?_=1656385366924&CODE_STATE=getMsg HTTP/1.1" 200 27
223.147.205.234 - - [28/Jun/2022:11:02:09 +0800] "POST /xingrg/supplier/cgsh_list_operate.html HTTP/1.1" 200 209
58.40.7.146 - - [28/Jun/2022:11:02:09 +0800] "GET /xingrg/all/function/internal_message.html?_=1656385351908&CODE_STATE=getMsg HTTP/1.1" 200 27
124.78.155.37 - - [28/Jun/2022:11:02:09 +0800] "GET /xingrg/all/function/internal_message.html?_=1656385329357&CODE_STATE=getMsg HTTP/1.1" 200 27
58.40.7.146 - - [28/Jun/2022:11:02:09 +0800] "GET /xingrg/check_reg.html?_=1656385351910 HTTP/1.1" 200 22
223.147.205.234 - - [28/Jun/2022:11:02:11 +0800] "POST /xingrg/supplier/cgsh_list_operate.html HTTP/1.1" 200 536
114.84.82.172 - - [28/Jun/2022:11:02:16 +0800] "GET /xingrg/check_reg.html?_=1656385336059 HTTP/1.1" 200 22
114.84.82.172 - - [28/Jun/2022:11:02:16 +0800] "GET /xingrg/all/function/internal_message.html?_=1656385336061&CODE_STATE=getMsg HTTP/1.1" 200 27
116.230.110.173 - - [28/Jun/2022:11:02:17 +0800] "GET /xingrg/all/function/internal_message.html?_=1656385336313&CODE_STATE=getMsg HTTP/1.1" 200 27
101.83.223.227 - - [28/Jun/2022:11:02:19 +0800] "GET /xingrg/check_reg.html?_=1656385288680 HTTP/1.1" 200 22
101.83.223.227 - - [28/Jun/2022:11:02:20 +0800] "GET /xingrg/all/function/internal_message.html?_=1656385289753&CODE_STATE=getMsg HTTP/1.1" 200 27
223.147.205.234 - - [28/Jun/2022:11:02:34 +0800] "POST /xingrg/supplier/cgsh_list_operate.html HTTP/1.1" 200 202
101.83.144.189 - - [28/Jun/2022:11:02:37 +0800] "GET /xingrg/all/function/internal_message.html?_=1656385356933&CODE_STATE=getMsg HTTP/1.1" 200 27
120.253.135.82 - - [28/Jun/2022:11:02:39 +0800] "GET /xingrg/all/function/internal_message.html?_=1656385491282&CODE_STATE=getMsg HTTP/1.1" 200 27
172.20.0.100 - - [28/Jun/2022:11:02:42 +0800] "GET /xingrg/all/function/internal_message.html?_=1656385362443&CODE_STATE=getMsg HTTP/1.1" 200 27
180.169.147.146 - - [28/Jun/2022:11:02:43 +0800] "GET /xingrg/all/function/internal_message.html?_=1656385362737&CODE_STATE=getMsg HTTP/1.1" 200 27
172.20.0.100 - - [28/Jun/2022:11:02:43 +0800] "GET /xingrg/check_reg.html?_=1656385363622 HTTP/1.1" 200 22
223.147.205.234 - - [28/Jun/2022:11:02:49 +0800] "POST /xingrg/supplier/cgsh_list_operate.html HTTP/1.1" 200 210
58.37.225.129 - - [28/Jun/2022:11:02:49 +0800] "GET /xingrg/all/function/internal_message.html?_=1656385078787&CODE_STATE=getMsg HTTP/1.1" 200 27
223.147.205.234 - - [28/Jun/2022:11:02:51 +0800] "POST /xingrg/supplier/cgsh_list_operate.html HTTP/1.1" 200 209
180.169.147.146 - - [28/Jun/2022:11:02:53 +0800] "GET /xingrg/all/function/internal_message.html?_=1656385372239&CODE_STATE=getMsg HTTP/1.1" 200 27
180.169.147.146 - - [28/Jun/2022:11:02:54 +0800] "GET /xingrg/check_reg.html?_=1656385372802 HTTP/1.1" 200 22
116.233.75.165 - - [28/Jun/2022:11:02:55 +0800] "GET /xingrg/all/function/internal_message.html?_=1656385376628&CODE_STATE=getMsg HTTP/1.1" 200 27
116.238.208.126 - - [28/Jun/2022:11:02:55 +0800] "GET /xingrg/check_reg.html?_=1656385444681 HTTP/1.1" 200 22
116.238.208.126 - - [28/Jun/2022:11:02:56 +0800] "GET /xingrg/all/function/internal_message.html?_=1656385445289&CODE_STATE=getMsg HTTP/1.1" 200 27
120.253.135.82 - - [28/Jun/2022:11:03:04 +0800] "POST /xingrg/kc/pszx/mdps_list_operate.html HTTP/1.1" 200 5176
223.147.205.234 - - [28/Jun/2022:11:03:04 +0800] "POST /xingrg/supplier/cgsh_list_operate.html HTTP/1.1" 200 4762
218.81.223.53 - - [28/Jun/2022:11:03:05 +0800] "GET /xingrg/all/function/internal_message.html?_=1656385390216&CODE_STATE=getMsg HTTP/1.1" 200 27
222.69.144.95 - - [28/Jun/2022:11:03:07 +0800] "GET /xingrg/check_reg.html?_=1656385426922 HTTP/1.1" 200 22
222.69.144.95 - - [28/Jun/2022:11:03:07 +0800] "GET /xingrg/all/function/internal_message.html?_=1656385426925&CODE_STATE=getMsg HTTP/1.1" 200 27
223.147.205.234 - - [28/Jun/2022:11:03:08 +0800] "POST /xingrg/supplier/cgsh_list_operate.html HTTP/1.1" 200 209
58.40.7.146 - - [28/Jun/2022:11:03:09 +0800] "GET /xingrg/all/function/internal_message.html?_=1656385411912&CODE_STATE=getMsg HTTP/1.1" 200 27
101.83.144.189 - - [28/Jun/2022:11:03:09 +0800] "GET /xingrg/check_reg.html?_=1656385389753 HTTP/1.1" 200 22
124.78.155.37 - - [28/Jun/2022:11:03:09 +0800] "GET /xingrg/check_reg.html?_=1656385389356 HTTP/1.1" 200 22
124.78.155.37 - - [28/Jun/2022:11:03:09 +0800] "GET /xingrg/all/function/internal_message.html?_=1656385389357&CODE_STATE=getMsg HTTP/1.1" 200 27
223.147.205.234 - - [28/Jun/2022:11:03:12 +0800] "POST /xingrg/supplier/cgsh_list_operate.html HTTP/1.1" 200 209
116.235.94.65 - - [28/Jun/2022:11:03:15 +0800] "GET /favicon.ico HTTP/1.1" 404 -
223.147.205.234 - - [28/Jun/2022:11:03:15 +0800] "POST /xingrg/supplier/cgsh_list_operate.html HTTP/1.1" 200 210
116.235.94.65 - - [28/Jun/2022:11:03:16 +0800] "GET /xingrg/login.html HTTP/1.1" 200 7641
114.84.82.172 - - [28/Jun/2022:11:03:16 +0800] "GET /xingrg/all/function/internal_message.html?_=1656385396059&CODE_STATE=getMsg HTTP/1.1" 200 27
116.235.94.65 - - [28/Jun/2022:11:03:17 +0800] "GET /favicon.ico HTTP/1.1" 404 -
116.230.110.173 - - [28/Jun/2022:11:03:17 +0800] "GET /xingrg/all/function/internal_message.html?_=1656385396324&CODE_STATE=getMsg HTTP/1.1" 200 27
223.147.205.234 - - [28/Jun/2022:11:03:17 +0800] "POST /xingrg/supplier/cgsh_list_operate.html HTTP/1.1" 200 202
101.83.223.227 - - [28/Jun/2022:11:03:20 +0800] "GET /xingrg/all/function/internal_message.html?_=1656385349767&CODE_STATE=getMsg HTTP/1.1" 200 27
223.147.205.234 - - [28/Jun/2022:11:03:24 +0800] "POST /xingrg/supplier/cgsh_list_operate.html HTTP/1.1" 200 209
223.147.205.234 - - [28/Jun/2022:11:03:26 +0800] "POST /xingrg/supplier/cgsh_list_operate.html HTTP/1.1" 200 208
223.147.205.234 - - [28/Jun/2022:11:03:28 +0800] "POST /xingrg/supplier/cgsh_list_operate.html HTTP/1.1" 200 209
223.147.205.234 - - [28/Jun/2022:11:03:33 +0800] "POST /xingrg/supplier/cgsh_list_operate.html HTTP/1.1" 200 209
101.83.144.189 - - [28/Jun/2022:11:03:37 +0800] "GET /xingrg/all/function/internal_message.html?_=1656385416914&CODE_STATE=getMsg HTTP/1.1" 200 27
120.253.135.82 - - [28/Jun/2022:11:03:39 +0800] "GET /xingrg/all/function/internal_message.html?_=1656385551326&CODE_STATE=getMsg HTTP/1.1" 200 27
223.147.205.234 - - [28/Jun/2022:11:03:39 +0800] "POST /xingrg/supplier/cgsh_list_operate.html HTTP/1.1" 200 209
223.147.205.234 - - [28/Jun/2022:11:03:41 +0800] "POST /xingrg/supplier/cgsh_list_operate.html HTTP/1.1" 200 209
172.20.0.100 - - [28/Jun/2022:11:03:42 +0800] "GET /xingrg/all/function/internal_message.html?_=1656385422424&CODE_STATE=getMsg HTTP/1.1" 200 27
180.169.147.146 - - [28/Jun/2022:11:03:43 +0800] "GET /xingrg/all/function/internal_message.html?_=1656385422738&CODE_STATE=getMsg HTTP/1.1" 200 27
223.147.205.234 - - [28/Jun/2022:11:03:47 +0800] "POST /xingrg/supplier/cgsh_list_operate.html HTTP/1.1" 200 4762
180.169.147.146 - - [28/Jun/2022:11:03:49 +0800] "GET /xingrg/kc/buy/cgsh_order_add.html HTTP/1.1" 200 67879
58.37.225.129 - - [28/Jun/2022:11:03:49 +0800] "GET /xingrg/all/function/internal_message.html?_=1656385138773&CODE_STATE=getMsg HTTP/1.1" 200 27
180.169.147.146 - - [28/Jun/2022:11:03:49 +0800] "GET /xingrg/words/20220628091025_words.js HTTP/1.1" 304 -
180.169.147.146 - - [28/Jun/2022:11:03:49 +0800] "POST /xingrg/kc/buy/cgsh_order_operate.html HTTP/1.1" 200 8245
180.169.147.146 - - [28/Jun/2022:11:03:49 +0800] "GET /xingrg/javascript/easyui/themes/default/validatebox.css HTTP/1.1" 404 1104
223.147.205.234 - - [28/Jun/2022:11:03:52 +0800] "POST /xingrg/supplier/cgsh_list_operate.html HTTP/1.1" 200 209
180.169.147.146 - - [28/Jun/2022:11:03:53 +0800] "GET /xingrg/all/function/internal_message.html?_=1656385432220&CODE_STATE=getMsg HTTP/1.1" 200 27
223.147.205.234 - - [28/Jun/2022:11:03:55 +0800] "POST /xingrg/supplier/cgsh_list_operate.html HTTP/1.1" 200 281
116.233.75.165 - - [28/Jun/2022:11:03:55 +0800] "GET /xingrg/all/function/internal_message.html?_=1656385436635&CODE_STATE=getMsg HTTP/1.1" 200 27
116.238.208.126 - - [28/Jun/2022:11:03:56 +0800] "GET /xingrg/all/function/internal_message.html?_=1656385505303&CODE_STATE=getMsg HTTP/1.1" 200 27
223.147.205.234 - - [28/Jun/2022:11:04:02 +0800] "POST /xingrg/supplier/cgsh_list_operate.html HTTP/1.1" 200 209
180.169.147.146 - - [28/Jun/2022:11:04:02 +0800] "GET /xingrg/kc/buy/cgsh_order_operate.html?command=get_materiel&rest_code=00147&code=00101001010&supplier_code=00100454&order_time=2022-06-28 HTTP/1.1" 200 409
218.81.223.53 - - [28/Jun/2022:11:04:04 +0800] "GET /xingrg/check_reg.html?_=1656385449028 HTTP/1.1" 200 22
218.81.223.53 - - [28/Jun/2022:11:04:05 +0800] "GET /xingrg/all/function/internal_message.html?_=1656385450231&CODE_STATE=getMsg HTTP/1.1" 200 27
223.147.205.234 - - [28/Jun/2022:11:04:05 +0800] "POST /xingrg/supplier/cgsh_list_operate.html HTTP/1.1" 200 220
222.69.144.95 - - [28/Jun/2022:11:04:07 +0800] "GET /xingrg/all/function/internal_message.html?_=1656385486914&CODE_STATE=getMsg HTTP/1.1" 200 27
58.40.7.146 - - [28/Jun/2022:11:04:09 +0800] "GET /xingrg/all/function/internal_message.html?_=1656385471904&CODE_STATE=getMsg HTTP/1.1" 200 27
124.78.155.37 - - [28/Jun/2022:11:04:09 +0800] "GET /xingrg/all/function/internal_message.html?_=1656385449391&CODE_STATE=getMsg HTTP/1.1" 200 27
218.81.223.53 - - [28/Jun/2022:11:04:11 +0800] "GET /xingrg/kc/buy/cgsh_order_operate.html?command=get_materiel&rest_code=00146&code=00101012046&supplier_code=00100325&order_time=2022-06-27 HTTP/1.1" 200 417
223.147.205.234 - - [28/Jun/2022:11:04:12 +0800] "POST /xingrg/supplier/cgsh_list_operate.html HTTP/1.1" 200 209
223.147.205.234 - - [28/Jun/2022:11:04:15 +0800] "POST /xingrg/supplier/cgsh_list_operate.html HTTP/1.1" 200 209
114.84.82.172 - - [28/Jun/2022:11:04:16 +0800] "GET /xingrg/all/function/internal_message.html?_=1656385456087&CODE_STATE=getMsg HTTP/1.1" 200 27
180.169.147.146 - - [28/Jun/2022:11:04:17 +0800] "GET /xingrg/kc/buy/cgsh_order_operate.html?command=get_materiel&rest_code=00147&code=00101001099&supplier_code=00100454&order_time=2022-06-28 HTTP/1.1" 200 409
116.230.110.173 - - [28/Jun/2022:11:04:17 +0800] "GET /xingrg/all/function/internal_message.html?_=1656385456315&CODE_STATE=getMsg HTTP/1.1" 200 27
223.147.205.234 - - [28/Jun/2022:11:04:17 +0800] "POST /xingrg/supplier/cgsh_list_operate.html HTTP/1.1" 200 209
223.147.205.234 - - [28/Jun/2022:11:04:19 +0800] "POST /xingrg/supplier/cgsh_list_operate.html HTTP/1.1" 200 209
101.83.223.227 - - [28/Jun/2022:11:04:20 +0800] "GET /xingrg/all/function/internal_message.html?_=1656385409780&CODE_STATE=getMsg HTTP/1.1" 200 27
223.147.205.234 - - [28/Jun/2022:11:04:21 +0800] "POST /xingrg/supplier/cgsh_list_operate.html HTTP/1.1" 200 209
218.81.223.53 - - [28/Jun/2022:11:04:29 +0800] "POST /xingrg/kc/buy/cgsh_order_operate.html HTTP/1.1" 200 37
116.238.208.126 - - [28/Jun/2022:11:04:29 +0800] "POST /xingrg/services/DataTransmitService HTTP/1.1" 200 524
116.238.208.126 - - [28/Jun/2022:11:04:29 +0800] "POST /xingrg/services/DataTransmitService HTTP/1.1" 200 501
180.169.147.146 - - [28/Jun/2022:11:04:30 +0800] "GET /xingrg/kc/buy/cgsh_order_operate.html?command=get_materiel&rest_code=00147&code=00101002048&supplier_code=00100454&order_time=2022-06-28 HTTP/1.1" 200 414
218.81.223.53 - - [28/Jun/2022:11:04:31 +0800] "POST /xingrg/kc/buy/cgsh_order_operate.html HTTP/1.1" 200 2660
223.147.205.234 - - [28/Jun/2022:11:04:31 +0800] "POST /xingrg/supplier/cgsh_list_operate.html HTTP/1.1" 200 2083
223.147.205.234 - - [28/Jun/2022:11:04:35 +0800] "POST /xingrg/supplier/cgsh_list_operate.html HTTP/1.1" 200 209
101.83.144.189 - - [28/Jun/2022:11:04:37 +0800] "GET /xingrg/all/function/internal_message.html?_=1656385476894&CODE_STATE=getMsg HTTP/1.1" 200 27
223.147.205.234 - - [28/Jun/2022:11:04:38 +0800] "POST /xingrg/supplier/cgsh_list_operate.html HTTP/1.1" 200 209
218.81.223.53 - - [28/Jun/2022:11:04:39 +0800] "GET /xingrg/kc/print/load_data.html?order_code=212022062803788&kc_code=cgsh&condition= HTTP/1.1" 200 684
120.253.135.82 - - [28/Jun/2022:11:04:39 +0800] "GET /xingrg/all/function/internal_message.html?_=1656385611340&CODE_STATE=getMsg HTTP/1.1" 200 27
124.78.155.37 - - [28/Jun/2022:11:04:40 +0800] "POST /xingrg/services/DataTransmitService HTTP/1.1" 200 524
124.78.155.37 - - [28/Jun/2022:11:04:42 +0800] "POST /xingrg/services/DataTransmitService HTTP/1.1" 200 412
172.20.0.100 - - [28/Jun/2022:11:04:42 +0800] "GET /xingrg/all/function/internal_message.html?_=1656385482402&CODE_STATE=getMsg HTTP/1.1" 200 27
180.169.147.146 - - [28/Jun/2022:11:04:43 +0800] "GET /xingrg/check_reg.html?_=1656385482734 HTTP/1.1" 200 22
180.169.147.146 - - [28/Jun/2022:11:04:43 +0800] "GET /xingrg/all/function/internal_message.html?_=1656385482736&CODE_STATE=getMsg HTTP/1.1" 200 27
180.169.147.146 - - [28/Jun/2022:11:04:45 +0800] "GET /xingrg/kc/buy/cgsh_order_operate.html?command=get_materiel&rest_code=00147&code=00101001151&supplier_code=00100454&order_time=2022-06-28 HTTP/1.1" 200 416
58.37.225.129 - - [28/Jun/2022:11:04:49 +0800] "GET /xingrg/all/function/internal_message.html?_=1656385198780&CODE_STATE=getMsg HTTP/1.1" 200 27
180.169.147.146 - - [28/Jun/2022:11:04:53 +0800] "GET /xingrg/all/function/internal_message.html?_=1656385492204&CODE_STATE=getMsg HTTP/1.1" 200 27
116.233.75.165 - - [28/Jun/2022:11:04:55 +0800] "GET /xingrg/all/function/internal_message.html?_=1656385496636&CODE_STATE=getMsg HTTP/1.1" 200 27
116.238.208.126 - - [28/Jun/2022:11:04:56 +0800] "GET /xingrg/all/function/internal_message.html?_=1656385565317&CODE_STATE=getMsg HTTP/1.1" 200 27
218.81.223.53 - - [28/Jun/2022:11:05:03 +0800] "GET /xingrg/kc/buy/cgsh_order_add.html HTTP/1.1" 200 67838
218.81.223.53 - - [28/Jun/2022:11:05:04 +0800] "POST /xingrg/kc/buy/cgsh_order_operate.html HTTP/1.1" 200 8245
218.81.223.53 - - [28/Jun/2022:11:05:04 +0800] "GET /xingrg/javascript/easyui/themes/default/validatebox.css HTTP/1.1" 404 1104
218.81.223.53 - - [28/Jun/2022:11:05:05 +0800] "GET /xingrg/all/function/internal_message.html?_=1656385510243&CODE_STATE=getMsg HTTP/1.1" 200 27
222.69.144.95 - - [28/Jun/2022:11:05:07 +0800] "GET /xingrg/all/function/internal_message.html?_=1656385546933&CODE_STATE=getMsg HTTP/1.1" 200 27
58.40.7.146 - - [28/Jun/2022:11:05:09 +0800] "GET /xingrg/all/function/internal_message.html?_=1656385531919&CODE_STATE=getMsg HTTP/1.1" 200 27
124.78.155.37 - - [28/Jun/2022:11:05:09 +0800] "GET /xingrg/all/function/internal_message.html?_=1656385509391&CODE_STATE=getMsg HTTP/1.1" 200 27
180.169.147.146 - - [28/Jun/2022:11:05:15 +0800] "POST /xingrg/kc/buy/cgsh_order_operate.html HTTP/1.1" 200 37
180.169.147.146 - - [28/Jun/2022:11:05:16 +0800] "POST /xingrg/kc/buy/cgsh_order_operate.html HTTP/1.1" 200 4428
114.84.82.172 - - [28/Jun/2022:11:05:16 +0800] "GET /xingrg/all/function/internal_message.html?_=1656385516087&CODE_STATE=getMsg HTTP/1.1" 200 27
116.230.110.173 - - [28/Jun/2022:11:05:17 +0800] "GET /xingrg/check_reg.html?_=1656385516314 HTTP/1.1" 200 22
116.230.110.173 - - [28/Jun/2022:11:05:17 +0800] "GET /xingrg/all/function/internal_message.html?_=1656385516316&CODE_STATE=getMsg HTTP/1.1" 200 27
101.83.223.227 - - [28/Jun/2022:11:05:20 +0800] "GET /xingrg/all/function/internal_message.html?_=1656385469864&CODE_STATE=getMsg HTTP/1.1" 200 27
180.169.147.146 - - [28/Jun/2022:11:05:20 +0800] "GET /xingrg/kc/mdqp/pssh_order_list.html HTTP/1.1" 200 17821
180.169.147.146 - - [28/Jun/2022:11:05:20 +0800] "POST /xingrg/kc/mdqp/pssh_list_operate.html HTTP/1.1" 200 5455
218.81.223.53 - - [28/Jun/2022:11:05:23 +0800] "GET /xingrg/kc/buy/cgsh_order_operate.html?command=get_materiel&rest_code=00146&code=00101010810&supplier_code=00100323&order_time=2022-06-27 HTTP/1.1" 200 432
180.169.147.146 - - [28/Jun/2022:11:05:23 +0800] "POST /xingrg/kc/mdqp/pssh_list_operate.html HTTP/1.1" 200 266
180.169.147.146 - - [28/Jun/2022:11:05:24 +0800] "GET /xingrg/kc/mdqp/pssh_order_info.html?code=312022061700270 HTTP/1.1" 200 14392
180.169.147.146 - - [28/Jun/2022:11:05:24 +0800] "GET /xingrg/javascript/jquery_tools/jquery-1.4.2.min.js HTTP/1.1" 404 1094
180.169.147.146 - - [28/Jun/2022:11:05:24 +0800] "POST /xingrg/kc/mdqp/pssh_order_operate.html HTTP/1.1" 200 540
180.169.147.146 - - [28/Jun/2022:11:05:24 +0800] "GET /xingrg/javascript/easyui/themes/default/validatebox.css HTTP/1.1" 404 1104
101.83.144.189 - - [28/Jun/2022:11:05:36 +0800] "GET /xingrg/all/function/internal_message.html?_=1656385536903&CODE_STATE=getMsg HTTP/1.1" 200 27
120.253.135.82 - - [28/Jun/2022:11:05:39 +0800] "GET /xingrg/all/function/internal_message.html?_=1656385671370&CODE_STATE=getMsg HTTP/1.1" 200 27
218.81.223.53 - - [28/Jun/2022:11:05:39 +0800] "GET /xingrg/kc/buy/cgsh_order_operate.html?command=get_materiel&rest_code=00146&code=00101013175&supplier_code=00100323&order_time=2022-06-27 HTTP/1.1" 200 432
172.20.0.100 - - [28/Jun/2022:11:05:42 +0800] "GET /xingrg/all/function/internal_message.html?_=1656385542387&CODE_STATE=getMsg HTTP/1.1" 200 27
180.169.147.146 - - [28/Jun/2022:11:05:43 +0800] "GET /xingrg/all/function/internal_message.html?_=1656385542732&CODE_STATE=getMsg HTTP/1.1" 200 27
124.78.155.37 - - [28/Jun/2022:11:05:43 +0800] "GET /xingrg/kc/buy/buy_main.html HTTP/1.1" 200 12412
124.78.155.37 - - [28/Jun/2022:11:05:44 +0800] "GET /xingrg/css/new_ie.css HTTP/1.1" 404 1036
124.78.155.37 - - [28/Jun/2022:11:05:45 +0800] "GET /xingrg/images/yd/bt.gif HTTP/1.1" 404 1040
124.78.155.37 - - [28/Jun/2022:11:05:45 +0800] "GET /xingrg/kc/buy/cgsh_order_list.html HTTP/1.1" 200 52094
218.81.223.53 - - [28/Jun/2022:11:05:47 +0800] "POST /xingrg/kc/buy/cgsh_order_operate.html HTTP/1.1" 200 37
58.37.225.129 - - [28/Jun/2022:11:05:49 +0800] "GET /xingrg/check_reg.html?_=1656385258782 HTTP/1.1" 200 22
218.81.223.53 - - [28/Jun/2022:11:05:49 +0800] "POST /xingrg/kc/buy/cgsh_order_operate.html HTTP/1.1" 200 3260
124.78.155.37 - - [28/Jun/2022:11:05:49 +0800] "POST /xingrg/kc/buy/cgsh_list_operate.html HTTP/1.1" 200 3912
218.81.223.53 - - [28/Jun/2022:11:05:52 +0800] "GET /xingrg/kc/print/load_data.html?order_code=212022062803790&kc_code=cgsh&condition= HTTP/1.1" 200 919
180.169.147.146 - - [28/Jun/2022:11:05:53 +0800] "GET /xingrg/all/function/internal_message.html?_=1656385552183&CODE_STATE=getMsg HTTP/1.1" 200 27
101.83.223.227 - - [28/Jun/2022:11:05:55 +0800] "GET /xingrg/check_reg.html?_=1656385552503 HTTP/1.1" 302 -
116.233.75.165 - - [28/Jun/2022:11:05:55 +0800] "GET /xingrg/all/function/internal_message.html?_=1656385556637&CODE_STATE=getMsg HTTP/1.1" 200 27
116.238.208.126 - - [28/Jun/2022:11:05:56 +0800] "GET /xingrg/all/function/internal_message.html?_=1656385625425&CODE_STATE=getMsg HTTP/1.1" 200 27
58.37.225.129 - - [28/Jun/2022:11:05:58 +0800] "GET /xingrg/all/function/internal_message.html?_=1656385258784&CODE_STATE=getMsg HTTP/1.1" 200 27
218.81.223.53 - - [28/Jun/2022:11:06:05 +0800] "GET /xingrg/all/function/internal_message.html?_=1656385570257&CODE_STATE=getMsg HTTP/1.1" 200 27
222.69.144.95 - - [28/Jun/2022:11:06:07 +0800] "GET /xingrg/all/function/internal_message.html?_=1656385606936&CODE_STATE=getMsg HTTP/1.1" 200 27
58.40.7.146 - - [28/Jun/2022:11:06:09 +0800] "GET /xingrg/all/function/internal_message.html?_=1656385591910&CODE_STATE=getMsg HTTP/1.1" 200 27
124.78.155.37 - - [28/Jun/2022:11:06:09 +0800] "GET /xingrg/all/function/internal_message.html?_=1656385569399&CODE_STATE=getMsg HTTP/1.1" 200 27
218.81.223.53 - - [28/Jun/2022:11:06:16 +0800] "GET /xingrg/kc/buy/cgsh_order_add.html HTTP/1.1" 200 67838
218.81.223.53 - - [28/Jun/2022:11:06:16 +0800] "POST /xingrg/kc/buy/cgsh_order_operate.html HTTP/1.1" 200 8245
114.84.82.172 - - [28/Jun/2022:11:06:16 +0800] "GET /xingrg/all/function/internal_message.html?_=1656385576087&CODE_STATE=getMsg HTTP/1.1" 200 27
218.81.223.53 - - [28/Jun/2022:11:06:16 +0800] "GET /xingrg/javascript/easyui/themes/default/validatebox.css HTTP/1.1" 404 1104
116.230.110.173 - - [28/Jun/2022:11:06:17 +0800] "GET /xingrg/all/function/internal_message.html?_=1656385576334&CODE_STATE=getMsg HTTP/1.1" 200 27
101.83.223.227 - - [28/Jun/2022:11:06:20 +0800] "GET /xingrg/all/function/internal_message.html?_=1656385529870&CODE_STATE=getMsg HTTP/1.1" 200 27
120.253.135.82 - - [28/Jun/2022:11:06:29 +0800] "GET /xingrg/check_reg.html?_=1656385721874 HTTP/1.1" 200 22
101.83.144.189 - - [28/Jun/2022:11:06:36 +0800] "GET /xingrg/all/function/internal_message.html?_=1656385596884&CODE_STATE=getMsg HTTP/1.1" 200 27
180.169.147.146 - - [28/Jun/2022:11:06:37 +0800] "GET /xingrg/kc/mdqp/pssh_order_list.html?isBack=1 HTTP/1.1" 200 17821
180.169.147.146 - - [28/Jun/2022:11:06:37 +0800] "POST /xingrg/kc/mdqp/pssh_list_operate.html HTTP/1.1" 200 5455
180.169.147.146 - - [28/Jun/2022:11:06:38 +0800] "GET /xingrg/kc/buy/buy_main.html HTTP/1.1" 200 12412
180.169.147.146 - - [28/Jun/2022:11:06:38 +0800] "GET /xingrg/css/new_ie.css HTTP/1.1" 404 1036
120.253.135.82 - - [28/Jun/2022:11:06:39 +0800] "GET /xingrg/all/function/internal_message.html?_=1656385731382&CODE_STATE=getMsg HTTP/1.1" 200 27
180.169.147.146 - - [28/Jun/2022:11:06:40 +0800] "GET /xingrg/images/yd/bt.gif HTTP/1.1" 404 1040
180.169.147.146 - - [28/Jun/2022:11:06:40 +0800] "GET /xingrg/kc/buy/cgsh_order_list.html HTTP/1.1" 200 52100
172.20.0.100 - - [28/Jun/2022:11:06:42 +0800] "GET /xingrg/all/function/internal_message.html?_=1656385602366&CODE_STATE=getMsg HTTP/1.1" 200 27
180.169.147.146 - - [28/Jun/2022:11:06:42 +0800] "POST /xingrg/kc/buy/cgsh_list_operate.html HTTP/1.1" 200 4435
