222.69.144.95 - - [28/Jun/2022:10:45:07 +0800] "GET /xingrg/all/function/internal_message.html?_=1656384346925&CODE_STATE=getMsg HTTP/1.1" 200 27
114.84.82.172 - - [28/Jun/2022:10:45:08 +0800] "GET /xingrg/kc/buy/cgsh_order_operate.html?command=get_materiel&rest_code=00148&code=00101001010&supplier_code=00100036&order_time=2022-06-28 HTTP/1.1" 200 409
124.78.155.37 - - [28/Jun/2022:10:45:09 +0800] "GET /xingrg/all/function/internal_message.html?_=1656384309316&CODE_STATE=getMsg HTTP/1.1" 200 27
116.238.208.126 - - [28/Jun/2022:10:45:11 +0800] "GET /xingrg/javascript/auto/indicator.gif HTTP/1.1" 404 1066
114.84.82.172 - - [28/Jun/2022:10:45:16 +0800] "GET /xingrg/all/function/internal_message.html?_=1656384316017&CODE_STATE=getMsg HTTP/1.1" 200 27
114.84.82.172 - - [28/Jun/2022:10:45:16 +0800] "GET /xingrg/kc/buy/cgsh_order_operate.html?command=get_materiel&rest_code=00148&code=00101012025&supplier_code=00100036&order_time=2022-06-28 HTTP/1.1" 200 412
116.230.110.173 - - [28/Jun/2022:10:45:17 +0800] "GET /xingrg/check_reg.html?_=1656384316316 HTTP/1.1" 200 22
116.230.110.173 - - [28/Jun/2022:10:45:17 +0800] "GET /xingrg/all/function/internal_message.html?_=1656384316319&CODE_STATE=getMsg HTTP/1.1" 200 27
101.83.223.227 - - [28/Jun/2022:10:45:19 +0800] "GET /xingrg/all/function/internal_message.html?_=1656384269327&CODE_STATE=getMsg HTTP/1.1" 200 27
116.233.75.165 - - [28/Jun/2022:10:45:24 +0800] "POST /xingrg/services/DataTransmitService HTTP/1.1" 200 524
116.233.75.165 - - [28/Jun/2022:10:45:24 +0800] "POST /xingrg/services/DataTransmitService HTTP/1.1" 200 501
114.84.82.172 - - [28/Jun/2022:10:45:35 +0800] "GET /xingrg/kc/buy/cgsh_order_operate.html?command=get_materiel&rest_code=00148&code=00101012029&supplier_code=00100036&order_time=2022-06-28 HTTP/1.1" 200 412
101.83.144.189 - - [28/Jun/2022:10:45:37 +0800] "GET /xingrg/all/function/internal_message.html?_=1656384337323&CODE_STATE=getMsg HTTP/1.1" 200 27
172.20.0.100 - - [28/Jun/2022:10:45:43 +0800] "GET /xingrg/all/function/internal_message.html?_=1656384342723&CODE_STATE=getMsg HTTP/1.1" 200 27
116.238.208.126 - - [28/Jun/2022:10:45:43 +0800] "GET /xingrg/kc/base/wldb_order_operate.html?command=get_materiel&rest_code=00102&base_code=0010477&code=00102002561 HTTP/1.1" 200 452
114.84.82.172 - - [28/Jun/2022:10:45:47 +0800] "GET /xingrg/kc/buy/cgsh_order_operate.html?command=get_materiel&rest_code=00148&code=00101016053&supplier_code=00100036&order_time=2022-06-28 HTTP/1.1" 200 408
180.169.147.146 - - [28/Jun/2022:10:45:49 +0800] "GET /xingrg/all/function/internal_message.html?_=1656384348137&CODE_STATE=getMsg HTTP/1.1" 200 27
180.169.147.146 - - [28/Jun/2022:10:45:53 +0800] "GET /xingrg/all/function/internal_message.html?_=1656384352592&CODE_STATE=getMsg HTTP/1.1" 200 27
124.78.155.37 - - [28/Jun/2022:10:45:54 +0800] "POST /xingrg/kc/buy/cgsh_order_operate.html HTTP/1.1" 200 37
101.83.223.227 - - [28/Jun/2022:10:45:55 +0800] "GET /xingrg/check_reg.html?_=1656384352478 HTTP/1.1" 302 -
124.78.155.37 - - [28/Jun/2022:10:45:55 +0800] "POST /xingrg/kc/buy/cgsh_order_operate.html HTTP/1.1" 200 3859
116.238.208.126 - - [28/Jun/2022:10:45:55 +0800] "GET /xingrg/all/function/internal_message.html?_=1656384424701&CODE_STATE=getMsg HTTP/1.1" 200 27
116.233.75.165 - - [28/Jun/2022:10:45:55 +0800] "GET /xingrg/all/function/internal_message.html?_=1656384356579&CODE_STATE=getMsg HTTP/1.1" 200 27
114.84.82.172 - - [28/Jun/2022:10:45:56 +0800] "GET /xingrg/kc/buy/cgsh_order_operate.html?command=get_materiel&rest_code=00148&code=00101010248&supplier_code=00100036&order_time=2022-06-28 HTTP/1.1" 200 430
124.78.155.37 - - [28/Jun/2022:10:45:57 +0800] "GET /xingrg/kc/buy/cgsh_order_add.html HTTP/1.1" 200 67911
124.78.155.37 - - [28/Jun/2022:10:45:57 +0800] "GET /xingrg/words/20220628091025_words.js HTTP/1.1" 304 -
124.78.155.37 - - [28/Jun/2022:10:45:58 +0800] "POST /xingrg/kc/buy/cgsh_order_operate.html HTTP/1.1" 200 8245
124.78.155.37 - - [28/Jun/2022:10:45:58 +0800] "GET /xingrg/javascript/easyui/themes/default/validatebox.css HTTP/1.1" 404 1104
114.84.82.172 - - [28/Jun/2022:10:46:03 +0800] "POST /xingrg/kc/buy/cgsh_order_operate.html HTTP/1.1" 200 37
218.81.223.53 - - [28/Jun/2022:10:46:05 +0800] "GET /xingrg/all/function/internal_message.html?_=1656384369861&CODE_STATE=getMsg HTTP/1.1" 200 27
114.84.82.172 - - [28/Jun/2022:10:46:06 +0800] "GET /xingrg/all/function/internal_message.html?_=1656384365484&CODE_STATE=getMsg HTTP/1.1" 200 27
222.69.144.95 - - [28/Jun/2022:10:46:07 +0800] "GET /xingrg/all/function/internal_message.html?_=1656384406928&CODE_STATE=getMsg HTTP/1.1" 200 27
124.78.155.37 - - [28/Jun/2022:10:46:09 +0800] "GET /xingrg/all/function/internal_message.html?_=1656384369329&CODE_STATE=getMsg HTTP/1.1" 200 27
114.84.82.172 - - [28/Jun/2022:10:46:16 +0800] "POST /xingrg/kc/buy/cgsh_order_operate.html HTTP/1.1" 200 4437
114.84.82.172 - - [28/Jun/2022:10:46:16 +0800] "GET /xingrg/all/function/internal_message.html?_=1656384376018&CODE_STATE=getMsg HTTP/1.1" 200 27
116.230.110.173 - - [28/Jun/2022:10:46:17 +0800] "GET /xingrg/all/function/internal_message.html?_=1656384376322&CODE_STATE=getMsg HTTP/1.1" 200 27
114.84.82.172 - - [28/Jun/2022:10:46:19 +0800] "GET /xingrg/kc/print/load_data.html?order_code=212022062803786&kc_code=cgsh&condition= HTTP/1.1" 200 1432
101.83.223.227 - - [28/Jun/2022:10:46:19 +0800] "GET /xingrg/all/function/internal_message.html?_=1656384329333&CODE_STATE=getMsg HTTP/1.1" 200 27
116.238.208.126 - - [28/Jun/2022:10:46:28 +0800] "GET /xingrg/javascript/jquery_easy_ui/themes/default/images/tabs_active.png HTTP/1.1" 304 -
116.238.208.126 - - [28/Jun/2022:10:46:28 +0800] "GET /xingrg/javascript/jquery_easy_ui/themes/default/images/tabs_active.png HTTP/1.1" 304 -
101.83.144.189 - - [28/Jun/2022:10:46:37 +0800] "GET /xingrg/all/function/internal_message.html?_=1656384397297&CODE_STATE=getMsg HTTP/1.1" 200 27
172.20.0.100 - - [28/Jun/2022:10:46:42 +0800] "GET /xingrg/all/function/internal_message.html?_=1656384402699&CODE_STATE=getMsg HTTP/1.1" 200 27
180.169.147.146 - - [28/Jun/2022:10:46:49 +0800] "GET /xingrg/all/function/internal_message.html?_=1656384408138&CODE_STATE=getMsg HTTP/1.1" 200 27
180.169.147.146 - - [28/Jun/2022:10:46:53 +0800] "GET /xingrg/all/function/internal_message.html?_=1656384412576&CODE_STATE=getMsg HTTP/1.1" 200 27
116.238.208.126 - - [28/Jun/2022:10:46:55 +0800] "GET /xingrg/all/function/internal_message.html?_=1656384484714&CODE_STATE=getMsg HTTP/1.1" 200 27
116.233.75.165 - - [28/Jun/2022:10:46:55 +0800] "GET /xingrg/check_reg.html?_=1656384416601 HTTP/1.1" 200 22
116.233.75.165 - - [28/Jun/2022:10:46:55 +0800] "GET /xingrg/all/function/internal_message.html?_=1656384416592&CODE_STATE=getMsg HTTP/1.1" 200 27
218.81.223.53 - - [28/Jun/2022:10:47:05 +0800] "GET /xingrg/all/function/internal_message.html?_=1656384429909&CODE_STATE=getMsg HTTP/1.1" 200 27
114.84.82.172 - - [28/Jun/2022:10:47:06 +0800] "GET /xingrg/all/function/internal_message.html?_=1656384425482&CODE_STATE=getMsg HTTP/1.1" 200 27
222.69.144.95 - - [28/Jun/2022:10:47:07 +0800] "GET /xingrg/all/function/internal_message.html?_=1656384466925&CODE_STATE=getMsg HTTP/1.1" 200 27
124.78.155.37 - - [28/Jun/2022:10:47:09 +0800] "GET /xingrg/all/function/internal_message.html?_=1656384429322&CODE_STATE=getMsg HTTP/1.1" 200 27
114.84.82.172 - - [28/Jun/2022:10:47:16 +0800] "GET /xingrg/all/function/internal_message.html?_=1656384436029&CODE_STATE=getMsg HTTP/1.1" 200 27
114.84.82.172 - - [28/Jun/2022:10:47:16 +0800] "GET /xingrg/check_reg.html?_=1656384436033 HTTP/1.1" 200 22
116.230.110.173 - - [28/Jun/2022:10:47:17 +0800] "GET /xingrg/all/function/internal_message.html?_=1656384436326&CODE_STATE=getMsg HTTP/1.1" 200 27
101.83.223.227 - - [28/Jun/2022:10:47:18 +0800] "GET /xingrg/check_reg.html?_=1656384388467 HTTP/1.1" 200 22
101.83.223.227 - - [28/Jun/2022:10:47:19 +0800] "GET /xingrg/all/function/internal_message.html?_=1656384389346&CODE_STATE=getMsg HTTP/1.1" 200 27
124.78.155.37 - - [28/Jun/2022:10:47:27 +0800] "GET /xingrg/javascript/easyui/themes/default/tree.css HTTP/1.1" 404 1090
124.78.155.37 - - [28/Jun/2022:10:47:28 +0800] "POST /xingrg/all/common/load_tree.html?tree=supplier_tree_json&isDelete=1 HTTP/1.1" 200 66828
101.83.144.189 - - [28/Jun/2022:10:47:37 +0800] "GET /xingrg/all/function/internal_message.html?_=1656384457276&CODE_STATE=getMsg HTTP/1.1" 200 27
172.20.0.100 - - [28/Jun/2022:10:47:42 +0800] "GET /xingrg/all/function/internal_message.html?_=1656384462688&CODE_STATE=getMsg HTTP/1.1" 200 27
172.20.0.100 - - [28/Jun/2022:10:47:43 +0800] "GET /xingrg/check_reg.html?_=1656384463624 HTTP/1.1" 200 22
180.169.147.146 - - [28/Jun/2022:10:47:49 +0800] "GET /xingrg/all/function/internal_message.html?_=1656384468130&CODE_STATE=getMsg HTTP/1.1" 200 27
180.169.147.146 - - [28/Jun/2022:10:47:53 +0800] "GET /xingrg/all/function/internal_message.html?_=1656384472547&CODE_STATE=getMsg HTTP/1.1" 200 27
180.169.147.146 - - [28/Jun/2022:10:47:54 +0800] "GET /xingrg/check_reg.html?_=1656384472782 HTTP/1.1" 200 22
116.238.208.126 - - [28/Jun/2022:10:47:55 +0800] "GET /xingrg/check_reg.html?_=1656384544668 HTTP/1.1" 200 22
116.238.208.126 - - [28/Jun/2022:10:47:55 +0800] "GET /xingrg/all/function/internal_message.html?_=1656384544727&CODE_STATE=getMsg HTTP/1.1" 200 27
116.233.75.165 - - [28/Jun/2022:10:47:55 +0800] "GET /xingrg/all/function/internal_message.html?_=1656384476592&CODE_STATE=getMsg HTTP/1.1" 200 27
124.78.155.37 - - [28/Jun/2022:10:47:56 +0800] "GET /xingrg/kc/buy/cgsh_order_operate.html?command=get_materiel&rest_code=00106&code=00101009001&supplier_code=00100022&order_time=2022-06-28 HTTP/1.1" 200 416
218.81.223.53 - - [28/Jun/2022:10:48:05 +0800] "GET /xingrg/all/function/internal_message.html?_=1656384489920&CODE_STATE=getMsg HTTP/1.1" 200 27
114.84.82.172 - - [28/Jun/2022:10:48:06 +0800] "GET /xingrg/all/function/internal_message.html?_=1656384485480&CODE_STATE=getMsg HTTP/1.1" 200 27
222.69.144.95 - - [28/Jun/2022:10:48:07 +0800] "GET /xingrg/check_reg.html?_=1656384526926 HTTP/1.1" 200 22
222.69.144.95 - - [28/Jun/2022:10:48:07 +0800] "GET /xingrg/all/function/internal_message.html?_=1656384526929&CODE_STATE=getMsg HTTP/1.1" 200 27
124.78.155.37 - - [28/Jun/2022:10:48:09 +0800] "GET /xingrg/all/function/internal_message.html?_=1656384489323&CODE_STATE=getMsg HTTP/1.1" 200 27
124.78.155.37 - - [28/Jun/2022:10:48:09 +0800] "GET /xingrg/check_reg.html?_=1656384489327 HTTP/1.1" 200 22
101.83.144.189 - - [28/Jun/2022:10:48:09 +0800] "GET /xingrg/check_reg.html?_=1656384489809 HTTP/1.1" 200 22
114.84.82.172 - - [28/Jun/2022:10:48:16 +0800] "GET /xingrg/all/function/internal_message.html?_=1656384496034&CODE_STATE=getMsg HTTP/1.1" 200 27
116.230.110.173 - - [28/Jun/2022:10:48:17 +0800] "GET /xingrg/all/function/internal_message.html?_=1656384496319&CODE_STATE=getMsg HTTP/1.1" 200 27
124.78.155.37 - - [28/Jun/2022:10:48:17 +0800] "GET /xingrg/kc/buy/cgsh_order_operate.html?command=get_materiel&rest_code=00106&code=00101009124&supplier_code=00100022&order_time=2022-06-28 HTTP/1.1" 200 418
101.83.223.227 - - [28/Jun/2022:10:48:19 +0800] "GET /xingrg/all/function/internal_message.html?_=1656384449360&CODE_STATE=getMsg HTTP/1.1" 200 27
116.238.208.126 - - [28/Jun/2022:10:48:20 +0800] "GET /xingrg/kc/base/wldb_order_list.html HTTP/1.1" 200 19142
116.238.208.126 - - [28/Jun/2022:10:48:20 +0800] "POST /xingrg/kc/base/wldb_list_operate.html HTTP/1.1" 200 928
116.238.208.126 - - [28/Jun/2022:10:48:21 +0800] "GET /xingrg/kc/base/wldb_order_add.html HTTP/1.1" 200 30352
116.238.208.126 - - [28/Jun/2022:10:48:22 +0800] "POST /xingrg/kc/base/wldb_order_operate.html HTTP/1.1" 200 6806
116.238.208.126 - - [28/Jun/2022:10:48:23 +0800] "GET /xingrg/javascript/easyui/themes/default/validatebox.css HTTP/1.1" 404 1104
116.238.208.126 - - [28/Jun/2022:10:48:23 +0800] "POST /xingrg/all/common/load_combo.html?type=base HTTP/1.1" 200 3233
116.238.208.126 - - [28/Jun/2022:10:48:27 +0800] "POST /xingrg/all/common/load_combo.html?type=base HTTP/1.1" 200 3233
124.78.155.37 - - [28/Jun/2022:10:48:34 +0800] "GET /xingrg/kc/buy/cgsh_order_operate.html?command=get_materiel&rest_code=00106&code=00101009057&supplier_code=00100022&order_time=2022-06-28 HTTP/1.1" 200 410
101.83.144.189 - - [28/Jun/2022:10:48:37 +0800] "GET /xingrg/all/function/internal_message.html?_=1656384517252&CODE_STATE=getMsg HTTP/1.1" 200 27
116.238.208.126 - - [28/Jun/2022:10:48:41 +0800] "GET /xingrg/kc/base/wldb_order_operate.html?command=get_materiel&rest_code=00102&base_code=0010477&code=00102004026 HTTP/1.1" 200 442
172.20.0.100 - - [28/Jun/2022:10:48:42 +0800] "GET /xingrg/all/function/internal_message.html?_=1656384522677&CODE_STATE=getMsg HTTP/1.1" 200 27
116.238.208.126 - - [28/Jun/2022:10:48:47 +0800] "GET /xingrg/kc/base/wldb_order_operate.html?command=get_materiel&rest_code=00102&base_code=0010477&code=00102004030 HTTP/1.1" 200 442
180.169.147.146 - - [28/Jun/2022:10:48:49 +0800] "GET /xingrg/check_reg.html?_=1656384528125 HTTP/1.1" 200 22
180.169.147.146 - - [28/Jun/2022:10:48:49 +0800] "GET /xingrg/all/function/internal_message.html?_=1656384528130&CODE_STATE=getMsg HTTP/1.1" 200 27
116.238.208.126 - - [28/Jun/2022:10:48:53 +0800] "POST /xingrg/kc/base/wldb_order_operate.html HTTP/1.1" 200 37
180.169.147.146 - - [28/Jun/2022:10:48:53 +0800] "GET /xingrg/all/function/internal_message.html?_=1656384532532&CODE_STATE=getMsg HTTP/1.1" 200 27
101.83.144.189 - - [28/Jun/2022:10:48:55 +0800] "POST /xingrg/services/DataTransmitService HTTP/1.1" 200 524
116.238.208.126 - - [28/Jun/2022:10:48:55 +0800] "GET /xingrg/all/function/internal_message.html?_=1656384604740&CODE_STATE=getMsg HTTP/1.1" 200 27
116.233.75.165 - - [28/Jun/2022:10:48:55 +0800] "GET /xingrg/all/function/internal_message.html?_=1656384536592&CODE_STATE=getMsg HTTP/1.1" 200 27
116.238.208.126 - - [28/Jun/2022:10:48:55 +0800] "POST /xingrg/kc/base/wldb_order_operate.html HTTP/1.1" 200 12
116.238.208.126 - - [28/Jun/2022:10:48:55 +0800] "POST /xingrg/kc/base/wldb_order_operate.html HTTP/1.1" 200 3159
116.238.208.126 - - [28/Jun/2022:10:48:58 +0800] "GET /xingrg/kc/base/wldb_order_info.html?code=422022062801079 HTTP/1.1" 200 26228
116.238.208.126 - - [28/Jun/2022:10:48:59 +0800] "POST /xingrg/kc/base/wldb_order_operate.html HTTP/1.1" 200 1432
116.238.208.126 - - [28/Jun/2022:10:48:59 +0800] "GET /xingrg/javascript/easyui/themes/default/validatebox.css HTTP/1.1" 404 1104
218.81.223.53 - - [28/Jun/2022:10:49:04 +0800] "GET /xingrg/check_reg.html?_=1656384548932 HTTP/1.1" 200 22
218.81.223.53 - - [28/Jun/2022:10:49:05 +0800] "GET /xingrg/all/function/internal_message.html?_=1656384549933&CODE_STATE=getMsg HTTP/1.1" 200 27
114.84.82.172 - - [28/Jun/2022:10:49:06 +0800] "GET /xingrg/all/function/internal_message.html?_=1656384545478&CODE_STATE=getMsg HTTP/1.1" 200 27
180.169.147.146 - - [28/Jun/2022:10:49:07 +0800] "GET /xingrg/kc/mdqp/pssh_order_list.html HTTP/1.1" 200 17821
222.69.144.95 - - [28/Jun/2022:10:49:07 +0800] "GET /xingrg/all/function/internal_message.html?_=1656384586918&CODE_STATE=getMsg HTTP/1.1" 200 27
180.169.147.146 - - [28/Jun/2022:10:49:07 +0800] "POST /xingrg/kc/mdqp/pssh_list_operate.html HTTP/1.1" 200 5293
180.169.147.146 - - [28/Jun/2022:10:49:09 +0800] "POST /xingrg/kc/mdqp/pssh_list_operate.html HTTP/1.1" 200 266
124.78.155.37 - - [28/Jun/2022:10:49:09 +0800] "GET /xingrg/all/function/internal_message.html?_=1656384549335&CODE_STATE=getMsg HTTP/1.1" 200 27
124.78.155.37 - - [28/Jun/2022:10:49:12 +0800] "GET /xingrg/kc/buy/cgsh_order_operate.html?command=get_materiel&rest_code=00106&code=00101009062&supplier_code=00100022&order_time=2022-06-28 HTTP/1.1" 200 414
180.169.147.146 - - [28/Jun/2022:10:49:12 +0800] "POST /xingrg/kc/mdqp/pssh_list_operate.html HTTP/1.1" 200 702
180.169.147.146 - - [28/Jun/2022:10:49:13 +0800] "GET /xingrg/kc/mdqp/pssh_order_info.html?code=312022062600402 HTTP/1.1" 200 17303
180.169.147.146 - - [28/Jun/2022:10:49:13 +0800] "GET /xingrg/javascript/jquery_tools/jquery-1.4.2.min.js HTTP/1.1" 404 1094
180.169.147.146 - - [28/Jun/2022:10:49:13 +0800] "GET /xingrg/words/20220628091025_words.js HTTP/1.1" 304 -
180.169.147.146 - - [28/Jun/2022:10:49:13 +0800] "POST /xingrg/kc/mdqp/pssh_order_operate.html HTTP/1.1" 200 2711
180.169.147.146 - - [28/Jun/2022:10:49:13 +0800] "GET /xingrg/all/common/auto_word.html?type=base&rest_code=00147&rest_code=00147 HTTP/1.1" 200 1803
180.169.147.146 - - [28/Jun/2022:10:49:13 +0800] "GET /xingrg/javascript/easyui/themes/default/validatebox.css HTTP/1.1" 404 1104
180.169.147.146 - - [28/Jun/2022:10:49:15 +0800] "GET /xingrg/kc/mdqp/pssh_order_list.html?isBack=1 HTTP/1.1" 200 17821
180.169.147.146 - - [28/Jun/2022:10:49:15 +0800] "POST /xingrg/kc/mdqp/pssh_list_operate.html HTTP/1.1" 200 5293
180.169.147.146 - - [28/Jun/2022:10:49:16 +0800] "POST /xingrg/kc/mdqp/pssh_list_operate.html HTTP/1.1" 200 266
114.84.82.172 - - [28/Jun/2022:10:49:16 +0800] "GET /xingrg/all/function/internal_message.html?_=1656384556034&CODE_STATE=getMsg HTTP/1.1" 200 27
116.230.110.173 - - [28/Jun/2022:10:49:17 +0800] "GET /xingrg/all/function/internal_message.html?_=1656384556313&CODE_STATE=getMsg HTTP/1.1" 200 27
180.169.147.146 - - [28/Jun/2022:10:49:17 +0800] "GET /xingrg/kc/mdqp/pssh_order_info.html?code=312022062500391 HTTP/1.1" 200 17278
180.169.147.146 - - [28/Jun/2022:10:49:17 +0800] "GET /xingrg/javascript/jquery_tools/jquery-1.4.2.min.js HTTP/1.1" 404 1094
180.169.147.146 - - [28/Jun/2022:10:49:17 +0800] "POST /xingrg/kc/mdqp/pssh_order_operate.html HTTP/1.1" 200 541
180.169.147.146 - - [28/Jun/2022:10:49:17 +0800] "GET /xingrg/javascript/easyui/themes/default/validatebox.css HTTP/1.1" 404 1104
101.83.223.227 - - [28/Jun/2022:10:49:19 +0800] "GET /xingrg/all/function/internal_message.html?_=1656384509374&CODE_STATE=getMsg HTTP/1.1" 200 27
180.169.147.146 - - [28/Jun/2022:10:49:28 +0800] "GET /xingrg/kc/mdqp/pssh_order_list.html?isBack=1 HTTP/1.1" 200 17821
180.169.147.146 - - [28/Jun/2022:10:49:28 +0800] "POST /xingrg/kc/mdqp/pssh_list_operate.html HTTP/1.1" 200 5293
180.169.147.146 - - [28/Jun/2022:10:49:29 +0800] "POST /xingrg/kc/mdqp/pssh_list_operate.html HTTP/1.1" 200 702
180.169.147.146 - - [28/Jun/2022:10:49:30 +0800] "POST /xingrg/kc/mdqp/pssh_list_operate.html HTTP/1.1" 200 814
180.169.147.146 - - [28/Jun/2022:10:49:30 +0800] "GET /xingrg/kc/mdqp/pssh_order_info.html?code=312022062600402 HTTP/1.1" 200 17303
180.169.147.146 - - [28/Jun/2022:10:49:30 +0800] "GET /xingrg/javascript/jquery_tools/jquery-1.4.2.min.js HTTP/1.1" 404 1094
180.169.147.146 - - [28/Jun/2022:10:49:30 +0800] "POST /xingrg/kc/mdqp/pssh_order_operate.html HTTP/1.1" 200 2711
180.169.147.146 - - [28/Jun/2022:10:49:30 +0800] "GET /xingrg/javascript/easyui/themes/default/validatebox.css HTTP/1.1" 404 1104
180.169.147.146 - - [28/Jun/2022:10:49:31 +0800] "POST /xingrg/all/common/load_combo.html?type=employee HTTP/1.1" 200 186
101.83.144.189 - - [28/Jun/2022:10:49:37 +0800] "GET /xingrg/all/function/internal_message.html?_=1656384577228&CODE_STATE=getMsg HTTP/1.1" 200 27
124.78.155.37 - - [28/Jun/2022:10:49:38 +0800] "POST /xingrg/kc/buy/cgsh_order_operate.html HTTP/1.1" 200 37
124.78.155.37 - - [28/Jun/2022:10:49:40 +0800] "POST /xingrg/kc/buy/cgsh_order_operate.html HTTP/1.1" 200 5034
180.169.147.146 - - [28/Jun/2022:10:49:42 +0800] "POST /xingrg/kc/mdqp/pssh_order_operate.html HTTP/1.1" 200 37
180.169.147.146 - - [28/Jun/2022:10:49:42 +0800] "POST /xingrg/kc/mdqp/pssh_order_operate.html HTTP/1.1" 200 12
172.20.0.100 - - [28/Jun/2022:10:49:42 +0800] "GET /xingrg/all/function/internal_message.html?_=1656384582654&CODE_STATE=getMsg HTTP/1.1" 200 27
180.169.147.146 - - [28/Jun/2022:10:49:43 +0800] "POST /xingrg/all/user/operate.html HTTP/1.1" 200 36
180.169.147.146 - - [28/Jun/2022:10:49:43 +0800] "GET /xingrg/index.html?sysBaseUrl=http%3A%2F%2F180.169.147.146%3A18081%2Fxingrg%2F&costTime=40×tamp=1656379653836 HTTP/1.1" 200 17503
180.169.147.146 - - [28/Jun/2022:10:49:43 +0800] "GET /xingrg/javascript/jquery_easy_ui/themes/default/easyui.css HTTP/1.1" 304 -
180.169.147.146 - - [28/Jun/2022:10:49:43 +0800] "GET /xingrg/javascript/jquery_easy_ui/themes/icon.css HTTP/1.1" 304 -
180.169.147.146 - - [28/Jun/2022:10:49:43 +0800] "GET /xingrg/css/form.css HTTP/1.1" 304 -
180.169.147.146 - - [28/Jun/2022:10:49:43 +0800] "GET /xingrg/javascript/jquery-1.4.2.min.js HTTP/1.1" 304 -
180.169.147.146 - - [28/Jun/2022:10:49:43 +0800] "GET /xingrg/javascript/jquery_easy_ui/jquery.easyui.min.js HTTP/1.1" 304 -
180.169.147.146 - - [28/Jun/2022:10:49:43 +0800] "GET /xingrg/javascript/jquery_easy_ui/easyui-lang-zh_CN.js HTTP/1.1" 304 -
180.169.147.146 - - [28/Jun/2022:10:49:43 +0800] "GET /xingrg/javascript/jquery.form.js HTTP/1.1" 304 -
180.169.147.146 - - [28/Jun/2022:10:49:43 +0800] "GET /xingrg/javascript/jquery.utils.js HTTP/1.1" 304 -
180.169.147.146 - - [28/Jun/2022:10:49:43 +0800] "GET /xingrg/javascript/jquery.timers.js HTTP/1.1" 304 -
180.169.147.146 - - [28/Jun/2022:10:49:43 +0800] "GET /xingrg/kc/mdqp/pssh_order_info.html?code=312022062600402 HTTP/1.1" 200 14392
180.169.147.146 - - [28/Jun/2022:10:49:43 +0800] "GET /xingrg/images/blue/jxLogo.png HTTP/1.1" 304 -
180.169.147.146 - - [28/Jun/2022:10:49:43 +0800] "GET /xingrg/javascript/jquery_tools/jquery-1.4.2.min.js HTTP/1.1" 404 1094
180.169.147.146 - - [28/Jun/2022:10:49:43 +0800] "GET /xingrg/javascript/jquery_easy_ui/themes/icons/settle_new.png HTTP/1.1" 304 -
180.169.147.146 - - [28/Jun/2022:10:49:43 +0800] "POST /xingrg/all/common/load_tree.html?tree=area_rest_tree_json&manage=1 HTTP/1.1" 200 3472
180.169.147.146 - - [28/Jun/2022:10:49:43 +0800] "GET /xingrg/images/blue/navBackgound.jpg HTTP/1.1" 304 -
180.169.147.146 - - [28/Jun/2022:10:49:43 +0800] "GET /xingrg/images/blue/pingpu.png HTTP/1.1" 304 -
180.169.147.146 - - [28/Jun/2022:10:49:43 +0800] "GET /xingrg/javascript/jquery_easy_ui/themes/default/images/tabs_rightarrow.png HTTP/1.1" 304 -
180.169.147.146 - - [28/Jun/2022:10:49:43 +0800] "GET /xingrg/javascript/jquery_easy_ui/themes/default/images/panel_tool_expand.gif HTTP/1.1" 304 -
180.169.147.146 - - [28/Jun/2022:10:49:43 +0800] "POST /xingrg/load_menu.html HTTP/1.1" 200 11564
180.169.147.146 - - [28/Jun/2022:10:49:43 +0800] "GET /xingrg/all/function/internal_message.html?_=1656384582710&CODE_STATE=count HTTP/1.1" 200 11
180.169.147.146 - - [28/Jun/2022:10:49:43 +0800] "GET /xingrg/check_reg.html?_=1656384582710 HTTP/1.1" 200 22
180.169.147.146 - - [28/Jun/2022:10:49:43 +0800] "GET /xingrg/javascript/jquery_easy_ui/themes/default/images/panel_tool_collapse.gif HTTP/1.1" 304 -
180.169.147.146 - - [28/Jun/2022:10:49:44 +0800] "GET /xingrg/javascript/jquery_easy_ui/themes/default/images/tabs_leftarrow.png HTTP/1.1" 304 -
180.169.147.146 - - [28/Jun/2022:10:49:44 +0800] "GET /xingrg/javascript/jquery_easy_ui/themes/icons/setting_new.png HTTP/1.1" 304 -
180.169.147.146 - - [28/Jun/2022:10:49:44 +0800] "GET /xingrg/javascript/jquery_easy_ui/themes/icons/checkout_new.png HTTP/1.1" 304 -
180.169.147.146 - - [28/Jun/2022:10:49:44 +0800] "GET /xingrg/javascript/jquery_easy_ui/themes/icons/systemset_new.png HTTP/1.1" 304 -
180.169.147.146 - - [28/Jun/2022:10:49:44 +0800] "GET /xingrg/javascript/jquery_easy_ui/themes/icons/forms_new.png HTTP/1.1" 304 -
180.169.147.146 - - [28/Jun/2022:10:49:44 +0800] "GET /xingrg/javascript/jquery_easy_ui/themes/icons/storage_new.png HTTP/1.1" 304 -
180.169.147.146 - - [28/Jun/2022:10:49:44 +0800] "GET /xingrg/javascript/jquery_easy_ui/themes/default/images/tree_folder_open.gif HTTP/1.1" 304 -
180.169.147.146 - - [28/Jun/2022:10:49:44 +0800] "GET /xingrg/javascript/jquery_easy_ui/themes/icons/search_new.png HTTP/1.1" 304 -
180.169.147.146 - - [28/Jun/2022:10:49:44 +0800] "GET /xingrg/javascript/jquery_easy_ui/themes/icons/delivery_new.png HTTP/1.1" 304 -
180.169.147.146 - - [28/Jun/2022:10:49:44 +0800] "GET /xingrg/javascript/jquery_easy_ui/themes/default/images/tree_file.gif HTTP/1.1" 304 -
180.169.147.146 - - [28/Jun/2022:10:49:44 +0800] "GET /xingrg/javascript/jquery_easy_ui/themes/default/images/tree_arrows.gif HTTP/1.1" 304 -
180.169.147.146 - - [28/Jun/2022:10:49:44 +0800] "GET /xingrg/javascript/jquery_easy_ui/themes/default/images/tree_folder.gif HTTP/1.1" 304 -
124.78.155.37 - - [28/Jun/2022:10:49:44 +0800] "GET /xingrg/kc/buy/buy_main.html HTTP/1.1" 200 12412
180.169.147.146 - - [28/Jun/2022:10:49:44 +0800] "POST /xingrg/kc/mdqp/pssh_order_operate.html HTTP/1.1" 200 2711
124.78.155.37 - - [28/Jun/2022:10:49:44 +0800] "GET /xingrg/css/new_ie.css HTTP/1.1" 404 1036
180.169.147.146 - - [28/Jun/2022:10:49:44 +0800] "GET /xingrg/javascript/easyui/themes/default/validatebox.css HTTP/1.1" 404 1104
180.169.147.146 - - [28/Jun/2022:10:49:44 +0800] "GET /xingrg/kc/mdqp/pssh_order_list.html?isBack=1 HTTP/1.1" 200 17821
180.169.147.146 - - [28/Jun/2022:10:49:44 +0800] "POST /xingrg/kc/mdqp/pssh_list_operate.html HTTP/1.1" 200 5318
124.78.155.37 - - [28/Jun/2022:10:49:45 +0800] "GET /xingrg/images/yd/bt.gif HTTP/1.1" 404 1040
180.169.147.146 - - [28/Jun/2022:10:49:45 +0800] "POST /xingrg/kc/mdqp/pssh_list_operate.html HTTP/1.1" 200 654
124.78.155.37 - - [28/Jun/2022:10:49:45 +0800] "GET /xingrg/kc/buy/cgsh_order_list.html HTTP/1.1" 200 52094
180.169.147.146 - - [28/Jun/2022:10:49:45 +0800] "POST /xingrg/kc/mdqp/pssh_list_operate.html HTTP/1.1" 200 814
180.169.147.146 - - [28/Jun/2022:10:49:45 +0800] "GET /xingrg/kc/mdqp/pssh_order_info.html?code=312022062600403 HTTP/1.1" 200 17303
180.169.147.146 - - [28/Jun/2022:10:49:45 +0800] "GET /xingrg/javascript/jquery_tools/jquery-1.4.2.min.js HTTP/1.1" 404 1094
180.169.147.146 - - [28/Jun/2022:10:49:46 +0800] "POST /xingrg/kc/mdqp/pssh_order_operate.html HTTP/1.1" 200 2621
180.169.147.146 - - [28/Jun/2022:10:49:46 +0800] "GET /xingrg/javascript/easyui/themes/default/validatebox.css HTTP/1.1" 404 1104
180.169.147.146 - - [28/Jun/2022:10:49:47 +0800] "GET /xingrg/kc/pszx/mdth_order_list.html HTTP/1.1" 200 18431
180.169.147.146 - - [28/Jun/2022:10:49:47 +0800] "POST /xingrg/kc/pszx/mdth_order_new_list.html HTTP/1.1" 200 4764
124.78.155.37 - - [28/Jun/2022:10:49:47 +0800] "POST /xingrg/kc/buy/cgsh_list_operate.html HTTP/1.1" 200 3912
180.169.147.146 - - [28/Jun/2022:10:49:52 +0800] "POST /xingrg/all/common/load_combo.html?type=employee HTTP/1.1" 200 186
180.169.147.146 - - [28/Jun/2022:10:49:52 +0800] "POST /xingrg/kc/pszx/mdth_order_new_list.html HTTP/1.1" 200 4803
180.169.147.146 - - [28/Jun/2022:10:49:53 +0800] "GET /xingrg/all/function/internal_message.html?_=1656384592523&CODE_STATE=getMsg HTTP/1.1" 200 27
180.169.147.146 - - [28/Jun/2022:10:49:54 +0800] "POST /xingrg/kc/pszx/mdth_order_new_list.html HTTP/1.1" 200 452
180.169.147.146 - - [28/Jun/2022:10:49:55 +0800] "POST /xingrg/kc/pszx/mdth_order_new_list.html HTTP/1.1" 200 279
116.233.75.165 - - [28/Jun/2022:10:49:55 +0800] "GET /xingrg/all/function/internal_message.html?_=1656384596618&CODE_STATE=getMsg HTTP/1.1" 200 27
116.238.208.126 - - [28/Jun/2022:10:49:55 +0800] "GET /xingrg/all/function/internal_message.html?_=1656384664903&CODE_STATE=getMsg HTTP/1.1" 200 27
180.169.147.146 - - [28/Jun/2022:10:49:56 +0800] "POST /xingrg/kc/mdqp/pssh_order_operate.html HTTP/1.1" 200 37
180.169.147.146 - - [28/Jun/2022:10:49:56 +0800] "POST /xingrg/kc/mdqp/pssh_order_operate.html HTTP/1.1" 200 12
180.169.147.146 - - [28/Jun/2022:10:49:57 +0800] "GET /xingrg/kc/mdqp/pssh_order_info.html?code=312022062600403 HTTP/1.1" 200 14392
180.169.147.146 - - [28/Jun/2022:10:49:57 +0800] "GET /xingrg/javascript/jquery_tools/jquery-1.4.2.min.js HTTP/1.1" 404 1094
180.169.147.146 - - [28/Jun/2022:10:49:58 +0800] "POST /xingrg/kc/mdqp/pssh_order_operate.html HTTP/1.1" 200 2621
180.169.147.146 - - [28/Jun/2022:10:49:58 +0800] "GET /xingrg/javascript/easyui/themes/default/validatebox.css HTTP/1.1" 404 1104
180.169.147.146 - - [28/Jun/2022:10:49:58 +0800] "POST /xingrg/kc/pszx/mdth_order_new_list.html HTTP/1.1" 200 217
180.169.147.146 - - [28/Jun/2022:10:49:58 +0800] "GET /xingrg/kc/mdqp/pssh_order_list.html?isBack=1 HTTP/1.1" 200 17821
180.169.147.146 - - [28/Jun/2022:10:49:59 +0800] "POST /xingrg/kc/mdqp/pssh_list_operate.html HTTP/1.1" 200 5343
180.169.147.146 - - [28/Jun/2022:10:49:59 +0800] "POST /xingrg/kc/mdqp/pssh_list_operate.html HTTP/1.1" 200 602
180.169.147.146 - - [28/Jun/2022:10:50:00 +0800] "POST /xingrg/kc/pszx/mdth_order_new_list.html HTTP/1.1" 200 200
180.169.147.146 - - [28/Jun/2022:10:50:00 +0800] "POST /xingrg/kc/mdqp/pssh_list_operate.html HTTP/1.1" 200 814
180.169.147.146 - - [28/Jun/2022:10:50:00 +0800] "GET /xingrg/kc/mdqp/pssh_order_info.html?code=312022062600416 HTTP/1.1" 200 17303
180.169.147.146 - - [28/Jun/2022:10:50:00 +0800] "GET /xingrg/javascript/jquery_tools/jquery-1.4.2.min.js HTTP/1.1" 404 1094
180.169.147.146 - - [28/Jun/2022:10:50:00 +0800] "POST /xingrg/kc/mdqp/pssh_order_operate.html HTTP/1.1" 200 2144
180.169.147.146 - - [28/Jun/2022:10:50:00 +0800] "GET /xingrg/javascript/easyui/themes/default/validatebox.css HTTP/1.1" 404 1104
180.169.147.146 - - [28/Jun/2022:10:50:02 +0800] "POST /xingrg/all/common/load_combo.html?type=employee HTTP/1.1" 200 186
218.81.223.53 - - [28/Jun/2022:10:50:05 +0800] "GET /xingrg/all/function/internal_message.html?_=1656384609946&CODE_STATE=getMsg HTTP/1.1" 200 27
180.169.147.146 - - [28/Jun/2022:10:50:05 +0800] "POST /xingrg/all/common/load_combo.html?type=base&rest_code=00147 HTTP/1.1" 200 3230
114.84.82.172 - - [28/Jun/2022:10:50:06 +0800] "GET /xingrg/check_reg.html?_=1656384605479 HTTP/1.1" 200 22
114.84.82.172 - - [28/Jun/2022:10:50:06 +0800] "GET /xingrg/all/function/internal_message.html?_=1656384605477&CODE_STATE=getMsg HTTP/1.1" 200 27
222.69.144.95 - - [28/Jun/2022:10:50:07 +0800] "GET /xingrg/all/function/internal_message.html?_=1656384646932&CODE_STATE=getMsg HTTP/1.1" 200 27
124.78.155.37 - - [28/Jun/2022:10:50:09 +0800] "GET /xingrg/all/function/internal_message.html?_=1656384609346&CODE_STATE=getMsg HTTP/1.1" 200 27
180.169.147.146 - - [28/Jun/2022:10:50:15 +0800] "POST /xingrg/kc/mdqp/pssh_order_operate.html HTTP/1.1" 200 37
180.169.147.146 - - [28/Jun/2022:10:50:15 +0800] "POST /xingrg/kc/mdqp/pssh_order_operate.html HTTP/1.1" 200 12
180.169.147.146 - - [28/Jun/2022:10:50:16 +0800] "GET /xingrg/kc/mdqp/pssh_order_info.html?code=312022062600416 HTTP/1.1" 200 14390
180.169.147.146 - - [28/Jun/2022:10:50:16 +0800] "GET /xingrg/javascript/jquery_tools/jquery-1.4.2.min.js HTTP/1.1" 404 1094
180.169.147.146 - - [28/Jun/2022:10:50:16 +0800] "GET /xingrg/javascript/easyui/themes/default/validatebox.css HTTP/1.1" 404 1104
180.169.147.146 - - [28/Jun/2022:10:50:16 +0800] "POST /xingrg/kc/mdqp/pssh_order_operate.html HTTP/1.1" 200 2144
114.84.82.172 - - [28/Jun/2022:10:50:16 +0800] "GET /xingrg/all/function/internal_message.html?_=1656384616034&CODE_STATE=getMsg HTTP/1.1" 200 27
116.230.110.173 - - [28/Jun/2022:10:50:17 +0800] "GET /xingrg/all/function/internal_message.html?_=1656384616326&CODE_STATE=getMsg HTTP/1.1" 200 27
180.169.147.146 - - [28/Jun/2022:10:50:17 +0800] "GET /xingrg/kc/mdqp/pssh_order_list.html?isBack=1 HTTP/1.1" 200 17821
116.230.110.173 - - [28/Jun/2022:10:50:17 +0800] "GET /xingrg/check_reg.html?_=1656384616331 HTTP/1.1" 200 22
180.169.147.146 - - [28/Jun/2022:10:50:17 +0800] "POST /xingrg/kc/mdqp/pssh_list_operate.html HTTP/1.1" 200 5365
180.169.147.146 - - [28/Jun/2022:10:50:18 +0800] "POST /xingrg/kc/mdqp/pssh_list_operate.html HTTP/1.1" 200 266
180.169.147.146 - - [28/Jun/2022:10:50:18 +0800] "POST /xingrg/kc/mdqp/pssh_list_operate.html HTTP/1.1" 200 814
180.169.147.146 - - [28/Jun/2022:10:50:18 +0800] "GET /xingrg/kc/mdqp/pssh_order_info.html?code=312022061700270 HTTP/1.1" 200 17299
180.169.147.146 - - [28/Jun/2022:10:50:18 +0800] "GET /xingrg/javascript/jquery_tools/jquery-1.4.2.min.js HTTP/1.1" 404 1094
180.169.147.146 - - [28/Jun/2022:10:50:19 +0800] "POST /xingrg/kc/mdqp/pssh_order_operate.html HTTP/1.1" 200 540
180.169.147.146 - - [28/Jun/2022:10:50:19 +0800] "GET /xingrg/javascript/easyui/themes/default/validatebox.css HTTP/1.1" 404 1104
101.83.223.227 - - [28/Jun/2022:10:50:19 +0800] "GET /xingrg/all/function/internal_message.html?_=1656384569464&CODE_STATE=getMsg HTTP/1.1" 200 27
180.169.147.146 - - [28/Jun/2022:10:50:20 +0800] "POST /xingrg/all/common/load_combo.html?type=employee HTTP/1.1" 200 186
180.169.147.146 - - [28/Jun/2022:10:50:23 +0800] "POST /xingrg/all/common/load_combo.html?type=base&rest_code=00147 HTTP/1.1" 200 3230
180.169.147.146 - - [28/Jun/2022:10:50:29 +0800] "GET /xingrg/kc/pszx/mdth_order_info.html?code=322022061300027 HTTP/1.1" 200 22179
180.169.147.146 - - [28/Jun/2022:10:50:29 +0800] "GET /xingrg/words/20220628091025_words.js HTTP/1.1" 200 902433
180.169.147.146 - - [28/Jun/2022:10:50:29 +0800] "GET /xingrg/all/common/auto_word.html?type=employee&rest_code=00101 HTTP/1.1" 200 977
180.169.147.146 - - [28/Jun/2022:10:50:29 +0800] "GET /xingrg/all/common/auto_word.html?type=base&rest_code=00101 HTTP/1.1" 200 671
180.169.147.146 - - [28/Jun/2022:10:50:29 +0800] "GET /xingrg/javascript/easyui/themes/default/validatebox.css HTTP/1.1" 404 1104
180.169.147.146 - - [28/Jun/2022:10:50:29 +0800] "POST /xingrg/kc/pszx/mdth_order_new_info.html HTTP/1.1" 200 268
101.83.144.189 - - [28/Jun/2022:10:50:37 +0800] "GET /xingrg/all/function/internal_message.html?_=1656384637223&CODE_STATE=getMsg HTTP/1.1" 200 27
180.169.147.146 - - [28/Jun/2022:10:50:37 +0800] "POST /xingrg/kc/mdqp/pssh_order_operate.html HTTP/1.1" 200 37
180.169.147.146 - - [28/Jun/2022:10:50:38 +0800] "POST /xingrg/kc/mdqp/pssh_order_operate.html HTTP/1.1" 200 12
180.169.147.146 - - [28/Jun/2022:10:50:38 +0800] "POST /xingrg/kc/pszx/mdth_order_new_list.html HTTP/1.1" 200 217
180.169.147.146 - - [28/Jun/2022:10:50:39 +0800] "GET /xingrg/kc/mdqp/pssh_order_info.html?code=312022061700270 HTTP/1.1" 200 14392
180.169.147.146 - - [28/Jun/2022:10:50:39 +0800] "GET /xingrg/javascript/jquery_tools/jquery-1.4.2.min.js HTTP/1.1" 404 1094
180.169.147.146 - - [28/Jun/2022:10:50:39 +0800] "GET /xingrg/javascript/easyui/themes/default/validatebox.css HTTP/1.1" 404 1104
180.169.147.146 - - [28/Jun/2022:10:50:39 +0800] "POST /xingrg/kc/mdqp/pssh_order_operate.html HTTP/1.1" 200 540
180.169.147.146 - - [28/Jun/2022:10:50:40 +0800] "GET /xingrg/kc/mdqp/pssh_order_list.html?isBack=1 HTTP/1.1" 200 17821
180.169.147.146 - - [28/Jun/2022:10:50:40 +0800] "POST /xingrg/kc/mdqp/pssh_list_operate.html HTTP/1.1" 200 5396
180.169.147.146 - - [28/Jun/2022:10:50:41 +0800] "POST /xingrg/kc/mdqp/pssh_list_operate.html HTTP/1.1" 200 256
180.169.147.146 - - [28/Jun/2022:10:50:41 +0800] "POST /xingrg/kc/mdqp/pssh_list_operate.html HTTP/1.1" 200 814
180.169.147.146 - - [28/Jun/2022:10:50:41 +0800] "GET /xingrg/kc/mdqp/pssh_order_info.html?code=312022061700271 HTTP/1.1" 200 17299
180.169.147.146 - - [28/Jun/2022:10:50:41 +0800] "GET /xingrg/javascript/jquery_tools/jquery-1.4.2.min.js HTTP/1.1" 404 1094
180.169.147.146 - - [28/Jun/2022:10:50:42 +0800] "POST /xingrg/kc/mdqp/pssh_order_operate.html HTTP/1.1" 200 529
180.169.147.146 - - [28/Jun/2022:10:50:42 +0800] "GET /xingrg/javascript/easyui/themes/default/validatebox.css HTTP/1.1" 404 1104
172.20.0.100 - - [28/Jun/2022:10:50:42 +0800] "GET /xingrg/all/function/internal_message.html?_=1656384642641&CODE_STATE=getMsg HTTP/1.1" 200 27
180.169.147.146 - - [28/Jun/2022:10:50:43 +0800] "POST /xingrg/all/common/load_combo.html?type=employee HTTP/1.1" 200 186
180.169.147.146 - - [28/Jun/2022:10:50:43 +0800] "GET /xingrg/all/function/internal_message.html?_=1656384642728&CODE_STATE=getMsg HTTP/1.1" 200 27
180.169.147.146 - - [28/Jun/2022:10:50:48 +0800] "POST /xingrg/kc/mdqp/pssh_order_operate.html HTTP/1.1" 200 37
180.169.147.146 - - [28/Jun/2022:10:50:48 +0800] "POST /xingrg/kc/mdqp/pssh_order_operate.html HTTP/1.1" 200 12
180.169.147.146 - - [28/Jun/2022:10:50:49 +0800] "GET /xingrg/kc/mdqp/pssh_order_info.html?code=312022061700271 HTTP/1.1" 200 14388
180.169.147.146 - - [28/Jun/2022:10:50:49 +0800] "GET /xingrg/javascript/jquery_tools/jquery-1.4.2.min.js HTTP/1.1" 404 1094
180.169.147.146 - - [28/Jun/2022:10:50:49 +0800] "POST /xingrg/kc/mdqp/pssh_order_operate.html HTTP/1.1" 200 529
180.169.147.146 - - [28/Jun/2022:10:50:49 +0800] "GET /xingrg/javascript/easyui/themes/default/validatebox.css HTTP/1.1" 404 1104
180.169.147.146 - - [28/Jun/2022:10:50:50 +0800] "GET /xingrg/kc/mdqp/pssh_order_list.html?isBack=1 HTTP/1.1" 200 17821
180.169.147.146 - - [28/Jun/2022:10:50:50 +0800] "POST /xingrg/kc/mdqp/pssh_list_operate.html HTTP/1.1" 200 5421
180.169.147.146 - - [28/Jun/2022:10:50:51 +0800] "POST /xingrg/kc/mdqp/pssh_list_operate.html HTTP/1.1" 200 258
180.169.147.146 - - [28/Jun/2022:10:50:51 +0800] "POST /xingrg/kc/mdqp/pssh_list_operate.html HTTP/1.1" 200 814
180.169.147.146 - - [28/Jun/2022:10:50:51 +0800] "GET /xingrg/kc/mdqp/pssh_order_info.html?code=312022061900323 HTTP/1.1" 200 17272
180.169.147.146 - - [28/Jun/2022:10:50:51 +0800] "GET /xingrg/javascript/jquery_tools/jquery-1.4.2.min.js HTTP/1.1" 404 1094
180.169.147.146 - - [28/Jun/2022:10:50:51 +0800] "POST /xingrg/kc/mdqp/pssh_order_operate.html HTTP/1.1" 200 524
180.169.147.146 - - [28/Jun/2022:10:50:51 +0800] "GET /xingrg/javascript/easyui/themes/default/validatebox.css HTTP/1.1" 404 1104
180.169.147.146 - - [28/Jun/2022:10:50:53 +0800] "POST /xingrg/all/common/load_combo.html?type=employee HTTP/1.1" 200 186
180.169.147.146 - - [28/Jun/2022:10:50:53 +0800] "GET /xingrg/all/function/internal_message.html?_=1656384652492&CODE_STATE=getMsg HTTP/1.1" 200 27
101.83.223.227 - - [28/Jun/2022:10:50:55 +0800] "GET /xingrg/check_reg.html?_=1656384652479 HTTP/1.1" 302 -
180.169.147.146 - - [28/Jun/2022:10:50:55 +0800] "POST /xingrg/all/common/load_combo.html?type=base&rest_code=00147 HTTP/1.1" 200 3230
116.233.75.165 - - [28/Jun/2022:10:50:55 +0800] "GET /xingrg/all/function/internal_message.html?_=1656384656602&CODE_STATE=getMsg HTTP/1.1" 200 27
116.238.208.126 - - [28/Jun/2022:10:50:55 +0800] "GET /xingrg/all/function/internal_message.html?_=1656384724909&CODE_STATE=getMsg HTTP/1.1" 200 27
180.169.147.146 - - [28/Jun/2022:10:51:02 +0800] "POST /xingrg/kc/mdqp/pssh_order_operate.html HTTP/1.1" 200 37
180.169.147.146 - - [28/Jun/2022:10:51:03 +0800] "POST /xingrg/kc/mdqp/pssh_order_operate.html HTTP/1.1" 200 12
180.169.147.146 - - [28/Jun/2022:10:51:03 +0800] "GET /xingrg/kc/mdqp/pssh_order_info.html?code=312022061900323 HTTP/1.1" 200 14390
180.169.147.146 - - [28/Jun/2022:10:51:03 +0800] "GET /xingrg/javascript/jquery_tools/jquery-1.4.2.min.js HTTP/1.1" 404 1094
180.169.147.146 - - [28/Jun/2022:10:51:04 +0800] "POST /xingrg/kc/mdqp/pssh_order_operate.html HTTP/1.1" 200 524
180.169.147.146 - - [28/Jun/2022:10:51:04 +0800] "GET /xingrg/javascript/easyui/themes/default/validatebox.css HTTP/1.1" 404 1104
180.169.147.146 - - [28/Jun/2022:10:51:04 +0800] "GET /xingrg/kc/mdqp/pssh_order_list.html?isBack=1 HTTP/1.1" 200 17821
180.169.147.146 - - [28/Jun/2022:10:51:05 +0800] "POST /xingrg/kc/mdqp/pssh_list_operate.html HTTP/1.1" 200 5455
218.81.223.53 - - [28/Jun/2022:10:51:05 +0800] "GET /xingrg/all/function/internal_message.html?_=1656384669961&CODE_STATE=getMsg HTTP/1.1" 200 27
114.84.82.172 - - [28/Jun/2022:10:51:06 +0800] "GET /xingrg/all/function/internal_message.html?_=1656384665479&CODE_STATE=getMsg HTTP/1.1" 200 27
222.69.144.95 - - [28/Jun/2022:10:51:07 +0800] "GET /xingrg/all/function/internal_message.html?_=1656384706923&CODE_STATE=getMsg HTTP/1.1" 200 27
180.169.147.146 - - [28/Jun/2022:10:51:08 +0800] "POST /xingrg/kc/mdqp/pssh_list_operate.html HTTP/1.1" 200 814
124.78.155.37 - - [28/Jun/2022:10:51:09 +0800] "GET /xingrg/all/function/internal_message.html?_=1656384669345&CODE_STATE=getMsg HTTP/1.1" 200 27
180.169.147.146 - - [28/Jun/2022:10:51:11 +0800] "POST /xingrg/kc/mdqp/pssh_list_operate.html HTTP/1.1" 200 5455
180.169.147.146 - - [28/Jun/2022:10:51:13 +0800] "POST /xingrg/kc/mdqp/pssh_list_operate.html HTTP/1.1" 200 5640
180.169.147.146 - - [28/Jun/2022:10:51:16 +0800] "GET /xingrg/kc/pszx/mdth_order_info.html?code=322022061300027 HTTP/1.1" 200 22179
180.169.147.146 - - [28/Jun/2022:10:51:16 +0800] "GET /xingrg/javascript/easyui/themes/default/validatebox.css HTTP/1.1" 404 1104
180.169.147.146 - - [28/Jun/2022:10:51:16 +0800] "POST /xingrg/kc/pszx/mdth_order_new_info.html HTTP/1.1" 200 268
114.84.82.172 - - [28/Jun/2022:10:51:16 +0800] "GET /xingrg/all/function/internal_message.html?_=1656384676035&CODE_STATE=getMsg HTTP/1.1" 200 27
180.169.147.146 - - [28/Jun/2022:10:51:17 +0800] "POST /xingrg/kc/mdqp/pssh_list_operate.html HTTP/1.1" 200 5455
116.230.110.173 - - [28/Jun/2022:10:51:17 +0800] "GET /xingrg/all/function/internal_message.html?_=1656384676324&CODE_STATE=getMsg HTTP/1.1" 200 27
180.169.147.146 - - [28/Jun/2022:10:51:17 +0800] "POST /xingrg/all/common/load_combo.html?type=employee HTTP/1.1" 200 1752
180.169.147.146 - - [28/Jun/2022:10:51:18 +0800] "POST /xingrg/kc/mdqp/pssh_list_operate.html HTTP/1.1" 200 266
101.83.223.227 - - [28/Jun/2022:10:51:20 +0800] "GET /xingrg/all/function/internal_message.html?_=1656384629479&CODE_STATE=getMsg HTTP/1.1" 200 27
180.169.147.146 - - [28/Jun/2022:10:51:21 +0800] "GET /xingrg/javascript/jquery_tools/images/next.gif HTTP/1.1" 404 1086
180.169.147.146 - - [28/Jun/2022:10:51:21 +0800] "GET /xingrg/javascript/jquery_tools/images/prev.gif HTTP/1.1" 404 1086
180.169.147.146 - - [28/Jun/2022:10:51:23 +0800] "GET /xingrg/kc/buy/buy_main.html HTTP/1.1" 200 12412
180.169.147.146 - - [28/Jun/2022:10:51:23 +0800] "GET /xingrg/css/new_ie.css HTTP/1.1" 404 1036
180.169.147.146 - - [28/Jun/2022:10:51:23 +0800] "POST /xingrg/kc/mdqp/pssh_list_operate.html HTTP/1.1" 200 814
120.253.135.82 - - [28/Jun/2022:10:51:23 +0800] "GET /xingrg/login.html HTTP/1.1" 200 7641
180.169.147.146 - - [28/Jun/2022:10:51:24 +0800] "GET /xingrg/images/yd/bt.gif HTTP/1.1" 404 1040
180.169.147.146 - - [28/Jun/2022:10:51:24 +0800] "POST /xingrg/all/common/load_combo.html?type=base HTTP/1.1" 200 1169
120.253.135.82 - - [28/Jun/2022:10:51:24 +0800] "GET /xingrg/images/blue/jxLogo.png HTTP/1.1" 304 -
180.169.147.146 - - [28/Jun/2022:10:51:24 +0800] "GET /xingrg/kc/buy/cgsh_order_list.html HTTP/1.1" 200 52100
120.253.135.82 - - [28/Jun/2022:10:51:24 +0800] "GET /xingrg/images/blue/login_bg.png HTTP/1.1" 304 -
120.253.135.82 - - [28/Jun/2022:10:51:24 +0800] "GET /xingrg/images/blue/hj.png HTTP/1.1" 304 -
120.253.135.82 - - [28/Jun/2022:10:51:24 +0800] "GET /xingrg/images/blue/srbg.png HTTP/1.1" 304 -
120.253.135.82 - - [28/Jun/2022:10:51:24 +0800] "GET /favicon.ico HTTP/1.1" 404 -
180.169.147.146 - - [28/Jun/2022:10:51:26 +0800] "POST /xingrg/kc/buy/cgsh_list_operate.html HTTP/1.1" 200 4248
120.253.135.82 - - [28/Jun/2022:10:51:28 +0800] "POST /xingrg/login.do HTTP/1.1" 302 -
120.253.135.82 - - [28/Jun/2022:10:51:28 +0800] "GET /xingrg/javascript/jquery_easy_ui/themes/default/easyui.css HTTP/1.1" 304 -
120.253.135.82 - - [28/Jun/2022:10:51:28 +0800] "GET /xingrg/javascript/jquery_easy_ui/themes/icon.css HTTP/1.1" 304 -
120.253.135.82 - - [28/Jun/2022:10:51:28 +0800] "GET /xingrg/css/form.css HTTP/1.1" 304 -
120.253.135.82 - - [28/Jun/2022:10:51:29 +0800] "GET /favicon.ico HTTP/1.1" 404 -
120.253.135.82 - - [28/Jun/2022:10:51:29 +0800] "GET /xingrg/javascript/jquery.form.js HTTP/1.1" 304 -
120.253.135.82 - - [28/Jun/2022:10:51:29 +0800] "GET /xingrg/javascript/jquery_easy_ui/jquery.easyui.min.js HTTP/1.1" 304 -
120.253.135.82 - - [28/Jun/2022:10:51:29 +0800] "GET /xingrg/javascript/jquery-1.4.2.min.js HTTP/1.1" 304 -
120.253.135.82 - - [28/Jun/2022:10:51:29 +0800] "GET /xingrg/index.html?sysBaseUrl=http%3A%2F%2F180.169.147.146%3A18081%2Fxingrg%2F&costTime=56×tamp=1656384688849 HTTP/1.1" 200 17173
120.253.135.82 - - [28/Jun/2022:10:51:29 +0800] "GET /xingrg/javascript/jquery.timers.js HTTP/1.1" 304 -
120.253.135.82 - - [28/Jun/2022:10:51:29 +0800] "GET /xingrg/javascript/jquery_easy_ui/easyui-lang-zh_CN.js HTTP/1.1" 304 -
120.253.135.82 - - [28/Jun/2022:10:51:29 +0800] "GET /xingrg/javascript/jquery.utils.js HTTP/1.1" 304 -
120.253.135.82 - - [28/Jun/2022:10:51:29 +0800] "GET /xingrg/images/blue/navBackgound.jpg HTTP/1.1" 304 -
120.253.135.82 - - [28/Jun/2022:10:51:29 +0800] "GET /xingrg/javascript/jquery_easy_ui/themes/icons/settle_new.png HTTP/1.1" 304 -
120.253.135.82 - - [28/Jun/2022:10:51:29 +0800] "GET /xingrg/images/blue/pingpu.png HTTP/1.1" 304 -
120.253.135.82 - - [28/Jun/2022:10:51:29 +0800] "POST /xingrg/all/common/load_tree.html?tree=area_rest_tree_json&manage=1 HTTP/1.1" 200 344
120.253.135.82 - - [28/Jun/2022:10:51:29 +0800] "GET /xingrg/javascript/jquery_easy_ui/themes/default/images/tabs_leftarrow.png HTTP/1.1" 304 -
120.253.135.82 - - [28/Jun/2022:10:51:29 +0800] "GET /xingrg/javascript/jquery_easy_ui/themes/default/images/tabs_rightarrow.png HTTP/1.1" 304 -
120.253.135.82 - - [28/Jun/2022:10:51:29 +0800] "GET /xingrg/javascript/jquery_easy_ui/themes/default/images/panel_tool_collapse.gif HTTP/1.1" 304 -
120.253.135.82 - - [28/Jun/2022:10:51:29 +0800] "GET /xingrg/all/function/internal_message.html?_=1656384821856&CODE_STATE=count HTTP/1.1" 200 11
120.253.135.82 - - [28/Jun/2022:10:51:29 +0800] "GET /xingrg/check_reg.html?_=1656384821857 HTTP/1.1" 200 22
120.253.135.82 - - [28/Jun/2022:10:51:29 +0800] "GET /xingrg/javascript/jquery_easy_ui/themes/default/images/tree_arrows.gif HTTP/1.1" 304 -
120.253.135.82 - - [28/Jun/2022:10:51:29 +0800] "POST /xingrg/load_menu.html HTTP/1.1" 200 6743
120.253.135.82 - - [28/Jun/2022:10:51:30 +0800] "GET /xingrg/javascript/jquery_easy_ui/themes/default/images/tree_folder_open.gif HTTP/1.1" 304 -
120.253.135.82 - - [28/Jun/2022:10:51:30 +0800] "GET /xingrg/javascript/jquery_easy_ui/themes/icons/search_new.png HTTP/1.1" 304 -
120.253.135.82 - - [28/Jun/2022:10:51:30 +0800] "GET /xingrg/javascript/jquery_easy_ui/themes/icons/delivery_new.png HTTP/1.1" 304 -
120.253.135.82 - - [28/Jun/2022:10:51:30 +0800] "GET /xingrg/javascript/jquery_easy_ui/themes/icons/storage_new.png HTTP/1.1" 304 -
120.253.135.82 - - [28/Jun/2022:10:51:30 +0800] "GET /xingrg/javascript/jquery_easy_ui/themes/icons/forms_new.png HTTP/1.1" 304 -
120.253.135.82 - - [28/Jun/2022:10:51:30 +0800] "GET /xingrg/javascript/jquery_easy_ui/themes/default/images/tree_file.gif HTTP/1.1" 304 -
120.253.135.82 - - [28/Jun/2022:10:51:30 +0800] "GET /xingrg/javascript/jquery_easy_ui/themes/default/images/tree_folder.gif HTTP/1.1" 304 -
180.169.147.146 - - [28/Jun/2022:10:51:36 +0800] "POST /xingrg/kc/pszx/mdth_order_new_info.html HTTP/1.1" 200 37
180.169.147.146 - - [28/Jun/2022:10:51:36 +0800] "POST /xingrg/kc/pszx/mdth_order_new_info.html HTTP/1.1" 200 275
101.83.144.189 - - [28/Jun/2022:10:51:37 +0800] "GET /xingrg/all/function/internal_message.html?_=1656384697193&CODE_STATE=getMsg HTTP/1.1" 200 27
120.253.135.82 - - [28/Jun/2022:10:51:37 +0800] "GET /xingrg/javascript/jquery_easy_ui/themes/default/images/tabs_close.gif HTTP/1.1" 304 -
120.253.135.82 - - [28/Jun/2022:10:51:37 +0800] "GET /xingrg/css/base.css HTTP/1.1" 304 -
120.253.135.82 - - [28/Jun/2022:10:51:37 +0800] "GET /xingrg/kc/pszx/mdps_order_list.html?orderType=0 HTTP/1.1" 200 21007
120.253.135.82 - - [28/Jun/2022:10:51:37 +0800] "GET /xingrg/javascript/jquery_tools/jquery.tools.extend.js HTTP/1.1" 304 -
120.253.135.82 - - [28/Jun/2022:10:51:37 +0800] "GET /xingrg/javascript/jquery_tools/jquery.tools.hotkey.js HTTP/1.1" 304 -
120.253.135.82 - - [28/Jun/2022:10:51:37 +0800] "GET /xingrg/javascript/auto/jquery.autocomplete.js HTTP/1.1" 304 -
120.253.135.82 - - [28/Jun/2022:10:51:37 +0800] "GET /xingrg/javascript/jquery_tools/list_manager.js HTTP/1.1" 304 -
120.253.135.82 - - [28/Jun/2022:10:51:37 +0800] "GET /xingrg/javascript/print/LodopFuncs.js HTTP/1.1" 304 -
120.253.135.82 - - [28/Jun/2022:10:51:37 +0800] "GET /xingrg/javascript/jquery.cookie.js HTTP/1.1" 304 -
180.169.147.146 - - [28/Jun/2022:10:51:37 +0800] "POST /xingrg/kc/pszx/mdth_order_new_info.html HTTP/1.1" 200 12
120.253.135.82 - - [28/Jun/2022:10:51:37 +0800] "GET /xingrg/javascript/jquery_tools/jquery.tools.table.js HTTP/1.1" 304 -
120.253.135.82 - - [28/Jun/2022:10:51:37 +0800] "GET /xingrg/javascript/easyui/easyloader.js HTTP/1.1" 304 -
120.253.135.82 - - [28/Jun/2022:10:51:37 +0800] "GET /xingrg/css/site.css HTTP/1.1" 304 -
120.253.135.82 - - [28/Jun/2022:10:51:37 +0800] "GET /xingrg/javascript/easyui/themes/default/easyui.css HTTP/1.1" 304 -
120.253.135.82 - - [28/Jun/2022:10:51:37 +0800] "GET /xingrg/javascript/auto/jquery.autocomplete.css HTTP/1.1" 304 -
120.253.135.82 - - [28/Jun/2022:10:51:37 +0800] "GET /xingrg/javascript/easyui/themes/icon.css HTTP/1.1" 304 -
120.253.135.82 - - [28/Jun/2022:10:51:37 +0800] "GET /xingrg/javascript/easyui/themes/icon.css HTTP/1.1" 304 -
120.253.135.82 - - [28/Jun/2022:10:51:37 +0800] "GET /xingrg/javascript/jquery_tools/datebox.css HTTP/1.1" 304 -
120.253.135.82 - - [28/Jun/2022:10:51:37 +0800] "GET /xingrg/javascript/jquery_tools/fix.css HTTP/1.1" 304 -
120.253.135.82 - - [28/Jun/2022:10:51:37 +0800] "GET /xingrg/javascript/jquery_tools/jquery.tools.min.js HTTP/1.1" 304 -
120.253.135.82 - - [28/Jun/2022:10:51:37 +0800] "GET /xingrg/kc/pszx/mdps_order_list.html?orderType=0 HTTP/1.1" 200 21007
120.253.135.82 - - [28/Jun/2022:10:51:37 +0800] "GET /xingrg/javascript/jquery_tools/fix.css HTTP/1.1" 304 -
120.253.135.82 - - [28/Jun/2022:10:51:37 +0800] "GET /xingrg/javascript/jquery_tools/datebox.css HTTP/1.1" 304 -
120.253.135.82 - - [28/Jun/2022:10:51:37 +0800] "GET /xingrg/javascript/jquery_tools/table.css HTTP/1.1" 304 -
120.253.135.82 - - [28/Jun/2022:10:51:37 +0800] "GET /xingrg/javascript/jquery_tools/jquery.tools.min.js HTTP/1.1" 304 -
120.253.135.82 - - [28/Jun/2022:10:51:37 +0800] "GET /xingrg/javascript/jquery_tools/table.css HTTP/1.1" 304 -
180.169.147.146 - - [28/Jun/2022:10:51:38 +0800] "GET /xingrg/kc/pszx/mdth_order_info.html?code=322022061300027 HTTP/1.1" 200 20259
120.253.135.82 - - [28/Jun/2022:10:51:38 +0800] "GET /xingrg/javascript/easyui/themes/icons/edit_add_new.png HTTP/1.1" 304 -
