101.83.144.189 - - [27/Jun/2022:09:41:11 +0800] "GET /xingrg/kc/buy/cgsh_order_operate.html?command=get_materiel&rest_code=00105&code=00101009124&supplier_code=00100024&order_time=2022-06-27 HTTP/1.1" 200 416
101.83.144.189 - - [27/Jun/2022:09:41:12 +0800] "GET /xingrg/all/function/internal_message.html?_=1656294072400&CODE_STATE=getMsg HTTP/1.1" 200 27
101.85.95.26 - - [27/Jun/2022:09:41:25 +0800] "GET /xingrg/all/function/internal_message.html?_=1656294085121&CODE_STATE=getMsg HTTP/1.1" 200 27
58.37.225.129 - - [27/Jun/2022:09:41:26 +0800] "GET /xingrg/all/function/internal_message.html?_=1656293797560&CODE_STATE=getMsg HTTP/1.1" 200 27
101.83.144.189 - - [27/Jun/2022:09:41:27 +0800] "GET /xingrg/kc/buy/cgsh_order_operate.html?command=get_materiel&rest_code=00105&code=00101009011&supplier_code=00100024&order_time=2022-06-27 HTTP/1.1" 200 416
180.156.212.250 - - [27/Jun/2022:09:41:31 +0800] "GET /xingrg/all/function/internal_message.html?_=1656294089755&CODE_STATE=getMsg HTTP/1.1" 200 27
120.253.135.82 - - [27/Jun/2022:09:41:32 +0800] "GET /xingrg/all/function/internal_message.html?_=1656293901552&CODE_STATE=getMsg HTTP/1.1" 200 27
58.37.225.129 - - [27/Jun/2022:09:41:37 +0800] "GET /xingrg/kc/buy/cgsh_order_operate.html?command=get_materiel&rest_code=00141&code=00101008593&supplier_code=00100450&order_time=2022-06-27 HTTP/1.1" 200 418
222.69.144.95 - - [27/Jun/2022:09:41:37 +0800] "GET /xingrg/all/function/internal_message.html?_=1656294137557&CODE_STATE=getMsg HTTP/1.1" 200 27
101.83.144.189 - - [27/Jun/2022:09:41:39 +0800] "GET /xingrg/kc/buy/cgsh_order_operate.html?command=get_materiel&rest_code=00105&code=00101009007&supplier_code=00100024&order_time=2022-06-27 HTTP/1.1" 200 425
58.35.194.53 - - [27/Jun/2022:09:41:47 +0800] "GET /xingrg/check_reg.html?_=1656294107230 HTTP/1.1" 200 22
58.35.194.53 - - [27/Jun/2022:09:41:48 +0800] "GET /xingrg/all/function/internal_message.html?_=1656294107233&CODE_STATE=getMsg HTTP/1.1" 200 27
101.83.223.227 - - [27/Jun/2022:09:41:50 +0800] "GET /xingrg/all/function/internal_message.html?_=1656294061788&CODE_STATE=getMsg HTTP/1.1" 200 27
114.83.219.139 - - [27/Jun/2022:09:41:55 +0800] "GET /xingrg/all/function/internal_message.html?_=1656294115229&CODE_STATE=getMsg HTTP/1.1" 200 27
58.37.225.129 - - [27/Jun/2022:09:41:57 +0800] "GET /xingrg/kc/buy/cgsh_order_operate.html?command=get_materiel&rest_code=00141&code=00101015052&supplier_code=00100450&order_time=2022-06-27 HTTP/1.1" 200 413
218.81.223.53 - - [27/Jun/2022:09:41:58 +0800] "GET /xingrg/all/function/internal_message.html?_=1656294119804&CODE_STATE=getMsg HTTP/1.1" 200 27
180.169.147.146 - - [27/Jun/2022:09:42:07 +0800] "GET /xingrg/all/function/internal_message.html?_=1656294127348&CODE_STATE=getMsg HTTP/1.1" 200 27
101.83.144.189 - - [27/Jun/2022:09:42:12 +0800] "GET /xingrg/all/function/internal_message.html?_=1656294132420&CODE_STATE=getMsg HTTP/1.1" 200 27
101.85.95.26 - - [27/Jun/2022:09:42:25 +0800] "GET /xingrg/all/function/internal_message.html?_=1656294145121&CODE_STATE=getMsg HTTP/1.1" 200 27
58.37.225.129 - - [27/Jun/2022:09:42:26 +0800] "GET /xingrg/all/function/internal_message.html?_=1656293857692&CODE_STATE=getMsg HTTP/1.1" 200 27
180.156.212.250 - - [27/Jun/2022:09:42:31 +0800] "GET /xingrg/all/function/internal_message.html?_=1656294149756&CODE_STATE=getMsg HTTP/1.1" 200 27
120.253.135.82 - - [27/Jun/2022:09:42:32 +0800] "GET /xingrg/all/function/internal_message.html?_=1656293961560&CODE_STATE=getMsg HTTP/1.1" 200 27
222.69.144.95 - - [27/Jun/2022:09:42:37 +0800] "GET /xingrg/all/function/internal_message.html?_=1656294197551&CODE_STATE=getMsg HTTP/1.1" 200 27
58.37.225.129 - - [27/Jun/2022:09:42:37 +0800] "GET /xingrg/kc/buy/cgsh_order_operate.html?command=get_materiel&rest_code=00141&code=00101015120&supplier_code=00100450&order_time=2022-06-27 HTTP/1.1" 200 413
58.35.194.53 - - [27/Jun/2022:09:42:47 +0800] "GET /xingrg/all/function/internal_message.html?_=1656294167219&CODE_STATE=getMsg HTTP/1.1" 200 27
101.83.223.227 - - [27/Jun/2022:09:42:50 +0800] "GET /xingrg/all/function/internal_message.html?_=1656294121802&CODE_STATE=getMsg HTTP/1.1" 200 27
114.83.219.139 - - [27/Jun/2022:09:42:55 +0800] "GET /xingrg/all/function/internal_message.html?_=1656294175232&CODE_STATE=getMsg HTTP/1.1" 200 27
218.81.223.53 - - [27/Jun/2022:09:42:58 +0800] "GET /xingrg/all/function/internal_message.html?_=1656294180106&CODE_STATE=getMsg HTTP/1.1" 200 27
180.169.147.146 - - [27/Jun/2022:09:43:07 +0800] "GET /xingrg/all/function/internal_message.html?_=1656294187347&CODE_STATE=getMsg HTTP/1.1" 200 27
58.37.225.129 - - [27/Jun/2022:09:43:08 +0800] "GET /xingrg/kc/buy/cgsh_order_operate.html?command=get_materiel&rest_code=00141&code=00102014008&supplier_code=00100450&order_time=2022-06-27 HTTP/1.1" 200 409
101.83.144.189 - - [27/Jun/2022:09:43:12 +0800] "GET /xingrg/all/function/internal_message.html?_=1656294192351&CODE_STATE=getMsg HTTP/1.1" 200 27
101.83.144.189 - - [27/Jun/2022:09:43:14 +0800] "GET /xingrg/check_reg.html?_=1656294194630 HTTP/1.1" 200 22
101.85.95.26 - - [27/Jun/2022:09:43:25 +0800] "GET /xingrg/all/function/internal_message.html?_=1656294205121&CODE_STATE=getMsg HTTP/1.1" 200 27
58.37.225.129 - - [27/Jun/2022:09:43:26 +0800] "GET /xingrg/all/function/internal_message.html?_=1656293917688&CODE_STATE=getMsg HTTP/1.1" 200 27
180.156.212.250 - - [27/Jun/2022:09:43:31 +0800] "GET /xingrg/all/function/internal_message.html?_=1656294209758&CODE_STATE=getMsg HTTP/1.1" 200 27
180.156.212.250 - - [27/Jun/2022:09:43:31 +0800] "GET /xingrg/check_reg.html?_=1656294209762 HTTP/1.1" 200 22
120.253.135.82 - - [27/Jun/2022:09:43:32 +0800] "GET /xingrg/check_reg.html?_=1656294021014 HTTP/1.1" 200 22
120.253.135.82 - - [27/Jun/2022:09:43:32 +0800] "GET /xingrg/all/function/internal_message.html?_=1656294021572&CODE_STATE=getMsg HTTP/1.1" 200 27
222.69.144.95 - - [27/Jun/2022:09:43:37 +0800] "GET /xingrg/all/function/internal_message.html?_=1656294257554&CODE_STATE=getMsg HTTP/1.1" 200 27
222.69.144.95 - - [27/Jun/2022:09:43:37 +0800] "GET /xingrg/check_reg.html?_=1656294257557 HTTP/1.1" 200 22
218.81.223.53 - - [27/Jun/2022:09:43:44 +0800] "GET /xingrg/check_reg.html?_=1656294225498 HTTP/1.1" 200 22
58.37.225.129 - - [27/Jun/2022:09:43:45 +0800] "GET /xingrg/kc/buy/cgsh_order_operate.html?command=get_materiel&rest_code=00141&code=00102014088&supplier_code=00100450&order_time=2022-06-27 HTTP/1.1" 200 426
58.35.194.53 - - [27/Jun/2022:09:43:47 +0800] "GET /xingrg/all/function/internal_message.html?_=1656294227225&CODE_STATE=getMsg HTTP/1.1" 200 27
58.221.95.50 - - [27/Jun/2022:09:43:48 +0800] "GET /xingrg/check_reg.html?_=1656294228594 HTTP/1.1" 302 -
101.83.223.227 - - [27/Jun/2022:09:43:50 +0800] "GET /xingrg/all/function/internal_message.html?_=1656294181818&CODE_STATE=getMsg HTTP/1.1" 200 27
114.83.219.139 - - [27/Jun/2022:09:43:55 +0800] "GET /xingrg/check_reg.html?_=1656294235222 HTTP/1.1" 200 22
114.83.219.139 - - [27/Jun/2022:09:43:56 +0800] "GET /xingrg/all/function/internal_message.html?_=1656294235237&CODE_STATE=getMsg HTTP/1.1" 200 27
58.37.225.129 - - [27/Jun/2022:09:43:56 +0800] "GET /xingrg/kc/buy/cgsh_order_operate.html?command=get_materiel&rest_code=00141&code=00101015123&supplier_code=00100450&order_time=2022-06-27 HTTP/1.1" 200 410
218.81.223.53 - - [27/Jun/2022:09:43:58 +0800] "GET /xingrg/all/function/internal_message.html?_=1656294240111&CODE_STATE=getMsg HTTP/1.1" 200 27
180.169.147.146 - - [27/Jun/2022:09:44:07 +0800] "GET /xingrg/check_reg.html?_=1656294247344 HTTP/1.1" 200 22
180.169.147.146 - - [27/Jun/2022:09:44:07 +0800] "GET /xingrg/all/function/internal_message.html?_=1656294247348&CODE_STATE=getMsg HTTP/1.1" 200 27
58.37.225.129 - - [27/Jun/2022:09:44:07 +0800] "GET /xingrg/kc/buy/cgsh_order_operate.html?command=get_materiel&rest_code=00141&code=00101008568&supplier_code=00100450&order_time=2022-06-27 HTTP/1.1" 200 413
101.83.144.189 - - [27/Jun/2022:09:44:12 +0800] "GET /xingrg/all/function/internal_message.html?_=1656294252321&CODE_STATE=getMsg HTTP/1.1" 200 27
58.37.225.129 - - [27/Jun/2022:09:44:21 +0800] "POST /xingrg/kc/buy/cgsh_order_operate.html HTTP/1.1" 200 37
58.37.225.129 - - [27/Jun/2022:09:44:23 +0800] "POST /xingrg/kc/buy/cgsh_order_operate.html HTTP/1.1" 200 5624
101.85.95.26 - - [27/Jun/2022:09:44:25 +0800] "GET /xingrg/check_reg.html?_=1656294265147 HTTP/1.1" 200 22
101.85.95.26 - - [27/Jun/2022:09:44:25 +0800] "GET /xingrg/all/function/internal_message.html?_=1656294265149&CODE_STATE=getMsg HTTP/1.1" 200 27
58.37.225.129 - - [27/Jun/2022:09:44:25 +0800] "GET /xingrg/kc/print/load_config.html?kc_code=cgsh HTTP/1.1" 200 1943
58.37.225.129 - - [27/Jun/2022:09:44:25 +0800] "GET /xingrg/kc/print/load_data.html?order_code=212022062703508&kc_code=cgsh&condition= HTTP/1.1" 200 1827
58.37.225.129 - - [27/Jun/2022:09:44:26 +0800] "GET /xingrg/all/function/internal_message.html?_=1656293977656&CODE_STATE=getMsg HTTP/1.1" 200 27
180.156.212.250 - - [27/Jun/2022:09:44:31 +0800] "GET /xingrg/all/function/internal_message.html?_=1656294269750&CODE_STATE=getMsg HTTP/1.1" 200 27
58.37.225.129 - - [27/Jun/2022:09:44:32 +0800] "GET /xingrg/kc/buy/cgsh_order_add.html HTTP/1.1" 200 67854
120.253.135.82 - - [27/Jun/2022:09:44:32 +0800] "GET /xingrg/all/function/internal_message.html?_=1656294081586&CODE_STATE=getMsg HTTP/1.1" 200 27
58.37.225.129 - - [27/Jun/2022:09:44:32 +0800] "POST /xingrg/kc/buy/cgsh_order_operate.html HTTP/1.1" 200 8245
58.37.225.129 - - [27/Jun/2022:09:44:32 +0800] "GET /xingrg/javascript/easyui/themes/default/validatebox.css HTTP/1.1" 404 1104
222.69.144.95 - - [27/Jun/2022:09:44:37 +0800] "GET /xingrg/all/function/internal_message.html?_=1656294317550&CODE_STATE=getMsg HTTP/1.1" 200 27
58.35.194.53 - - [27/Jun/2022:09:44:47 +0800] "GET /xingrg/all/function/internal_message.html?_=1656294287229&CODE_STATE=getMsg HTTP/1.1" 200 27
101.83.223.227 - - [27/Jun/2022:09:44:50 +0800] "GET /xingrg/all/function/internal_message.html?_=1656294241829&CODE_STATE=getMsg HTTP/1.1" 200 27
114.83.219.139 - - [27/Jun/2022:09:44:55 +0800] "GET /xingrg/all/function/internal_message.html?_=1656294295236&CODE_STATE=getMsg HTTP/1.1" 200 27
218.81.223.53 - - [27/Jun/2022:09:44:58 +0800] "GET /xingrg/all/function/internal_message.html?_=1656294300126&CODE_STATE=getMsg HTTP/1.1" 200 27
58.37.225.129 - - [27/Jun/2022:09:45:03 +0800] "GET /xingrg/kc/buy/cgsh_order_operate.html?command=get_materiel&rest_code=00141&code=00101008185&supplier_code=00100007&order_time=2022-06-25 HTTP/1.1" 200 408
180.169.147.146 - - [27/Jun/2022:09:45:07 +0800] "GET /xingrg/all/function/internal_message.html?_=1656294307359&CODE_STATE=getMsg HTTP/1.1" 200 27
101.83.144.189 - - [27/Jun/2022:09:45:12 +0800] "GET /xingrg/all/function/internal_message.html?_=1656294312296&CODE_STATE=getMsg HTTP/1.1" 200 27
180.169.147.146 - - [27/Jun/2022:09:45:13 +0800] "POST /xingrg/all/user/operate.html HTTP/1.1" 200 36
180.169.147.146 - - [27/Jun/2022:09:45:13 +0800] "GET /xingrg/index.html?sysBaseUrl=http%3A%2F%2F180.169.147.146%3A18081%2Fxingrg%2F&costTime=42×tamp=1656293946822 HTTP/1.1" 200 17503
180.169.147.146 - - [27/Jun/2022:09:45:13 +0800] "GET /xingrg/javascript/jquery_easy_ui/themes/default/easyui.css HTTP/1.1" 304 -
180.169.147.146 - - [27/Jun/2022:09:45:13 +0800] "GET /xingrg/javascript/jquery_easy_ui/themes/icon.css HTTP/1.1" 304 -
180.169.147.146 - - [27/Jun/2022:09:45:13 +0800] "GET /xingrg/css/form.css HTTP/1.1" 304 -
180.169.147.146 - - [27/Jun/2022:09:45:13 +0800] "GET /xingrg/javascript/jquery-1.4.2.min.js HTTP/1.1" 304 -
180.169.147.146 - - [27/Jun/2022:09:45:13 +0800] "GET /xingrg/javascript/jquery_easy_ui/jquery.easyui.min.js HTTP/1.1" 304 -
180.169.147.146 - - [27/Jun/2022:09:45:13 +0800] "GET /xingrg/javascript/jquery_easy_ui/easyui-lang-zh_CN.js HTTP/1.1" 304 -
180.169.147.146 - - [27/Jun/2022:09:45:13 +0800] "GET /xingrg/javascript/jquery.form.js HTTP/1.1" 304 -
180.169.147.146 - - [27/Jun/2022:09:45:13 +0800] "GET /xingrg/javascript/jquery.utils.js HTTP/1.1" 304 -
180.169.147.146 - - [27/Jun/2022:09:45:13 +0800] "GET /xingrg/javascript/jquery.timers.js HTTP/1.1" 304 -
180.169.147.146 - - [27/Jun/2022:09:45:13 +0800] "GET /xingrg/images/blue/jxLogo.png HTTP/1.1" 304 -
180.169.147.146 - - [27/Jun/2022:09:45:13 +0800] "GET /xingrg/images/blue/navBackgound.jpg HTTP/1.1" 304 -
180.169.147.146 - - [27/Jun/2022:09:45:13 +0800] "GET /xingrg/javascript/jquery_easy_ui/themes/icons/settle_new.png HTTP/1.1" 304 -
180.169.147.146 - - [27/Jun/2022:09:45:13 +0800] "POST /xingrg/all/common/load_tree.html?tree=area_rest_tree_json&manage=1 HTTP/1.1" 200 3472
180.169.147.146 - - [27/Jun/2022:09:45:13 +0800] "GET /xingrg/images/blue/pingpu.png HTTP/1.1" 304 -
180.169.147.146 - - [27/Jun/2022:09:45:13 +0800] "GET /xingrg/all/function/internal_message.html?_=1656294313987&CODE_STATE=count HTTP/1.1" 200 11
180.169.147.146 - - [27/Jun/2022:09:45:13 +0800] "POST /xingrg/load_menu.html HTTP/1.1" 200 9959
180.169.147.146 - - [27/Jun/2022:09:45:13 +0800] "GET /xingrg/check_reg.html?_=1656294313988 HTTP/1.1" 200 22
180.169.147.146 - - [27/Jun/2022:09:45:13 +0800] "GET /xingrg/javascript/jquery_easy_ui/themes/default/images/tabs_leftarrow.png HTTP/1.1" 304 -
180.169.147.146 - - [27/Jun/2022:09:45:13 +0800] "GET /xingrg/javascript/jquery_easy_ui/themes/default/images/panel_tool_expand.gif HTTP/1.1" 304 -
180.169.147.146 - - [27/Jun/2022:09:45:13 +0800] "GET /xingrg/javascript/jquery_easy_ui/themes/default/images/panel_tool_collapse.gif HTTP/1.1" 304 -
180.169.147.146 - - [27/Jun/2022:09:45:13 +0800] "GET /xingrg/javascript/jquery_easy_ui/themes/default/images/tabs_rightarrow.png HTTP/1.1" 304 -
180.169.147.146 - - [27/Jun/2022:09:45:13 +0800] "GET /xingrg/javascript/jquery_easy_ui/themes/icons/checkout_new.png HTTP/1.1" 304 -
180.169.147.146 - - [27/Jun/2022:09:45:13 +0800] "GET /xingrg/javascript/jquery_easy_ui/themes/icons/storage_new.png HTTP/1.1" 304 -
180.169.147.146 - - [27/Jun/2022:09:45:13 +0800] "GET /xingrg/javascript/jquery_easy_ui/themes/default/images/tree_arrows.gif HTTP/1.1" 304 -
180.169.147.146 - - [27/Jun/2022:09:45:13 +0800] "GET /xingrg/javascript/jquery_easy_ui/themes/default/images/tree_folder.gif HTTP/1.1" 304 -
180.169.147.146 - - [27/Jun/2022:09:45:13 +0800] "GET /xingrg/javascript/jquery_easy_ui/themes/default/images/tree_folder_open.gif HTTP/1.1" 304 -
180.169.147.146 - - [27/Jun/2022:09:45:13 +0800] "GET /xingrg/javascript/jquery_easy_ui/themes/icons/search_new.png HTTP/1.1" 304 -
180.169.147.146 - - [27/Jun/2022:09:45:13 +0800] "GET /xingrg/javascript/jquery_easy_ui/themes/icons/forms_new.png HTTP/1.1" 304 -
180.169.147.146 - - [27/Jun/2022:09:45:13 +0800] "GET /xingrg/javascript/jquery_easy_ui/themes/icons/systemset_new.png HTTP/1.1" 304 -
180.169.147.146 - - [27/Jun/2022:09:45:13 +0800] "GET /xingrg/javascript/jquery_easy_ui/themes/icons/setting_new.png HTTP/1.1" 304 -
180.169.147.146 - - [27/Jun/2022:09:45:13 +0800] "GET /xingrg/javascript/jquery_easy_ui/themes/default/images/tree_file.gif HTTP/1.1" 304 -
180.169.147.146 - - [27/Jun/2022:09:45:17 +0800] "GET /xingrg/kc/buy/cgsh_order_list.html HTTP/1.1" 200 52286
180.169.147.146 - - [27/Jun/2022:09:45:18 +0800] "POST /xingrg/kc/buy/cgsh_list_operate.html HTTP/1.1" 200 693
58.37.225.129 - - [27/Jun/2022:09:45:19 +0800] "GET /xingrg/kc/buy/cgsh_order_operate.html?command=get_materiel&rest_code=00141&code=00101008351&supplier_code=00100007&order_time=2022-06-25 HTTP/1.1" 200 409
101.85.95.26 - - [27/Jun/2022:09:45:25 +0800] "GET /xingrg/all/function/internal_message.html?_=1656294325149&CODE_STATE=getMsg HTTP/1.1" 200 27
58.37.225.129 - - [27/Jun/2022:09:45:26 +0800] "GET /xingrg/check_reg.html?_=1656294037563 HTTP/1.1" 200 22
58.37.225.129 - - [27/Jun/2022:09:45:26 +0800] "GET /xingrg/all/function/internal_message.html?_=1656294037631&CODE_STATE=getMsg HTTP/1.1" 200 27
58.37.225.129 - - [27/Jun/2022:09:45:29 +0800] "GET /xingrg/kc/buy/cgsh_order_operate.html?command=get_materiel&rest_code=00141&code=00101008182&supplier_code=00100007&order_time=2022-06-25 HTTP/1.1" 200 431
180.156.212.250 - - [27/Jun/2022:09:45:31 +0800] "GET /xingrg/all/function/internal_message.html?_=1656294329750&CODE_STATE=getMsg HTTP/1.1" 200 27
120.253.135.82 - - [27/Jun/2022:09:45:32 +0800] "GET /xingrg/all/function/internal_message.html?_=1656294141599&CODE_STATE=getMsg HTTP/1.1" 200 27
222.69.144.95 - - [27/Jun/2022:09:45:37 +0800] "GET /xingrg/all/function/internal_message.html?_=1656294377554&CODE_STATE=getMsg HTTP/1.1" 200 27
180.169.147.146 - - [27/Jun/2022:09:45:43 +0800] "GET /xingrg/kc/base/wldb_order_list.html HTTP/1.1" 200 19397
180.169.147.146 - - [27/Jun/2022:09:45:43 +0800] "POST /xingrg/kc/base/wldb_list_operate.html HTTP/1.1" 200 928
180.169.147.146 - - [27/Jun/2022:09:45:45 +0800] "GET /xingrg/javascript/jquery_tools/images/prev.gif HTTP/1.1" 404 1086
180.169.147.146 - - [27/Jun/2022:09:45:45 +0800] "GET /xingrg/javascript/jquery_tools/images/next.gif HTTP/1.1" 404 1086
58.35.194.53 - - [27/Jun/2022:09:45:47 +0800] "GET /xingrg/all/function/internal_message.html?_=1656294347231&CODE_STATE=getMsg HTTP/1.1" 200 27
180.169.147.146 - - [27/Jun/2022:09:45:48 +0800] "POST /xingrg/kc/base/wldb_list_operate.html HTTP/1.1" 200 3393
101.83.223.227 - - [27/Jun/2022:09:45:50 +0800] "GET /xingrg/check_reg.html?_=1656294301642 HTTP/1.1" 200 22
101.83.223.227 - - [27/Jun/2022:09:45:50 +0800] "GET /xingrg/all/function/internal_message.html?_=1656294301842&CODE_STATE=getMsg HTTP/1.1" 200 27
180.169.147.146 - - [27/Jun/2022:09:45:52 +0800] "POST /xingrg/kc/base/wldb_list_operate.html HTTP/1.1" 200 376
58.37.225.129 - - [27/Jun/2022:09:45:53 +0800] "GET /xingrg/kc/buy/cgsh_order_operate.html?command=get_materiel&rest_code=00141&code=00101008097&supplier_code=00100007&order_time=2022-06-25 HTTP/1.1" 200 408
114.83.219.139 - - [27/Jun/2022:09:45:55 +0800] "GET /xingrg/all/function/internal_message.html?_=1656294355242&CODE_STATE=getMsg HTTP/1.1" 200 27
180.169.147.146 - - [27/Jun/2022:09:45:56 +0800] "POST /xingrg/kc/base/wldb_list_operate.html HTTP/1.1" 200 602
180.169.147.146 - - [27/Jun/2022:09:45:57 +0800] "POST /xingrg/kc/base/wldb_list_operate.html HTTP/1.1" 200 519
180.169.147.146 - - [27/Jun/2022:09:45:58 +0800] "POST /xingrg/kc/base/wldb_list_operate.html HTTP/1.1" 200 392
218.81.223.53 - - [27/Jun/2022:09:45:59 +0800] "GET /xingrg/all/function/internal_message.html?_=1656294360435&CODE_STATE=getMsg HTTP/1.1" 200 27
58.37.225.129 - - [27/Jun/2022:09:46:05 +0800] "GET /xingrg/kc/buy/cgsh_order_operate.html?command=get_materiel&rest_code=00141&code=00101008355&supplier_code=00100007&order_time=2022-06-25 HTTP/1.1" 200 408
180.169.147.146 - - [27/Jun/2022:09:46:10 +0800] "POST /xingrg/kc/base/wldb_list_operate.html HTTP/1.1" 200 537
101.83.144.189 - - [27/Jun/2022:09:46:12 +0800] "GET /xingrg/all/function/internal_message.html?_=1656294372264&CODE_STATE=getMsg HTTP/1.1" 200 27
180.169.147.146 - - [27/Jun/2022:09:46:13 +0800] "GET /xingrg/all/function/internal_message.html?_=1656294373990&CODE_STATE=getMsg HTTP/1.1" 200 27
101.83.144.189 - - [27/Jun/2022:09:46:16 +0800] "POST /xingrg/kc/buy/cgsh_order_operate.html HTTP/1.1" 200 37
180.169.147.146 - - [27/Jun/2022:09:46:16 +0800] "POST /xingrg/kc/base/wldb_list_operate.html HTTP/1.1" 200 4
101.83.144.189 - - [27/Jun/2022:09:46:17 +0800] "POST /xingrg/kc/buy/cgsh_order_operate.html HTTP/1.1" 200 5032
101.83.144.189 - - [27/Jun/2022:09:46:18 +0800] "GET /xingrg/kc/print/load_data.html?order_code=212022062703509&kc_code=cgsh&condition= HTTP/1.1" 200 1599
101.85.95.26 - - [27/Jun/2022:09:46:25 +0800] "GET /xingrg/all/function/internal_message.html?_=1656294385149&CODE_STATE=getMsg HTTP/1.1" 200 27
58.37.225.129 - - [27/Jun/2022:09:46:25 +0800] "GET /xingrg/kc/buy/cgsh_order_operate.html?command=get_materiel&rest_code=00141&code=00101008264&supplier_code=00100007&order_time=2022-06-25 HTTP/1.1" 200 412
101.83.144.189 - - [27/Jun/2022:09:46:26 +0800] "POST /xingrg/kc/buy/cgsh_list_operate.html HTTP/1.1" 200 2370
58.37.225.129 - - [27/Jun/2022:09:46:26 +0800] "GET /xingrg/all/function/internal_message.html?_=1656294097613&CODE_STATE=getMsg HTTP/1.1" 200 27
101.83.144.189 - - [27/Jun/2022:09:46:30 +0800] "GET /xingrg/javascript/jquery_tools/images/prev.gif HTTP/1.1" 404 1086
101.83.144.189 - - [27/Jun/2022:09:46:30 +0800] "GET /xingrg/javascript/jquery_tools/images/next.gif HTTP/1.1" 404 1086
180.156.212.250 - - [27/Jun/2022:09:46:31 +0800] "GET /xingrg/all/function/internal_message.html?_=1656294389751&CODE_STATE=getMsg HTTP/1.1" 200 27
120.253.135.82 - - [27/Jun/2022:09:46:32 +0800] "GET /xingrg/all/function/internal_message.html?_=1656294201753&CODE_STATE=getMsg HTTP/1.1" 200 27
58.37.225.129 - - [27/Jun/2022:09:46:35 +0800] "GET /xingrg/kc/buy/cgsh_order_operate.html?command=get_materiel&rest_code=00141&code=00101008079&supplier_code=00100007&order_time=2022-06-25 HTTP/1.1" 200 416
222.69.144.95 - - [27/Jun/2022:09:46:37 +0800] "GET /xingrg/all/function/internal_message.html?_=1656294437556&CODE_STATE=getMsg HTTP/1.1" 200 27
58.35.194.53 - - [27/Jun/2022:09:46:47 +0800] "GET /xingrg/check_reg.html?_=1656294407220 HTTP/1.1" 200 22
58.35.194.53 - - [27/Jun/2022:09:46:48 +0800] "GET /xingrg/all/function/internal_message.html?_=1656294407224&CODE_STATE=getMsg HTTP/1.1" 200 27
101.83.144.189 - - [27/Jun/2022:09:46:49 +0800] "POST /xingrg/kc/buy/cgsh_list_operate.html HTTP/1.1" 200 1453
101.83.223.227 - - [27/Jun/2022:09:46:50 +0800] "GET /xingrg/all/function/internal_message.html?_=1656294361856&CODE_STATE=getMsg HTTP/1.1" 200 27
114.83.219.139 - - [27/Jun/2022:09:46:55 +0800] "GET /xingrg/all/function/internal_message.html?_=1656294415246&CODE_STATE=getMsg HTTP/1.1" 200 27
218.81.223.53 - - [27/Jun/2022:09:46:59 +0800] "GET /xingrg/all/function/internal_message.html?_=1656294420448&CODE_STATE=getMsg HTTP/1.1" 200 27
101.83.144.189 - - [27/Jun/2022:09:47:01 +0800] "POST /xingrg/kc/buy/cgsh_list_operate.html HTTP/1.1" 200 271
101.83.144.189 - - [27/Jun/2022:09:47:03 +0800] "GET /xingrg/kc/buy/cgsh_order_info.html?code=212022050800515 HTTP/1.1" 200 62798
101.83.144.189 - - [27/Jun/2022:09:47:03 +0800] "GET /xingrg/javascript/easyui/themes/default/validatebox.css HTTP/1.1" 404 1104
101.83.144.189 - - [27/Jun/2022:09:47:04 +0800] "POST /xingrg/kc/buy/cgsh_order_operate.html HTTP/1.1" 200 1204
58.37.225.129 - - [27/Jun/2022:09:47:10 +0800] "GET /xingrg/kc/buy/cgsh_order_operate.html?command=get_materiel&rest_code=00141&code=00101008357&supplier_code=00100007&order_time=2022-06-25 HTTP/1.1" 200 408
101.83.144.189 - - [27/Jun/2022:09:47:12 +0800] "GET /xingrg/all/function/internal_message.html?_=1656294432255&CODE_STATE=getMsg HTTP/1.1" 200 27
58.37.225.129 - - [27/Jun/2022:09:47:17 +0800] "GET /xingrg/kc/buy/cgsh_order_operate.html?command=get_materiel&rest_code=00141&code=00101008286&supplier_code=00100007&order_time=2022-06-25 HTTP/1.1" 200 408
101.83.144.189 - - [27/Jun/2022:09:47:17 +0800] "POST /xingrg/kc/buy/cgsh_list_operate.html HTTP/1.1" 200 1453
101.85.95.26 - - [27/Jun/2022:09:47:25 +0800] "GET /xingrg/all/function/internal_message.html?_=1656294445150&CODE_STATE=getMsg HTTP/1.1" 200 27
58.37.225.129 - - [27/Jun/2022:09:47:26 +0800] "GET /xingrg/all/function/internal_message.html?_=1656294157596&CODE_STATE=getMsg HTTP/1.1" 200 27
180.156.212.250 - - [27/Jun/2022:09:47:31 +0800] "GET /xingrg/all/function/internal_message.html?_=1656294449752&CODE_STATE=getMsg HTTP/1.1" 200 27
120.253.135.82 - - [27/Jun/2022:09:47:32 +0800] "GET /xingrg/all/function/internal_message.html?_=1656294261768&CODE_STATE=getMsg HTTP/1.1" 200 27
58.37.225.129 - - [27/Jun/2022:09:47:33 +0800] "GET /xingrg/kc/buy/cgsh_order_operate.html?command=get_materiel&rest_code=00141&code=00101008131&supplier_code=00100007&order_time=2022-06-25 HTTP/1.1" 200 408
222.69.144.95 - - [27/Jun/2022:09:47:37 +0800] "GET /xingrg/all/function/internal_message.html?_=1656294497550&CODE_STATE=getMsg HTTP/1.1" 200 27
101.83.144.189 - - [27/Jun/2022:09:47:40 +0800] "POST /xingrg/kc/buy/cgsh_list_operate.html HTTP/1.1" 200 693
58.37.225.129 - - [27/Jun/2022:09:47:42 +0800] "GET /xingrg/kc/buy/cgsh_order_operate.html?command=get_materiel&rest_code=00141&code=00101008352&supplier_code=00100007&order_time=2022-06-25 HTTP/1.1" 200 412
180.156.212.250 - - [27/Jun/2022:09:47:46 +0800] "GET /favicon.ico HTTP/1.1" 404 -
58.35.194.53 - - [27/Jun/2022:09:47:47 +0800] "GET /xingrg/all/function/internal_message.html?_=1656294467225&CODE_STATE=getMsg HTTP/1.1" 200 27
101.83.223.227 - - [27/Jun/2022:09:47:50 +0800] "GET /xingrg/all/function/internal_message.html?_=1656294421869&CODE_STATE=getMsg HTTP/1.1" 200 27
58.37.225.129 - - [27/Jun/2022:09:47:54 +0800] "GET /xingrg/kc/buy/cgsh_order_operate.html?command=get_materiel&rest_code=00141&code=00101008005&supplier_code=00100007&order_time=2022-06-25 HTTP/1.1" 200 412
114.83.219.139 - - [27/Jun/2022:09:47:55 +0800] "GET /xingrg/all/function/internal_message.html?_=1656294475246&CODE_STATE=getMsg HTTP/1.1" 200 27
101.83.144.189 - - [27/Jun/2022:09:47:58 +0800] "POST /xingrg/kc/buy/cgsh_list_operate.html HTTP/1.1" 200 4216
218.81.223.53 - - [27/Jun/2022:09:47:59 +0800] "GET /xingrg/all/function/internal_message.html?_=1656294480761&CODE_STATE=getMsg HTTP/1.1" 200 27
58.37.225.129 - - [27/Jun/2022:09:48:01 +0800] "GET /xingrg/kc/buy/cgsh_order_operate.html?command=get_materiel&rest_code=00141&code=00101008353&supplier_code=00100007&order_time=2022-06-25 HTTP/1.1" 200 424
58.37.225.129 - - [27/Jun/2022:09:48:12 +0800] "GET /xingrg/kc/buy/cgsh_order_operate.html?command=get_materiel&rest_code=00141&code=00101008312&supplier_code=00100007&order_time=2022-06-25 HTTP/1.1" 200 428
101.83.144.189 - - [27/Jun/2022:09:48:12 +0800] "GET /xingrg/all/function/internal_message.html?_=1656294492228&CODE_STATE=getMsg HTTP/1.1" 200 27
101.83.144.189 - - [27/Jun/2022:09:48:14 +0800] "GET /xingrg/check_reg.html?_=1656294494621 HTTP/1.1" 200 22
58.37.225.129 - - [27/Jun/2022:09:48:20 +0800] "GET /xingrg/kc/buy/cgsh_order_operate.html?command=get_materiel&rest_code=00141&code=00101008298&supplier_code=00100007&order_time=2022-06-25 HTTP/1.1" 200 413
101.85.95.26 - - [27/Jun/2022:09:48:25 +0800] "GET /xingrg/all/function/internal_message.html?_=1656294505150&CODE_STATE=getMsg HTTP/1.1" 200 27
58.37.225.129 - - [27/Jun/2022:09:48:26 +0800] "GET /xingrg/all/function/internal_message.html?_=1656294217562&CODE_STATE=getMsg HTTP/1.1" 200 27
58.37.225.129 - - [27/Jun/2022:09:48:28 +0800] "GET /xingrg/kc/buy/cgsh_order_operate.html?command=get_materiel&rest_code=00141&code=00101008004&supplier_code=00100007&order_time=2022-06-25 HTTP/1.1" 200 416
180.156.212.250 - - [27/Jun/2022:09:48:31 +0800] "GET /xingrg/all/function/internal_message.html?_=1656294509754&CODE_STATE=getMsg HTTP/1.1" 200 27
180.156.212.250 - - [27/Jun/2022:09:48:31 +0800] "GET /xingrg/check_reg.html?_=1656294509758 HTTP/1.1" 200 22
120.253.135.82 - - [27/Jun/2022:09:48:32 +0800] "GET /xingrg/check_reg.html?_=1656294321155 HTTP/1.1" 200 22
120.253.135.82 - - [27/Jun/2022:09:48:32 +0800] "GET /xingrg/all/function/internal_message.html?_=1656294321780&CODE_STATE=getMsg HTTP/1.1" 200 27
180.169.147.146 - - [27/Jun/2022:09:48:35 +0800] "GET /xingrg/all/function/internal_message.html?_=1656294516025&CODE_STATE=getMsg HTTP/1.1" 200 27
180.169.147.146 - - [27/Jun/2022:09:48:36 +0800] "POST /xingrg/kc/base/wldb_list_operate.html HTTP/1.1" 200 2990
222.69.144.95 - - [27/Jun/2022:09:48:37 +0800] "GET /xingrg/all/function/internal_message.html?_=1656294557562&CODE_STATE=getMsg HTTP/1.1" 200 27
222.69.144.95 - - [27/Jun/2022:09:48:37 +0800] "GET /xingrg/check_reg.html?_=1656294557565 HTTP/1.1" 200 22
58.37.225.129 - - [27/Jun/2022:09:48:37 +0800] "GET /xingrg/kc/buy/cgsh_order_operate.html?command=get_materiel&rest_code=00141&code=00101008173&supplier_code=00100007&order_time=2022-06-25 HTTP/1.1" 200 412
180.169.147.146 - - [27/Jun/2022:09:48:40 +0800] "POST /xingrg/all/user/operate.html HTTP/1.1" 200 36
180.169.147.146 - - [27/Jun/2022:09:48:40 +0800] "GET /xingrg/index.html?sysBaseUrl=http%3A%2F%2F180.169.147.146%3A18081%2Fxingrg%2F&costTime=42×tamp=1656293946822 HTTP/1.1" 200 17509
180.169.147.146 - - [27/Jun/2022:09:48:40 +0800] "GET /xingrg/javascript/jquery_easy_ui/themes/default/easyui.css HTTP/1.1" 304 -
180.169.147.146 - - [27/Jun/2022:09:48:40 +0800] "GET /xingrg/javascript/jquery_easy_ui/themes/icon.css HTTP/1.1" 304 -
180.169.147.146 - - [27/Jun/2022:09:48:40 +0800] "GET /xingrg/css/form.css HTTP/1.1" 304 -
180.169.147.146 - - [27/Jun/2022:09:48:40 +0800] "GET /xingrg/javascript/jquery-1.4.2.min.js HTTP/1.1" 304 -
180.169.147.146 - - [27/Jun/2022:09:48:40 +0800] "GET /xingrg/javascript/jquery_easy_ui/jquery.easyui.min.js HTTP/1.1" 304 -
180.169.147.146 - - [27/Jun/2022:09:48:40 +0800] "GET /xingrg/javascript/jquery_easy_ui/easyui-lang-zh_CN.js HTTP/1.1" 304 -
180.169.147.146 - - [27/Jun/2022:09:48:40 +0800] "GET /xingrg/javascript/jquery.form.js HTTP/1.1" 304 -
180.169.147.146 - - [27/Jun/2022:09:48:40 +0800] "GET /xingrg/javascript/jquery.utils.js HTTP/1.1" 304 -
180.169.147.146 - - [27/Jun/2022:09:48:40 +0800] "GET /xingrg/javascript/jquery.timers.js HTTP/1.1" 304 -
180.169.147.146 - - [27/Jun/2022:09:48:40 +0800] "GET /xingrg/images/blue/jxLogo.png HTTP/1.1" 304 -
180.169.147.146 - - [27/Jun/2022:09:48:40 +0800] "GET /xingrg/images/blue/navBackgound.jpg HTTP/1.1" 304 -
180.169.147.146 - - [27/Jun/2022:09:48:40 +0800] "GET /xingrg/javascript/jquery_easy_ui/themes/icons/settle_new.png HTTP/1.1" 304 -
180.169.147.146 - - [27/Jun/2022:09:48:40 +0800] "POST /xingrg/all/common/load_tree.html?tree=area_rest_tree_json&manage=1 HTTP/1.1" 200 3472
180.169.147.146 - - [27/Jun/2022:09:48:40 +0800] "GET /xingrg/all/function/internal_message.html?_=1656294520900&CODE_STATE=count HTTP/1.1" 200 11
180.169.147.146 - - [27/Jun/2022:09:48:40 +0800] "GET /xingrg/check_reg.html?_=1656294520900 HTTP/1.1" 200 22
180.169.147.146 - - [27/Jun/2022:09:48:40 +0800] "POST /xingrg/load_menu.html HTTP/1.1" 200 9959
180.169.147.146 - - [27/Jun/2022:09:48:40 +0800] "GET /xingrg/javascript/jquery_easy_ui/themes/default/images/tabs_rightarrow.png HTTP/1.1" 304 -
180.169.147.146 - - [27/Jun/2022:09:48:40 +0800] "GET /xingrg/javascript/jquery_easy_ui/themes/default/images/panel_tool_expand.gif HTTP/1.1" 304 -
180.169.147.146 - - [27/Jun/2022:09:48:40 +0800] "GET /xingrg/javascript/jquery_easy_ui/themes/default/images/panel_tool_collapse.gif HTTP/1.1" 304 -
180.169.147.146 - - [27/Jun/2022:09:48:40 +0800] "GET /xingrg/images/blue/pingpu.png HTTP/1.1" 304 -
180.169.147.146 - - [27/Jun/2022:09:48:40 +0800] "GET /xingrg/javascript/jquery_easy_ui/themes/default/images/tabs_leftarrow.png HTTP/1.1" 304 -
180.169.147.146 - - [27/Jun/2022:09:48:40 +0800] "GET /xingrg/javascript/jquery_easy_ui/themes/icons/forms_new.png HTTP/1.1" 304 -
180.169.147.146 - - [27/Jun/2022:09:48:40 +0800] "GET /xingrg/javascript/jquery_easy_ui/themes/default/images/tree_arrows.gif HTTP/1.1" 304 -
180.169.147.146 - - [27/Jun/2022:09:48:40 +0800] "GET /xingrg/javascript/jquery_easy_ui/themes/icons/setting_new.png HTTP/1.1" 304 -
180.169.147.146 - - [27/Jun/2022:09:48:40 +0800] "GET /xingrg/javascript/jquery_easy_ui/themes/icons/systemset_new.png HTTP/1.1" 304 -
180.169.147.146 - - [27/Jun/2022:09:48:40 +0800] "GET /xingrg/javascript/jquery_easy_ui/themes/icons/storage_new.png HTTP/1.1" 304 -
180.169.147.146 - - [27/Jun/2022:09:48:40 +0800] "GET /xingrg/javascript/jquery_easy_ui/themes/default/images/tree_folder.gif HTTP/1.1" 304 -
180.169.147.146 - - [27/Jun/2022:09:48:40 +0800] "GET /xingrg/javascript/jquery_easy_ui/themes/icons/checkout_new.png HTTP/1.1" 304 -
180.169.147.146 - - [27/Jun/2022:09:48:40 +0800] "GET /xingrg/javascript/jquery_easy_ui/themes/icons/search_new.png HTTP/1.1" 304 -
180.169.147.146 - - [27/Jun/2022:09:48:40 +0800] "GET /xingrg/javascript/jquery_easy_ui/themes/default/images/tree_folder_open.gif HTTP/1.1" 304 -
180.169.147.146 - - [27/Jun/2022:09:48:40 +0800] "GET /xingrg/javascript/jquery_easy_ui/themes/default/images/tree_file.gif HTTP/1.1" 304 -
180.169.147.146 - - [27/Jun/2022:09:48:43 +0800] "GET /xingrg/kc/buy/cgsh_order_list.html HTTP/1.1" 200 52292
218.81.223.53 - - [27/Jun/2022:09:48:44 +0800] "GET /xingrg/check_reg.html?_=1656294525507 HTTP/1.1" 200 22
180.169.147.146 - - [27/Jun/2022:09:48:44 +0800] "POST /xingrg/kc/buy/cgsh_list_operate.html HTTP/1.1" 200 693
218.81.223.53 - - [27/Jun/2022:09:48:47 +0800] "POST /xingrg/services/DataTransmitService HTTP/1.1" 200 524
58.35.194.53 - - [27/Jun/2022:09:48:47 +0800] "GET /xingrg/all/function/internal_message.html?_=1656294527227&CODE_STATE=getMsg HTTP/1.1" 200 27
218.81.223.53 - - [27/Jun/2022:09:48:48 +0800] "POST /xingrg/services/DataTransmitService HTTP/1.1" 200 2339
58.37.225.129 - - [27/Jun/2022:09:48:48 +0800] "GET /xingrg/kc/buy/cgsh_order_operate.html?command=get_materiel&rest_code=00141&code=00101008198&supplier_code=00100007&order_time=2022-06-25 HTTP/1.1" 200 413
58.221.95.50 - - [27/Jun/2022:09:48:48 +0800] "GET /xingrg/check_reg.html?_=1656294528613 HTTP/1.1" 302 -
101.83.223.227 - - [27/Jun/2022:09:48:50 +0800] "GET /xingrg/all/function/internal_message.html?_=1656294481885&CODE_STATE=getMsg HTTP/1.1" 200 27
180.169.147.146 - - [27/Jun/2022:09:48:51 +0800] "POST /xingrg/kc/buy/cgsh_list_operate.html HTTP/1.1" 200 4977
218.81.223.53 - - [27/Jun/2022:09:48:51 +0800] "POST /xingrg/services/DataTransmitService HTTP/1.1" 200 524
218.81.223.53 - - [27/Jun/2022:09:48:52 +0800] "POST /xingrg/services/DataTransmitService HTTP/1.1" 200 412
114.83.219.139 - - [27/Jun/2022:09:48:56 +0800] "GET /xingrg/check_reg.html?_=1656294535261 HTTP/1.1" 200 22
114.83.219.139 - - [27/Jun/2022:09:48:56 +0800] "GET /xingrg/all/function/internal_message.html?_=1656294535264&CODE_STATE=getMsg HTTP/1.1" 200 27
218.81.223.53 - - [27/Jun/2022:09:48:58 +0800] "POST /xingrg/services/DataTransmitService HTTP/1.1" 200 524
218.81.223.53 - - [27/Jun/2022:09:48:59 +0800] "POST /xingrg/services/DataTransmitService HTTP/1.1" 200 412
218.81.223.53 - - [27/Jun/2022:09:48:59 +0800] "GET /xingrg/all/function/internal_message.html?_=1656294540773&CODE_STATE=getMsg HTTP/1.1" 200 27
58.37.225.129 - - [27/Jun/2022:09:49:00 +0800] "GET /xingrg/kc/buy/cgsh_order_operate.html?command=get_materiel&rest_code=00141&code=00101008077&supplier_code=00100007&order_time=2022-06-25 HTTP/1.1" 200 416
218.81.223.53 - - [27/Jun/2022:09:49:00 +0800] "POST /xingrg/services/DataTransmitService HTTP/1.1" 200 524
218.81.223.53 - - [27/Jun/2022:09:49:00 +0800] "POST /xingrg/services/DataTransmitService HTTP/1.1" 200 412
218.81.223.53 - - [27/Jun/2022:09:49:02 +0800] "POST /xingrg/services/DataTransmitService HTTP/1.1" 200 524
58.37.225.129 - - [27/Jun/2022:09:49:03 +0800] "POST /xingrg/kc/buy/cgsh_order_operate.html HTTP/1.1" 200 2065
218.81.223.53 - - [27/Jun/2022:09:49:03 +0800] "POST /xingrg/services/DataTransmitService HTTP/1.1" 200 412
218.81.223.53 - - [27/Jun/2022:09:49:05 +0800] "POST /xingrg/services/DataTransmitService HTTP/1.1" 200 524
218.81.223.53 - - [27/Jun/2022:09:49:05 +0800] "POST /xingrg/services/DataTransmitService HTTP/1.1" 200 2339
58.37.225.129 - - [27/Jun/2022:09:49:09 +0800] "GET /xingrg/kc/buy/cgsh_order_operate.html?command=get_materiel&rest_code=00141&code=00101008175&supplier_code=00100007&order_time=2022-06-25 HTTP/1.1" 200 412
180.169.147.146 - - [27/Jun/2022:09:49:10 +0800] "GET /favicon.ico HTTP/1.1" 404 -
101.83.144.189 - - [27/Jun/2022:09:49:12 +0800] "GET /xingrg/all/function/internal_message.html?_=1656294552210&CODE_STATE=getMsg HTTP/1.1" 200 27
180.169.147.146 - - [27/Jun/2022:09:49:17 +0800] "POST /xingrg/kc/buy/cgsh_list_operate.html HTTP/1.1" 200 5094
58.37.225.129 - - [27/Jun/2022:09:49:19 +0800] "GET /xingrg/kc/buy/cgsh_order_operate.html?command=get_materiel&rest_code=00141&code=00101008302&supplier_code=00100007&order_time=2022-06-25 HTTP/1.1" 200 412
180.169.147.146 - - [27/Jun/2022:09:49:20 +0800] "GET /xingrg/javascript/jquery_tools/images/next.gif HTTP/1.1" 404 1086
180.169.147.146 - - [27/Jun/2022:09:49:20 +0800] "GET /xingrg/javascript/jquery_tools/images/prev.gif HTTP/1.1" 404 1086
101.85.95.26 - - [27/Jun/2022:09:49:25 +0800] "GET /xingrg/check_reg.html?_=1656294565149 HTTP/1.1" 200 22
101.85.95.26 - - [27/Jun/2022:09:49:25 +0800] "GET /xingrg/all/function/internal_message.html?_=1656294565152&CODE_STATE=getMsg HTTP/1.1" 200 27
58.37.225.129 - - [27/Jun/2022:09:49:26 +0800] "GET /xingrg/all/function/internal_message.html?_=1656294277568&CODE_STATE=getMsg HTTP/1.1" 200 27
218.81.223.53 - - [27/Jun/2022:09:49:29 +0800] "POST /xingrg/services/DataTransmitService HTTP/1.1" 200 524
218.81.223.53 - - [27/Jun/2022:09:49:29 +0800] "POST /xingrg/services/DataTransmitService HTTP/1.1" 200 501
218.81.223.53 - - [27/Jun/2022:09:49:30 +0800] "POST /xingrg/services/DataTransmitService HTTP/1.1" 200 524
58.37.225.129 - - [27/Jun/2022:09:49:31 +0800] "GET /xingrg/kc/buy/cgsh_order_operate.html?command=get_materiel&rest_code=00141&code=00101008219&supplier_code=00100007&order_time=2022-06-25 HTTP/1.1" 200 412
180.156.212.250 - - [27/Jun/2022:09:49:31 +0800] "GET /xingrg/all/function/internal_message.html?_=1656294569759&CODE_STATE=getMsg HTTP/1.1" 200 27
218.81.223.53 - - [27/Jun/2022:09:49:31 +0800] "POST /xingrg/services/DataTransmitService HTTP/1.1" 200 412
218.81.223.53 - - [27/Jun/2022:09:49:31 +0800] "POST /xingrg/services/DataTransmitService HTTP/1.1" 200 524
218.81.223.53 - - [27/Jun/2022:09:49:32 +0800] "POST /xingrg/services/DataTransmitService HTTP/1.1" 200 412
120.253.135.82 - - [27/Jun/2022:09:49:32 +0800] "GET /xingrg/all/function/internal_message.html?_=1656294381795&CODE_STATE=getMsg HTTP/1.1" 200 27
218.81.223.53 - - [27/Jun/2022:09:49:32 +0800] "POST /xingrg/services/DataTransmitService HTTP/1.1" 200 524
218.81.223.53 - - [27/Jun/2022:09:49:33 +0800] "POST /xingrg/services/DataTransmitService HTTP/1.1" 200 412
180.169.147.146 - - [27/Jun/2022:09:49:34 +0800] "POST /xingrg/kc/buy/cgsh_list_operate.html HTTP/1.1" 200 4326
180.169.147.146 - - [27/Jun/2022:09:49:36 +0800] "POST /xingrg/kc/buy/cgsh_list_operate.html HTTP/1.1" 200 349
222.69.144.95 - - [27/Jun/2022:09:49:37 +0800] "GET /xingrg/all/function/internal_message.html?_=1656294617553&CODE_STATE=getMsg HTTP/1.1" 200 27
218.81.223.53 - - [27/Jun/2022:09:49:38 +0800] "POST /xingrg/services/DataTransmitService HTTP/1.1" 200 524
218.81.223.53 - - [27/Jun/2022:09:49:39 +0800] "POST /xingrg/services/DataTransmitService HTTP/1.1" 200 412
218.81.223.53 - - [27/Jun/2022:09:49:40 +0800] "POST /xingrg/services/DataTransmitService HTTP/1.1" 200 524
180.169.147.146 - - [27/Jun/2022:09:49:40 +0800] "GET /xingrg/all/function/internal_message.html?_=1656294580907&CODE_STATE=getMsg HTTP/1.1" 200 27
180.169.147.146 - - [27/Jun/2022:09:49:41 +0800] "POST /xingrg/kc/buy/cgsh_list_operate.html HTTP/1.1" 200 4
218.81.223.53 - - [27/Jun/2022:09:49:41 +0800] "POST /xingrg/services/DataTransmitService HTTP/1.1" 200 412
218.81.223.53 - - [27/Jun/2022:09:49:42 +0800] "POST /xingrg/services/DataTransmitService HTTP/1.1" 200 524
58.37.225.129 - - [27/Jun/2022:09:49:42 +0800] "GET /xingrg/kc/buy/cgsh_order_operate.html?command=get_materiel&rest_code=00141&code=00101008132&supplier_code=00100007&order_time=2022-06-25 HTTP/1.1" 200 408
218.81.223.53 - - [27/Jun/2022:09:49:43 +0800] "POST /xingrg/services/DataTransmitService HTTP/1.1" 200 412
218.81.223.53 - - [27/Jun/2022:09:49:43 +0800] "POST /xingrg/services/DataTransmitService HTTP/1.1" 200 524
218.81.223.53 - - [27/Jun/2022:09:49:44 +0800] "POST /xingrg/services/DataTransmitService HTTP/1.1" 200 412
218.81.223.53 - - [27/Jun/2022:09:49:44 +0800] "POST /xingrg/services/DataTransmitService HTTP/1.1" 200 524
218.81.223.53 - - [27/Jun/2022:09:49:45 +0800] "POST /xingrg/services/DataTransmitService HTTP/1.1" 200 412
218.81.223.53 - - [27/Jun/2022:09:49:45 +0800] "POST /xingrg/services/DataTransmitService HTTP/1.1" 200 524
218.81.223.53 - - [27/Jun/2022:09:49:46 +0800] "POST /xingrg/services/DataTransmitService HTTP/1.1" 200 412
218.81.223.53 - - [27/Jun/2022:09:49:47 +0800] "POST /xingrg/services/DataTransmitService HTTP/1.1" 200 524
58.35.194.53 - - [27/Jun/2022:09:49:47 +0800] "GET /xingrg/all/function/internal_message.html?_=1656294587228&CODE_STATE=getMsg HTTP/1.1" 200 27
218.81.223.53 - - [27/Jun/2022:09:49:48 +0800] "POST /xingrg/services/DataTransmitService HTTP/1.1" 200 412
180.169.147.146 - - [27/Jun/2022:09:49:49 +0800] "POST /xingrg/kc/buy/cgsh_list_operate.html HTTP/1.1" 200 4009
218.81.223.53 - - [27/Jun/2022:09:49:49 +0800] "POST /xingrg/services/DataTransmitService HTTP/1.1" 200 524
218.81.223.53 - - [27/Jun/2022:09:49:50 +0800] "POST /xingrg/services/DataTransmitService HTTP/1.1" 200 412
218.81.223.53 - - [27/Jun/2022:09:49:50 +0800] "POST /xingrg/services/DataTransmitService HTTP/1.1" 200 524
101.83.223.227 - - [27/Jun/2022:09:49:50 +0800] "GET /xingrg/all/function/internal_message.html?_=1656294541897&CODE_STATE=getMsg HTTP/1.1" 200 27
218.81.223.53 - - [27/Jun/2022:09:49:51 +0800] "POST /xingrg/services/DataTransmitService HTTP/1.1" 200 412
218.81.223.53 - - [27/Jun/2022:09:49:51 +0800] "POST /xingrg/services/DataTransmitService HTTP/1.1" 200 524
218.81.223.53 - - [27/Jun/2022:09:49:52 +0800] "POST /xingrg/services/DataTransmitService HTTP/1.1" 200 412
58.37.225.129 - - [27/Jun/2022:09:49:52 +0800] "GET /xingrg/kc/buy/cgsh_order_operate.html?command=get_materiel&rest_code=00141&code=00101008244&supplier_code=00100007&order_time=2022-06-25 HTTP/1.1" 200 408
218.81.223.53 - - [27/Jun/2022:09:49:53 +0800] "POST /xingrg/services/DataTransmitService HTTP/1.1" 200 524
218.81.223.53 - - [27/Jun/2022:09:49:53 +0800] "POST /xingrg/services/DataTransmitService HTTP/1.1" 200 412
218.81.223.53 - - [27/Jun/2022:09:49:54 +0800] "POST /xingrg/services/DataTransmitService HTTP/1.1" 200 524
218.81.223.53 - - [27/Jun/2022:09:49:55 +0800] "POST /xingrg/services/DataTransmitService HTTP/1.1" 200 412
218.81.223.53 - - [27/Jun/2022:09:49:55 +0800] "POST /xingrg/services/DataTransmitService HTTP/1.1" 200 524
114.83.219.139 - - [27/Jun/2022:09:49:55 +0800] "GET /xingrg/all/function/internal_message.html?_=1656294595248&CODE_STATE=getMsg HTTP/1.1" 200 27
218.81.223.53 - - [27/Jun/2022:09:49:56 +0800] "POST /xingrg/services/DataTransmitService HTTP/1.1" 200 412
218.81.223.53 - - [27/Jun/2022:09:49:57 +0800] "POST /xingrg/services/DataTransmitService HTTP/1.1" 200 524
58.37.225.129 - - [27/Jun/2022:09:49:57 +0800] "POST /xingrg/kc/buy/cgsh_order_operate.html HTTP/1.1" 200 2065
218.81.223.53 - - [27/Jun/2022:09:49:57 +0800] "POST /xingrg/services/DataTransmitService HTTP/1.1" 200 412
218.81.223.53 - - [27/Jun/2022:09:49:58 +0800] "POST /xingrg/services/DataTransmitService HTTP/1.1" 200 524
218.81.223.53 - - [27/Jun/2022:09:49:58 +0800] "POST /xingrg/services/DataTransmitService HTTP/1.1" 200 412
218.81.223.53 - - [27/Jun/2022:09:49:59 +0800] "GET /xingrg/all/function/internal_message.html?_=1656294600785&CODE_STATE=getMsg HTTP/1.1" 200 27
218.81.223.53 - - [27/Jun/2022:09:50:02 +0800] "POST /xingrg/services/DataTransmitService HTTP/1.1" 200 524
218.81.223.53 - - [27/Jun/2022:09:50:03 +0800] "POST /xingrg/services/DataTransmitService HTTP/1.1" 200 412
218.81.223.53 - - [27/Jun/2022:09:50:04 +0800] "POST /xingrg/services/DataTransmitService HTTP/1.1" 200 524
218.81.223.53 - - [27/Jun/2022:09:50:04 +0800] "POST /xingrg/services/DataTransmitService HTTP/1.1" 200 412
218.81.223.53 - - [27/Jun/2022:09:50:05 +0800] "POST /xingrg/services/DataTransmitService HTTP/1.1" 200 524
218.81.223.53 - - [27/Jun/2022:09:50:06 +0800] "POST /xingrg/services/DataTransmitService HTTP/1.1" 200 412
218.81.223.53 - - [27/Jun/2022:09:50:06 +0800] "POST /xingrg/services/DataTransmitService HTTP/1.1" 200 524
218.81.223.53 - - [27/Jun/2022:09:50:07 +0800] "POST /xingrg/services/DataTransmitService HTTP/1.1" 200 412
218.81.223.53 - - [27/Jun/2022:09:50:07 +0800] "POST /xingrg/services/DataTransmitService HTTP/1.1" 200 524
218.81.223.53 - - [27/Jun/2022:09:50:08 +0800] "POST /xingrg/services/DataTransmitService HTTP/1.1" 200 412
218.81.223.53 - - [27/Jun/2022:09:50:08 +0800] "POST /xingrg/services/DataTransmitService HTTP/1.1" 200 524
58.37.225.129 - - [27/Jun/2022:09:50:09 +0800] "GET /xingrg/kc/buy/cgsh_order_operate.html?command=get_materiel&rest_code=00141&code=00101008396&supplier_code=00100007&order_time=2022-06-25 HTTP/1.1" 200 412
218.81.223.53 - - [27/Jun/2022:09:50:09 +0800] "POST /xingrg/services/DataTransmitService HTTP/1.1" 200 412
218.81.223.53 - - [27/Jun/2022:09:50:10 +0800] "POST /xingrg/services/DataTransmitService HTTP/1.1" 200 524
218.81.223.53 - - [27/Jun/2022:09:50:10 +0800] "POST /xingrg/services/DataTransmitService HTTP/1.1" 200 412
218.81.223.53 - - [27/Jun/2022:09:50:10 +0800] "POST /xingrg/services/DataTransmitService HTTP/1.1" 200 524
218.81.223.53 - - [27/Jun/2022:09:50:11 +0800] "POST /xingrg/services/DataTransmitService HTTP/1.1" 200 412
101.83.144.189 - - [27/Jun/2022:09:50:12 +0800] "GET /xingrg/all/function/internal_message.html?_=1656294612187&CODE_STATE=getMsg HTTP/1.1" 200 27
218.81.223.53 - - [27/Jun/2022:09:50:13 +0800] "POST /xingrg/services/DataTransmitService HTTP/1.1" 200 524
218.81.223.53 - - [27/Jun/2022:09:50:14 +0800] "POST /xingrg/services/DataTransmitService HTTP/1.1" 200 412
218.81.223.53 - - [27/Jun/2022:09:50:14 +0800] "POST /xingrg/services/DataTransmitService HTTP/1.1" 200 524
218.81.223.53 - - [27/Jun/2022:09:50:15 +0800] "POST /xingrg/services/DataTransmitService HTTP/1.1" 200 412
218.81.223.53 - - [27/Jun/2022:09:50:15 +0800] "POST /xingrg/services/DataTransmitService HTTP/1.1" 200 524
218.81.223.53 - - [27/Jun/2022:09:50:16 +0800] "POST /xingrg/services/DataTransmitService HTTP/1.1" 200 412
218.81.223.53 - - [27/Jun/2022:09:50:16 +0800] "POST /xingrg/services/DataTransmitService HTTP/1.1" 200 524
218.81.223.53 - - [27/Jun/2022:09:50:17 +0800] "POST /xingrg/services/DataTransmitService HTTP/1.1" 200 412
218.81.223.53 - - [27/Jun/2022:09:50:20 +0800] "POST /xingrg/services/DataTransmitService HTTP/1.1" 200 524
218.81.223.53 - - [27/Jun/2022:09:50:20 +0800] "POST /xingrg/services/DataTransmitService HTTP/1.1" 200 412
218.81.223.53 - - [27/Jun/2022:09:50:22 +0800] "POST /xingrg/services/DataTransmitService HTTP/1.1" 200 524
58.37.225.129 - - [27/Jun/2022:09:50:22 +0800] "GET /xingrg/kc/buy/cgsh_order_operate.html?command=get_materiel&rest_code=00141&code=00101008300&supplier_code=00100007&order_time=2022-06-25 HTTP/1.1" 200 412
218.81.223.53 - - [27/Jun/2022:09:50:23 +0800] "POST /xingrg/services/DataTransmitService HTTP/1.1" 200 412
218.81.223.53 - - [27/Jun/2022:09:50:24 +0800] "POST /xingrg/services/DataTransmitService HTTP/1.1" 200 524
218.81.223.53 - - [27/Jun/2022:09:50:25 +0800] "POST /xingrg/services/DataTransmitService HTTP/1.1" 200 412
101.85.95.26 - - [27/Jun/2022:09:50:25 +0800] "GET /xingrg/all/function/internal_message.html?_=1656294625152&CODE_STATE=getMsg HTTP/1.1" 200 27
218.81.223.53 - - [27/Jun/2022:09:50:25 +0800] "POST /xingrg/services/DataTransmitService HTTP/1.1" 200 524
218.81.223.53 - - [27/Jun/2022:09:50:26 +0800] "POST /xingrg/services/DataTransmitService HTTP/1.1" 200 412
58.37.225.129 - - [27/Jun/2022:09:50:26 +0800] "GET /xingrg/check_reg.html?_=1656294337573 HTTP/1.1" 200 22
58.37.225.129 - - [27/Jun/2022:09:50:26 +0800] "GET /xingrg/all/function/internal_message.html?_=1656294337574&CODE_STATE=getMsg HTTP/1.1" 200 27
180.156.212.250 - - [27/Jun/2022:09:50:31 +0800] "GET /xingrg/all/function/internal_message.html?_=1656294629761&CODE_STATE=getMsg HTTP/1.1" 200 27
58.37.225.129 - - [27/Jun/2022:09:50:31 +0800] "GET /xingrg/kc/buy/cgsh_order_operate.html?command=get_materiel&rest_code=00141&code=00101008296&supplier_code=00100007&order_time=2022-06-25 HTTP/1.1" 200 416
120.253.135.82 - - [27/Jun/2022:09:50:32 +0800] "GET /xingrg/all/function/internal_message.html?_=1656294441807&CODE_STATE=getMsg HTTP/1.1" 200 27
222.69.144.95 - - [27/Jun/2022:09:50:37 +0800] "GET /xingrg/all/function/internal_message.html?_=1656294677557&CODE_STATE=getMsg HTTP/1.1" 200 27
58.37.225.129 - - [27/Jun/2022:09:50:39 +0800] "GET /xingrg/kc/buy/cgsh_order_operate.html?command=get_materiel&rest_code=00141&code=00101008213&supplier_code=00100007&order_time=2022-06-25 HTTP/1.1" 200 412
180.169.147.146 - - [27/Jun/2022:09:50:40 +0800] "GET /xingrg/all/function/internal_message.html?_=1656294640903&CODE_STATE=getMsg HTTP/1.1" 200 27
58.35.194.53 - - [27/Jun/2022:09:50:48 +0800] "GET /xingrg/all/function/internal_message.html?_=1656294647233&CODE_STATE=getMsg HTTP/1.1" 200 27
101.83.223.227 - - [27/Jun/2022:09:50:50 +0800] "GET /xingrg/check_reg.html?_=1656294601651 HTTP/1.1" 200 22
101.83.223.227 - - [27/Jun/2022:09:50:50 +0800] "GET /xingrg/all/function/internal_message.html?_=1656294601910&CODE_STATE=getMsg HTTP/1.1" 200 27
58.37.225.129 - - [27/Jun/2022:09:50:51 +0800] "GET /xingrg/kc/buy/cgsh_order_operate.html?command=get_materiel&rest_code=00141&code=00101008403&supplier_code=00100007&order_time=2022-06-25 HTTP/1.1" 200 412
58.37.225.129 - - [27/Jun/2022:09:50:54 +0800] "POST /xingrg/kc/buy/cgsh_order_operate.html HTTP/1.1" 200 2065
180.169.147.146 - - [27/Jun/2022:09:50:54 +0800] "POST /xingrg/all/user/operate.html HTTP/1.1" 200 36
180.169.147.146 - - [27/Jun/2022:09:50:54 +0800] "GET /xingrg/index.html?sysBaseUrl=http%3A%2F%2F180.169.147.146%3A18081%2Fxingrg%2F&costTime=42×tamp=1656293946822 HTTP/1.1" 200 17503
180.169.147.146 - - [27/Jun/2022:09:50:54 +0800] "GET /xingrg/javascript/jquery_easy_ui/themes/default/easyui.css HTTP/1.1" 304 -
180.169.147.146 - - [27/Jun/2022:09:50:54 +0800] "GET /xingrg/javascript/jquery_easy_ui/themes/icon.css HTTP/1.1" 304 -
180.169.147.146 - - [27/Jun/2022:09:50:54 +0800] "GET /xingrg/css/form.css HTTP/1.1" 304 -
180.169.147.146 - - [27/Jun/2022:09:50:54 +0800] "GET /xingrg/javascript/jquery-1.4.2.min.js HTTP/1.1" 304 -
180.169.147.146 - - [27/Jun/2022:09:50:54 +0800] "GET /xingrg/javascript/jquery_easy_ui/jquery.easyui.min.js HTTP/1.1" 304 -
