180.169.147.146 - - [27/Jun/2022:13:17:46 +0800] "GET /xingrg/all/function/internal_message.html?_=1656307064125&CODE_STATE=getMsg HTTP/1.1" 200 27
58.35.194.53 - - [27/Jun/2022:13:17:48 +0800] "GET /xingrg/all/function/internal_message.html?_=1656307067219&CODE_STATE=getMsg HTTP/1.1" 200 27
180.169.147.146 - - [27/Jun/2022:13:17:48 +0800] "GET /xingrg/all/function/internal_message.html?_=1656307066541&CODE_STATE=getMsg HTTP/1.1" 200 27
180.169.147.146 - - [27/Jun/2022:13:17:53 +0800] "GET /xingrg/check_reg.html?_=1656307072912 HTTP/1.1" 200 22
180.169.147.146 - - [27/Jun/2022:13:17:53 +0800] "GET /xingrg/all/function/internal_message.html?_=1656307072915&CODE_STATE=getMsg HTTP/1.1" 200 27
180.169.147.146 - - [27/Jun/2022:13:17:57 +0800] "GET /xingrg/all/function/internal_message.html?_=1656307076274&CODE_STATE=getMsg HTTP/1.1" 200 27
101.83.144.189 - - [27/Jun/2022:13:18:07 +0800] "GET /xingrg/all/function/internal_message.html?_=1656307087369&CODE_STATE=getMsg HTTP/1.1" 200 27
114.84.82.172 - - [27/Jun/2022:13:18:08 +0800] "GET /xingrg/all/function/internal_message.html?_=1656307088225&CODE_STATE=getMsg HTTP/1.1" 200 27
101.83.144.189 - - [27/Jun/2022:13:18:13 +0800] "GET /xingrg/check_reg.html?_=1656307093934 HTTP/1.1" 200 22
101.83.223.227 - - [27/Jun/2022:13:18:14 +0800] "GET /xingrg/all/function/internal_message.html?_=1656307045455&CODE_STATE=getMsg HTTP/1.1" 200 27
180.169.147.146 - - [27/Jun/2022:13:18:16 +0800] "GET /xingrg/all/function/internal_message.html?_=1656307095759&CODE_STATE=getMsg HTTP/1.1" 200 27
116.230.110.173 - - [27/Jun/2022:13:18:19 +0800] "GET /xingrg/all/function/internal_message.html?_=1656307097516&CODE_STATE=getMsg HTTP/1.1" 200 27
101.83.223.227 - - [27/Jun/2022:13:18:20 +0800] "GET /xingrg/all/function/internal_message.html?_=1656307123485&CODE_STATE=getMsg HTTP/1.1" 200 27
101.83.144.189 - - [27/Jun/2022:13:18:22 +0800] "GET /xingrg/kc/mdqp/pssh_order_list.html HTTP/1.1" 200 17903
101.83.144.189 - - [27/Jun/2022:13:18:23 +0800] "POST /xingrg/kc/mdqp/pssh_list_operate.html HTTP/1.1" 200 5355
101.83.144.189 - - [27/Jun/2022:13:18:23 +0800] "GET /xingrg/all/function/internal_message.html?_=1656307008281&CODE_STATE=getMsg HTTP/1.1" 200 27
101.83.144.189 - - [27/Jun/2022:13:18:23 +0800] "GET /xingrg/check_reg.html?_=1656307008282 HTTP/1.1" 200 22
116.237.79.7 - - [27/Jun/2022:13:18:25 +0800] "GET /xingrg/all/function/internal_message.html?_=1656307104425&CODE_STATE=getMsg HTTP/1.1" 200 27
58.37.225.129 - - [27/Jun/2022:13:18:25 +0800] "GET /xingrg/all/function/internal_message.html?_=1656306816536&CODE_STATE=getMsg HTTP/1.1" 200 27
101.83.144.189 - - [27/Jun/2022:13:18:25 +0800] "POST /xingrg/kc/mdqp/pssh_list_operate.html HTTP/1.1" 200 262
101.83.144.189 - - [27/Jun/2022:13:18:26 +0800] "GET /xingrg/kc/mdqp/pssh_order_info.html?code=312022062600411 HTTP/1.1" 200 17295
101.83.144.189 - - [27/Jun/2022:13:18:26 +0800] "GET /xingrg/javascript/jquery_tools/jquery-1.4.2.min.js HTTP/1.1" 404 1094
101.83.144.189 - - [27/Jun/2022:13:18:26 +0800] "POST /xingrg/kc/mdqp/pssh_order_operate.html HTTP/1.1" 200 547
116.237.79.7 - - [27/Jun/2022:13:18:26 +0800] "GET /xingrg/check_reg.html?_=1656307105520 HTTP/1.1" 200 22
101.83.144.189 - - [27/Jun/2022:13:18:26 +0800] "GET /xingrg/all/common/auto_word.html?type=base&rest_code=00105&rest_code=00105 HTTP/1.1" 200 1907
101.83.144.189 - - [27/Jun/2022:13:18:26 +0800] "GET /xingrg/javascript/easyui/themes/default/validatebox.css HTTP/1.1" 404 1104
218.81.223.53 - - [27/Jun/2022:13:18:26 +0800] "GET /xingrg/all/function/internal_message.html?_=1656307108378&CODE_STATE=getMsg HTTP/1.1" 200 27
101.83.144.189 - - [27/Jun/2022:13:18:28 +0800] "POST /xingrg/all/common/load_combo.html?type=employee HTTP/1.1" 200 356
116.235.94.65 - - [27/Jun/2022:13:18:29 +0800] "GET /xingrg/all/function/internal_message.html?_=1656307290284&CODE_STATE=getMsg HTTP/1.1" 200 27
101.83.144.189 - - [27/Jun/2022:13:18:31 +0800] "POST /xingrg/kc/mdqp/pssh_order_operate.html HTTP/1.1" 200 37
101.83.144.189 - - [27/Jun/2022:13:18:32 +0800] "POST /xingrg/kc/mdqp/pssh_order_operate.html HTTP/1.1" 200 547
101.83.144.189 - - [27/Jun/2022:13:18:34 +0800] "POST /xingrg/kc/mdqp/pssh_order_operate.html HTTP/1.1" 200 37
101.83.144.189 - - [27/Jun/2022:13:18:35 +0800] "POST /xingrg/kc/mdqp/pssh_order_operate.html HTTP/1.1" 200 12
101.83.144.189 - - [27/Jun/2022:13:18:35 +0800] "GET /xingrg/kc/mdqp/pssh_order_info.html?code=312022062600411 HTTP/1.1" 200 14384
101.83.144.189 - - [27/Jun/2022:13:18:35 +0800] "GET /xingrg/javascript/jquery_tools/jquery-1.4.2.min.js HTTP/1.1" 404 1094
101.83.144.189 - - [27/Jun/2022:13:18:36 +0800] "GET /xingrg/javascript/easyui/themes/default/validatebox.css HTTP/1.1" 404 1104
101.83.144.189 - - [27/Jun/2022:13:18:36 +0800] "POST /xingrg/kc/mdqp/pssh_order_operate.html HTTP/1.1" 200 547
101.83.144.189 - - [27/Jun/2022:13:18:37 +0800] "GET /xingrg/kc/print/load_config.html?kc_code=pssh HTTP/1.1" 200 2291
101.83.144.189 - - [27/Jun/2022:13:18:37 +0800] "GET /xingrg/kc/print/load_data.html?order_code=312022062600411&kc_code=pssh&condition= HTTP/1.1" 200 678
222.69.144.95 - - [27/Jun/2022:13:18:37 +0800] "GET /xingrg/all/function/internal_message.html?_=1656307157548&CODE_STATE=getMsg HTTP/1.1" 200 27
222.69.144.95 - - [27/Jun/2022:13:18:37 +0800] "GET /xingrg/check_reg.html?_=1656307157549 HTTP/1.1" 200 22
101.83.144.189 - - [27/Jun/2022:13:18:37 +0800] "GET /xingrg/all/function/internal_message.html?_=1656307022399&CODE_STATE=getMsg HTTP/1.1" 200 27
116.232.53.60 - - [27/Jun/2022:13:18:39 +0800] "GET /xingrg/all/function/internal_message.html?_=1656307120385&CODE_STATE=getMsg HTTP/1.1" 200 27
218.81.223.53 - - [27/Jun/2022:13:18:43 +0800] "GET /xingrg/check_reg.html?_=1656307125737 HTTP/1.1" 200 22
180.169.147.146 - - [27/Jun/2022:13:18:46 +0800] "GET /xingrg/all/function/internal_message.html?_=1656307124126&CODE_STATE=getMsg HTTP/1.1" 200 27
58.35.194.53 - - [27/Jun/2022:13:18:48 +0800] "GET /xingrg/all/function/internal_message.html?_=1656307127224&CODE_STATE=getMsg HTTP/1.1" 200 27
180.169.147.146 - - [27/Jun/2022:13:18:48 +0800] "GET /xingrg/all/function/internal_message.html?_=1656307126556&CODE_STATE=getMsg HTTP/1.1" 200 27
180.169.147.146 - - [27/Jun/2022:13:18:53 +0800] "GET /xingrg/all/function/internal_message.html?_=1656307132914&CODE_STATE=getMsg HTTP/1.1" 200 27
180.169.147.146 - - [27/Jun/2022:13:18:57 +0800] "GET /xingrg/all/function/internal_message.html?_=1656307136272&CODE_STATE=getMsg HTTP/1.1" 200 27
101.83.144.189 - - [27/Jun/2022:13:19:07 +0800] "GET /xingrg/all/function/internal_message.html?_=1656307147357&CODE_STATE=getMsg HTTP/1.1" 200 27
114.84.82.172 - - [27/Jun/2022:13:19:08 +0800] "GET /xingrg/all/function/internal_message.html?_=1656307148225&CODE_STATE=getMsg HTTP/1.1" 200 27
114.84.82.172 - - [27/Jun/2022:13:19:08 +0800] "GET /xingrg/check_reg.html?_=1656307148230 HTTP/1.1" 200 22
101.83.223.227 - - [27/Jun/2022:13:19:14 +0800] "GET /xingrg/all/function/internal_message.html?_=1656307105516&CODE_STATE=getMsg HTTP/1.1" 200 27
180.169.147.146 - - [27/Jun/2022:13:19:16 +0800] "GET /xingrg/all/function/internal_message.html?_=1656307155759&CODE_STATE=getMsg HTTP/1.1" 200 27
116.230.110.173 - - [27/Jun/2022:13:19:19 +0800] "GET /xingrg/all/function/internal_message.html?_=1656307157511&CODE_STATE=getMsg HTTP/1.1" 200 27
101.83.223.227 - - [27/Jun/2022:13:19:20 +0800] "GET /xingrg/all/function/internal_message.html?_=1656307183488&CODE_STATE=getMsg HTTP/1.1" 200 27
101.83.223.227 - - [27/Jun/2022:13:19:20 +0800] "GET /xingrg/check_reg.html?_=1656307183489 HTTP/1.1" 200 22
101.83.144.189 - - [27/Jun/2022:13:19:23 +0800] "GET /xingrg/all/function/internal_message.html?_=1656307068306&CODE_STATE=getMsg HTTP/1.1" 200 27
116.237.79.7 - - [27/Jun/2022:13:19:25 +0800] "GET /xingrg/all/function/internal_message.html?_=1656307164396&CODE_STATE=getMsg HTTP/1.1" 200 27
58.37.225.129 - - [27/Jun/2022:13:19:25 +0800] "GET /xingrg/all/function/internal_message.html?_=1656306876517&CODE_STATE=getMsg HTTP/1.1" 200 27
218.81.223.53 - - [27/Jun/2022:13:19:26 +0800] "GET /xingrg/all/function/internal_message.html?_=1656307168382&CODE_STATE=getMsg HTTP/1.1" 200 27
101.83.144.189 - - [27/Jun/2022:13:19:29 +0800] "GET /xingrg/kc/mdqp/pssh_order_list.html HTTP/1.1" 200 17903
116.235.94.65 - - [27/Jun/2022:13:19:29 +0800] "GET /xingrg/all/function/internal_message.html?_=1656307350284&CODE_STATE=getMsg HTTP/1.1" 200 27
101.83.144.189 - - [27/Jun/2022:13:19:29 +0800] "POST /xingrg/kc/mdqp/pssh_list_operate.html HTTP/1.1" 200 5380
222.69.144.95 - - [27/Jun/2022:13:19:37 +0800] "GET /xingrg/all/function/internal_message.html?_=1656307217552&CODE_STATE=getMsg HTTP/1.1" 200 27
101.83.144.189 - - [27/Jun/2022:13:19:37 +0800] "GET /xingrg/all/function/internal_message.html?_=1656307082370&CODE_STATE=getMsg HTTP/1.1" 200 27
116.232.53.60 - - [27/Jun/2022:13:19:39 +0800] "GET /xingrg/all/function/internal_message.html?_=1656307180397&CODE_STATE=getMsg HTTP/1.1" 200 27
116.232.53.60 - - [27/Jun/2022:13:19:40 +0800] "GET /xingrg/check_reg.html?_=1656307180401 HTTP/1.1" 200 22
101.83.144.189 - - [27/Jun/2022:13:19:44 +0800] "POST /xingrg/kc/mdqp/pssh_list_operate.html HTTP/1.1" 200 350
101.83.144.189 - - [27/Jun/2022:13:19:45 +0800] "GET /xingrg/kc/mdqp/pssh_order_info.html?code=312022062600409 HTTP/1.1" 200 17293
101.83.144.189 - - [27/Jun/2022:13:19:45 +0800] "GET /xingrg/javascript/jquery_tools/jquery-1.4.2.min.js HTTP/1.1" 404 1094
101.83.144.189 - - [27/Jun/2022:13:19:45 +0800] "GET /xingrg/javascript/easyui/themes/default/validatebox.css HTTP/1.1" 404 1104
101.83.144.189 - - [27/Jun/2022:13:19:45 +0800] "POST /xingrg/kc/mdqp/pssh_order_operate.html HTTP/1.1" 200 1038
180.169.147.146 - - [27/Jun/2022:13:19:46 +0800] "GET /xingrg/all/function/internal_message.html?_=1656307184129&CODE_STATE=getMsg HTTP/1.1" 200 27
180.169.147.146 - - [27/Jun/2022:13:19:46 +0800] "GET /xingrg/check_reg.html?_=1656307184130 HTTP/1.1" 200 22
101.83.144.189 - - [27/Jun/2022:13:19:47 +0800] "POST /xingrg/all/common/load_combo.html?type=employee HTTP/1.1" 200 356
58.35.194.53 - - [27/Jun/2022:13:19:48 +0800] "GET /xingrg/all/function/internal_message.html?_=1656307187229&CODE_STATE=getMsg HTTP/1.1" 200 27
180.169.147.146 - - [27/Jun/2022:13:19:48 +0800] "GET /xingrg/check_reg.html?_=1656307186555 HTTP/1.1" 200 22
180.169.147.146 - - [27/Jun/2022:13:19:48 +0800] "GET /xingrg/all/function/internal_message.html?_=1656307186558&CODE_STATE=getMsg HTTP/1.1" 200 27
101.83.144.189 - - [27/Jun/2022:13:19:51 +0800] "POST /xingrg/kc/mdqp/pssh_order_operate.html HTTP/1.1" 200 37
101.83.144.189 - - [27/Jun/2022:13:19:52 +0800] "POST /xingrg/kc/mdqp/pssh_order_operate.html HTTP/1.1" 200 1038
180.169.147.146 - - [27/Jun/2022:13:19:53 +0800] "GET /xingrg/all/function/internal_message.html?_=1656307192913&CODE_STATE=getMsg HTTP/1.1" 200 27
101.83.144.189 - - [27/Jun/2022:13:19:54 +0800] "GET /xingrg/kc/mdqp/qp_main.html HTTP/1.1" 200 10633
101.83.144.189 - - [27/Jun/2022:13:19:54 +0800] "GET /xingrg/images/blue/button/qqpsd.gif HTTP/1.1" 304 -
101.83.144.189 - - [27/Jun/2022:13:19:54 +0800] "GET /xingrg/images/blue/button/pszx.gif HTTP/1.1" 304 -
101.83.144.189 - - [27/Jun/2022:13:19:54 +0800] "GET /xingrg/images/blue/button/psshd.gif HTTP/1.1" 304 -
101.83.144.189 - - [27/Jun/2022:13:19:54 +0800] "GET /xingrg/images/yd/bt.gif HTTP/1.1" 404 1040
101.83.144.189 - - [27/Jun/2022:13:19:55 +0800] "POST /xingrg/kc/mdqp/pssh_order_operate.html HTTP/1.1" 200 37
101.83.144.189 - - [27/Jun/2022:13:19:55 +0800] "POST /xingrg/kc/mdqp/pssh_order_operate.html HTTP/1.1" 200 12
120.253.135.82 - - [27/Jun/2022:13:19:55 +0800] "GET /xingrg/check_reg.html?_=1656307004551 HTTP/1.1" 200 22
101.83.144.189 - - [27/Jun/2022:13:19:55 +0800] "GET /xingrg/kc/mdqp/pssh_order_list.html HTTP/1.1" 200 17903
101.83.144.189 - - [27/Jun/2022:13:19:56 +0800] "GET /xingrg/kc/mdqp/pssh_order_info.html?code=312022062600409 HTTP/1.1" 200 14382
101.83.144.189 - - [27/Jun/2022:13:19:56 +0800] "GET /xingrg/javascript/jquery_tools/jquery-1.4.2.min.js HTTP/1.1" 404 1094
101.83.144.189 - - [27/Jun/2022:13:19:56 +0800] "POST /xingrg/kc/mdqp/pssh_list_operate.html HTTP/1.1" 200 5405
101.83.144.189 - - [27/Jun/2022:13:19:56 +0800] "POST /xingrg/kc/mdqp/pssh_order_operate.html HTTP/1.1" 200 1038
101.83.144.189 - - [27/Jun/2022:13:19:56 +0800] "GET /xingrg/javascript/easyui/themes/default/validatebox.css HTTP/1.1" 404 1104
101.83.144.189 - - [27/Jun/2022:13:19:57 +0800] "GET /xingrg/kc/print/load_data.html?order_code=312022062600409&kc_code=pssh&condition= HTTP/1.1" 200 808
180.169.147.146 - - [27/Jun/2022:13:19:57 +0800] "GET /xingrg/all/function/internal_message.html?_=1656307196272&CODE_STATE=getMsg HTTP/1.1" 200 27
101.83.144.189 - - [27/Jun/2022:13:20:07 +0800] "GET /xingrg/all/function/internal_message.html?_=1656307207335&CODE_STATE=getMsg HTTP/1.1" 200 27
114.84.82.172 - - [27/Jun/2022:13:20:08 +0800] "GET /xingrg/all/function/internal_message.html?_=1656307208230&CODE_STATE=getMsg HTTP/1.1" 200 27
101.83.144.189 - - [27/Jun/2022:13:20:08 +0800] "GET /xingrg/kc/mdqp/pssh_order_list.html HTTP/1.1" 200 17903
101.83.144.189 - - [27/Jun/2022:13:20:09 +0800] "POST /xingrg/kc/mdqp/pssh_list_operate.html HTTP/1.1" 200 5405
101.83.144.189 - - [27/Jun/2022:13:20:10 +0800] "POST /xingrg/kc/mdqp/pssh_list_operate.html HTTP/1.1" 200 382
101.83.144.189 - - [27/Jun/2022:13:20:10 +0800] "GET /xingrg/kc/mdqp/pssh_order_info.html?code=312022062600410 HTTP/1.1" 200 17293
101.83.144.189 - - [27/Jun/2022:13:20:10 +0800] "GET /xingrg/javascript/jquery_tools/jquery-1.4.2.min.js HTTP/1.1" 404 1094
101.83.144.189 - - [27/Jun/2022:13:20:11 +0800] "POST /xingrg/kc/mdqp/pssh_order_operate.html HTTP/1.1" 200 1084
101.83.144.189 - - [27/Jun/2022:13:20:11 +0800] "GET /xingrg/javascript/easyui/themes/default/validatebox.css HTTP/1.1" 404 1104
101.83.144.189 - - [27/Jun/2022:13:20:12 +0800] "POST /xingrg/all/common/load_combo.html?type=employee HTTP/1.1" 200 356
101.83.144.189 - - [27/Jun/2022:13:20:13 +0800] "POST /xingrg/kc/mdqp/pssh_list_operate.html HTTP/1.1" 200 819
101.83.144.189 - - [27/Jun/2022:13:20:13 +0800] "GET /xingrg/kc/mdqp/pssh_order_info.html?code=312022062600407 HTTP/1.1" 200 17297
101.83.144.189 - - [27/Jun/2022:13:20:13 +0800] "GET /xingrg/javascript/jquery_tools/jquery-1.4.2.min.js HTTP/1.1" 404 1094
101.83.144.189 - - [27/Jun/2022:13:20:13 +0800] "GET /xingrg/words/20220626121751_words.js HTTP/1.1" 304 -
101.83.144.189 - - [27/Jun/2022:13:20:14 +0800] "GET /xingrg/javascript/easyui/themes/icons/back_new.png HTTP/1.1" 304 -
101.83.144.189 - - [27/Jun/2022:13:20:14 +0800] "POST /xingrg/kc/mdqp/pssh_order_operate.html HTTP/1.1" 200 8582
101.83.144.189 - - [27/Jun/2022:13:20:14 +0800] "GET /xingrg/all/common/auto_word.html?type=base&rest_code=00105&rest_code=00105 HTTP/1.1" 200 1907
101.83.144.189 - - [27/Jun/2022:13:20:14 +0800] "GET /xingrg/all/common/auto_word.html?type=employee&rest_code=00105 HTTP/1.1" 200 193
101.83.144.189 - - [27/Jun/2022:13:20:14 +0800] "GET /xingrg/javascript/easyui/themes/default/validatebox.css HTTP/1.1" 404 1104
101.83.223.227 - - [27/Jun/2022:13:20:14 +0800] "GET /xingrg/all/function/internal_message.html?_=1656307165529&CODE_STATE=getMsg HTTP/1.1" 200 27
101.83.144.189 - - [27/Jun/2022:13:20:16 +0800] "POST /xingrg/kc/mdqp/pssh_order_operate.html HTTP/1.1" 200 37
180.169.147.146 - - [27/Jun/2022:13:20:16 +0800] "GET /xingrg/all/function/internal_message.html?_=1656307215753&CODE_STATE=getMsg HTTP/1.1" 200 27
101.83.144.189 - - [27/Jun/2022:13:20:16 +0800] "POST /xingrg/kc/mdqp/pssh_order_operate.html HTTP/1.1" 200 1084
101.85.37.138 - - [27/Jun/2022:13:20:18 +0800] "GET /favicon.ico HTTP/1.1" 404 -
116.230.110.173 - - [27/Jun/2022:13:20:19 +0800] "GET /xingrg/all/function/internal_message.html?_=1656307217528&CODE_STATE=getMsg HTTP/1.1" 200 27
101.83.144.189 - - [27/Jun/2022:13:20:19 +0800] "POST /xingrg/kc/mdqp/pssh_order_operate.html HTTP/1.1" 200 37
101.83.144.189 - - [27/Jun/2022:13:20:20 +0800] "POST /xingrg/kc/mdqp/pssh_order_operate.html HTTP/1.1" 200 12
101.83.223.227 - - [27/Jun/2022:13:20:20 +0800] "GET /xingrg/all/function/internal_message.html?_=1656307243491&CODE_STATE=getMsg HTTP/1.1" 200 27
114.84.82.172 - - [27/Jun/2022:13:20:22 +0800] "GET /xingrg/kc/buy/cgsh_order_add.html HTTP/1.1" 200 67807
114.84.82.172 - - [27/Jun/2022:13:20:23 +0800] "POST /xingrg/kc/buy/cgsh_order_operate.html HTTP/1.1" 200 8245
114.84.82.172 - - [27/Jun/2022:13:20:23 +0800] "GET /xingrg/javascript/easyui/themes/default/validatebox.css HTTP/1.1" 404 1104
101.83.144.189 - - [27/Jun/2022:13:20:23 +0800] "GET /xingrg/all/function/internal_message.html?_=1656307128309&CODE_STATE=getMsg HTTP/1.1" 200 27
116.237.79.7 - - [27/Jun/2022:13:20:25 +0800] "GET /xingrg/all/function/internal_message.html?_=1656307224380&CODE_STATE=getMsg HTTP/1.1" 200 27
58.37.225.129 - - [27/Jun/2022:13:20:25 +0800] "GET /xingrg/all/function/internal_message.html?_=1656306936517&CODE_STATE=getMsg HTTP/1.1" 200 27
218.81.223.53 - - [27/Jun/2022:13:20:26 +0800] "GET /xingrg/all/function/internal_message.html?_=1656307228396&CODE_STATE=getMsg HTTP/1.1" 200 27
101.83.144.189 - - [27/Jun/2022:13:20:26 +0800] "GET /xingrg/kc/mdqp/pssh_order_info.html?code=312022062600410 HTTP/1.1" 200 14382
101.83.144.189 - - [27/Jun/2022:13:20:26 +0800] "GET /xingrg/javascript/jquery_tools/jquery-1.4.2.min.js HTTP/1.1" 404 1094
101.83.144.189 - - [27/Jun/2022:13:20:27 +0800] "POST /xingrg/kc/mdqp/pssh_order_operate.html HTTP/1.1" 200 1084
101.83.144.189 - - [27/Jun/2022:13:20:27 +0800] "GET /xingrg/javascript/easyui/themes/default/validatebox.css HTTP/1.1" 404 1104
58.37.225.129 - - [27/Jun/2022:13:20:27 +0800] "GET /xingrg/check_reg.html?_=1656306938265 HTTP/1.1" 200 22
101.83.144.189 - - [27/Jun/2022:13:20:29 +0800] "GET /xingrg/kc/print/load_data.html?order_code=312022062600410&kc_code=pssh&condition= HTTP/1.1" 200 867
116.235.94.65 - - [27/Jun/2022:13:20:29 +0800] "GET /xingrg/all/function/internal_message.html?_=1656307410282&CODE_STATE=getMsg HTTP/1.1" 200 27
114.84.82.172 - - [27/Jun/2022:13:20:37 +0800] "GET /xingrg/kc/buy/cgsh_order_operate.html?command=get_materiel&rest_code=00148&code=00101008176&supplier_code=00100007&order_time=2022-06-21 HTTP/1.1" 200 413
222.69.144.95 - - [27/Jun/2022:13:20:37 +0800] "GET /xingrg/all/function/internal_message.html?_=1656307277553&CODE_STATE=getMsg HTTP/1.1" 200 27
101.83.144.189 - - [27/Jun/2022:13:20:37 +0800] "GET /xingrg/all/function/internal_message.html?_=1656307142353&CODE_STATE=getMsg HTTP/1.1" 200 27
116.232.53.60 - - [27/Jun/2022:13:20:39 +0800] "GET /xingrg/all/function/internal_message.html?_=1656307240389&CODE_STATE=getMsg HTTP/1.1" 200 27
101.83.144.189 - - [27/Jun/2022:13:20:42 +0800] "GET /xingrg/kc/mdqp/pssh_order_list.html HTTP/1.1" 200 17903
101.83.144.189 - - [27/Jun/2022:13:20:42 +0800] "POST /xingrg/kc/mdqp/pssh_list_operate.html HTTP/1.1" 200 5430
101.83.144.189 - - [27/Jun/2022:13:20:43 +0800] "POST /xingrg/kc/mdqp/pssh_list_operate.html HTTP/1.1" 200 759
101.83.144.189 - - [27/Jun/2022:13:20:44 +0800] "GET /xingrg/kc/mdqp/pssh_order_info.html?code=312022062600408 HTTP/1.1" 200 17297
101.83.144.189 - - [27/Jun/2022:13:20:44 +0800] "GET /xingrg/javascript/jquery_tools/jquery-1.4.2.min.js HTTP/1.1" 404 1094
101.83.144.189 - - [27/Jun/2022:13:20:44 +0800] "POST /xingrg/kc/mdqp/pssh_order_operate.html HTTP/1.1" 200 3134
101.83.144.189 - - [27/Jun/2022:13:20:44 +0800] "GET /xingrg/javascript/easyui/themes/default/validatebox.css HTTP/1.1" 404 1104
180.169.147.146 - - [27/Jun/2022:13:20:46 +0800] "GET /xingrg/all/function/internal_message.html?_=1656307244131&CODE_STATE=getMsg HTTP/1.1" 200 27
101.83.144.189 - - [27/Jun/2022:13:20:48 +0800] "POST /xingrg/all/common/load_combo.html?type=employee HTTP/1.1" 200 356
101.83.144.189 - - [27/Jun/2022:13:20:48 +0800] "GET /xingrg/css/images/panel_loading.gif HTTP/1.1" 304 -
58.35.194.53 - - [27/Jun/2022:13:20:48 +0800] "GET /xingrg/all/function/internal_message.html?_=1656307247232&CODE_STATE=getMsg HTTP/1.1" 200 27
180.169.147.146 - - [27/Jun/2022:13:20:48 +0800] "GET /xingrg/all/function/internal_message.html?_=1656307246555&CODE_STATE=getMsg HTTP/1.1" 200 27
114.84.82.172 - - [27/Jun/2022:13:20:52 +0800] "GET /xingrg/kc/buy/cgsh_order_operate.html?command=get_materiel&rest_code=00148&code=00101008331&supplier_code=00100007&order_time=2022-06-21 HTTP/1.1" 200 416
180.169.147.146 - - [27/Jun/2022:13:20:53 +0800] "GET /xingrg/all/function/internal_message.html?_=1656307252914&CODE_STATE=getMsg HTTP/1.1" 200 27
101.83.144.189 - - [27/Jun/2022:13:20:55 +0800] "POST /xingrg/kc/mdqp/pssh_order_operate.html HTTP/1.1" 200 37
101.83.144.189 - - [27/Jun/2022:13:20:56 +0800] "POST /xingrg/kc/mdqp/pssh_order_operate.html HTTP/1.1" 200 8582
180.169.147.146 - - [27/Jun/2022:13:20:57 +0800] "GET /xingrg/all/function/internal_message.html?_=1656307256274&CODE_STATE=getMsg HTTP/1.1" 200 27
101.83.144.189 - - [27/Jun/2022:13:21:02 +0800] "POST /xingrg/kc/mdqp/pssh_order_operate.html HTTP/1.1" 200 37
114.84.82.172 - - [27/Jun/2022:13:21:03 +0800] "GET /xingrg/kc/buy/cgsh_order_operate.html?command=get_materiel&rest_code=00148&code=00101008312&supplier_code=00100007&order_time=2022-06-21 HTTP/1.1" 200 428
101.83.144.189 - - [27/Jun/2022:13:21:03 +0800] "POST /xingrg/kc/mdqp/pssh_order_operate.html HTTP/1.1" 200 12
101.83.144.189 - - [27/Jun/2022:13:21:04 +0800] "GET /xingrg/kc/mdqp/pssh_order_info.html?code=312022062600407 HTTP/1.1" 200 14386
101.83.144.189 - - [27/Jun/2022:13:21:04 +0800] "GET /xingrg/javascript/jquery_tools/jquery-1.4.2.min.js HTTP/1.1" 404 1094
101.83.144.189 - - [27/Jun/2022:13:21:05 +0800] "GET /xingrg/javascript/easyui/themes/icons/uncheck_new.png HTTP/1.1" 304 -
101.83.144.189 - - [27/Jun/2022:13:21:05 +0800] "GET /xingrg/javascript/easyui/themes/default/validatebox.css HTTP/1.1" 404 1104
101.83.144.189 - - [27/Jun/2022:13:21:05 +0800] "POST /xingrg/kc/mdqp/pssh_order_operate.html HTTP/1.1" 200 8582
101.83.144.189 - - [27/Jun/2022:13:21:07 +0800] "GET /xingrg/all/function/internal_message.html?_=1656307267311&CODE_STATE=getMsg HTTP/1.1" 200 27
101.83.144.189 - - [27/Jun/2022:13:21:07 +0800] "GET /xingrg/kc/print/load_config.html?kc_code=pssh HTTP/1.1" 200 2291
101.83.144.189 - - [27/Jun/2022:13:21:07 +0800] "GET /xingrg/kc/print/load_data.html?order_code=312022062600407&kc_code=pssh&condition= HTTP/1.1" 200 3525
114.84.82.172 - - [27/Jun/2022:13:21:08 +0800] "GET /xingrg/all/function/internal_message.html?_=1656307268242&CODE_STATE=getMsg HTTP/1.1" 200 27
114.84.82.172 - - [27/Jun/2022:13:21:11 +0800] "GET /xingrg/kc/buy/cgsh_order_operate.html?command=get_materiel&rest_code=00148&code=00101008224&supplier_code=00100007&order_time=2022-06-21 HTTP/1.1" 200 416
101.83.223.227 - - [27/Jun/2022:13:21:12 +0800] "GET /xingrg/check_reg.html?_=1656307223522 HTTP/1.1" 200 22
101.83.223.227 - - [27/Jun/2022:13:21:14 +0800] "GET /xingrg/all/function/internal_message.html?_=1656307225542&CODE_STATE=getMsg HTTP/1.1" 200 27
180.169.147.146 - - [27/Jun/2022:13:21:16 +0800] "GET /xingrg/all/function/internal_message.html?_=1656307275753&CODE_STATE=getMsg HTTP/1.1" 200 27
116.230.110.173 - - [27/Jun/2022:13:21:19 +0800] "GET /xingrg/all/function/internal_message.html?_=1656307277523&CODE_STATE=getMsg HTTP/1.1" 200 27
101.83.223.227 - - [27/Jun/2022:13:21:20 +0800] "GET /xingrg/all/function/internal_message.html?_=1656307303494&CODE_STATE=getMsg HTTP/1.1" 200 27
101.83.144.189 - - [27/Jun/2022:13:21:20 +0800] "POST /xingrg/all/common/load_combo.html?type=employee HTTP/1.1" 200 356
101.83.144.189 - - [27/Jun/2022:13:21:23 +0800] "GET /xingrg/all/function/internal_message.html?_=1656307188309&CODE_STATE=getMsg HTTP/1.1" 200 27
101.83.144.189 - - [27/Jun/2022:13:21:24 +0800] "POST /xingrg/kc/mdqp/pssh_order_operate.html HTTP/1.1" 200 37
101.83.144.189 - - [27/Jun/2022:13:21:24 +0800] "POST /xingrg/kc/mdqp/pssh_order_operate.html HTTP/1.1" 200 3157
116.237.79.7 - - [27/Jun/2022:13:21:25 +0800] "GET /xingrg/all/function/internal_message.html?_=1656307284363&CODE_STATE=getMsg HTTP/1.1" 200 27
58.37.225.129 - - [27/Jun/2022:13:21:25 +0800] "GET /xingrg/all/function/internal_message.html?_=1656306996494&CODE_STATE=getMsg HTTP/1.1" 200 27
114.84.82.172 - - [27/Jun/2022:13:21:25 +0800] "GET /xingrg/kc/buy/cgsh_order_operate.html?command=get_materiel&rest_code=00148&code=00101008126&supplier_code=00100007&order_time=2022-06-21 HTTP/1.1" 200 412
218.81.223.53 - - [27/Jun/2022:13:21:26 +0800] "GET /xingrg/all/function/internal_message.html?_=1656307288728&CODE_STATE=getMsg HTTP/1.1" 200 27
101.83.144.189 - - [27/Jun/2022:13:21:27 +0800] "POST /xingrg/kc/mdqp/pssh_order_operate.html HTTP/1.1" 200 37
101.83.144.189 - - [27/Jun/2022:13:21:28 +0800] "POST /xingrg/kc/mdqp/pssh_order_operate.html HTTP/1.1" 200 12
101.83.144.189 - - [27/Jun/2022:13:21:28 +0800] "GET /xingrg/kc/mdqp/pssh_order_info.html?code=312022062600408 HTTP/1.1" 200 14386
101.83.144.189 - - [27/Jun/2022:13:21:28 +0800] "GET /xingrg/javascript/jquery_tools/jquery-1.4.2.min.js HTTP/1.1" 404 1094
101.83.144.189 - - [27/Jun/2022:13:21:29 +0800] "POST /xingrg/kc/mdqp/pssh_order_operate.html HTTP/1.1" 200 3157
101.83.144.189 - - [27/Jun/2022:13:21:29 +0800] "GET /xingrg/javascript/easyui/themes/default/validatebox.css HTTP/1.1" 404 1104
116.235.94.65 - - [27/Jun/2022:13:21:29 +0800] "GET /xingrg/all/function/internal_message.html?_=1656307470279&CODE_STATE=getMsg HTTP/1.1" 200 27
116.235.94.65 - - [27/Jun/2022:13:21:29 +0800] "GET /xingrg/check_reg.html?_=1656307470281 HTTP/1.1" 200 22
101.83.144.189 - - [27/Jun/2022:13:21:30 +0800] "GET /xingrg/kc/print/load_data.html?order_code=312022062600408&kc_code=pssh&condition= HTTP/1.1" 200 1518
114.84.82.172 - - [27/Jun/2022:13:21:35 +0800] "GET /xingrg/kc/buy/cgsh_order_operate.html?command=get_materiel&rest_code=00148&code=00101008087&supplier_code=00100007&order_time=2022-06-21 HTTP/1.1" 200 412
222.69.144.95 - - [27/Jun/2022:13:21:37 +0800] "GET /xingrg/all/function/internal_message.html?_=1656307337552&CODE_STATE=getMsg HTTP/1.1" 200 27
101.83.144.189 - - [27/Jun/2022:13:21:37 +0800] "GET /xingrg/all/function/internal_message.html?_=1656307202339&CODE_STATE=getMsg HTTP/1.1" 200 27
116.232.53.60 - - [27/Jun/2022:13:21:39 +0800] "GET /xingrg/all/function/internal_message.html?_=1656307300388&CODE_STATE=getMsg HTTP/1.1" 200 27
180.169.147.146 - - [27/Jun/2022:13:21:46 +0800] "GET /xingrg/all/function/internal_message.html?_=1656307304135&CODE_STATE=getMsg HTTP/1.1" 200 27
58.35.194.53 - - [27/Jun/2022:13:21:48 +0800] "GET /xingrg/check_reg.html?_=1656307307219 HTTP/1.1" 200 22
58.35.194.53 - - [27/Jun/2022:13:21:48 +0800] "GET /xingrg/all/function/internal_message.html?_=1656307307222&CODE_STATE=getMsg HTTP/1.1" 200 27
180.169.147.146 - - [27/Jun/2022:13:21:48 +0800] "GET /xingrg/all/function/internal_message.html?_=1656307306554&CODE_STATE=getMsg HTTP/1.1" 200 27
114.84.82.172 - - [27/Jun/2022:13:21:50 +0800] "GET /xingrg/kc/buy/cgsh_order_operate.html?command=get_materiel&rest_code=00148&code=00101008264&supplier_code=00100007&order_time=2022-06-21 HTTP/1.1" 200 412
180.169.147.146 - - [27/Jun/2022:13:21:53 +0800] "GET /xingrg/all/function/internal_message.html?_=1656307312914&CODE_STATE=getMsg HTTP/1.1" 200 27
114.84.82.172 - - [27/Jun/2022:13:22:02 +0800] "GET /xingrg/kc/buy/cgsh_order_operate.html?command=get_materiel&rest_code=00148&code=00101009030&supplier_code=00100007&order_time=2022-06-21 HTTP/1.1" 200 412
120.253.135.82 - - [27/Jun/2022:13:22:04 +0800] "POST /xingrg/kc/buy/cgsh_order_operate.html HTTP/1.1" 200 37
101.83.144.189 - - [27/Jun/2022:13:22:07 +0800] "GET /xingrg/all/function/internal_message.html?_=1656307327292&CODE_STATE=getMsg HTTP/1.1" 200 27
114.84.82.172 - - [27/Jun/2022:13:22:08 +0800] "GET /xingrg/all/function/internal_message.html?_=1656307328247&CODE_STATE=getMsg HTTP/1.1" 200 27
120.253.135.82 - - [27/Jun/2022:13:22:09 +0800] "POST /xingrg/kc/buy/cgsh_order_operate.html HTTP/1.1" 200 12
120.253.135.82 - - [27/Jun/2022:13:22:11 +0800] "GET /xingrg/kc/buy/cgsh_order_info.html?code=212022062703604 HTTP/1.1" 200 61774
114.84.82.172 - - [27/Jun/2022:13:22:12 +0800] "GET /xingrg/kc/buy/cgsh_order_operate.html?command=get_materiel&rest_code=00148&code=00101008212&supplier_code=00100007&order_time=2022-06-21 HTTP/1.1" 200 412
120.253.135.82 - - [27/Jun/2022:13:22:12 +0800] "GET /xingrg/javascript/easyui/themes/default/validatebox.css HTTP/1.1" 404 1104
120.253.135.82 - - [27/Jun/2022:13:22:13 +0800] "POST /xingrg/kc/buy/cgsh_order_operate.html HTTP/1.1" 200 1224
101.83.223.227 - - [27/Jun/2022:13:22:14 +0800] "GET /xingrg/all/function/internal_message.html?_=1656307285556&CODE_STATE=getMsg HTTP/1.1" 200 27
180.169.147.146 - - [27/Jun/2022:13:22:16 +0800] "GET /xingrg/all/function/internal_message.html?_=1656307335751&CODE_STATE=getMsg HTTP/1.1" 200 27
180.169.147.146 - - [27/Jun/2022:13:22:16 +0800] "GET /xingrg/check_reg.html?_=1656307335754 HTTP/1.1" 200 22
120.253.135.82 - - [27/Jun/2022:13:22:19 +0800] "GET /xingrg/kc/buy/cgsh_order_list.html HTTP/1.1" 200 52031
116.230.110.173 - - [27/Jun/2022:13:22:19 +0800] "GET /xingrg/check_reg.html?_=1656307337516 HTTP/1.1" 200 22
116.230.110.173 - - [27/Jun/2022:13:22:19 +0800] "GET /xingrg/all/function/internal_message.html?_=1656307337519&CODE_STATE=getMsg HTTP/1.1" 200 27
101.83.223.227 - - [27/Jun/2022:13:22:20 +0800] "GET /xingrg/all/function/internal_message.html?_=1656307363496&CODE_STATE=getMsg HTTP/1.1" 200 27
120.253.135.82 - - [27/Jun/2022:13:22:20 +0800] "POST /xingrg/kc/buy/cgsh_list_operate.html HTTP/1.1" 200 693
114.84.82.172 - - [27/Jun/2022:13:22:22 +0800] "GET /xingrg/kc/buy/cgsh_order_operate.html?command=get_materiel&rest_code=00148&code=00101008137&supplier_code=00100007&order_time=2022-06-21 HTTP/1.1" 200 408
101.83.144.189 - - [27/Jun/2022:13:22:23 +0800] "GET /xingrg/all/function/internal_message.html?_=1656307248308&CODE_STATE=getMsg HTTP/1.1" 200 27
120.253.135.82 - - [27/Jun/2022:13:22:23 +0800] "GET /xingrg/kc/pszx/mdqp_order_list.html?state=10 HTTP/1.1" 200 11449
120.253.135.82 - - [27/Jun/2022:13:22:23 +0800] "GET /xingrg/dwr/interface/AjaxQqpsService.js HTTP/1.1" 200 16326
120.253.135.82 - - [27/Jun/2022:13:22:24 +0800] "GET /xingrg/dwr/interface/AjaxReportQueryService.js HTTP/1.1" 200 13203
120.253.135.82 - - [27/Jun/2022:13:22:24 +0800] "GET /xingrg/dwr/engine.js HTTP/1.1" 200 43631
116.237.79.7 - - [27/Jun/2022:13:22:25 +0800] "GET /xingrg/all/function/internal_message.html?_=1656307344349&CODE_STATE=getMsg HTTP/1.1" 200 27
58.37.225.129 - - [27/Jun/2022:13:22:25 +0800] "GET /xingrg/all/function/internal_message.html?_=1656307056469&CODE_STATE=getMsg HTTP/1.1" 200 27
116.232.53.60 - - [27/Jun/2022:13:22:26 +0800] "GET /xingrg/kc/buy/buy_main.html HTTP/1.1" 200 12412
116.232.53.60 - - [27/Jun/2022:13:22:26 +0800] "GET /xingrg/css/new_ie.css HTTP/1.1" 404 1036
218.81.223.53 - - [27/Jun/2022:13:22:26 +0800] "GET /xingrg/all/function/internal_message.html?_=1656307348735&CODE_STATE=getMsg HTTP/1.1" 200 27
120.253.135.82 - - [27/Jun/2022:13:22:27 +0800] "GET /xingrg/kc/pszx/mdqp_order_info.html?code=302022062700279 HTTP/1.1" 200 13350
120.253.135.82 - - [27/Jun/2022:13:22:27 +0800] "GET /xingrg/dwr/interface/AjaxComOrderService.js HTTP/1.1" 200 18264
120.253.135.82 - - [27/Jun/2022:13:22:27 +0800] "GET /xingrg/dwr/interface/AjaxQqpsService.js HTTP/1.1" 200 16326
116.232.53.60 - - [27/Jun/2022:13:22:27 +0800] "GET /xingrg/kc/buy/cgsh_order_list.html HTTP/1.1" 200 52031
120.253.135.82 - - [27/Jun/2022:13:22:27 +0800] "GET /xingrg/dwr/engine.js HTTP/1.1" 200 43631
120.253.135.82 - - [27/Jun/2022:13:22:28 +0800] "POST /xingrg/dwr/call/plaincall/AjaxQqpsService.loadMaterielItems.dwr HTTP/1.1" 200 345
116.232.53.60 - - [27/Jun/2022:13:22:29 +0800] "POST /xingrg/kc/buy/cgsh_list_operate.html HTTP/1.1" 200 4333
116.235.94.65 - - [27/Jun/2022:13:22:29 +0800] "GET /xingrg/all/function/internal_message.html?_=1656307530280&CODE_STATE=getMsg HTTP/1.1" 200 27
120.253.135.82 - - [27/Jun/2022:13:22:31 +0800] "GET /xingrg/kc/pszx/mdqp_order_list.html?isBack=1 HTTP/1.1" 302 -
120.253.135.82 - - [27/Jun/2022:13:22:31 +0800] "GET /xingrg/kc/pszx/mdqp_order_list.html?state=10 HTTP/1.1" 200 11449
120.253.135.82 - - [27/Jun/2022:13:22:31 +0800] "GET /xingrg/dwr/interface/AjaxReportQueryService.js HTTP/1.1" 200 13203
120.253.135.82 - - [27/Jun/2022:13:22:31 +0800] "GET /xingrg/dwr/interface/AjaxQqpsService.js HTTP/1.1" 200 16326
120.253.135.82 - - [27/Jun/2022:13:22:31 +0800] "GET /xingrg/dwr/engine.js HTTP/1.1" 200 43631
116.232.53.60 - - [27/Jun/2022:13:22:31 +0800] "POST /xingrg/all/common/load_tree.html?tree=area_rest_tree_json&manage=1 HTTP/1.1" 200 342
116.232.53.60 - - [27/Jun/2022:13:22:31 +0800] "GET /xingrg/all/function/internal_message.html?_=1656307352375&CODE_STATE=count HTTP/1.1" 200 11
116.232.53.60 - - [27/Jun/2022:13:22:32 +0800] "GET /xingrg/check_reg.html?_=1656307352376 HTTP/1.1" 200 22
116.232.53.60 - - [27/Jun/2022:13:22:32 +0800] "POST /xingrg/load_menu.html HTTP/1.1" 200 5138
116.232.53.60 - - [27/Jun/2022:13:22:33 +0800] "GET /xingrg/kc/buy/buy_main.html HTTP/1.1" 200 12412
116.232.53.60 - - [27/Jun/2022:13:22:33 +0800] "GET /xingrg/css/new_ie.css HTTP/1.1" 404 1036
120.253.135.82 - - [27/Jun/2022:13:22:33 +0800] "GET /xingrg/kc/pszx/mdqp_order_info.html?code=302022062700282 HTTP/1.1" 200 13338
120.253.135.82 - - [27/Jun/2022:13:22:33 +0800] "GET /xingrg/dwr/interface/AjaxQqpsService.js HTTP/1.1" 200 16326
120.253.135.82 - - [27/Jun/2022:13:22:33 +0800] "GET /xingrg/dwr/interface/AjaxComOrderService.js HTTP/1.1" 200 18264
120.253.135.82 - - [27/Jun/2022:13:22:33 +0800] "GET /xingrg/dwr/engine.js HTTP/1.1" 200 43631
114.84.82.172 - - [27/Jun/2022:13:22:33 +0800] "GET /xingrg/kc/buy/cgsh_order_operate.html?command=get_materiel&rest_code=00148&code=00101008059&supplier_code=00100007&order_time=2022-06-21 HTTP/1.1" 200 408
116.232.53.60 - - [27/Jun/2022:13:22:34 +0800] "GET /xingrg/kc/buy/cgsh_order_list.html HTTP/1.1" 200 52031
120.253.135.82 - - [27/Jun/2022:13:22:34 +0800] "POST /xingrg/dwr/call/plaincall/AjaxQqpsService.loadMaterielItems.dwr HTTP/1.1" 200 1933
116.232.53.60 - - [27/Jun/2022:13:22:36 +0800] "POST /xingrg/kc/buy/cgsh_list_operate.html HTTP/1.1" 200 4333
222.69.144.95 - - [27/Jun/2022:13:22:37 +0800] "GET /xingrg/all/function/internal_message.html?_=1656307397554&CODE_STATE=getMsg HTTP/1.1" 200 27
101.83.144.189 - - [27/Jun/2022:13:22:37 +0800] "GET /xingrg/all/function/internal_message.html?_=1656307262309&CODE_STATE=getMsg HTTP/1.1" 200 27
101.83.144.189 - - [27/Jun/2022:13:22:39 +0800] "GET /xingrg/check_reg.html?_=1656307264059 HTTP/1.1" 200 22
116.232.53.60 - - [27/Jun/2022:13:22:43 +0800] "GET /xingrg/kc/buy/cgsh_order_add.html HTTP/1.1" 200 67889
116.232.53.60 - - [27/Jun/2022:13:22:43 +0800] "POST /xingrg/kc/buy/cgsh_order_operate.html HTTP/1.1" 200 8245
116.232.53.60 - - [27/Jun/2022:13:22:43 +0800] "GET /xingrg/all/common/auto_word.html?type=employee&rest_code=00109 HTTP/1.1" 200 255
116.232.53.60 - - [27/Jun/2022:13:22:43 +0800] "GET /xingrg/all/common/auto_word.html?type=employee&rest_code=00109 HTTP/1.1" 200 255
116.232.53.60 - - [27/Jun/2022:13:22:43 +0800] "GET /xingrg/javascript/easyui/themes/default/validatebox.css HTTP/1.1" 404 1104
120.253.135.82 - - [27/Jun/2022:13:22:44 +0800] "GET /xingrg/kc/pszx/mdqp_order_list.html?isBack=1 HTTP/1.1" 302 -
120.253.135.82 - - [27/Jun/2022:13:22:44 +0800] "GET /xingrg/kc/pszx/mdqp_order_list.html?state=10 HTTP/1.1" 200 11449
120.253.135.82 - - [27/Jun/2022:13:22:44 +0800] "GET /xingrg/dwr/interface/AjaxQqpsService.js HTTP/1.1" 200 16326
120.253.135.82 - - [27/Jun/2022:13:22:44 +0800] "GET /xingrg/dwr/interface/AjaxReportQueryService.js HTTP/1.1" 200 13203
120.253.135.82 - - [27/Jun/2022:13:22:44 +0800] "GET /xingrg/dwr/engine.js HTTP/1.1" 200 43631
180.169.147.146 - - [27/Jun/2022:13:22:46 +0800] "GET /xingrg/all/function/internal_message.html?_=1656307364120&CODE_STATE=getMsg HTTP/1.1" 200 27
114.84.82.172 - - [27/Jun/2022:13:22:46 +0800] "GET /xingrg/kc/buy/cgsh_order_operate.html?command=get_materiel&rest_code=00148&code=00101008352&supplier_code=00100007&order_time=2022-06-21 HTTP/1.1" 200 412
116.232.53.60 - - [27/Jun/2022:13:22:47 +0800] "GET /xingrg/javascript/jquery_tools/images/next.gif HTTP/1.1" 404 1086
116.232.53.60 - - [27/Jun/2022:13:22:47 +0800] "GET /xingrg/javascript/jquery_tools/images/prev.gif HTTP/1.1" 404 1086
120.253.135.82 - - [27/Jun/2022:13:22:47 +0800] "GET /xingrg/kc/pszx/mdqp_order_info.html?code=302022062700281 HTTP/1.1" 200 13338
120.253.135.82 - - [27/Jun/2022:13:22:47 +0800] "GET /xingrg/dwr/interface/AjaxComOrderService.js HTTP/1.1" 200 18264
120.253.135.82 - - [27/Jun/2022:13:22:47 +0800] "GET /xingrg/dwr/interface/AjaxQqpsService.js HTTP/1.1" 200 16326
120.253.135.82 - - [27/Jun/2022:13:22:47 +0800] "GET /xingrg/dwr/engine.js HTTP/1.1" 200 43631
58.35.194.53 - - [27/Jun/2022:13:22:48 +0800] "GET /xingrg/all/function/internal_message.html?_=1656307367222&CODE_STATE=getMsg HTTP/1.1" 200 27
180.169.147.146 - - [27/Jun/2022:13:22:48 +0800] "GET /xingrg/all/function/internal_message.html?_=1656307366561&CODE_STATE=getMsg HTTP/1.1" 200 27
120.253.135.82 - - [27/Jun/2022:13:22:48 +0800] "POST /xingrg/dwr/call/plaincall/AjaxQqpsService.loadMaterielItems.dwr HTTP/1.1" 200 6756
180.169.147.146 - - [27/Jun/2022:13:22:53 +0800] "GET /xingrg/check_reg.html?_=1656307372940 HTTP/1.1" 200 22
180.169.147.146 - - [27/Jun/2022:13:22:53 +0800] "GET /xingrg/all/function/internal_message.html?_=1656307372942&CODE_STATE=getMsg HTTP/1.1" 200 27
116.232.53.60 - - [27/Jun/2022:13:22:57 +0800] "GET /xingrg/kc/buy/cgsh_order_operate.html?command=get_materiel&rest_code=00109&code=00101006001&supplier_code=00100504&order_time=2022-06-27 HTTP/1.1" 200 442
120.253.135.82 - - [27/Jun/2022:13:22:58 +0800] "GET /xingrg/images/yd/bt.gif HTTP/1.1" 404 1040
120.253.135.82 - - [27/Jun/2022:13:22:58 +0800] "GET /xingrg/images/yd/bt2.gif HTTP/1.1" 404 1042
114.84.82.172 - - [27/Jun/2022:13:22:59 +0800] "GET /xingrg/kc/buy/cgsh_order_operate.html?command=get_materiel&rest_code=00148&code=00101008119&supplier_code=00100007&order_time=2022-06-21 HTTP/1.1" 200 412
101.83.144.189 - - [27/Jun/2022:13:23:01 +0800] "POST /xingrg/kc/mdqp/pssh_list_operate.html HTTP/1.1" 200 350
101.83.144.189 - - [27/Jun/2022:13:23:02 +0800] "GET /xingrg/kc/mdqp/pssh_order_info.html?code=312022062600409 HTTP/1.1" 200 14382
101.83.144.189 - - [27/Jun/2022:13:23:02 +0800] "GET /xingrg/javascript/jquery_tools/jquery-1.4.2.min.js HTTP/1.1" 404 1094
101.83.144.189 - - [27/Jun/2022:13:23:02 +0800] "GET /xingrg/javascript/easyui/themes/default/validatebox.css HTTP/1.1" 404 1104
101.83.144.189 - - [27/Jun/2022:13:23:02 +0800] "POST /xingrg/kc/mdqp/pssh_order_operate.html HTTP/1.1" 200 1038
116.232.53.60 - - [27/Jun/2022:13:23:06 +0800] "POST /xingrg/kc/buy/cgsh_order_operate.html HTTP/1.1" 200 37
101.83.144.189 - - [27/Jun/2022:13:23:07 +0800] "GET /xingrg/all/function/internal_message.html?_=1656307387273&CODE_STATE=getMsg HTTP/1.1" 200 27
101.83.144.189 - - [27/Jun/2022:13:23:07 +0800] "POST /xingrg/kc/mdqp/pssh_list_operate.html HTTP/1.1" 200 1583
114.84.82.172 - - [27/Jun/2022:13:23:08 +0800] "GET /xingrg/all/function/internal_message.html?_=1656307388252&CODE_STATE=getMsg HTTP/1.1" 200 27
114.84.82.172 - - [27/Jun/2022:13:23:09 +0800] "POST /xingrg/kc/buy/cgsh_order_operate.html HTTP/1.1" 200 37
116.232.53.60 - - [27/Jun/2022:13:23:09 +0800] "POST /xingrg/kc/buy/cgsh_order_operate.html HTTP/1.1" 200 2672
114.84.82.172 - - [27/Jun/2022:13:23:10 +0800] "POST /xingrg/kc/buy/cgsh_order_operate.html HTTP/1.1" 200 9777
116.232.53.60 - - [27/Jun/2022:13:23:10 +0800] "GET /xingrg/kc/print/load_config.html?kc_code=cgsh HTTP/1.1" 200 1943
116.232.53.60 - - [27/Jun/2022:13:23:10 +0800] "GET /xingrg/kc/print/load_data.html?order_code=212022062703605&kc_code=cgsh&condition= HTTP/1.1" 200 683
114.84.82.172 - - [27/Jun/2022:13:23:12 +0800] "GET /xingrg/kc/print/load_data.html?order_code=212022062703606&kc_code=cgsh&condition= HTTP/1.1" 200 3422
101.83.144.189 - - [27/Jun/2022:13:23:13 +0800] "GET /xingrg/check_reg.html?_=1656307393918 HTTP/1.1" 200 22
101.83.223.227 - - [27/Jun/2022:13:23:14 +0800] "GET /xingrg/all/function/internal_message.html?_=1656307345569&CODE_STATE=getMsg HTTP/1.1" 200 27
116.232.53.60 - - [27/Jun/2022:13:23:14 +0800] "GET /xingrg/kc/buy/cgsh_order_add.html HTTP/1.1" 200 67889
116.232.53.60 - - [27/Jun/2022:13:23:14 +0800] "POST /xingrg/kc/buy/cgsh_order_operate.html HTTP/1.1" 200 8245
116.232.53.60 - - [27/Jun/2022:13:23:14 +0800] "GET /xingrg/all/common/auto_word.html?type=employee&rest_code=00109 HTTP/1.1" 200 255
116.232.53.60 - - [27/Jun/2022:13:23:14 +0800] "GET /xingrg/all/common/auto_word.html?type=employee&rest_code=00109 HTTP/1.1" 200 255
116.232.53.60 - - [27/Jun/2022:13:23:14 +0800] "GET /xingrg/javascript/easyui/themes/default/validatebox.css HTTP/1.1" 404 1104
180.169.147.146 - - [27/Jun/2022:13:23:16 +0800] "GET /xingrg/all/function/internal_message.html?_=1656307395751&CODE_STATE=getMsg HTTP/1.1" 200 27
116.232.53.60 - - [27/Jun/2022:13:23:18 +0800] "GET /xingrg/javascript/jquery_tools/images/prev.gif HTTP/1.1" 404 1086
116.232.53.60 - - [27/Jun/2022:13:23:18 +0800] "GET /xingrg/javascript/jquery_tools/images/next.gif HTTP/1.1" 404 1086
116.230.110.173 - - [27/Jun/2022:13:23:19 +0800] "GET /xingrg/all/function/internal_message.html?_=1656307397510&CODE_STATE=getMsg HTTP/1.1" 200 27
101.83.223.227 - - [27/Jun/2022:13:23:20 +0800] "GET /xingrg/all/function/internal_message.html?_=1656307423500&CODE_STATE=getMsg HTTP/1.1" 200 27
222.70.180.114 - - [27/Jun/2022:13:23:21 +0800] "POST /xingrg/services/DataTransmitService HTTP/1.1" 200 524
120.253.135.82 - - [27/Jun/2022:13:23:23 +0800] "POST /xingrg/dwr/call/plaincall/AjaxQqpsService.psSaveMaterielItem.dwr HTTP/1.1" 200 78
101.83.144.189 - - [27/Jun/2022:13:23:23 +0800] "GET /xingrg/check_reg.html?_=1656307308311 HTTP/1.1" 200 22
101.83.144.189 - - [27/Jun/2022:13:23:23 +0800] "GET /xingrg/all/function/internal_message.html?_=1656307308312&CODE_STATE=getMsg HTTP/1.1" 200 27
116.237.79.7 - - [27/Jun/2022:13:23:25 +0800] "GET /xingrg/all/function/internal_message.html?_=1656307404360&CODE_STATE=getMsg HTTP/1.1" 200 27
58.37.225.129 - - [27/Jun/2022:13:23:25 +0800] "GET /xingrg/all/function/internal_message.html?_=1656307116443&CODE_STATE=getMsg HTTP/1.1" 200 27
120.253.135.82 - - [27/Jun/2022:13:23:26 +0800] "GET /xingrg/kc/pszx/mdqp_order_list.html?isBack=1 HTTP/1.1" 302 -
120.253.135.82 - - [27/Jun/2022:13:23:26 +0800] "GET /xingrg/kc/pszx/mdqp_order_list.html?state=10 HTTP/1.1" 200 11449
120.253.135.82 - - [27/Jun/2022:13:23:26 +0800] "GET /xingrg/dwr/interface/AjaxReportQueryService.js HTTP/1.1" 200 13203
120.253.135.82 - - [27/Jun/2022:13:23:26 +0800] "GET /xingrg/dwr/interface/AjaxQqpsService.js HTTP/1.1" 200 16326
120.253.135.82 - - [27/Jun/2022:13:23:26 +0800] "GET /xingrg/dwr/engine.js HTTP/1.1" 200 43631
116.237.79.7 - - [27/Jun/2022:13:23:26 +0800] "GET /xingrg/check_reg.html?_=1656307405549 HTTP/1.1" 200 22
218.81.223.53 - - [27/Jun/2022:13:23:27 +0800] "GET /xingrg/all/function/internal_message.html?_=1656307409045&CODE_STATE=getMsg HTTP/1.1" 200 27
116.232.53.60 - - [27/Jun/2022:13:23:27 +0800] "GET /xingrg/kc/buy/cgsh_order_operate.html?command=get_materiel&rest_code=00109&code=00101005039&supplier_code=00100316&order_time=2022-06-27 HTTP/1.1" 200 419
116.235.94.65 - - [27/Jun/2022:13:23:29 +0800] "GET /xingrg/all/function/internal_message.html?_=1656307590279&CODE_STATE=getMsg HTTP/1.1" 200 27
116.232.53.60 - - [27/Jun/2022:13:23:31 +0800] "GET /xingrg/all/function/internal_message.html?_=1656307412391&CODE_STATE=getMsg HTTP/1.1" 200 27
222.69.144.95 - - [27/Jun/2022:13:23:37 +0800] "GET /xingrg/check_reg.html?_=1656307457545 HTTP/1.1" 200 22
222.69.144.95 - - [27/Jun/2022:13:23:37 +0800] "GET /xingrg/all/function/internal_message.html?_=1656307457546&CODE_STATE=getMsg HTTP/1.1" 200 27
101.83.144.189 - - [27/Jun/2022:13:23:37 +0800] "GET /xingrg/all/function/internal_message.html?_=1656307322281&CODE_STATE=getMsg HTTP/1.1" 200 27
116.232.53.60 - - [27/Jun/2022:13:23:42 +0800] "POST /xingrg/kc/buy/cgsh_order_operate.html HTTP/1.1" 200 37
218.81.223.53 - - [27/Jun/2022:13:23:43 +0800] "GET /xingrg/check_reg.html?_=1656307425741 HTTP/1.1" 200 22
116.232.53.60 - - [27/Jun/2022:13:23:44 +0800] "POST /xingrg/kc/buy/cgsh_order_operate.html HTTP/1.1" 200 2666
116.232.53.60 - - [27/Jun/2022:13:23:45 +0800] "GET /xingrg/kc/print/load_config.html?kc_code=cgsh HTTP/1.1" 200 1943
116.232.53.60 - - [27/Jun/2022:13:23:45 +0800] "GET /xingrg/kc/print/load_data.html?order_code=212022062703607&kc_code=cgsh&condition= HTTP/1.1" 200 674
180.169.147.146 - - [27/Jun/2022:13:23:46 +0800] "GET /xingrg/all/function/internal_message.html?_=1656307424121&CODE_STATE=getMsg HTTP/1.1" 200 27
58.35.194.53 - - [27/Jun/2022:13:23:48 +0800] "GET /xingrg/all/function/internal_message.html?_=1656307427226&CODE_STATE=getMsg HTTP/1.1" 200 27
180.169.147.146 - - [27/Jun/2022:13:23:48 +0800] "GET /xingrg/all/function/internal_message.html?_=1656307426563&CODE_STATE=getMsg HTTP/1.1" 200 27
116.232.53.60 - - [27/Jun/2022:13:23:48 +0800] "GET /xingrg/kc/buy/cgsh_order_add.html HTTP/1.1" 200 67889
116.232.53.60 - - [27/Jun/2022:13:23:48 +0800] "POST /xingrg/kc/buy/cgsh_order_operate.html HTTP/1.1" 200 8245
116.232.53.60 - - [27/Jun/2022:13:23:48 +0800] "GET /xingrg/all/common/auto_word.html?type=employee&rest_code=00109 HTTP/1.1" 200 255
116.232.53.60 - - [27/Jun/2022:13:23:48 +0800] "GET /xingrg/all/common/auto_word.html?type=employee&rest_code=00109 HTTP/1.1" 200 255
116.232.53.60 - - [27/Jun/2022:13:23:48 +0800] "GET /xingrg/javascript/easyui/themes/default/validatebox.css HTTP/1.1" 404 1104
116.232.53.60 - - [27/Jun/2022:13:23:51 +0800] "GET /xingrg/javascript/jquery_tools/images/prev.gif HTTP/1.1" 404 1086
116.232.53.60 - - [27/Jun/2022:13:23:51 +0800] "GET /xingrg/javascript/jquery_tools/images/next.gif HTTP/1.1" 404 1086
180.169.147.146 - - [27/Jun/2022:13:23:53 +0800] "GET /xingrg/all/function/internal_message.html?_=1656307432943&CODE_STATE=getMsg HTTP/1.1" 200 27
116.232.53.60 - - [27/Jun/2022:13:23:58 +0800] "GET /xingrg/kc/buy/cgsh_order_operate.html?command=get_materiel&rest_code=00109&code=00101020133&supplier_code=00100485&order_time=2022-06-27 HTTP/1.1" 200 432
101.83.144.189 - - [27/Jun/2022:13:23:59 +0800] "GET /xingrg/kc/buy/cgsh_order_list.html HTTP/1.1" 200 52031
101.83.144.189 - - [27/Jun/2022:13:24:01 +0800] "POST /xingrg/kc/buy/cgsh_list_operate.html HTTP/1.1" 200 2678
101.83.144.189 - - [27/Jun/2022:13:24:07 +0800] "GET /xingrg/all/function/internal_message.html?_=1656307447257&CODE_STATE=getMsg HTTP/1.1" 200 27
114.84.82.172 - - [27/Jun/2022:13:24:08 +0800] "GET /xingrg/check_reg.html?_=1656307448258 HTTP/1.1" 200 22
114.84.82.172 - - [27/Jun/2022:13:24:08 +0800] "GET /xingrg/all/function/internal_message.html?_=1656307448261&CODE_STATE=getMsg HTTP/1.1" 200 27
116.232.53.60 - - [27/Jun/2022:13:24:10 +0800] "POST /xingrg/kc/buy/cgsh_order_operate.html HTTP/1.1" 200 37
116.232.53.60 - - [27/Jun/2022:13:24:11 +0800] "POST /xingrg/kc/buy/cgsh_order_operate.html HTTP/1.1" 200 2660
101.83.144.189 - - [27/Jun/2022:13:24:11 +0800] "POST /xingrg/kc/buy/cgsh_list_operate.html HTTP/1.1" 200 2678
116.232.53.60 - - [27/Jun/2022:13:24:12 +0800] "GET /xingrg/kc/print/load_config.html?kc_code=cgsh HTTP/1.1" 200 1943
116.232.53.60 - - [27/Jun/2022:13:24:12 +0800] "GET /xingrg/kc/print/load_data.html?order_code=212022062703608&kc_code=cgsh&condition= HTTP/1.1" 200 651
101.83.144.189 - - [27/Jun/2022:13:24:13 +0800] "GET /xingrg/kc/buy/cgsh_order_list.html HTTP/1.1" 200 52031
101.83.223.227 - - [27/Jun/2022:13:24:14 +0800] "GET /xingrg/all/function/internal_message.html?_=1656307405625&CODE_STATE=getMsg HTTP/1.1" 200 27
101.83.144.189 - - [27/Jun/2022:13:24:15 +0800] "POST /xingrg/kc/buy/cgsh_list_operate.html HTTP/1.1" 200 2678
180.169.147.146 - - [27/Jun/2022:13:24:16 +0800] "GET /xingrg/all/function/internal_message.html?_=1656307455770&CODE_STATE=getMsg HTTP/1.1" 200 27
116.232.53.60 - - [27/Jun/2022:13:24:16 +0800] "GET /xingrg/kc/buy/cgsh_order_add.html HTTP/1.1" 200 67889
116.232.53.60 - - [27/Jun/2022:13:24:16 +0800] "POST /xingrg/kc/buy/cgsh_order_operate.html HTTP/1.1" 200 8245
116.232.53.60 - - [27/Jun/2022:13:24:16 +0800] "GET /xingrg/all/common/auto_word.html?type=employee&rest_code=00109 HTTP/1.1" 200 255
116.232.53.60 - - [27/Jun/2022:13:24:16 +0800] "GET /xingrg/all/common/auto_word.html?type=employee&rest_code=00109 HTTP/1.1" 200 255
116.232.53.60 - - [27/Jun/2022:13:24:16 +0800] "GET /xingrg/javascript/easyui/themes/default/validatebox.css HTTP/1.1" 404 1104
116.232.53.60 - - [27/Jun/2022:13:24:19 +0800] "GET /xingrg/javascript/jquery_tools/images/prev.gif HTTP/1.1" 404 1086
116.232.53.60 - - [27/Jun/2022:13:24:19 +0800] "GET /xingrg/javascript/jquery_tools/images/next.gif HTTP/1.1" 404 1086
116.230.110.173 - - [27/Jun/2022:13:24:19 +0800] "GET /xingrg/all/function/internal_message.html?_=1656307457520&CODE_STATE=getMsg HTTP/1.1" 200 27
101.83.223.227 - - [27/Jun/2022:13:24:20 +0800] "GET /xingrg/check_reg.html?_=1656307483487 HTTP/1.1" 200 22
101.83.223.227 - - [27/Jun/2022:13:24:20 +0800] "GET /xingrg/all/function/internal_message.html?_=1656307483494&CODE_STATE=getMsg HTTP/1.1" 200 27
101.83.144.189 - - [27/Jun/2022:13:24:23 +0800] "GET /xingrg/all/function/internal_message.html?_=1656307368311&CODE_STATE=getMsg HTTP/1.1" 200 27
116.237.79.7 - - [27/Jun/2022:13:24:25 +0800] "GET /xingrg/all/function/internal_message.html?_=1656307464330&CODE_STATE=getMsg HTTP/1.1" 200 27
58.37.225.129 - - [27/Jun/2022:13:24:25 +0800] "GET /xingrg/all/function/internal_message.html?_=1656307176413&CODE_STATE=getMsg HTTP/1.1" 200 27
218.81.223.53 - - [27/Jun/2022:13:24:27 +0800] "GET /xingrg/all/function/internal_message.html?_=1656307469059&CODE_STATE=getMsg HTTP/1.1" 200 27
