222.69.144.95 - - [27/Jun/2022:10:23:37 +0800] "GET /xingrg/check_reg.html?_=1656296657550 HTTP/1.1" 200 22
101.83.144.189 - - [27/Jun/2022:10:23:39 +0800] "GET /xingrg/all/function/internal_message.html?_=1656296523893&CODE_STATE=getMsg HTTP/1.1" 200 27
218.81.223.53 - - [27/Jun/2022:10:23:44 +0800] "GET /xingrg/check_reg.html?_=1656296625538 HTTP/1.1" 200 22
58.35.194.53 - - [27/Jun/2022:10:23:48 +0800] "GET /xingrg/all/function/internal_message.html?_=1656296627223&CODE_STATE=getMsg HTTP/1.1" 200 27
58.221.95.50 - - [27/Jun/2022:10:23:48 +0800] "GET /xingrg/check_reg.html?_=1656296628566 HTTP/1.1" 302 -
114.83.219.139 - - [27/Jun/2022:10:23:56 +0800] "GET /xingrg/check_reg.html?_=1656296635368 HTTP/1.1" 200 22
114.83.219.139 - - [27/Jun/2022:10:23:56 +0800] "GET /xingrg/all/function/internal_message.html?_=1656296635373&CODE_STATE=getMsg HTTP/1.1" 200 27
180.169.147.146 - - [27/Jun/2022:10:24:01 +0800] "GET /xingrg/all/function/internal_message.html?_=1656296640088&CODE_STATE=getMsg HTTP/1.1" 200 27
218.81.223.53 - - [27/Jun/2022:10:24:04 +0800] "GET /xingrg/all/function/internal_message.html?_=1656296645491&CODE_STATE=getMsg HTTP/1.1" 200 27
114.83.219.139 - - [27/Jun/2022:10:24:06 +0800] "GET /xingrg/kc/buy/cgsh_order_operate.html?command=get_materiel&rest_code=00149&code=00101008198&supplier_code=00100005&order_time=2022-06-27 HTTP/1.1" 200 413
101.83.223.227 - - [27/Jun/2022:10:24:11 +0800] "GET /xingrg/check_reg.html?_=1656296602253 HTTP/1.1" 200 22
101.83.223.227 - - [27/Jun/2022:10:24:11 +0800] "GET /xingrg/all/function/internal_message.html?_=1656296602405&CODE_STATE=getMsg HTTP/1.1" 200 27
101.83.144.189 - - [27/Jun/2022:10:24:11 +0800] "GET /xingrg/all/function/internal_message.html?_=1656296651428&CODE_STATE=getMsg HTTP/1.1" 200 27
101.83.223.227 - - [27/Jun/2022:10:24:14 +0800] "POST /xingrg/all/user/operate.html HTTP/1.1" 200 36
101.83.223.227 - - [27/Jun/2022:10:24:15 +0800] "GET /xingrg/index.html?sysBaseUrl=http%3A%2F%2F180.169.147.146%3A18081%2Fxingrg%2F&costTime=43×tamp=1656293745881 HTTP/1.1" 200 17179
101.83.223.227 - - [27/Jun/2022:10:24:15 +0800] "GET /xingrg/javascript/jquery_easy_ui/themes/default/easyui.css HTTP/1.1" 304 -
101.83.223.227 - - [27/Jun/2022:10:24:15 +0800] "GET /xingrg/javascript/jquery_easy_ui/themes/icon.css HTTP/1.1" 304 -
101.83.223.227 - - [27/Jun/2022:10:24:15 +0800] "GET /xingrg/css/form.css HTTP/1.1" 304 -
101.83.223.227 - - [27/Jun/2022:10:24:15 +0800] "GET /xingrg/javascript/jquery-1.4.2.min.js HTTP/1.1" 304 -
101.83.223.227 - - [27/Jun/2022:10:24:15 +0800] "GET /xingrg/javascript/jquery_easy_ui/jquery.easyui.min.js HTTP/1.1" 304 -
101.83.223.227 - - [27/Jun/2022:10:24:15 +0800] "GET /xingrg/javascript/jquery_easy_ui/easyui-lang-zh_CN.js HTTP/1.1" 304 -
101.83.223.227 - - [27/Jun/2022:10:24:15 +0800] "GET /xingrg/javascript/jquery.form.js HTTP/1.1" 304 -
101.83.223.227 - - [27/Jun/2022:10:24:15 +0800] "GET /xingrg/javascript/jquery.utils.js HTTP/1.1" 304 -
101.83.223.227 - - [27/Jun/2022:10:24:15 +0800] "GET /xingrg/javascript/jquery.timers.js HTTP/1.1" 304 -
101.83.223.227 - - [27/Jun/2022:10:24:15 +0800] "GET /xingrg/images/blue/jxLogo.png HTTP/1.1" 304 -
101.83.223.227 - - [27/Jun/2022:10:24:15 +0800] "GET /xingrg/images/blue/navBackgound.jpg HTTP/1.1" 304 -
101.83.223.227 - - [27/Jun/2022:10:24:15 +0800] "GET /xingrg/javascript/jquery_easy_ui/themes/icons/settle_new.png HTTP/1.1" 304 -
101.83.223.227 - - [27/Jun/2022:10:24:15 +0800] "POST /xingrg/all/common/load_tree.html?tree=area_rest_tree_json&manage=1 HTTP/1.1" 200 476
101.83.223.227 - - [27/Jun/2022:10:24:15 +0800] "GET /xingrg/images/blue/pingpu.png HTTP/1.1" 304 -
101.83.223.227 - - [27/Jun/2022:10:24:15 +0800] "GET /xingrg/javascript/jquery_easy_ui/themes/default/images/tabs_leftarrow.png HTTP/1.1" 304 -
101.83.223.227 - - [27/Jun/2022:10:24:15 +0800] "GET /xingrg/javascript/jquery_easy_ui/themes/default/images/panel_tool_collapse.gif HTTP/1.1" 304 -
101.83.223.227 - - [27/Jun/2022:10:24:15 +0800] "GET /xingrg/all/function/internal_message.html?_=1656296606621&CODE_STATE=count HTTP/1.1" 200 11
101.83.223.227 - - [27/Jun/2022:10:24:15 +0800] "GET /xingrg/check_reg.html?_=1656296606621 HTTP/1.1" 200 22
101.83.223.227 - - [27/Jun/2022:10:24:15 +0800] "GET /xingrg/javascript/jquery_easy_ui/themes/default/images/tabs_rightarrow.png HTTP/1.1" 304 -
101.83.223.227 - - [27/Jun/2022:10:24:15 +0800] "POST /xingrg/load_menu.html HTTP/1.1" 200 5138
101.83.223.227 - - [27/Jun/2022:10:24:15 +0800] "GET /xingrg/javascript/jquery_easy_ui/themes/default/images/tree_arrows.gif HTTP/1.1" 304 -
101.83.223.227 - - [27/Jun/2022:10:24:15 +0800] "GET /xingrg/javascript/jquery_easy_ui/themes/default/images/tree_folder_open.gif HTTP/1.1" 304 -
101.83.223.227 - - [27/Jun/2022:10:24:15 +0800] "GET /xingrg/javascript/jquery_easy_ui/themes/default/images/tree_folder.gif HTTP/1.1" 304 -
101.83.223.227 - - [27/Jun/2022:10:24:15 +0800] "GET /xingrg/javascript/jquery_easy_ui/themes/icons/search_new.png HTTP/1.1" 304 -
101.83.223.227 - - [27/Jun/2022:10:24:15 +0800] "GET /xingrg/javascript/jquery_easy_ui/themes/icons/storage_new.png HTTP/1.1" 304 -
101.83.223.227 - - [27/Jun/2022:10:24:15 +0800] "GET /xingrg/javascript/jquery_easy_ui/themes/default/images/tree_file.gif HTTP/1.1" 304 -
101.83.223.227 - - [27/Jun/2022:10:24:15 +0800] "GET /xingrg/javascript/jquery_easy_ui/themes/icons/forms_new.png HTTP/1.1" 304 -
58.37.225.129 - - [27/Jun/2022:10:24:16 +0800] "GET /xingrg/kc/buy/cgsh_order_operate.html?command=get_materiel&rest_code=00141&code=00101006101&supplier_code=00100329&order_time=2022-06-25 HTTP/1.1" 200 419
101.83.223.227 - - [27/Jun/2022:10:24:19 +0800] "GET /xingrg/kc/buy/cgsh_order_list.html HTTP/1.1" 200 52037
114.83.219.139 - - [27/Jun/2022:10:24:20 +0800] "GET /xingrg/kc/buy/cgsh_order_operate.html?command=get_materiel&rest_code=00149&code=00101008357&supplier_code=00100005&order_time=2022-06-27 HTTP/1.1" 200 408
101.83.223.227 - - [27/Jun/2022:10:24:21 +0800] "POST /xingrg/kc/buy/cgsh_list_operate.html HTTP/1.1" 200 1467
58.37.225.129 - - [27/Jun/2022:10:24:24 +0800] "GET /xingrg/kc/buy/cgsh_order_operate.html?command=get_materiel&rest_code=00141&code=00101010594&supplier_code=00100329&order_time=2022-06-25 HTTP/1.1" 200 428
101.85.95.26 - - [27/Jun/2022:10:24:25 +0800] "GET /xingrg/check_reg.html?_=1656296665203 HTTP/1.1" 200 22
101.85.95.26 - - [27/Jun/2022:10:24:25 +0800] "GET /xingrg/all/function/internal_message.html?_=1656296665206&CODE_STATE=getMsg HTTP/1.1" 200 27
58.37.225.129 - - [27/Jun/2022:10:24:26 +0800] "GET /xingrg/all/function/internal_message.html?_=1656296377689&CODE_STATE=getMsg HTTP/1.1" 200 27
116.235.94.65 - - [27/Jun/2022:10:24:29 +0800] "GET /xingrg/all/function/internal_message.html?_=1656296850129&CODE_STATE=getMsg HTTP/1.1" 200 27
180.156.212.250 - - [27/Jun/2022:10:24:31 +0800] "GET /xingrg/all/function/internal_message.html?_=1656296669766&CODE_STATE=getMsg HTTP/1.1" 200 27
101.83.223.227 - - [27/Jun/2022:10:24:33 +0800] "POST /xingrg/kc/buy/cgsh_list_operate.html HTTP/1.1" 200 571
120.253.135.82 - - [27/Jun/2022:10:24:34 +0800] "GET /xingrg/all/function/internal_message.html?_=1656296483159&CODE_STATE=getMsg HTTP/1.1" 200 27
114.83.219.139 - - [27/Jun/2022:10:24:35 +0800] "POST /xingrg/kc/buy/cgsh_order_operate.html HTTP/1.1" 200 2065
101.83.223.227 - - [27/Jun/2022:10:24:36 +0800] "GET /xingrg/kc/buy/cgsh_order_info.html?code=212022062703513 HTTP/1.1" 200 67752
101.83.223.227 - - [27/Jun/2022:10:24:37 +0800] "GET /xingrg/javascript/easyui/themes/default/validatebox.css HTTP/1.1" 404 1104
222.69.144.95 - - [27/Jun/2022:10:24:37 +0800] "GET /xingrg/all/function/internal_message.html?_=1656296717550&CODE_STATE=getMsg HTTP/1.1" 200 27
101.83.223.227 - - [27/Jun/2022:10:24:37 +0800] "POST /xingrg/kc/buy/cgsh_order_operate.html HTTP/1.1" 200 21008
101.83.144.189 - - [27/Jun/2022:10:24:39 +0800] "GET /xingrg/all/function/internal_message.html?_=1656296583878&CODE_STATE=getMsg HTTP/1.1" 200 27
58.35.194.53 - - [27/Jun/2022:10:24:48 +0800] "GET /xingrg/all/function/internal_message.html?_=1656296687224&CODE_STATE=getMsg HTTP/1.1" 200 27
114.83.219.139 - - [27/Jun/2022:10:24:56 +0800] "GET /xingrg/all/function/internal_message.html?_=1656296695416&CODE_STATE=getMsg HTTP/1.1" 200 27
101.83.223.227 - - [27/Jun/2022:10:25:00 +0800] "POST /xingrg/kc/buy/cgsh_order_operate.html HTTP/1.1" 200 37
180.169.147.146 - - [27/Jun/2022:10:25:01 +0800] "GET /xingrg/all/function/internal_message.html?_=1656296700086&CODE_STATE=getMsg HTTP/1.1" 200 27
101.83.223.227 - - [27/Jun/2022:10:25:02 +0800] "POST /xingrg/kc/buy/cgsh_order_operate.html HTTP/1.1" 200 19820
218.81.223.53 - - [27/Jun/2022:10:25:04 +0800] "GET /xingrg/all/function/internal_message.html?_=1656296705504&CODE_STATE=getMsg HTTP/1.1" 200 27
114.83.219.139 - - [27/Jun/2022:10:25:06 +0800] "GET /xingrg/kc/buy/cgsh_order_operate.html?command=get_materiel&rest_code=00149&code=00101008356&supplier_code=00100005&order_time=2022-06-27 HTTP/1.1" 200 408
101.83.144.189 - - [27/Jun/2022:10:25:11 +0800] "GET /xingrg/all/function/internal_message.html?_=1656296711403&CODE_STATE=getMsg HTTP/1.1" 200 27
114.83.219.139 - - [27/Jun/2022:10:25:14 +0800] "GET /xingrg/kc/buy/cgsh_order_operate.html?command=get_materiel&rest_code=00149&code=00101008286&supplier_code=00100005&order_time=2022-06-27 HTTP/1.1" 200 408
101.83.223.227 - - [27/Jun/2022:10:25:15 +0800] "GET /xingrg/all/function/internal_message.html?_=1656296666631&CODE_STATE=getMsg HTTP/1.1" 200 27
101.85.95.26 - - [27/Jun/2022:10:25:25 +0800] "GET /xingrg/all/function/internal_message.html?_=1656296725206&CODE_STATE=getMsg HTTP/1.1" 200 27
58.37.225.129 - - [27/Jun/2022:10:25:26 +0800] "GET /xingrg/check_reg.html?_=1656296437698 HTTP/1.1" 200 22
58.37.225.129 - - [27/Jun/2022:10:25:26 +0800] "GET /xingrg/all/function/internal_message.html?_=1656296437700&CODE_STATE=getMsg HTTP/1.1" 200 27
114.83.219.139 - - [27/Jun/2022:10:25:27 +0800] "GET /xingrg/kc/buy/cgsh_order_operate.html?command=get_materiel&rest_code=00149&code=00101008036&supplier_code=00100005&order_time=2022-06-27 HTTP/1.1" 200 423
116.235.94.65 - - [27/Jun/2022:10:25:29 +0800] "GET /xingrg/all/function/internal_message.html?_=1656296910128&CODE_STATE=getMsg HTTP/1.1" 200 27
180.156.212.250 - - [27/Jun/2022:10:25:31 +0800] "GET /xingrg/all/function/internal_message.html?_=1656296729767&CODE_STATE=getMsg HTTP/1.1" 200 27
120.253.135.82 - - [27/Jun/2022:10:25:34 +0800] "GET /xingrg/all/function/internal_message.html?_=1656296543266&CODE_STATE=getMsg HTTP/1.1" 200 27
222.69.144.95 - - [27/Jun/2022:10:25:37 +0800] "GET /xingrg/all/function/internal_message.html?_=1656296777564&CODE_STATE=getMsg HTTP/1.1" 200 27
101.83.144.189 - - [27/Jun/2022:10:25:39 +0800] "GET /xingrg/all/function/internal_message.html?_=1656296643887&CODE_STATE=getMsg HTTP/1.1" 200 27
58.35.194.53 - - [27/Jun/2022:10:25:48 +0800] "GET /xingrg/all/function/internal_message.html?_=1656296747225&CODE_STATE=getMsg HTTP/1.1" 200 27
114.83.219.139 - - [27/Jun/2022:10:25:56 +0800] "GET /xingrg/all/function/internal_message.html?_=1656296755393&CODE_STATE=getMsg HTTP/1.1" 200 27
180.169.147.146 - - [27/Jun/2022:10:26:01 +0800] "GET /xingrg/all/function/internal_message.html?_=1656296760084&CODE_STATE=getMsg HTTP/1.1" 200 27
218.81.223.53 - - [27/Jun/2022:10:26:04 +0800] "GET /xingrg/all/function/internal_message.html?_=1656296765816&CODE_STATE=getMsg HTTP/1.1" 200 27
114.83.219.139 - - [27/Jun/2022:10:26:06 +0800] "GET /xingrg/kc/buy/cgsh_order_operate.html?command=get_materiel&rest_code=00149&code=00101008131&supplier_code=00100005&order_time=2022-06-27 HTTP/1.1" 200 408
114.83.219.139 - - [27/Jun/2022:10:26:09 +0800] "POST /xingrg/kc/buy/cgsh_order_operate.html HTTP/1.1" 200 2065
101.83.144.189 - - [27/Jun/2022:10:26:11 +0800] "GET /xingrg/all/function/internal_message.html?_=1656296771384&CODE_STATE=getMsg HTTP/1.1" 200 27
101.83.223.227 - - [27/Jun/2022:10:26:11 +0800] "GET /xingrg/kc/buy/cgsh_order_add.html HTTP/1.1" 200 67743
101.83.223.227 - - [27/Jun/2022:10:26:12 +0800] "POST /xingrg/kc/buy/cgsh_order_operate.html HTTP/1.1" 200 8245
101.83.223.227 - - [27/Jun/2022:10:26:12 +0800] "GET /xingrg/javascript/easyui/themes/default/validatebox.css HTTP/1.1" 404 1104
101.83.223.227 - - [27/Jun/2022:10:26:15 +0800] "GET /xingrg/all/function/internal_message.html?_=1656296726644&CODE_STATE=getMsg HTTP/1.1" 200 27
101.83.223.227 - - [27/Jun/2022:10:26:15 +0800] "GET /xingrg/javascript/auto/indicator.gif HTTP/1.1" 404 1066
101.85.95.26 - - [27/Jun/2022:10:26:25 +0800] "GET /xingrg/all/function/internal_message.html?_=1656296785207&CODE_STATE=getMsg HTTP/1.1" 200 27
101.83.223.227 - - [27/Jun/2022:10:26:26 +0800] "GET /xingrg/kc/buy/cgsh_order_operate.html?command=get_materiel&rest_code=00150&code=00101001016&supplier_code=00100313&order_time=2022-06-27 HTTP/1.1" 200 435
58.37.225.129 - - [27/Jun/2022:10:26:26 +0800] "GET /xingrg/all/function/internal_message.html?_=1656296497681&CODE_STATE=getMsg HTTP/1.1" 200 27
116.235.94.65 - - [27/Jun/2022:10:26:29 +0800] "GET /xingrg/all/function/internal_message.html?_=1656296970127&CODE_STATE=getMsg HTTP/1.1" 200 27
116.235.94.65 - - [27/Jun/2022:10:26:29 +0800] "GET /xingrg/check_reg.html?_=1656296970128 HTTP/1.1" 200 22
180.156.212.250 - - [27/Jun/2022:10:26:31 +0800] "GET /xingrg/all/function/internal_message.html?_=1656296789768&CODE_STATE=getMsg HTTP/1.1" 200 27
114.83.219.139 - - [27/Jun/2022:10:26:32 +0800] "GET /xingrg/kc/buy/cgsh_order_operate.html?command=get_materiel&rest_code=00149&code=00101008271&supplier_code=00100005&order_time=2022-06-27 HTTP/1.1" 200 408
120.253.135.82 - - [27/Jun/2022:10:26:34 +0800] "GET /xingrg/all/function/internal_message.html?_=1656296603423&CODE_STATE=getMsg HTTP/1.1" 200 27
222.69.144.95 - - [27/Jun/2022:10:26:37 +0800] "GET /xingrg/all/function/internal_message.html?_=1656296837567&CODE_STATE=getMsg HTTP/1.1" 200 27
101.83.144.189 - - [27/Jun/2022:10:26:39 +0800] "GET /xingrg/all/function/internal_message.html?_=1656296703874&CODE_STATE=getMsg HTTP/1.1" 200 27
58.35.194.53 - - [27/Jun/2022:10:26:48 +0800] "GET /xingrg/check_reg.html?_=1656296807226 HTTP/1.1" 200 22
58.35.194.53 - - [27/Jun/2022:10:26:48 +0800] "GET /xingrg/all/function/internal_message.html?_=1656296807227&CODE_STATE=getMsg HTTP/1.1" 200 27
114.83.219.139 - - [27/Jun/2022:10:26:48 +0800] "GET /xingrg/kc/buy/cgsh_order_operate.html?command=get_materiel&rest_code=00149&code=00101008353&supplier_code=00100005&order_time=2022-06-27 HTTP/1.1" 200 424
114.83.219.139 - - [27/Jun/2022:10:26:56 +0800] "GET /xingrg/all/function/internal_message.html?_=1656296815384&CODE_STATE=getMsg HTTP/1.1" 200 27
180.169.147.146 - - [27/Jun/2022:10:27:01 +0800] "GET /xingrg/all/function/internal_message.html?_=1656296820083&CODE_STATE=getMsg HTTP/1.1" 200 27
180.169.147.146 - - [27/Jun/2022:10:27:01 +0800] "GET /xingrg/check_reg.html?_=1656296820085 HTTP/1.1" 200 22
218.81.223.53 - - [27/Jun/2022:10:27:04 +0800] "GET /xingrg/all/function/internal_message.html?_=1656296825828&CODE_STATE=getMsg HTTP/1.1" 200 27
114.83.219.139 - - [27/Jun/2022:10:27:05 +0800] "GET /xingrg/kc/buy/cgsh_order_operate.html?command=get_materiel&rest_code=00149&code=00101008168&supplier_code=00100005&order_time=2022-06-27 HTTP/1.1" 200 413
101.83.223.227 - - [27/Jun/2022:10:27:10 +0800] "GET /xingrg/kc/buy/cgsh_order_operate.html?command=get_materiel&rest_code=00150&code=00101004038&supplier_code=00100313&order_time=2022-06-27 HTTP/1.1" 200 429
101.83.144.189 - - [27/Jun/2022:10:27:11 +0800] "GET /xingrg/all/function/internal_message.html?_=1656296831351&CODE_STATE=getMsg HTTP/1.1" 200 27
101.83.223.227 - - [27/Jun/2022:10:27:15 +0800] "GET /xingrg/all/function/internal_message.html?_=1656296786657&CODE_STATE=getMsg HTTP/1.1" 200 27
114.83.219.139 - - [27/Jun/2022:10:27:16 +0800] "GET /xingrg/kc/buy/cgsh_order_operate.html?command=get_materiel&rest_code=00149&code=00101008312&supplier_code=00100005&order_time=2022-06-27 HTTP/1.1" 200 428
101.83.223.227 - - [27/Jun/2022:10:27:21 +0800] "GET /xingrg/kc/buy/cgsh_order_operate.html?command=get_materiel&rest_code=00150&code=00102026001&supplier_code=00100313&order_time=2022-06-27 HTTP/1.1" 200 409
101.85.95.26 - - [27/Jun/2022:10:27:25 +0800] "GET /xingrg/all/function/internal_message.html?_=1656296845207&CODE_STATE=getMsg HTTP/1.1" 200 27
58.37.225.129 - - [27/Jun/2022:10:27:26 +0800] "GET /xingrg/all/function/internal_message.html?_=1656296557689&CODE_STATE=getMsg HTTP/1.1" 200 27
116.235.94.65 - - [27/Jun/2022:10:27:29 +0800] "GET /xingrg/all/function/internal_message.html?_=1656297030125&CODE_STATE=getMsg HTTP/1.1" 200 27
180.156.212.250 - - [27/Jun/2022:10:27:31 +0800] "GET /xingrg/all/function/internal_message.html?_=1656296849771&CODE_STATE=getMsg HTTP/1.1" 200 27
114.83.219.139 - - [27/Jun/2022:10:27:32 +0800] "GET /xingrg/kc/buy/cgsh_order_operate.html?command=get_materiel&rest_code=00149&code=00101013175&supplier_code=00100005&order_time=2022-06-27 HTTP/1.1" 200 432
120.253.135.82 - - [27/Jun/2022:10:27:34 +0800] "GET /xingrg/all/function/internal_message.html?_=1656296663433&CODE_STATE=getMsg HTTP/1.1" 200 27
114.83.219.139 - - [27/Jun/2022:10:27:35 +0800] "POST /xingrg/kc/buy/cgsh_order_operate.html HTTP/1.1" 200 2065
222.69.144.95 - - [27/Jun/2022:10:27:37 +0800] "GET /xingrg/all/function/internal_message.html?_=1656296897542&CODE_STATE=getMsg HTTP/1.1" 200 27
101.83.144.189 - - [27/Jun/2022:10:27:39 +0800] "GET /xingrg/all/function/internal_message.html?_=1656296763883&CODE_STATE=getMsg HTTP/1.1" 200 27
101.83.144.189 - - [27/Jun/2022:10:27:39 +0800] "GET /xingrg/check_reg.html?_=1656296763886 HTTP/1.1" 200 22
114.83.219.139 - - [27/Jun/2022:10:27:44 +0800] "GET /xingrg/kc/buy/cgsh_order_operate.html?command=get_materiel&rest_code=00149&code=00101008173&supplier_code=00100005&order_time=2022-06-27 HTTP/1.1" 200 413
101.83.223.227 - - [27/Jun/2022:10:27:44 +0800] "POST /xingrg/kc/buy/cgsh_order_operate.html HTTP/1.1" 200 37
58.35.194.53 - - [27/Jun/2022:10:27:48 +0800] "GET /xingrg/all/function/internal_message.html?_=1656296867227&CODE_STATE=getMsg HTTP/1.1" 200 27
101.83.223.227 - - [27/Jun/2022:10:27:49 +0800] "POST /xingrg/kc/buy/cgsh_order_operate.html HTTP/1.1" 200 12
101.83.223.227 - - [27/Jun/2022:10:27:50 +0800] "GET /xingrg/kc/buy/cgsh_order_info.html?code=212022062703522 HTTP/1.1" 200 62654
101.83.223.227 - - [27/Jun/2022:10:27:50 +0800] "GET /xingrg/javascript/easyui/themes/default/validatebox.css HTTP/1.1" 404 1104
101.83.223.227 - - [27/Jun/2022:10:27:51 +0800] "POST /xingrg/kc/buy/cgsh_order_operate.html HTTP/1.1" 200 2389
101.83.223.227 - - [27/Jun/2022:10:27:52 +0800] "GET /xingrg/kc/print/load_data.html?order_code=212022062703522&kc_code=cgsh&condition= HTTP/1.1" 200 1422
101.83.223.227 - - [27/Jun/2022:10:27:58 +0800] "GET /xingrg/kc/buy/cgsh_order_add.html HTTP/1.1" 200 67743
101.83.223.227 - - [27/Jun/2022:10:27:58 +0800] "POST /xingrg/kc/buy/cgsh_order_operate.html HTTP/1.1" 200 8245
101.83.223.227 - - [27/Jun/2022:10:27:58 +0800] "GET /xingrg/javascript/easyui/themes/default/validatebox.css HTTP/1.1" 404 1104
114.83.219.139 - - [27/Jun/2022:10:28:00 +0800] "POST /xingrg/kc/buy/cgsh_order_operate.html HTTP/1.1" 200 37
180.169.147.146 - - [27/Jun/2022:10:28:01 +0800] "GET /xingrg/all/function/internal_message.html?_=1656296880084&CODE_STATE=getMsg HTTP/1.1" 200 27
114.83.219.139 - - [27/Jun/2022:10:28:03 +0800] "POST /xingrg/kc/buy/cgsh_order_operate.html HTTP/1.1" 200 12
218.81.223.53 - - [27/Jun/2022:10:28:04 +0800] "GET /xingrg/all/function/internal_message.html?_=1656296886130&CODE_STATE=getMsg HTTP/1.1" 200 27
114.83.219.139 - - [27/Jun/2022:10:28:07 +0800] "GET /xingrg/kc/buy/cgsh_order_info.html?code=212022062703523 HTTP/1.1" 200 62804
114.83.219.139 - - [27/Jun/2022:10:28:08 +0800] "GET /xingrg/javascript/easyui/themes/default/validatebox.css HTTP/1.1" 404 1104
114.83.219.139 - - [27/Jun/2022:10:28:08 +0800] "POST /xingrg/kc/buy/cgsh_order_operate.html HTTP/1.1" 200 17750
114.83.219.139 - - [27/Jun/2022:10:28:11 +0800] "GET /xingrg/kc/print/load_data.html?order_code=212022062703523&kc_code=cgsh&condition= HTTP/1.1" 200 7230
101.83.144.189 - - [27/Jun/2022:10:28:11 +0800] "GET /xingrg/all/function/internal_message.html?_=1656296891333&CODE_STATE=getMsg HTTP/1.1" 200 27
101.83.144.189 - - [27/Jun/2022:10:28:14 +0800] "GET /xingrg/check_reg.html?_=1656296894483 HTTP/1.1" 200 22
101.83.223.227 - - [27/Jun/2022:10:28:15 +0800] "GET /xingrg/all/function/internal_message.html?_=1656296846671&CODE_STATE=getMsg HTTP/1.1" 200 27
101.85.95.26 - - [27/Jun/2022:10:28:25 +0800] "GET /xingrg/all/function/internal_message.html?_=1656296905234&CODE_STATE=getMsg HTTP/1.1" 200 27
58.37.225.129 - - [27/Jun/2022:10:28:26 +0800] "GET /xingrg/all/function/internal_message.html?_=1656296617689&CODE_STATE=getMsg HTTP/1.1" 200 27
116.235.94.65 - - [27/Jun/2022:10:28:29 +0800] "GET /xingrg/all/function/internal_message.html?_=1656297090125&CODE_STATE=getMsg HTTP/1.1" 200 27
180.156.212.250 - - [27/Jun/2022:10:28:31 +0800] "GET /xingrg/all/function/internal_message.html?_=1656296909778&CODE_STATE=getMsg HTTP/1.1" 200 27
180.156.212.250 - - [27/Jun/2022:10:28:31 +0800] "GET /xingrg/check_reg.html?_=1656296909774 HTTP/1.1" 200 22
120.253.135.82 - - [27/Jun/2022:10:28:33 +0800] "GET /xingrg/check_reg.html?_=1656296722390 HTTP/1.1" 200 22
120.253.135.82 - - [27/Jun/2022:10:28:34 +0800] "GET /xingrg/all/function/internal_message.html?_=1656296723448&CODE_STATE=getMsg HTTP/1.1" 200 27
222.69.144.95 - - [27/Jun/2022:10:28:37 +0800] "GET /xingrg/all/function/internal_message.html?_=1656296957553&CODE_STATE=getMsg HTTP/1.1" 200 27
222.69.144.95 - - [27/Jun/2022:10:28:37 +0800] "GET /xingrg/check_reg.html?_=1656296957556 HTTP/1.1" 200 22
101.83.144.189 - - [27/Jun/2022:10:28:39 +0800] "GET /xingrg/all/function/internal_message.html?_=1656296823888&CODE_STATE=getMsg HTTP/1.1" 200 27
218.81.223.53 - - [27/Jun/2022:10:28:44 +0800] "GET /xingrg/check_reg.html?_=1656296925550 HTTP/1.1" 200 22
58.35.194.53 - - [27/Jun/2022:10:28:48 +0800] "GET /xingrg/all/function/internal_message.html?_=1656296927229&CODE_STATE=getMsg HTTP/1.1" 200 27
58.221.95.50 - - [27/Jun/2022:10:28:48 +0800] "GET /xingrg/check_reg.html?_=1656296928583 HTTP/1.1" 302 -
114.83.219.139 - - [27/Jun/2022:10:28:56 +0800] "GET /xingrg/all/function/internal_message.html?_=1656296935390&CODE_STATE=getMsg HTTP/1.1" 200 27
114.83.219.139 - - [27/Jun/2022:10:28:56 +0800] "GET /xingrg/check_reg.html?_=1656296935393 HTTP/1.1" 200 22
180.169.147.146 - - [27/Jun/2022:10:29:01 +0800] "GET /xingrg/all/function/internal_message.html?_=1656296940084&CODE_STATE=getMsg HTTP/1.1" 200 27
218.81.223.53 - - [27/Jun/2022:10:29:04 +0800] "GET /xingrg/all/function/internal_message.html?_=1656296946137&CODE_STATE=getMsg HTTP/1.1" 200 27
101.83.223.227 - - [27/Jun/2022:10:29:06 +0800] "POST /xingrg/services/DataTransmitService HTTP/1.1" 200 524
101.83.144.189 - - [27/Jun/2022:10:29:11 +0800] "GET /xingrg/all/function/internal_message.html?_=1656296951312&CODE_STATE=getMsg HTTP/1.1" 200 27
101.83.223.227 - - [27/Jun/2022:10:29:15 +0800] "GET /xingrg/check_reg.html?_=1656296906622 HTTP/1.1" 200 22
101.83.223.227 - - [27/Jun/2022:10:29:15 +0800] "GET /xingrg/all/function/internal_message.html?_=1656296906708&CODE_STATE=getMsg HTTP/1.1" 200 27
101.85.95.26 - - [27/Jun/2022:10:29:25 +0800] "GET /xingrg/check_reg.html?_=1656296965219 HTTP/1.1" 200 22
101.85.95.26 - - [27/Jun/2022:10:29:25 +0800] "GET /xingrg/all/function/internal_message.html?_=1656296965222&CODE_STATE=getMsg HTTP/1.1" 200 27
58.37.225.129 - - [27/Jun/2022:10:29:26 +0800] "GET /xingrg/all/function/internal_message.html?_=1656296677690&CODE_STATE=getMsg HTTP/1.1" 200 27
116.235.94.65 - - [27/Jun/2022:10:29:29 +0800] "GET /xingrg/all/function/internal_message.html?_=1656297150123&CODE_STATE=getMsg HTTP/1.1" 200 27
180.156.212.250 - - [27/Jun/2022:10:29:31 +0800] "GET /xingrg/all/function/internal_message.html?_=1656296969766&CODE_STATE=getMsg HTTP/1.1" 200 27
120.253.135.82 - - [27/Jun/2022:10:29:34 +0800] "GET /xingrg/all/function/internal_message.html?_=1656296783462&CODE_STATE=getMsg HTTP/1.1" 200 27
222.69.144.95 - - [27/Jun/2022:10:29:37 +0800] "GET /xingrg/all/function/internal_message.html?_=1656297017545&CODE_STATE=getMsg HTTP/1.1" 200 27
101.83.144.189 - - [27/Jun/2022:10:29:39 +0800] "GET /xingrg/all/function/internal_message.html?_=1656296883877&CODE_STATE=getMsg HTTP/1.1" 200 27
58.35.194.53 - - [27/Jun/2022:10:29:48 +0800] "GET /xingrg/all/function/internal_message.html?_=1656296987229&CODE_STATE=getMsg HTTP/1.1" 200 27
114.83.219.139 - - [27/Jun/2022:10:29:56 +0800] "GET /xingrg/all/function/internal_message.html?_=1656296995377&CODE_STATE=getMsg HTTP/1.1" 200 27
180.169.147.146 - - [27/Jun/2022:10:30:01 +0800] "GET /xingrg/all/function/internal_message.html?_=1656297000085&CODE_STATE=getMsg HTTP/1.1" 200 27
218.81.223.53 - - [27/Jun/2022:10:30:04 +0800] "GET /xingrg/all/function/internal_message.html?_=1656297006149&CODE_STATE=getMsg HTTP/1.1" 200 27
116.232.53.60 - - [27/Jun/2022:10:30:09 +0800] "GET /favicon.ico HTTP/1.1" 404 -
101.83.144.189 - - [27/Jun/2022:10:30:11 +0800] "GET /xingrg/all/function/internal_message.html?_=1656297011283&CODE_STATE=getMsg HTTP/1.1" 200 27
101.83.223.227 - - [27/Jun/2022:10:30:15 +0800] "GET /xingrg/all/function/internal_message.html?_=1656296966730&CODE_STATE=getMsg HTTP/1.1" 200 27
101.83.223.227 - - [27/Jun/2022:10:30:24 +0800] "GET /xingrg/kc/buy/cgsh_order_operate.html?command=get_materiel&rest_code=00150&code=00101001088&supplier_code=00100090&order_time=2022-06-27 HTTP/1.1" 200 417
101.85.95.26 - - [27/Jun/2022:10:30:25 +0800] "GET /xingrg/all/function/internal_message.html?_=1656297025223&CODE_STATE=getMsg HTTP/1.1" 200 27
58.37.225.129 - - [27/Jun/2022:10:30:26 +0800] "GET /xingrg/check_reg.html?_=1656296737690 HTTP/1.1" 200 22
58.37.225.129 - - [27/Jun/2022:10:30:26 +0800] "GET /xingrg/all/function/internal_message.html?_=1656296737692&CODE_STATE=getMsg HTTP/1.1" 200 27
116.235.94.65 - - [27/Jun/2022:10:30:29 +0800] "GET /xingrg/all/function/internal_message.html?_=1656297210137&CODE_STATE=getMsg HTTP/1.1" 200 27
180.156.212.250 - - [27/Jun/2022:10:30:31 +0800] "GET /xingrg/all/function/internal_message.html?_=1656297029768&CODE_STATE=getMsg HTTP/1.1" 200 27
120.253.135.82 - - [27/Jun/2022:10:30:34 +0800] "GET /xingrg/all/function/internal_message.html?_=1656296843474&CODE_STATE=getMsg HTTP/1.1" 200 27
222.69.144.95 - - [27/Jun/2022:10:30:37 +0800] "GET /xingrg/all/function/internal_message.html?_=1656297077553&CODE_STATE=getMsg HTTP/1.1" 200 27
101.83.144.189 - - [27/Jun/2022:10:30:39 +0800] "GET /xingrg/all/function/internal_message.html?_=1656296943909&CODE_STATE=getMsg HTTP/1.1" 200 27
101.83.223.227 - - [27/Jun/2022:10:30:44 +0800] "GET /xingrg/kc/buy/cgsh_order_operate.html?command=get_materiel&rest_code=00150&code=00101004101&supplier_code=00100090&order_time=2022-06-27 HTTP/1.1" 200 433
58.37.225.129 - - [27/Jun/2022:10:30:45 +0800] "POST /xingrg/services/DataTransmitService HTTP/1.1" 401 565
58.37.225.129 - - [27/Jun/2022:10:30:45 +0800] "POST /xingrg/services/DataTransmitService HTTP/1.1" 200 478
58.37.225.129 - - [27/Jun/2022:10:30:45 +0800] "POST /xingrg/services/DataTransmitService HTTP/1.1" 200 1319
58.37.225.129 - - [27/Jun/2022:10:30:45 +0800] "POST /xingrg/services/DataTransmitService HTTP/1.1" 200 478
58.37.225.129 - - [27/Jun/2022:10:30:46 +0800] "POST /xingrg/services/DataTransmitService HTTP/1.1" 200 1319
58.37.225.129 - - [27/Jun/2022:10:30:46 +0800] "POST /xingrg/services/DataTransmitService HTTP/1.1" 200 524
58.37.225.129 - - [27/Jun/2022:10:30:46 +0800] "POST /xingrg/services/DataTransmitService HTTP/1.1" 200 2419
58.37.225.129 - - [27/Jun/2022:10:30:46 +0800] "POST /xingrg/services/DataTransmitService HTTP/1.1" 200 45454
58.37.225.129 - - [27/Jun/2022:10:30:46 +0800] "POST /xingrg/services/DataTransmitService HTTP/1.1" 200 19237
58.35.194.53 - - [27/Jun/2022:10:30:48 +0800] "GET /xingrg/all/function/internal_message.html?_=1656297047219&CODE_STATE=getMsg HTTP/1.1" 200 27
114.83.219.139 - - [27/Jun/2022:10:30:56 +0800] "GET /xingrg/all/function/internal_message.html?_=1656297055360&CODE_STATE=getMsg HTTP/1.1" 200 27
180.169.147.146 - - [27/Jun/2022:10:31:01 +0800] "GET /xingrg/all/function/internal_message.html?_=1656297060084&CODE_STATE=getMsg HTTP/1.1" 200 27
101.83.223.227 - - [27/Jun/2022:10:31:02 +0800] "POST /xingrg/kc/buy/cgsh_order_operate.html HTTP/1.1" 200 37
218.81.223.53 - - [27/Jun/2022:10:31:05 +0800] "GET /xingrg/all/function/internal_message.html?_=1656297066456&CODE_STATE=getMsg HTTP/1.1" 200 27
101.83.223.227 - - [27/Jun/2022:10:31:10 +0800] "POST /xingrg/kc/buy/cgsh_order_operate.html HTTP/1.1" 200 12
101.83.144.189 - - [27/Jun/2022:10:31:11 +0800] "GET /xingrg/all/function/internal_message.html?_=1656297071254&CODE_STATE=getMsg HTTP/1.1" 200 27
101.83.223.227 - - [27/Jun/2022:10:31:19 +0800] "GET /xingrg/kc/buy/cgsh_order_info.html?code=212022062703524 HTTP/1.1" 200 62654
101.83.223.227 - - [27/Jun/2022:10:31:20 +0800] "GET /xingrg/javascript/easyui/themes/default/validatebox.css HTTP/1.1" 404 1104
101.83.223.227 - - [27/Jun/2022:10:31:20 +0800] "GET /xingrg/all/function/internal_message.html?_=1656297031641&CODE_STATE=getMsg HTTP/1.1" 200 27
101.83.223.227 - - [27/Jun/2022:10:31:20 +0800] "POST /xingrg/kc/buy/cgsh_order_operate.html HTTP/1.1" 200 1207
101.83.223.227 - - [27/Jun/2022:10:31:23 +0800] "GET /xingrg/kc/print/load_data.html?order_code=212022062703524&kc_code=cgsh&condition= HTTP/1.1" 200 1031
101.85.95.26 - - [27/Jun/2022:10:31:25 +0800] "GET /xingrg/all/function/internal_message.html?_=1656297085223&CODE_STATE=getMsg HTTP/1.1" 200 27
58.37.225.129 - - [27/Jun/2022:10:31:26 +0800] "GET /xingrg/all/function/internal_message.html?_=1656296797718&CODE_STATE=getMsg HTTP/1.1" 200 27
116.235.94.65 - - [27/Jun/2022:10:31:29 +0800] "GET /xingrg/check_reg.html?_=1656297270137 HTTP/1.1" 200 22
116.235.94.65 - - [27/Jun/2022:10:31:29 +0800] "GET /xingrg/all/function/internal_message.html?_=1656297270163&CODE_STATE=getMsg HTTP/1.1" 200 27
180.156.212.250 - - [27/Jun/2022:10:31:31 +0800] "GET /xingrg/all/function/internal_message.html?_=1656297089765&CODE_STATE=getMsg HTTP/1.1" 200 27
101.83.223.227 - - [27/Jun/2022:10:31:33 +0800] "GET /xingrg/kc/buy/cgsh_order_add.html HTTP/1.1" 200 67743
101.83.223.227 - - [27/Jun/2022:10:31:34 +0800] "POST /xingrg/kc/buy/cgsh_order_operate.html HTTP/1.1" 200 8245
101.83.223.227 - - [27/Jun/2022:10:31:34 +0800] "GET /xingrg/javascript/easyui/themes/default/validatebox.css HTTP/1.1" 404 1104
120.253.135.82 - - [27/Jun/2022:10:31:34 +0800] "GET /xingrg/all/function/internal_message.html?_=1656296903622&CODE_STATE=getMsg HTTP/1.1" 200 27
222.69.144.95 - - [27/Jun/2022:10:31:37 +0800] "GET /xingrg/all/function/internal_message.html?_=1656297137552&CODE_STATE=getMsg HTTP/1.1" 200 27
101.83.144.189 - - [27/Jun/2022:10:31:39 +0800] "GET /xingrg/all/function/internal_message.html?_=1656297003918&CODE_STATE=getMsg HTTP/1.1" 200 27
58.35.194.53 - - [27/Jun/2022:10:31:48 +0800] "GET /xingrg/all/function/internal_message.html?_=1656297107224&CODE_STATE=getMsg HTTP/1.1" 200 27
58.35.194.53 - - [27/Jun/2022:10:31:48 +0800] "GET /xingrg/check_reg.html?_=1656297107227 HTTP/1.1" 200 22
101.83.223.227 - - [27/Jun/2022:10:31:51 +0800] "GET /xingrg/kc/buy/cgsh_order_operate.html?command=get_materiel&rest_code=00150&code=00101005017&supplier_code=00100312&order_time=2022-06-27 HTTP/1.1" 200 425
114.83.219.139 - - [27/Jun/2022:10:31:56 +0800] "GET /xingrg/all/function/internal_message.html?_=1656297115330&CODE_STATE=getMsg HTTP/1.1" 200 27
114.83.219.139 - - [27/Jun/2022:10:31:58 +0800] "GET /xingrg/kc/buy/cgsh_order_add.html HTTP/1.1" 200 67901
114.83.219.139 - - [27/Jun/2022:10:31:59 +0800] "POST /xingrg/kc/buy/cgsh_order_operate.html HTTP/1.1" 200 8245
114.83.219.139 - - [27/Jun/2022:10:31:59 +0800] "GET /xingrg/javascript/easyui/themes/default/validatebox.css HTTP/1.1" 404 1104
180.169.147.146 - - [27/Jun/2022:10:32:01 +0800] "GET /xingrg/all/function/internal_message.html?_=1656297120109&CODE_STATE=getMsg HTTP/1.1" 200 27
180.169.147.146 - - [27/Jun/2022:10:32:01 +0800] "GET /xingrg/check_reg.html?_=1656297120112 HTTP/1.1" 200 22
101.83.223.227 - - [27/Jun/2022:10:32:02 +0800] "POST /xingrg/kc/buy/cgsh_order_operate.html HTTP/1.1" 200 37
218.81.223.53 - - [27/Jun/2022:10:32:05 +0800] "GET /xingrg/all/function/internal_message.html?_=1656297126457&CODE_STATE=getMsg HTTP/1.1" 200 27
101.83.223.227 - - [27/Jun/2022:10:32:06 +0800] "POST /xingrg/kc/buy/cgsh_order_operate.html HTTP/1.1" 200 12
101.83.223.227 - - [27/Jun/2022:10:32:07 +0800] "GET /xingrg/kc/buy/cgsh_order_info.html?code=212022062703525 HTTP/1.1" 200 62654
101.83.223.227 - - [27/Jun/2022:10:32:07 +0800] "GET /xingrg/javascript/easyui/themes/default/validatebox.css HTTP/1.1" 404 1104
58.37.225.129 - - [27/Jun/2022:10:32:09 +0800] "POST /xingrg/kc/buy/cgsh_order_operate.html HTTP/1.1" 200 37
101.83.223.227 - - [27/Jun/2022:10:32:09 +0800] "POST /xingrg/kc/buy/cgsh_order_operate.html HTTP/1.1" 200 603
101.83.223.227 - - [27/Jun/2022:10:32:11 +0800] "GET /xingrg/kc/print/load_data.html?order_code=212022062703525&kc_code=cgsh&condition= HTTP/1.1" 200 734
101.83.144.189 - - [27/Jun/2022:10:32:11 +0800] "GET /xingrg/all/function/internal_message.html?_=1656297131228&CODE_STATE=getMsg HTTP/1.1" 200 27
58.37.225.129 - - [27/Jun/2022:10:32:13 +0800] "POST /xingrg/kc/buy/cgsh_order_operate.html HTTP/1.1" 200 3266
58.37.225.129 - - [27/Jun/2022:10:32:15 +0800] "GET /xingrg/kc/print/load_data.html?order_code=212022062703526&kc_code=cgsh&condition= HTTP/1.1" 200 934
101.83.223.227 - - [27/Jun/2022:10:32:18 +0800] "GET /xingrg/javascript/jquery_easy_ui/themes/default/images/tabs_active.png HTTP/1.1" 304 -
58.37.225.129 - - [27/Jun/2022:10:32:20 +0800] "GET /xingrg/kc/buy/cgsh_order_add.html HTTP/1.1" 200 67854
58.37.225.129 - - [27/Jun/2022:10:32:20 +0800] "POST /xingrg/kc/buy/cgsh_order_operate.html HTTP/1.1" 200 8245
101.83.223.227 - - [27/Jun/2022:10:32:20 +0800] "GET /xingrg/all/function/internal_message.html?_=1656297091655&CODE_STATE=getMsg HTTP/1.1" 200 27
58.37.225.129 - - [27/Jun/2022:10:32:20 +0800] "GET /xingrg/javascript/easyui/themes/default/validatebox.css HTTP/1.1" 404 1104
114.83.219.139 - - [27/Jun/2022:10:32:21 +0800] "GET /xingrg/kc/buy/cgsh_order_operate.html?command=get_materiel&rest_code=00149&code=00101002006&supplier_code=00100091&order_time=2022-06-26 HTTP/1.1" 200 430
101.85.95.26 - - [27/Jun/2022:10:32:25 +0800] "GET /xingrg/all/function/internal_message.html?_=1656297145223&CODE_STATE=getMsg HTTP/1.1" 200 27
58.37.225.129 - - [27/Jun/2022:10:32:26 +0800] "GET /xingrg/all/function/internal_message.html?_=1656296857720&CODE_STATE=getMsg HTTP/1.1" 200 27
116.235.94.65 - - [27/Jun/2022:10:32:29 +0800] "GET /xingrg/all/function/internal_message.html?_=1656297330161&CODE_STATE=getMsg HTTP/1.1" 200 27
114.83.219.139 - - [27/Jun/2022:10:32:30 +0800] "POST /xingrg/kc/buy/cgsh_order_operate.html HTTP/1.1" 200 37
180.156.212.250 - - [27/Jun/2022:10:32:31 +0800] "GET /xingrg/all/function/internal_message.html?_=1656297149769&CODE_STATE=getMsg HTTP/1.1" 200 27
120.253.135.82 - - [27/Jun/2022:10:32:34 +0800] "GET /xingrg/all/function/internal_message.html?_=1656296963625&CODE_STATE=getMsg HTTP/1.1" 200 27
222.69.144.95 - - [27/Jun/2022:10:32:37 +0800] "GET /xingrg/all/function/internal_message.html?_=1656297197544&CODE_STATE=getMsg HTTP/1.1" 200 27
101.83.144.189 - - [27/Jun/2022:10:32:39 +0800] "GET /xingrg/check_reg.html?_=1656297063904 HTTP/1.1" 200 22
101.83.144.189 - - [27/Jun/2022:10:32:39 +0800] "GET /xingrg/all/function/internal_message.html?_=1656297063907&CODE_STATE=getMsg HTTP/1.1" 200 27
114.83.219.139 - - [27/Jun/2022:10:32:43 +0800] "POST /xingrg/kc/buy/cgsh_order_operate.html HTTP/1.1" 200 12
114.83.219.139 - - [27/Jun/2022:10:32:45 +0800] "GET /xingrg/kc/buy/cgsh_order_info.html?code=212022062703527 HTTP/1.1" 200 62808
114.83.219.139 - - [27/Jun/2022:10:32:45 +0800] "GET /xingrg/javascript/easyui/themes/default/validatebox.css HTTP/1.1" 404 1104
114.83.219.139 - - [27/Jun/2022:10:32:46 +0800] "POST /xingrg/kc/buy/cgsh_order_operate.html HTTP/1.1" 200 611
58.35.194.53 - - [27/Jun/2022:10:32:48 +0800] "GET /xingrg/all/function/internal_message.html?_=1656297167229&CODE_STATE=getMsg HTTP/1.1" 200 27
58.37.225.129 - - [27/Jun/2022:10:32:48 +0800] "GET /xingrg/kc/buy/cgsh_order_operate.html?command=get_materiel&rest_code=00141&code=00101004063&supplier_code=00100347&order_time=2022-06-25 HTTP/1.1" 200 416
114.83.219.139 - - [27/Jun/2022:10:32:50 +0800] "GET /xingrg/kc/print/load_data.html?order_code=212022062703527&kc_code=cgsh&condition= HTTP/1.1" 200 772
114.83.219.139 - - [27/Jun/2022:10:32:54 +0800] "GET /xingrg/kc/buy/cgsh_order_add.html HTTP/1.1" 200 67901
114.83.219.139 - - [27/Jun/2022:10:32:55 +0800] "POST /xingrg/kc/buy/cgsh_order_operate.html HTTP/1.1" 200 8245
114.83.219.139 - - [27/Jun/2022:10:32:55 +0800] "GET /xingrg/javascript/easyui/themes/default/validatebox.css HTTP/1.1" 404 1104
114.83.219.139 - - [27/Jun/2022:10:32:56 +0800] "GET /xingrg/all/function/internal_message.html?_=1656297175323&CODE_STATE=getMsg HTTP/1.1" 200 27
180.169.147.146 - - [27/Jun/2022:10:33:01 +0800] "GET /xingrg/all/function/internal_message.html?_=1656297180112&CODE_STATE=getMsg HTTP/1.1" 200 27
218.81.223.53 - - [27/Jun/2022:10:33:05 +0800] "GET /xingrg/all/function/internal_message.html?_=1656297186762&CODE_STATE=getMsg HTTP/1.1" 200 27
101.83.144.189 - - [27/Jun/2022:10:33:11 +0800] "GET /xingrg/all/function/internal_message.html?_=1656297191199&CODE_STATE=getMsg HTTP/1.1" 200 27
58.37.225.129 - - [27/Jun/2022:10:33:12 +0800] "GET /xingrg/kc/buy/cgsh_order_operate.html?command=get_materiel&rest_code=00141&code=00101004034&supplier_code=00100347&order_time=2022-06-25 HTTP/1.1" 200 416
101.83.144.189 - - [27/Jun/2022:10:33:14 +0800] "GET /xingrg/check_reg.html?_=1656297194453 HTTP/1.1" 200 22
101.83.223.227 - - [27/Jun/2022:10:33:20 +0800] "GET /xingrg/all/function/internal_message.html?_=1656297151708&CODE_STATE=getMsg HTTP/1.1" 200 27
58.37.225.129 - - [27/Jun/2022:10:33:24 +0800] "POST /xingrg/kc/buy/cgsh_order_operate.html HTTP/1.1" 200 37
58.37.225.129 - - [27/Jun/2022:10:33:25 +0800] "POST /xingrg/kc/buy/cgsh_order_operate.html HTTP/1.1" 200 2665
101.85.95.26 - - [27/Jun/2022:10:33:25 +0800] "GET /xingrg/all/function/internal_message.html?_=1656297205223&CODE_STATE=getMsg HTTP/1.1" 200 27
114.83.219.139 - - [27/Jun/2022:10:33:26 +0800] "GET /xingrg/kc/buy/cgsh_order_operate.html?command=get_materiel&rest_code=00149&code=00101004046&supplier_code=00100312&order_time=2022-06-26 HTTP/1.1" 200 419
58.37.225.129 - - [27/Jun/2022:10:33:26 +0800] "GET /xingrg/kc/print/load_data.html?order_code=212022062703528&kc_code=cgsh&condition= HTTP/1.1" 200 682
58.37.225.129 - - [27/Jun/2022:10:33:26 +0800] "GET /xingrg/all/function/internal_message.html?_=1656296917715&CODE_STATE=getMsg HTTP/1.1" 200 27
116.235.94.65 - - [27/Jun/2022:10:33:29 +0800] "GET /xingrg/all/function/internal_message.html?_=1656297390159&CODE_STATE=getMsg HTTP/1.1" 200 27
58.37.225.129 - - [27/Jun/2022:10:33:31 +0800] "GET /xingrg/kc/buy/cgsh_order_add.html HTTP/1.1" 200 67854
180.156.212.250 - - [27/Jun/2022:10:33:31 +0800] "GET /xingrg/all/function/internal_message.html?_=1656297209775&CODE_STATE=getMsg HTTP/1.1" 200 27
180.156.212.250 - - [27/Jun/2022:10:33:31 +0800] "GET /xingrg/check_reg.html?_=1656297209779 HTTP/1.1" 200 22
58.37.225.129 - - [27/Jun/2022:10:33:31 +0800] "POST /xingrg/kc/buy/cgsh_order_operate.html HTTP/1.1" 200 8245
58.37.225.129 - - [27/Jun/2022:10:33:31 +0800] "GET /xingrg/javascript/easyui/themes/default/validatebox.css HTTP/1.1" 404 1104
114.84.82.172 - - [27/Jun/2022:10:33:35 +0800] "POST /xingrg/services/DataTransmitService HTTP/1.1" 200 524
114.84.82.172 - - [27/Jun/2022:10:33:35 +0800] "POST /xingrg/services/DataTransmitService HTTP/1.1" 200 412
120.253.135.82 - - [27/Jun/2022:10:33:36 +0800] "GET /xingrg/check_reg.html?_=1656297022581 HTTP/1.1" 200 22
120.253.135.82 - - [27/Jun/2022:10:33:36 +0800] "GET /xingrg/all/function/internal_message.html?_=1656297024083&CODE_STATE=getMsg HTTP/1.1" 200 27
222.69.144.95 - - [27/Jun/2022:10:33:37 +0800] "GET /xingrg/all/function/internal_message.html?_=1656297257561&CODE_STATE=getMsg HTTP/1.1" 200 27
222.69.144.95 - - [27/Jun/2022:10:33:37 +0800] "GET /xingrg/check_reg.html?_=1656297257565 HTTP/1.1" 200 22
101.83.144.189 - - [27/Jun/2022:10:33:39 +0800] "GET /xingrg/all/function/internal_message.html?_=1656297123913&CODE_STATE=getMsg HTTP/1.1" 200 27
101.83.223.227 - - [27/Jun/2022:10:33:41 +0800] "GET /xingrg/javascript/jquery_easy_ui/themes/default/images/tabs_active.png HTTP/1.1" 304 -
101.83.223.227 - - [27/Jun/2022:10:33:41 +0800] "GET /xingrg/javascript/jquery_easy_ui/themes/default/images/tabs_active.png HTTP/1.1" 304 -
114.83.219.139 - - [27/Jun/2022:10:33:41 +0800] "POST /xingrg/kc/buy/cgsh_order_operate.html HTTP/1.1" 200 37
218.81.223.53 - - [27/Jun/2022:10:33:44 +0800] "GET /xingrg/check_reg.html?_=1656297225552 HTTP/1.1" 200 22
114.83.219.139 - - [27/Jun/2022:10:33:45 +0800] "POST /xingrg/kc/buy/cgsh_order_operate.html HTTP/1.1" 200 12
101.83.223.227 - - [27/Jun/2022:10:33:46 +0800] "GET /xingrg/javascript/jquery_tools/images/prev.gif HTTP/1.1" 404 1086
101.83.223.227 - - [27/Jun/2022:10:33:46 +0800] "GET /xingrg/javascript/jquery_tools/images/next.gif HTTP/1.1" 404 1086
114.83.219.139 - - [27/Jun/2022:10:33:47 +0800] "GET /xingrg/kc/buy/cgsh_order_info.html?code=212022062703529 HTTP/1.1" 200 62808
114.83.219.139 - - [27/Jun/2022:10:33:47 +0800] "GET /xingrg/javascript/easyui/themes/default/validatebox.css HTTP/1.1" 404 1104
58.35.194.53 - - [27/Jun/2022:10:33:48 +0800] "GET /xingrg/all/function/internal_message.html?_=1656297227232&CODE_STATE=getMsg HTTP/1.1" 200 27
114.83.219.139 - - [27/Jun/2022:10:33:48 +0800] "POST /xingrg/kc/buy/cgsh_order_operate.html HTTP/1.1" 200 614
58.221.95.50 - - [27/Jun/2022:10:33:48 +0800] "GET /xingrg/check_reg.html?_=1656297228560 HTTP/1.1" 302 -
114.83.219.139 - - [27/Jun/2022:10:33:50 +0800] "GET /xingrg/kc/print/load_data.html?order_code=212022062703529&kc_code=cgsh&condition= HTTP/1.1" 200 721
114.83.219.139 - - [27/Jun/2022:10:33:53 +0800] "GET /xingrg/kc/buy/cgsh_order_add.html HTTP/1.1" 200 67901
114.83.219.139 - - [27/Jun/2022:10:33:54 +0800] "POST /xingrg/kc/buy/cgsh_order_operate.html HTTP/1.1" 200 8245
114.83.219.139 - - [27/Jun/2022:10:33:54 +0800] "GET /xingrg/javascript/easyui/themes/default/validatebox.css HTTP/1.1" 404 1104
114.83.219.139 - - [27/Jun/2022:10:33:56 +0800] "GET /xingrg/all/function/internal_message.html?_=1656297235307&CODE_STATE=getMsg HTTP/1.1" 200 27
114.83.219.139 - - [27/Jun/2022:10:33:56 +0800] "GET /xingrg/check_reg.html?_=1656297235422 HTTP/1.1" 200 22
101.83.223.227 - - [27/Jun/2022:10:33:56 +0800] "POST /xingrg/kc/buy/cgsh_list_operate.html HTTP/1.1" 200 4472
180.169.147.146 - - [27/Jun/2022:10:34:01 +0800] "GET /xingrg/all/function/internal_message.html?_=1656297240112&CODE_STATE=getMsg HTTP/1.1" 200 27
58.37.225.129 - - [27/Jun/2022:10:34:03 +0800] "GET /xingrg/kc/buy/cgsh_order_operate.html?command=get_materiel&rest_code=00141&code=00101001016&supplier_code=00100313&order_time=2022-06-25 HTTP/1.1" 200 435
101.83.223.227 - - [27/Jun/2022:10:34:04 +0800] "POST /xingrg/kc/buy/cgsh_list_operate.html HTTP/1.1" 200 357
218.81.223.53 - - [27/Jun/2022:10:34:05 +0800] "GET /xingrg/all/function/internal_message.html?_=1656297246766&CODE_STATE=getMsg HTTP/1.1" 200 27
101.83.223.227 - - [27/Jun/2022:10:34:06 +0800] "POST /xingrg/kc/buy/cgsh_list_operate.html HTTP/1.1" 200 201
101.83.223.227 - - [27/Jun/2022:10:34:08 +0800] "POST /xingrg/kc/buy/cgsh_list_operate.html HTTP/1.1" 200 202
101.83.223.227 - - [27/Jun/2022:10:34:11 +0800] "POST /xingrg/kc/buy/cgsh_list_operate.html HTTP/1.1" 200 204
101.83.144.189 - - [27/Jun/2022:10:34:11 +0800] "GET /xingrg/all/function/internal_message.html?_=1656297251176&CODE_STATE=getMsg HTTP/1.1" 200 27
101.83.223.227 - - [27/Jun/2022:10:34:12 +0800] "POST /xingrg/kc/buy/cgsh_list_operate.html HTTP/1.1" 200 356
101.83.223.227 - - [27/Jun/2022:10:34:15 +0800] "POST /xingrg/kc/buy/cgsh_list_operate.html HTTP/1.1" 200 208
101.83.223.227 - - [27/Jun/2022:10:34:15 +0800] "GET /xingrg/check_reg.html?_=1656297206627 HTTP/1.1" 200 22
101.83.223.227 - - [27/Jun/2022:10:34:17 +0800] "POST /xingrg/kc/buy/cgsh_list_operate.html HTTP/1.1" 200 278
101.83.223.227 - - [27/Jun/2022:10:34:19 +0800] "POST /xingrg/kc/buy/cgsh_list_operate.html HTTP/1.1" 200 351
101.83.223.227 - - [27/Jun/2022:10:34:20 +0800] "GET /xingrg/all/function/internal_message.html?_=1656297211713&CODE_STATE=getMsg HTTP/1.1" 200 27
114.83.219.139 - - [27/Jun/2022:10:34:25 +0800] "GET /xingrg/kc/buy/cgsh_order_operate.html?command=get_materiel&rest_code=00149&code=00101003006&supplier_code=00100092&order_time=2022-06-27 HTTP/1.1" 200 434
101.85.95.26 - - [27/Jun/2022:10:34:25 +0800] "GET /xingrg/check_reg.html?_=1656297265224 HTTP/1.1" 200 22
101.85.95.26 - - [27/Jun/2022:10:34:25 +0800] "GET /xingrg/all/function/internal_message.html?_=1656297265226&CODE_STATE=getMsg HTTP/1.1" 200 27
58.37.225.129 - - [27/Jun/2022:10:34:26 +0800] "GET /xingrg/all/function/internal_message.html?_=1656296977727&CODE_STATE=getMsg HTTP/1.1" 200 27
101.83.223.227 - - [27/Jun/2022:10:34:28 +0800] "POST /xingrg/kc/buy/cgsh_list_operate.html HTTP/1.1" 200 202
116.235.94.65 - - [27/Jun/2022:10:34:29 +0800] "GET /xingrg/all/function/internal_message.html?_=1656297450157&CODE_STATE=getMsg HTTP/1.1" 200 27
101.83.223.227 - - [27/Jun/2022:10:34:30 +0800] "POST /xingrg/kc/buy/cgsh_list_operate.html HTTP/1.1" 200 571
180.156.212.250 - - [27/Jun/2022:10:34:31 +0800] "GET /xingrg/all/function/internal_message.html?_=1656297269770&CODE_STATE=getMsg HTTP/1.1" 200 27
120.253.135.82 - - [27/Jun/2022:10:34:35 +0800] "GET /xingrg/all/function/internal_message.html?_=1656297084089&CODE_STATE=getMsg HTTP/1.1" 200 27
114.83.219.139 - - [27/Jun/2022:10:34:36 +0800] "GET /xingrg/kc/buy/cgsh_order_operate.html?command=get_materiel&rest_code=00149&code=00101003035&supplier_code=00100092&order_time=2022-06-27 HTTP/1.1" 200 427
222.69.144.95 - - [27/Jun/2022:10:34:37 +0800] "GET /xingrg/all/function/internal_message.html?_=1656297317547&CODE_STATE=getMsg HTTP/1.1" 200 27
101.83.144.189 - - [27/Jun/2022:10:34:39 +0800] "GET /xingrg/all/function/internal_message.html?_=1656297183918&CODE_STATE=getMsg HTTP/1.1" 200 27
58.37.225.129 - - [27/Jun/2022:10:34:42 +0800] "GET /xingrg/kc/buy/cgsh_order_operate.html?command=get_materiel&rest_code=00141&code=00101002058&supplier_code=00100313&order_time=2022-06-25 HTTP/1.1" 200 430
180.156.212.250 - - [27/Jun/2022:10:34:46 +0800] "GET /xingrg/kc/base/wldb_order_list.html HTTP/1.1" 200 19142
180.156.212.250 - - [27/Jun/2022:10:34:47 +0800] "POST /xingrg/kc/base/wldb_list_operate.html HTTP/1.1" 200 1765
180.156.212.250 - - [27/Jun/2022:10:34:47 +0800] "GET /xingrg/kc/base/wldb_order_add.html HTTP/1.1" 200 30356
58.35.194.53 - - [27/Jun/2022:10:34:48 +0800] "GET /xingrg/all/function/internal_message.html?_=1656297287219&CODE_STATE=getMsg HTTP/1.1" 200 27
222.64.56.86 - - [27/Jun/2022:10:34:48 +0800] "POST /xingrg/services/DataTransmitService HTTP/1.1" 200 524
180.156.212.250 - - [27/Jun/2022:10:34:48 +0800] "POST /xingrg/kc/base/wldb_order_operate.html HTTP/1.1" 200 6806
180.156.212.250 - - [27/Jun/2022:10:34:48 +0800] "GET /xingrg/all/common/auto_word.html?type=base&rest_code=00102 HTTP/1.1" 200 1807
180.156.212.250 - - [27/Jun/2022:10:34:48 +0800] "GET /xingrg/all/common/auto_word.html?type=base&rest_code=00102 HTTP/1.1" 200 1807
180.156.212.250 - - [27/Jun/2022:10:34:48 +0800] "GET /xingrg/javascript/easyui/themes/default/validatebox.css HTTP/1.1" 404 1104
180.156.212.250 - - [27/Jun/2022:10:34:49 +0800] "GET /xingrg/kc/base/wldb_order_list.html HTTP/1.1" 200 19142
180.156.212.250 - - [27/Jun/2022:10:34:49 +0800] "POST /xingrg/kc/base/wldb_list_operate.html HTTP/1.1" 200 1765
180.156.212.250 - - [27/Jun/2022:10:34:51 +0800] "POST /xingrg/kc/base/wldb_list_operate.html HTTP/1.1" 200 392
180.156.212.250 - - [27/Jun/2022:10:34:52 +0800] "GET /xingrg/kc/base/wldb_order_add.html HTTP/1.1" 200 30356
180.156.212.250 - - [27/Jun/2022:10:34:53 +0800] "POST /xingrg/kc/base/wldb_order_operate.html HTTP/1.1" 200 6806
180.156.212.250 - - [27/Jun/2022:10:34:53 +0800] "GET /xingrg/javascript/easyui/themes/default/validatebox.css HTTP/1.1" 404 1104
114.83.219.139 - - [27/Jun/2022:10:34:56 +0800] "GET /xingrg/all/function/internal_message.html?_=1656297295290&CODE_STATE=getMsg HTTP/1.1" 200 27
180.169.147.146 - - [27/Jun/2022:10:35:01 +0800] "GET /xingrg/all/function/internal_message.html?_=1656297300113&CODE_STATE=getMsg HTTP/1.1" 200 27
114.83.219.139 - - [27/Jun/2022:10:35:02 +0800] "POST /xingrg/kc/buy/cgsh_order_operate.html HTTP/1.1" 200 37
114.83.219.139 - - [27/Jun/2022:10:35:05 +0800] "POST /xingrg/kc/buy/cgsh_order_operate.html HTTP/1.1" 200 12
180.156.212.250 - - [27/Jun/2022:10:35:05 +0800] "GET /xingrg/kc/base/wldb_order_operate.html?command=get_materiel&rest_code=00102&base_code=0010477&code=00102010133 HTTP/1.1" 200 429
218.81.223.53 - - [27/Jun/2022:10:35:05 +0800] "GET /xingrg/all/function/internal_message.html?_=1656297306780&CODE_STATE=getMsg HTTP/1.1" 200 27
114.83.219.139 - - [27/Jun/2022:10:35:06 +0800] "GET /xingrg/kc/buy/cgsh_order_info.html?code=212022062703530 HTTP/1.1" 200 62806
114.83.219.139 - - [27/Jun/2022:10:35:07 +0800] "GET /xingrg/javascript/easyui/themes/default/validatebox.css HTTP/1.1" 404 1104
114.83.219.139 - - [27/Jun/2022:10:35:07 +0800] "POST /xingrg/kc/buy/cgsh_order_operate.html HTTP/1.1" 200 1206
114.83.219.139 - - [27/Jun/2022:10:35:09 +0800] "GET /xingrg/kc/print/load_data.html?order_code=212022062703530&kc_code=cgsh&condition= HTTP/1.1" 200 998
