101.83.223.227 - - [23/Jun/2022:09:51:25 +0800] "GET /xingrg/javascript/jquery_easy_ui/themes/icons/print.png HTTP/1.1" 304 -
101.83.223.227 - - [23/Jun/2022:09:51:25 +0800] "GET /xingrg/javascript/jquery_easy_ui/themes/default/images/menu_downarrow.png HTTP/1.1" 304 -
101.83.223.227 - - [23/Jun/2022:09:51:25 +0800] "GET /xingrg/javascript/jquery_easy_ui/themes/icons/back_new.png HTTP/1.1" 304 -
101.83.223.227 - - [23/Jun/2022:09:51:25 +0800] "GET /xingrg/javascript/jquery_easy_ui/themes/default/images/combo_arrow_dot.gif HTTP/1.1" 304 -
101.83.223.227 - - [23/Jun/2022:09:51:26 +0800] "GET /xingrg/images/blue/button/kc_tab_add.gif HTTP/1.1" 304 -
101.83.223.227 - - [23/Jun/2022:09:51:26 +0800] "GET /xingrg/images/blue/button/kc_tab_edit.gif HTTP/1.1" 304 -
101.83.223.227 - - [23/Jun/2022:09:51:26 +0800] "GET /xingrg/images/blue/button/kc_tab_save.gif HTTP/1.1" 304 -
101.83.223.227 - - [23/Jun/2022:09:51:26 +0800] "GET /xingrg/images/blue/button/kc_tab_del.gif HTTP/1.1" 304 -
101.83.223.227 - - [23/Jun/2022:09:51:26 +0800] "GET /xingrg/images/blue/kc_tab_left.gif HTTP/1.1" 304 -
101.83.223.227 - - [23/Jun/2022:09:51:26 +0800] "GET /xingrg/images/blue/kc_tab_mid.gif HTTP/1.1" 304 -
101.83.223.227 - - [23/Jun/2022:09:51:26 +0800] "GET /xingrg/images/blue/kc_tab_right.gif HTTP/1.1" 304 -
101.83.223.227 - - [23/Jun/2022:09:51:26 +0800] "GET /xingrg/images/blue/kc_tab2_left.gif HTTP/1.1" 304 -
101.83.223.227 - - [23/Jun/2022:09:51:26 +0800] "GET /xingrg/images/blue/kc_tab2_right.gif HTTP/1.1" 304 -
180.169.147.146 - - [23/Jun/2022:09:51:26 +0800] "GET /xingrg/all/function/internal_message.html?_=1655949084369&CODE_STATE=getMsg HTTP/1.1" 200 27
180.156.212.250 - - [23/Jun/2022:09:51:27 +0800] "GET /xingrg/all/function/internal_message.html?_=1655949084806&CODE_STATE=getMsg HTTP/1.1" 200 27
218.81.223.53 - - [23/Jun/2022:09:51:33 +0800] "GET /xingrg/all/function/internal_message.html?_=1655949104989&CODE_STATE=getMsg HTTP/1.1" 200 27
101.83.223.227 - - [23/Jun/2022:09:51:34 +0800] "GET /xingrg/kc/buy/cgsh_order_operate.html?command=get_materiel&rest_code=00151&code=00101008318&supplier_code=00100007&order_time=2022-06-23 HTTP/1.1" 200 408
101.83.223.227 - - [23/Jun/2022:09:51:35 +0800] "GET /xingrg/images/blue/wait.gif HTTP/1.1" 304 -
101.83.223.227 - - [23/Jun/2022:09:51:35 +0800] "POST /xingrg/dwr/call/plaincall/AjaxQqpsService.saveOrder.dwr HTTP/1.1" 200 78
58.35.194.53 - - [23/Jun/2022:09:51:36 +0800] "GET /xingrg/all/function/internal_message.html?_=1655949094216&CODE_STATE=getMsg HTTP/1.1" 200 27
114.88.162.248 - - [23/Jun/2022:09:51:37 +0800] "GET /xingrg/all/function/internal_message.html?_=1655949093443&CODE_STATE=getMsg HTTP/1.1" 200 27
101.83.223.227 - - [23/Jun/2022:09:51:39 +0800] "POST /xingrg/dwr/call/plaincall/AjaxQqpsService.getMaterielByCode.dwr HTTP/1.1" 200 3694
101.83.223.227 - - [23/Jun/2022:09:51:41 +0800] "POST /xingrg/dwr/call/plaincall/AjaxQqpsService.saveMaterielItem.dwr HTTP/1.1" 200 78
114.83.223.30 - - [23/Jun/2022:09:51:42 +0800] "GET /xingrg/all/function/internal_message.html?_=1655949097901&CODE_STATE=getMsg HTTP/1.1" 200 27
101.83.223.227 - - [23/Jun/2022:09:51:44 +0800] "GET /xingrg/all/function/internal_message.html?_=1655949100558&CODE_STATE=getMsg HTTP/1.1" 200 27
101.83.223.227 - - [23/Jun/2022:09:51:44 +0800] "POST /xingrg/dwr/call/plaincall/AjaxQqpsService.getMaterielByCode.dwr HTTP/1.1" 200 3763
101.83.223.227 - - [23/Jun/2022:09:51:44 +0800] "GET /xingrg/kc/buy/cgsh_order_operate.html?command=get_materiel&rest_code=00151&code=00101016051&supplier_code=00100007&order_time=2022-06-23 HTTP/1.1" 200 408
101.83.223.227 - - [23/Jun/2022:09:51:46 +0800] "POST /xingrg/dwr/call/plaincall/AjaxQqpsService.saveMaterielItem.dwr HTTP/1.1" 200 78
101.85.95.26 - - [23/Jun/2022:09:51:48 +0800] "GET /xingrg/all/function/internal_message.html?_=1655949106925&CODE_STATE=getMsg HTTP/1.1" 200 27
101.83.223.227 - - [23/Jun/2022:09:51:51 +0800] "POST /xingrg/dwr/call/plaincall/AjaxQqpsService.getMaterielByCode.dwr HTTP/1.1" 200 3737
101.83.223.227 - - [23/Jun/2022:09:51:52 +0800] "POST /xingrg/dwr/call/plaincall/AjaxQqpsService.saveMaterielItem.dwr HTTP/1.1" 200 78
101.83.223.227 - - [23/Jun/2022:09:51:52 +0800] "GET /xingrg/kc/buy/cgsh_order_operate.html?command=get_materiel&rest_code=00151&code=00101008270&supplier_code=00100007&order_time=2022-06-23 HTTP/1.1" 200 412
114.84.82.172 - - [23/Jun/2022:09:51:59 +0800] "GET /xingrg/check_reg.html?_=1655949118778 HTTP/1.1" 200 22
114.84.82.172 - - [23/Jun/2022:09:51:59 +0800] "GET /xingrg/all/function/internal_message.html?_=1655949118780&CODE_STATE=getMsg HTTP/1.1" 200 27
101.83.223.227 - - [23/Jun/2022:09:52:00 +0800] "GET /xingrg/kc/buy/cgsh_order_operate.html?command=get_materiel&rest_code=00151&code=00101008095&supplier_code=00100007&order_time=2022-06-23 HTTP/1.1" 200 412
101.83.223.227 - - [23/Jun/2022:09:52:01 +0800] "POST /xingrg/dwr/call/plaincall/AjaxQqpsService.getMaterielByCode.dwr HTTP/1.1" 200 3672
101.83.223.227 - - [23/Jun/2022:09:52:04 +0800] "POST /xingrg/dwr/call/plaincall/AjaxQqpsService.saveMaterielItem.dwr HTTP/1.1" 200 78
101.83.223.227 - - [23/Jun/2022:09:52:06 +0800] "GET /xingrg/check_reg.html?_=1655949080764 HTTP/1.1" 200 22
101.83.223.227 - - [23/Jun/2022:09:52:06 +0800] "GET /xingrg/all/function/internal_message.html?_=1655949080849&CODE_STATE=getMsg HTTP/1.1" 200 27
180.156.212.250 - - [23/Jun/2022:09:52:08 +0800] "GET /xingrg/kc/buy/cgsh_order_add.html HTTP/1.1" 200 67744
180.156.212.250 - - [23/Jun/2022:09:52:08 +0800] "POST /xingrg/kc/buy/cgsh_order_operate.html HTTP/1.1" 200 8245
180.156.212.250 - - [23/Jun/2022:09:52:08 +0800] "GET /xingrg/javascript/easyui/themes/default/validatebox.css HTTP/1.1" 404 1104
101.83.223.227 - - [23/Jun/2022:09:52:10 +0800] "POST /xingrg/dwr/call/plaincall/AjaxQqpsService.getMaterielByCode.dwr HTTP/1.1" 200 3723
101.83.223.227 - - [23/Jun/2022:09:52:11 +0800] "GET /xingrg/kc/buy/cgsh_order_operate.html?command=get_materiel&rest_code=00151&code=00101008221&supplier_code=00100007&order_time=2022-06-23 HTTP/1.1" 200 412
101.83.223.227 - - [23/Jun/2022:09:52:12 +0800] "POST /xingrg/dwr/call/plaincall/AjaxQqpsService.saveMaterielItem.dwr HTTP/1.1" 200 79
180.156.212.250 - - [23/Jun/2022:09:52:14 +0800] "GET /xingrg/kc/buy/cgsh_order_operate.html?command=get_materiel&rest_code=00102&code=00101002038&supplier_code=00100347&order_time=2022-06-23 HTTP/1.1" 200 416
101.83.223.227 - - [23/Jun/2022:09:52:17 +0800] "POST /xingrg/dwr/call/plaincall/AjaxQqpsService.getMaterielByCode.dwr HTTP/1.1" 200 3714
120.253.135.82 - - [23/Jun/2022:09:52:18 +0800] "GET /xingrg/all/function/internal_message.html?_=1655948946147&CODE_STATE=getMsg HTTP/1.1" 200 27
101.83.223.227 - - [23/Jun/2022:09:52:19 +0800] "POST /xingrg/dwr/call/plaincall/AjaxQqpsService.saveMaterielItem.dwr HTTP/1.1" 200 79
114.95.43.0 - - [23/Jun/2022:09:52:19 +0800] "GET /xingrg/all/function/internal_message.html?_=1655949140741&CODE_STATE=getMsg HTTP/1.1" 200 27
180.169.147.146 - - [23/Jun/2022:09:52:26 +0800] "GET /xingrg/check_reg.html?_=1655949144356 HTTP/1.1" 200 22
180.169.147.146 - - [23/Jun/2022:09:52:26 +0800] "GET /xingrg/all/function/internal_message.html?_=1655949144361&CODE_STATE=getMsg HTTP/1.1" 200 27
180.156.212.250 - - [23/Jun/2022:09:52:27 +0800] "GET /xingrg/all/function/internal_message.html?_=1655949144822&CODE_STATE=getMsg HTTP/1.1" 200 27
101.83.223.227 - - [23/Jun/2022:09:52:27 +0800] "POST /xingrg/dwr/call/plaincall/AjaxQqpsService.getMaterielByCode.dwr HTTP/1.1" 200 3751
101.83.223.227 - - [23/Jun/2022:09:52:29 +0800] "POST /xingrg/dwr/call/plaincall/AjaxQqpsService.saveMaterielItem.dwr HTTP/1.1" 200 79
101.83.223.227 - - [23/Jun/2022:09:52:32 +0800] "POST /xingrg/dwr/call/plaincall/AjaxQqpsService.getMaterielByCode.dwr HTTP/1.1" 200 3727
218.81.223.53 - - [23/Jun/2022:09:52:33 +0800] "GET /xingrg/all/function/internal_message.html?_=1655949165002&CODE_STATE=getMsg HTTP/1.1" 200 27
101.83.223.227 - - [23/Jun/2022:09:52:34 +0800] "POST /xingrg/dwr/call/plaincall/AjaxQqpsService.saveMaterielItem.dwr HTTP/1.1" 200 79
58.35.194.53 - - [23/Jun/2022:09:52:36 +0800] "GET /xingrg/all/function/internal_message.html?_=1655949154201&CODE_STATE=getMsg HTTP/1.1" 200 27
114.88.162.248 - - [23/Jun/2022:09:52:37 +0800] "GET /xingrg/all/function/internal_message.html?_=1655949153413&CODE_STATE=getMsg HTTP/1.1" 200 27
180.156.212.250 - - [23/Jun/2022:09:52:40 +0800] "POST /xingrg/kc/buy/cgsh_order_operate.html HTTP/1.1" 200 37
101.83.223.227 - - [23/Jun/2022:09:52:40 +0800] "POST /xingrg/dwr/call/plaincall/AjaxQqpsService.getMaterielByCode.dwr HTTP/1.1" 200 3768
101.83.223.227 - - [23/Jun/2022:09:52:42 +0800] "POST /xingrg/dwr/call/plaincall/AjaxQqpsService.saveMaterielItem.dwr HTTP/1.1" 200 79
114.83.223.30 - - [23/Jun/2022:09:52:42 +0800] "GET /xingrg/all/function/internal_message.html?_=1655949157873&CODE_STATE=getMsg HTTP/1.1" 200 27
101.83.223.227 - - [23/Jun/2022:09:52:42 +0800] "GET /xingrg/kc/buy/cgsh_order_operate.html?command=get_materiel&rest_code=00151&code=00101008350&supplier_code=00100007&order_time=2022-06-23 HTTP/1.1" 200 408
101.83.223.227 - - [23/Jun/2022:09:52:44 +0800] "GET /xingrg/all/function/internal_message.html?_=1655949160567&CODE_STATE=getMsg HTTP/1.1" 200 27
180.156.212.250 - - [23/Jun/2022:09:52:44 +0800] "POST /xingrg/kc/buy/cgsh_order_operate.html HTTP/1.1" 200 12
101.83.223.227 - - [23/Jun/2022:09:52:45 +0800] "POST /xingrg/dwr/call/plaincall/AjaxQqpsService.getMaterielByCode.dwr HTTP/1.1" 200 3768
101.85.95.26 - - [23/Jun/2022:09:52:48 +0800] "GET /xingrg/check_reg.html?_=1655949166926 HTTP/1.1" 200 22
101.85.95.26 - - [23/Jun/2022:09:52:49 +0800] "GET /xingrg/all/function/internal_message.html?_=1655949166928&CODE_STATE=getMsg HTTP/1.1" 200 27
101.83.223.227 - - [23/Jun/2022:09:52:50 +0800] "POST /xingrg/dwr/call/plaincall/AjaxQqpsService.saveMaterielItem.dwr HTTP/1.1" 200 79
101.83.223.227 - - [23/Jun/2022:09:52:54 +0800] "POST /xingrg/dwr/call/plaincall/AjaxQqpsService.getMaterielByCode.dwr HTTP/1.1" 200 3753
180.156.212.250 - - [23/Jun/2022:09:52:55 +0800] "GET /xingrg/kc/buy/cgsh_order_info.html?code=212022062302774 HTTP/1.1" 200 62639
180.156.212.250 - - [23/Jun/2022:09:52:55 +0800] "GET /xingrg/javascript/easyui/themes/default/validatebox.css HTTP/1.1" 404 1104
180.156.212.250 - - [23/Jun/2022:09:52:56 +0800] "POST /xingrg/kc/buy/cgsh_order_operate.html HTTP/1.1" 200 614
180.156.212.250 - - [23/Jun/2022:09:52:57 +0800] "GET /xingrg/kc/print/load_data.html?order_code=212022062302774&kc_code=cgsh&condition= HTTP/1.1" 200 704
101.83.223.227 - - [23/Jun/2022:09:52:59 +0800] "POST /xingrg/dwr/call/plaincall/AjaxQqpsService.saveMaterielItem.dwr HTTP/1.1" 200 79
114.84.82.172 - - [23/Jun/2022:09:52:59 +0800] "GET /xingrg/all/function/internal_message.html?_=1655949178765&CODE_STATE=getMsg HTTP/1.1" 200 27
101.83.223.227 - - [23/Jun/2022:09:53:04 +0800] "POST /xingrg/dwr/call/plaincall/AjaxQqpsService.removeMaterielItem.dwr HTTP/1.1" 200 79
101.83.223.227 - - [23/Jun/2022:09:53:06 +0800] "GET /xingrg/all/function/internal_message.html?_=1655949140879&CODE_STATE=getMsg HTTP/1.1" 200 27
101.83.223.227 - - [23/Jun/2022:09:53:12 +0800] "POST /xingrg/dwr/call/plaincall/AjaxQqpsService.getMaterielByCode.dwr HTTP/1.1" 200 3673
120.253.135.82 - - [23/Jun/2022:09:53:13 +0800] "GET /xingrg/check_reg.html?_=1655949001559 HTTP/1.1" 200 22
101.83.223.227 - - [23/Jun/2022:09:53:15 +0800] "POST /xingrg/dwr/call/plaincall/AjaxQqpsService.saveMaterielItem.dwr HTTP/1.1" 200 79
120.253.135.82 - - [23/Jun/2022:09:53:18 +0800] "GET /xingrg/all/function/internal_message.html?_=1655949006161&CODE_STATE=getMsg HTTP/1.1" 200 27
114.95.43.0 - - [23/Jun/2022:09:53:19 +0800] "GET /xingrg/all/function/internal_message.html?_=1655949200734&CODE_STATE=getMsg HTTP/1.1" 200 27
101.83.223.227 - - [23/Jun/2022:09:53:21 +0800] "POST /xingrg/dwr/call/plaincall/AjaxQqpsService.getMaterielByCode.dwr HTTP/1.1" 200 3769
101.83.223.227 - - [23/Jun/2022:09:53:22 +0800] "POST /xingrg/dwr/call/plaincall/AjaxQqpsService.saveMaterielItem.dwr HTTP/1.1" 200 79
180.169.147.146 - - [23/Jun/2022:09:53:26 +0800] "GET /xingrg/all/function/internal_message.html?_=1655949204365&CODE_STATE=getMsg HTTP/1.1" 200 27
180.156.212.250 - - [23/Jun/2022:09:53:27 +0800] "GET /xingrg/all/function/internal_message.html?_=1655949204817&CODE_STATE=getMsg HTTP/1.1" 200 27
180.156.212.250 - - [23/Jun/2022:09:53:27 +0800] "GET /xingrg/check_reg.html?_=1655949204822 HTTP/1.1" 200 22
101.83.223.227 - - [23/Jun/2022:09:53:27 +0800] "GET /xingrg/kc/buy/cgsh_order_operate.html?command=get_materiel&rest_code=00151&code=00101008344&supplier_code=00100007&order_time=2022-06-23 HTTP/1.1" 200 412
101.83.223.227 - - [23/Jun/2022:09:53:32 +0800] "POST /xingrg/dwr/call/plaincall/AjaxQqpsService.getMaterielByCode.dwr HTTP/1.1" 200 3783
218.81.223.53 - - [23/Jun/2022:09:53:33 +0800] "GET /xingrg/all/function/internal_message.html?_=1655949225193&CODE_STATE=getMsg HTTP/1.1" 200 27
101.83.223.227 - - [23/Jun/2022:09:53:35 +0800] "GET /xingrg/kc/buy/cgsh_order_operate.html?command=get_materiel&rest_code=00151&code=00101008118&supplier_code=00100007&order_time=2022-06-23 HTTP/1.1" 200 418
58.35.194.53 - - [23/Jun/2022:09:53:36 +0800] "GET /xingrg/all/function/internal_message.html?_=1655949214169&CODE_STATE=getMsg HTTP/1.1" 200 27
101.83.223.227 - - [23/Jun/2022:09:53:37 +0800] "POST /xingrg/dwr/call/plaincall/AjaxQqpsService.saveMaterielItem.dwr HTTP/1.1" 200 79
114.88.162.248 - - [23/Jun/2022:09:53:37 +0800] "GET /xingrg/all/function/internal_message.html?_=1655949213383&CODE_STATE=getMsg HTTP/1.1" 200 27
101.83.223.227 - - [23/Jun/2022:09:53:40 +0800] "POST /xingrg/dwr/call/plaincall/AjaxQqpsService.getMaterielByCode.dwr HTTP/1.1" 200 3771
114.83.223.30 - - [23/Jun/2022:09:53:42 +0800] "GET /xingrg/all/function/internal_message.html?_=1655949217883&CODE_STATE=getMsg HTTP/1.1" 200 27
101.83.223.227 - - [23/Jun/2022:09:53:44 +0800] "GET /xingrg/all/function/internal_message.html?_=1655949220562&CODE_STATE=getMsg HTTP/1.1" 200 27
101.83.223.227 - - [23/Jun/2022:09:53:44 +0800] "GET /xingrg/kc/buy/cgsh_order_operate.html?command=get_materiel&rest_code=00151&code=00101008288&supplier_code=00100007&order_time=2022-06-23 HTTP/1.1" 200 408
101.85.95.26 - - [23/Jun/2022:09:53:48 +0800] "GET /xingrg/all/function/internal_message.html?_=1655949226927&CODE_STATE=getMsg HTTP/1.1" 200 27
101.83.223.227 - - [23/Jun/2022:09:53:51 +0800] "POST /xingrg/dwr/call/plaincall/AjaxQqpsService.saveMaterielItem.dwr HTTP/1.1" 200 79
101.83.223.227 - - [23/Jun/2022:09:53:58 +0800] "POST /xingrg/dwr/call/plaincall/AjaxQqpsService.getMaterielByCode.dwr HTTP/1.1" 200 3755
114.84.82.172 - - [23/Jun/2022:09:53:59 +0800] "GET /xingrg/all/function/internal_message.html?_=1655949238764&CODE_STATE=getMsg HTTP/1.1" 200 27
101.83.223.227 - - [23/Jun/2022:09:54:01 +0800] "POST /xingrg/dwr/call/plaincall/AjaxQqpsService.saveMaterielItem.dwr HTTP/1.1" 200 79
101.83.223.227 - - [23/Jun/2022:09:54:03 +0800] "POST /xingrg/dwr/call/plaincall/AjaxQqpsService.checkOrder.dwr HTTP/1.1" 200 79
101.83.223.227 - - [23/Jun/2022:09:54:04 +0800] "GET /xingrg/kc/mdqp/qqps_order_info.html?code=302022062300238 HTTP/1.1" 200 26409
101.83.223.227 - - [23/Jun/2022:09:54:04 +0800] "GET /xingrg/dwr/interface/AjaxComOrderService.js HTTP/1.1" 200 18264
101.83.223.227 - - [23/Jun/2022:09:54:04 +0800] "GET /xingrg/dwr/interface/AjaxQqpsService.js HTTP/1.1" 200 16326
101.83.223.227 - - [23/Jun/2022:09:54:04 +0800] "GET /xingrg/dwr/engine.js HTTP/1.1" 200 43631
101.83.223.227 - - [23/Jun/2022:09:54:05 +0800] "POST /xingrg/dwr/call/plaincall/AjaxQqpsService.loadMaterielItems.dwr HTTP/1.1" 200 4596
101.83.223.227 - - [23/Jun/2022:09:54:06 +0800] "GET /xingrg/all/function/internal_message.html?_=1655949200892&CODE_STATE=getMsg HTTP/1.1" 200 27
101.83.223.227 - - [23/Jun/2022:09:54:07 +0800] "GET /xingrg/kc/buy/cgsh_order_operate.html?command=get_materiel&rest_code=00151&code=00101008286&supplier_code=00100007&order_time=2022-06-23 HTTP/1.1" 200 408
101.83.223.227 - - [23/Jun/2022:09:54:08 +0800] "GET /xingrg/kc/mdqp/qqps_order_add.html HTTP/1.1" 200 28002
101.83.223.227 - - [23/Jun/2022:09:54:08 +0800] "GET /xingrg/dwr/interface/AjaxQqpsService.js HTTP/1.1" 200 16326
101.83.223.227 - - [23/Jun/2022:09:54:08 +0800] "GET /xingrg/dwr/interface/AjaxComOrderService.js HTTP/1.1" 200 18264
101.83.223.227 - - [23/Jun/2022:09:54:08 +0800] "GET /xingrg/dwr/engine.js HTTP/1.1" 200 43631
101.83.223.227 - - [23/Jun/2022:09:54:16 +0800] "GET /xingrg/kc/buy/cgsh_order_operate.html?command=get_materiel&rest_code=00151&code=00101008451&supplier_code=00100007&order_time=2022-06-23 HTTP/1.1" 200 410
101.83.223.227 - - [23/Jun/2022:09:54:16 +0800] "POST /xingrg/dwr/call/plaincall/AjaxQqpsService.saveOrder.dwr HTTP/1.1" 200 78
120.253.135.82 - - [23/Jun/2022:09:54:18 +0800] "GET /xingrg/all/function/internal_message.html?_=1655949066175&CODE_STATE=getMsg HTTP/1.1" 200 27
101.83.223.227 - - [23/Jun/2022:09:54:19 +0800] "POST /xingrg/dwr/call/plaincall/AjaxQqpsService.getMaterielByCode.dwr HTTP/1.1" 200 3679
114.95.43.0 - - [23/Jun/2022:09:54:19 +0800] "GET /xingrg/all/function/internal_message.html?_=1655949260741&CODE_STATE=getMsg HTTP/1.1" 200 27
101.83.223.227 - - [23/Jun/2022:09:54:22 +0800] "POST /xingrg/dwr/call/plaincall/AjaxQqpsService.saveMaterielItem.dwr HTTP/1.1" 200 78
101.83.223.227 - - [23/Jun/2022:09:54:24 +0800] "POST /xingrg/dwr/call/plaincall/AjaxQqpsService.checkOrder.dwr HTTP/1.1" 200 78
101.83.223.227 - - [23/Jun/2022:09:54:25 +0800] "GET /xingrg/kc/buy/cgsh_order_operate.html?command=get_materiel&rest_code=00151&code=00101016025&supplier_code=00100007&order_time=2022-06-23 HTTP/1.1" 200 408
101.83.223.227 - - [23/Jun/2022:09:54:26 +0800] "GET /xingrg/kc/mdqp/qqps_order_info.html?code=302022062300239 HTTP/1.1" 200 26409
101.83.223.227 - - [23/Jun/2022:09:54:26 +0800] "GET /xingrg/dwr/interface/AjaxQqpsService.js HTTP/1.1" 200 16326
101.83.223.227 - - [23/Jun/2022:09:54:26 +0800] "GET /xingrg/dwr/interface/AjaxComOrderService.js HTTP/1.1" 200 18264
101.83.223.227 - - [23/Jun/2022:09:54:26 +0800] "GET /xingrg/dwr/engine.js HTTP/1.1" 200 43631
180.169.147.146 - - [23/Jun/2022:09:54:26 +0800] "GET /xingrg/all/function/internal_message.html?_=1655949264366&CODE_STATE=getMsg HTTP/1.1" 200 27
101.83.223.227 - - [23/Jun/2022:09:54:26 +0800] "POST /xingrg/dwr/call/plaincall/AjaxQqpsService.loadMaterielItems.dwr HTTP/1.1" 200 331
180.156.212.250 - - [23/Jun/2022:09:54:27 +0800] "GET /xingrg/all/function/internal_message.html?_=1655949264817&CODE_STATE=getMsg HTTP/1.1" 200 27
101.83.223.227 - - [23/Jun/2022:09:54:28 +0800] "GET /xingrg/javascript/jquery_easy_ui/themes/default/images/button_a_bg.gif HTTP/1.1" 304 -
101.83.223.227 - - [23/Jun/2022:09:54:28 +0800] "GET /xingrg/javascript/jquery_easy_ui/themes/default/images/button_span_bg.gif HTTP/1.1" 304 -
101.83.223.227 - - [23/Jun/2022:09:54:28 +0800] "GET /xingrg/javascript/jquery_easy_ui/themes/default/images/panel_tools.gif HTTP/1.1" 304 -
101.83.223.227 - - [23/Jun/2022:09:54:28 +0800] "GET /xingrg/javascript/jquery_easy_ui/themes/default/images/panel_title.png HTTP/1.1" 304 -
101.83.223.227 - - [23/Jun/2022:09:54:30 +0800] "POST /xingrg/all/user/operate.html HTTP/1.1" 200 36
101.83.223.227 - - [23/Jun/2022:09:54:30 +0800] "GET /xingrg/javascript/jquery_easy_ui/themes/default/easyui.css HTTP/1.1" 304 -
101.83.223.227 - - [23/Jun/2022:09:54:30 +0800] "GET /xingrg/index.html?sysBaseUrl=http%3A%2F%2F180.169.147.146%3A18081%2Fxingrg%2F&costTime=43×tamp=1655948825549 HTTP/1.1" 200 17177
101.83.223.227 - - [23/Jun/2022:09:54:30 +0800] "GET /xingrg/javascript/jquery_easy_ui/themes/icon.css HTTP/1.1" 304 -
101.83.223.227 - - [23/Jun/2022:09:54:30 +0800] "GET /xingrg/css/form.css HTTP/1.1" 304 -
101.83.223.227 - - [23/Jun/2022:09:54:30 +0800] "GET /xingrg/javascript/jquery-1.4.2.min.js HTTP/1.1" 304 -
101.83.223.227 - - [23/Jun/2022:09:54:30 +0800] "GET /xingrg/javascript/jquery_easy_ui/jquery.easyui.min.js HTTP/1.1" 304 -
101.83.223.227 - - [23/Jun/2022:09:54:30 +0800] "GET /xingrg/javascript/jquery_easy_ui/easyui-lang-zh_CN.js HTTP/1.1" 304 -
101.83.223.227 - - [23/Jun/2022:09:54:30 +0800] "GET /xingrg/javascript/jquery.form.js HTTP/1.1" 304 -
101.83.223.227 - - [23/Jun/2022:09:54:30 +0800] "GET /xingrg/javascript/jquery.utils.js HTTP/1.1" 304 -
101.83.223.227 - - [23/Jun/2022:09:54:30 +0800] "GET /xingrg/javascript/jquery.timers.js HTTP/1.1" 304 -
101.83.223.227 - - [23/Jun/2022:09:54:30 +0800] "GET /xingrg/images/blue/jxLogo.png HTTP/1.1" 304 -
101.83.223.227 - - [23/Jun/2022:09:54:30 +0800] "GET /xingrg/images/blue/navBackgound.jpg HTTP/1.1" 304 -
101.83.223.227 - - [23/Jun/2022:09:54:30 +0800] "GET /xingrg/javascript/jquery_easy_ui/themes/icons/settle_new.png HTTP/1.1" 304 -
101.83.223.227 - - [23/Jun/2022:09:54:30 +0800] "POST /xingrg/all/common/load_tree.html?tree=area_rest_tree_json&manage=1 HTTP/1.1" 200 476
101.83.223.227 - - [23/Jun/2022:09:54:30 +0800] "GET /xingrg/images/blue/pingpu.png HTTP/1.1" 304 -
101.83.223.227 - - [23/Jun/2022:09:54:30 +0800] "GET /xingrg/javascript/jquery_easy_ui/themes/default/images/tabs_leftarrow.png HTTP/1.1" 304 -
101.83.223.227 - - [23/Jun/2022:09:54:30 +0800] "GET /xingrg/javascript/jquery_easy_ui/themes/default/images/tabs_rightarrow.png HTTP/1.1" 304 -
101.83.223.227 - - [23/Jun/2022:09:54:30 +0800] "GET /xingrg/javascript/jquery_easy_ui/themes/default/images/panel_tool_collapse.gif HTTP/1.1" 304 -
101.83.223.227 - - [23/Jun/2022:09:54:30 +0800] "GET /xingrg/all/function/internal_message.html?_=1655949224984&CODE_STATE=count HTTP/1.1" 200 11
101.83.223.227 - - [23/Jun/2022:09:54:30 +0800] "GET /xingrg/check_reg.html?_=1655949224985 HTTP/1.1" 200 22
101.83.223.227 - - [23/Jun/2022:09:54:30 +0800] "POST /xingrg/load_menu.html HTTP/1.1" 200 5138
101.83.223.227 - - [23/Jun/2022:09:54:33 +0800] "GET /xingrg/kc/buy/cgsh_order_list.html HTTP/1.1" 200 51966
218.81.223.53 - - [23/Jun/2022:09:54:33 +0800] "GET /xingrg/all/function/internal_message.html?_=1655949285202&CODE_STATE=getMsg HTTP/1.1" 200 27
180.156.212.250 - - [23/Jun/2022:09:54:33 +0800] "GET /xingrg/kc/buy/cgsh_order_add.html HTTP/1.1" 200 67744
180.156.212.250 - - [23/Jun/2022:09:54:34 +0800] "POST /xingrg/kc/buy/cgsh_order_operate.html HTTP/1.1" 200 8245
180.156.212.250 - - [23/Jun/2022:09:54:34 +0800] "GET /xingrg/javascript/easyui/themes/default/validatebox.css HTTP/1.1" 404 1104
101.83.223.227 - - [23/Jun/2022:09:54:34 +0800] "POST /xingrg/kc/buy/cgsh_list_operate.html HTTP/1.1" 200 693
101.83.223.227 - - [23/Jun/2022:09:54:35 +0800] "GET /xingrg/kc/buy/cgsh_order_add.html HTTP/1.1" 200 67354
101.83.223.227 - - [23/Jun/2022:09:54:35 +0800] "POST /xingrg/kc/buy/cgsh_order_operate.html HTTP/1.1" 200 8245
101.83.223.227 - - [23/Jun/2022:09:54:35 +0800] "GET /xingrg/all/common/auto_word.html?type=employee&rest_code=00151 HTTP/1.1" 200 293
101.83.223.227 - - [23/Jun/2022:09:54:35 +0800] "GET /xingrg/all/common/auto_word.html?type=employee&rest_code=00151 HTTP/1.1" 200 293
101.83.223.227 - - [23/Jun/2022:09:54:35 +0800] "GET /xingrg/javascript/easyui/themes/default/validatebox.css HTTP/1.1" 404 1104
58.35.194.53 - - [23/Jun/2022:09:54:36 +0800] "GET /xingrg/all/function/internal_message.html?_=1655949274155&CODE_STATE=getMsg HTTP/1.1" 200 27
114.88.162.248 - - [23/Jun/2022:09:54:37 +0800] "GET /xingrg/all/function/internal_message.html?_=1655949273354&CODE_STATE=getMsg HTTP/1.1" 200 27
101.83.223.227 - - [23/Jun/2022:09:54:38 +0800] "GET /xingrg/kc/mdqp/qqps_order_list.html HTTP/1.1" 200 9222
101.83.223.227 - - [23/Jun/2022:09:54:38 +0800] "GET /xingrg/dwr/interface/AjaxReportQueryService.js HTTP/1.1" 200 13203
101.83.223.227 - - [23/Jun/2022:09:54:38 +0800] "GET /xingrg/dwr/interface/AjaxQqpsService.js HTTP/1.1" 200 16326
101.83.223.227 - - [23/Jun/2022:09:54:38 +0800] "GET /xingrg/dwr/engine.js HTTP/1.1" 200 43631
101.83.223.227 - - [23/Jun/2022:09:54:40 +0800] "GET /xingrg/kc/mdqp/qqps_order_add.html HTTP/1.1" 200 27580
101.83.223.227 - - [23/Jun/2022:09:54:40 +0800] "GET /xingrg/dwr/interface/AjaxQqpsService.js HTTP/1.1" 200 16326
101.83.223.227 - - [23/Jun/2022:09:54:40 +0800] "GET /xingrg/dwr/interface/AjaxComOrderService.js HTTP/1.1" 200 18264
101.83.223.227 - - [23/Jun/2022:09:54:40 +0800] "GET /xingrg/dwr/engine.js HTTP/1.1" 200 43631
114.83.223.30 - - [23/Jun/2022:09:54:42 +0800] "GET /xingrg/all/function/internal_message.html?_=1655949277867&CODE_STATE=getMsg HTTP/1.1" 200 27
101.83.223.227 - - [23/Jun/2022:09:54:44 +0800] "GET /xingrg/all/function/internal_message.html?_=1655949280565&CODE_STATE=getMsg HTTP/1.1" 200 27
101.85.95.26 - - [23/Jun/2022:09:54:48 +0800] "GET /xingrg/all/function/internal_message.html?_=1655949286932&CODE_STATE=getMsg HTTP/1.1" 200 27
101.83.223.227 - - [23/Jun/2022:09:54:49 +0800] "POST /xingrg/dwr/call/plaincall/AjaxQqpsService.saveOrder.dwr HTTP/1.1" 200 78
101.83.223.227 - - [23/Jun/2022:09:54:50 +0800] "GET /xingrg/javascript/auto/indicator.gif HTTP/1.1" 404 1066
101.83.223.227 - - [23/Jun/2022:09:54:52 +0800] "POST /xingrg/dwr/call/plaincall/AjaxQqpsService.getMaterielByCode.dwr HTTP/1.1" 200 2247
101.83.223.227 - - [23/Jun/2022:09:54:57 +0800] "POST /xingrg/dwr/call/plaincall/AjaxQqpsService.saveMaterielItem.dwr HTTP/1.1" 200 78
114.84.82.172 - - [23/Jun/2022:09:54:59 +0800] "GET /xingrg/all/function/internal_message.html?_=1655949298779&CODE_STATE=getMsg HTTP/1.1" 200 27
114.95.43.0 - - [23/Jun/2022:09:55:00 +0800] "GET /xingrg/check_reg.html?_=1655949301300 HTTP/1.1" 200 22
114.88.162.248 - - [23/Jun/2022:09:55:01 +0800] "GET /xingrg/check_reg.html?_=1655949296648 HTTP/1.1" 200 22
101.83.223.227 - - [23/Jun/2022:09:55:07 +0800] "POST /xingrg/dwr/call/plaincall/AjaxQqpsService.getMaterielByCode.dwr HTTP/1.1" 200 2277
180.156.212.250 - - [23/Jun/2022:09:55:10 +0800] "GET /xingrg/kc/buy/cgsh_order_operate.html?command=get_materiel&rest_code=00102&code=00102002195&supplier_code=00100430&order_time=2022-06-23 HTTP/1.1" 200 413
101.83.223.227 - - [23/Jun/2022:09:55:10 +0800] "POST /xingrg/dwr/call/plaincall/AjaxQqpsService.saveMaterielItem.dwr HTTP/1.1" 200 78
101.83.223.227 - - [23/Jun/2022:09:55:14 +0800] "POST /xingrg/dwr/call/plaincall/AjaxQqpsService.checkOrder.dwr HTTP/1.1" 200 78
101.83.223.227 - - [23/Jun/2022:09:55:15 +0800] "GET /xingrg/kc/mdqp/qqps_order_info.html?code=302022062300240 HTTP/1.1" 200 25987
101.83.223.227 - - [23/Jun/2022:09:55:15 +0800] "GET /xingrg/dwr/interface/AjaxComOrderService.js HTTP/1.1" 200 18264
101.83.223.227 - - [23/Jun/2022:09:55:15 +0800] "GET /xingrg/dwr/interface/AjaxQqpsService.js HTTP/1.1" 200 16326
101.83.223.227 - - [23/Jun/2022:09:55:15 +0800] "GET /xingrg/dwr/engine.js HTTP/1.1" 200 43631
101.83.223.227 - - [23/Jun/2022:09:55:15 +0800] "POST /xingrg/dwr/call/plaincall/AjaxQqpsService.loadMaterielItems.dwr HTTP/1.1" 200 667
120.253.135.82 - - [23/Jun/2022:09:55:18 +0800] "GET /xingrg/all/function/internal_message.html?_=1655949126268&CODE_STATE=getMsg HTTP/1.1" 200 27
114.95.43.0 - - [23/Jun/2022:09:55:19 +0800] "GET /xingrg/all/function/internal_message.html?_=1655949320740&CODE_STATE=getMsg HTTP/1.1" 200 27
180.169.147.146 - - [23/Jun/2022:09:55:26 +0800] "GET /xingrg/all/function/internal_message.html?_=1655949324358&CODE_STATE=getMsg HTTP/1.1" 200 27
180.156.212.250 - - [23/Jun/2022:09:55:27 +0800] "GET /xingrg/all/function/internal_message.html?_=1655949324831&CODE_STATE=getMsg HTTP/1.1" 200 27
101.83.223.227 - - [23/Jun/2022:09:55:30 +0800] "GET /xingrg/all/function/internal_message.html?_=1655949284991&CODE_STATE=getMsg HTTP/1.1" 200 27
180.156.212.250 - - [23/Jun/2022:09:55:33 +0800] "POST /xingrg/kc/buy/cgsh_order_operate.html HTTP/1.1" 200 37
218.81.223.53 - - [23/Jun/2022:09:55:33 +0800] "GET /xingrg/all/function/internal_message.html?_=1655949345400&CODE_STATE=getMsg HTTP/1.1" 200 27
180.156.212.250 - - [23/Jun/2022:09:55:35 +0800] "POST /xingrg/kc/buy/cgsh_order_operate.html HTTP/1.1" 200 12
180.156.212.250 - - [23/Jun/2022:09:55:36 +0800] "GET /xingrg/kc/buy/cgsh_order_info.html?code=212022062302775 HTTP/1.1" 200 62639
58.35.194.53 - - [23/Jun/2022:09:55:36 +0800] "GET /xingrg/all/function/internal_message.html?_=1655949334140&CODE_STATE=getMsg HTTP/1.1" 200 27
180.156.212.250 - - [23/Jun/2022:09:55:37 +0800] "GET /xingrg/javascript/easyui/themes/default/validatebox.css HTTP/1.1" 404 1104
218.81.223.53 - - [23/Jun/2022:09:55:37 +0800] "GET /xingrg/check_reg.html?_=1655949349023 HTTP/1.1" 200 22
180.156.212.250 - - [23/Jun/2022:09:55:37 +0800] "POST /xingrg/kc/buy/cgsh_order_operate.html HTTP/1.1" 200 609
114.88.162.248 - - [23/Jun/2022:09:55:37 +0800] "GET /xingrg/all/function/internal_message.html?_=1655949333327&CODE_STATE=getMsg HTTP/1.1" 200 27
180.156.212.250 - - [23/Jun/2022:09:55:39 +0800] "GET /xingrg/kc/print/load_data.html?order_code=212022062302775&kc_code=cgsh&condition= HTTP/1.1" 200 673
114.83.223.30 - - [23/Jun/2022:09:55:41 +0800] "GET /xingrg/check_reg.html?_=1655949336905 HTTP/1.1" 200 22
180.156.212.250 - - [23/Jun/2022:09:55:41 +0800] "GET /xingrg/kc/buy/cgsh_order_add.html HTTP/1.1" 200 67744
180.156.212.250 - - [23/Jun/2022:09:55:42 +0800] "POST /xingrg/kc/buy/cgsh_order_operate.html HTTP/1.1" 200 8245
180.156.212.250 - - [23/Jun/2022:09:55:42 +0800] "GET /xingrg/javascript/easyui/themes/default/validatebox.css HTTP/1.1" 404 1104
114.83.223.30 - - [23/Jun/2022:09:55:42 +0800] "GET /xingrg/all/function/internal_message.html?_=1655949337846&CODE_STATE=getMsg HTTP/1.1" 200 27
101.83.223.227 - - [23/Jun/2022:09:55:44 +0800] "GET /xingrg/check_reg.html?_=1655949340572 HTTP/1.1" 200 22
101.83.223.227 - - [23/Jun/2022:09:55:44 +0800] "GET /xingrg/all/function/internal_message.html?_=1655949340574&CODE_STATE=getMsg HTTP/1.1" 200 27
101.83.223.227 - - [23/Jun/2022:09:55:46 +0800] "GET /xingrg/kc/buy/cgsh_order_operate.html?command=get_materiel&rest_code=00151&code=00101008096&supplier_code=00100007&order_time=2022-06-23 HTTP/1.1" 200 413
101.85.95.26 - - [23/Jun/2022:09:55:48 +0800] "GET /xingrg/all/function/internal_message.html?_=1655949346933&CODE_STATE=getMsg HTTP/1.1" 200 27
180.156.212.250 - - [23/Jun/2022:09:55:50 +0800] "GET /xingrg/kc/buy/cgsh_order_operate.html?command=get_materiel&rest_code=00102&code=00101019174&supplier_code=00100337&order_time=2022-06-22 HTTP/1.1" 200 463
58.35.194.53 - - [23/Jun/2022:09:55:57 +0800] "GET /xingrg/check_reg.html?_=1655949354736 HTTP/1.1" 200 22
114.84.82.172 - - [23/Jun/2022:09:55:59 +0800] "GET /xingrg/all/function/internal_message.html?_=1655949358778&CODE_STATE=getMsg HTTP/1.1" 200 27
180.156.212.250 - - [23/Jun/2022:09:56:11 +0800] "POST /xingrg/kc/buy/cgsh_order_operate.html HTTP/1.1" 200 37
180.156.212.250 - - [23/Jun/2022:09:56:14 +0800] "POST /xingrg/kc/buy/cgsh_order_operate.html HTTP/1.1" 200 12
180.156.212.250 - - [23/Jun/2022:09:56:15 +0800] "GET /xingrg/kc/buy/cgsh_order_info.html?code=212022062302776 HTTP/1.1" 200 62649
180.156.212.250 - - [23/Jun/2022:09:56:15 +0800] "GET /xingrg/javascript/easyui/themes/default/validatebox.css HTTP/1.1" 404 1104
180.156.212.250 - - [23/Jun/2022:09:56:16 +0800] "POST /xingrg/kc/buy/cgsh_order_operate.html HTTP/1.1" 200 630
180.156.212.250 - - [23/Jun/2022:09:56:17 +0800] "GET /xingrg/kc/print/load_data.html?order_code=212022062302776&kc_code=cgsh&condition= HTTP/1.1" 200 724
120.253.135.82 - - [23/Jun/2022:09:56:18 +0800] "GET /xingrg/all/function/internal_message.html?_=1655949186280&CODE_STATE=getMsg HTTP/1.1" 200 27
180.156.212.250 - - [23/Jun/2022:09:56:19 +0800] "GET /xingrg/kc/buy/cgsh_order_add.html HTTP/1.1" 200 67744
114.95.43.0 - - [23/Jun/2022:09:56:19 +0800] "GET /xingrg/all/function/internal_message.html?_=1655949380741&CODE_STATE=getMsg HTTP/1.1" 200 27
180.156.212.250 - - [23/Jun/2022:09:56:20 +0800] "POST /xingrg/kc/buy/cgsh_order_operate.html HTTP/1.1" 200 8245
180.156.212.250 - - [23/Jun/2022:09:56:20 +0800] "GET /xingrg/javascript/easyui/themes/default/validatebox.css HTTP/1.1" 404 1104
180.169.147.146 - - [23/Jun/2022:09:56:26 +0800] "GET /xingrg/all/function/internal_message.html?_=1655949384363&CODE_STATE=getMsg HTTP/1.1" 200 27
180.156.212.250 - - [23/Jun/2022:09:56:27 +0800] "GET /xingrg/all/function/internal_message.html?_=1655949384833&CODE_STATE=getMsg HTTP/1.1" 200 27
101.83.223.227 - - [23/Jun/2022:09:56:30 +0800] "GET /xingrg/all/function/internal_message.html?_=1655949345006&CODE_STATE=getMsg HTTP/1.1" 200 27
180.156.212.250 - - [23/Jun/2022:09:56:31 +0800] "GET /xingrg/kc/buy/cgsh_order_operate.html?command=get_materiel&rest_code=00102&code=00101007144&supplier_code=00100323&order_time=2022-06-22 HTTP/1.1" 200 442
218.81.223.53 - - [23/Jun/2022:09:56:33 +0800] "GET /xingrg/all/function/internal_message.html?_=1655949405417&CODE_STATE=getMsg HTTP/1.1" 200 27
101.83.223.227 - - [23/Jun/2022:09:56:34 +0800] "GET /xingrg/kc/buy/cgsh_order_operate.html?command=get_materiel&rest_code=00151&code=00101008439&supplier_code=00100007&order_time=2022-06-23 HTTP/1.1" 200 413
180.156.212.250 - - [23/Jun/2022:09:56:35 +0800] "GET /xingrg/kc/buy/cgsh_order_operate.html?command=get_materiel&rest_code=00102&code=00101010785&supplier_code=00100323&order_time=2022-06-22 HTTP/1.1" 200 479
58.35.194.53 - - [23/Jun/2022:09:56:36 +0800] "GET /xingrg/all/function/internal_message.html?_=1655949394114&CODE_STATE=getMsg HTTP/1.1" 200 27
114.88.162.248 - - [23/Jun/2022:09:56:37 +0800] "GET /xingrg/all/function/internal_message.html?_=1655949393312&CODE_STATE=getMsg HTTP/1.1" 200 27
114.83.223.30 - - [23/Jun/2022:09:56:42 +0800] "GET /xingrg/all/function/internal_message.html?_=1655949397831&CODE_STATE=getMsg HTTP/1.1" 200 27
101.83.223.227 - - [23/Jun/2022:09:56:44 +0800] "GET /xingrg/all/function/internal_message.html?_=1655949400658&CODE_STATE=getMsg HTTP/1.1" 200 27
180.156.212.250 - - [23/Jun/2022:09:56:46 +0800] "GET /xingrg/kc/buy/cgsh_order_operate.html?command=get_materiel&rest_code=00102&code=00101007006&supplier_code=00100323&order_time=2022-06-22 HTTP/1.1" 200 412
101.85.95.26 - - [23/Jun/2022:09:56:48 +0800] "GET /xingrg/all/function/internal_message.html?_=1655949406932&CODE_STATE=getMsg HTTP/1.1" 200 27
101.83.223.227 - - [23/Jun/2022:09:56:58 +0800] "POST /xingrg/kc/buy/cgsh_order_operate.html HTTP/1.1" 200 37
180.156.212.250 - - [23/Jun/2022:09:56:59 +0800] "GET /xingrg/kc/buy/cgsh_order_operate.html?command=get_materiel&rest_code=00102&code=00101021012&supplier_code=00100323&order_time=2022-06-22 HTTP/1.1" 200 436
114.84.82.172 - - [23/Jun/2022:09:56:59 +0800] "GET /xingrg/check_reg.html?_=1655949418778 HTTP/1.1" 200 22
114.84.82.172 - - [23/Jun/2022:09:56:59 +0800] "GET /xingrg/all/function/internal_message.html?_=1655949418780&CODE_STATE=getMsg HTTP/1.1" 200 27
101.83.223.227 - - [23/Jun/2022:09:57:00 +0800] "POST /xingrg/kc/buy/cgsh_order_operate.html HTTP/1.1" 200 11056
101.83.223.227 - - [23/Jun/2022:09:57:08 +0800] "POST /xingrg/all/user/operate.html HTTP/1.1" 200 36
101.83.223.227 - - [23/Jun/2022:09:57:08 +0800] "GET /xingrg/index.html?sysBaseUrl=http%3A%2F%2F180.169.147.146%3A18081%2Fxingrg%2F&costTime=43×tamp=1655948825549 HTTP/1.1" 200 17179
101.83.223.227 - - [23/Jun/2022:09:57:08 +0800] "GET /xingrg/javascript/jquery_easy_ui/themes/default/easyui.css HTTP/1.1" 304 -
101.83.223.227 - - [23/Jun/2022:09:57:08 +0800] "GET /xingrg/javascript/jquery_easy_ui/themes/icon.css HTTP/1.1" 304 -
101.83.223.227 - - [23/Jun/2022:09:57:08 +0800] "GET /xingrg/css/form.css HTTP/1.1" 304 -
101.83.223.227 - - [23/Jun/2022:09:57:08 +0800] "GET /xingrg/javascript/jquery-1.4.2.min.js HTTP/1.1" 304 -
101.83.223.227 - - [23/Jun/2022:09:57:08 +0800] "GET /xingrg/javascript/jquery_easy_ui/jquery.easyui.min.js HTTP/1.1" 304 -
101.83.223.227 - - [23/Jun/2022:09:57:08 +0800] "GET /xingrg/javascript/jquery_easy_ui/easyui-lang-zh_CN.js HTTP/1.1" 304 -
101.83.223.227 - - [23/Jun/2022:09:57:08 +0800] "GET /xingrg/javascript/jquery.form.js HTTP/1.1" 304 -
101.83.223.227 - - [23/Jun/2022:09:57:08 +0800] "GET /xingrg/javascript/jquery.utils.js HTTP/1.1" 304 -
101.83.223.227 - - [23/Jun/2022:09:57:08 +0800] "GET /xingrg/javascript/jquery.timers.js HTTP/1.1" 304 -
101.83.223.227 - - [23/Jun/2022:09:57:08 +0800] "GET /xingrg/images/blue/jxLogo.png HTTP/1.1" 304 -
101.83.223.227 - - [23/Jun/2022:09:57:08 +0800] "GET /xingrg/images/blue/navBackgound.jpg HTTP/1.1" 304 -
101.83.223.227 - - [23/Jun/2022:09:57:08 +0800] "GET /xingrg/javascript/jquery_easy_ui/themes/icons/settle_new.png HTTP/1.1" 304 -
101.83.223.227 - - [23/Jun/2022:09:57:08 +0800] "POST /xingrg/all/common/load_tree.html?tree=area_rest_tree_json&manage=1 HTTP/1.1" 200 476
101.83.223.227 - - [23/Jun/2022:09:57:08 +0800] "GET /xingrg/images/blue/pingpu.png HTTP/1.1" 304 -
101.83.223.227 - - [23/Jun/2022:09:57:08 +0800] "GET /xingrg/javascript/jquery_easy_ui/themes/default/images/tabs_leftarrow.png HTTP/1.1" 304 -
101.83.223.227 - - [23/Jun/2022:09:57:08 +0800] "GET /xingrg/javascript/jquery_easy_ui/themes/default/images/panel_tool_collapse.gif HTTP/1.1" 304 -
101.83.223.227 - - [23/Jun/2022:09:57:08 +0800] "GET /xingrg/check_reg.html?_=1655949382859 HTTP/1.1" 200 22
101.83.223.227 - - [23/Jun/2022:09:57:08 +0800] "GET /xingrg/all/function/internal_message.html?_=1655949382858&CODE_STATE=count HTTP/1.1" 200 11
101.83.223.227 - - [23/Jun/2022:09:57:08 +0800] "POST /xingrg/load_menu.html HTTP/1.1" 200 5138
101.83.223.227 - - [23/Jun/2022:09:57:08 +0800] "GET /xingrg/javascript/jquery_easy_ui/themes/default/images/tabs_rightarrow.png HTTP/1.1" 304 -
101.83.223.227 - - [23/Jun/2022:09:57:08 +0800] "GET /xingrg/javascript/jquery_easy_ui/themes/default/images/tree_arrows.gif HTTP/1.1" 304 -
101.83.223.227 - - [23/Jun/2022:09:57:08 +0800] "GET /xingrg/javascript/jquery_easy_ui/themes/icons/search_new.png HTTP/1.1" 304 -
101.83.223.227 - - [23/Jun/2022:09:57:08 +0800] "GET /xingrg/javascript/jquery_easy_ui/themes/default/images/tree_folder_open.gif HTTP/1.1" 304 -
101.83.223.227 - - [23/Jun/2022:09:57:08 +0800] "GET /xingrg/javascript/jquery_easy_ui/themes/icons/forms_new.png HTTP/1.1" 304 -
101.83.223.227 - - [23/Jun/2022:09:57:08 +0800] "GET /xingrg/javascript/jquery_easy_ui/themes/default/images/tree_folder.gif HTTP/1.1" 304 -
101.83.223.227 - - [23/Jun/2022:09:57:08 +0800] "GET /xingrg/javascript/jquery_easy_ui/themes/default/images/tree_file.gif HTTP/1.1" 304 -
101.83.223.227 - - [23/Jun/2022:09:57:08 +0800] "GET /xingrg/javascript/jquery_easy_ui/themes/icons/storage_new.png HTTP/1.1" 304 -
101.83.223.227 - - [23/Jun/2022:09:57:11 +0800] "GET /xingrg/kc/mdqp/qqps_order_list.html HTTP/1.1" 200 10504
101.83.223.227 - - [23/Jun/2022:09:57:11 +0800] "GET /xingrg/dwr/interface/AjaxQqpsService.js HTTP/1.1" 200 16326
101.83.223.227 - - [23/Jun/2022:09:57:11 +0800] "GET /xingrg/dwr/interface/AjaxReportQueryService.js HTTP/1.1" 200 13203
101.83.223.227 - - [23/Jun/2022:09:57:11 +0800] "GET /xingrg/dwr/engine.js HTTP/1.1" 200 43631
180.156.212.250 - - [23/Jun/2022:09:57:11 +0800] "GET /xingrg/kc/buy/cgsh_order_operate.html?command=get_materiel&rest_code=00102&code=00101010623&supplier_code=00100323&order_time=2022-06-22 HTTP/1.1" 200 435
101.83.223.227 - - [23/Jun/2022:09:57:15 +0800] "GET /xingrg/kc/mdqp/qqps_order_info.html?code=302022062300238 HTTP/1.1" 200 26409
101.83.223.227 - - [23/Jun/2022:09:57:15 +0800] "GET /xingrg/dwr/interface/AjaxQqpsService.js HTTP/1.1" 200 16326
101.83.223.227 - - [23/Jun/2022:09:57:15 +0800] "GET /xingrg/dwr/interface/AjaxComOrderService.js HTTP/1.1" 200 18264
101.83.223.227 - - [23/Jun/2022:09:57:15 +0800] "GET /xingrg/dwr/engine.js HTTP/1.1" 200 43631
101.83.223.227 - - [23/Jun/2022:09:57:15 +0800] "POST /xingrg/dwr/call/plaincall/AjaxQqpsService.loadMaterielItems.dwr HTTP/1.1" 200 4596
120.253.135.82 - - [23/Jun/2022:09:57:18 +0800] "GET /xingrg/all/function/internal_message.html?_=1655949246391&CODE_STATE=getMsg HTTP/1.1" 200 27
101.83.223.227 - - [23/Jun/2022:09:57:18 +0800] "POST /xingrg/dwr/call/plaincall/AjaxQqpsService.uncheckOrder.dwr HTTP/1.1" 200 78
180.156.212.250 - - [23/Jun/2022:09:57:19 +0800] "POST /xingrg/kc/buy/cgsh_order_operate.html HTTP/1.1" 200 37
101.83.223.227 - - [23/Jun/2022:09:57:19 +0800] "GET /xingrg/css/blue.css HTTP/1.1" 304 -
101.83.223.227 - - [23/Jun/2022:09:57:19 +0800] "GET /xingrg/javascript/jquery_easy_ui/themes/icon.css HTTP/1.1" 304 -
101.83.223.227 - - [23/Jun/2022:09:57:19 +0800] "GET /xingrg/javascript/jquery-1.4.2.min.js HTTP/1.1" 304 -
101.83.223.227 - - [23/Jun/2022:09:57:19 +0800] "GET /xingrg/javascript/auto/jquery.autocomplete.css HTTP/1.1" 304 -
101.83.223.227 - - [23/Jun/2022:09:57:19 +0800] "GET /xingrg/javascript/jquery_easy_ui/jquery.easyui.min.js HTTP/1.1" 304 -
101.83.223.227 - - [23/Jun/2022:09:57:19 +0800] "GET /xingrg/javascript/jquery_easy_ui/easyui-lang-zh_CN.js HTTP/1.1" 304 -
101.83.223.227 - - [23/Jun/2022:09:57:19 +0800] "GET /xingrg/javascript/auto/jquery.autocomplete.js HTTP/1.1" 304 -
101.83.223.227 - - [23/Jun/2022:09:57:19 +0800] "GET /xingrg/kc/mdqp/qqps_order_info.html?code=302022062300238 HTTP/1.1" 200 28164
101.83.223.227 - - [23/Jun/2022:09:57:19 +0800] "GET /xingrg/javascript/pic_change.js HTTP/1.1" 304 -
101.83.223.227 - - [23/Jun/2022:09:57:19 +0800] "GET /xingrg/javascript/myfunction.js HTTP/1.1" 304 -
101.83.223.227 - - [23/Jun/2022:09:57:19 +0800] "GET /xingrg/javascript/AjaxInfoList.js HTTP/1.1" 304 -
101.83.223.227 - - [23/Jun/2022:09:57:19 +0800] "GET /xingrg/javascript/Grid.js HTTP/1.1" 304 -
101.83.223.227 - - [23/Jun/2022:09:57:19 +0800] "GET /xingrg/javascript/ToolTips.js HTTP/1.1" 304 -
101.83.223.227 - - [23/Jun/2022:09:57:19 +0800] "GET /xingrg/javascript/print/kc_print.js HTTP/1.1" 304 -
101.83.223.227 - - [23/Jun/2022:09:57:19 +0800] "GET /xingrg/javascript/print/LodopFuncs.js HTTP/1.1" 304 -
101.83.223.227 - - [23/Jun/2022:09:57:19 +0800] "GET /xingrg/dwr/interface/AjaxQqpsService.js HTTP/1.1" 200 16326
101.83.223.227 - - [23/Jun/2022:09:57:19 +0800] "GET /xingrg/javascript/jquery_easy_ui/themes/default/easyui.css HTTP/1.1" 304 -
101.83.223.227 - - [23/Jun/2022:09:57:19 +0800] "GET /xingrg/dwr/util.js HTTP/1.1" 304 -
101.83.223.227 - - [23/Jun/2022:09:57:19 +0800] "GET /xingrg/javascript/Calendar.js HTTP/1.1" 304 -
101.83.223.227 - - [23/Jun/2022:09:57:19 +0800] "GET /xingrg/dwr/interface/AjaxComOrderService.js HTTP/1.1" 200 18264
101.83.223.227 - - [23/Jun/2022:09:57:19 +0800] "GET /xingrg/dwr/engine.js HTTP/1.1" 200 43631
101.83.223.227 - - [23/Jun/2022:09:57:19 +0800] "GET /xingrg/javascript/jquery.utils.js HTTP/1.1" 304 -
101.83.223.227 - - [23/Jun/2022:09:57:19 +0800] "GET /xingrg/javascript/tools/jquery.qtip-1.0.0-rc3.min.js HTTP/1.1" 304 -
101.83.223.227 - - [23/Jun/2022:09:57:19 +0800] "GET /xingrg/words/20220623090851_words.js HTTP/1.1" 304 -
114.95.43.0 - - [23/Jun/2022:09:57:19 +0800] "GET /xingrg/all/function/internal_message.html?_=1655949440741&CODE_STATE=getMsg HTTP/1.1" 200 27
101.83.223.227 - - [23/Jun/2022:09:57:20 +0800] "GET /xingrg/javascript/jquery_easy_ui/themes/icons/template_new.png HTTP/1.1" 304 -
101.83.223.227 - - [23/Jun/2022:09:57:20 +0800] "GET /xingrg/javascript/jquery_easy_ui/themes/icons/edit_add_new.png HTTP/1.1" 304 -
101.83.223.227 - - [23/Jun/2022:09:57:20 +0800] "GET /xingrg/javascript/jquery_easy_ui/themes/icons/copy_new.png HTTP/1.1" 304 -
101.83.223.227 - - [23/Jun/2022:09:57:20 +0800] "GET /xingrg/javascript/jquery_easy_ui/themes/icons/cance_new.png HTTP/1.1" 304 -
101.83.223.227 - - [23/Jun/2022:09:57:20 +0800] "GET /xingrg/javascript/jquery_easy_ui/themes/icons/ok.png HTTP/1.1" 304 -
101.83.223.227 - - [23/Jun/2022:09:57:20 +0800] "GET /xingrg/javascript/jquery_easy_ui/themes/icons/check_new.png HTTP/1.1" 304 -
101.83.223.227 - - [23/Jun/2022:09:57:20 +0800] "GET /xingrg/javascript/jquery_easy_ui/themes/icons/print.png HTTP/1.1" 304 -
101.83.223.227 - - [23/Jun/2022:09:57:20 +0800] "GET /xingrg/javascript/jquery_easy_ui/themes/default/images/menu_downarrow.png HTTP/1.1" 304 -
101.83.223.227 - - [23/Jun/2022:09:57:20 +0800] "GET /xingrg/javascript/jquery_easy_ui/themes/icons/back_new.png HTTP/1.1" 304 -
101.83.223.227 - - [23/Jun/2022:09:57:20 +0800] "GET /xingrg/javascript/jquery_easy_ui/themes/default/images/combo_arrow_dot.gif HTTP/1.1" 304 -
101.83.223.227 - - [23/Jun/2022:09:57:20 +0800] "GET /xingrg/images/blue/button/kc_tab_add.gif HTTP/1.1" 304 -
101.83.223.227 - - [23/Jun/2022:09:57:20 +0800] "GET /xingrg/images/blue/button/kc_tab_save.gif HTTP/1.1" 304 -
101.83.223.227 - - [23/Jun/2022:09:57:20 +0800] "GET /xingrg/images/blue/button/kc_tab_del.gif HTTP/1.1" 304 -
101.83.223.227 - - [23/Jun/2022:09:57:20 +0800] "GET /xingrg/images/blue/button/kc_tab_edit.gif HTTP/1.1" 304 -
101.83.223.227 - - [23/Jun/2022:09:57:20 +0800] "GET /xingrg/images/blue/kc_tab_left.gif HTTP/1.1" 304 -
101.83.223.227 - - [23/Jun/2022:09:57:20 +0800] "GET /xingrg/images/blue/kc_tab2_left.gif HTTP/1.1" 304 -
101.83.223.227 - - [23/Jun/2022:09:57:20 +0800] "GET /xingrg/images/blue/kc_tab_right.gif HTTP/1.1" 304 -
101.83.223.227 - - [23/Jun/2022:09:57:20 +0800] "GET /xingrg/images/blue/kc_tab_mid.gif HTTP/1.1" 304 -
101.83.223.227 - - [23/Jun/2022:09:57:20 +0800] "GET /xingrg/images/blue/kc_tab2_right.gif HTTP/1.1" 304 -
101.83.223.227 - - [23/Jun/2022:09:57:20 +0800] "GET /xingrg/images/blue/wait.gif HTTP/1.1" 304 -
101.83.223.227 - - [23/Jun/2022:09:57:20 +0800] "POST /xingrg/dwr/call/plaincall/AjaxQqpsService.loadMaterielItems.dwr HTTP/1.1" 200 4596
116.233.76.119 - - [23/Jun/2022:09:57:22 +0800] "GET /favicon.ico HTTP/1.1" 404 -
180.156.212.250 - - [23/Jun/2022:09:57:22 +0800] "POST /xingrg/kc/buy/cgsh_order_operate.html HTTP/1.1" 200 12
101.83.223.227 - - [23/Jun/2022:09:57:22 +0800] "GET /xingrg/javascript/auto/indicator.gif HTTP/1.1" 404 1066
180.156.212.250 - - [23/Jun/2022:09:57:23 +0800] "GET /xingrg/kc/buy/cgsh_order_info.html?code=212022062302778 HTTP/1.1" 200 62650
180.156.212.250 - - [23/Jun/2022:09:57:23 +0800] "GET /xingrg/javascript/easyui/themes/default/validatebox.css HTTP/1.1" 404 1104
180.156.212.250 - - [23/Jun/2022:09:57:24 +0800] "POST /xingrg/kc/buy/cgsh_order_operate.html HTTP/1.1" 200 1850
180.156.212.250 - - [23/Jun/2022:09:57:25 +0800] "GET /xingrg/kc/print/load_data.html?order_code=212022062302778&kc_code=cgsh&condition= HTTP/1.1" 200 1221
101.83.223.227 - - [23/Jun/2022:09:57:25 +0800] "POST /xingrg/dwr/call/plaincall/AjaxQqpsService.getMaterielByCode.dwr HTTP/1.1" 200 3773
180.169.147.146 - - [23/Jun/2022:09:57:26 +0800] "GET /xingrg/check_reg.html?_=1655949444359 HTTP/1.1" 200 22
180.169.147.146 - - [23/Jun/2022:09:57:26 +0800] "GET /xingrg/all/function/internal_message.html?_=1655949444361&CODE_STATE=getMsg HTTP/1.1" 200 27
180.156.212.250 - - [23/Jun/2022:09:57:27 +0800] "GET /xingrg/all/function/internal_message.html?_=1655949444846&CODE_STATE=getMsg HTTP/1.1" 200 27
180.156.212.250 - - [23/Jun/2022:09:57:28 +0800] "GET /xingrg/kc/buy/cgsh_order_list.html HTTP/1.1" 200 51962
180.156.212.250 - - [23/Jun/2022:09:57:29 +0800] "POST /xingrg/kc/buy/cgsh_list_operate.html HTTP/1.1" 200 693
101.83.223.227 - - [23/Jun/2022:09:57:31 +0800] "POST /xingrg/dwr/call/plaincall/AjaxQqpsService.saveMaterielItem.dwr HTTP/1.1" 200 78
218.81.223.53 - - [23/Jun/2022:09:57:33 +0800] "GET /xingrg/all/function/internal_message.html?_=1655949465428&CODE_STATE=getMsg HTTP/1.1" 200 27
101.83.223.227 - - [23/Jun/2022:09:57:34 +0800] "POST /xingrg/dwr/call/plaincall/AjaxQqpsService.getMaterielByCode.dwr HTTP/1.1" 200 3767
101.83.223.227 - - [23/Jun/2022:09:57:35 +0800] "GET /xingrg/images/yd/bt.gif HTTP/1.1" 404 1040
58.35.194.53 - - [23/Jun/2022:09:57:36 +0800] "GET /xingrg/all/function/internal_message.html?_=1655949454100&CODE_STATE=getMsg HTTP/1.1" 200 27
101.83.223.227 - - [23/Jun/2022:09:57:36 +0800] "POST /xingrg/dwr/call/plaincall/AjaxQqpsService.saveMaterielItem.dwr HTTP/1.1" 200 78
114.88.162.248 - - [23/Jun/2022:09:57:37 +0800] "GET /xingrg/all/function/internal_message.html?_=1655949453282&CODE_STATE=getMsg HTTP/1.1" 200 27
101.83.223.227 - - [23/Jun/2022:09:57:39 +0800] "POST /xingrg/dwr/call/plaincall/AjaxQqpsService.checkOrder.dwr HTTP/1.1" 200 78
101.83.223.227 - - [23/Jun/2022:09:57:41 +0800] "GET /xingrg/kc/mdqp/qqps_order_info.html?code=302022062300238 HTTP/1.1" 200 26409
101.83.223.227 - - [23/Jun/2022:09:57:41 +0800] "GET /xingrg/dwr/interface/AjaxComOrderService.js HTTP/1.1" 200 18264
101.83.223.227 - - [23/Jun/2022:09:57:41 +0800] "GET /xingrg/dwr/interface/AjaxQqpsService.js HTTP/1.1" 200 16326
101.83.223.227 - - [23/Jun/2022:09:57:41 +0800] "GET /xingrg/dwr/engine.js HTTP/1.1" 200 43631
101.83.223.227 - - [23/Jun/2022:09:57:41 +0800] "POST /xingrg/dwr/call/plaincall/AjaxQqpsService.loadMaterielItems.dwr HTTP/1.1" 200 5280
114.83.223.30 - - [23/Jun/2022:09:57:42 +0800] "GET /xingrg/all/function/internal_message.html?_=1655949457823&CODE_STATE=getMsg HTTP/1.1" 200 27
101.83.223.227 - - [23/Jun/2022:09:57:44 +0800] "GET /xingrg/all/function/internal_message.html?_=1655949460633&CODE_STATE=getMsg HTTP/1.1" 200 27
101.85.95.26 - - [23/Jun/2022:09:57:49 +0800] "GET /xingrg/check_reg.html?_=1655949466932 HTTP/1.1" 200 22
101.85.95.26 - - [23/Jun/2022:09:57:49 +0800] "GET /xingrg/all/function/internal_message.html?_=1655949466935&CODE_STATE=getMsg HTTP/1.1" 200 27
101.83.223.227 - - [23/Jun/2022:09:57:55 +0800] "POST /xingrg/kc/buy/cgsh_order_operate.html HTTP/1.1" 200 37
101.83.223.227 - - [23/Jun/2022:09:57:57 +0800] "POST /xingrg/kc/buy/cgsh_order_operate.html HTTP/1.1" 200 11056
114.84.82.172 - - [23/Jun/2022:09:57:59 +0800] "GET /xingrg/all/function/internal_message.html?_=1655949478791&CODE_STATE=getMsg HTTP/1.1" 200 27
101.83.223.227 - - [23/Jun/2022:09:58:04 +0800] "GET /xingrg/kc/buy/cgsh_order_add.html HTTP/1.1" 200 67342
101.83.223.227 - - [23/Jun/2022:09:58:04 +0800] "GET /xingrg/words/20220623090851_words.js HTTP/1.1" 304 -
101.83.223.227 - - [23/Jun/2022:09:58:04 +0800] "POST /xingrg/kc/buy/cgsh_order_operate.html HTTP/1.1" 200 8245
101.83.223.227 - - [23/Jun/2022:09:58:05 +0800] "GET /xingrg/javascript/easyui/themes/default/validatebox.css HTTP/1.1" 404 1104
