114.83.223.30 - - [23/Jun/2022:08:47:26 +0800] "GET /xingrg/all/common/auto_word.html?type=employee&rest_code=00149 HTTP/1.1" 200 197
114.83.223.30 - - [23/Jun/2022:08:47:26 +0800] "GET /xingrg/all/common/auto_word.html?type=employee&rest_code=00149 HTTP/1.1" 200 197
114.83.223.30 - - [23/Jun/2022:08:47:26 +0800] "GET /xingrg/javascript/easyui/themes/default/validatebox.css HTTP/1.1" 404 1104
120.253.135.82 - - [23/Jun/2022:08:47:26 +0800] "POST /xingrg/kc/pszx/mdps_list_operate.html HTTP/1.1" 200 207
120.253.135.82 - - [23/Jun/2022:08:47:27 +0800] "GET /xingrg/kc/pszx/mdps_order_info.html?code=312022062300375 HTTP/1.1" 200 23978
120.253.135.82 - - [23/Jun/2022:08:47:27 +0800] "GET /xingrg/all/function/internal_message.html?_=1655945384148&CODE_STATE=getMsg HTTP/1.1" 200 27
120.253.135.82 - - [23/Jun/2022:08:47:27 +0800] "GET /xingrg/javascript/easyui/themes/default/validatebox.css HTTP/1.1" 404 1104
120.253.135.82 - - [23/Jun/2022:08:47:27 +0800] "POST /xingrg/kc/pszx/mdps_order_operate.html HTTP/1.1" 200 2283
218.81.223.53 - - [23/Jun/2022:08:47:27 +0800] "GET /xingrg/all/function/internal_message.html?_=1655945259267&CODE_STATE=getMsg HTTP/1.1" 200 27
120.253.135.82 - - [23/Jun/2022:08:47:32 +0800] "POST /xingrg/kc/pszx/mdps_order_operate.html HTTP/1.1" 200 37
120.253.135.82 - - [23/Jun/2022:08:47:33 +0800] "GET /xingrg/kc/pszx/mdps_order_info.html?code=312022062300375 HTTP/1.1" 200 23978
120.253.135.82 - - [23/Jun/2022:08:47:34 +0800] "GET /xingrg/javascript/easyui/themes/default/validatebox.css HTTP/1.1" 404 1104
120.253.135.82 - - [23/Jun/2022:08:47:34 +0800] "POST /xingrg/kc/pszx/mdps_order_operate.html HTTP/1.1" 200 2290
58.35.194.53 - - [23/Jun/2022:08:47:38 +0800] "GET /xingrg/all/function/internal_message.html?_=1655945255538&CODE_STATE=getMsg HTTP/1.1" 200 27
114.88.162.248 - - [23/Jun/2022:08:47:39 +0800] "GET /xingrg/all/function/internal_message.html?_=1655945254934&CODE_STATE=getMsg HTTP/1.1" 200 27
114.83.223.30 - - [23/Jun/2022:08:47:41 +0800] "GET /xingrg/all/function/internal_message.html?_=1655945256647&CODE_STATE=getMsg HTTP/1.1" 200 27
120.253.135.82 - - [23/Jun/2022:08:47:44 +0800] "GET /xingrg/kc/pszx/mdps_order_operate.html?command=get_materiel&pszx_code=00101&rest_code=00156&base_code=0010246&code=00101018006 HTTP/1.1" 200 444
120.253.135.82 - - [23/Jun/2022:08:47:46 +0800] "POST /xingrg/all/common/load_select.html HTTP/1.1" 200 25
120.253.135.82 - - [23/Jun/2022:08:47:48 +0800] "GET /xingrg/kc/pszx/mdps_order_operate.html?command=get_materiel_price&pszx_code=00101&rest_code=00156&base_code=0010246&code=00101018006&unit_code=00100169&order_time=2022-06-23 HTTP/1.1" 200 36
101.83.223.227 - - [23/Jun/2022:08:47:52 +0800] "GET /xingrg/all/function/internal_message.html?_=1655945269085&CODE_STATE=getMsg HTTP/1.1" 200 27
120.253.135.82 - - [23/Jun/2022:08:47:55 +0800] "POST /xingrg/kc/pszx/mdps_order_operate.html HTTP/1.1" 200 37
120.253.135.82 - - [23/Jun/2022:08:47:55 +0800] "GET /xingrg/kc/pszx/mdps_order_info.html?code=312022062300375 HTTP/1.1" 200 23978
120.253.135.82 - - [23/Jun/2022:08:47:56 +0800] "GET /xingrg/javascript/easyui/themes/default/validatebox.css HTTP/1.1" 404 1104
120.253.135.82 - - [23/Jun/2022:08:47:56 +0800] "POST /xingrg/kc/pszx/mdps_order_operate.html HTTP/1.1" 200 2284
120.253.135.82 - - [23/Jun/2022:08:47:58 +0800] "POST /xingrg/kc/pszx/mdps_list_operate.html HTTP/1.1" 200 217
218.81.223.53 - - [23/Jun/2022:08:47:59 +0800] "GET /xingrg/all/function/internal_message.html?_=1655945238686&CODE_STATE=getMsg HTTP/1.1" 200 27
114.84.82.172 - - [23/Jun/2022:08:47:59 +0800] "GET /xingrg/all/function/internal_message.html?_=1655945278661&CODE_STATE=getMsg HTTP/1.1" 200 27
120.253.135.82 - - [23/Jun/2022:08:47:59 +0800] "GET /xingrg/kc/pszx/mdps_order_info.html?code=312022062300376 HTTP/1.1" 200 23978
120.253.135.82 - - [23/Jun/2022:08:48:00 +0800] "GET /xingrg/javascript/easyui/themes/default/validatebox.css HTTP/1.1" 404 1104
120.253.135.82 - - [23/Jun/2022:08:48:00 +0800] "POST /xingrg/kc/pszx/mdps_order_operate.html HTTP/1.1" 200 2307
120.253.135.82 - - [23/Jun/2022:08:48:03 +0800] "POST /xingrg/kc/pszx/mdps_list_operate.html HTTP/1.1" 200 2807
120.253.135.82 - - [23/Jun/2022:08:48:13 +0800] "POST /xingrg/kc/pszx/mdps_list_operate.html HTTP/1.1" 200 202
120.253.135.82 - - [23/Jun/2022:08:48:13 +0800] "GET /xingrg/check_reg.html?_=1655945101309 HTTP/1.1" 200 22
120.253.135.82 - - [23/Jun/2022:08:48:13 +0800] "GET /xingrg/kc/pszx/mdps_order_info.html?code=312022062300375 HTTP/1.1" 200 23978
120.253.135.82 - - [23/Jun/2022:08:48:14 +0800] "GET /xingrg/javascript/easyui/themes/default/validatebox.css HTTP/1.1" 404 1104
120.253.135.82 - - [23/Jun/2022:08:48:14 +0800] "POST /xingrg/kc/pszx/mdps_order_operate.html HTTP/1.1" 200 2284
120.253.135.82 - - [23/Jun/2022:08:48:15 +0800] "GET /xingrg/all/function/internal_message.html?_=1655945103504&CODE_STATE=getMsg HTTP/1.1" 200 27
114.95.43.0 - - [23/Jun/2022:08:48:19 +0800] "GET /xingrg/all/function/internal_message.html?_=1655945300631&CODE_STATE=getMsg HTTP/1.1" 200 27
120.253.135.82 - - [23/Jun/2022:08:48:20 +0800] "GET /xingrg/kc/pszx/mdps_order_operate.html?command=get_materiel&pszx_code=00101&rest_code=00156&base_code=0010246&code=00101019392 HTTP/1.1" 200 475
120.253.135.82 - - [23/Jun/2022:08:48:27 +0800] "GET /xingrg/all/function/internal_message.html?_=1655945444160&CODE_STATE=getMsg HTTP/1.1" 200 27
218.81.223.53 - - [23/Jun/2022:08:48:28 +0800] "GET /xingrg/all/function/internal_message.html?_=1655945319460&CODE_STATE=getMsg HTTP/1.1" 200 27
58.35.194.53 - - [23/Jun/2022:08:48:38 +0800] "GET /xingrg/all/function/internal_message.html?_=1655945315507&CODE_STATE=getMsg HTTP/1.1" 200 27
114.88.162.248 - - [23/Jun/2022:08:48:39 +0800] "GET /xingrg/all/function/internal_message.html?_=1655945314912&CODE_STATE=getMsg HTTP/1.1" 200 27
114.83.223.30 - - [23/Jun/2022:08:48:41 +0800] "GET /xingrg/all/function/internal_message.html?_=1655945316646&CODE_STATE=getMsg HTTP/1.1" 200 27
101.83.223.227 - - [23/Jun/2022:08:48:52 +0800] "GET /xingrg/all/function/internal_message.html?_=1655945329090&CODE_STATE=getMsg HTTP/1.1" 200 27
218.81.223.53 - - [23/Jun/2022:08:48:59 +0800] "GET /xingrg/all/function/internal_message.html?_=1655945298687&CODE_STATE=getMsg HTTP/1.1" 200 27
114.84.82.172 - - [23/Jun/2022:08:48:59 +0800] "GET /xingrg/all/function/internal_message.html?_=1655945338660&CODE_STATE=getMsg HTTP/1.1" 200 27
120.253.135.82 - - [23/Jun/2022:08:49:15 +0800] "GET /xingrg/all/function/internal_message.html?_=1655945163513&CODE_STATE=getMsg HTTP/1.1" 200 27
114.95.43.0 - - [23/Jun/2022:08:49:19 +0800] "GET /xingrg/all/function/internal_message.html?_=1655945360628&CODE_STATE=getMsg HTTP/1.1" 200 27
120.253.135.82 - - [23/Jun/2022:08:49:27 +0800] "POST /xingrg/kc/pszx/mdps_order_operate.html HTTP/1.1" 200 37
120.253.135.82 - - [23/Jun/2022:08:49:27 +0800] "GET /xingrg/all/function/internal_message.html?_=1655945504266&CODE_STATE=getMsg HTTP/1.1" 200 27
218.81.223.53 - - [23/Jun/2022:08:49:28 +0800] "GET /xingrg/all/function/internal_message.html?_=1655945379467&CODE_STATE=getMsg HTTP/1.1" 200 27
114.88.162.248 - - [23/Jun/2022:08:49:28 +0800] "POST /xingrg/kc/buy/cgsh_order_operate.html HTTP/1.1" 200 37
120.253.135.82 - - [23/Jun/2022:08:49:28 +0800] "GET /xingrg/kc/pszx/mdps_order_info.html?code=312022062300375 HTTP/1.1" 200 23978
120.253.135.82 - - [23/Jun/2022:08:49:28 +0800] "POST /xingrg/kc/pszx/mdps_order_operate.html HTTP/1.1" 200 2803
120.253.135.82 - - [23/Jun/2022:08:49:28 +0800] "GET /xingrg/javascript/easyui/themes/default/validatebox.css HTTP/1.1" 404 1104
120.253.135.82 - - [23/Jun/2022:08:49:29 +0800] "POST /xingrg/kc/pszx/mdps_list_operate.html HTTP/1.1" 200 2807
114.88.162.248 - - [23/Jun/2022:08:49:30 +0800] "POST /xingrg/kc/buy/cgsh_order_operate.html HTTP/1.1" 200 3272
120.253.135.82 - - [23/Jun/2022:08:49:31 +0800] "POST /xingrg/kc/pszx/mdps_list_operate.html HTTP/1.1" 200 217
120.253.135.82 - - [23/Jun/2022:08:49:32 +0800] "GET /xingrg/kc/pszx/mdps_order_info.html?code=312022062300376 HTTP/1.1" 200 23978
120.253.135.82 - - [23/Jun/2022:08:49:32 +0800] "POST /xingrg/kc/pszx/mdps_order_operate.html HTTP/1.1" 200 2307
120.253.135.82 - - [23/Jun/2022:08:49:32 +0800] "GET /xingrg/javascript/easyui/themes/default/validatebox.css HTTP/1.1" 404 1104
114.88.162.248 - - [23/Jun/2022:08:49:34 +0800] "GET /xingrg/kc/print/load_data.html?order_code=212022062302767&kc_code=cgsh&condition= HTTP/1.1" 200 1006
120.253.135.82 - - [23/Jun/2022:08:49:36 +0800] "POST /xingrg/kc/pszx/mdps_order_operate.html HTTP/1.1" 200 12
120.253.135.82 - - [23/Jun/2022:08:49:37 +0800] "POST /xingrg/kc/pszx/mdps_list_operate.html HTTP/1.1" 200 2436
58.35.194.53 - - [23/Jun/2022:08:49:37 +0800] "GET /xingrg/all/function/internal_message.html?_=1655945375494&CODE_STATE=getMsg HTTP/1.1" 200 27
120.253.135.82 - - [23/Jun/2022:08:49:38 +0800] "POST /xingrg/kc/pszx/mdps_list_operate.html HTTP/1.1" 200 379
114.88.162.248 - - [23/Jun/2022:08:49:39 +0800] "GET /xingrg/all/function/internal_message.html?_=1655945374927&CODE_STATE=getMsg HTTP/1.1" 200 27
114.83.223.30 - - [23/Jun/2022:08:49:41 +0800] "GET /xingrg/all/function/internal_message.html?_=1655945376660&CODE_STATE=getMsg HTTP/1.1" 200 27
120.253.135.82 - - [23/Jun/2022:08:49:41 +0800] "POST /xingrg/kc/pszx/mdps_list_operate.html HTTP/1.1" 200 214
101.83.223.227 - - [23/Jun/2022:08:49:52 +0800] "GET /xingrg/all/function/internal_message.html?_=1655945389070&CODE_STATE=getMsg HTTP/1.1" 200 27
101.83.223.227 - - [23/Jun/2022:08:49:52 +0800] "GET /xingrg/check_reg.html?_=1655945389186 HTTP/1.1" 200 22
218.81.223.53 - - [23/Jun/2022:08:49:59 +0800] "GET /xingrg/all/function/internal_message.html?_=1655945358689&CODE_STATE=getMsg HTTP/1.1" 200 27
218.81.223.53 - - [23/Jun/2022:08:49:59 +0800] "GET /xingrg/check_reg.html?_=1655945358691 HTTP/1.1" 200 22
114.84.82.172 - - [23/Jun/2022:08:49:59 +0800] "GET /xingrg/all/function/internal_message.html?_=1655945398660&CODE_STATE=getMsg HTTP/1.1" 200 27
114.95.43.0 - - [23/Jun/2022:08:50:00 +0800] "GET /xingrg/check_reg.html?_=1655945401523 HTTP/1.1" 200 22
114.88.162.248 - - [23/Jun/2022:08:50:01 +0800] "GET /xingrg/check_reg.html?_=1655945396740 HTTP/1.1" 200 22
120.253.135.82 - - [23/Jun/2022:08:50:08 +0800] "GET /xingrg/check_reg.html?_=1655945545213 HTTP/1.1" 200 22
120.253.135.82 - - [23/Jun/2022:08:50:15 +0800] "GET /xingrg/all/function/internal_message.html?_=1655945223579&CODE_STATE=getMsg HTTP/1.1" 200 27
114.95.43.0 - - [23/Jun/2022:08:50:19 +0800] "GET /xingrg/all/function/internal_message.html?_=1655945420637&CODE_STATE=getMsg HTTP/1.1" 200 27
120.253.135.82 - - [23/Jun/2022:08:50:27 +0800] "GET /xingrg/all/function/internal_message.html?_=1655945564280&CODE_STATE=getMsg HTTP/1.1" 200 27
218.81.223.53 - - [23/Jun/2022:08:50:28 +0800] "GET /xingrg/all/function/internal_message.html?_=1655945439665&CODE_STATE=getMsg HTTP/1.1" 200 27
218.81.223.53 - - [23/Jun/2022:08:50:37 +0800] "GET /xingrg/check_reg.html?_=1655945448948 HTTP/1.1" 200 22
58.35.194.53 - - [23/Jun/2022:08:50:37 +0800] "GET /xingrg/all/function/internal_message.html?_=1655945435466&CODE_STATE=getMsg HTTP/1.1" 200 27
114.88.162.248 - - [23/Jun/2022:08:50:39 +0800] "GET /xingrg/all/function/internal_message.html?_=1655945434900&CODE_STATE=getMsg HTTP/1.1" 200 27
114.83.223.30 - - [23/Jun/2022:08:50:41 +0800] "GET /xingrg/all/function/internal_message.html?_=1655945436674&CODE_STATE=getMsg HTTP/1.1" 200 27
114.83.223.30 - - [23/Jun/2022:08:50:41 +0800] "GET /xingrg/check_reg.html?_=1655945436663 HTTP/1.1" 200 22
101.83.223.227 - - [23/Jun/2022:08:50:52 +0800] "GET /xingrg/all/function/internal_message.html?_=1655945449052&CODE_STATE=getMsg HTTP/1.1" 200 27
58.35.194.53 - - [23/Jun/2022:08:50:57 +0800] "GET /xingrg/check_reg.html?_=1655945454732 HTTP/1.1" 200 22
218.81.223.53 - - [23/Jun/2022:08:50:59 +0800] "GET /xingrg/all/function/internal_message.html?_=1655945418693&CODE_STATE=getMsg HTTP/1.1" 200 27
114.84.82.172 - - [23/Jun/2022:08:50:59 +0800] "GET /xingrg/all/function/internal_message.html?_=1655945458675&CODE_STATE=getMsg HTTP/1.1" 200 27
114.83.223.30 - - [23/Jun/2022:08:51:13 +0800] "GET /xingrg/javascript/auto/indicator.gif HTTP/1.1" 404 1066
114.83.223.30 - - [23/Jun/2022:08:51:15 +0800] "GET /xingrg/javascript/jquery_tools/images/prev.gif HTTP/1.1" 404 1086
114.83.223.30 - - [23/Jun/2022:08:51:15 +0800] "GET /xingrg/javascript/jquery_tools/images/next.gif HTTP/1.1" 404 1086
120.253.135.82 - - [23/Jun/2022:08:51:15 +0800] "GET /xingrg/all/function/internal_message.html?_=1655945283587&CODE_STATE=getMsg HTTP/1.1" 200 27
114.95.43.0 - - [23/Jun/2022:08:51:19 +0800] "GET /xingrg/all/function/internal_message.html?_=1655945480638&CODE_STATE=getMsg HTTP/1.1" 200 27
114.83.223.30 - - [23/Jun/2022:08:51:26 +0800] "GET /xingrg/kc/buy/cgsh_order_operate.html?command=get_materiel&rest_code=00149&code=00101008350&supplier_code=00100005&order_time=2022-06-22 HTTP/1.1" 200 408
120.253.135.82 - - [23/Jun/2022:08:51:27 +0800] "GET /xingrg/all/function/internal_message.html?_=1655945624295&CODE_STATE=getMsg HTTP/1.1" 200 27
218.81.223.53 - - [23/Jun/2022:08:51:28 +0800] "GET /xingrg/all/function/internal_message.html?_=1655945499681&CODE_STATE=getMsg HTTP/1.1" 200 27
58.35.194.53 - - [23/Jun/2022:08:51:37 +0800] "GET /xingrg/all/function/internal_message.html?_=1655945495437&CODE_STATE=getMsg HTTP/1.1" 200 27
114.88.162.248 - - [23/Jun/2022:08:51:39 +0800] "GET /xingrg/all/function/internal_message.html?_=1655945494870&CODE_STATE=getMsg HTTP/1.1" 200 27
114.83.223.30 - - [23/Jun/2022:08:51:41 +0800] "GET /xingrg/kc/buy/cgsh_order_operate.html?command=get_materiel&rest_code=00149&code=00101008185&supplier_code=00100005&order_time=2022-06-22 HTTP/1.1" 200 408
114.83.223.30 - - [23/Jun/2022:08:51:41 +0800] "GET /xingrg/all/function/internal_message.html?_=1655945496663&CODE_STATE=getMsg HTTP/1.1" 200 27
101.83.223.227 - - [23/Jun/2022:08:51:52 +0800] "GET /xingrg/all/function/internal_message.html?_=1655945509026&CODE_STATE=getMsg HTTP/1.1" 200 27
218.81.223.53 - - [23/Jun/2022:08:51:59 +0800] "GET /xingrg/all/function/internal_message.html?_=1655945478694&CODE_STATE=getMsg HTTP/1.1" 200 27
114.84.82.172 - - [23/Jun/2022:08:51:59 +0800] "GET /xingrg/check_reg.html?_=1655945518675 HTTP/1.1" 200 22
114.84.82.172 - - [23/Jun/2022:08:51:59 +0800] "GET /xingrg/all/function/internal_message.html?_=1655945518677&CODE_STATE=getMsg HTTP/1.1" 200 27
120.253.135.82 - - [23/Jun/2022:08:52:15 +0800] "GET /xingrg/all/function/internal_message.html?_=1655945343646&CODE_STATE=getMsg HTTP/1.1" 200 27
114.95.43.0 - - [23/Jun/2022:08:52:19 +0800] "GET /xingrg/all/function/internal_message.html?_=1655945540643&CODE_STATE=getMsg HTTP/1.1" 200 27
120.253.135.82 - - [23/Jun/2022:08:52:27 +0800] "GET /xingrg/all/function/internal_message.html?_=1655945684397&CODE_STATE=getMsg HTTP/1.1" 200 27
218.81.223.53 - - [23/Jun/2022:08:52:28 +0800] "GET /xingrg/all/function/internal_message.html?_=1655945559695&CODE_STATE=getMsg HTTP/1.1" 200 27
58.35.194.53 - - [23/Jun/2022:08:52:37 +0800] "GET /xingrg/all/function/internal_message.html?_=1655945555422&CODE_STATE=getMsg HTTP/1.1" 200 27
114.88.162.248 - - [23/Jun/2022:08:52:39 +0800] "GET /xingrg/all/function/internal_message.html?_=1655945554840&CODE_STATE=getMsg HTTP/1.1" 200 27
114.83.223.30 - - [23/Jun/2022:08:52:41 +0800] "GET /xingrg/all/function/internal_message.html?_=1655945556672&CODE_STATE=getMsg HTTP/1.1" 200 27
101.83.223.227 - - [23/Jun/2022:08:52:52 +0800] "GET /xingrg/all/function/internal_message.html?_=1655945569017&CODE_STATE=getMsg HTTP/1.1" 200 27
218.81.223.53 - - [23/Jun/2022:08:52:59 +0800] "GET /xingrg/all/function/internal_message.html?_=1655945538696&CODE_STATE=getMsg HTTP/1.1" 200 27
114.84.82.172 - - [23/Jun/2022:08:52:59 +0800] "GET /xingrg/all/function/internal_message.html?_=1655945578661&CODE_STATE=getMsg HTTP/1.1" 200 27
222.70.180.114 - - [23/Jun/2022:08:53:00 +0800] "POST /xingrg/services/DataTransmitService HTTP/1.1" 200 524
120.253.135.82 - - [23/Jun/2022:08:53:13 +0800] "GET /xingrg/check_reg.html?_=1655945401308 HTTP/1.1" 200 22
120.253.135.82 - - [23/Jun/2022:08:53:15 +0800] "GET /xingrg/all/function/internal_message.html?_=1655945403661&CODE_STATE=getMsg HTTP/1.1" 200 27
114.95.43.0 - - [23/Jun/2022:08:53:19 +0800] "GET /xingrg/all/function/internal_message.html?_=1655945600639&CODE_STATE=getMsg HTTP/1.1" 200 27
120.253.135.82 - - [23/Jun/2022:08:53:20 +0800] "GET /xingrg/javascript/jquery_easy_ui/themes/default/images/tabs_active.png HTTP/1.1" 304 -
120.253.135.82 - - [23/Jun/2022:08:53:27 +0800] "GET /xingrg/all/function/internal_message.html?_=1655945744399&CODE_STATE=getMsg HTTP/1.1" 200 27
120.253.135.82 - - [23/Jun/2022:08:53:28 +0800] "GET /xingrg/kc/buy/cgsh_order_list.html HTTP/1.1" 200 51962
218.81.223.53 - - [23/Jun/2022:08:53:28 +0800] "GET /xingrg/all/function/internal_message.html?_=1655945619909&CODE_STATE=getMsg HTTP/1.1" 200 27
120.253.135.82 - - [23/Jun/2022:08:53:28 +0800] "POST /xingrg/kc/buy/cgsh_list_operate.html HTTP/1.1" 200 693
120.253.135.82 - - [23/Jun/2022:08:53:30 +0800] "GET /xingrg/kc/buy/cgsh_order_add.html HTTP/1.1" 200 66808
120.253.135.82 - - [23/Jun/2022:08:53:30 +0800] "GET /xingrg/javascript/easyui/themes/icons/template_new.png HTTP/1.1" 304 -
120.253.135.82 - - [23/Jun/2022:08:53:30 +0800] "POST /xingrg/kc/buy/cgsh_order_operate.html HTTP/1.1" 200 8245
120.253.135.82 - - [23/Jun/2022:08:53:30 +0800] "GET /xingrg/all/common/auto_word.html?type=employee&rest_code=00101 HTTP/1.1" 200 977
120.253.135.82 - - [23/Jun/2022:08:53:31 +0800] "GET /xingrg/javascript/easyui/themes/default/validatebox.css HTTP/1.1" 404 1104
120.253.135.82 - - [23/Jun/2022:08:53:31 +0800] "GET /xingrg/all/common/auto_word.html?type=employee&rest_code=00101 HTTP/1.1" 200 977
58.35.194.53 - - [23/Jun/2022:08:53:37 +0800] "GET /xingrg/all/function/internal_message.html?_=1655945615409&CODE_STATE=getMsg HTTP/1.1" 200 27
114.88.162.248 - - [23/Jun/2022:08:53:39 +0800] "GET /xingrg/all/function/internal_message.html?_=1655945614810&CODE_STATE=getMsg HTTP/1.1" 200 27
114.83.223.30 - - [23/Jun/2022:08:53:41 +0800] "GET /xingrg/all/function/internal_message.html?_=1655945616675&CODE_STATE=getMsg HTTP/1.1" 200 27
101.83.223.227 - - [23/Jun/2022:08:53:52 +0800] "GET /xingrg/all/function/internal_message.html?_=1655945629001&CODE_STATE=getMsg HTTP/1.1" 200 27
218.81.223.53 - - [23/Jun/2022:08:53:53 +0800] "POST /xingrg/services/DataTransmitService HTTP/1.1" 200 524
218.81.223.53 - - [23/Jun/2022:08:53:59 +0800] "GET /xingrg/all/function/internal_message.html?_=1655945598682&CODE_STATE=getMsg HTTP/1.1" 200 27
114.84.82.172 - - [23/Jun/2022:08:53:59 +0800] "GET /xingrg/all/function/internal_message.html?_=1655945638660&CODE_STATE=getMsg HTTP/1.1" 200 27
120.253.135.82 - - [23/Jun/2022:08:54:15 +0800] "GET /xingrg/all/function/internal_message.html?_=1655945463726&CODE_STATE=getMsg HTTP/1.1" 200 27
114.95.43.0 - - [23/Jun/2022:08:54:19 +0800] "GET /xingrg/all/function/internal_message.html?_=1655945660643&CODE_STATE=getMsg HTTP/1.1" 200 27
120.253.135.82 - - [23/Jun/2022:08:54:27 +0800] "GET /xingrg/all/function/internal_message.html?_=1655945804507&CODE_STATE=getMsg HTTP/1.1" 200 27
218.81.223.53 - - [23/Jun/2022:08:54:28 +0800] "GET /xingrg/all/function/internal_message.html?_=1655945679925&CODE_STATE=getMsg HTTP/1.1" 200 27
58.35.194.53 - - [23/Jun/2022:08:54:37 +0800] "GET /xingrg/all/function/internal_message.html?_=1655945675394&CODE_STATE=getMsg HTTP/1.1" 200 27
114.88.162.248 - - [23/Jun/2022:08:54:39 +0800] "GET /xingrg/all/function/internal_message.html?_=1655945674781&CODE_STATE=getMsg HTTP/1.1" 200 27
114.83.223.30 - - [23/Jun/2022:08:54:41 +0800] "GET /xingrg/all/function/internal_message.html?_=1655945676683&CODE_STATE=getMsg HTTP/1.1" 200 27
101.83.223.227 - - [23/Jun/2022:08:54:52 +0800] "GET /xingrg/all/function/internal_message.html?_=1655945688992&CODE_STATE=getMsg HTTP/1.1" 200 27
101.83.223.227 - - [23/Jun/2022:08:54:52 +0800] "GET /xingrg/check_reg.html?_=1655945689203 HTTP/1.1" 200 22
114.83.223.30 - - [23/Jun/2022:08:54:56 +0800] "GET /xingrg/kc/buy/cgsh_order_operate.html?command=get_materiel&rest_code=00149&code=00101008148&supplier_code=00100005&order_time=2022-06-22 HTTP/1.1" 200 416
218.81.223.53 - - [23/Jun/2022:08:54:59 +0800] "GET /xingrg/all/function/internal_message.html?_=1655945658684&CODE_STATE=getMsg HTTP/1.1" 200 27
218.81.223.53 - - [23/Jun/2022:08:54:59 +0800] "GET /xingrg/check_reg.html?_=1655945658685 HTTP/1.1" 200 22
114.84.82.172 - - [23/Jun/2022:08:54:59 +0800] "GET /xingrg/all/function/internal_message.html?_=1655945698701&CODE_STATE=getMsg HTTP/1.1" 200 27
114.95.43.0 - - [23/Jun/2022:08:55:00 +0800] "GET /xingrg/check_reg.html?_=1655945701497 HTTP/1.1" 200 22
114.88.162.248 - - [23/Jun/2022:08:55:01 +0800] "GET /xingrg/check_reg.html?_=1655945696718 HTTP/1.1" 200 22
120.253.135.82 - - [23/Jun/2022:08:55:08 +0800] "GET /xingrg/check_reg.html?_=1655945845216 HTTP/1.1" 200 22
114.83.223.30 - - [23/Jun/2022:08:55:15 +0800] "GET /xingrg/kc/buy/cgsh_order_operate.html?command=get_materiel&rest_code=00149&code=00101008144&supplier_code=00100005&order_time=2022-06-22 HTTP/1.1" 200 412
120.253.135.82 - - [23/Jun/2022:08:55:15 +0800] "GET /xingrg/all/function/internal_message.html?_=1655945523735&CODE_STATE=getMsg HTTP/1.1" 200 27
114.95.43.0 - - [23/Jun/2022:08:55:19 +0800] "GET /xingrg/all/function/internal_message.html?_=1655945720640&CODE_STATE=getMsg HTTP/1.1" 200 27
120.253.135.82 - - [23/Jun/2022:08:55:27 +0800] "GET /xingrg/all/function/internal_message.html?_=1655945864521&CODE_STATE=getMsg HTTP/1.1" 200 27
218.81.223.53 - - [23/Jun/2022:08:55:28 +0800] "GET /xingrg/all/function/internal_message.html?_=1655945740133&CODE_STATE=getMsg HTTP/1.1" 200 27
114.83.223.30 - - [23/Jun/2022:08:55:32 +0800] "GET /xingrg/kc/buy/cgsh_order_operate.html?command=get_materiel&rest_code=00149&code=00101008372&supplier_code=00100005&order_time=2022-06-22 HTTP/1.1" 200 408
218.81.223.53 - - [23/Jun/2022:08:55:37 +0800] "GET /xingrg/check_reg.html?_=1655945748956 HTTP/1.1" 200 22
58.35.194.53 - - [23/Jun/2022:08:55:37 +0800] "GET /xingrg/all/function/internal_message.html?_=1655945735381&CODE_STATE=getMsg HTTP/1.1" 200 27
114.88.162.248 - - [23/Jun/2022:08:55:39 +0800] "GET /xingrg/all/function/internal_message.html?_=1655945734754&CODE_STATE=getMsg HTTP/1.1" 200 27
114.83.223.30 - - [23/Jun/2022:08:55:41 +0800] "GET /xingrg/all/function/internal_message.html?_=1655945736679&CODE_STATE=getMsg HTTP/1.1" 200 27
114.83.223.30 - - [23/Jun/2022:08:55:41 +0800] "GET /xingrg/check_reg.html?_=1655945736681 HTTP/1.1" 200 22
114.83.223.30 - - [23/Jun/2022:08:55:50 +0800] "GET /xingrg/kc/buy/cgsh_order_operate.html?command=get_materiel&rest_code=00149&code=00101008321&supplier_code=00100005&order_time=2022-06-22 HTTP/1.1" 200 412
101.83.223.227 - - [23/Jun/2022:08:55:52 +0800] "GET /xingrg/all/function/internal_message.html?_=1655945748970&CODE_STATE=getMsg HTTP/1.1" 200 27
58.35.194.53 - - [23/Jun/2022:08:55:57 +0800] "GET /xingrg/check_reg.html?_=1655945754740 HTTP/1.1" 200 22
218.81.223.53 - - [23/Jun/2022:08:55:59 +0800] "GET /xingrg/all/function/internal_message.html?_=1655945718686&CODE_STATE=getMsg HTTP/1.1" 200 27
114.84.82.172 - - [23/Jun/2022:08:55:59 +0800] "GET /xingrg/all/function/internal_message.html?_=1655945758700&CODE_STATE=getMsg HTTP/1.1" 200 27
180.169.147.146 - - [23/Jun/2022:08:56:02 +0800] "GET /xingrg/check_reg.html?_=1655945754492 HTTP/1.1" 302 -
180.169.147.146 - - [23/Jun/2022:08:56:02 +0800] "GET /xingrg/login.html HTTP/1.1" 200 7641
114.83.223.30 - - [23/Jun/2022:08:56:03 +0800] "GET /xingrg/kc/buy/cgsh_order_operate.html?command=get_materiel&rest_code=00149&code=00101008356&supplier_code=00100005&order_time=2022-06-22 HTTP/1.1" 200 408
120.253.135.82 - - [23/Jun/2022:08:56:15 +0800] "GET /xingrg/all/function/internal_message.html?_=1655945583809&CODE_STATE=getMsg HTTP/1.1" 200 27
114.95.43.0 - - [23/Jun/2022:08:56:19 +0800] "GET /xingrg/all/function/internal_message.html?_=1655945780640&CODE_STATE=getMsg HTTP/1.1" 200 27
114.83.223.30 - - [23/Jun/2022:08:56:22 +0800] "GET /xingrg/kc/buy/cgsh_order_operate.html?command=get_materiel&rest_code=00149&code=00101008300&supplier_code=00100005&order_time=2022-06-22 HTTP/1.1" 200 412
120.253.135.82 - - [23/Jun/2022:08:56:27 +0800] "GET /xingrg/all/function/internal_message.html?_=1655945924533&CODE_STATE=getMsg HTTP/1.1" 200 27
218.81.223.53 - - [23/Jun/2022:08:56:28 +0800] "GET /xingrg/all/function/internal_message.html?_=1655945800138&CODE_STATE=getMsg HTTP/1.1" 200 27
58.35.194.53 - - [23/Jun/2022:08:56:37 +0800] "GET /xingrg/all/function/internal_message.html?_=1655945795352&CODE_STATE=getMsg HTTP/1.1" 200 27
114.88.162.248 - - [23/Jun/2022:08:56:39 +0800] "GET /xingrg/all/function/internal_message.html?_=1655945794724&CODE_STATE=getMsg HTTP/1.1" 200 27
114.83.223.30 - - [23/Jun/2022:08:56:39 +0800] "GET /xingrg/kc/buy/cgsh_order_operate.html?command=get_materiel&rest_code=00149&code=00101008439&supplier_code=00100005&order_time=2022-06-22 HTTP/1.1" 200 413
114.83.223.30 - - [23/Jun/2022:08:56:41 +0800] "GET /xingrg/all/function/internal_message.html?_=1655945796687&CODE_STATE=getMsg HTTP/1.1" 200 27
101.83.223.227 - - [23/Jun/2022:08:56:52 +0800] "GET /xingrg/all/function/internal_message.html?_=1655945808944&CODE_STATE=getMsg HTTP/1.1" 200 27
114.83.223.30 - - [23/Jun/2022:08:56:57 +0800] "GET /xingrg/kc/buy/cgsh_order_operate.html?command=get_materiel&rest_code=00149&code=00101008357&supplier_code=00100005&order_time=2022-06-22 HTTP/1.1" 200 408
218.81.223.53 - - [23/Jun/2022:08:56:59 +0800] "GET /xingrg/all/function/internal_message.html?_=1655945778688&CODE_STATE=getMsg HTTP/1.1" 200 27
114.84.82.172 - - [23/Jun/2022:08:56:59 +0800] "GET /xingrg/check_reg.html?_=1655945818700 HTTP/1.1" 200 22
114.84.82.172 - - [23/Jun/2022:08:56:59 +0800] "GET /xingrg/all/function/internal_message.html?_=1655945818702&CODE_STATE=getMsg HTTP/1.1" 200 27
120.253.135.82 - - [23/Jun/2022:08:57:15 +0800] "GET /xingrg/login.html HTTP/1.1" 200 7641
120.253.135.82 - - [23/Jun/2022:08:57:15 +0800] "GET /xingrg/images/blue/jxLogo.png HTTP/1.1" 200 6156
120.253.135.82 - - [23/Jun/2022:08:57:15 +0800] "GET /xingrg/images/blue/login_bg.png HTTP/1.1" 200 22101
120.253.135.82 - - [23/Jun/2022:08:57:15 +0800] "GET /xingrg/all/function/internal_message.html?_=1655945643809&CODE_STATE=getMsg HTTP/1.1" 200 27
120.253.135.82 - - [23/Jun/2022:08:57:15 +0800] "GET /xingrg/images/blue/hj.png HTTP/1.1" 200 1014
120.253.135.82 - - [23/Jun/2022:08:57:16 +0800] "GET /xingrg/images/blue/srbg.png HTTP/1.1" 200 138
120.253.135.82 - - [23/Jun/2022:08:57:16 +0800] "GET /favicon.ico HTTP/1.1" 404 -
114.95.43.0 - - [23/Jun/2022:08:57:19 +0800] "GET /xingrg/all/function/internal_message.html?_=1655945840634&CODE_STATE=getMsg HTTP/1.1" 200 27
114.83.223.30 - - [23/Jun/2022:08:57:23 +0800] "GET /xingrg/kc/buy/cgsh_order_operate.html?command=get_materiel&rest_code=00149&code=00101008069&supplier_code=00100005&order_time=2022-06-22 HTTP/1.1" 200 428
120.253.135.82 - - [23/Jun/2022:08:57:26 +0800] "GET /xingrg/javascript/jquery_easy_ui/themes/default/images/tabs_active.png HTTP/1.1" 200 2894
120.253.135.82 - - [23/Jun/2022:08:57:27 +0800] "GET /xingrg/all/function/internal_message.html?_=1655945984555&CODE_STATE=getMsg HTTP/1.1" 200 27
218.81.223.53 - - [23/Jun/2022:08:57:28 +0800] "GET /xingrg/all/function/internal_message.html?_=1655945860154&CODE_STATE=getMsg HTTP/1.1" 200 27
120.253.135.82 - - [23/Jun/2022:08:57:31 +0800] "GET /xingrg/kc/pszx/mdps_order_list.html?orderType=0 HTTP/1.1" 200 21007
120.253.135.82 - - [23/Jun/2022:08:57:31 +0800] "GET /xingrg/javascript/jquery_tools/jquery.tools.extend.js HTTP/1.1" 200 15385
120.253.135.82 - - [23/Jun/2022:08:57:31 +0800] "GET /xingrg/javascript/jquery_tools/jquery.tools.hotkey.js HTTP/1.1" 200 3242
120.253.135.82 - - [23/Jun/2022:08:57:31 +0800] "GET /xingrg/css/base.css HTTP/1.1" 200 2811
120.253.135.82 - - [23/Jun/2022:08:57:31 +0800] "GET /xingrg/javascript/jquery_tools/jquery.tools.table.js HTTP/1.1" 200 6994
120.253.135.82 - - [23/Jun/2022:08:57:31 +0800] "GET /xingrg/javascript/jquery_tools/list_manager.js HTTP/1.1" 200 3652
120.253.135.82 - - [23/Jun/2022:08:57:31 +0800] "GET /xingrg/javascript/auto/jquery.autocomplete.js HTTP/1.1" 200 21624
120.253.135.82 - - [23/Jun/2022:08:57:31 +0800] "GET /xingrg/javascript/easyui/easyloader.js HTTP/1.1" 200 5975
120.253.135.82 - - [23/Jun/2022:08:57:31 +0800] "GET /xingrg/javascript/jquery.cookie.js HTTP/1.1" 200 5513
120.253.135.82 - - [23/Jun/2022:08:57:31 +0800] "GET /xingrg/javascript/jquery.utils.js HTTP/1.1" 200 11805
120.253.135.82 - - [23/Jun/2022:08:57:31 +0800] "GET /xingrg/javascript/print/LodopFuncs.js HTTP/1.1" 200 5121
120.253.135.82 - - [23/Jun/2022:08:57:31 +0800] "GET /xingrg/javascript/easyui/themes/default/easyui.css HTTP/1.1" 200 30432
120.253.135.82 - - [23/Jun/2022:08:57:31 +0800] "GET /xingrg/css/site.css HTTP/1.1" 200 7541
120.253.135.82 - - [23/Jun/2022:08:57:31 +0800] "GET /xingrg/javascript/easyui/themes/icon.css HTTP/1.1" 200 4483
120.253.135.82 - - [23/Jun/2022:08:57:31 +0800] "GET /xingrg/javascript/jquery_tools/datebox.css HTTP/1.1" 200 2597
120.253.135.82 - - [23/Jun/2022:08:57:31 +0800] "GET /xingrg/javascript/auto/jquery.autocomplete.css HTTP/1.1" 200 587
120.253.135.82 - - [23/Jun/2022:08:57:31 +0800] "GET /xingrg/javascript/jquery_tools/fix.css HTTP/1.1" 200 1702
120.253.135.82 - - [23/Jun/2022:08:57:31 +0800] "GET /xingrg/javascript/jquery_tools/table.css HTTP/1.1" 200 1032
120.253.135.82 - - [23/Jun/2022:08:57:31 +0800] "GET /xingrg/javascript/jquery_tools/jquery.tools.min.js HTTP/1.1" 200 138801
120.253.135.82 - - [23/Jun/2022:08:57:32 +0800] "GET /xingrg/javascript/easyui/plugins/jquery.parser.js HTTP/1.1" 200 1142
120.253.135.82 - - [23/Jun/2022:08:57:32 +0800] "POST /xingrg/kc/pszx/mdps_list_operate.html HTTP/1.1" 200 5236
120.253.135.82 - - [23/Jun/2022:08:57:33 +0800] "GET /xingrg/kc/pszx/mdqp_order_list.html?state=10 HTTP/1.1" 200 10217
120.253.135.82 - - [23/Jun/2022:08:57:33 +0800] "GET /xingrg/javascript/pic_change.js HTTP/1.1" 200 4739
120.253.135.82 - - [23/Jun/2022:08:57:33 +0800] "GET /xingrg/javascript/jquery_easy_ui/themes/icon.css HTTP/1.1" 200 3949
120.253.135.82 - - [23/Jun/2022:08:57:33 +0800] "GET /xingrg/css/blue.css HTTP/1.1" 200 15949
120.253.135.82 - - [23/Jun/2022:08:57:33 +0800] "GET /xingrg/dwr/interface/AjaxReportQueryService.js HTTP/1.1" 200 13203
120.253.135.82 - - [23/Jun/2022:08:57:33 +0800] "GET /xingrg/javascript/Calendar.js HTTP/1.1" 200 31561
120.253.135.82 - - [23/Jun/2022:08:57:33 +0800] "GET /xingrg/javascript/myfunction.js HTTP/1.1" 200 24559
120.253.135.82 - - [23/Jun/2022:08:57:33 +0800] "GET /xingrg/javascript/jquery_easy_ui/themes/default/easyui.css HTTP/1.1" 200 26500
120.253.135.82 - - [23/Jun/2022:08:57:33 +0800] "GET /xingrg/dwr/interface/AjaxQqpsService.js HTTP/1.1" 200 16326
120.253.135.82 - - [23/Jun/2022:08:57:34 +0800] "GET /xingrg/dwr/util.js HTTP/1.1" 200 35990
120.253.135.82 - - [23/Jun/2022:08:57:34 +0800] "GET /xingrg/dwr/engine.js HTTP/1.1" 200 43631
120.253.135.82 - - [23/Jun/2022:08:57:34 +0800] "GET /xingrg/javascript/jquery_easy_ui/themes/icons/back_new.png HTTP/1.1" 200 3414
120.253.135.82 - - [23/Jun/2022:08:57:34 +0800] "GET /xingrg/javascript/jquery_easy_ui/themes/icons/check_new.png HTTP/1.1" 200 3224
120.253.135.82 - - [23/Jun/2022:08:57:34 +0800] "GET /xingrg/javascript/jquery_easy_ui/themes/icons/uncheck_new.png HTTP/1.1" 200 3197
120.253.135.82 - - [23/Jun/2022:08:57:35 +0800] "GET /xingrg/kc/pszx/mdqp_order_list.html?state=10 HTTP/1.1" 200 10217
120.253.135.82 - - [23/Jun/2022:08:57:35 +0800] "GET /xingrg/dwr/interface/AjaxQqpsService.js HTTP/1.1" 200 16326
120.253.135.82 - - [23/Jun/2022:08:57:35 +0800] "GET /xingrg/dwr/interface/AjaxReportQueryService.js HTTP/1.1" 200 13203
120.253.135.82 - - [23/Jun/2022:08:57:35 +0800] "GET /xingrg/dwr/engine.js HTTP/1.1" 200 43631
58.35.194.53 - - [23/Jun/2022:08:57:37 +0800] "GET /xingrg/all/function/internal_message.html?_=1655945855336&CODE_STATE=getMsg HTTP/1.1" 200 27
114.88.162.248 - - [23/Jun/2022:08:57:39 +0800] "GET /xingrg/all/function/internal_message.html?_=1655945854696&CODE_STATE=getMsg HTTP/1.1" 200 27
120.253.135.82 - - [23/Jun/2022:08:57:39 +0800] "GET /xingrg/kc/pszx/mdps_order_list.html?orderType=0 HTTP/1.1" 200 21007
120.253.135.82 - - [23/Jun/2022:08:57:39 +0800] "GET /xingrg/javascript/easyui/themes/icons/check_new.png HTTP/1.1" 200 3224
120.253.135.82 - - [23/Jun/2022:08:57:39 +0800] "GET /xingrg/javascript/easyui/themes/icons/edit_add_new.png HTTP/1.1" 200 2997
120.253.135.82 - - [23/Jun/2022:08:57:39 +0800] "GET /xingrg/javascript/easyui/themes/icons/cance_new.png HTTP/1.1" 200 3986
120.253.135.82 - - [23/Jun/2022:08:57:39 +0800] "GET /xingrg/javascript/easyui/themes/icons/uncheck_new.png HTTP/1.1" 200 3197
120.253.135.82 - - [23/Jun/2022:08:57:39 +0800] "GET /xingrg/javascript/easyui/themes/icons/field_new.png HTTP/1.1" 200 1097
120.253.135.82 - - [23/Jun/2022:08:57:39 +0800] "GET /xingrg/javascript/easyui/themes/icons/import_new.png HTTP/1.1" 200 1247
120.253.135.82 - - [23/Jun/2022:08:57:39 +0800] "GET /xingrg/images/control/ajaxLoader.gif HTTP/1.1" 200 4659
120.253.135.82 - - [23/Jun/2022:08:57:39 +0800] "POST /xingrg/kc/pszx/mdps_list_operate.html HTTP/1.1" 200 5236
114.83.223.30 - - [23/Jun/2022:08:57:41 +0800] "GET /xingrg/all/function/internal_message.html?_=1655945856680&CODE_STATE=getMsg HTTP/1.1" 200 27
120.253.135.82 - - [23/Jun/2022:08:57:44 +0800] "POST /xingrg/kc/pszx/mdps_list_operate.html HTTP/1.1" 200 293
120.253.135.82 - - [23/Jun/2022:08:57:44 +0800] "GET /xingrg/kc/pszx/mdps_order_info.html?code=312022062300375 HTTP/1.1" 200 23978
120.253.135.82 - - [23/Jun/2022:08:57:44 +0800] "GET /xingrg/javascript/convert.js HTTP/1.1" 200 1239
120.253.135.82 - - [23/Jun/2022:08:57:44 +0800] "GET /xingrg/javascript/jquery_easy_ui/jquery.easyui.min.js HTTP/1.1" 200 213662
120.253.135.82 - - [23/Jun/2022:08:57:44 +0800] "GET /xingrg/javascript/json2.js HTTP/1.1" 200 11259
120.253.135.82 - - [23/Jun/2022:08:57:44 +0800] "GET /xingrg/javascript/jquery_tools/order_manager.js HTTP/1.1" 200 11183
120.253.135.82 - - [23/Jun/2022:08:57:44 +0800] "GET /xingrg/javascript/print/kc_print.js HTTP/1.1" 200 11415
120.253.135.82 - - [23/Jun/2022:08:57:44 +0800] "GET /xingrg/words/20220620185908_words.js HTTP/1.1" 200 901824
120.253.135.82 - - [23/Jun/2022:08:57:44 +0800] "GET /xingrg/javascript/easyui/themes/icons/copy_new.png HTTP/1.1" 200 815
120.253.135.82 - - [23/Jun/2022:08:57:44 +0800] "GET /xingrg/javascript/easyui/themes/icons/ok.png HTTP/1.1" 200 883
120.253.135.82 - - [23/Jun/2022:08:57:44 +0800] "GET /xingrg/javascript/easyui/themes/icons/print.png HTTP/1.1" 200 1057
120.253.135.82 - - [23/Jun/2022:08:57:44 +0800] "GET /xingrg/javascript/easyui/themes/icons/cancel.png HTTP/1.1" 200 1133
120.253.135.82 - - [23/Jun/2022:08:57:44 +0800] "GET /xingrg/javascript/easyui/themes/default/images/menu_downarrow.png HTTP/1.1" 200 173
120.253.135.82 - - [23/Jun/2022:08:57:45 +0800] "GET /xingrg/all/common/auto_word.html?type=base&rest_code=00101 HTTP/1.1" 200 671
120.253.135.82 - - [23/Jun/2022:08:57:45 +0800] "GET /xingrg/javascript/easyui/themes/default/validatebox.css HTTP/1.1" 404 1104
120.253.135.82 - - [23/Jun/2022:08:57:45 +0800] "GET /xingrg/javascript/easyui/plugins/jquery.validatebox.js HTTP/1.1" 200 6103
120.253.135.82 - - [23/Jun/2022:08:57:45 +0800] "POST /xingrg/kc/pszx/mdps_order_operate.html HTTP/1.1" 200 2803
120.253.135.82 - - [23/Jun/2022:08:57:45 +0800] "GET /xingrg/javascript/easyui/plugins/jquery.numberbox.js HTTP/1.1" 200 5213
120.253.135.82 - - [23/Jun/2022:08:57:45 +0800] "GET /xingrg/javascript/easyui/themes/icons/edit_remove.png HTTP/1.1" 200 625
114.83.223.30 - - [23/Jun/2022:08:57:45 +0800] "GET /xingrg/kc/buy/cgsh_order_operate.html?command=get_materiel&rest_code=00149&code=00101008131&supplier_code=00100005&order_time=2022-06-22 HTTP/1.1" 200 408
101.83.223.227 - - [23/Jun/2022:08:57:52 +0800] "GET /xingrg/all/function/internal_message.html?_=1655945868911&CODE_STATE=getMsg HTTP/1.1" 200 27
120.253.135.82 - - [23/Jun/2022:08:57:55 +0800] "GET /xingrg/javascript/easyui/themes/default/images/button_plain_hover.png HTTP/1.1" 200 144
120.253.135.82 - - [23/Jun/2022:08:57:55 +0800] "GET /xingrg/javascript/easyui/themes/default/images/button_plain_hover.png HTTP/1.1" 200 144
218.81.223.53 - - [23/Jun/2022:08:57:59 +0800] "GET /xingrg/all/function/internal_message.html?_=1655945838689&CODE_STATE=getMsg HTTP/1.1" 200 27
114.84.82.172 - - [23/Jun/2022:08:57:59 +0800] "GET /xingrg/all/function/internal_message.html?_=1655945878686&CODE_STATE=getMsg HTTP/1.1" 200 27
120.253.135.82 - - [23/Jun/2022:08:58:01 +0800] "POST /xingrg/kc/pszx/mdps_list_operate.html HTTP/1.1" 200 5393
114.83.223.30 - - [23/Jun/2022:08:58:01 +0800] "GET /xingrg/kc/buy/cgsh_order_operate.html?command=get_materiel&rest_code=00149&code=00101008271&supplier_code=00100005&order_time=2022-06-22 HTTP/1.1" 200 408
120.253.135.82 - - [23/Jun/2022:08:58:06 +0800] "POST /xingrg/kc/pszx/mdps_list_operate.html HTTP/1.1" 200 282
101.83.223.227 - - [23/Jun/2022:08:58:09 +0800] "POST /xingrg/services/DataTransmitService HTTP/1.1" 200 524
120.253.135.82 - - [23/Jun/2022:08:58:09 +0800] "POST /xingrg/kc/pszx/mdps_list_operate.html HTTP/1.1" 200 207
120.253.135.82 - - [23/Jun/2022:08:58:11 +0800] "GET /xingrg/kc/pszx/mdps_order_info.html?code=312022062300367 HTTP/1.1" 200 23976
120.253.135.82 - - [23/Jun/2022:08:58:12 +0800] "POST /xingrg/kc/pszx/mdps_order_operate.html HTTP/1.1" 200 2283
120.253.135.82 - - [23/Jun/2022:08:58:12 +0800] "GET /xingrg/javascript/easyui/themes/default/validatebox.css HTTP/1.1" 404 1104
120.253.135.82 - - [23/Jun/2022:08:58:13 +0800] "GET /xingrg/check_reg.html?_=1655945701373 HTTP/1.1" 200 22
120.253.135.82 - - [23/Jun/2022:08:58:15 +0800] "GET /xingrg/all/function/internal_message.html?_=1655945703822&CODE_STATE=getMsg HTTP/1.1" 200 27
114.95.43.0 - - [23/Jun/2022:08:58:19 +0800] "GET /xingrg/all/function/internal_message.html?_=1655945900642&CODE_STATE=getMsg HTTP/1.1" 200 27
114.83.223.30 - - [23/Jun/2022:08:58:26 +0800] "GET /xingrg/kc/buy/cgsh_order_operate.html?command=get_materiel&rest_code=00149&code=00101020126&supplier_code=00100005&order_time=2022-06-22 HTTP/1.1" 200 412
120.253.135.82 - - [23/Jun/2022:08:58:27 +0800] "GET /xingrg/all/function/internal_message.html?_=1655946044561&CODE_STATE=getMsg HTTP/1.1" 200 27
218.81.223.53 - - [23/Jun/2022:08:58:29 +0800] "GET /xingrg/all/function/internal_message.html?_=1655945920369&CODE_STATE=getMsg HTTP/1.1" 200 27
58.35.194.53 - - [23/Jun/2022:08:58:37 +0800] "GET /xingrg/all/function/internal_message.html?_=1655945915322&CODE_STATE=getMsg HTTP/1.1" 200 27
114.88.162.248 - - [23/Jun/2022:08:58:39 +0800] "GET /xingrg/all/function/internal_message.html?_=1655945914667&CODE_STATE=getMsg HTTP/1.1" 200 27
114.83.223.30 - - [23/Jun/2022:08:58:41 +0800] "GET /xingrg/all/function/internal_message.html?_=1655945916706&CODE_STATE=getMsg HTTP/1.1" 200 27
114.83.223.30 - - [23/Jun/2022:08:58:44 +0800] "GET /xingrg/kc/buy/cgsh_order_operate.html?command=get_materiel&rest_code=00149&code=00101008173&supplier_code=00100005&order_time=2022-06-22 HTTP/1.1" 200 412
101.83.223.227 - - [23/Jun/2022:08:58:52 +0800] "GET /xingrg/all/function/internal_message.html?_=1655945928897&CODE_STATE=getMsg HTTP/1.1" 200 27
114.83.223.30 - - [23/Jun/2022:08:58:57 +0800] "GET /xingrg/kc/buy/cgsh_order_operate.html?command=get_materiel&rest_code=00149&code=00101008125&supplier_code=00100005&order_time=2022-06-22 HTTP/1.1" 200 428
218.81.223.53 - - [23/Jun/2022:08:58:59 +0800] "GET /xingrg/all/function/internal_message.html?_=1655945898691&CODE_STATE=getMsg HTTP/1.1" 200 27
114.84.82.172 - - [23/Jun/2022:08:58:59 +0800] "GET /xingrg/all/function/internal_message.html?_=1655945938701&CODE_STATE=getMsg HTTP/1.1" 200 27
120.253.135.82 - - [23/Jun/2022:08:59:15 +0800] "GET /xingrg/all/function/internal_message.html?_=1655945763835&CODE_STATE=getMsg HTTP/1.1" 200 27
114.95.43.0 - - [23/Jun/2022:08:59:19 +0800] "GET /xingrg/all/function/internal_message.html?_=1655945960639&CODE_STATE=getMsg HTTP/1.1" 200 27
120.253.135.82 - - [23/Jun/2022:08:59:27 +0800] "GET /xingrg/all/function/internal_message.html?_=1655946104574&CODE_STATE=getMsg HTTP/1.1" 200 27
218.81.223.53 - - [23/Jun/2022:08:59:29 +0800] "GET /xingrg/all/function/internal_message.html?_=1655945980382&CODE_STATE=getMsg HTTP/1.1" 200 27
58.35.194.53 - - [23/Jun/2022:08:59:37 +0800] "GET /xingrg/all/function/internal_message.html?_=1655945975307&CODE_STATE=getMsg HTTP/1.1" 200 27
114.88.162.248 - - [23/Jun/2022:08:59:38 +0800] "GET /xingrg/all/function/internal_message.html?_=1655945974653&CODE_STATE=getMsg HTTP/1.1" 200 27
114.83.223.30 - - [23/Jun/2022:08:59:41 +0800] "GET /xingrg/all/function/internal_message.html?_=1655945976692&CODE_STATE=getMsg HTTP/1.1" 200 27
101.83.223.227 - - [23/Jun/2022:08:59:52 +0800] "GET /xingrg/all/function/internal_message.html?_=1655945988883&CODE_STATE=getMsg HTTP/1.1" 200 27
101.83.223.227 - - [23/Jun/2022:08:59:52 +0800] "GET /xingrg/check_reg.html?_=1655945989239 HTTP/1.1" 200 22
218.81.223.53 - - [23/Jun/2022:08:59:59 +0800] "GET /xingrg/check_reg.html?_=1655945958693 HTTP/1.1" 200 22
218.81.223.53 - - [23/Jun/2022:08:59:59 +0800] "GET /xingrg/all/function/internal_message.html?_=1655945958694&CODE_STATE=getMsg HTTP/1.1" 200 27
114.84.82.172 - - [23/Jun/2022:08:59:59 +0800] "GET /xingrg/all/function/internal_message.html?_=1655945998699&CODE_STATE=getMsg HTTP/1.1" 200 27
114.95.43.0 - - [23/Jun/2022:09:00:00 +0800] "GET /xingrg/check_reg.html?_=1655946001466 HTTP/1.1" 200 22
114.88.162.248 - - [23/Jun/2022:09:00:01 +0800] "GET /xingrg/check_reg.html?_=1655945996700 HTTP/1.1" 200 22
120.253.135.82 - - [23/Jun/2022:09:00:08 +0800] "GET /xingrg/check_reg.html?_=1655946145311 HTTP/1.1" 200 22
120.253.135.82 - - [23/Jun/2022:09:00:15 +0800] "GET /xingrg/all/function/internal_message.html?_=1655945823850&CODE_STATE=getMsg HTTP/1.1" 200 27
114.95.43.0 - - [23/Jun/2022:09:00:19 +0800] "GET /xingrg/all/function/internal_message.html?_=1655946020641&CODE_STATE=getMsg HTTP/1.1" 200 27
120.253.135.82 - - [23/Jun/2022:09:00:27 +0800] "GET /xingrg/all/function/internal_message.html?_=1655946164589&CODE_STATE=getMsg HTTP/1.1" 200 27
218.81.223.53 - - [23/Jun/2022:09:00:29 +0800] "GET /xingrg/all/function/internal_message.html?_=1655946040582&CODE_STATE=getMsg HTTP/1.1" 200 27
218.81.223.53 - - [23/Jun/2022:09:00:37 +0800] "GET /xingrg/check_reg.html?_=1655946048960 HTTP/1.1" 200 22
58.35.194.53 - - [23/Jun/2022:09:00:37 +0800] "GET /xingrg/all/function/internal_message.html?_=1655946035277&CODE_STATE=getMsg HTTP/1.1" 200 27
114.88.162.248 - - [23/Jun/2022:09:00:38 +0800] "GET /xingrg/all/function/internal_message.html?_=1655946034627&CODE_STATE=getMsg HTTP/1.1" 200 27
114.83.223.30 - - [23/Jun/2022:09:00:41 +0800] "GET /xingrg/all/function/internal_message.html?_=1655946036695&CODE_STATE=getMsg HTTP/1.1" 200 27
114.83.223.30 - - [23/Jun/2022:09:00:41 +0800] "GET /xingrg/check_reg.html?_=1655946036697 HTTP/1.1" 200 22
101.83.223.227 - - [23/Jun/2022:09:00:52 +0800] "GET /xingrg/all/function/internal_message.html?_=1655946048864&CODE_STATE=getMsg HTTP/1.1" 200 27
58.35.194.53 - - [23/Jun/2022:09:00:57 +0800] "GET /xingrg/check_reg.html?_=1655946054733 HTTP/1.1" 200 22
218.81.223.53 - - [23/Jun/2022:09:00:59 +0800] "GET /xingrg/all/function/internal_message.html?_=1655946018696&CODE_STATE=getMsg HTTP/1.1" 200 27
114.84.82.172 - - [23/Jun/2022:09:00:59 +0800] "GET /xingrg/all/function/internal_message.html?_=1655946058699&CODE_STATE=getMsg HTTP/1.1" 200 27
180.169.147.146 - - [23/Jun/2022:09:01:02 +0800] "GET /xingrg/check_reg.html?_=1655946054466 HTTP/1.1" 302 -
120.253.135.82 - - [23/Jun/2022:09:01:16 +0800] "GET /xingrg/all/function/internal_message.html?_=1655945883923&CODE_STATE=getMsg HTTP/1.1" 200 27
114.95.43.0 - - [23/Jun/2022:09:01:19 +0800] "GET /xingrg/all/function/internal_message.html?_=1655946080668&CODE_STATE=getMsg HTTP/1.1" 200 27
120.253.135.82 - - [23/Jun/2022:09:01:27 +0800] "GET /xingrg/all/function/internal_message.html?_=1655946224601&CODE_STATE=getMsg HTTP/1.1" 200 27
218.81.223.53 - - [23/Jun/2022:09:01:29 +0800] "GET /xingrg/all/function/internal_message.html?_=1655946100597&CODE_STATE=getMsg HTTP/1.1" 200 27
58.35.194.53 - - [23/Jun/2022:09:01:37 +0800] "GET /xingrg/all/function/internal_message.html?_=1655946095250&CODE_STATE=getMsg HTTP/1.1" 200 27
114.88.162.248 - - [23/Jun/2022:09:01:38 +0800] "GET /xingrg/all/function/internal_message.html?_=1655946094596&CODE_STATE=getMsg HTTP/1.1" 200 27
114.83.223.30 - - [23/Jun/2022:09:01:41 +0800] "GET /xingrg/all/function/internal_message.html?_=1655946096705&CODE_STATE=getMsg HTTP/1.1" 200 27
101.83.223.227 - - [23/Jun/2022:09:01:52 +0800] "GET /xingrg/all/function/internal_message.html?_=1655946108849&CODE_STATE=getMsg HTTP/1.1" 200 27
218.81.223.53 - - [23/Jun/2022:09:01:59 +0800] "GET /xingrg/all/function/internal_message.html?_=1655946078682&CODE_STATE=getMsg HTTP/1.1" 200 27
114.84.82.172 - - [23/Jun/2022:09:01:59 +0800] "GET /xingrg/check_reg.html?_=1655946118699 HTTP/1.1" 200 22
114.84.82.172 - - [23/Jun/2022:09:01:59 +0800] "GET /xingrg/all/function/internal_message.html?_=1655946118701&CODE_STATE=getMsg HTTP/1.1" 200 27
120.253.135.82 - - [23/Jun/2022:09:02:16 +0800] "GET /xingrg/all/function/internal_message.html?_=1655945943924&CODE_STATE=getMsg HTTP/1.1" 200 27
114.83.223.30 - - [23/Jun/2022:09:02:16 +0800] "GET /xingrg/kc/buy/cgsh_order_operate.html?command=get_materiel&rest_code=00149&code=00101008224&supplier_code=00100005&order_time=2022-06-22 HTTP/1.1" 200 416
114.84.82.172 - - [23/Jun/2022:09:02:17 +0800] "POST /xingrg/services/DataTransmitService HTTP/1.1" 200 524
114.95.43.0 - - [23/Jun/2022:09:02:19 +0800] "GET /xingrg/all/function/internal_message.html?_=1655946140659&CODE_STATE=getMsg HTTP/1.1" 200 27
114.83.223.30 - - [23/Jun/2022:09:02:27 +0800] "GET /xingrg/kc/buy/cgsh_order_operate.html?command=get_materiel&rest_code=00149&code=00101008149&supplier_code=00100005&order_time=2022-06-22 HTTP/1.1" 200 408
120.253.135.82 - - [23/Jun/2022:09:02:27 +0800] "GET /xingrg/all/function/internal_message.html?_=1655946284707&CODE_STATE=getMsg HTTP/1.1" 200 27
218.81.223.53 - - [23/Jun/2022:09:02:29 +0800] "GET /xingrg/all/function/internal_message.html?_=1655946160610&CODE_STATE=getMsg HTTP/1.1" 200 27
58.35.194.53 - - [23/Jun/2022:09:02:37 +0800] "GET /xingrg/all/function/internal_message.html?_=1655946155234&CODE_STATE=getMsg HTTP/1.1" 200 27
114.88.162.248 - - [23/Jun/2022:09:02:38 +0800] "GET /xingrg/all/function/internal_message.html?_=1655946154581&CODE_STATE=getMsg HTTP/1.1" 200 27
114.83.223.30 - - [23/Jun/2022:09:02:39 +0800] "GET /xingrg/kc/buy/cgsh_order_operate.html?command=get_materiel&rest_code=00149&code=00101008403&supplier_code=00100005&order_time=2022-06-22 HTTP/1.1" 200 412
114.83.223.30 - - [23/Jun/2022:09:02:41 +0800] "GET /xingrg/all/function/internal_message.html?_=1655946156729&CODE_STATE=getMsg HTTP/1.1" 200 27
114.83.223.30 - - [23/Jun/2022:09:02:43 +0800] "POST /xingrg/kc/buy/cgsh_order_operate.html HTTP/1.1" 200 2065
114.83.223.30 - - [23/Jun/2022:09:02:49 +0800] "GET /xingrg/kc/buy/cgsh_order_operate.html?command=get_materiel&rest_code=00149&code=00101008361&supplier_code=00100005&order_time=2022-06-22 HTTP/1.1" 200 408
101.83.223.227 - - [23/Jun/2022:09:02:52 +0800] "GET /xingrg/all/function/internal_message.html?_=1655946168848&CODE_STATE=getMsg HTTP/1.1" 200 27
58.35.210.91 - - [23/Jun/2022:09:02:52 +0800] "POST /xingrg/services/DataTransmitService HTTP/1.1" 200 524
218.81.223.53 - - [23/Jun/2022:09:02:59 +0800] "GET /xingrg/all/function/internal_message.html?_=1655946138684&CODE_STATE=getMsg HTTP/1.1" 200 27
114.84.82.172 - - [23/Jun/2022:09:02:59 +0800] "GET /xingrg/all/function/internal_message.html?_=1655946178700&CODE_STATE=getMsg HTTP/1.1" 200 27
116.232.32.87 - - [23/Jun/2022:09:03:02 +0800] "POST /xingrg/services/DataTransmitService HTTP/1.1" 200 524
120.253.135.82 - - [23/Jun/2022:09:03:13 +0800] "GET /xingrg/check_reg.html?_=1655946001438 HTTP/1.1" 200 22
120.253.135.82 - - [23/Jun/2022:09:03:16 +0800] "GET /xingrg/all/function/internal_message.html?_=1655946003938&CODE_STATE=getMsg HTTP/1.1" 200 27
114.95.43.0 - - [23/Jun/2022:09:03:19 +0800] "GET /xingrg/all/function/internal_message.html?_=1655946200662&CODE_STATE=getMsg HTTP/1.1" 200 27
120.253.135.82 - - [23/Jun/2022:09:03:28 +0800] "GET /xingrg/all/function/internal_message.html?_=1655946344801&CODE_STATE=getMsg HTTP/1.1" 200 27
218.81.223.53 - - [23/Jun/2022:09:03:29 +0800] "GET /xingrg/all/function/internal_message.html?_=1655946220818&CODE_STATE=getMsg HTTP/1.1" 200 27
58.35.194.53 - - [23/Jun/2022:09:03:37 +0800] "GET /xingrg/all/function/internal_message.html?_=1655946215219&CODE_STATE=getMsg HTTP/1.1" 200 27
114.88.162.248 - - [23/Jun/2022:09:03:38 +0800] "GET /xingrg/all/function/internal_message.html?_=1655946214565&CODE_STATE=getMsg HTTP/1.1" 200 27
114.83.223.30 - - [23/Jun/2022:09:03:41 +0800] "GET /xingrg/all/function/internal_message.html?_=1655946216712&CODE_STATE=getMsg HTTP/1.1" 200 27
101.83.223.227 - - [23/Jun/2022:09:03:52 +0800] "GET /xingrg/all/function/internal_message.html?_=1655946228840&CODE_STATE=getMsg HTTP/1.1" 200 27
218.81.223.53 - - [23/Jun/2022:09:03:59 +0800] "GET /xingrg/all/function/internal_message.html?_=1655946198686&CODE_STATE=getMsg HTTP/1.1" 200 27
114.84.82.172 - - [23/Jun/2022:09:03:59 +0800] "GET /xingrg/all/function/internal_message.html?_=1655946238699&CODE_STATE=getMsg HTTP/1.1" 200 27
120.253.135.82 - - [23/Jun/2022:09:04:16 +0800] "GET /xingrg/all/function/internal_message.html?_=1655946063952&CODE_STATE=getMsg HTTP/1.1" 200 27
