101.83.223.227 - - [23/Jun/2022:10:18:29 +0800] "GET /xingrg/kc/buy/cgsh_order_operate.html?command=get_materiel&rest_code=00150&code=00102026001&supplier_code=00100313&order_time=2022-06-23 HTTP/1.1" 200 408
114.83.223.30 - - [23/Jun/2022:10:18:30 +0800] "GET /xingrg/kc/buy/cgsh_order_info.html?code=212022062302784 HTTP/1.1" 200 62737
114.83.223.30 - - [23/Jun/2022:10:18:31 +0800] "GET /xingrg/javascript/easyui/themes/default/validatebox.css HTTP/1.1" 404 1104
114.83.223.30 - - [23/Jun/2022:10:18:32 +0800] "POST /xingrg/kc/buy/cgsh_order_operate.html HTTP/1.1" 200 608
101.85.54.219 - - [23/Jun/2022:10:18:32 +0800] "GET /xingrg/all/function/internal_message.html?_=1655950687333&CODE_STATE=getMsg HTTP/1.1" 200 27
114.83.223.30 - - [23/Jun/2022:10:18:33 +0800] "GET /xingrg/kc/print/load_data.html?order_code=212022062302784&kc_code=cgsh&condition= HTTP/1.1" 200 762
120.253.135.82 - - [23/Jun/2022:10:18:34 +0800] "POST /xingrg/kc/pszx/mdps_list_operate.html HTTP/1.1" 200 5237
218.81.223.53 - - [23/Jun/2022:10:18:35 +0800] "GET /xingrg/all/function/internal_message.html?_=1655950727228&CODE_STATE=getMsg HTTP/1.1" 200 27
58.35.194.53 - - [23/Jun/2022:10:18:36 +0800] "GET /xingrg/all/function/internal_message.html?_=1655950713683&CODE_STATE=getMsg HTTP/1.1" 200 27
120.253.135.82 - - [23/Jun/2022:10:18:36 +0800] "POST /xingrg/kc/pszx/mdps_list_operate.html HTTP/1.1" 200 374
120.253.135.82 - - [23/Jun/2022:10:18:37 +0800] "GET /xingrg/kc/pszx/mdps_order_info.html?code=312022062300379 HTTP/1.1" 200 23976
114.88.162.248 - - [23/Jun/2022:10:18:37 +0800] "GET /xingrg/all/function/internal_message.html?_=1655950712773&CODE_STATE=getMsg HTTP/1.1" 200 27
120.253.135.82 - - [23/Jun/2022:10:18:37 +0800] "POST /xingrg/kc/pszx/mdps_order_operate.html HTTP/1.1" 200 3278
120.253.135.82 - - [23/Jun/2022:10:18:37 +0800] "GET /xingrg/javascript/easyui/themes/default/validatebox.css HTTP/1.1" 404 1104
101.85.54.219 - - [23/Jun/2022:10:18:43 +0800] "GET /xingrg/kc/print/load_config.html?kc_code=cgsh HTTP/1.1" 200 1943
101.83.223.227 - - [23/Jun/2022:10:18:43 +0800] "POST /xingrg/kc/buy/cgsh_order_operate.html HTTP/1.1" 200 37
101.85.54.219 - - [23/Jun/2022:10:18:43 +0800] "GET /xingrg/kc/print/load_data.html?order_code=212022062302783&kc_code=cgsh&condition= HTTP/1.1" 200 687
120.253.135.82 - - [23/Jun/2022:10:18:45 +0800] "POST /xingrg/all/common/load_combo.html?type=base HTTP/1.1" 200 1169
101.83.223.227 - - [23/Jun/2022:10:18:46 +0800] "POST /xingrg/kc/buy/cgsh_order_operate.html HTTP/1.1" 200 12
101.83.223.227 - - [23/Jun/2022:10:18:47 +0800] "GET /xingrg/kc/buy/cgsh_order_info.html?code=212022062302785 HTTP/1.1" 200 62569
101.83.223.227 - - [23/Jun/2022:10:18:48 +0800] "GET /xingrg/javascript/easyui/themes/default/validatebox.css HTTP/1.1" 404 1104
101.83.223.227 - - [23/Jun/2022:10:18:48 +0800] "POST /xingrg/kc/buy/cgsh_order_operate.html HTTP/1.1" 200 1794
101.85.95.26 - - [23/Jun/2022:10:18:49 +0800] "GET /xingrg/all/function/internal_message.html?_=1655950726951&CODE_STATE=getMsg HTTP/1.1" 200 27
101.83.223.227 - - [23/Jun/2022:10:18:49 +0800] "GET /xingrg/kc/print/load_data.html?order_code=212022062302785&kc_code=cgsh&condition= HTTP/1.1" 200 1165
114.83.223.30 - - [23/Jun/2022:10:18:55 +0800] "GET /xingrg/kc/buy/cgsh_order_add.html HTTP/1.1" 200 67832
114.83.223.30 - - [23/Jun/2022:10:18:55 +0800] "POST /xingrg/kc/buy/cgsh_order_operate.html HTTP/1.1" 200 8245
114.83.223.30 - - [23/Jun/2022:10:18:55 +0800] "GET /xingrg/javascript/easyui/themes/default/validatebox.css HTTP/1.1" 404 1104
114.95.43.0 - - [23/Jun/2022:10:18:56 +0800] "GET /xingrg/all/function/internal_message.html?_=1655950640648&CODE_STATE=getMsg HTTP/1.1" 200 27
114.83.223.30 - - [23/Jun/2022:10:18:56 +0800] "GET /xingrg/all/function/internal_message.html?_=1655950731701&CODE_STATE=getMsg HTTP/1.1" 200 27
101.83.223.227 - - [23/Jun/2022:10:18:56 +0800] "GET /xingrg/kc/base/wldb_order_list.html HTTP/1.1" 200 19148
120.253.135.82 - - [23/Jun/2022:10:18:56 +0800] "POST /xingrg/kc/pszx/mdps_order_operate.html HTTP/1.1" 200 37
101.83.223.227 - - [23/Jun/2022:10:18:56 +0800] "POST /xingrg/kc/base/wldb_list_operate.html HTTP/1.1" 200 928
101.83.223.227 - - [23/Jun/2022:10:18:57 +0800] "GET /xingrg/kc/base/wldb_order_add.html HTTP/1.1" 200 30362
120.253.135.82 - - [23/Jun/2022:10:18:57 +0800] "GET /xingrg/kc/pszx/mdps_order_info.html?code=312022062300379 HTTP/1.1" 200 23976
101.83.223.227 - - [23/Jun/2022:10:18:57 +0800] "POST /xingrg/kc/base/wldb_order_operate.html HTTP/1.1" 200 6806
120.253.135.82 - - [23/Jun/2022:10:18:58 +0800] "GET /xingrg/javascript/easyui/themes/default/validatebox.css HTTP/1.1" 404 1104
120.253.135.82 - - [23/Jun/2022:10:18:58 +0800] "POST /xingrg/kc/pszx/mdps_order_operate.html HTTP/1.1" 200 3301
180.169.147.146 - - [23/Jun/2022:10:18:58 +0800] "GET /xingrg/all/function/internal_message.html?_=1655950736001&CODE_STATE=getMsg HTTP/1.1" 200 27
101.83.223.227 - - [23/Jun/2022:10:18:58 +0800] "GET /xingrg/javascript/easyui/themes/default/validatebox.css HTTP/1.1" 404 1104
120.253.135.82 - - [23/Jun/2022:10:18:58 +0800] "GET /xingrg/all/function/internal_message.html?_=1655950875321&CODE_STATE=getMsg HTTP/1.1" 200 27
180.156.212.250 - - [23/Jun/2022:10:18:59 +0800] "GET /xingrg/all/function/internal_message.html?_=1655950737197&CODE_STATE=getMsg HTTP/1.1" 200 27
114.84.82.172 - - [23/Jun/2022:10:18:59 +0800] "GET /xingrg/all/function/internal_message.html?_=1655950738826&CODE_STATE=getMsg HTTP/1.1" 200 27
101.83.223.227 - - [23/Jun/2022:10:19:09 +0800] "GET /xingrg/all/function/internal_message.html?_=1655950703181&CODE_STATE=getMsg HTTP/1.1" 200 27
120.253.135.82 - - [23/Jun/2022:10:19:10 +0800] "POST /xingrg/kc/pszx/mdps_order_operate.html HTTP/1.1" 200 37
120.253.135.82 - - [23/Jun/2022:10:19:11 +0800] "GET /xingrg/kc/pszx/mdps_order_info.html?code=312022062300379 HTTP/1.1" 200 23976
120.253.135.82 - - [23/Jun/2022:10:19:11 +0800] "GET /xingrg/javascript/easyui/themes/default/validatebox.css HTTP/1.1" 404 1104
120.253.135.82 - - [23/Jun/2022:10:19:11 +0800] "POST /xingrg/kc/pszx/mdps_order_operate.html HTTP/1.1" 200 3301
116.232.32.87 - - [23/Jun/2022:10:19:13 +0800] "GET /favicon.ico HTTP/1.1" 404 -
120.253.135.82 - - [23/Jun/2022:10:19:14 +0800] "GET /xingrg/kc/pszx/mdps_order_add.html HTTP/1.1" 200 29076
120.253.135.82 - - [23/Jun/2022:10:19:14 +0800] "POST /xingrg/kc/pszx/mdps_order_operate.html HTTP/1.1" 200 7126
120.253.135.82 - - [23/Jun/2022:10:19:14 +0800] "GET /xingrg/javascript/easyui/themes/default/validatebox.css HTTP/1.1" 404 1104
120.253.135.82 - - [23/Jun/2022:10:19:16 +0800] "POST /xingrg/all/common/load_combo.html?type=base HTTP/1.1" 200 1169
114.95.43.0 - - [23/Jun/2022:10:19:20 +0800] "GET /xingrg/all/function/internal_message.html?_=1655950760780&CODE_STATE=getMsg HTTP/1.1" 200 27
101.83.223.227 - - [23/Jun/2022:10:19:21 +0800] "GET /xingrg/all/function/internal_message.html?_=1655950758048&CODE_STATE=getMsg HTTP/1.1" 200 27
172.20.0.100 - - [23/Jun/2022:10:19:27 +0800] "GET /xingrg/login.html HTTP/1.1" 200 7636
172.20.0.100 - - [23/Jun/2022:10:19:27 +0800] "GET /xingrg/images/blue/jxLogo.png HTTP/1.1" 200 6156
172.20.0.100 - - [23/Jun/2022:10:19:27 +0800] "GET /xingrg/images/blue/login_bg.png HTTP/1.1" 200 22101
172.20.0.100 - - [23/Jun/2022:10:19:27 +0800] "GET /xingrg/images/blue/srbg.png HTTP/1.1" 200 138
172.20.0.100 - - [23/Jun/2022:10:19:27 +0800] "GET /xingrg/images/blue/hj.png HTTP/1.1" 200 1014
172.20.0.100 - - [23/Jun/2022:10:19:27 +0800] "GET /favicon.ico HTTP/1.1" 404 -
101.85.54.219 - - [23/Jun/2022:10:19:29 +0800] "GET /xingrg/kc/buy/cgsh_order_add.html HTTP/1.1" 200 66939
101.85.54.219 - - [23/Jun/2022:10:19:29 +0800] "POST /xingrg/kc/buy/cgsh_order_operate.html HTTP/1.1" 200 8245
101.85.54.219 - - [23/Jun/2022:10:19:30 +0800] "GET /xingrg/javascript/easyui/themes/default/validatebox.css HTTP/1.1" 404 1104
172.20.0.100 - - [23/Jun/2022:10:19:30 +0800] "POST /xingrg/login.do HTTP/1.1" 302 -
172.20.0.100 - - [23/Jun/2022:10:19:31 +0800] "GET /xingrg/index.html?sysBaseUrl=http%3A%2F%2F172.20.0.8%3A18081%2Fxingrg%2F&costTime=40×tamp=1655950770973 HTTP/1.1" 200 17448
172.20.0.100 - - [23/Jun/2022:10:19:31 +0800] "GET /xingrg/javascript/jquery_easy_ui/themes/default/easyui.css HTTP/1.1" 200 26500
172.20.0.100 - - [23/Jun/2022:10:19:31 +0800] "GET /xingrg/javascript/jquery_easy_ui/themes/icon.css HTTP/1.1" 200 3949
172.20.0.100 - - [23/Jun/2022:10:19:31 +0800] "GET /xingrg/css/form.css HTTP/1.1" 200 893
172.20.0.100 - - [23/Jun/2022:10:19:31 +0800] "GET /xingrg/javascript/jquery-1.4.2.min.js HTTP/1.1" 200 72205
172.20.0.100 - - [23/Jun/2022:10:19:31 +0800] "GET /xingrg/javascript/jquery_easy_ui/jquery.easyui.min.js HTTP/1.1" 200 213662
172.20.0.100 - - [23/Jun/2022:10:19:31 +0800] "GET /xingrg/javascript/jquery_easy_ui/easyui-lang-zh_CN.js HTTP/1.1" 200 1900
172.20.0.100 - - [23/Jun/2022:10:19:31 +0800] "GET /xingrg/javascript/jquery.form.js HTTP/1.1" 200 23110
172.20.0.100 - - [23/Jun/2022:10:19:31 +0800] "GET /xingrg/javascript/jquery.utils.js HTTP/1.1" 200 11805
172.20.0.100 - - [23/Jun/2022:10:19:31 +0800] "GET /xingrg/javascript/jquery.timers.js HTTP/1.1" 200 3532
172.20.0.100 - - [23/Jun/2022:10:19:31 +0800] "GET /favicon.ico HTTP/1.1" 404 -
172.20.0.100 - - [23/Jun/2022:10:19:31 +0800] "GET /xingrg/images/blue/navBackgound.jpg HTTP/1.1" 200 12378
172.20.0.100 - - [23/Jun/2022:10:19:31 +0800] "GET /xingrg/javascript/jquery_easy_ui/themes/icons/settle_new.png HTTP/1.1" 200 826
172.20.0.100 - - [23/Jun/2022:10:19:31 +0800] "POST /xingrg/all/common/load_tree.html?tree=area_rest_tree_json&manage=1 HTTP/1.1" 200 3472
172.20.0.100 - - [23/Jun/2022:10:19:31 +0800] "GET /xingrg/all/function/internal_message.html?_=1655950770742&CODE_STATE=count HTTP/1.1" 200 11
172.20.0.100 - - [23/Jun/2022:10:19:31 +0800] "GET /xingrg/check_reg.html?_=1655950770744 HTTP/1.1" 200 22
172.20.0.100 - - [23/Jun/2022:10:19:31 +0800] "GET /xingrg/images/blue/pingpu.png HTTP/1.1" 200 231
172.20.0.100 - - [23/Jun/2022:10:19:31 +0800] "GET /xingrg/javascript/jquery_easy_ui/themes/default/images/tabs_leftarrow.png HTTP/1.1" 200 389
172.20.0.100 - - [23/Jun/2022:10:19:31 +0800] "GET /xingrg/javascript/jquery_easy_ui/themes/default/images/tabs_rightarrow.png HTTP/1.1" 200 395
172.20.0.100 - - [23/Jun/2022:10:19:31 +0800] "GET /xingrg/javascript/jquery_easy_ui/themes/default/images/panel_tool_expand.gif HTTP/1.1" 200 247
172.20.0.100 - - [23/Jun/2022:10:19:31 +0800] "GET /xingrg/javascript/jquery_easy_ui/themes/default/images/panel_tool_collapse.gif HTTP/1.1" 200 246
172.20.0.100 - - [23/Jun/2022:10:19:31 +0800] "POST /xingrg/load_menu.html HTTP/1.1" 200 11529
172.20.0.100 - - [23/Jun/2022:10:19:31 +0800] "GET /xingrg/javascript/jquery_easy_ui/themes/default/images/tree_arrows.gif HTTP/1.1" 200 1043
172.20.0.100 - - [23/Jun/2022:10:19:31 +0800] "GET /xingrg/javascript/jquery_easy_ui/themes/default/images/tree_folder_open.gif HTTP/1.1" 200 956
172.20.0.100 - - [23/Jun/2022:10:19:31 +0800] "GET /xingrg/javascript/jquery_easy_ui/themes/icons/search_new.png HTTP/1.1" 200 586
172.20.0.100 - - [23/Jun/2022:10:19:31 +0800] "GET /xingrg/javascript/jquery_easy_ui/themes/icons/delivery_new.png HTTP/1.1" 200 700
172.20.0.100 - - [23/Jun/2022:10:19:31 +0800] "GET /xingrg/javascript/jquery_easy_ui/themes/icons/storage_new.png HTTP/1.1" 200 853
172.20.0.100 - - [23/Jun/2022:10:19:31 +0800] "GET /xingrg/javascript/jquery_easy_ui/themes/icons/checkout_new.png HTTP/1.1" 200 744
172.20.0.100 - - [23/Jun/2022:10:19:31 +0800] "GET /xingrg/javascript/jquery_easy_ui/themes/icons/systemset_new.png HTTP/1.1" 200 606
172.20.0.100 - - [23/Jun/2022:10:19:31 +0800] "GET /xingrg/javascript/jquery_easy_ui/themes/icons/setting_new.png HTTP/1.1" 200 450
172.20.0.100 - - [23/Jun/2022:10:19:31 +0800] "GET /xingrg/javascript/jquery_easy_ui/themes/default/images/tree_folder.gif HTTP/1.1" 200 952
172.20.0.100 - - [23/Jun/2022:10:19:31 +0800] "GET /xingrg/javascript/jquery_easy_ui/themes/default/images/tree_file.gif HTTP/1.1" 200 118
172.20.0.100 - - [23/Jun/2022:10:19:31 +0800] "GET /xingrg/javascript/jquery_easy_ui/themes/icons/forms_new.png HTTP/1.1" 200 350
101.85.54.219 - - [23/Jun/2022:10:19:32 +0800] "GET /xingrg/all/function/internal_message.html?_=1655950747340&CODE_STATE=getMsg HTTP/1.1" 200 27
114.83.223.30 - - [23/Jun/2022:10:19:33 +0800] "GET /xingrg/kc/buy/cgsh_order_operate.html?command=get_materiel&rest_code=00149&code=00101001037&supplier_code=00100090&order_time=2022-06-22 HTTP/1.1" 200 416
218.81.223.53 - - [23/Jun/2022:10:19:35 +0800] "GET /xingrg/all/function/internal_message.html?_=1655950787241&CODE_STATE=getMsg HTTP/1.1" 200 27
172.20.0.100 - - [23/Jun/2022:10:19:36 +0800] "GET /xingrg/javascript/jquery_easy_ui/themes/icons/area.png HTTP/1.1" 200 262
172.20.0.100 - - [23/Jun/2022:10:19:36 +0800] "GET /xingrg/javascript/jquery_easy_ui/themes/icons/manage.png HTTP/1.1" 200 696
172.20.0.100 - - [23/Jun/2022:10:19:36 +0800] "GET /xingrg/javascript/jquery_easy_ui/themes/icons/rest.png HTTP/1.1" 200 695
172.20.0.100 - - [23/Jun/2022:10:19:36 +0800] "GET /xingrg/javascript/jquery_easy_ui/themes/default/images/button_a_bg.gif HTTP/1.1" 200 1194
172.20.0.100 - - [23/Jun/2022:10:19:36 +0800] "GET /xingrg/javascript/jquery_easy_ui/themes/default/images/button_span_bg.gif HTTP/1.1" 200 2061
172.20.0.100 - - [23/Jun/2022:10:19:36 +0800] "GET /xingrg/javascript/jquery_easy_ui/themes/icons/ok.png HTTP/1.1" 200 883
172.20.0.100 - - [23/Jun/2022:10:19:36 +0800] "GET /xingrg/javascript/jquery_easy_ui/themes/default/images/panel_title.png HTTP/1.1" 200 266
172.20.0.100 - - [23/Jun/2022:10:19:36 +0800] "GET /xingrg/javascript/jquery_easy_ui/themes/default/images/panel_tools.gif HTTP/1.1" 200 737
58.35.194.53 - - [23/Jun/2022:10:19:36 +0800] "GET /xingrg/all/function/internal_message.html?_=1655950773656&CODE_STATE=getMsg HTTP/1.1" 200 27
120.253.135.82 - - [23/Jun/2022:10:19:36 +0800] "GET /xingrg/javascript/easyui/plugins/jquery.draggable.js HTTP/1.1" 200 6121
120.253.135.82 - - [23/Jun/2022:10:19:36 +0800] "GET /xingrg/javascript/easyui/plugins/jquery.droppable.js HTTP/1.1" 200 1167
120.253.135.82 - - [23/Jun/2022:10:19:36 +0800] "GET /xingrg/javascript/easyui/themes/default/tree.css HTTP/1.1" 404 1090
120.253.135.82 - - [23/Jun/2022:10:19:36 +0800] "GET /xingrg/javascript/easyui/plugins/jquery.tree.js HTTP/1.1" 200 20874
120.253.135.82 - - [23/Jun/2022:10:19:36 +0800] "POST /xingrg/all/common/load_tree.html?tree=area_rest_tree_json&only_rest=1 HTTP/1.1" 200 3351
120.253.135.82 - - [23/Jun/2022:10:19:36 +0800] "GET /xingrg/javascript/easyui/themes/default/images/tree_arrows.gif HTTP/1.1" 200 617
120.253.135.82 - - [23/Jun/2022:10:19:36 +0800] "GET /xingrg/javascript/easyui/themes/icons/area.png HTTP/1.1" 200 262
120.253.135.82 - - [23/Jun/2022:10:19:36 +0800] "GET /xingrg/javascript/easyui/themes/icons/rest.png HTTP/1.1" 200 695
120.253.135.82 - - [23/Jun/2022:10:19:36 +0800] "GET /xingrg/javascript/easyui/themes/default/images/tree_folder_open.gif HTTP/1.1" 200 956
114.88.162.248 - - [23/Jun/2022:10:19:37 +0800] "GET /xingrg/all/function/internal_message.html?_=1655950772743&CODE_STATE=getMsg HTTP/1.1" 200 27
172.20.0.100 - - [23/Jun/2022:10:19:41 +0800] "POST /xingrg/load_menu.html HTTP/1.1" 200 10512
172.20.0.100 - - [23/Jun/2022:10:19:44 +0800] "GET /xingrg/kc/report/report_main.html HTTP/1.1" 200 8579
172.20.0.100 - - [23/Jun/2022:10:19:44 +0800] "GET /xingrg/javascript/jquery_easy_ui/themes/default/images/tabs_close.gif HTTP/1.1" 200 829
172.20.0.100 - - [23/Jun/2022:10:19:44 +0800] "GET /xingrg/css/blue.css HTTP/1.1" 200 15949
172.20.0.100 - - [23/Jun/2022:10:19:44 +0800] "GET /xingrg/javascript/jquery_ui/themes/humanity/humanity.css HTTP/1.1" 200 27801
172.20.0.100 - - [23/Jun/2022:10:19:44 +0800] "GET /xingrg/javascript/pic_change.js HTTP/1.1" 200 4739
172.20.0.100 - - [23/Jun/2022:10:19:44 +0800] "GET /xingrg/javascript/myfunction.js HTTP/1.1" 200 24559
172.20.0.100 - - [23/Jun/2022:10:19:44 +0800] "GET /xingrg/javascript/json2.js HTTP/1.1" 200 11259
172.20.0.100 - - [23/Jun/2022:10:19:44 +0800] "GET /xingrg/javascript/jquery_easy_ui/themes/icons/back_new.png HTTP/1.1" 200 3414
114.83.223.30 - - [23/Jun/2022:10:19:44 +0800] "GET /xingrg/kc/buy/cgsh_order_operate.html?command=get_materiel&rest_code=00149&code=00102002195&supplier_code=00100090&order_time=2022-06-22 HTTP/1.1" 200 413
180.156.212.250 - - [23/Jun/2022:10:19:47 +0800] "POST /xingrg/services/DataTransmitService HTTP/1.1" 200 524
180.156.212.250 - - [23/Jun/2022:10:19:47 +0800] "POST /xingrg/services/DataTransmitService HTTP/1.1" 200 2487
180.156.212.250 - - [23/Jun/2022:10:19:48 +0800] "POST /xingrg/services/DataTransmitService HTTP/1.1" 200 191703
101.85.95.26 - - [23/Jun/2022:10:19:49 +0800] "GET /xingrg/all/function/internal_message.html?_=1655950786950&CODE_STATE=getMsg HTTP/1.1" 200 27
58.35.194.53 - - [23/Jun/2022:10:19:51 +0800] "GET /xingrg/kc/buy/cgsh_order_operate.html?command=get_materiel&rest_code=00156&code=00101011007&supplier_code=00100012&order_time=2022-06-23 HTTP/1.1" 200 414
114.83.223.30 - - [23/Jun/2022:10:19:54 +0800] "POST /xingrg/kc/buy/cgsh_order_operate.html HTTP/1.1" 200 37
114.95.43.0 - - [23/Jun/2022:10:19:56 +0800] "GET /xingrg/all/function/internal_message.html?_=1655950700650&CODE_STATE=getMsg HTTP/1.1" 200 27
180.169.147.146 - - [23/Jun/2022:10:19:58 +0800] "GET /xingrg/check_reg.html?_=1655950795996 HTTP/1.1" 200 22
180.169.147.146 - - [23/Jun/2022:10:19:58 +0800] "GET /xingrg/all/function/internal_message.html?_=1655950795997&CODE_STATE=getMsg HTTP/1.1" 200 27
120.253.135.82 - - [23/Jun/2022:10:19:58 +0800] "GET /xingrg/all/function/internal_message.html?_=1655950935333&CODE_STATE=getMsg HTTP/1.1" 200 27
180.156.212.250 - - [23/Jun/2022:10:19:59 +0800] "GET /xingrg/all/function/internal_message.html?_=1655950797194&CODE_STATE=getMsg HTTP/1.1" 200 27
114.84.82.172 - - [23/Jun/2022:10:19:59 +0800] "GET /xingrg/all/function/internal_message.html?_=1655950798826&CODE_STATE=getMsg HTTP/1.1" 200 27
114.95.43.0 - - [23/Jun/2022:10:20:00 +0800] "GET /xingrg/check_reg.html?_=1655950801209 HTTP/1.1" 200 22
114.83.223.30 - - [23/Jun/2022:10:20:00 +0800] "POST /xingrg/kc/buy/cgsh_order_operate.html HTTP/1.1" 200 12
114.88.162.248 - - [23/Jun/2022:10:20:01 +0800] "GET /xingrg/check_reg.html?_=1655950796677 HTTP/1.1" 200 22
114.83.223.30 - - [23/Jun/2022:10:20:04 +0800] "GET /xingrg/kc/buy/cgsh_order_info.html?code=212022062302786 HTTP/1.1" 200 62739
114.83.223.30 - - [23/Jun/2022:10:20:04 +0800] "GET /xingrg/javascript/easyui/themes/default/validatebox.css HTTP/1.1" 404 1104
114.83.223.30 - - [23/Jun/2022:10:20:05 +0800] "POST /xingrg/kc/buy/cgsh_order_operate.html HTTP/1.1" 200 1210
101.85.54.219 - - [23/Jun/2022:10:20:06 +0800] "GET /xingrg/kc/buy/cgsh_order_operate.html?command=get_materiel&rest_code=00145&code=00101028009&supplier_code=00100017&order_time=2022-06-10 HTTP/1.1" 200 457
114.83.223.30 - - [23/Jun/2022:10:20:07 +0800] "GET /xingrg/kc/print/load_data.html?order_code=212022062302786&kc_code=cgsh&condition= HTTP/1.1" 200 1011
114.95.43.0 - - [23/Jun/2022:10:20:08 +0800] "GET /xingrg/kc/base/base_main.html HTTP/1.1" 200 12142
101.83.223.227 - - [23/Jun/2022:10:20:09 +0800] "GET /xingrg/all/function/internal_message.html?_=1655950763200&CODE_STATE=getMsg HTTP/1.1" 200 27
114.83.223.30 - - [23/Jun/2022:10:20:11 +0800] "GET /xingrg/kc/buy/cgsh_order_add.html HTTP/1.1" 200 67832
114.83.223.30 - - [23/Jun/2022:10:20:12 +0800] "GET /xingrg/javascript/easyui/themes/default/validatebox.css HTTP/1.1" 404 1104
114.83.223.30 - - [23/Jun/2022:10:20:12 +0800] "POST /xingrg/kc/buy/cgsh_order_operate.html HTTP/1.1" 200 8245
101.85.54.219 - - [23/Jun/2022:10:20:14 +0800] "POST /xingrg/all/common/load_select.html HTTP/1.1" 200 25
101.85.54.219 - - [23/Jun/2022:10:20:18 +0800] "GET /xingrg/kc/buy/cgsh_order_operate.html?command=get_materiel_price&rest_code=00145&code=00101028009&unit_code=00100157&supplier_code=00100017&order_time=2022-06-10 HTTP/1.1" 200 29
114.95.43.0 - - [23/Jun/2022:10:20:18 +0800] "GET /xingrg/kc/base/yddb_order_list.html HTTP/1.1" 200 16748
114.95.43.0 - - [23/Jun/2022:10:20:19 +0800] "POST /xingrg/kc/base/yddb_list_operate.html HTTP/1.1" 200 1324
114.95.43.0 - - [23/Jun/2022:10:20:20 +0800] "GET /xingrg/all/function/internal_message.html?_=1655950820775&CODE_STATE=getMsg HTTP/1.1" 200 27
101.83.223.227 - - [23/Jun/2022:10:20:20 +0800] "GET /xingrg/kc/base/wldb_order_operate.html?command=get_materiel&rest_code=00150&base_code=0010445&code=00101016086 HTTP/1.1" 200 467
120.253.135.82 - - [23/Jun/2022:10:20:20 +0800] "GET /xingrg/kc/pszx/mdps_order_operate.html?command=get_materiel&pszx_code=00101&rest_code=00150&base_code=0010250&code=00102002616 HTTP/1.1" 200 455
101.83.223.227 - - [23/Jun/2022:10:20:21 +0800] "GET /xingrg/all/function/internal_message.html?_=1655950818047&CODE_STATE=getMsg HTTP/1.1" 200 27
58.35.194.53 - - [23/Jun/2022:10:20:23 +0800] "POST /xingrg/kc/buy/cgsh_order_operate.html HTTP/1.1" 200 37
114.83.223.30 - - [23/Jun/2022:10:20:24 +0800] "GET /xingrg/kc/buy/cgsh_order_operate.html?command=get_materiel&rest_code=00149&code=00101001140&supplier_code=00100090&order_time=2022-06-23 HTTP/1.1" 200 431
58.35.194.53 - - [23/Jun/2022:10:20:25 +0800] "POST /xingrg/kc/buy/cgsh_order_operate.html HTTP/1.1" 200 3248
114.95.43.0 - - [23/Jun/2022:10:20:27 +0800] "POST /xingrg/kc/base/yddb_list_operate.html HTTP/1.1" 200 -
101.83.223.227 - - [23/Jun/2022:10:20:27 +0800] "GET /xingrg/kc/base/wldb_order_operate.html?command=get_materiel&rest_code=00150&base_code=0010445&code=00101019133 HTTP/1.1" 200 480
58.35.194.53 - - [23/Jun/2022:10:20:28 +0800] "GET /xingrg/kc/print/load_data.html?order_code=212022062302787&kc_code=cgsh&condition= HTTP/1.1" 200 997
114.95.43.0 - - [23/Jun/2022:10:20:28 +0800] "GET /xingrg/kc/base/yddb_order_info.html?code=482022062200191 HTTP/1.1" 200 31488
114.95.43.0 - - [23/Jun/2022:10:20:28 +0800] "GET /xingrg/dwr/interface/AjaxComOrderService.js HTTP/1.1" 200 18264
114.95.43.0 - - [23/Jun/2022:10:20:28 +0800] "GET /xingrg/dwr/engine.js HTTP/1.1" 200 43631
114.95.43.0 - - [23/Jun/2022:10:20:28 +0800] "GET /xingrg/dwr/interface/AjaxYddbService.js HTTP/1.1" 200 13201
114.95.43.0 - - [23/Jun/2022:10:20:28 +0800] "POST /xingrg/dwr/call/plaincall/AjaxYddbService.loadMaterielItems.dwr HTTP/1.1" 200 76
172.20.0.100 - - [23/Jun/2022:10:20:31 +0800] "GET /xingrg/all/function/internal_message.html?_=1655950830780&CODE_STATE=getMsg HTTP/1.1" 200 27
101.85.54.219 - - [23/Jun/2022:10:20:32 +0800] "GET /xingrg/all/function/internal_message.html?_=1655950807326&CODE_STATE=getMsg HTTP/1.1" 200 27
101.85.54.219 - - [23/Jun/2022:10:20:32 +0800] "POST /xingrg/kc/buy/cgsh_order_operate.html HTTP/1.1" 200 37
120.253.135.82 - - [23/Jun/2022:10:20:33 +0800] "POST /xingrg/kc/pszx/mdps_order_operate.html HTTP/1.1" 200 37
120.253.135.82 - - [23/Jun/2022:10:20:34 +0800] "GET /xingrg/kc/pszx/mdps_order_info.html?code=312022062300380 HTTP/1.1" 200 23976
120.253.135.82 - - [23/Jun/2022:10:20:34 +0800] "POST /xingrg/kc/pszx/mdps_order_operate.html HTTP/1.1" 200 2297
120.253.135.82 - - [23/Jun/2022:10:20:34 +0800] "GET /xingrg/javascript/easyui/themes/default/validatebox.css HTTP/1.1" 404 1104
218.81.223.53 - - [23/Jun/2022:10:20:35 +0800] "GET /xingrg/all/function/internal_message.html?_=1655950847442&CODE_STATE=getMsg HTTP/1.1" 200 27
114.83.223.30 - - [23/Jun/2022:10:20:35 +0800] "POST /xingrg/kc/buy/cgsh_order_operate.html HTTP/1.1" 200 37
101.85.54.219 - - [23/Jun/2022:10:20:35 +0800] "POST /xingrg/kc/buy/cgsh_order_operate.html HTTP/1.1" 200 2684
58.35.194.53 - - [23/Jun/2022:10:20:36 +0800] "GET /xingrg/all/function/internal_message.html?_=1655950833641&CODE_STATE=getMsg HTTP/1.1" 200 27
114.88.162.248 - - [23/Jun/2022:10:20:37 +0800] "GET /xingrg/all/function/internal_message.html?_=1655950832719&CODE_STATE=getMsg HTTP/1.1" 200 27
101.85.54.219 - - [23/Jun/2022:10:20:37 +0800] "GET /xingrg/kc/print/load_data.html?order_code=212022062302788&kc_code=cgsh&condition= HTTP/1.1" 200 760
101.83.223.227 - - [23/Jun/2022:10:20:37 +0800] "GET /xingrg/kc/base/wldb_order_operate.html?command=get_materiel&rest_code=00150&base_code=0010445&code=00101019196 HTTP/1.1" 200 470
218.81.223.53 - - [23/Jun/2022:10:20:37 +0800] "GET /xingrg/check_reg.html?_=1655950849227 HTTP/1.1" 200 22
120.253.135.82 - - [23/Jun/2022:10:20:38 +0800] "POST /xingrg/kc/pszx/mdps_order_operate.html HTTP/1.1" 200 37
120.253.135.82 - - [23/Jun/2022:10:20:39 +0800] "GET /xingrg/kc/pszx/mdps_order_info.html?code=312022062300380 HTTP/1.1" 200 23976
114.95.43.0 - - [23/Jun/2022:10:20:39 +0800] "POST /xingrg/dwr/call/plaincall/AjaxYddbService.deleteOrder.dwr HTTP/1.1" 200 78
114.83.223.30 - - [23/Jun/2022:10:20:40 +0800] "POST /xingrg/kc/buy/cgsh_order_operate.html HTTP/1.1" 200 12
120.253.135.82 - - [23/Jun/2022:10:20:40 +0800] "POST /xingrg/kc/pszx/mdps_order_operate.html HTTP/1.1" 200 2297
120.253.135.82 - - [23/Jun/2022:10:20:40 +0800] "GET /xingrg/javascript/easyui/themes/default/validatebox.css HTTP/1.1" 404 1104
114.95.43.0 - - [23/Jun/2022:10:20:41 +0800] "GET /xingrg/kc/base/yddb_order_list.html HTTP/1.1" 200 16748
114.95.43.0 - - [23/Jun/2022:10:20:41 +0800] "POST /xingrg/kc/base/yddb_list_operate.html HTTP/1.1" 200 636
114.83.223.30 - - [23/Jun/2022:10:20:42 +0800] "GET /xingrg/kc/buy/cgsh_order_info.html?code=212022062302789 HTTP/1.1" 200 62739
114.83.223.30 - - [23/Jun/2022:10:20:42 +0800] "GET /xingrg/javascript/easyui/themes/default/validatebox.css HTTP/1.1" 404 1104
120.253.135.82 - - [23/Jun/2022:10:20:42 +0800] "POST /xingrg/kc/pszx/mdps_list_operate.html HTTP/1.1" 200 5296
114.83.223.30 - - [23/Jun/2022:10:20:43 +0800] "POST /xingrg/kc/buy/cgsh_order_operate.html HTTP/1.1" 200 612
101.83.223.227 - - [23/Jun/2022:10:20:44 +0800] "GET /xingrg/kc/base/wldb_order_operate.html?command=get_materiel&rest_code=00150&base_code=0010445&code=00101019310 HTTP/1.1" 200 477
101.85.54.219 - - [23/Jun/2022:10:20:44 +0800] "GET /xingrg/kc/buy/cgsh_order_add.html HTTP/1.1" 200 66939
114.83.223.30 - - [23/Jun/2022:10:20:44 +0800] "GET /xingrg/kc/print/load_data.html?order_code=212022062302789&kc_code=cgsh&condition= HTTP/1.1" 200 782
101.85.54.219 - - [23/Jun/2022:10:20:44 +0800] "POST /xingrg/kc/buy/cgsh_order_operate.html HTTP/1.1" 200 8245
101.85.54.219 - - [23/Jun/2022:10:20:44 +0800] "GET /xingrg/javascript/easyui/themes/default/validatebox.css HTTP/1.1" 404 1104
101.85.95.26 - - [23/Jun/2022:10:20:49 +0800] "GET /xingrg/all/function/internal_message.html?_=1655950847003&CODE_STATE=getMsg HTTP/1.1" 200 27
120.253.135.82 - - [23/Jun/2022:10:20:53 +0800] "POST /xingrg/kc/pszx/mdps_list_operate.html HTTP/1.1" 200 374
120.253.135.82 - - [23/Jun/2022:10:20:53 +0800] "GET /xingrg/kc/pszx/mdps_order_info.html?code=312022062300379 HTTP/1.1" 200 23976
120.253.135.82 - - [23/Jun/2022:10:20:53 +0800] "GET /xingrg/javascript/easyui/themes/default/validatebox.css HTTP/1.1" 404 1104
120.253.135.82 - - [23/Jun/2022:10:20:53 +0800] "POST /xingrg/kc/pszx/mdps_order_operate.html HTTP/1.1" 200 3301
101.83.223.227 - - [23/Jun/2022:10:20:54 +0800] "POST /xingrg/kc/base/wldb_order_operate.html HTTP/1.1" 200 37
101.83.223.227 - - [23/Jun/2022:10:20:55 +0800] "POST /xingrg/kc/base/wldb_order_operate.html HTTP/1.1" 200 4214
114.83.223.30 - - [23/Jun/2022:10:20:56 +0800] "GET /xingrg/kc/buy/cgsh_order_add.html HTTP/1.1" 200 67832
114.95.43.0 - - [23/Jun/2022:10:20:56 +0800] "GET /xingrg/all/function/internal_message.html?_=1655950760661&CODE_STATE=getMsg HTTP/1.1" 200 27
114.83.223.30 - - [23/Jun/2022:10:20:56 +0800] "POST /xingrg/kc/buy/cgsh_order_operate.html HTTP/1.1" 200 8245
114.83.223.30 - - [23/Jun/2022:10:20:56 +0800] "GET /xingrg/javascript/easyui/themes/default/validatebox.css HTTP/1.1" 404 1104
114.83.223.30 - - [23/Jun/2022:10:20:56 +0800] "GET /xingrg/all/function/internal_message.html?_=1655950851713&CODE_STATE=getMsg HTTP/1.1" 200 27
101.83.223.227 - - [23/Jun/2022:10:20:56 +0800] "GET /xingrg/kc/base/wldb_order_info.html?code=422022062300841 HTTP/1.1" 200 30377
101.83.223.227 - - [23/Jun/2022:10:20:56 +0800] "GET /xingrg/words/20220623090851_words.js HTTP/1.1" 304 -
101.83.223.227 - - [23/Jun/2022:10:20:56 +0800] "GET /xingrg/javascript/easyui/themes/default/validatebox.css HTTP/1.1" 404 1104
101.83.223.227 - - [23/Jun/2022:10:20:57 +0800] "POST /xingrg/kc/base/wldb_order_operate.html HTTP/1.1" 200 4214
58.35.194.53 - - [23/Jun/2022:10:20:57 +0800] "GET /xingrg/check_reg.html?_=1655950854736 HTTP/1.1" 200 22
180.169.147.146 - - [23/Jun/2022:10:20:58 +0800] "GET /xingrg/all/function/internal_message.html?_=1655950856008&CODE_STATE=getMsg HTTP/1.1" 200 27
180.156.212.250 - - [23/Jun/2022:10:20:59 +0800] "GET /xingrg/all/function/internal_message.html?_=1655950857192&CODE_STATE=getMsg HTTP/1.1" 200 27
180.156.212.250 - - [23/Jun/2022:10:20:59 +0800] "GET /xingrg/check_reg.html?_=1655950857196 HTTP/1.1" 200 22
114.84.82.172 - - [23/Jun/2022:10:20:59 +0800] "GET /xingrg/all/function/internal_message.html?_=1655950858826&CODE_STATE=getMsg HTTP/1.1" 200 27
120.253.135.82 - - [23/Jun/2022:10:21:02 +0800] "GET /xingrg/all/function/internal_message.html?_=1655950999106&CODE_STATE=getMsg HTTP/1.1" 200 27
120.253.135.82 - - [23/Jun/2022:10:21:07 +0800] "POST /xingrg/kc/pszx/mdps_order_operate.html HTTP/1.1" 200 37
120.253.135.82 - - [23/Jun/2022:10:21:08 +0800] "GET /xingrg/kc/pszx/mdps_order_info.html?code=312022062300379 HTTP/1.1" 200 23976
120.253.135.82 - - [23/Jun/2022:10:21:08 +0800] "GET /xingrg/javascript/easyui/themes/default/validatebox.css HTTP/1.1" 404 1104
120.253.135.82 - - [23/Jun/2022:10:21:08 +0800] "POST /xingrg/kc/pszx/mdps_order_operate.html HTTP/1.1" 200 2790
101.83.223.227 - - [23/Jun/2022:10:21:08 +0800] "GET /xingrg/kc/base/yddb_order_list.html HTTP/1.1" 200 16754
101.83.223.227 - - [23/Jun/2022:10:21:09 +0800] "POST /xingrg/kc/base/yddb_list_operate.html HTTP/1.1" 200 1347
101.83.223.227 - - [23/Jun/2022:10:21:09 +0800] "GET /xingrg/all/function/internal_message.html?_=1655950823209&CODE_STATE=getMsg HTTP/1.1" 200 27
114.83.223.30 - - [23/Jun/2022:10:21:10 +0800] "GET /xingrg/kc/buy/cgsh_order_operate.html?command=get_materiel&rest_code=00149&code=00101002006&supplier_code=00100091&order_time=2022-06-22 HTTP/1.1" 200 430
101.83.223.227 - - [23/Jun/2022:10:21:10 +0800] "GET /xingrg/kc/base/yddb_order_add.html HTTP/1.1" 200 29837
101.83.223.227 - - [23/Jun/2022:10:21:10 +0800] "GET /xingrg/dwr/interface/AjaxComOrderService.js HTTP/1.1" 200 18264
101.83.223.227 - - [23/Jun/2022:10:21:10 +0800] "GET /xingrg/dwr/interface/AjaxYddbService.js HTTP/1.1" 200 13201
101.83.223.227 - - [23/Jun/2022:10:21:10 +0800] "GET /xingrg/dwr/engine.js HTTP/1.1" 200 43631
120.253.135.82 - - [23/Jun/2022:10:21:11 +0800] "POST /xingrg/kc/pszx/mdps_list_operate.html HTTP/1.1" 200 5296
101.83.223.227 - - [23/Jun/2022:10:21:13 +0800] "POST /xingrg/dwr/call/plaincall/AjaxYddbService.getRestBases.dwr HTTP/1.1" 200 1562
120.253.135.82 - - [23/Jun/2022:10:21:14 +0800] "POST /xingrg/kc/pszx/mdps_list_operate.html HTTP/1.1" 200 286
101.83.223.227 - - [23/Jun/2022:10:21:17 +0800] "POST /xingrg/dwr/call/plaincall/AjaxYddbService.saveOrder.dwr HTTP/1.1" 200 78
114.83.223.30 - - [23/Jun/2022:10:21:19 +0800] "POST /xingrg/kc/buy/cgsh_order_operate.html HTTP/1.1" 200 37
114.95.43.0 - - [23/Jun/2022:10:21:20 +0800] "GET /xingrg/all/function/internal_message.html?_=1655950880781&CODE_STATE=getMsg HTTP/1.1" 200 27
101.83.223.227 - - [23/Jun/2022:10:21:20 +0800] "POST /xingrg/dwr/call/plaincall/AjaxComOrderService.getMaterielSearchList.dwr HTTP/1.1" 200 1149
101.83.223.227 - - [23/Jun/2022:10:21:21 +0800] "POST /xingrg/dwr/call/plaincall/AjaxComOrderService.getMaterielSearchList.dwr HTTP/1.1" 200 1149
101.83.223.227 - - [23/Jun/2022:10:21:21 +0800] "GET /xingrg/all/function/internal_message.html?_=1655950878042&CODE_STATE=getMsg HTTP/1.1" 200 27
114.83.223.30 - - [23/Jun/2022:10:21:23 +0800] "POST /xingrg/kc/buy/cgsh_order_operate.html HTTP/1.1" 200 12
114.83.223.30 - - [23/Jun/2022:10:21:24 +0800] "GET /xingrg/kc/buy/cgsh_order_info.html?code=212022062302790 HTTP/1.1" 200 62739
120.253.135.82 - - [23/Jun/2022:10:21:24 +0800] "POST /xingrg/kc/pszx/mdps_list_operate.html HTTP/1.1" 200 5438
114.83.223.30 - - [23/Jun/2022:10:21:24 +0800] "GET /xingrg/javascript/easyui/themes/default/validatebox.css HTTP/1.1" 404 1104
114.83.223.30 - - [23/Jun/2022:10:21:25 +0800] "POST /xingrg/kc/buy/cgsh_order_operate.html HTTP/1.1" 200 611
120.253.135.82 - - [23/Jun/2022:10:21:26 +0800] "POST /xingrg/kc/pszx/mdps_list_operate.html HTTP/1.1" 200 214
120.253.135.82 - - [23/Jun/2022:10:21:26 +0800] "GET /xingrg/kc/pszx/mdps_order_info.html?code=312022062300380 HTTP/1.1" 200 23976
114.83.223.30 - - [23/Jun/2022:10:21:26 +0800] "GET /xingrg/kc/print/load_data.html?order_code=212022062302790&kc_code=cgsh&condition= HTTP/1.1" 200 772
120.253.135.82 - - [23/Jun/2022:10:21:26 +0800] "POST /xingrg/kc/pszx/mdps_order_operate.html HTTP/1.1" 200 2297
120.253.135.82 - - [23/Jun/2022:10:21:26 +0800] "GET /xingrg/javascript/easyui/themes/default/validatebox.css HTTP/1.1" 404 1104
172.20.0.100 - - [23/Jun/2022:10:21:28 +0800] "GET /xingrg/all/report/report_query.html?fileName=kc/buy/gys_amount_base_rest.xml HTTP/1.1" 200 51589
172.20.0.100 - - [23/Jun/2022:10:21:28 +0800] "GET /xingrg/javascript/multi_select/jqueryMultiSelect.css HTTP/1.1" 200 951
172.20.0.100 - - [23/Jun/2022:10:21:28 +0800] "GET /xingrg/javascript/calendar/timePicker.css HTTP/1.1" 200 523
172.20.0.100 - - [23/Jun/2022:10:21:28 +0800] "GET /xingrg/javascript/bigrid/fix.css HTTP/1.1" 200 1702
172.20.0.100 - - [23/Jun/2022:10:21:28 +0800] "GET /xingrg/dwr/interface/AjaxReportQueryService.js HTTP/1.1" 200 13203
172.20.0.100 - - [23/Jun/2022:10:21:28 +0800] "GET /xingrg/dwr/engine.js HTTP/1.1" 200 43631
172.20.0.100 - - [23/Jun/2022:10:21:28 +0800] "GET /xingrg/dwr/util.js HTTP/1.1" 200 35990
172.20.0.100 - - [23/Jun/2022:10:21:28 +0800] "GET /xingrg/javascript/jqueryMultiSelect.js HTTP/1.1" 200 11866
172.20.0.100 - - [23/Jun/2022:10:21:28 +0800] "GET /xingrg/javascript/Calendar.js HTTP/1.1" 200 31561
172.20.0.100 - - [23/Jun/2022:10:21:28 +0800] "GET /xingrg/javascript/calendar/jquery.timePicker.min.js HTTP/1.1" 200 2997
172.20.0.100 - - [23/Jun/2022:10:21:28 +0800] "GET /xingrg/javascript/bigrid/fix.js HTTP/1.1" 200 6439
172.20.0.100 - - [23/Jun/2022:10:21:28 +0800] "GET /xingrg/images/control/loading.gif HTTP/1.1" 200 13463
172.20.0.100 - - [23/Jun/2022:10:21:28 +0800] "GET /xingrg/images/blue/button/advanceover.gif HTTP/1.1" 200 1347
172.20.0.100 - - [23/Jun/2022:10:21:28 +0800] "GET /xingrg/images/blue/button/advance2over.gif HTTP/1.1" 200 1336
172.20.0.100 - - [23/Jun/2022:10:21:28 +0800] "GET /xingrg/images/blue/button/back2over.gif HTTP/1.1" 200 1335
172.20.0.100 - - [23/Jun/2022:10:21:28 +0800] "GET /xingrg/images/blue/button/backover.gif HTTP/1.1" 200 1348
172.20.0.100 - - [23/Jun/2022:10:21:28 +0800] "GET /xingrg/javascript/jquery_easy_ui/themes/icons/help.png HTTP/1.1" 200 1187
172.20.0.100 - - [23/Jun/2022:10:21:28 +0800] "GET /xingrg/javascript/jquery_easy_ui/themes/default/images/menu_downarrow.png HTTP/1.1" 200 173
172.20.0.100 - - [23/Jun/2022:10:21:28 +0800] "GET /xingrg/javascript/jquery_easy_ui/themes/default/images/menu.gif HTTP/1.1" 200 834
172.20.0.100 - - [23/Jun/2022:10:21:28 +0800] "POST /xingrg/dwr/call/plaincall/AjaxReportQueryService.getFixDate.dwr HTTP/1.1" 200 111
172.20.0.100 - - [23/Jun/2022:10:21:28 +0800] "GET /xingrg/javascript/jquery_easy_ui/themes/icons/print.png HTTP/1.1" 200 1057
172.20.0.100 - - [23/Jun/2022:10:21:28 +0800] "GET /xingrg/javascript/jquery_easy_ui/themes/default/images/menu_rightarrow.png HTTP/1.1" 200 3617
172.20.0.100 - - [23/Jun/2022:10:21:28 +0800] "GET /xingrg/javascript/jquery_easy_ui/themes/icons/pencil.png HTTP/1.1" 200 713
172.20.0.100 - - [23/Jun/2022:10:21:28 +0800] "POST /xingrg/all/common/load_tree.html?tree=area_rest_tree_json&manage=1 HTTP/1.1" 200 3472
172.20.0.100 - - [23/Jun/2022:10:21:28 +0800] "GET /xingrg/javascript/jquery_easy_ui/themes/default/images/combo_arrow_dot.gif HTTP/1.1" 200 79
172.20.0.100 - - [23/Jun/2022:10:21:29 +0800] "GET /xingrg/javascript/jquery_easy_ui/themes/default/images/tree_checkbox_0.gif HTTP/1.1" 200 168
172.20.0.100 - - [23/Jun/2022:10:21:29 +0800] "POST /xingrg/all/common/load_tree.html?tree=supplier_tree_json&manage=1 HTTP/1.1" 200 67779
114.83.223.30 - - [23/Jun/2022:10:21:30 +0800] "GET /xingrg/kc/buy/cgsh_order_add.html HTTP/1.1" 200 67832
114.83.223.30 - - [23/Jun/2022:10:21:31 +0800] "GET /xingrg/javascript/easyui/themes/default/validatebox.css HTTP/1.1" 404 1104
172.20.0.100 - - [23/Jun/2022:10:21:31 +0800] "GET /xingrg/all/function/internal_message.html?_=1655950890798&CODE_STATE=getMsg HTTP/1.1" 200 27
114.83.223.30 - - [23/Jun/2022:10:21:31 +0800] "POST /xingrg/kc/buy/cgsh_order_operate.html HTTP/1.1" 200 8245
101.85.54.219 - - [23/Jun/2022:10:21:32 +0800] "GET /xingrg/check_reg.html?_=1655950867330 HTTP/1.1" 200 22
101.85.54.219 - - [23/Jun/2022:10:21:32 +0800] "GET /xingrg/all/function/internal_message.html?_=1655950867333&CODE_STATE=getMsg HTTP/1.1" 200 27
172.20.0.100 - - [23/Jun/2022:10:21:34 +0800] "POST /xingrg/dwr/call/plaincall/AjaxReportQueryService.getFixDate.dwr HTTP/1.1" 200 111
120.253.135.82 - - [23/Jun/2022:10:21:35 +0800] "POST /xingrg/kc/pszx/mdps_order_operate.html HTTP/1.1" 200 37
172.20.0.100 - - [23/Jun/2022:10:21:35 +0800] "POST /xingrg/dwr/call/plaincall/AjaxReportQueryService.refreshCache.dwr HTTP/1.1" 200 78
218.81.223.53 - - [23/Jun/2022:10:21:35 +0800] "GET /xingrg/all/function/internal_message.html?_=1655950907457&CODE_STATE=getMsg HTTP/1.1" 200 27
58.35.194.53 - - [23/Jun/2022:10:21:36 +0800] "GET /xingrg/all/function/internal_message.html?_=1655950893612&CODE_STATE=getMsg HTTP/1.1" 200 27
120.253.135.82 - - [23/Jun/2022:10:21:37 +0800] "GET /xingrg/kc/pszx/mdps_order_info.html?code=312022062300380 HTTP/1.1" 200 23976
114.88.162.248 - - [23/Jun/2022:10:21:37 +0800] "GET /xingrg/all/function/internal_message.html?_=1655950892703&CODE_STATE=getMsg HTTP/1.1" 200 27
120.253.135.82 - - [23/Jun/2022:10:21:37 +0800] "POST /xingrg/kc/pszx/mdps_order_operate.html HTTP/1.1" 200 2297
120.253.135.82 - - [23/Jun/2022:10:21:37 +0800] "GET /xingrg/javascript/easyui/themes/default/validatebox.css HTTP/1.1" 404 1104
172.20.0.100 - - [23/Jun/2022:10:21:38 +0800] "POST /xingrg/all/report/load_report_page.html HTTP/1.1" 200 301468
172.20.0.100 - - [23/Jun/2022:10:21:38 +0800] "GET /xingrg/images/blue/button/back2.gif HTTP/1.1" 200 1339
172.20.0.100 - - [23/Jun/2022:10:21:38 +0800] "GET /xingrg/images/blue/button/back.gif HTTP/1.1" 200 1352
172.20.0.100 - - [23/Jun/2022:10:21:38 +0800] "GET /xingrg/servlets/image?cache=0.3454263877540428&image=px HTTP/1.1" 200 807
116.237.74.198 - - [23/Jun/2022:10:21:39 +0800] "GET /xingrg/login.html?r=1 HTTP/1.1" 200 7641
116.237.74.198 - - [23/Jun/2022:10:21:40 +0800] "GET /favicon.ico HTTP/1.1" 404 -
114.83.223.30 - - [23/Jun/2022:10:21:40 +0800] "GET /xingrg/kc/buy/cgsh_order_operate.html?command=get_materiel&rest_code=00149&code=00101003041&supplier_code=00100347&order_time=2022-06-23 HTTP/1.1" 200 432
116.237.74.198 - - [23/Jun/2022:10:21:42 +0800] "POST /xingrg/login.do HTTP/1.1" 302 -
116.237.74.198 - - [23/Jun/2022:10:21:42 +0800] "GET /xingrg/index.html?sysBaseUrl=http%3A%2F%2F180.169.147.146%3A18081%2Fxingrg%2F&costTime=43×tamp=1655950902091 HTTP/1.1" 200 17173
116.237.74.198 - - [23/Jun/2022:10:21:42 +0800] "GET /favicon.ico HTTP/1.1" 404 -
101.85.54.219 - - [23/Jun/2022:10:21:42 +0800] "GET /xingrg/kc/buy/cgsh_order_operate.html?command=get_materiel&rest_code=00145&code=00101010161&supplier_code=00100185&order_time=2022-06-10 HTTP/1.1" 200 409
116.237.74.198 - - [23/Jun/2022:10:21:42 +0800] "POST /xingrg/all/common/load_tree.html?tree=area_rest_tree_json&manage=1 HTTP/1.1" 200 342
116.237.74.198 - - [23/Jun/2022:10:21:42 +0800] "GET /xingrg/all/function/internal_message.html?_=1655950901332&CODE_STATE=count HTTP/1.1" 200 11
116.237.74.198 - - [23/Jun/2022:10:21:42 +0800] "POST /xingrg/load_menu.html HTTP/1.1" 200 5138
116.237.74.198 - - [23/Jun/2022:10:21:42 +0800] "GET /xingrg/check_reg.html?_=1655950901333 HTTP/1.1" 200 22
120.253.135.82 - - [23/Jun/2022:10:21:43 +0800] "POST /xingrg/kc/pszx/mdps_order_operate.html HTTP/1.1" 200 37
116.237.74.198 - - [23/Jun/2022:10:21:44 +0800] "GET /xingrg/kc/buy/buy_main.html HTTP/1.1" 200 12412
116.237.74.198 - - [23/Jun/2022:10:21:44 +0800] "GET /xingrg/css/new_ie.css HTTP/1.1" 404 1036
116.237.74.198 - - [23/Jun/2022:10:21:44 +0800] "GET /xingrg/images/yd/bt.gif HTTP/1.1" 404 1040
120.253.135.82 - - [23/Jun/2022:10:21:44 +0800] "GET /xingrg/kc/pszx/mdps_order_info.html?code=312022062300380 HTTP/1.1" 200 23976
101.83.223.227 - - [23/Jun/2022:10:21:44 +0800] "POST /xingrg/dwr/call/plaincall/AjaxComOrderService.getMaterielSearchList.dwr HTTP/1.1" 200 13027
120.253.135.82 - - [23/Jun/2022:10:21:45 +0800] "POST /xingrg/kc/pszx/mdps_order_operate.html HTTP/1.1" 200 2297
120.253.135.82 - - [23/Jun/2022:10:21:45 +0800] "GET /xingrg/javascript/easyui/themes/default/validatebox.css HTTP/1.1" 404 1104
116.237.74.198 - - [23/Jun/2022:10:21:45 +0800] "GET /xingrg/kc/buy/cgsh_order_list.html HTTP/1.1" 200 51962
101.83.223.227 - - [23/Jun/2022:10:21:46 +0800] "POST /xingrg/dwr/call/plaincall/AjaxComOrderService.getMaterielSearchList.dwr HTTP/1.1" 200 76
116.237.74.198 - - [23/Jun/2022:10:21:46 +0800] "POST /xingrg/kc/buy/cgsh_list_operate.html HTTP/1.1" 200 693
120.253.135.82 - - [23/Jun/2022:10:21:46 +0800] "POST /xingrg/kc/pszx/mdps_list_operate.html HTTP/1.1" 200 5438
101.83.223.227 - - [23/Jun/2022:10:21:47 +0800] "POST /xingrg/dwr/call/plaincall/AjaxComOrderService.getMaterielSearchList.dwr HTTP/1.1" 200 8081
101.83.223.227 - - [23/Jun/2022:10:21:48 +0800] "POST /xingrg/dwr/call/plaincall/AjaxComOrderService.getMaterielSearchList.dwr HTTP/1.1" 200 698
101.85.95.26 - - [23/Jun/2022:10:21:49 +0800] "GET /xingrg/all/function/internal_message.html?_=1655950906957&CODE_STATE=getMsg HTTP/1.1" 200 27
101.83.223.227 - - [23/Jun/2022:10:21:50 +0800] "POST /xingrg/dwr/call/plaincall/AjaxYddbService.getMaterielByMap.dwr HTTP/1.1" 200 3811
120.253.135.82 - - [23/Jun/2022:10:21:50 +0800] "GET /xingrg/kc/pszx/jzcl_ps.html HTTP/1.1" 200 7683
120.253.135.82 - - [23/Jun/2022:10:21:50 +0800] "POST /xingrg/all/common/load_tree.html?tree=area_rest_tree_json HTTP/1.1" 200 3472
116.237.74.198 - - [23/Jun/2022:10:21:50 +0800] "GET /xingrg/words/20220623090851_words.js HTTP/1.1" 200 901887
116.237.74.198 - - [23/Jun/2022:10:21:50 +0800] "GET /xingrg/kc/buy/cgsh_order_add.html HTTP/1.1" 200 67779
120.253.135.82 - - [23/Jun/2022:10:21:51 +0800] "POST /xingrg/kc/pszx/jzcl_ps_operate.html HTTP/1.1" 200 434
120.253.135.82 - - [23/Jun/2022:10:21:51 +0800] "POST /xingrg/kc/pszx/jzcl_ps_operate.html HTTP/1.1" 200 434
116.237.74.198 - - [23/Jun/2022:10:21:51 +0800] "POST /xingrg/kc/buy/cgsh_order_operate.html HTTP/1.1" 200 8245
116.237.74.198 - - [23/Jun/2022:10:21:51 +0800] "GET /xingrg/all/common/auto_word.html?type=employee&rest_code=00106 HTTP/1.1" 200 205
116.237.74.198 - - [23/Jun/2022:10:21:51 +0800] "GET /xingrg/javascript/easyui/themes/default/validatebox.css HTTP/1.1" 404 1104
116.237.74.198 - - [23/Jun/2022:10:21:51 +0800] "GET /xingrg/all/common/auto_word.html?type=employee&rest_code=00106 HTTP/1.1" 200 205
101.83.223.227 - - [23/Jun/2022:10:21:53 +0800] "POST /xingrg/dwr/call/plaincall/AjaxYddbService.saveMaterielItem.dwr HTTP/1.1" 200 78
101.85.54.219 - - [23/Jun/2022:10:21:53 +0800] "POST /xingrg/kc/buy/cgsh_order_operate.html HTTP/1.1" 200 37
116.237.74.198 - - [23/Jun/2022:10:21:54 +0800] "GET /xingrg/javascript/easyui/themes/default/tree.css HTTP/1.1" 404 1090
116.237.74.198 - - [23/Jun/2022:10:21:54 +0800] "POST /xingrg/all/common/load_tree.html?tree=supplier_tree_json&isDelete=1 HTTP/1.1" 200 66572
101.83.223.227 - - [23/Jun/2022:10:21:55 +0800] "POST /xingrg/dwr/call/plaincall/AjaxComOrderService.getMaterielSearchList.dwr HTTP/1.1" 200 20335
120.253.135.82 - - [23/Jun/2022:10:21:55 +0800] "GET /xingrg/check_reg.html?_=1655951052599 HTTP/1.1" 200 22
114.95.43.0 - - [23/Jun/2022:10:21:56 +0800] "GET /xingrg/all/function/internal_message.html?_=1655950820647&CODE_STATE=getMsg HTTP/1.1" 200 27
120.253.135.82 - - [23/Jun/2022:10:21:56 +0800] "POST /xingrg/kc/pszx/jzcl_ps_operate.html HTTP/1.1" 200 4
120.253.135.82 - - [23/Jun/2022:10:21:56 +0800] "GET /xingrg/javascript/step/images/navBtn.gif HTTP/1.1" 200 361
114.83.223.30 - - [23/Jun/2022:10:21:56 +0800] "GET /xingrg/check_reg.html?_=1655950911691 HTTP/1.1" 200 22
114.83.223.30 - - [23/Jun/2022:10:21:56 +0800] "GET /xingrg/all/function/internal_message.html?_=1655950911694&CODE_STATE=getMsg HTTP/1.1" 200 27
101.85.54.219 - - [23/Jun/2022:10:21:56 +0800] "POST /xingrg/kc/buy/cgsh_order_operate.html HTTP/1.1" 200 2652
101.83.223.227 - - [23/Jun/2022:10:21:56 +0800] "POST /xingrg/dwr/call/plaincall/AjaxComOrderService.getMaterielSearchList.dwr HTTP/1.1" 200 739
120.253.135.82 - - [23/Jun/2022:10:21:57 +0800] "GET /xingrg/kc/pszx/mdps_order_list.html HTTP/1.1" 200 21007
120.253.135.82 - - [23/Jun/2022:10:21:57 +0800] "POST /xingrg/kc/pszx/mdps_list_operate.html HTTP/1.1" 200 5296
180.169.147.146 - - [23/Jun/2022:10:21:58 +0800] "GET /xingrg/all/function/internal_message.html?_=1655950915998&CODE_STATE=getMsg HTTP/1.1" 200 27
101.85.54.219 - - [23/Jun/2022:10:21:58 +0800] "GET /xingrg/kc/print/load_data.html?order_code=212022062302791&kc_code=cgsh&condition= HTTP/1.1" 200 677
180.156.212.250 - - [23/Jun/2022:10:21:59 +0800] "GET /xingrg/all/function/internal_message.html?_=1655950917190&CODE_STATE=getMsg HTTP/1.1" 200 27
101.83.223.227 - - [23/Jun/2022:10:21:59 +0800] "POST /xingrg/dwr/call/plaincall/AjaxYddbService.getMaterielByMap.dwr HTTP/1.1" 200 3845
114.84.82.172 - - [23/Jun/2022:10:21:59 +0800] "GET /xingrg/all/function/internal_message.html?_=1655950918825&CODE_STATE=getMsg HTTP/1.1" 200 27
114.84.82.172 - - [23/Jun/2022:10:21:59 +0800] "GET /xingrg/check_reg.html?_=1655950918827 HTTP/1.1" 200 22
101.83.223.227 - - [23/Jun/2022:10:22:01 +0800] "POST /xingrg/dwr/call/plaincall/AjaxYddbService.saveMaterielItem.dwr HTTP/1.1" 200 79
120.253.135.82 - - [23/Jun/2022:10:22:02 +0800] "GET /xingrg/all/function/internal_message.html?_=1655951059120&CODE_STATE=getMsg HTTP/1.1" 200 27
101.85.54.219 - - [23/Jun/2022:10:22:04 +0800] "GET /xingrg/kc/buy/cgsh_order_add.html HTTP/1.1" 200 66939
101.85.54.219 - - [23/Jun/2022:10:22:04 +0800] "POST /xingrg/kc/buy/cgsh_order_operate.html HTTP/1.1" 200 8245
101.85.54.219 - - [23/Jun/2022:10:22:04 +0800] "GET /xingrg/javascript/easyui/themes/default/validatebox.css HTTP/1.1" 404 1104
101.83.223.227 - - [23/Jun/2022:10:22:06 +0800] "POST /xingrg/dwr/call/plaincall/AjaxYddbService.checkOrder.dwr HTTP/1.1" 200 79
101.83.223.227 - - [23/Jun/2022:10:22:06 +0800] "GET /xingrg/kc/base/yddb_order_info.html?code=482022062300196 HTTP/1.1" 200 29505
101.83.223.227 - - [23/Jun/2022:10:22:06 +0800] "GET /xingrg/dwr/interface/AjaxYddbService.js HTTP/1.1" 200 13201
101.83.223.227 - - [23/Jun/2022:10:22:06 +0800] "GET /xingrg/dwr/interface/AjaxComOrderService.js HTTP/1.1" 200 18264
101.83.223.227 - - [23/Jun/2022:10:22:07 +0800] "GET /xingrg/dwr/engine.js HTTP/1.1" 200 43631
101.83.223.227 - - [23/Jun/2022:10:22:07 +0800] "POST /xingrg/dwr/call/plaincall/AjaxYddbService.loadMaterielItems.dwr HTTP/1.1" 200 811
101.83.223.227 - - [23/Jun/2022:10:22:08 +0800] "GET /xingrg/check_reg.html?_=1655950882884 HTTP/1.1" 200 22
101.83.223.227 - - [23/Jun/2022:10:22:09 +0800] "GET /xingrg/all/function/internal_message.html?_=1655950883222&CODE_STATE=getMsg HTTP/1.1" 200 27
116.237.74.198 - - [23/Jun/2022:10:22:09 +0800] "GET /xingrg/javascript/auto/indicator.gif HTTP/1.1" 404 1066
120.253.135.82 - - [23/Jun/2022:10:22:12 +0800] "POST /xingrg/kc/pszx/mdps_list_operate.html HTTP/1.1" 200 5436
120.253.135.82 - - [23/Jun/2022:10:22:14 +0800] "POST /xingrg/kc/pszx/mdps_list_operate.html HTTP/1.1" 200 214
120.253.135.82 - - [23/Jun/2022:10:22:15 +0800] "GET /xingrg/kc/pszx/mdps_order_info.html?code=312022062300380 HTTP/1.1" 200 23976
120.253.135.82 - - [23/Jun/2022:10:22:15 +0800] "POST /xingrg/kc/pszx/mdps_order_operate.html HTTP/1.1" 200 2297
120.253.135.82 - - [23/Jun/2022:10:22:15 +0800] "GET /xingrg/javascript/easyui/themes/default/validatebox.css HTTP/1.1" 404 1104
120.253.135.82 - - [23/Jun/2022:10:22:19 +0800] "POST /xingrg/kc/pszx/mdps_list_operate.html HTTP/1.1" 200 293
101.83.223.227 - - [23/Jun/2022:10:22:19 +0800] "POST /xingrg/all/user/operate.html HTTP/1.1" 200 36
120.253.135.82 - - [23/Jun/2022:10:22:19 +0800] "GET /xingrg/kc/pszx/mdps_order_info.html?code=312022062300381 HTTP/1.1" 200 23974
101.83.223.227 - - [23/Jun/2022:10:22:19 +0800] "GET /xingrg/index.html?sysBaseUrl=http%3A%2F%2F180.169.147.146%3A18081%2Fxingrg%2F&costTime=40×tamp=1655944747733 HTTP/1.1" 200 17177
101.83.223.227 - - [23/Jun/2022:10:22:19 +0800] "GET /xingrg/javascript/jquery_easy_ui/themes/default/easyui.css HTTP/1.1" 304 -
101.83.223.227 - - [23/Jun/2022:10:22:19 +0800] "GET /xingrg/javascript/jquery_easy_ui/themes/icon.css HTTP/1.1" 304 -
101.83.223.227 - - [23/Jun/2022:10:22:19 +0800] "GET /xingrg/css/form.css HTTP/1.1" 304 -
101.83.223.227 - - [23/Jun/2022:10:22:19 +0800] "GET /xingrg/javascript/jquery-1.4.2.min.js HTTP/1.1" 304 -
101.83.223.227 - - [23/Jun/2022:10:22:19 +0800] "GET /xingrg/javascript/jquery_easy_ui/jquery.easyui.min.js HTTP/1.1" 304 -
101.83.223.227 - - [23/Jun/2022:10:22:19 +0800] "GET /xingrg/javascript/jquery_easy_ui/easyui-lang-zh_CN.js HTTP/1.1" 304 -
101.83.223.227 - - [23/Jun/2022:10:22:19 +0800] "GET /xingrg/javascript/jquery.form.js HTTP/1.1" 304 -
101.83.223.227 - - [23/Jun/2022:10:22:19 +0800] "GET /xingrg/javascript/jquery.utils.js HTTP/1.1" 304 -
120.253.135.82 - - [23/Jun/2022:10:22:19 +0800] "POST /xingrg/kc/pszx/mdps_order_operate.html HTTP/1.1" 200 2778
101.83.223.227 - - [23/Jun/2022:10:22:19 +0800] "GET /xingrg/javascript/jquery.timers.js HTTP/1.1" 304 -
