101.83.223.227 - - [23/Jun/2022:11:03:19 +0800] "GET /xingrg/all/function/internal_message.html?_=1655953396237&CODE_STATE=getMsg HTTP/1.1" 200 27
114.95.43.0 - - [23/Jun/2022:11:03:20 +0800] "GET /xingrg/all/function/internal_message.html?_=1655953400874&CODE_STATE=getMsg HTTP/1.1" 200 27
101.85.54.219 - - [23/Jun/2022:11:03:23 +0800] "GET /xingrg/kc/buy/cgsh_order_operate.html?command=get_materiel&rest_code=00145&code=00101016057&supplier_code=00100007&order_time=2022-06-13 HTTP/1.1" 200 408
58.35.194.53 - - [23/Jun/2022:11:03:26 +0800] "POST /xingrg/kc/mdqp/pssh_list_operate.html HTTP/1.1" 200 2242
58.35.194.53 - - [23/Jun/2022:11:03:27 +0800] "POST /xingrg/kc/mdqp/pssh_list_operate.html HTTP/1.1" 200 2242
114.84.147.169 - - [23/Jun/2022:11:03:28 +0800] "GET /xingrg/all/function/internal_message.html?_=1655953120086&CODE_STATE=getMsg HTTP/1.1" 200 27
116.237.74.198 - - [23/Jun/2022:11:03:28 +0800] "GET /xingrg/kc/buy/cgsh_order_operate.html?command=get_materiel&rest_code=00106&code=00102026001&supplier_code=00100313&order_time=2022-06-23 HTTP/1.1" 200 409
58.35.194.53 - - [23/Jun/2022:11:03:31 +0800] "GET /xingrg/kc/buy/cgth_order_list.html HTTP/1.1" 200 51371
58.35.194.53 - - [23/Jun/2022:11:03:31 +0800] "POST /xingrg/kc/buy/cgth_list_operate.html HTTP/1.1" 200 1939
101.85.54.219 - - [23/Jun/2022:11:03:32 +0800] "GET /xingrg/all/function/internal_message.html?_=1655953387301&CODE_STATE=getMsg HTTP/1.1" 200 27
101.85.54.219 - - [23/Jun/2022:11:03:32 +0800] "GET /xingrg/kc/buy/cgsh_order_operate.html?command=get_materiel&rest_code=00145&code=00101008199&supplier_code=00100007&order_time=2022-06-13 HTTP/1.1" 200 410
58.35.194.53 - - [23/Jun/2022:11:03:32 +0800] "POST /xingrg/kc/buy/cgth_list_operate.html HTTP/1.1" 200 631
58.35.194.53 - - [23/Jun/2022:11:03:35 +0800] "GET /xingrg/all/function/internal_message.html?_=1655953412667&CODE_STATE=getMsg HTTP/1.1" 200 27
114.88.162.248 - - [23/Jun/2022:11:03:36 +0800] "GET /xingrg/all/function/internal_message.html?_=1655953411677&CODE_STATE=getMsg HTTP/1.1" 200 27
218.81.223.53 - - [23/Jun/2022:11:03:39 +0800] "GET /xingrg/all/function/internal_message.html?_=1655953430585&CODE_STATE=getMsg HTTP/1.1" 200 27
114.84.147.169 - - [23/Jun/2022:11:03:39 +0800] "GET /xingrg/javascript/jquery_easy_ui/themes/default/images/tabs_active.png HTTP/1.1" 200 2894
116.237.74.198 - - [23/Jun/2022:11:03:42 +0800] "GET /xingrg/all/function/internal_message.html?_=1655953421876&CODE_STATE=getMsg HTTP/1.1" 200 27
180.169.147.146 - - [23/Jun/2022:11:03:46 +0800] "GET /xingrg/all/function/internal_message.html?_=1655953424246&CODE_STATE=getMsg HTTP/1.1" 200 27
101.85.95.26 - - [23/Jun/2022:11:03:49 +0800] "GET /xingrg/all/function/internal_message.html?_=1655953426982&CODE_STATE=getMsg HTTP/1.1" 200 27
116.237.74.198 - - [23/Jun/2022:11:03:49 +0800] "POST /xingrg/kc/buy/cgsh_order_operate.html HTTP/1.1" 200 37
116.237.74.198 - - [23/Jun/2022:11:03:51 +0800] "POST /xingrg/kc/buy/cgsh_order_operate.html HTTP/1.1" 200 5036
101.85.54.219 - - [23/Jun/2022:11:03:51 +0800] "GET /xingrg/kc/buy/cgsh_order_operate.html?command=get_materiel&rest_code=00145&code=00101008268&supplier_code=00100007&order_time=2022-06-13 HTTP/1.1" 200 408
116.237.74.198 - - [23/Jun/2022:11:03:52 +0800] "GET /xingrg/kc/buy/cgsh_order_add.html HTTP/1.1" 200 67779
116.237.74.198 - - [23/Jun/2022:11:03:53 +0800] "POST /xingrg/kc/buy/cgsh_order_operate.html HTTP/1.1" 200 8245
116.237.74.198 - - [23/Jun/2022:11:03:53 +0800] "GET /xingrg/javascript/easyui/themes/default/validatebox.css HTTP/1.1" 404 1104
114.83.223.30 - - [23/Jun/2022:11:03:55 +0800] "GET /xingrg/all/function/internal_message.html?_=1655953431036&CODE_STATE=getMsg HTTP/1.1" 200 27
114.95.43.0 - - [23/Jun/2022:11:03:56 +0800] "GET /xingrg/all/function/internal_message.html?_=1655953340690&CODE_STATE=getMsg HTTP/1.1" 200 27
180.156.212.250 - - [23/Jun/2022:11:03:59 +0800] "GET /xingrg/all/function/internal_message.html?_=1655953437252&CODE_STATE=getMsg HTTP/1.1" 200 27
114.84.82.172 - - [23/Jun/2022:11:03:59 +0800] "GET /xingrg/all/function/internal_message.html?_=1655953438909&CODE_STATE=getMsg HTTP/1.1" 200 27
116.237.74.198 - - [23/Jun/2022:11:04:04 +0800] "GET /xingrg/javascript/easyui/themes/default/tree.css HTTP/1.1" 404 1090
120.253.135.82 - - [23/Jun/2022:11:04:04 +0800] "GET /xingrg/all/function/internal_message.html?_=1655953580814&CODE_STATE=getMsg HTTP/1.1" 200 27
116.237.74.198 - - [23/Jun/2022:11:04:04 +0800] "POST /xingrg/all/common/load_tree.html?tree=supplier_tree_json&isDelete=1 HTTP/1.1" 200 66572
101.85.54.219 - - [23/Jun/2022:11:04:04 +0800] "GET /xingrg/kc/buy/cgsh_order_operate.html?command=get_materiel&rest_code=00145&code=00101008261&supplier_code=00100007&order_time=2022-06-13 HTTP/1.1" 200 408
101.83.223.227 - - [23/Jun/2022:11:04:09 +0800] "GET /xingrg/all/function/internal_message.html?_=1655953403808&CODE_STATE=getMsg HTTP/1.1" 200 27
101.85.54.219 - - [23/Jun/2022:11:04:09 +0800] "POST /xingrg/kc/buy/cgsh_order_operate.html HTTP/1.1" 200 2065
101.85.54.219 - - [23/Jun/2022:11:04:16 +0800] "GET /xingrg/kc/buy/cgsh_order_operate.html?command=get_materiel&rest_code=00145&code=00101008264&supplier_code=00100007&order_time=2022-06-13 HTTP/1.1" 200 412
101.83.223.227 - - [23/Jun/2022:11:04:19 +0800] "GET /xingrg/all/function/internal_message.html?_=1655953456252&CODE_STATE=getMsg HTTP/1.1" 200 27
114.95.43.0 - - [23/Jun/2022:11:04:20 +0800] "GET /xingrg/all/function/internal_message.html?_=1655953460862&CODE_STATE=getMsg HTTP/1.1" 200 27
116.237.74.198 - - [23/Jun/2022:11:04:21 +0800] "GET /xingrg/kc/buy/cgsh_order_operate.html?command=get_materiel&rest_code=00106&code=00101001037&supplier_code=00100090&order_time=2022-06-23 HTTP/1.1" 200 418
114.84.147.169 - - [23/Jun/2022:11:04:28 +0800] "GET /xingrg/all/function/internal_message.html?_=1655953180099&CODE_STATE=getMsg HTTP/1.1" 200 27
114.84.82.172 - - [23/Jun/2022:11:04:29 +0800] "POST /xingrg/services/DataTransmitService HTTP/1.1" 200 524
114.84.82.172 - - [23/Jun/2022:11:04:29 +0800] "POST /xingrg/services/DataTransmitService HTTP/1.1" 200 2263
114.84.82.172 - - [23/Jun/2022:11:04:30 +0800] "POST /xingrg/services/DataTransmitService HTTP/1.1" 200 213430
101.85.54.219 - - [23/Jun/2022:11:04:32 +0800] "GET /xingrg/kc/buy/cgsh_order_operate.html?command=get_materiel&rest_code=00145&code=00101008005&supplier_code=00100007&order_time=2022-06-13 HTTP/1.1" 200 412
101.85.54.219 - - [23/Jun/2022:11:04:32 +0800] "GET /xingrg/all/function/internal_message.html?_=1655953447387&CODE_STATE=getMsg HTTP/1.1" 200 27
58.35.194.53 - - [23/Jun/2022:11:04:35 +0800] "GET /xingrg/all/function/internal_message.html?_=1655953472652&CODE_STATE=getMsg HTTP/1.1" 200 27
114.88.162.248 - - [23/Jun/2022:11:04:36 +0800] "GET /xingrg/all/function/internal_message.html?_=1655953471647&CODE_STATE=getMsg HTTP/1.1" 200 27
218.81.223.53 - - [23/Jun/2022:11:04:38 +0800] "GET /xingrg/all/function/internal_message.html?_=1655953490598&CODE_STATE=getMsg HTTP/1.1" 200 27
116.237.74.198 - - [23/Jun/2022:11:04:42 +0800] "GET /xingrg/all/function/internal_message.html?_=1655953481884&CODE_STATE=getMsg HTTP/1.1" 200 27
101.85.54.219 - - [23/Jun/2022:11:04:44 +0800] "GET /xingrg/kc/buy/cgsh_order_operate.html?command=get_materiel&rest_code=00145&code=00101008353&supplier_code=00100007&order_time=2022-06-13 HTTP/1.1" 200 424
180.169.147.146 - - [23/Jun/2022:11:04:46 +0800] "GET /xingrg/all/function/internal_message.html?_=1655953484221&CODE_STATE=getMsg HTTP/1.1" 200 27
101.85.95.26 - - [23/Jun/2022:11:04:49 +0800] "GET /xingrg/all/function/internal_message.html?_=1655953486982&CODE_STATE=getMsg HTTP/1.1" 200 27
116.237.74.198 - - [23/Jun/2022:11:04:51 +0800] "GET /xingrg/kc/buy/cgsh_order_operate.html?command=get_materiel&rest_code=00106&code=00101001140&supplier_code=00100090&order_time=2022-06-23 HTTP/1.1" 200 431
114.83.223.30 - - [23/Jun/2022:11:04:55 +0800] "GET /xingrg/all/function/internal_message.html?_=1655953491028&CODE_STATE=getMsg HTTP/1.1" 200 27
114.95.43.0 - - [23/Jun/2022:11:04:56 +0800] "GET /xingrg/all/function/internal_message.html?_=1655953400689&CODE_STATE=getMsg HTTP/1.1" 200 27
180.156.212.250 - - [23/Jun/2022:11:04:59 +0800] "GET /xingrg/all/function/internal_message.html?_=1655953497250&CODE_STATE=getMsg HTTP/1.1" 200 27
114.84.82.172 - - [23/Jun/2022:11:04:59 +0800] "GET /xingrg/all/function/internal_message.html?_=1655953498909&CODE_STATE=getMsg HTTP/1.1" 200 27
114.95.43.0 - - [23/Jun/2022:11:05:00 +0800] "GET /xingrg/check_reg.html?_=1655953501052 HTTP/1.1" 200 22
114.88.162.248 - - [23/Jun/2022:11:05:01 +0800] "GET /xingrg/check_reg.html?_=1655953496752 HTTP/1.1" 200 22
101.85.54.219 - - [23/Jun/2022:11:05:03 +0800] "GET /xingrg/kc/buy/cgsh_order_operate.html?command=get_materiel&rest_code=00145&code=00101012029&supplier_code=00100007&order_time=2022-06-13 HTTP/1.1" 200 412
120.253.135.82 - - [23/Jun/2022:11:05:04 +0800] "GET /xingrg/all/function/internal_message.html?_=1655953640912&CODE_STATE=getMsg HTTP/1.1" 200 27
101.83.223.227 - - [23/Jun/2022:11:05:09 +0800] "GET /xingrg/all/function/internal_message.html?_=1655953463829&CODE_STATE=getMsg HTTP/1.1" 200 27
116.237.74.198 - - [23/Jun/2022:11:05:11 +0800] "GET /xingrg/kc/buy/cgsh_order_operate.html?command=get_materiel&rest_code=00106&code=00101001125&supplier_code=00100090&order_time=2022-06-23 HTTP/1.1" 200 417
101.83.223.227 - - [23/Jun/2022:11:05:19 +0800] "GET /xingrg/all/function/internal_message.html?_=1655953516251&CODE_STATE=getMsg HTTP/1.1" 200 27
114.95.43.0 - - [23/Jun/2022:11:05:20 +0800] "GET /xingrg/all/function/internal_message.html?_=1655953520866&CODE_STATE=getMsg HTTP/1.1" 200 27
101.85.54.219 - - [23/Jun/2022:11:05:21 +0800] "GET /xingrg/kc/buy/cgsh_order_operate.html?command=get_materiel&rest_code=00145&code=00101008152&supplier_code=00100007&order_time=2022-06-13 HTTP/1.1" 200 408
114.84.147.169 - - [23/Jun/2022:11:05:28 +0800] "GET /xingrg/all/function/internal_message.html?_=1655953240079&CODE_STATE=getMsg HTTP/1.1" 200 27
101.85.54.219 - - [23/Jun/2022:11:05:32 +0800] "GET /xingrg/all/function/internal_message.html?_=1655953507376&CODE_STATE=getMsg HTTP/1.1" 200 27
58.35.194.53 - - [23/Jun/2022:11:05:35 +0800] "GET /xingrg/all/function/internal_message.html?_=1655953532636&CODE_STATE=getMsg HTTP/1.1" 200 27
114.88.162.248 - - [23/Jun/2022:11:05:36 +0800] "GET /xingrg/all/function/internal_message.html?_=1655953531622&CODE_STATE=getMsg HTTP/1.1" 200 27
101.85.54.219 - - [23/Jun/2022:11:05:38 +0800] "POST /xingrg/kc/buy/cgsh_order_operate.html HTTP/1.1" 200 2065
218.81.223.53 - - [23/Jun/2022:11:05:38 +0800] "GET /xingrg/check_reg.html?_=1655953550394 HTTP/1.1" 200 22
218.81.223.53 - - [23/Jun/2022:11:05:38 +0800] "GET /xingrg/all/function/internal_message.html?_=1655953550612&CODE_STATE=getMsg HTTP/1.1" 200 27
116.237.74.198 - - [23/Jun/2022:11:05:42 +0800] "GET /xingrg/all/function/internal_message.html?_=1655953541869&CODE_STATE=getMsg HTTP/1.1" 200 27
101.85.54.219 - - [23/Jun/2022:11:05:44 +0800] "GET /xingrg/kc/buy/cgsh_order_operate.html?command=get_materiel&rest_code=00145&code=00101013032&supplier_code=00100007&order_time=2022-06-13 HTTP/1.1" 200 449
180.169.147.146 - - [23/Jun/2022:11:05:46 +0800] "GET /xingrg/all/function/internal_message.html?_=1655953544196&CODE_STATE=getMsg HTTP/1.1" 200 27
101.85.95.26 - - [23/Jun/2022:11:05:49 +0800] "GET /xingrg/all/function/internal_message.html?_=1655953546981&CODE_STATE=getMsg HTTP/1.1" 200 27
101.85.54.219 - - [23/Jun/2022:11:05:52 +0800] "POST /xingrg/kc/buy/cgsh_order_operate.html HTTP/1.1" 200 37
101.85.54.219 - - [23/Jun/2022:11:05:53 +0800] "POST /xingrg/kc/buy/cgsh_order_operate.html HTTP/1.1" 200 16827
101.85.54.219 - - [23/Jun/2022:11:05:55 +0800] "GET /xingrg/kc/print/load_data.html?order_code=212022062302808&kc_code=cgsh&condition= HTTP/1.1" 200 6058
114.83.223.30 - - [23/Jun/2022:11:05:55 +0800] "GET /xingrg/all/function/internal_message.html?_=1655953551003&CODE_STATE=getMsg HTTP/1.1" 200 27
114.95.43.0 - - [23/Jun/2022:11:05:56 +0800] "GET /xingrg/all/function/internal_message.html?_=1655953460690&CODE_STATE=getMsg HTTP/1.1" 200 27
58.35.194.53 - - [23/Jun/2022:11:05:57 +0800] "GET /xingrg/check_reg.html?_=1655953554731 HTTP/1.1" 200 22
180.156.212.250 - - [23/Jun/2022:11:05:59 +0800] "GET /xingrg/check_reg.html?_=1655953557249 HTTP/1.1" 200 22
180.156.212.250 - - [23/Jun/2022:11:05:59 +0800] "GET /xingrg/all/function/internal_message.html?_=1655953557252&CODE_STATE=getMsg HTTP/1.1" 200 27
114.84.82.172 - - [23/Jun/2022:11:05:59 +0800] "GET /xingrg/all/function/internal_message.html?_=1655953558908&CODE_STATE=getMsg HTTP/1.1" 200 27
120.253.135.82 - - [23/Jun/2022:11:06:04 +0800] "GET /xingrg/all/function/internal_message.html?_=1655953700919&CODE_STATE=getMsg HTTP/1.1" 200 27
101.83.223.227 - - [23/Jun/2022:11:06:09 +0800] "GET /xingrg/all/function/internal_message.html?_=1655953523835&CODE_STATE=getMsg HTTP/1.1" 200 27
58.221.95.50 - - [23/Jun/2022:11:06:16 +0800] "GET /xingrg/check_reg.html?_=1655953573742 HTTP/1.1" 302 -
101.83.223.227 - - [23/Jun/2022:11:06:19 +0800] "GET /xingrg/all/function/internal_message.html?_=1655953576251&CODE_STATE=getMsg HTTP/1.1" 200 27
114.95.43.0 - - [23/Jun/2022:11:06:20 +0800] "GET /xingrg/all/function/internal_message.html?_=1655953580866&CODE_STATE=getMsg HTTP/1.1" 200 27
114.84.147.169 - - [23/Jun/2022:11:06:28 +0800] "GET /xingrg/all/function/internal_message.html?_=1655953300086&CODE_STATE=getMsg HTTP/1.1" 200 27
114.84.147.169 - - [23/Jun/2022:11:06:28 +0800] "GET /xingrg/check_reg.html?_=1655953300087 HTTP/1.1" 200 22
101.85.54.219 - - [23/Jun/2022:11:06:32 +0800] "GET /xingrg/all/function/internal_message.html?_=1655953567345&CODE_STATE=getMsg HTTP/1.1" 200 27
101.85.54.219 - - [23/Jun/2022:11:06:32 +0800] "GET /xingrg/check_reg.html?_=1655953567401 HTTP/1.1" 200 22
58.35.194.53 - - [23/Jun/2022:11:06:35 +0800] "GET /xingrg/all/function/internal_message.html?_=1655953592606&CODE_STATE=getMsg HTTP/1.1" 200 27
114.88.162.248 - - [23/Jun/2022:11:06:36 +0800] "GET /xingrg/all/function/internal_message.html?_=1655953591592&CODE_STATE=getMsg HTTP/1.1" 200 27
218.81.223.53 - - [23/Jun/2022:11:06:39 +0800] "GET /xingrg/all/function/internal_message.html?_=1655953610625&CODE_STATE=getMsg HTTP/1.1" 200 27
116.237.74.198 - - [23/Jun/2022:11:06:42 +0800] "GET /xingrg/all/function/internal_message.html?_=1655953601845&CODE_STATE=getMsg HTTP/1.1" 200 27
116.237.74.198 - - [23/Jun/2022:11:06:42 +0800] "GET /xingrg/check_reg.html?_=1655953601894 HTTP/1.1" 200 22
180.169.147.146 - - [23/Jun/2022:11:06:46 +0800] "GET /xingrg/all/function/internal_message.html?_=1655953604190&CODE_STATE=getMsg HTTP/1.1" 200 27
101.85.95.26 - - [23/Jun/2022:11:06:49 +0800] "GET /xingrg/all/function/internal_message.html?_=1655953606981&CODE_STATE=getMsg HTTP/1.1" 200 27
114.83.223.30 - - [23/Jun/2022:11:06:55 +0800] "GET /xingrg/all/function/internal_message.html?_=1655953610985&CODE_STATE=getMsg HTTP/1.1" 200 27
114.95.43.0 - - [23/Jun/2022:11:06:56 +0800] "GET /xingrg/all/function/internal_message.html?_=1655953520690&CODE_STATE=getMsg HTTP/1.1" 200 27
120.253.135.82 - - [23/Jun/2022:11:06:56 +0800] "GET /xingrg/check_reg.html?_=1655953752873 HTTP/1.1" 200 22
114.83.223.30 - - [23/Jun/2022:11:06:56 +0800] "GET /xingrg/check_reg.html?_=1655953611862 HTTP/1.1" 200 22
180.156.212.250 - - [23/Jun/2022:11:06:59 +0800] "GET /xingrg/all/function/internal_message.html?_=1655953617244&CODE_STATE=getMsg HTTP/1.1" 200 27
114.84.82.172 - - [23/Jun/2022:11:06:59 +0800] "GET /xingrg/check_reg.html?_=1655953618907 HTTP/1.1" 200 22
114.84.82.172 - - [23/Jun/2022:11:07:00 +0800] "GET /xingrg/all/function/internal_message.html?_=1655953618909&CODE_STATE=getMsg HTTP/1.1" 200 27
120.253.135.82 - - [23/Jun/2022:11:07:04 +0800] "GET /xingrg/all/function/internal_message.html?_=1655953760932&CODE_STATE=getMsg HTTP/1.1" 200 27
101.83.223.227 - - [23/Jun/2022:11:07:08 +0800] "GET /xingrg/check_reg.html?_=1655953582953 HTTP/1.1" 200 22
101.83.223.227 - - [23/Jun/2022:11:07:09 +0800] "GET /xingrg/all/function/internal_message.html?_=1655953583849&CODE_STATE=getMsg HTTP/1.1" 200 27
116.237.74.198 - - [23/Jun/2022:11:07:10 +0800] "GET /xingrg/kc/buy/cgsh_order_operate.html?command=get_materiel&rest_code=00106&code=00101005088&supplier_code=00100090&order_time=2022-06-23 HTTP/1.1" 200 415
101.83.223.227 - - [23/Jun/2022:11:07:19 +0800] "GET /xingrg/all/function/internal_message.html?_=1655953636252&CODE_STATE=getMsg HTTP/1.1" 200 27
101.83.223.227 - - [23/Jun/2022:11:07:20 +0800] "GET /xingrg/check_reg.html?_=1655953636256 HTTP/1.1" 200 22
114.95.43.0 - - [23/Jun/2022:11:07:20 +0800] "GET /xingrg/all/function/internal_message.html?_=1655953640861&CODE_STATE=getMsg HTTP/1.1" 200 27
120.253.135.82 - - [23/Jun/2022:11:07:25 +0800] "GET /xingrg/check_reg.html?_=1655953452066 HTTP/1.1" 200 22
114.84.147.169 - - [23/Jun/2022:11:07:28 +0800] "GET /xingrg/all/function/internal_message.html?_=1655953360085&CODE_STATE=getMsg HTTP/1.1" 200 27
101.85.54.219 - - [23/Jun/2022:11:07:32 +0800] "GET /xingrg/all/function/internal_message.html?_=1655953627322&CODE_STATE=getMsg HTTP/1.1" 200 27
58.35.194.53 - - [23/Jun/2022:11:07:35 +0800] "GET /xingrg/all/function/internal_message.html?_=1655953652592&CODE_STATE=getMsg HTTP/1.1" 200 27
114.88.162.248 - - [23/Jun/2022:11:07:36 +0800] "GET /xingrg/all/function/internal_message.html?_=1655953651566&CODE_STATE=getMsg HTTP/1.1" 200 27
116.237.74.198 - - [23/Jun/2022:11:07:38 +0800] "POST /xingrg/kc/buy/cgsh_order_operate.html HTTP/1.1" 200 37
218.81.223.53 - - [23/Jun/2022:11:07:39 +0800] "GET /xingrg/all/function/internal_message.html?_=1655953670638&CODE_STATE=getMsg HTTP/1.1" 200 27
116.237.74.198 - - [23/Jun/2022:11:07:40 +0800] "POST /xingrg/kc/buy/cgsh_order_operate.html HTTP/1.1" 200 4456
116.237.74.198 - - [23/Jun/2022:11:07:42 +0800] "GET /xingrg/all/function/internal_message.html?_=1655953661822&CODE_STATE=getMsg HTTP/1.1" 200 27
180.169.147.146 - - [23/Jun/2022:11:07:46 +0800] "GET /xingrg/all/function/internal_message.html?_=1655953664168&CODE_STATE=getMsg HTTP/1.1" 200 27
101.85.95.26 - - [23/Jun/2022:11:07:49 +0800] "GET /xingrg/check_reg.html?_=1655953666981 HTTP/1.1" 200 22
101.85.95.26 - - [23/Jun/2022:11:07:49 +0800] "GET /xingrg/all/function/internal_message.html?_=1655953666983&CODE_STATE=getMsg HTTP/1.1" 200 27
114.83.223.30 - - [23/Jun/2022:11:07:55 +0800] "GET /xingrg/all/function/internal_message.html?_=1655953670958&CODE_STATE=getMsg HTTP/1.1" 200 27
114.95.43.0 - - [23/Jun/2022:11:07:56 +0800] "GET /xingrg/check_reg.html?_=1655953580690 HTTP/1.1" 200 22
114.95.43.0 - - [23/Jun/2022:11:07:56 +0800] "GET /xingrg/all/function/internal_message.html?_=1655953580693&CODE_STATE=getMsg HTTP/1.1" 200 27
180.156.212.250 - - [23/Jun/2022:11:07:59 +0800] "GET /xingrg/all/function/internal_message.html?_=1655953677243&CODE_STATE=getMsg HTTP/1.1" 200 27
114.84.82.172 - - [23/Jun/2022:11:07:59 +0800] "GET /xingrg/all/function/internal_message.html?_=1655953678894&CODE_STATE=getMsg HTTP/1.1" 200 27
120.253.135.82 - - [23/Jun/2022:11:08:04 +0800] "GET /xingrg/all/function/internal_message.html?_=1655953820946&CODE_STATE=getMsg HTTP/1.1" 200 27
101.83.223.227 - - [23/Jun/2022:11:08:09 +0800] "GET /xingrg/all/function/internal_message.html?_=1655953643862&CODE_STATE=getMsg HTTP/1.1" 200 27
180.169.147.146 - - [23/Jun/2022:11:08:11 +0800] "GET /xingrg/check_reg.html?_=1655953689662 HTTP/1.1" 200 22
101.83.223.227 - - [23/Jun/2022:11:08:20 +0800] "GET /xingrg/all/function/internal_message.html?_=1655953696256&CODE_STATE=getMsg HTTP/1.1" 200 27
114.95.43.0 - - [23/Jun/2022:11:08:20 +0800] "GET /xingrg/all/function/internal_message.html?_=1655953700872&CODE_STATE=getMsg HTTP/1.1" 200 27
114.84.147.169 - - [23/Jun/2022:11:08:28 +0800] "GET /xingrg/all/function/internal_message.html?_=1655953420084&CODE_STATE=getMsg HTTP/1.1" 200 27
101.85.54.219 - - [23/Jun/2022:11:08:32 +0800] "GET /xingrg/all/function/internal_message.html?_=1655953687308&CODE_STATE=getMsg HTTP/1.1" 200 27
58.35.194.53 - - [23/Jun/2022:11:08:35 +0800] "GET /xingrg/all/function/internal_message.html?_=1655953712577&CODE_STATE=getMsg HTTP/1.1" 200 27
114.88.162.248 - - [23/Jun/2022:11:08:36 +0800] "GET /xingrg/all/function/internal_message.html?_=1655953711551&CODE_STATE=getMsg HTTP/1.1" 200 27
116.237.74.198 - - [23/Jun/2022:11:08:37 +0800] "POST /xingrg/kc/buy/cgsh_order_operate.html HTTP/1.1" 200 37
116.237.74.198 - - [23/Jun/2022:11:08:38 +0800] "POST /xingrg/kc/buy/cgsh_order_operate.html HTTP/1.1" 200 4456
218.81.223.53 - - [23/Jun/2022:11:08:39 +0800] "GET /xingrg/all/function/internal_message.html?_=1655953730835&CODE_STATE=getMsg HTTP/1.1" 200 27
116.237.74.198 - - [23/Jun/2022:11:08:42 +0800] "GET /xingrg/all/function/internal_message.html?_=1655953721797&CODE_STATE=getMsg HTTP/1.1" 200 27
180.169.147.146 - - [23/Jun/2022:11:08:46 +0800] "GET /xingrg/all/function/internal_message.html?_=1655953724154&CODE_STATE=getMsg HTTP/1.1" 200 27
101.85.95.26 - - [23/Jun/2022:11:08:49 +0800] "GET /xingrg/all/function/internal_message.html?_=1655953726983&CODE_STATE=getMsg HTTP/1.1" 200 27
114.83.223.30 - - [23/Jun/2022:11:08:55 +0800] "GET /xingrg/all/function/internal_message.html?_=1655953730953&CODE_STATE=getMsg HTTP/1.1" 200 27
114.95.43.0 - - [23/Jun/2022:11:08:56 +0800] "GET /xingrg/all/function/internal_message.html?_=1655953640694&CODE_STATE=getMsg HTTP/1.1" 200 27
180.156.212.250 - - [23/Jun/2022:11:08:59 +0800] "GET /xingrg/all/function/internal_message.html?_=1655953737240&CODE_STATE=getMsg HTTP/1.1" 200 27
114.84.82.172 - - [23/Jun/2022:11:08:59 +0800] "GET /xingrg/all/function/internal_message.html?_=1655953738909&CODE_STATE=getMsg HTTP/1.1" 200 27
120.253.135.82 - - [23/Jun/2022:11:09:04 +0800] "GET /xingrg/all/function/internal_message.html?_=1655953881054&CODE_STATE=getMsg HTTP/1.1" 200 27
101.83.223.227 - - [23/Jun/2022:11:09:09 +0800] "GET /xingrg/all/function/internal_message.html?_=1655953703876&CODE_STATE=getMsg HTTP/1.1" 200 27
101.83.223.227 - - [23/Jun/2022:11:09:20 +0800] "GET /xingrg/all/function/internal_message.html?_=1655953756283&CODE_STATE=getMsg HTTP/1.1" 200 27
114.95.43.0 - - [23/Jun/2022:11:09:20 +0800] "GET /xingrg/all/function/internal_message.html?_=1655953760867&CODE_STATE=getMsg HTTP/1.1" 200 27
114.84.147.169 - - [23/Jun/2022:11:09:28 +0800] "GET /xingrg/all/function/internal_message.html?_=1655953480111&CODE_STATE=getMsg HTTP/1.1" 200 27
101.85.54.219 - - [23/Jun/2022:11:09:32 +0800] "GET /xingrg/all/function/internal_message.html?_=1655953747300&CODE_STATE=getMsg HTTP/1.1" 200 27
58.35.194.53 - - [23/Jun/2022:11:09:35 +0800] "GET /xingrg/all/function/internal_message.html?_=1655953772550&CODE_STATE=getMsg HTTP/1.1" 200 27
114.88.162.248 - - [23/Jun/2022:11:09:35 +0800] "GET /xingrg/all/function/internal_message.html?_=1655953771521&CODE_STATE=getMsg HTTP/1.1" 200 27
218.81.223.53 - - [23/Jun/2022:11:09:39 +0800] "GET /xingrg/all/function/internal_message.html?_=1655953790837&CODE_STATE=getMsg HTTP/1.1" 200 27
116.237.74.198 - - [23/Jun/2022:11:09:42 +0800] "GET /xingrg/all/function/internal_message.html?_=1655953781769&CODE_STATE=getMsg HTTP/1.1" 200 27
180.169.147.146 - - [23/Jun/2022:11:09:46 +0800] "GET /xingrg/all/function/internal_message.html?_=1655953784141&CODE_STATE=getMsg HTTP/1.1" 200 27
101.85.95.26 - - [23/Jun/2022:11:09:49 +0800] "GET /xingrg/all/function/internal_message.html?_=1655953786983&CODE_STATE=getMsg HTTP/1.1" 200 27
114.83.223.30 - - [23/Jun/2022:11:09:55 +0800] "GET /xingrg/all/function/internal_message.html?_=1655953790942&CODE_STATE=getMsg HTTP/1.1" 200 27
114.95.43.0 - - [23/Jun/2022:11:09:56 +0800] "GET /xingrg/all/function/internal_message.html?_=1655953700679&CODE_STATE=getMsg HTTP/1.1" 200 27
180.156.212.250 - - [23/Jun/2022:11:09:59 +0800] "GET /xingrg/all/function/internal_message.html?_=1655953797253&CODE_STATE=getMsg HTTP/1.1" 200 27
114.84.82.172 - - [23/Jun/2022:11:09:59 +0800] "GET /xingrg/all/function/internal_message.html?_=1655953798909&CODE_STATE=getMsg HTTP/1.1" 200 27
114.95.43.0 - - [23/Jun/2022:11:10:00 +0800] "GET /xingrg/check_reg.html?_=1655953801023 HTTP/1.1" 200 22
114.88.162.248 - - [23/Jun/2022:11:10:01 +0800] "GET /xingrg/check_reg.html?_=1655953796750 HTTP/1.1" 200 22
120.253.135.82 - - [23/Jun/2022:11:10:04 +0800] "GET /xingrg/all/function/internal_message.html?_=1655953941066&CODE_STATE=getMsg HTTP/1.1" 200 27
101.83.223.227 - - [23/Jun/2022:11:10:09 +0800] "GET /xingrg/all/function/internal_message.html?_=1655953763896&CODE_STATE=getMsg HTTP/1.1" 200 27
101.85.54.219 - - [23/Jun/2022:11:10:17 +0800] "POST /xingrg/kc/buy/cgsh_list_operate.html HTTP/1.1" 200 2408
101.83.223.227 - - [23/Jun/2022:11:10:20 +0800] "GET /xingrg/all/function/internal_message.html?_=1655953816284&CODE_STATE=getMsg HTTP/1.1" 200 27
114.95.43.0 - - [23/Jun/2022:11:10:20 +0800] "GET /xingrg/all/function/internal_message.html?_=1655953820869&CODE_STATE=getMsg HTTP/1.1" 200 27
114.84.147.169 - - [23/Jun/2022:11:10:28 +0800] "GET /xingrg/all/function/internal_message.html?_=1655953540110&CODE_STATE=getMsg HTTP/1.1" 200 27
101.85.54.219 - - [23/Jun/2022:11:10:32 +0800] "GET /xingrg/all/function/internal_message.html?_=1655953807327&CODE_STATE=getMsg HTTP/1.1" 200 27
101.85.54.219 - - [23/Jun/2022:11:10:32 +0800] "POST /xingrg/kc/buy/cgsh_list_operate.html HTTP/1.1" 200 4
58.35.194.53 - - [23/Jun/2022:11:10:35 +0800] "GET /xingrg/all/function/internal_message.html?_=1655953832519&CODE_STATE=getMsg HTTP/1.1" 200 27
114.88.162.248 - - [23/Jun/2022:11:10:35 +0800] "GET /xingrg/all/function/internal_message.html?_=1655953831497&CODE_STATE=getMsg HTTP/1.1" 200 27
218.81.223.53 - - [23/Jun/2022:11:10:38 +0800] "GET /xingrg/check_reg.html?_=1655953850597 HTTP/1.1" 200 22
218.81.223.53 - - [23/Jun/2022:11:10:39 +0800] "GET /xingrg/all/function/internal_message.html?_=1655953850851&CODE_STATE=getMsg HTTP/1.1" 200 27
116.237.74.198 - - [23/Jun/2022:11:10:42 +0800] "GET /xingrg/all/function/internal_message.html?_=1655953841754&CODE_STATE=getMsg HTTP/1.1" 200 27
180.169.147.146 - - [23/Jun/2022:11:10:46 +0800] "GET /xingrg/all/function/internal_message.html?_=1655953844117&CODE_STATE=getMsg HTTP/1.1" 200 27
101.85.95.26 - - [23/Jun/2022:11:10:49 +0800] "GET /xingrg/all/function/internal_message.html?_=1655953846984&CODE_STATE=getMsg HTTP/1.1" 200 27
114.83.223.30 - - [23/Jun/2022:11:10:55 +0800] "GET /xingrg/all/function/internal_message.html?_=1655953850926&CODE_STATE=getMsg HTTP/1.1" 200 27
114.95.43.0 - - [23/Jun/2022:11:10:56 +0800] "GET /xingrg/all/function/internal_message.html?_=1655953760680&CODE_STATE=getMsg HTTP/1.1" 200 27
58.35.194.53 - - [23/Jun/2022:11:10:57 +0800] "GET /xingrg/check_reg.html?_=1655953854739 HTTP/1.1" 200 22
180.156.212.250 - - [23/Jun/2022:11:10:59 +0800] "GET /xingrg/check_reg.html?_=1655953857251 HTTP/1.1" 200 22
180.156.212.250 - - [23/Jun/2022:11:10:59 +0800] "GET /xingrg/all/function/internal_message.html?_=1655953857255&CODE_STATE=getMsg HTTP/1.1" 200 27
114.84.82.172 - - [23/Jun/2022:11:10:59 +0800] "GET /xingrg/all/function/internal_message.html?_=1655953858908&CODE_STATE=getMsg HTTP/1.1" 200 27
120.253.135.82 - - [23/Jun/2022:11:11:04 +0800] "GET /xingrg/all/function/internal_message.html?_=1655954001160&CODE_STATE=getMsg HTTP/1.1" 200 27
116.237.74.198 - - [23/Jun/2022:11:11:08 +0800] "GET /xingrg/kc/buy/buy_main.html HTTP/1.1" 200 12412
116.237.74.198 - - [23/Jun/2022:11:11:08 +0800] "GET /xingrg/css/new_ie.css HTTP/1.1" 404 1036
116.237.74.198 - - [23/Jun/2022:11:11:09 +0800] "GET /xingrg/images/yd/bt.gif HTTP/1.1" 404 1040
101.83.223.227 - - [23/Jun/2022:11:11:09 +0800] "GET /xingrg/all/function/internal_message.html?_=1655953823903&CODE_STATE=getMsg HTTP/1.1" 200 27
116.237.74.198 - - [23/Jun/2022:11:11:10 +0800] "GET /xingrg/kc/buy/cgsh_order_list.html HTTP/1.1" 200 51962
116.237.74.198 - - [23/Jun/2022:11:11:12 +0800] "POST /xingrg/kc/buy/cgsh_list_operate.html HTTP/1.1" 200 3608
58.35.194.53 - - [23/Jun/2022:11:11:14 +0800] "GET /xingrg/kc/mdqp/qqps_order_list.html HTTP/1.1" 200 10462
58.35.194.53 - - [23/Jun/2022:11:11:14 +0800] "GET /xingrg/dwr/interface/AjaxQqpsService.js HTTP/1.1" 200 16326
58.35.194.53 - - [23/Jun/2022:11:11:14 +0800] "GET /xingrg/dwr/engine.js HTTP/1.1" 200 43631
58.35.194.53 - - [23/Jun/2022:11:11:14 +0800] "GET /xingrg/dwr/interface/AjaxReportQueryService.js HTTP/1.1" 200 13203
58.221.95.50 - - [23/Jun/2022:11:11:16 +0800] "GET /xingrg/check_reg.html?_=1655953873767 HTTP/1.1" 302 -
58.35.194.53 - - [23/Jun/2022:11:11:18 +0800] "GET /xingrg/kc/mdqp/qqps_order_info.html?code=302022062300241 HTTP/1.1" 200 28317
58.35.194.53 - - [23/Jun/2022:11:11:18 +0800] "GET /xingrg/dwr/interface/AjaxQqpsService.js HTTP/1.1" 200 16326
58.35.194.53 - - [23/Jun/2022:11:11:18 +0800] "GET /xingrg/dwr/interface/AjaxComOrderService.js HTTP/1.1" 200 18264
58.35.194.53 - - [23/Jun/2022:11:11:18 +0800] "GET /xingrg/dwr/engine.js HTTP/1.1" 200 43631
58.35.194.53 - - [23/Jun/2022:11:11:18 +0800] "GET /xingrg/words/20220623090851_words.js HTTP/1.1" 304 -
58.35.194.53 - - [23/Jun/2022:11:11:19 +0800] "POST /xingrg/dwr/call/plaincall/AjaxQqpsService.loadMaterielItems.dwr HTTP/1.1" 200 345
101.83.223.227 - - [23/Jun/2022:11:11:20 +0800] "GET /xingrg/all/function/internal_message.html?_=1655953876284&CODE_STATE=getMsg HTTP/1.1" 200 27
114.95.43.0 - - [23/Jun/2022:11:11:20 +0800] "GET /xingrg/all/function/internal_message.html?_=1655953880869&CODE_STATE=getMsg HTTP/1.1" 200 27
114.84.147.169 - - [23/Jun/2022:11:11:28 +0800] "GET /xingrg/all/function/internal_message.html?_=1655953600107&CODE_STATE=getMsg HTTP/1.1" 200 27
114.84.147.169 - - [23/Jun/2022:11:11:28 +0800] "GET /xingrg/check_reg.html?_=1655953600109 HTTP/1.1" 200 22
58.35.194.53 - - [23/Jun/2022:11:11:35 +0800] "GET /xingrg/all/function/internal_message.html?_=1655953892499&CODE_STATE=getMsg HTTP/1.1" 200 27
114.88.162.248 - - [23/Jun/2022:11:11:35 +0800] "GET /xingrg/all/function/internal_message.html?_=1655953891467&CODE_STATE=getMsg HTTP/1.1" 200 27
218.81.223.53 - - [23/Jun/2022:11:11:39 +0800] "GET /xingrg/all/function/internal_message.html?_=1655953910864&CODE_STATE=getMsg HTTP/1.1" 200 27
116.237.74.198 - - [23/Jun/2022:11:11:42 +0800] "GET /xingrg/all/function/internal_message.html?_=1655953901761&CODE_STATE=getMsg HTTP/1.1" 200 27
116.237.74.198 - - [23/Jun/2022:11:11:42 +0800] "GET /xingrg/check_reg.html?_=1655953901888 HTTP/1.1" 200 22
180.169.147.146 - - [23/Jun/2022:11:11:46 +0800] "GET /xingrg/all/function/internal_message.html?_=1655953904095&CODE_STATE=getMsg HTTP/1.1" 200 27
101.85.95.26 - - [23/Jun/2022:11:11:49 +0800] "GET /xingrg/all/function/internal_message.html?_=1655953906984&CODE_STATE=getMsg HTTP/1.1" 200 27
114.83.223.30 - - [23/Jun/2022:11:11:55 +0800] "GET /xingrg/all/function/internal_message.html?_=1655953910904&CODE_STATE=getMsg HTTP/1.1" 200 27
114.95.43.0 - - [23/Jun/2022:11:11:56 +0800] "GET /xingrg/all/function/internal_message.html?_=1655953820681&CODE_STATE=getMsg HTTP/1.1" 200 27
120.253.135.82 - - [23/Jun/2022:11:11:56 +0800] "GET /xingrg/check_reg.html?_=1655954052873 HTTP/1.1" 200 22
114.83.223.30 - - [23/Jun/2022:11:11:56 +0800] "GET /xingrg/check_reg.html?_=1655953911888 HTTP/1.1" 200 22
180.156.212.250 - - [23/Jun/2022:11:11:59 +0800] "GET /xingrg/all/function/internal_message.html?_=1655953917249&CODE_STATE=getMsg HTTP/1.1" 200 27
114.84.82.172 - - [23/Jun/2022:11:11:59 +0800] "GET /xingrg/check_reg.html?_=1655953918907 HTTP/1.1" 200 22
114.84.82.172 - - [23/Jun/2022:11:12:00 +0800] "GET /xingrg/all/function/internal_message.html?_=1655953918909&CODE_STATE=getMsg HTTP/1.1" 200 27
120.253.135.82 - - [23/Jun/2022:11:12:04 +0800] "GET /xingrg/all/function/internal_message.html?_=1655954061172&CODE_STATE=getMsg HTTP/1.1" 200 27
101.83.223.227 - - [23/Jun/2022:11:12:09 +0800] "GET /xingrg/check_reg.html?_=1655953882963 HTTP/1.1" 200 22
101.83.223.227 - - [23/Jun/2022:11:12:09 +0800] "GET /xingrg/all/function/internal_message.html?_=1655953883916&CODE_STATE=getMsg HTTP/1.1" 200 27
172.20.0.100 - - [23/Jun/2022:11:12:17 +0800] "GET /xingrg/login.html HTTP/1.1" 200 7636
172.20.0.100 - - [23/Jun/2022:11:12:19 +0800] "GET /favicon.ico HTTP/1.1" 404 -
101.83.223.227 - - [23/Jun/2022:11:12:20 +0800] "GET /xingrg/check_reg.html?_=1655953936294 HTTP/1.1" 200 22
101.83.223.227 - - [23/Jun/2022:11:12:20 +0800] "GET /xingrg/all/function/internal_message.html?_=1655953936296&CODE_STATE=getMsg HTTP/1.1" 200 27
114.95.43.0 - - [23/Jun/2022:11:12:20 +0800] "GET /xingrg/all/function/internal_message.html?_=1655953940867&CODE_STATE=getMsg HTTP/1.1" 200 27
172.20.0.100 - - [23/Jun/2022:11:12:24 +0800] "POST /xingrg/login.do HTTP/1.1" 302 -
172.20.0.100 - - [23/Jun/2022:11:12:24 +0800] "GET /xingrg/index.html?sysBaseUrl=http%3A%2F%2F172.20.0.8%3A18081%2Fxingrg%2F&costTime=41×tamp=1655953944253 HTTP/1.1" 200 17448
172.20.0.100 - - [23/Jun/2022:11:12:24 +0800] "GET /favicon.ico HTTP/1.1" 404 -
172.20.0.100 - - [23/Jun/2022:11:12:24 +0800] "POST /xingrg/all/common/load_tree.html?tree=area_rest_tree_json&manage=1 HTTP/1.1" 200 3472
172.20.0.100 - - [23/Jun/2022:11:12:24 +0800] "GET /xingrg/check_reg.html?_=1655953944027 HTTP/1.1" 200 22
172.20.0.100 - - [23/Jun/2022:11:12:24 +0800] "GET /xingrg/all/function/internal_message.html?_=1655953944025&CODE_STATE=count HTTP/1.1" 200 11
172.20.0.100 - - [23/Jun/2022:11:12:24 +0800] "POST /xingrg/load_menu.html HTTP/1.1" 200 11529
114.84.147.169 - - [23/Jun/2022:11:12:28 +0800] "GET /xingrg/all/function/internal_message.html?_=1655953660107&CODE_STATE=getMsg HTTP/1.1" 200 27
172.20.0.100 - - [23/Jun/2022:11:12:28 +0800] "GET /xingrg/images/control/ajaxLoader.gif HTTP/1.1" 200 4659
172.20.0.100 - - [23/Jun/2022:11:12:28 +0800] "POST /xingrg/all/user/operate.html HTTP/1.1" 200 36
172.20.0.100 - - [23/Jun/2022:11:12:29 +0800] "GET /xingrg/index.html?sysBaseUrl=http%3A%2F%2F172.20.0.8%3A18081%2Fxingrg%2F&costTime=41×tamp=1655953944253 HTTP/1.1" 200 17448
172.20.0.100 - - [23/Jun/2022:11:12:29 +0800] "GET /xingrg/javascript/jquery_easy_ui/themes/default/easyui.css HTTP/1.1" 304 -
172.20.0.100 - - [23/Jun/2022:11:12:29 +0800] "GET /xingrg/javascript/jquery_easy_ui/themes/icon.css HTTP/1.1" 304 -
172.20.0.100 - - [23/Jun/2022:11:12:29 +0800] "GET /xingrg/css/form.css HTTP/1.1" 304 -
172.20.0.100 - - [23/Jun/2022:11:12:29 +0800] "GET /xingrg/javascript/jquery-1.4.2.min.js HTTP/1.1" 304 -
172.20.0.100 - - [23/Jun/2022:11:12:29 +0800] "GET /xingrg/javascript/jquery_easy_ui/jquery.easyui.min.js HTTP/1.1" 304 -
172.20.0.100 - - [23/Jun/2022:11:12:29 +0800] "GET /xingrg/javascript/jquery_easy_ui/easyui-lang-zh_CN.js HTTP/1.1" 304 -
172.20.0.100 - - [23/Jun/2022:11:12:29 +0800] "GET /xingrg/javascript/jquery.form.js HTTP/1.1" 304 -
172.20.0.100 - - [23/Jun/2022:11:12:29 +0800] "GET /xingrg/javascript/jquery.utils.js HTTP/1.1" 304 -
172.20.0.100 - - [23/Jun/2022:11:12:29 +0800] "GET /xingrg/javascript/jquery.timers.js HTTP/1.1" 304 -
172.20.0.100 - - [23/Jun/2022:11:12:29 +0800] "GET /xingrg/images/blue/jxLogo.png HTTP/1.1" 304 -
172.20.0.100 - - [23/Jun/2022:11:12:29 +0800] "GET /xingrg/javascript/jquery_easy_ui/themes/icons/settle_new.png HTTP/1.1" 304 -
172.20.0.100 - - [23/Jun/2022:11:12:29 +0800] "GET /xingrg/images/blue/navBackgound.jpg HTTP/1.1" 304 -
172.20.0.100 - - [23/Jun/2022:11:12:29 +0800] "POST /xingrg/all/common/load_tree.html?tree=area_rest_tree_json&manage=1 HTTP/1.1" 200 3472
172.20.0.100 - - [23/Jun/2022:11:12:29 +0800] "GET /xingrg/all/function/internal_message.html?_=1655953948762&CODE_STATE=count HTTP/1.1" 200 11
172.20.0.100 - - [23/Jun/2022:11:12:29 +0800] "GET /xingrg/check_reg.html?_=1655953948763 HTTP/1.1" 200 22
172.20.0.100 - - [23/Jun/2022:11:12:29 +0800] "GET /xingrg/javascript/jquery_easy_ui/themes/default/images/tabs_rightarrow.png HTTP/1.1" 304 -
172.20.0.100 - - [23/Jun/2022:11:12:29 +0800] "GET /xingrg/javascript/jquery_easy_ui/themes/default/images/panel_tool_collapse.gif HTTP/1.1" 304 -
172.20.0.100 - - [23/Jun/2022:11:12:29 +0800] "GET /xingrg/javascript/jquery_easy_ui/themes/default/images/panel_tool_expand.gif HTTP/1.1" 304 -
172.20.0.100 - - [23/Jun/2022:11:12:29 +0800] "GET /xingrg/javascript/jquery_easy_ui/themes/default/images/tabs_leftarrow.png HTTP/1.1" 304 -
172.20.0.100 - - [23/Jun/2022:11:12:29 +0800] "GET /xingrg/images/blue/pingpu.png HTTP/1.1" 304 -
172.20.0.100 - - [23/Jun/2022:11:12:29 +0800] "POST /xingrg/load_menu.html HTTP/1.1" 200 9924
172.20.0.100 - - [23/Jun/2022:11:12:31 +0800] "GET /xingrg/kc/buy/cgsh_order_list.html HTTP/1.1" 200 52197
172.20.0.100 - - [23/Jun/2022:11:12:31 +0800] "GET /xingrg/css/base.css HTTP/1.1" 200 2811
172.20.0.100 - - [23/Jun/2022:11:12:31 +0800] "GET /xingrg/css/site.css HTTP/1.1" 200 7541
172.20.0.100 - - [23/Jun/2022:11:12:31 +0800] "GET /xingrg/javascript/jquery_tools/datebox.css HTTP/1.1" 200 2597
172.20.0.100 - - [23/Jun/2022:11:12:31 +0800] "GET /xingrg/javascript/easyui/themes/default/easyui.css HTTP/1.1" 200 30432
172.20.0.100 - - [23/Jun/2022:11:12:31 +0800] "GET /xingrg/javascript/easyui/themes/icon.css HTTP/1.1" 200 4483
172.20.0.100 - - [23/Jun/2022:11:12:31 +0800] "GET /xingrg/javascript/jquery_tools/fix.css HTTP/1.1" 200 1702
172.20.0.100 - - [23/Jun/2022:11:12:31 +0800] "GET /xingrg/javascript/jquery_tools/jquery.tools.min.js HTTP/1.1" 200 138801
172.20.0.100 - - [23/Jun/2022:11:12:31 +0800] "GET /xingrg/javascript/auto/jquery.autocomplete.css HTTP/1.1" 200 587
172.20.0.100 - - [23/Jun/2022:11:12:31 +0800] "GET /xingrg/javascript/jquery_tools/table.css HTTP/1.1" 200 1032
172.20.0.100 - - [23/Jun/2022:11:12:31 +0800] "GET /xingrg/javascript/jquery_tools/jquery.tools.extend.js HTTP/1.1" 200 15385
172.20.0.100 - - [23/Jun/2022:11:12:31 +0800] "GET /xingrg/javascript/jquery_tools/jquery.tools.hotkey.js HTTP/1.1" 200 3242
172.20.0.100 - - [23/Jun/2022:11:12:31 +0800] "GET /xingrg/javascript/jquery_tools/list_manager.js HTTP/1.1" 200 3652
172.20.0.100 - - [23/Jun/2022:11:12:31 +0800] "GET /xingrg/javascript/jquery_tools/jquery.tools.table.js HTTP/1.1" 200 6994
172.20.0.100 - - [23/Jun/2022:11:12:31 +0800] "GET /xingrg/javascript/auto/jquery.autocomplete.js HTTP/1.1" 200 21624
172.20.0.100 - - [23/Jun/2022:11:12:31 +0800] "GET /xingrg/javascript/easyui/easyloader.js HTTP/1.1" 200 5975
172.20.0.100 - - [23/Jun/2022:11:12:31 +0800] "GET /xingrg/javascript/jquery.cookie.js HTTP/1.1" 200 5513
172.20.0.100 - - [23/Jun/2022:11:12:31 +0800] "GET /xingrg/javascript/print/LodopFuncs.js HTTP/1.1" 200 5121
172.20.0.100 - - [23/Jun/2022:11:12:32 +0800] "GET /xingrg/javascript/easyui/themes/icons/field_new.png HTTP/1.1" 200 1097
172.20.0.100 - - [23/Jun/2022:11:12:32 +0800] "GET /xingrg/javascript/easyui/themes/icons/uncheck_new.png HTTP/1.1" 200 3197
172.20.0.100 - - [23/Jun/2022:11:12:32 +0800] "GET /xingrg/javascript/easyui/themes/icons/import_new.png HTTP/1.1" 200 1247
172.20.0.100 - - [23/Jun/2022:11:12:32 +0800] "GET /xingrg/javascript/easyui/themes/icons/cance_new.png HTTP/1.1" 200 3986
172.20.0.100 - - [23/Jun/2022:11:12:32 +0800] "GET /xingrg/javascript/easyui/themes/icons/edit_add_new.png HTTP/1.1" 200 2997
172.20.0.100 - - [23/Jun/2022:11:12:32 +0800] "GET /xingrg/javascript/easyui/themes/icons/check_new.png HTTP/1.1" 200 3224
172.20.0.100 - - [23/Jun/2022:11:12:32 +0800] "GET /xingrg/javascript/easyui/plugins/jquery.parser.js HTTP/1.1" 200 1142
172.20.0.100 - - [23/Jun/2022:11:12:34 +0800] "POST /xingrg/kc/buy/cgsh_list_operate.html HTTP/1.1" 200 2063
58.35.194.53 - - [23/Jun/2022:11:12:35 +0800] "GET /xingrg/all/function/internal_message.html?_=1655953952468&CODE_STATE=getMsg HTTP/1.1" 200 27
114.88.162.248 - - [23/Jun/2022:11:12:35 +0800] "GET /xingrg/all/function/internal_message.html?_=1655953951438&CODE_STATE=getMsg HTTP/1.1" 200 27
172.20.0.100 - - [23/Jun/2022:11:12:38 +0800] "GET /xingrg/javascript/auto/indicator.gif HTTP/1.1" 404 1066
218.81.223.53 - - [23/Jun/2022:11:12:39 +0800] "GET /xingrg/all/function/internal_message.html?_=1655953970877&CODE_STATE=getMsg HTTP/1.1" 200 27
116.237.74.198 - - [23/Jun/2022:11:12:42 +0800] "GET /xingrg/all/function/internal_message.html?_=1655953961731&CODE_STATE=getMsg HTTP/1.1" 200 27
172.20.0.100 - - [23/Jun/2022:11:12:45 +0800] "POST /xingrg/kc/buy/cgsh_list_operate.html HTTP/1.1" 200 693
180.169.147.146 - - [23/Jun/2022:11:12:46 +0800] "GET /xingrg/all/function/internal_message.html?_=1655953964073&CODE_STATE=getMsg HTTP/1.1" 200 27
101.85.95.26 - - [23/Jun/2022:11:12:49 +0800] "GET /xingrg/check_reg.html?_=1655953966985 HTTP/1.1" 200 22
101.85.95.26 - - [23/Jun/2022:11:12:49 +0800] "GET /xingrg/all/function/internal_message.html?_=1655953967013&CODE_STATE=getMsg HTTP/1.1" 200 27
172.20.0.100 - - [23/Jun/2022:11:12:49 +0800] "POST /xingrg/kc/buy/cgsh_list_operate.html HTTP/1.1" 200 693
114.83.223.30 - - [23/Jun/2022:11:12:55 +0800] "GET /xingrg/all/function/internal_message.html?_=1655953970879&CODE_STATE=getMsg HTTP/1.1" 200 27
114.95.43.0 - - [23/Jun/2022:11:12:56 +0800] "GET /xingrg/all/function/internal_message.html?_=1655953880680&CODE_STATE=getMsg HTTP/1.1" 200 27
114.95.43.0 - - [23/Jun/2022:11:12:56 +0800] "GET /xingrg/check_reg.html?_=1655953880683 HTTP/1.1" 200 22
180.156.212.250 - - [23/Jun/2022:11:12:59 +0800] "GET /xingrg/all/function/internal_message.html?_=1655953977247&CODE_STATE=getMsg HTTP/1.1" 200 27
101.85.54.219 - - [23/Jun/2022:11:12:59 +0800] "POST /xingrg/kc/buy/cgsh_list_operate.html HTTP/1.1" 200 693
114.84.82.172 - - [23/Jun/2022:11:12:59 +0800] "GET /xingrg/all/function/internal_message.html?_=1655953978908&CODE_STATE=getMsg HTTP/1.1" 200 27
101.85.54.219 - - [23/Jun/2022:11:13:00 +0800] "GET /xingrg/kc/buy/cgsh_order_add.html HTTP/1.1" 200 66939
101.85.54.219 - - [23/Jun/2022:11:13:00 +0800] "GET /xingrg/words/20220623090851_words.js HTTP/1.1" 304 -
101.85.54.219 - - [23/Jun/2022:11:13:01 +0800] "POST /xingrg/kc/buy/cgsh_order_operate.html HTTP/1.1" 200 8245
101.85.54.219 - - [23/Jun/2022:11:13:01 +0800] "GET /xingrg/javascript/easyui/themes/default/validatebox.css HTTP/1.1" 404 1104
120.253.135.82 - - [23/Jun/2022:11:13:04 +0800] "GET /xingrg/all/function/internal_message.html?_=1655954121185&CODE_STATE=getMsg HTTP/1.1" 200 27
101.83.223.227 - - [23/Jun/2022:11:13:09 +0800] "GET /xingrg/all/function/internal_message.html?_=1655953943930&CODE_STATE=getMsg HTTP/1.1" 200 27
180.169.147.146 - - [23/Jun/2022:11:13:11 +0800] "GET /xingrg/check_reg.html?_=1655953989665 HTTP/1.1" 200 22
101.83.223.227 - - [23/Jun/2022:11:13:20 +0800] "GET /xingrg/all/function/internal_message.html?_=1655953996281&CODE_STATE=getMsg HTTP/1.1" 200 27
114.95.43.0 - - [23/Jun/2022:11:13:20 +0800] "GET /xingrg/all/function/internal_message.html?_=1655954000889&CODE_STATE=getMsg HTTP/1.1" 200 27
114.84.147.169 - - [23/Jun/2022:11:13:28 +0800] "GET /xingrg/all/function/internal_message.html?_=1655953720106&CODE_STATE=getMsg HTTP/1.1" 200 27
172.20.0.100 - - [23/Jun/2022:11:13:29 +0800] "GET /xingrg/all/function/internal_message.html?_=1655954008777&CODE_STATE=getMsg HTTP/1.1" 200 27
116.237.74.198 - - [23/Jun/2022:11:13:31 +0800] "POST /xingrg/kc/buy/cgsh_list_operate.html HTTP/1.1" 200 3608
101.85.54.219 - - [23/Jun/2022:11:13:32 +0800] "GET /xingrg/all/function/internal_message.html?_=1655953987291&CODE_STATE=getMsg HTTP/1.1" 200 27
116.237.74.198 - - [23/Jun/2022:11:13:32 +0800] "GET /xingrg/kc/buy/buy_main.html HTTP/1.1" 200 12412
116.237.74.198 - - [23/Jun/2022:11:13:32 +0800] "GET /xingrg/css/new_ie.css HTTP/1.1" 404 1036
116.237.74.198 - - [23/Jun/2022:11:13:33 +0800] "GET /xingrg/images/yd/bt.gif HTTP/1.1" 404 1040
116.237.74.198 - - [23/Jun/2022:11:13:34 +0800] "GET /xingrg/kc/buy/cgsh_order_list.html HTTP/1.1" 200 51962
58.35.194.53 - - [23/Jun/2022:11:13:35 +0800] "GET /xingrg/all/function/internal_message.html?_=1655954012453&CODE_STATE=getMsg HTTP/1.1" 200 27
114.88.162.248 - - [23/Jun/2022:11:13:35 +0800] "GET /xingrg/all/function/internal_message.html?_=1655954011409&CODE_STATE=getMsg HTTP/1.1" 200 27
116.237.74.198 - - [23/Jun/2022:11:13:36 +0800] "POST /xingrg/kc/buy/cgsh_list_operate.html HTTP/1.1" 200 3608
218.81.223.53 - - [23/Jun/2022:11:13:39 +0800] "GET /xingrg/all/function/internal_message.html?_=1655954031074&CODE_STATE=getMsg HTTP/1.1" 200 27
116.237.74.198 - - [23/Jun/2022:11:13:42 +0800] "GET /xingrg/all/function/internal_message.html?_=1655954021731&CODE_STATE=getMsg HTTP/1.1" 200 27
116.237.74.198 - - [23/Jun/2022:11:13:43 +0800] "POST /xingrg/kc/buy/cgsh_list_operate.html HTTP/1.1" 200 349
116.237.74.198 - - [23/Jun/2022:11:13:44 +0800] "GET /xingrg/kc/buy/cgsh_order_info.html?code=212022062302793 HTTP/1.1" 200 67788
116.237.74.198 - - [23/Jun/2022:11:13:44 +0800] "GET /xingrg/words/20220623090851_words.js HTTP/1.1" 304 -
116.237.74.198 - - [23/Jun/2022:11:13:44 +0800] "GET /xingrg/javascript/easyui/themes/default/validatebox.css HTTP/1.1" 404 1104
116.237.74.198 - - [23/Jun/2022:11:13:45 +0800] "POST /xingrg/kc/buy/cgsh_order_operate.html HTTP/1.1" 200 3843
180.169.147.146 - - [23/Jun/2022:11:13:46 +0800] "GET /xingrg/all/function/internal_message.html?_=1655954024073&CODE_STATE=getMsg HTTP/1.1" 200 27
116.237.74.198 - - [23/Jun/2022:11:13:48 +0800] "GET /xingrg/kc/buy/buy_main.html HTTP/1.1" 200 12412
116.237.74.198 - - [23/Jun/2022:11:13:48 +0800] "GET /xingrg/css/new_ie.css HTTP/1.1" 404 1036
101.85.95.26 - - [23/Jun/2022:11:13:49 +0800] "GET /xingrg/all/function/internal_message.html?_=1655954027013&CODE_STATE=getMsg HTTP/1.1" 200 27
114.83.223.30 - - [23/Jun/2022:11:13:55 +0800] "GET /xingrg/all/function/internal_message.html?_=1655954030863&CODE_STATE=getMsg HTTP/1.1" 200 27
114.95.43.0 - - [23/Jun/2022:11:13:56 +0800] "GET /xingrg/all/function/internal_message.html?_=1655953940684&CODE_STATE=getMsg HTTP/1.1" 200 27
180.156.212.250 - - [23/Jun/2022:11:13:59 +0800] "GET /xingrg/all/function/internal_message.html?_=1655954037245&CODE_STATE=getMsg HTTP/1.1" 200 27
114.84.82.172 - - [23/Jun/2022:11:13:59 +0800] "GET /xingrg/all/function/internal_message.html?_=1655954038907&CODE_STATE=getMsg HTTP/1.1" 200 27
120.253.135.82 - - [23/Jun/2022:11:14:04 +0800] "GET /xingrg/all/function/internal_message.html?_=1655954181198&CODE_STATE=getMsg HTTP/1.1" 200 27
101.85.54.219 - - [23/Jun/2022:11:14:06 +0800] "GET /xingrg/kc/buy/cgsh_order_operate.html?command=get_materiel&rest_code=00145&code=00101001111&supplier_code=00100185&order_time=2022-06-14 HTTP/1.1" 200 409
101.83.223.227 - - [23/Jun/2022:11:14:09 +0800] "GET /xingrg/all/function/internal_message.html?_=1655954003945&CODE_STATE=getMsg HTTP/1.1" 200 27
172.20.0.100 - - [23/Jun/2022:11:14:14 +0800] "GET /xingrg/javascript/easyui/themes/default/images/button_plain_hover.png HTTP/1.1" 200 144
172.20.0.100 - - [23/Jun/2022:11:14:15 +0800] "GET /xingrg/kc/buy/cgsh_order_add.html HTTP/1.1" 200 67659
172.20.0.100 - - [23/Jun/2022:11:14:15 +0800] "GET /xingrg/javascript/jquery_tools/order_manager.js HTTP/1.1" 200 11183
172.20.0.100 - - [23/Jun/2022:11:14:15 +0800] "GET /xingrg/javascript/convert.js HTTP/1.1" 200 1239
172.20.0.100 - - [23/Jun/2022:11:14:15 +0800] "GET /xingrg/javascript/print/kc_print.js HTTP/1.1" 200 11415
172.20.0.100 - - [23/Jun/2022:11:14:15 +0800] "GET /xingrg/words/20220623090851_words.js HTTP/1.1" 200 901887
172.20.0.100 - - [23/Jun/2022:11:14:15 +0800] "GET /xingrg/javascript/easyui/themes/icons/copy_new.png HTTP/1.1" 200 815
172.20.0.100 - - [23/Jun/2022:11:14:15 +0800] "GET /xingrg/javascript/easyui/themes/icons/template_new.png HTTP/1.1" 200 3956
172.20.0.100 - - [23/Jun/2022:11:14:15 +0800] "GET /xingrg/javascript/easyui/themes/icons/ok.png HTTP/1.1" 200 883
172.20.0.100 - - [23/Jun/2022:11:14:15 +0800] "GET /xingrg/javascript/easyui/themes/icons/print.png HTTP/1.1" 200 1057
172.20.0.100 - - [23/Jun/2022:11:14:15 +0800] "GET /xingrg/javascript/easyui/themes/default/images/menu_downarrow.png HTTP/1.1" 200 173
172.20.0.100 - - [23/Jun/2022:11:14:15 +0800] "GET /xingrg/javascript/easyui/themes/icons/cancel.png HTTP/1.1" 200 1133
172.20.0.100 - - [23/Jun/2022:11:14:15 +0800] "POST /xingrg/kc/buy/cgsh_order_operate.html HTTP/1.1" 200 8245
172.20.0.100 - - [23/Jun/2022:11:14:15 +0800] "GET /xingrg/all/common/auto_word.html?type=employee&rest_code=00111 HTTP/1.1" 200 155
172.20.0.100 - - [23/Jun/2022:11:14:15 +0800] "GET /xingrg/all/common/auto_word.html?type=employee&rest_code=00111 HTTP/1.1" 200 155
172.20.0.100 - - [23/Jun/2022:11:14:15 +0800] "GET /xingrg/javascript/easyui/themes/default/validatebox.css HTTP/1.1" 404 1104
172.20.0.100 - - [23/Jun/2022:11:14:15 +0800] "GET /xingrg/javascript/easyui/plugins/jquery.validatebox.js HTTP/1.1" 200 6103
172.20.0.100 - - [23/Jun/2022:11:14:15 +0800] "GET /xingrg/javascript/easyui/plugins/jquery.numberbox.js HTTP/1.1" 200 5213
172.20.0.100 - - [23/Jun/2022:11:14:15 +0800] "GET /xingrg/javascript/easyui/themes/icons/edit_remove.png HTTP/1.1" 200 625
101.85.54.219 - - [23/Jun/2022:11:14:17 +0800] "POST /xingrg/kc/buy/cgsh_order_operate.html HTTP/1.1" 200 37
101.83.223.227 - - [23/Jun/2022:11:14:20 +0800] "GET /xingrg/all/function/internal_message.html?_=1655954056288&CODE_STATE=getMsg HTTP/1.1" 200 27
114.95.43.0 - - [23/Jun/2022:11:14:20 +0800] "GET /xingrg/all/function/internal_message.html?_=1655954060889&CODE_STATE=getMsg HTTP/1.1" 200 27
172.20.0.100 - - [23/Jun/2022:11:14:29 +0800] "GET /xingrg/all/function/internal_message.html?_=1655954068768&CODE_STATE=getMsg HTTP/1.1" 200 27
101.85.54.219 - - [23/Jun/2022:11:14:30 +0800] "POST /xingrg/kc/buy/cgsh_order_operate.html HTTP/1.1" 200 2654
101.85.54.219 - - [23/Jun/2022:11:14:32 +0800] "GET /xingrg/kc/print/load_data.html?order_code=212022062302810&kc_code=cgsh&condition= HTTP/1.1" 200 692
101.85.54.219 - - [23/Jun/2022:11:14:32 +0800] "GET /xingrg/all/function/internal_message.html?_=1655954047676&CODE_STATE=getMsg HTTP/1.1" 200 27
58.35.194.53 - - [23/Jun/2022:11:14:35 +0800] "GET /xingrg/all/function/internal_message.html?_=1655954072438&CODE_STATE=getMsg HTTP/1.1" 200 27
