120.253.135.82 - - [23/Jun/2022:10:22:19 +0800] "GET /xingrg/javascript/easyui/themes/default/validatebox.css HTTP/1.1" 404 1104
101.83.223.227 - - [23/Jun/2022:10:22:19 +0800] "GET /xingrg/images/blue/jxLogo.png HTTP/1.1" 304 -
101.83.223.227 - - [23/Jun/2022:10:22:19 +0800] "GET /xingrg/images/blue/navBackgound.jpg HTTP/1.1" 304 -
101.83.223.227 - - [23/Jun/2022:10:22:19 +0800] "GET /xingrg/javascript/jquery_easy_ui/themes/icons/settle_new.png HTTP/1.1" 304 -
101.83.223.227 - - [23/Jun/2022:10:22:19 +0800] "POST /xingrg/all/common/load_tree.html?tree=area_rest_tree_json&manage=1 HTTP/1.1" 200 476
101.83.223.227 - - [23/Jun/2022:10:22:19 +0800] "GET /xingrg/all/function/internal_message.html?_=1655950936044&CODE_STATE=count HTTP/1.1" 200 11
101.83.223.227 - - [23/Jun/2022:10:22:19 +0800] "GET /xingrg/check_reg.html?_=1655950936046 HTTP/1.1" 200 22
101.83.223.227 - - [23/Jun/2022:10:22:19 +0800] "GET /xingrg/images/blue/pingpu.png HTTP/1.1" 304 -
101.83.223.227 - - [23/Jun/2022:10:22:19 +0800] "POST /xingrg/load_menu.html HTTP/1.1" 200 5138
114.83.223.30 - - [23/Jun/2022:10:22:19 +0800] "POST /xingrg/kc/buy/cgsh_order_operate.html HTTP/1.1" 200 37
101.83.223.227 - - [23/Jun/2022:10:22:19 +0800] "GET /xingrg/javascript/jquery_easy_ui/themes/default/images/panel_tool_collapse.gif HTTP/1.1" 304 -
101.83.223.227 - - [23/Jun/2022:10:22:19 +0800] "GET /xingrg/javascript/jquery_easy_ui/themes/default/images/tabs_leftarrow.png HTTP/1.1" 304 -
101.83.223.227 - - [23/Jun/2022:10:22:19 +0800] "GET /xingrg/javascript/jquery_easy_ui/themes/default/images/tabs_rightarrow.png HTTP/1.1" 304 -
101.83.223.227 - - [23/Jun/2022:10:22:19 +0800] "GET /xingrg/javascript/jquery_easy_ui/themes/icons/search_new.png HTTP/1.1" 304 -
101.83.223.227 - - [23/Jun/2022:10:22:19 +0800] "GET /xingrg/javascript/jquery_easy_ui/themes/default/images/tree_arrows.gif HTTP/1.1" 304 -
101.83.223.227 - - [23/Jun/2022:10:22:19 +0800] "GET /xingrg/javascript/jquery_easy_ui/themes/default/images/tree_folder_open.gif HTTP/1.1" 304 -
101.83.223.227 - - [23/Jun/2022:10:22:19 +0800] "GET /xingrg/javascript/jquery_easy_ui/themes/default/images/tree_folder.gif HTTP/1.1" 304 -
101.83.223.227 - - [23/Jun/2022:10:22:19 +0800] "GET /xingrg/javascript/jquery_easy_ui/themes/icons/forms_new.png HTTP/1.1" 304 -
101.83.223.227 - - [23/Jun/2022:10:22:19 +0800] "GET /xingrg/javascript/jquery_easy_ui/themes/default/images/tree_file.gif HTTP/1.1" 304 -
101.83.223.227 - - [23/Jun/2022:10:22:19 +0800] "GET /xingrg/javascript/jquery_easy_ui/themes/icons/storage_new.png HTTP/1.1" 304 -
114.95.43.0 - - [23/Jun/2022:10:22:20 +0800] "GET /xingrg/all/function/internal_message.html?_=1655950940809&CODE_STATE=getMsg HTTP/1.1" 200 27
101.83.223.227 - - [23/Jun/2022:10:22:21 +0800] "GET /xingrg/kc/base/yddb_order_list.html HTTP/1.1" 200 16752
101.83.223.227 - - [23/Jun/2022:10:22:22 +0800] "POST /xingrg/kc/base/yddb_list_operate.html HTTP/1.1" 200 1347
116.237.74.198 - - [23/Jun/2022:10:22:24 +0800] "GET /xingrg/kc/buy/cgsh_order_operate.html?command=get_materiel&rest_code=00106&code=00101007090&supplier_code=00100002&order_time=2022-06-23 HTTP/1.1" 200 413
114.83.223.30 - - [23/Jun/2022:10:22:24 +0800] "POST /xingrg/kc/buy/cgsh_order_operate.html HTTP/1.1" 200 12
101.83.223.227 - - [23/Jun/2022:10:22:24 +0800] "POST /xingrg/kc/base/yddb_list_operate.html HTTP/1.1" 200 1347
101.83.223.227 - - [23/Jun/2022:10:22:25 +0800] "POST /xingrg/kc/base/yddb_list_operate.html HTTP/1.1" 200 297
101.83.223.227 - - [23/Jun/2022:10:22:25 +0800] "GET /xingrg/kc/base/yddb_order_info.html?code=482022062300196 HTTP/1.1" 200 31070
101.83.223.227 - - [23/Jun/2022:10:22:25 +0800] "GET /xingrg/dwr/interface/AjaxComOrderService.js HTTP/1.1" 200 18264
101.83.223.227 - - [23/Jun/2022:10:22:25 +0800] "GET /xingrg/dwr/interface/AjaxYddbService.js HTTP/1.1" 200 13201
101.83.223.227 - - [23/Jun/2022:10:22:25 +0800] "GET /xingrg/dwr/engine.js HTTP/1.1" 200 43631
114.83.223.30 - - [23/Jun/2022:10:22:25 +0800] "GET /xingrg/kc/buy/cgsh_order_info.html?code=212022062302792 HTTP/1.1" 200 62727
101.83.223.227 - - [23/Jun/2022:10:22:26 +0800] "POST /xingrg/dwr/call/plaincall/AjaxYddbService.loadMaterielItems.dwr HTTP/1.1" 200 811
114.83.223.30 - - [23/Jun/2022:10:22:26 +0800] "GET /xingrg/javascript/easyui/themes/default/validatebox.css HTTP/1.1" 404 1104
114.83.223.30 - - [23/Jun/2022:10:22:26 +0800] "POST /xingrg/kc/buy/cgsh_order_operate.html HTTP/1.1" 200 615
114.83.223.30 - - [23/Jun/2022:10:22:28 +0800] "GET /xingrg/kc/print/load_data.html?order_code=212022062302792&kc_code=cgsh&condition= HTTP/1.1" 200 714
101.83.223.227 - - [23/Jun/2022:10:22:28 +0800] "POST /xingrg/dwr/call/plaincall/AjaxYddbService.saveOrder.dwr HTTP/1.1" 200 78
120.253.135.82 - - [23/Jun/2022:10:22:30 +0800] "POST /xingrg/kc/pszx/mdps_order_operate.html HTTP/1.1" 200 37
120.253.135.82 - - [23/Jun/2022:10:22:31 +0800] "GET /xingrg/kc/pszx/mdps_order_info.html?code=312022062300381 HTTP/1.1" 200 23974
101.83.223.227 - - [23/Jun/2022:10:22:31 +0800] "POST /xingrg/dwr/call/plaincall/AjaxYddbService.objCheckOrder.dwr HTTP/1.1" 200 78
172.20.0.100 - - [23/Jun/2022:10:22:31 +0800] "GET /xingrg/all/function/internal_message.html?_=1655950950788&CODE_STATE=getMsg HTTP/1.1" 200 27
120.253.135.82 - - [23/Jun/2022:10:22:31 +0800] "POST /xingrg/kc/pszx/mdps_order_operate.html HTTP/1.1" 200 2793
120.253.135.82 - - [23/Jun/2022:10:22:31 +0800] "GET /xingrg/javascript/easyui/themes/default/validatebox.css HTTP/1.1" 404 1104
101.83.223.227 - - [23/Jun/2022:10:22:31 +0800] "GET /xingrg/kc/base/yddb_order_info.html?code=482022062300196 HTTP/1.1" 200 31191
101.83.223.227 - - [23/Jun/2022:10:22:31 +0800] "GET /xingrg/dwr/interface/AjaxComOrderService.js HTTP/1.1" 200 18264
101.83.223.227 - - [23/Jun/2022:10:22:31 +0800] "GET /xingrg/dwr/interface/AjaxYddbService.js HTTP/1.1" 200 13201
101.83.223.227 - - [23/Jun/2022:10:22:31 +0800] "GET /xingrg/dwr/engine.js HTTP/1.1" 200 43631
101.83.223.227 - - [23/Jun/2022:10:22:31 +0800] "POST /xingrg/dwr/call/plaincall/AjaxYddbService.loadMaterielItems.dwr HTTP/1.1" 200 811
101.85.54.219 - - [23/Jun/2022:10:22:32 +0800] "GET /xingrg/all/function/internal_message.html?_=1655950927341&CODE_STATE=getMsg HTTP/1.1" 200 27
218.81.223.53 - - [23/Jun/2022:10:22:35 +0800] "GET /xingrg/all/function/internal_message.html?_=1655950967469&CODE_STATE=getMsg HTTP/1.1" 200 27
58.35.194.53 - - [23/Jun/2022:10:22:36 +0800] "GET /xingrg/all/function/internal_message.html?_=1655950953582&CODE_STATE=getMsg HTTP/1.1" 200 27
114.88.162.248 - - [23/Jun/2022:10:22:37 +0800] "GET /xingrg/all/function/internal_message.html?_=1655950952713&CODE_STATE=getMsg HTTP/1.1" 200 27
101.85.54.219 - - [23/Jun/2022:10:22:37 +0800] "GET /xingrg/kc/buy/cgsh_order_operate.html?command=get_materiel&rest_code=00145&code=00101008355&supplier_code=00100007&order_time=2022-06-10 HTTP/1.1" 200 408
116.237.74.198 - - [23/Jun/2022:10:22:42 +0800] "GET /xingrg/all/function/internal_message.html?_=1655950961350&CODE_STATE=getMsg HTTP/1.1" 200 27
114.95.43.0 - - [23/Jun/2022:10:22:45 +0800] "GET /xingrg/kc/base/yddb_order_add.html HTTP/1.1" 200 29837
114.95.43.0 - - [23/Jun/2022:10:22:45 +0800] "GET /xingrg/dwr/interface/AjaxYddbService.js HTTP/1.1" 200 13201
114.95.43.0 - - [23/Jun/2022:10:22:45 +0800] "GET /xingrg/dwr/interface/AjaxComOrderService.js HTTP/1.1" 200 18264
114.95.43.0 - - [23/Jun/2022:10:22:45 +0800] "GET /xingrg/dwr/engine.js HTTP/1.1" 200 43631
101.85.54.219 - - [23/Jun/2022:10:22:47 +0800] "GET /xingrg/kc/buy/cgsh_order_operate.html?command=get_materiel&rest_code=00145&code=00101008356&supplier_code=00100007&order_time=2022-06-10 HTTP/1.1" 200 409
101.85.95.26 - - [23/Jun/2022:10:22:49 +0800] "GET /xingrg/check_reg.html?_=1655950966957 HTTP/1.1" 200 22
101.85.95.26 - - [23/Jun/2022:10:22:49 +0800] "GET /xingrg/all/function/internal_message.html?_=1655950966961&CODE_STATE=getMsg HTTP/1.1" 200 27
116.237.74.198 - - [23/Jun/2022:10:22:51 +0800] "GET /xingrg/kc/buy/cgsh_order_operate.html?command=get_materiel&rest_code=00106&code=00101007049&supplier_code=00100002&order_time=2022-06-23 HTTP/1.1" 200 424
114.95.43.0 - - [23/Jun/2022:10:22:56 +0800] "GET /xingrg/check_reg.html?_=1655950880663 HTTP/1.1" 200 22
114.95.43.0 - - [23/Jun/2022:10:22:56 +0800] "GET /xingrg/all/function/internal_message.html?_=1655950880667&CODE_STATE=getMsg HTTP/1.1" 200 27
114.83.223.30 - - [23/Jun/2022:10:22:56 +0800] "GET /xingrg/all/function/internal_message.html?_=1655950971678&CODE_STATE=getMsg HTTP/1.1" 200 27
180.169.147.146 - - [23/Jun/2022:10:22:58 +0800] "GET /xingrg/all/function/internal_message.html?_=1655950976005&CODE_STATE=getMsg HTTP/1.1" 200 27
180.156.212.250 - - [23/Jun/2022:10:22:59 +0800] "GET /xingrg/all/function/internal_message.html?_=1655950977203&CODE_STATE=getMsg HTTP/1.1" 200 27
114.84.82.172 - - [23/Jun/2022:10:22:59 +0800] "GET /xingrg/all/function/internal_message.html?_=1655950978826&CODE_STATE=getMsg HTTP/1.1" 200 27
222.70.180.114 - - [23/Jun/2022:10:23:00 +0800] "POST /xingrg/services/DataTransmitService HTTP/1.1" 200 524
120.253.135.82 - - [23/Jun/2022:10:23:02 +0800] "GET /xingrg/all/function/internal_message.html?_=1655951119133&CODE_STATE=getMsg HTTP/1.1" 200 27
101.83.223.227 - - [23/Jun/2022:10:23:09 +0800] "GET /xingrg/all/function/internal_message.html?_=1655950943236&CODE_STATE=getMsg HTTP/1.1" 200 27
101.85.54.219 - - [23/Jun/2022:10:23:14 +0800] "GET /xingrg/kc/buy/cgsh_order_operate.html?command=get_materiel&rest_code=00145&code=00101008298&supplier_code=00100007&order_time=2022-06-10 HTTP/1.1" 200 414
116.237.74.198 - - [23/Jun/2022:10:23:18 +0800] "GET /xingrg/kc/buy/cgsh_order_operate.html?command=get_materiel&rest_code=00106&code=00101007085&supplier_code=00100002&order_time=2022-06-23 HTTP/1.1" 200 413
101.83.223.227 - - [23/Jun/2022:10:23:19 +0800] "GET /xingrg/all/function/internal_message.html?_=1655950996051&CODE_STATE=getMsg HTTP/1.1" 200 27
114.95.43.0 - - [23/Jun/2022:10:23:20 +0800] "GET /xingrg/all/function/internal_message.html?_=1655951000799&CODE_STATE=getMsg HTTP/1.1" 200 27
101.85.54.219 - - [23/Jun/2022:10:23:22 +0800] "GET /xingrg/kc/buy/cgsh_order_operate.html?command=get_materiel&rest_code=00145&code=00101008264&supplier_code=00100007&order_time=2022-06-10 HTTP/1.1" 200 412
172.20.0.100 - - [23/Jun/2022:10:23:31 +0800] "GET /xingrg/all/function/internal_message.html?_=1655951010776&CODE_STATE=getMsg HTTP/1.1" 200 27
101.85.54.219 - - [23/Jun/2022:10:23:32 +0800] "GET /xingrg/all/function/internal_message.html?_=1655950987323&CODE_STATE=getMsg HTTP/1.1" 200 27
101.85.54.219 - - [23/Jun/2022:10:23:32 +0800] "GET /xingrg/kc/buy/cgsh_order_operate.html?command=get_materiel&rest_code=00145&code=00101008234&supplier_code=00100007&order_time=2022-06-10 HTTP/1.1" 200 408
58.35.194.53 - - [23/Jun/2022:10:23:36 +0800] "GET /xingrg/all/function/internal_message.html?_=1655951013567&CODE_STATE=getMsg HTTP/1.1" 200 27
218.81.223.53 - - [23/Jun/2022:10:23:36 +0800] "GET /xingrg/all/function/internal_message.html?_=1655951027671&CODE_STATE=getMsg HTTP/1.1" 200 27
114.88.162.248 - - [23/Jun/2022:10:23:37 +0800] "GET /xingrg/all/function/internal_message.html?_=1655951012684&CODE_STATE=getMsg HTTP/1.1" 200 27
116.237.74.198 - - [23/Jun/2022:10:23:42 +0800] "GET /xingrg/all/function/internal_message.html?_=1655951021341&CODE_STATE=getMsg HTTP/1.1" 200 27
116.237.74.198 - - [23/Jun/2022:10:23:43 +0800] "POST /xingrg/kc/buy/cgsh_order_operate.html HTTP/1.1" 200 37
116.237.74.198 - - [23/Jun/2022:10:23:45 +0800] "POST /xingrg/kc/buy/cgsh_order_operate.html HTTP/1.1" 200 3843
116.237.74.198 - - [23/Jun/2022:10:23:48 +0800] "GET /xingrg/kc/buy/cgsh_order_add.html HTTP/1.1" 200 67779
101.85.95.26 - - [23/Jun/2022:10:23:49 +0800] "GET /xingrg/all/function/internal_message.html?_=1655951026960&CODE_STATE=getMsg HTTP/1.1" 200 27
116.237.74.198 - - [23/Jun/2022:10:23:49 +0800] "POST /xingrg/kc/buy/cgsh_order_operate.html HTTP/1.1" 200 8245
116.237.74.198 - - [23/Jun/2022:10:23:49 +0800] "GET /xingrg/javascript/easyui/themes/default/validatebox.css HTTP/1.1" 404 1104
116.237.74.198 - - [23/Jun/2022:10:23:51 +0800] "GET /xingrg/javascript/easyui/themes/default/tree.css HTTP/1.1" 404 1090
116.237.74.198 - - [23/Jun/2022:10:23:51 +0800] "POST /xingrg/all/common/load_tree.html?tree=supplier_tree_json&isDelete=1 HTTP/1.1" 200 66572
101.85.54.219 - - [23/Jun/2022:10:23:55 +0800] "GET /xingrg/kc/buy/cgsh_order_operate.html?command=get_materiel&rest_code=00145&code=00101008005&supplier_code=00100007&order_time=2022-06-10 HTTP/1.1" 200 412
114.95.43.0 - - [23/Jun/2022:10:23:56 +0800] "GET /xingrg/all/function/internal_message.html?_=1655950940652&CODE_STATE=getMsg HTTP/1.1" 200 27
114.83.223.30 - - [23/Jun/2022:10:23:56 +0800] "GET /xingrg/all/function/internal_message.html?_=1655951031653&CODE_STATE=getMsg HTTP/1.1" 200 27
180.169.147.146 - - [23/Jun/2022:10:23:58 +0800] "GET /xingrg/all/function/internal_message.html?_=1655951036009&CODE_STATE=getMsg HTTP/1.1" 200 27
180.156.212.250 - - [23/Jun/2022:10:23:59 +0800] "GET /xingrg/all/function/internal_message.html?_=1655951037202&CODE_STATE=getMsg HTTP/1.1" 200 27
114.84.82.172 - - [23/Jun/2022:10:23:59 +0800] "GET /xingrg/all/function/internal_message.html?_=1655951038825&CODE_STATE=getMsg HTTP/1.1" 200 27
120.253.135.82 - - [23/Jun/2022:10:24:02 +0800] "GET /xingrg/all/function/internal_message.html?_=1655951179148&CODE_STATE=getMsg HTTP/1.1" 200 27
58.35.194.53 - - [23/Jun/2022:10:24:02 +0800] "POST /xingrg/kc/buy/cgsh_list_operate.html HTTP/1.1" 200 1777
101.83.223.227 - - [23/Jun/2022:10:24:09 +0800] "GET /xingrg/all/function/internal_message.html?_=1655951003249&CODE_STATE=getMsg HTTP/1.1" 200 27
101.85.54.219 - - [23/Jun/2022:10:24:09 +0800] "GET /xingrg/kc/buy/cgsh_order_operate.html?command=get_materiel&rest_code=00145&code=00101008024&supplier_code=00100007&order_time=2022-06-10 HTTP/1.1" 200 408
58.35.194.53 - - [23/Jun/2022:10:24:10 +0800] "POST /xingrg/kc/buy/cgsh_list_operate.html HTTP/1.1" 200 562
58.35.194.53 - - [23/Jun/2022:10:24:12 +0800] "POST /xingrg/kc/buy/cgsh_list_operate.html HTTP/1.1" 200 273
116.237.74.198 - - [23/Jun/2022:10:24:15 +0800] "GET /xingrg/kc/buy/cgsh_order_operate.html?command=get_materiel&rest_code=00106&code=00101006085&supplier_code=00100015&order_time=2022-06-23 HTTP/1.1" 200 409
101.83.223.227 - - [23/Jun/2022:10:24:19 +0800] "GET /xingrg/all/function/internal_message.html?_=1655951056062&CODE_STATE=getMsg HTTP/1.1" 200 27
114.95.43.0 - - [23/Jun/2022:10:24:20 +0800] "GET /xingrg/all/function/internal_message.html?_=1655951060800&CODE_STATE=getMsg HTTP/1.1" 200 27
101.85.54.219 - - [23/Jun/2022:10:24:27 +0800] "GET /xingrg/kc/buy/cgsh_order_operate.html?command=get_materiel&rest_code=00145&code=00101008036&supplier_code=00100007&order_time=2022-06-10 HTTP/1.1" 200 425
172.20.0.100 - - [23/Jun/2022:10:24:31 +0800] "GET /xingrg/check_reg.html?_=1655951070759 HTTP/1.1" 200 22
172.20.0.100 - - [23/Jun/2022:10:24:31 +0800] "GET /xingrg/all/function/internal_message.html?_=1655951070762&CODE_STATE=getMsg HTTP/1.1" 200 27
101.85.54.219 - - [23/Jun/2022:10:24:32 +0800] "GET /xingrg/all/function/internal_message.html?_=1655951047329&CODE_STATE=getMsg HTTP/1.1" 200 27
114.95.43.0 - - [23/Jun/2022:10:24:35 +0800] "POST /xingrg/kc/base/yddb_list_operate.html HTTP/1.1" 200 -
58.35.194.53 - - [23/Jun/2022:10:24:36 +0800] "GET /xingrg/all/function/internal_message.html?_=1655951073541&CODE_STATE=getMsg HTTP/1.1" 200 27
218.81.223.53 - - [23/Jun/2022:10:24:36 +0800] "GET /xingrg/all/function/internal_message.html?_=1655951087683&CODE_STATE=getMsg HTTP/1.1" 200 27
114.88.162.248 - - [23/Jun/2022:10:24:37 +0800] "GET /xingrg/all/function/internal_message.html?_=1655951072654&CODE_STATE=getMsg HTTP/1.1" 200 27
120.253.135.82 - - [23/Jun/2022:10:24:39 +0800] "POST /xingrg/kc/pszx/mdps_list_operate.html HTTP/1.1" 200 5436
116.237.74.198 - - [23/Jun/2022:10:24:41 +0800] "POST /xingrg/kc/buy/cgsh_order_operate.html HTTP/1.1" 200 37
101.85.54.219 - - [23/Jun/2022:10:24:42 +0800] "GET /xingrg/kc/buy/cgsh_order_operate.html?command=get_materiel&rest_code=00145&code=00101008092&supplier_code=00100007&order_time=2022-06-10 HTTP/1.1" 200 412
114.95.43.0 - - [23/Jun/2022:10:24:42 +0800] "GET /xingrg/kc/base/base_main.html HTTP/1.1" 200 12142
116.237.74.198 - - [23/Jun/2022:10:24:42 +0800] "GET /xingrg/all/function/internal_message.html?_=1655951081831&CODE_STATE=getMsg HTTP/1.1" 200 27
116.237.74.198 - - [23/Jun/2022:10:24:43 +0800] "POST /xingrg/kc/buy/cgsh_order_operate.html HTTP/1.1" 200 2656
120.253.135.82 - - [23/Jun/2022:10:24:45 +0800] "POST /xingrg/kc/pszx/mdps_list_operate.html HTTP/1.1" 200 5296
120.253.135.82 - - [23/Jun/2022:10:24:48 +0800] "POST /xingrg/kc/pszx/mdps_list_operate.html HTTP/1.1" 200 286
101.85.95.26 - - [23/Jun/2022:10:24:49 +0800] "GET /xingrg/all/function/internal_message.html?_=1655951086960&CODE_STATE=getMsg HTTP/1.1" 200 27
114.95.43.0 - - [23/Jun/2022:10:24:49 +0800] "GET /xingrg/kc/buy/buy_main.html HTTP/1.1" 200 12412
114.95.43.0 - - [23/Jun/2022:10:24:49 +0800] "GET /xingrg/css/new_ie.css HTTP/1.1" 404 1036
120.253.135.82 - - [23/Jun/2022:10:24:50 +0800] "POST /xingrg/kc/pszx/mdps_list_operate.html HTTP/1.1" 200 203
116.237.74.198 - - [23/Jun/2022:10:24:51 +0800] "GET /xingrg/kc/buy/cgsh_order_add.html HTTP/1.1" 200 67779
116.237.74.198 - - [23/Jun/2022:10:24:51 +0800] "POST /xingrg/kc/buy/cgsh_order_operate.html HTTP/1.1" 200 8245
116.237.74.198 - - [23/Jun/2022:10:24:51 +0800] "GET /xingrg/javascript/easyui/themes/default/validatebox.css HTTP/1.1" 404 1104
114.95.43.0 - - [23/Jun/2022:10:24:51 +0800] "GET /xingrg/images/yd/bt.gif HTTP/1.1" 404 1040
120.253.135.82 - - [23/Jun/2022:10:24:52 +0800] "GET /xingrg/kc/pszx/mdps_order_info.html?code=312022062300378 HTTP/1.1" 200 23976
114.95.43.0 - - [23/Jun/2022:10:24:52 +0800] "GET /xingrg/kc/buy/cgth_order_list.html?part=buyck HTTP/1.1" 200 51365
120.253.135.82 - - [23/Jun/2022:10:24:52 +0800] "POST /xingrg/kc/pszx/mdps_order_operate.html HTTP/1.1" 200 2281
120.253.135.82 - - [23/Jun/2022:10:24:52 +0800] "GET /xingrg/javascript/easyui/themes/default/validatebox.css HTTP/1.1" 404 1104
114.95.43.0 - - [23/Jun/2022:10:24:53 +0800] "POST /xingrg/kc/buy/cgth_list_operate.html HTTP/1.1" 200 1035
116.237.74.198 - - [23/Jun/2022:10:24:53 +0800] "GET /xingrg/javascript/easyui/themes/default/tree.css HTTP/1.1" 404 1090
116.237.74.198 - - [23/Jun/2022:10:24:53 +0800] "POST /xingrg/all/common/load_tree.html?tree=supplier_tree_json&isDelete=1 HTTP/1.1" 200 66572
120.253.135.82 - - [23/Jun/2022:10:24:55 +0800] "POST /xingrg/kc/pszx/mdps_list_operate.html HTTP/1.1" 200 5296
114.95.43.0 - - [23/Jun/2022:10:24:56 +0800] "GET /xingrg/all/function/internal_message.html?_=1655951000662&CODE_STATE=getMsg HTTP/1.1" 200 27
114.83.223.30 - - [23/Jun/2022:10:24:56 +0800] "GET /xingrg/all/function/internal_message.html?_=1655951091638&CODE_STATE=getMsg HTTP/1.1" 200 27
120.253.135.82 - - [23/Jun/2022:10:24:57 +0800] "POST /xingrg/kc/pszx/mdps_list_operate.html HTTP/1.1" 200 586
120.253.135.82 - - [23/Jun/2022:10:24:57 +0800] "GET /xingrg/kc/pszx/mdps_order_info.html?code=312022062300377 HTTP/1.1" 200 23976
180.169.147.146 - - [23/Jun/2022:10:24:58 +0800] "GET /xingrg/check_reg.html?_=1655951096015 HTTP/1.1" 200 22
180.169.147.146 - - [23/Jun/2022:10:24:58 +0800] "GET /xingrg/all/function/internal_message.html?_=1655951096019&CODE_STATE=getMsg HTTP/1.1" 200 27
101.85.54.219 - - [23/Jun/2022:10:24:58 +0800] "POST /xingrg/kc/buy/cgsh_order_operate.html HTTP/1.1" 200 37
120.253.135.82 - - [23/Jun/2022:10:24:58 +0800] "GET /xingrg/javascript/easyui/themes/default/validatebox.css HTTP/1.1" 404 1104
120.253.135.82 - - [23/Jun/2022:10:24:58 +0800] "POST /xingrg/kc/pszx/mdps_order_operate.html HTTP/1.1" 200 10941
180.156.212.250 - - [23/Jun/2022:10:24:59 +0800] "GET /xingrg/all/function/internal_message.html?_=1655951097199&CODE_STATE=getMsg HTTP/1.1" 200 27
101.85.54.219 - - [23/Jun/2022:10:24:59 +0800] "POST /xingrg/kc/buy/cgsh_order_operate.html HTTP/1.1" 200 7362
114.84.82.172 - - [23/Jun/2022:10:24:59 +0800] "GET /xingrg/all/function/internal_message.html?_=1655951098825&CODE_STATE=getMsg HTTP/1.1" 200 27
114.95.43.0 - - [23/Jun/2022:10:25:00 +0800] "GET /xingrg/check_reg.html?_=1655951101210 HTTP/1.1" 200 22
120.253.135.82 - - [23/Jun/2022:10:25:00 +0800] "POST /xingrg/kc/pszx/mdps_list_operate.html HTTP/1.1" 200 5296
114.88.162.248 - - [23/Jun/2022:10:25:01 +0800] "GET /xingrg/check_reg.html?_=1655951096699 HTTP/1.1" 200 22
120.253.135.82 - - [23/Jun/2022:10:25:02 +0800] "GET /xingrg/all/function/internal_message.html?_=1655951239160&CODE_STATE=getMsg HTTP/1.1" 200 27
101.85.54.219 - - [23/Jun/2022:10:25:03 +0800] "GET /xingrg/kc/print/load_data.html?order_code=212022062302795&kc_code=cgsh&condition= HTTP/1.1" 200 2508
120.253.135.82 - - [23/Jun/2022:10:25:04 +0800] "POST /xingrg/kc/pszx/mdps_list_operate.html HTTP/1.1" 200 203
120.253.135.82 - - [23/Jun/2022:10:25:04 +0800] "GET /xingrg/kc/pszx/mdps_order_info.html?code=312022062300378 HTTP/1.1" 200 23976
114.95.43.0 - - [23/Jun/2022:10:25:04 +0800] "GET /xingrg/kc/buy/cgth_order_add.html HTTP/1.1" 200 69883
120.253.135.82 - - [23/Jun/2022:10:25:04 +0800] "POST /xingrg/kc/pszx/mdps_order_operate.html HTTP/1.1" 200 2281
114.95.43.0 - - [23/Jun/2022:10:25:04 +0800] "GET /xingrg/dwr/interface/AjaxComOrderService.js HTTP/1.1" 200 18264
114.95.43.0 - - [23/Jun/2022:10:25:04 +0800] "GET /xingrg/dwr/interface/AjaxCgthService.js HTTP/1.1" 200 14519
120.253.135.82 - - [23/Jun/2022:10:25:04 +0800] "GET /xingrg/javascript/easyui/themes/default/validatebox.css HTTP/1.1" 404 1104
114.95.43.0 - - [23/Jun/2022:10:25:04 +0800] "GET /xingrg/dwr/engine.js HTTP/1.1" 200 43631
114.95.43.0 - - [23/Jun/2022:10:25:05 +0800] "POST /xingrg/all/common/load_tree.html?tree=supplier_tree_json&isDelete=1 HTTP/1.1" 200 66572
120.253.135.82 - - [23/Jun/2022:10:25:07 +0800] "POST /xingrg/kc/pszx/mdps_list_operate.html HTTP/1.1" 200 5296
101.83.223.227 - - [23/Jun/2022:10:25:09 +0800] "GET /xingrg/all/function/internal_message.html?_=1655951063268&CODE_STATE=getMsg HTTP/1.1" 200 27
120.253.135.82 - - [23/Jun/2022:10:25:12 +0800] "POST /xingrg/kc/pszx/mdps_list_operate.html HTTP/1.1" 200 301
120.253.135.82 - - [23/Jun/2022:10:25:13 +0800] "GET /xingrg/kc/pszx/mdps_order_info.html?code=312022062300373 HTTP/1.1" 200 23976
120.253.135.82 - - [23/Jun/2022:10:25:13 +0800] "POST /xingrg/kc/pszx/mdps_order_operate.html HTTP/1.1" 200 2809
120.253.135.82 - - [23/Jun/2022:10:25:13 +0800] "GET /xingrg/javascript/easyui/themes/default/validatebox.css HTTP/1.1" 404 1104
120.253.135.82 - - [23/Jun/2022:10:25:17 +0800] "POST /xingrg/kc/pszx/mdps_list_operate.html HTTP/1.1" 200 5296
101.83.223.227 - - [23/Jun/2022:10:25:19 +0800] "GET /xingrg/all/function/internal_message.html?_=1655951116070&CODE_STATE=getMsg HTTP/1.1" 200 27
114.95.43.0 - - [23/Jun/2022:10:25:20 +0800] "GET /xingrg/all/function/internal_message.html?_=1655951120805&CODE_STATE=getMsg HTTP/1.1" 200 27
120.253.135.82 - - [23/Jun/2022:10:25:21 +0800] "POST /xingrg/kc/pszx/mdps_list_operate.html HTTP/1.1" 200 586
120.253.135.82 - - [23/Jun/2022:10:25:21 +0800] "GET /xingrg/kc/pszx/mdps_order_info.html?code=312022062300377 HTTP/1.1" 200 23976
120.253.135.82 - - [23/Jun/2022:10:25:22 +0800] "GET /xingrg/javascript/easyui/themes/default/validatebox.css HTTP/1.1" 404 1104
120.253.135.82 - - [23/Jun/2022:10:25:22 +0800] "POST /xingrg/kc/pszx/mdps_order_operate.html HTTP/1.1" 200 10941
114.95.43.0 - - [23/Jun/2022:10:25:23 +0800] "GET /xingrg/javascript/auto/indicator.gif HTTP/1.1" 404 1066
120.253.135.82 - - [23/Jun/2022:10:25:28 +0800] "GET /xingrg/kc/pszx/mdps_order_operate.html?command=get_materiel&pszx_code=00101&rest_code=00150&base_code=0010246&code=00101019272 HTTP/1.1" 200 497
120.253.135.82 - - [23/Jun/2022:10:25:30 +0800] "POST /xingrg/all/common/load_select.html HTTP/1.1" 200 25
172.20.0.100 - - [23/Jun/2022:10:25:31 +0800] "GET /xingrg/all/function/internal_message.html?_=1655951130749&CODE_STATE=getMsg HTTP/1.1" 200 27
101.85.54.219 - - [23/Jun/2022:10:25:32 +0800] "GET /xingrg/all/function/internal_message.html?_=1655951107352&CODE_STATE=getMsg HTTP/1.1" 200 27
120.253.135.82 - - [23/Jun/2022:10:25:32 +0800] "GET /xingrg/kc/pszx/mdps_order_operate.html?command=get_materiel_price&pszx_code=00101&rest_code=00150&base_code=0010246&code=00101019272&unit_code=00100157&order_time=2022-06-23 HTTP/1.1" 200 34
58.35.194.53 - - [23/Jun/2022:10:25:36 +0800] "GET /xingrg/all/function/internal_message.html?_=1655951133527&CODE_STATE=getMsg HTTP/1.1" 200 27
218.81.223.53 - - [23/Jun/2022:10:25:36 +0800] "GET /xingrg/all/function/internal_message.html?_=1655951147885&CODE_STATE=getMsg HTTP/1.1" 200 27
114.88.162.248 - - [23/Jun/2022:10:25:37 +0800] "GET /xingrg/all/function/internal_message.html?_=1655951132628&CODE_STATE=getMsg HTTP/1.1" 200 27
101.85.54.219 - - [23/Jun/2022:10:25:37 +0800] "POST /xingrg/kc/buy/cgsh_list_operate.html HTTP/1.1" 200 2405
218.81.223.53 - - [23/Jun/2022:10:25:37 +0800] "GET /xingrg/check_reg.html?_=1655951149435 HTTP/1.1" 200 22
116.237.74.198 - - [23/Jun/2022:10:25:42 +0800] "GET /xingrg/all/function/internal_message.html?_=1655951141820&CODE_STATE=getMsg HTTP/1.1" 200 27
116.237.74.198 - - [23/Jun/2022:10:25:47 +0800] "GET /xingrg/kc/buy/cgsh_order_operate.html?command=get_materiel&rest_code=00106&code=00101008248&supplier_code=00100007&order_time=2022-06-23 HTTP/1.1" 200 412
120.253.135.82 - - [23/Jun/2022:10:25:47 +0800] "GET /xingrg/kc/pszx/mdps_order_operate.html?command=get_materiel&pszx_code=00101&rest_code=00150&base_code=0010246&code=00101013169 HTTP/1.1" 200 436
101.85.95.26 - - [23/Jun/2022:10:25:49 +0800] "GET /xingrg/all/function/internal_message.html?_=1655951146959&CODE_STATE=getMsg HTTP/1.1" 200 27
120.253.135.82 - - [23/Jun/2022:10:25:54 +0800] "POST /xingrg/kc/pszx/mdps_order_operate.html HTTP/1.1" 200 37
120.253.135.82 - - [23/Jun/2022:10:25:55 +0800] "GET /xingrg/kc/pszx/mdps_order_info.html?code=312022062300377 HTTP/1.1" 200 23976
120.253.135.82 - - [23/Jun/2022:10:25:56 +0800] "GET /xingrg/javascript/easyui/themes/default/validatebox.css HTTP/1.1" 404 1104
114.95.43.0 - - [23/Jun/2022:10:25:56 +0800] "GET /xingrg/all/function/internal_message.html?_=1655951060651&CODE_STATE=getMsg HTTP/1.1" 200 27
120.253.135.82 - - [23/Jun/2022:10:25:56 +0800] "POST /xingrg/kc/pszx/mdps_order_operate.html HTTP/1.1" 200 11956
114.83.223.30 - - [23/Jun/2022:10:25:56 +0800] "GET /xingrg/all/function/internal_message.html?_=1655951151621&CODE_STATE=getMsg HTTP/1.1" 200 27
120.253.135.82 - - [23/Jun/2022:10:25:57 +0800] "POST /xingrg/kc/pszx/mdps_list_operate.html HTTP/1.1" 200 5296
58.35.194.53 - - [23/Jun/2022:10:25:57 +0800] "GET /xingrg/check_reg.html?_=1655951154730 HTTP/1.1" 200 22
180.169.147.146 - - [23/Jun/2022:10:25:58 +0800] "GET /xingrg/all/function/internal_message.html?_=1655951156013&CODE_STATE=getMsg HTTP/1.1" 200 27
180.156.212.250 - - [23/Jun/2022:10:25:59 +0800] "GET /xingrg/check_reg.html?_=1655951157196 HTTP/1.1" 200 22
180.156.212.250 - - [23/Jun/2022:10:25:59 +0800] "GET /xingrg/all/function/internal_message.html?_=1655951157200&CODE_STATE=getMsg HTTP/1.1" 200 27
114.84.82.172 - - [23/Jun/2022:10:25:59 +0800] "GET /xingrg/all/function/internal_message.html?_=1655951158824&CODE_STATE=getMsg HTTP/1.1" 200 27
101.85.54.219 - - [23/Jun/2022:10:26:00 +0800] "POST /xingrg/kc/buy/cgsh_list_operate.html HTTP/1.1" 200 4
120.253.135.82 - - [23/Jun/2022:10:26:02 +0800] "POST /xingrg/kc/pszx/mdps_list_operate.html HTTP/1.1" 200 301
101.85.54.219 - - [23/Jun/2022:10:26:02 +0800] "POST /xingrg/kc/buy/cgsh_list_operate.html HTTP/1.1" 200 693
120.253.135.82 - - [23/Jun/2022:10:26:02 +0800] "GET /xingrg/all/function/internal_message.html?_=1655951299175&CODE_STATE=getMsg HTTP/1.1" 200 27
120.253.135.82 - - [23/Jun/2022:10:26:02 +0800] "GET /xingrg/kc/pszx/mdps_order_info.html?code=312022062300373 HTTP/1.1" 200 23976
120.253.135.82 - - [23/Jun/2022:10:26:03 +0800] "POST /xingrg/kc/pszx/mdps_order_operate.html HTTP/1.1" 200 2809
120.253.135.82 - - [23/Jun/2022:10:26:03 +0800] "GET /xingrg/javascript/easyui/themes/default/validatebox.css HTTP/1.1" 404 1104
101.85.54.219 - - [23/Jun/2022:10:26:03 +0800] "GET /xingrg/kc/buy/cgsh_order_add.html HTTP/1.1" 200 66939
101.85.54.219 - - [23/Jun/2022:10:26:03 +0800] "GET /xingrg/words/20220623090851_words.js HTTP/1.1" 304 -
101.85.54.219 - - [23/Jun/2022:10:26:03 +0800] "POST /xingrg/kc/buy/cgsh_order_operate.html HTTP/1.1" 200 8245
101.85.54.219 - - [23/Jun/2022:10:26:04 +0800] "GET /xingrg/javascript/easyui/themes/default/validatebox.css HTTP/1.1" 404 1104
120.253.135.82 - - [23/Jun/2022:10:26:08 +0800] "POST /xingrg/kc/pszx/mdps_order_operate.html HTTP/1.1" 200 12
101.83.223.227 - - [23/Jun/2022:10:26:09 +0800] "GET /xingrg/all/function/internal_message.html?_=1655951123276&CODE_STATE=getMsg HTTP/1.1" 200 27
120.253.135.82 - - [23/Jun/2022:10:26:09 +0800] "POST /xingrg/kc/pszx/mdps_list_operate.html HTTP/1.1" 200 5296
120.253.135.82 - - [23/Jun/2022:10:26:12 +0800] "POST /xingrg/kc/pszx/mdps_list_operate.html HTTP/1.1" 200 586
120.253.135.82 - - [23/Jun/2022:10:26:12 +0800] "GET /xingrg/kc/pszx/mdps_order_info.html?code=312022062300377 HTTP/1.1" 200 23976
120.253.135.82 - - [23/Jun/2022:10:26:13 +0800] "GET /xingrg/javascript/easyui/themes/default/validatebox.css HTTP/1.1" 404 1104
120.253.135.82 - - [23/Jun/2022:10:26:13 +0800] "POST /xingrg/kc/pszx/mdps_order_operate.html HTTP/1.1" 200 11956
101.85.54.219 - - [23/Jun/2022:10:26:15 +0800] "GET /xingrg/kc/buy/cgsh_order_operate.html?command=get_materiel&rest_code=00145&code=00101006201&supplier_code=00100176&order_time=2022-06-11 HTTP/1.1" 200 405
101.83.223.227 - - [23/Jun/2022:10:26:19 +0800] "GET /xingrg/all/function/internal_message.html?_=1655951176071&CODE_STATE=getMsg HTTP/1.1" 200 27
114.95.43.0 - - [23/Jun/2022:10:26:20 +0800] "GET /xingrg/all/function/internal_message.html?_=1655951180805&CODE_STATE=getMsg HTTP/1.1" 200 27
101.85.54.219 - - [23/Jun/2022:10:26:24 +0800] "POST /xingrg/kc/buy/cgsh_order_operate.html HTTP/1.1" 200 37
101.85.54.219 - - [23/Jun/2022:10:26:26 +0800] "POST /xingrg/kc/buy/cgsh_order_operate.html HTTP/1.1" 200 2652
172.20.0.100 - - [23/Jun/2022:10:26:31 +0800] "GET /xingrg/all/function/internal_message.html?_=1655951190760&CODE_STATE=getMsg HTTP/1.1" 200 27
101.85.54.219 - - [23/Jun/2022:10:26:32 +0800] "GET /xingrg/check_reg.html?_=1655951167332 HTTP/1.1" 200 22
101.85.54.219 - - [23/Jun/2022:10:26:32 +0800] "GET /xingrg/all/function/internal_message.html?_=1655951167335&CODE_STATE=getMsg HTTP/1.1" 200 27
101.85.54.219 - - [23/Jun/2022:10:26:33 +0800] "GET /xingrg/kc/print/load_data.html?order_code=212022062302796&kc_code=cgsh&condition= HTTP/1.1" 200 695
116.237.74.198 - - [23/Jun/2022:10:26:34 +0800] "GET /xingrg/kc/buy/cgsh_order_operate.html?command=get_materiel&rest_code=00106&code=00101008132&supplier_code=00100007&order_time=2022-06-23 HTTP/1.1" 200 408
58.35.194.53 - - [23/Jun/2022:10:26:36 +0800] "GET /xingrg/all/function/internal_message.html?_=1655951193497&CODE_STATE=getMsg HTTP/1.1" 200 27
218.81.223.53 - - [23/Jun/2022:10:26:36 +0800] "GET /xingrg/all/function/internal_message.html?_=1655951207898&CODE_STATE=getMsg HTTP/1.1" 200 27
114.88.162.248 - - [23/Jun/2022:10:26:37 +0800] "GET /xingrg/all/function/internal_message.html?_=1655951192598&CODE_STATE=getMsg HTTP/1.1" 200 27
116.237.74.198 - - [23/Jun/2022:10:26:42 +0800] "GET /xingrg/check_reg.html?_=1655951201359 HTTP/1.1" 200 22
116.237.74.198 - - [23/Jun/2022:10:26:42 +0800] "GET /xingrg/all/function/internal_message.html?_=1655951201811&CODE_STATE=getMsg HTTP/1.1" 200 27
116.237.74.198 - - [23/Jun/2022:10:26:48 +0800] "GET /xingrg/kc/buy/cgsh_order_operate.html?command=get_materiel&rest_code=00106&code=00101008350&supplier_code=00100007&order_time=2022-06-23 HTTP/1.1" 200 408
101.85.95.26 - - [23/Jun/2022:10:26:49 +0800] "GET /xingrg/all/function/internal_message.html?_=1655951206960&CODE_STATE=getMsg HTTP/1.1" 200 27
101.85.54.219 - - [23/Jun/2022:10:26:55 +0800] "POST /xingrg/kc/buy/cgsh_list_operate.html HTTP/1.1" 200 1465
120.253.135.82 - - [23/Jun/2022:10:26:55 +0800] "POST /xingrg/kc/pszx/mdps_list_operate.html HTTP/1.1" 200 5296
120.253.135.82 - - [23/Jun/2022:10:26:55 +0800] "GET /xingrg/check_reg.html?_=1655951352606 HTTP/1.1" 200 22
114.95.43.0 - - [23/Jun/2022:10:26:56 +0800] "GET /xingrg/all/function/internal_message.html?_=1655951120654&CODE_STATE=getMsg HTTP/1.1" 200 27
114.83.223.30 - - [23/Jun/2022:10:26:56 +0800] "GET /xingrg/all/function/internal_message.html?_=1655951211612&CODE_STATE=getMsg HTTP/1.1" 200 27
114.83.223.30 - - [23/Jun/2022:10:26:56 +0800] "GET /xingrg/check_reg.html?_=1655951211722 HTTP/1.1" 200 22
101.85.54.219 - - [23/Jun/2022:10:26:57 +0800] "GET /xingrg/kc/buy/cgsh_order_add.html HTTP/1.1" 200 66939
101.85.54.219 - - [23/Jun/2022:10:26:57 +0800] "POST /xingrg/kc/buy/cgsh_order_operate.html HTTP/1.1" 200 8245
101.85.54.219 - - [23/Jun/2022:10:26:57 +0800] "GET /xingrg/javascript/easyui/themes/default/validatebox.css HTTP/1.1" 404 1104
120.253.135.82 - - [23/Jun/2022:10:26:57 +0800] "POST /xingrg/kc/pszx/mdps_list_operate.html HTTP/1.1" 200 445
120.253.135.82 - - [23/Jun/2022:10:26:57 +0800] "GET /xingrg/kc/pszx/mdps_order_info.html?code=312022062300374 HTTP/1.1" 200 23982
120.253.135.82 - - [23/Jun/2022:10:26:58 +0800] "POST /xingrg/kc/pszx/mdps_order_operate.html HTTP/1.1" 200 3790
180.169.147.146 - - [23/Jun/2022:10:26:58 +0800] "GET /xingrg/all/function/internal_message.html?_=1655951216011&CODE_STATE=getMsg HTTP/1.1" 200 27
120.253.135.82 - - [23/Jun/2022:10:26:58 +0800] "GET /xingrg/javascript/easyui/themes/default/validatebox.css HTTP/1.1" 404 1104
180.156.212.250 - - [23/Jun/2022:10:26:59 +0800] "GET /xingrg/all/function/internal_message.html?_=1655951217195&CODE_STATE=getMsg HTTP/1.1" 200 27
114.84.82.172 - - [23/Jun/2022:10:26:59 +0800] "GET /xingrg/all/function/internal_message.html?_=1655951218823&CODE_STATE=getMsg HTTP/1.1" 200 27
114.84.82.172 - - [23/Jun/2022:10:26:59 +0800] "GET /xingrg/check_reg.html?_=1655951218825 HTTP/1.1" 200 22
120.253.135.82 - - [23/Jun/2022:10:27:02 +0800] "GET /xingrg/all/function/internal_message.html?_=1655951359188&CODE_STATE=getMsg HTTP/1.1" 200 27
116.237.74.198 - - [23/Jun/2022:10:27:08 +0800] "GET /xingrg/kc/buy/cgsh_order_operate.html?command=get_materiel&rest_code=00106&code=00101008244&supplier_code=00100007&order_time=2022-06-23 HTTP/1.1" 200 410
101.83.223.227 - - [23/Jun/2022:10:27:08 +0800] "GET /xingrg/check_reg.html?_=1655951182894 HTTP/1.1" 200 22
101.83.223.227 - - [23/Jun/2022:10:27:09 +0800] "GET /xingrg/all/function/internal_message.html?_=1655951183290&CODE_STATE=getMsg HTTP/1.1" 200 27
101.85.54.219 - - [23/Jun/2022:10:27:10 +0800] "GET /xingrg/kc/buy/cgsh_order_operate.html?command=get_materiel&rest_code=00145&code=00101011001&supplier_code=00100047&order_time=2022-06-11 HTTP/1.1" 200 423
101.85.54.219 - - [23/Jun/2022:10:27:18 +0800] "GET /xingrg/kc/buy/cgsh_order_operate.html?command=get_materiel&rest_code=00145&code=00101011012&supplier_code=00100047&order_time=2022-06-11 HTTP/1.1" 200 412
101.83.223.227 - - [23/Jun/2022:10:27:19 +0800] "GET /xingrg/check_reg.html?_=1655951236081 HTTP/1.1" 200 22
101.83.223.227 - - [23/Jun/2022:10:27:19 +0800] "GET /xingrg/all/function/internal_message.html?_=1655951236084&CODE_STATE=getMsg HTTP/1.1" 200 27
114.95.43.0 - - [23/Jun/2022:10:27:20 +0800] "GET /xingrg/all/function/internal_message.html?_=1655951240801&CODE_STATE=getMsg HTTP/1.1" 200 27
101.85.54.219 - - [23/Jun/2022:10:27:25 +0800] "POST /xingrg/kc/buy/cgsh_order_operate.html HTTP/1.1" 200 37
114.95.43.0 - - [23/Jun/2022:10:27:28 +0800] "GET /xingrg/kc/mdqp/psth_order_list1.html HTTP/1.1" 200 17927
114.95.43.0 - - [23/Jun/2022:10:27:28 +0800] "POST /xingrg/kc/mdqp/psth_list_operate.html HTTP/1.1" 200 749
172.20.0.100 - - [23/Jun/2022:10:27:31 +0800] "GET /xingrg/all/function/internal_message.html?_=1655951250751&CODE_STATE=getMsg HTTP/1.1" 200 27
58.35.194.53 - - [23/Jun/2022:10:27:36 +0800] "GET /xingrg/all/function/internal_message.html?_=1655951253466&CODE_STATE=getMsg HTTP/1.1" 200 27
218.81.223.53 - - [23/Jun/2022:10:27:36 +0800] "GET /xingrg/all/function/internal_message.html?_=1655951267911&CODE_STATE=getMsg HTTP/1.1" 200 27
114.88.162.248 - - [23/Jun/2022:10:27:36 +0800] "GET /xingrg/all/function/internal_message.html?_=1655951252568&CODE_STATE=getMsg HTTP/1.1" 200 27
120.253.135.82 - - [23/Jun/2022:10:27:37 +0800] "POST /xingrg/kc/pszx/mdps_list_operate.html HTTP/1.1" 200 5296
116.237.74.198 - - [23/Jun/2022:10:27:42 +0800] "GET /xingrg/all/function/internal_message.html?_=1655951261785&CODE_STATE=getMsg HTTP/1.1" 200 27
101.85.54.219 - - [23/Jun/2022:10:27:43 +0800] "POST /xingrg/kc/buy/cgsh_order_operate.html HTTP/1.1" 200 3256
101.85.54.219 - - [23/Jun/2022:10:27:44 +0800] "GET /xingrg/kc/print/load_data.html?order_code=212022062302797&kc_code=cgsh&condition= HTTP/1.1" 200 963
120.253.135.82 - - [23/Jun/2022:10:27:46 +0800] "POST /xingrg/kc/pszx/mdps_list_operate.html HTTP/1.1" 200 293
120.253.135.82 - - [23/Jun/2022:10:27:47 +0800] "GET /xingrg/kc/pszx/mdps_order_info.html?code=312022062300375 HTTP/1.1" 200 23978
120.253.135.82 - - [23/Jun/2022:10:27:47 +0800] "POST /xingrg/kc/pszx/mdps_order_operate.html HTTP/1.1" 200 2803
120.253.135.82 - - [23/Jun/2022:10:27:47 +0800] "GET /xingrg/javascript/easyui/themes/default/validatebox.css HTTP/1.1" 404 1104
101.85.95.26 - - [23/Jun/2022:10:27:49 +0800] "GET /xingrg/check_reg.html?_=1655951266960 HTTP/1.1" 200 22
101.85.95.26 - - [23/Jun/2022:10:27:49 +0800] "GET /xingrg/all/function/internal_message.html?_=1655951266963&CODE_STATE=getMsg HTTP/1.1" 200 27
116.237.74.198 - - [23/Jun/2022:10:27:51 +0800] "GET /xingrg/kc/buy/cgsh_order_operate.html?command=get_materiel&rest_code=00106&code=00101008370&supplier_code=00100007&order_time=2022-06-23 HTTP/1.1" 200 412
120.253.135.82 - - [23/Jun/2022:10:27:51 +0800] "POST /xingrg/kc/pszx/mdps_list_operate.html HTTP/1.1" 200 5296
114.95.43.0 - - [23/Jun/2022:10:27:56 +0800] "GET /xingrg/all/function/internal_message.html?_=1655951180655&CODE_STATE=getMsg HTTP/1.1" 200 27
114.95.43.0 - - [23/Jun/2022:10:27:56 +0800] "GET /xingrg/check_reg.html?_=1655951180659 HTTP/1.1" 200 22
114.83.223.30 - - [23/Jun/2022:10:27:56 +0800] "GET /xingrg/all/function/internal_message.html?_=1655951271596&CODE_STATE=getMsg HTTP/1.1" 200 27
180.169.147.146 - - [23/Jun/2022:10:27:58 +0800] "GET /xingrg/all/function/internal_message.html?_=1655951276013&CODE_STATE=getMsg HTTP/1.1" 200 27
180.156.212.250 - - [23/Jun/2022:10:27:59 +0800] "GET /xingrg/all/function/internal_message.html?_=1655951277219&CODE_STATE=getMsg HTTP/1.1" 200 27
114.84.82.172 - - [23/Jun/2022:10:27:59 +0800] "GET /xingrg/all/function/internal_message.html?_=1655951278824&CODE_STATE=getMsg HTTP/1.1" 200 27
120.253.135.82 - - [23/Jun/2022:10:28:02 +0800] "GET /xingrg/all/function/internal_message.html?_=1655951419289&CODE_STATE=getMsg HTTP/1.1" 200 27
114.95.43.0 - - [23/Jun/2022:10:28:08 +0800] "GET /xingrg/kc/mdqp/psth_order_list1.html HTTP/1.1" 200 17927
114.95.43.0 - - [23/Jun/2022:10:28:09 +0800] "POST /xingrg/kc/mdqp/psth_list_operate.html HTTP/1.1" 200 749
101.83.223.227 - - [23/Jun/2022:10:28:09 +0800] "GET /xingrg/all/function/internal_message.html?_=1655951243304&CODE_STATE=getMsg HTTP/1.1" 200 27
101.83.223.227 - - [23/Jun/2022:10:28:09 +0800] "POST /xingrg/services/DataTransmitService HTTP/1.1" 200 524
180.169.147.146 - - [23/Jun/2022:10:28:11 +0800] "POST /xingrg/all/user/operate.html HTTP/1.1" 200 36
180.169.147.146 - - [23/Jun/2022:10:28:11 +0800] "GET /xingrg/index.html?sysBaseUrl=http%3A%2F%2F180.169.147.146%3A18081%2Fxingrg%2F&costTime=40×tamp=1655947638339 HTTP/1.1" 200 17503
180.169.147.146 - - [23/Jun/2022:10:28:11 +0800] "GET /xingrg/javascript/jquery_easy_ui/themes/default/easyui.css HTTP/1.1" 304 -
180.169.147.146 - - [23/Jun/2022:10:28:11 +0800] "GET /xingrg/javascript/jquery_easy_ui/themes/icon.css HTTP/1.1" 304 -
180.169.147.146 - - [23/Jun/2022:10:28:11 +0800] "GET /xingrg/css/form.css HTTP/1.1" 304 -
180.169.147.146 - - [23/Jun/2022:10:28:11 +0800] "GET /xingrg/javascript/jquery-1.4.2.min.js HTTP/1.1" 304 -
180.169.147.146 - - [23/Jun/2022:10:28:11 +0800] "GET /xingrg/javascript/jquery_easy_ui/jquery.easyui.min.js HTTP/1.1" 304 -
180.169.147.146 - - [23/Jun/2022:10:28:11 +0800] "GET /xingrg/javascript/jquery_easy_ui/easyui-lang-zh_CN.js HTTP/1.1" 304 -
180.169.147.146 - - [23/Jun/2022:10:28:11 +0800] "GET /xingrg/javascript/jquery.form.js HTTP/1.1" 304 -
180.169.147.146 - - [23/Jun/2022:10:28:11 +0800] "GET /xingrg/javascript/jquery.utils.js HTTP/1.1" 304 -
180.169.147.146 - - [23/Jun/2022:10:28:11 +0800] "GET /xingrg/javascript/jquery.timers.js HTTP/1.1" 304 -
180.169.147.146 - - [23/Jun/2022:10:28:11 +0800] "GET /xingrg/images/blue/jxLogo.png HTTP/1.1" 304 -
180.169.147.146 - - [23/Jun/2022:10:28:11 +0800] "GET /xingrg/images/blue/navBackgound.jpg HTTP/1.1" 304 -
180.169.147.146 - - [23/Jun/2022:10:28:11 +0800] "POST /xingrg/all/common/load_tree.html?tree=area_rest_tree_json&manage=1 HTTP/1.1" 200 3472
180.169.147.146 - - [23/Jun/2022:10:28:11 +0800] "GET /xingrg/javascript/jquery_easy_ui/themes/icons/settle_new.png HTTP/1.1" 304 -
114.95.43.0 - - [23/Jun/2022:10:28:11 +0800] "GET /xingrg/kc/mdqp/psth_order_add1.html HTTP/1.1" 200 25284
114.95.43.0 - - [23/Jun/2022:10:28:11 +0800] "GET /xingrg/javascript/jquery_tools/jquery-1.4.2.min.js HTTP/1.1" 404 1094
114.95.43.0 - - [23/Jun/2022:10:28:11 +0800] "GET /xingrg/words/20220623090851_words.js HTTP/1.1" 200 901887
180.169.147.146 - - [23/Jun/2022:10:28:11 +0800] "GET /xingrg/javascript/jquery_easy_ui/themes/default/images/tabs_leftarrow.png HTTP/1.1" 304 -
180.169.147.146 - - [23/Jun/2022:10:28:11 +0800] "GET /xingrg/javascript/jquery_easy_ui/themes/default/images/panel_tool_collapse.gif HTTP/1.1" 304 -
180.169.147.146 - - [23/Jun/2022:10:28:11 +0800] "GET /xingrg/javascript/jquery_easy_ui/themes/default/images/panel_tool_expand.gif HTTP/1.1" 304 -
180.169.147.146 - - [23/Jun/2022:10:28:11 +0800] "POST /xingrg/load_menu.html HTTP/1.1" 200 11564
180.169.147.146 - - [23/Jun/2022:10:28:11 +0800] "GET /xingrg/check_reg.html?_=1655951289627 HTTP/1.1" 200 22
180.169.147.146 - - [23/Jun/2022:10:28:11 +0800] "GET /xingrg/all/function/internal_message.html?_=1655951289626&CODE_STATE=count HTTP/1.1" 200 11
180.169.147.146 - - [23/Jun/2022:10:28:11 +0800] "GET /xingrg/javascript/jquery_easy_ui/themes/default/images/tabs_rightarrow.png HTTP/1.1" 304 -
180.169.147.146 - - [23/Jun/2022:10:28:11 +0800] "GET /xingrg/images/blue/pingpu.png HTTP/1.1" 304 -
180.169.147.146 - - [23/Jun/2022:10:28:12 +0800] "GET /xingrg/javascript/jquery_easy_ui/themes/icons/delivery_new.png HTTP/1.1" 304 -
180.169.147.146 - - [23/Jun/2022:10:28:12 +0800] "GET /xingrg/javascript/jquery_easy_ui/themes/icons/checkout_new.png HTTP/1.1" 304 -
180.169.147.146 - - [23/Jun/2022:10:28:12 +0800] "GET /xingrg/javascript/jquery_easy_ui/themes/icons/systemset_new.png HTTP/1.1" 304 -
180.169.147.146 - - [23/Jun/2022:10:28:12 +0800] "GET /xingrg/javascript/jquery_easy_ui/themes/default/images/tree_folder_open.gif HTTP/1.1" 304 -
180.169.147.146 - - [23/Jun/2022:10:28:12 +0800] "GET /xingrg/javascript/jquery_easy_ui/themes/icons/search_new.png HTTP/1.1" 304 -
180.169.147.146 - - [23/Jun/2022:10:28:12 +0800] "GET /xingrg/javascript/jquery_easy_ui/themes/default/images/tree_file.gif HTTP/1.1" 304 -
180.169.147.146 - - [23/Jun/2022:10:28:12 +0800] "GET /xingrg/javascript/jquery_easy_ui/themes/icons/forms_new.png HTTP/1.1" 304 -
180.169.147.146 - - [23/Jun/2022:10:28:12 +0800] "GET /xingrg/javascript/jquery_easy_ui/themes/default/images/tree_folder.gif HTTP/1.1" 304 -
180.169.147.146 - - [23/Jun/2022:10:28:12 +0800] "GET /xingrg/javascript/jquery_easy_ui/themes/default/images/tree_arrows.gif HTTP/1.1" 304 -
180.169.147.146 - - [23/Jun/2022:10:28:12 +0800] "GET /xingrg/javascript/jquery_easy_ui/themes/icons/setting_new.png HTTP/1.1" 304 -
180.169.147.146 - - [23/Jun/2022:10:28:12 +0800] "GET /xingrg/javascript/jquery_easy_ui/themes/icons/storage_new.png HTTP/1.1" 304 -
114.95.43.0 - - [23/Jun/2022:10:28:12 +0800] "POST /xingrg/kc/mdqp/psth_order_operate.html HTTP/1.1" 200 6806
114.95.43.0 - - [23/Jun/2022:10:28:12 +0800] "GET /xingrg/all/common/auto_word.html?type=base&rest_code=00105&rest_code=00101 HTTP/1.1" 200 1907
114.95.43.0 - - [23/Jun/2022:10:28:12 +0800] "GET /xingrg/javascript/easyui/themes/default/validatebox.css HTTP/1.1" 404 1104
180.169.147.146 - - [23/Jun/2022:10:28:13 +0800] "GET /xingrg/kc/buy/cgsh_order_list.html HTTP/1.1" 200 52217
180.169.147.146 - - [23/Jun/2022:10:28:14 +0800] "POST /xingrg/kc/buy/cgsh_list_operate.html HTTP/1.1" 200 693
116.237.74.198 - - [23/Jun/2022:10:28:17 +0800] "GET /xingrg/kc/buy/cgsh_order_operate.html?command=get_materiel&rest_code=00106&code=00101008087&supplier_code=00100007&order_time=2022-06-23 HTTP/1.1" 200 412
101.83.223.227 - - [23/Jun/2022:10:28:19 +0800] "GET /xingrg/all/function/internal_message.html?_=1655951296074&CODE_STATE=getMsg HTTP/1.1" 200 27
114.95.43.0 - - [23/Jun/2022:10:28:20 +0800] "GET /xingrg/all/function/internal_message.html?_=1655951300809&CODE_STATE=getMsg HTTP/1.1" 200 27
180.169.147.146 - - [23/Jun/2022:10:28:21 +0800] "GET /xingrg/javascript/auto/indicator.gif HTTP/1.1" 404 1066
180.169.147.146 - - [23/Jun/2022:10:28:24 +0800] "GET /xingrg/javascript/jquery_tools/images/next.gif HTTP/1.1" 404 1086
180.169.147.146 - - [23/Jun/2022:10:28:24 +0800] "GET /xingrg/javascript/jquery_tools/images/prev.gif HTTP/1.1" 404 1086
116.237.74.198 - - [23/Jun/2022:10:28:29 +0800] "GET /xingrg/kc/buy/cgsh_order_operate.html?command=get_materiel&rest_code=00106&code=00101008361&supplier_code=00100007&order_time=2022-06-23 HTTP/1.1" 200 408
172.20.0.100 - - [23/Jun/2022:10:28:31 +0800] "GET /xingrg/all/function/internal_message.html?_=1655951310765&CODE_STATE=getMsg HTTP/1.1" 200 27
180.169.147.146 - - [23/Jun/2022:10:28:31 +0800] "POST /xingrg/kc/buy/cgsh_list_operate.html HTTP/1.1" 200 4737
101.85.54.219 - - [23/Jun/2022:10:28:32 +0800] "GET /xingrg/all/function/internal_message.html?_=1655951287340&CODE_STATE=getMsg HTTP/1.1" 200 27
180.169.147.146 - - [23/Jun/2022:10:28:34 +0800] "POST /xingrg/kc/buy/cgsh_list_operate.html HTTP/1.1" 200 22019
58.35.194.53 - - [23/Jun/2022:10:28:36 +0800] "GET /xingrg/all/function/internal_message.html?_=1655951313452&CODE_STATE=getMsg HTTP/1.1" 200 27
218.81.223.53 - - [23/Jun/2022:10:28:36 +0800] "GET /xingrg/all/function/internal_message.html?_=1655951328109&CODE_STATE=getMsg HTTP/1.1" 200 27
114.88.162.248 - - [23/Jun/2022:10:28:36 +0800] "GET /xingrg/all/function/internal_message.html?_=1655951312554&CODE_STATE=getMsg HTTP/1.1" 200 27
116.237.74.198 - - [23/Jun/2022:10:28:42 +0800] "GET /xingrg/all/function/internal_message.html?_=1655951321768&CODE_STATE=getMsg HTTP/1.1" 200 27
101.85.95.26 - - [23/Jun/2022:10:28:49 +0800] "GET /xingrg/all/function/internal_message.html?_=1655951326962&CODE_STATE=getMsg HTTP/1.1" 200 27
114.95.43.0 - - [23/Jun/2022:10:28:49 +0800] "GET /xingrg/kc/mdqp/psth_order_operate.html?command=get_materiel&base_code=0010512&rest_code=00105&code=00101010039 HTTP/1.1" 200 433
120.253.135.82 - - [23/Jun/2022:10:28:54 +0800] "POST /xingrg/kc/pszx/mdps_list_operate.html HTTP/1.1" 200 203
114.95.43.0 - - [23/Jun/2022:10:28:56 +0800] "GET /xingrg/all/function/internal_message.html?_=1655951240660&CODE_STATE=getMsg HTTP/1.1" 200 27
114.83.223.30 - - [23/Jun/2022:10:28:56 +0800] "GET /xingrg/all/function/internal_message.html?_=1655951331581&CODE_STATE=getMsg HTTP/1.1" 200 27
120.253.135.82 - - [23/Jun/2022:10:28:57 +0800] "POST /xingrg/kc/pszx/mdps_list_operate.html HTTP/1.1" 200 286
180.156.212.250 - - [23/Jun/2022:10:28:59 +0800] "GET /xingrg/all/function/internal_message.html?_=1655951337216&CODE_STATE=getMsg HTTP/1.1" 200 27
114.84.82.172 - - [23/Jun/2022:10:28:59 +0800] "GET /xingrg/all/function/internal_message.html?_=1655951338824&CODE_STATE=getMsg HTTP/1.1" 200 27
120.253.135.82 - - [23/Jun/2022:10:29:00 +0800] "POST /xingrg/kc/pszx/mdps_list_operate.html HTTP/1.1" 200 214
120.253.135.82 - - [23/Jun/2022:10:29:02 +0800] "GET /xingrg/all/function/internal_message.html?_=1655951479293&CODE_STATE=getMsg HTTP/1.1" 200 27
120.253.135.82 - - [23/Jun/2022:10:29:04 +0800] "POST /xingrg/kc/pszx/mdps_list_operate.html HTTP/1.1" 200 5436
120.253.135.82 - - [23/Jun/2022:10:29:05 +0800] "POST /xingrg/kc/pszx/mdps_list_operate.html HTTP/1.1" 200 293
101.83.223.227 - - [23/Jun/2022:10:29:09 +0800] "GET /xingrg/all/function/internal_message.html?_=1655951303332&CODE_STATE=getMsg HTTP/1.1" 200 27
114.95.43.0 - - [23/Jun/2022:10:29:10 +0800] "GET /xingrg/kc/mdqp/psth_order_operate.html?command=get_materiel&base_code=0010512&rest_code=00105&code=00101010554 HTTP/1.1" 200 418
120.253.135.82 - - [23/Jun/2022:10:29:13 +0800] "POST /xingrg/kc/pszx/mdps_list_operate.html HTTP/1.1" 200 212
180.169.147.146 - - [23/Jun/2022:10:29:13 +0800] "GET /xingrg/all/function/internal_message.html?_=1655951351649&CODE_STATE=getMsg HTTP/1.1" 200 27
101.83.223.227 - - [23/Jun/2022:10:29:19 +0800] "GET /xingrg/all/function/internal_message.html?_=1655951356081&CODE_STATE=getMsg HTTP/1.1" 200 27
114.95.43.0 - - [23/Jun/2022:10:29:20 +0800] "GET /xingrg/all/function/internal_message.html?_=1655951360807&CODE_STATE=getMsg HTTP/1.1" 200 27
114.95.43.0 - - [23/Jun/2022:10:29:28 +0800] "GET /xingrg/kc/report/report_main.html HTTP/1.1" 200 7340
114.95.43.0 - - [23/Jun/2022:10:29:28 +0800] "GET /xingrg/javascript/jquery_ui/themes/humanity/humanity.css HTTP/1.1" 304 -
114.95.43.0 - - [23/Jun/2022:10:29:30 +0800] "GET /xingrg/kc/base/kc_stocks.html HTTP/1.1" 200 16437
114.95.43.0 - - [23/Jun/2022:10:29:30 +0800] "GET /xingrg/javascript/easyui/themes/sunny/easyui.css HTTP/1.1" 304 -
114.95.43.0 - - [23/Jun/2022:10:29:30 +0800] "GET /xingrg/javascript/easyui/themes/icons/filter_new.png HTTP/1.1" 304 -
