218.81.223.53 - - [23/Jun/2022:11:22:39 +0800] "GET /xingrg/all/function/internal_message.html?_=1655954571357&CODE_STATE=getMsg HTTP/1.1" 200 27
120.253.135.82 - - [23/Jun/2022:11:22:40 +0800] "POST /xingrg/kc/pszx/mdps_order_operate.html HTTP/1.1" 200 12
116.237.74.198 - - [23/Jun/2022:11:22:42 +0800] "GET /xingrg/all/function/internal_message.html?_=1655954561564&CODE_STATE=getMsg HTTP/1.1" 200 27
120.253.135.82 - - [23/Jun/2022:11:22:43 +0800] "GET /xingrg/kc/pszx/mdps_order_info.html?code=312022062200360 HTTP/1.1" 200 19634
120.253.135.82 - - [23/Jun/2022:11:22:44 +0800] "POST /xingrg/kc/pszx/mdps_order_operate.html HTTP/1.1" 200 1052
120.253.135.82 - - [23/Jun/2022:11:22:44 +0800] "GET /xingrg/javascript/easyui/themes/default/validatebox.css HTTP/1.1" 404 1104
180.169.147.146 - - [23/Jun/2022:11:22:46 +0800] "GET /xingrg/all/function/internal_message.html?_=1655954563935&CODE_STATE=getMsg HTTP/1.1" 200 27
120.253.135.82 - - [23/Jun/2022:11:22:46 +0800] "POST /xingrg/kc/pszx/mdps_list_operate.html HTTP/1.1" 200 5383
101.85.95.26 - - [23/Jun/2022:11:22:49 +0800] "GET /xingrg/all/function/internal_message.html?_=1655954567000&CODE_STATE=getMsg HTTP/1.1" 200 27
120.253.135.82 - - [23/Jun/2022:11:22:51 +0800] "POST /xingrg/kc/pszx/mdps_list_operate.html HTTP/1.1" 200 431
120.253.135.82 - - [23/Jun/2022:11:22:51 +0800] "GET /xingrg/kc/pszx/mdps_order_info.html?code=312022062200361 HTTP/1.1" 200 23976
120.253.135.82 - - [23/Jun/2022:11:22:51 +0800] "POST /xingrg/kc/pszx/mdps_order_operate.html HTTP/1.1" 200 3761
120.253.135.82 - - [23/Jun/2022:11:22:51 +0800] "GET /xingrg/javascript/easyui/themes/default/validatebox.css HTTP/1.1" 404 1104
101.85.95.26 - - [23/Jun/2022:11:22:52 +0800] "GET /xingrg/check_reg.html?_=1655954567003 HTTP/1.1" 200 22
114.83.223.30 - - [23/Jun/2022:11:22:55 +0800] "GET /xingrg/all/function/internal_message.html?_=1655954571169&CODE_STATE=getMsg HTTP/1.1" 200 27
114.95.43.0 - - [23/Jun/2022:11:22:56 +0800] "GET /xingrg/check_reg.html?_=1655954480691 HTTP/1.1" 200 22
114.95.43.0 - - [23/Jun/2022:11:22:56 +0800] "GET /xingrg/all/function/internal_message.html?_=1655954480694&CODE_STATE=getMsg HTTP/1.1" 200 27
180.156.212.250 - - [23/Jun/2022:11:22:59 +0800] "GET /xingrg/all/function/internal_message.html?_=1655954577282&CODE_STATE=getMsg HTTP/1.1" 200 27
114.84.82.172 - - [23/Jun/2022:11:22:59 +0800] "GET /xingrg/all/function/internal_message.html?_=1655954578931&CODE_STATE=getMsg HTTP/1.1" 200 27
120.253.135.82 - - [23/Jun/2022:11:23:05 +0800] "GET /xingrg/all/function/internal_message.html?_=1655954721616&CODE_STATE=getMsg HTTP/1.1" 200 27
120.253.135.82 - - [23/Jun/2022:11:23:07 +0800] "POST /xingrg/kc/pszx/mdps_order_operate.html HTTP/1.1" 200 37
120.253.135.82 - - [23/Jun/2022:11:23:09 +0800] "POST /xingrg/kc/pszx/mdps_order_operate.html HTTP/1.1" 200 12
101.83.223.227 - - [23/Jun/2022:11:23:10 +0800] "GET /xingrg/all/function/internal_message.html?_=1655954544066&CODE_STATE=getMsg HTTP/1.1" 200 27
120.253.135.82 - - [23/Jun/2022:11:23:10 +0800] "GET /xingrg/kc/pszx/mdps_order_info.html?code=312022062200361 HTTP/1.1" 200 19634
120.253.135.82 - - [23/Jun/2022:11:23:10 +0800] "POST /xingrg/kc/pszx/mdps_order_operate.html HTTP/1.1" 200 1970
120.253.135.82 - - [23/Jun/2022:11:23:10 +0800] "GET /xingrg/javascript/easyui/themes/default/validatebox.css HTTP/1.1" 404 1104
180.169.147.146 - - [23/Jun/2022:11:23:11 +0800] "GET /xingrg/check_reg.html?_=1655954589673 HTTP/1.1" 200 22
120.253.135.82 - - [23/Jun/2022:11:23:12 +0800] "POST /xingrg/kc/pszx/mdps_list_operate.html HTTP/1.1" 200 5378
120.253.135.82 - - [23/Jun/2022:11:23:16 +0800] "POST /xingrg/kc/pszx/mdps_list_operate.html HTTP/1.1" 200 611
120.253.135.82 - - [23/Jun/2022:11:23:16 +0800] "GET /xingrg/kc/pszx/mdps_order_info.html?code=312022062200358 HTTP/1.1" 200 23976
120.253.135.82 - - [23/Jun/2022:11:23:17 +0800] "POST /xingrg/kc/pszx/mdps_order_operate.html HTTP/1.1" 200 4793
120.253.135.82 - - [23/Jun/2022:11:23:17 +0800] "GET /xingrg/javascript/easyui/themes/default/validatebox.css HTTP/1.1" 404 1104
101.83.223.227 - - [23/Jun/2022:11:23:20 +0800] "GET /xingrg/all/function/internal_message.html?_=1655954596341&CODE_STATE=getMsg HTTP/1.1" 200 27
114.95.43.0 - - [23/Jun/2022:11:23:20 +0800] "GET /xingrg/all/function/internal_message.html?_=1655954600906&CODE_STATE=getMsg HTTP/1.1" 200 27
101.85.54.219 - - [23/Jun/2022:11:23:32 +0800] "GET /xingrg/all/function/internal_message.html?_=1655954587618&CODE_STATE=getMsg HTTP/1.1" 200 27
58.35.194.53 - - [23/Jun/2022:11:23:34 +0800] "GET /xingrg/all/function/internal_message.html?_=1655954612235&CODE_STATE=getMsg HTTP/1.1" 200 27
114.88.162.248 - - [23/Jun/2022:11:23:35 +0800] "GET /xingrg/all/function/internal_message.html?_=1655954611214&CODE_STATE=getMsg HTTP/1.1" 200 27
218.81.223.53 - - [23/Jun/2022:11:23:39 +0800] "GET /xingrg/all/function/internal_message.html?_=1655954631558&CODE_STATE=getMsg HTTP/1.1" 200 27
116.237.74.198 - - [23/Jun/2022:11:23:42 +0800] "GET /xingrg/all/function/internal_message.html?_=1655954621549&CODE_STATE=getMsg HTTP/1.1" 200 27
180.169.147.146 - - [23/Jun/2022:11:23:46 +0800] "GET /xingrg/all/function/internal_message.html?_=1655954623921&CODE_STATE=getMsg HTTP/1.1" 200 27
101.85.95.26 - - [23/Jun/2022:11:23:49 +0800] "GET /xingrg/all/function/internal_message.html?_=1655954627003&CODE_STATE=getMsg HTTP/1.1" 200 27
114.83.223.30 - - [23/Jun/2022:11:23:55 +0800] "GET /xingrg/all/function/internal_message.html?_=1655954631153&CODE_STATE=getMsg HTTP/1.1" 200 27
114.95.43.0 - - [23/Jun/2022:11:23:56 +0800] "GET /xingrg/all/function/internal_message.html?_=1655954540680&CODE_STATE=getMsg HTTP/1.1" 200 27
180.156.212.250 - - [23/Jun/2022:11:23:59 +0800] "GET /xingrg/all/function/internal_message.html?_=1655954637276&CODE_STATE=getMsg HTTP/1.1" 200 27
114.84.82.172 - - [23/Jun/2022:11:23:59 +0800] "GET /xingrg/all/function/internal_message.html?_=1655954638931&CODE_STATE=getMsg HTTP/1.1" 200 27
120.253.135.82 - - [23/Jun/2022:11:24:05 +0800] "GET /xingrg/all/function/internal_message.html?_=1655954781632&CODE_STATE=getMsg HTTP/1.1" 200 27
101.83.223.227 - - [23/Jun/2022:11:24:10 +0800] "GET /xingrg/all/function/internal_message.html?_=1655954604080&CODE_STATE=getMsg HTTP/1.1" 200 27
101.83.223.227 - - [23/Jun/2022:11:24:20 +0800] "GET /xingrg/all/function/internal_message.html?_=1655954656346&CODE_STATE=getMsg HTTP/1.1" 200 27
114.95.43.0 - - [23/Jun/2022:11:24:20 +0800] "GET /xingrg/all/function/internal_message.html?_=1655954660901&CODE_STATE=getMsg HTTP/1.1" 200 27
114.83.223.30 - - [23/Jun/2022:11:24:24 +0800] "GET /xingrg/kc/buy/cgsh_order_operate.html?command=get_materiel&rest_code=00149&code=00101004051&supplier_code=00100083&order_time=2022-06-22 HTTP/1.1" 200 409
101.85.54.219 - - [23/Jun/2022:11:24:32 +0800] "GET /xingrg/all/function/internal_message.html?_=1655954647608&CODE_STATE=getMsg HTTP/1.1" 200 27
58.35.194.53 - - [23/Jun/2022:11:24:34 +0800] "GET /xingrg/all/function/internal_message.html?_=1655954672208&CODE_STATE=getMsg HTTP/1.1" 200 27
114.88.162.248 - - [23/Jun/2022:11:24:35 +0800] "GET /xingrg/all/function/internal_message.html?_=1655954671184&CODE_STATE=getMsg HTTP/1.1" 200 27
114.83.223.30 - - [23/Jun/2022:11:24:36 +0800] "GET /xingrg/kc/buy/cgsh_order_operate.html?command=get_materiel&rest_code=00149&code=00101004011&supplier_code=00100083&order_time=2022-06-22 HTTP/1.1" 200 415
218.81.223.53 - - [23/Jun/2022:11:24:39 +0800] "GET /xingrg/all/function/internal_message.html?_=1655954691571&CODE_STATE=getMsg HTTP/1.1" 200 27
101.85.54.219 - - [23/Jun/2022:11:24:42 +0800] "POST /xingrg/kc/buy/cgsh_list_operate.html HTTP/1.1" 200 2087
116.237.74.198 - - [23/Jun/2022:11:24:42 +0800] "GET /xingrg/all/function/internal_message.html?_=1655954681535&CODE_STATE=getMsg HTTP/1.1" 200 27
180.169.147.146 - - [23/Jun/2022:11:24:46 +0800] "GET /xingrg/all/function/internal_message.html?_=1655954683904&CODE_STATE=getMsg HTTP/1.1" 200 27
180.156.212.250 - - [23/Jun/2022:11:24:47 +0800] "GET /xingrg/login.html HTTP/1.1" 200 7641
180.156.212.250 - - [23/Jun/2022:11:24:47 +0800] "GET /favicon.ico HTTP/1.1" 404 -
101.85.95.26 - - [23/Jun/2022:11:24:49 +0800] "GET /xingrg/all/function/internal_message.html?_=1655954687003&CODE_STATE=getMsg HTTP/1.1" 200 27
114.83.223.30 - - [23/Jun/2022:11:24:50 +0800] "GET /xingrg/kc/buy/cgsh_order_operate.html?command=get_materiel&rest_code=00149&code=00101004065&supplier_code=00100083&order_time=2022-06-22 HTTP/1.1" 200 433
180.156.212.250 - - [23/Jun/2022:11:24:53 +0800] "POST /xingrg/login.do HTTP/1.1" 302 -
180.156.212.250 - - [23/Jun/2022:11:24:53 +0800] "GET /xingrg/index.html?sysBaseUrl=http%3A%2F%2F180.169.147.146%3A18081%2Fxingrg%2F&costTime=40×tamp=1655954693658 HTTP/1.1" 200 17413
180.156.212.250 - - [23/Jun/2022:11:24:53 +0800] "POST /xingrg/all/common/load_tree.html?tree=area_rest_tree_json&manage=1 HTTP/1.1" 200 342
180.156.212.250 - - [23/Jun/2022:11:24:53 +0800] "GET /favicon.ico HTTP/1.1" 404 -
180.156.212.250 - - [23/Jun/2022:11:24:53 +0800] "POST /xingrg/load_menu.html HTTP/1.1" 200 9959
180.156.212.250 - - [23/Jun/2022:11:24:53 +0800] "GET /xingrg/all/function/internal_message.html?_=1655954692455&CODE_STATE=count HTTP/1.1" 200 11
180.156.212.250 - - [23/Jun/2022:11:24:53 +0800] "GET /xingrg/check_reg.html?_=1655954692456 HTTP/1.1" 200 22
114.83.223.30 - - [23/Jun/2022:11:24:55 +0800] "GET /xingrg/all/function/internal_message.html?_=1655954691140&CODE_STATE=getMsg HTTP/1.1" 200 27
114.95.43.0 - - [23/Jun/2022:11:24:56 +0800] "GET /xingrg/all/function/internal_message.html?_=1655954600679&CODE_STATE=getMsg HTTP/1.1" 200 27
180.156.212.250 - - [23/Jun/2022:11:24:56 +0800] "GET /xingrg/kc/report/report_main.html HTTP/1.1" 200 7340
180.156.212.250 - - [23/Jun/2022:11:24:57 +0800] "GET /xingrg/all/report/report_query.html?fileName=kc/buy/gys_amount.xml&rh=99999 HTTP/1.1" 200 52006
180.156.212.250 - - [23/Jun/2022:11:24:57 +0800] "GET /xingrg/dwr/util.js HTTP/1.1" 304 -
180.156.212.250 - - [23/Jun/2022:11:24:57 +0800] "GET /xingrg/dwr/interface/AjaxReportQueryService.js HTTP/1.1" 200 13203
180.156.212.250 - - [23/Jun/2022:11:24:57 +0800] "GET /xingrg/dwr/engine.js HTTP/1.1" 200 43631
180.156.212.250 - - [23/Jun/2022:11:24:57 +0800] "POST /xingrg/dwr/call/plaincall/AjaxReportQueryService.getFixDate.dwr HTTP/1.1" 200 111
180.156.212.250 - - [23/Jun/2022:11:24:58 +0800] "POST /xingrg/all/common/load_tree.html?tree=supplier_tree_json&manage=1 HTTP/1.1" 200 67779
180.156.212.250 - - [23/Jun/2022:11:24:58 +0800] "POST /xingrg/all/common/load_tree.html?tree=materiel_sort_tree_json HTTP/1.1" 200 9388
180.156.212.250 - - [23/Jun/2022:11:24:59 +0800] "GET /xingrg/all/function/internal_message.html?_=1655954697273&CODE_STATE=getMsg HTTP/1.1" 200 27
180.156.212.250 - - [23/Jun/2022:11:24:59 +0800] "POST /xingrg/dwr/call/plaincall/AjaxReportQueryService.getInitString.dwr HTTP/1.1" 200 1008
114.84.82.172 - - [23/Jun/2022:11:24:59 +0800] "GET /xingrg/all/function/internal_message.html?_=1655954698931&CODE_STATE=getMsg HTTP/1.1" 200 27
114.95.43.0 - - [23/Jun/2022:11:25:00 +0800] "GET /xingrg/check_reg.html?_=1655954700992 HTTP/1.1" 200 22
114.88.162.248 - - [23/Jun/2022:11:25:01 +0800] "GET /xingrg/check_reg.html?_=1655954696773 HTTP/1.1" 200 22
120.253.135.82 - - [23/Jun/2022:11:25:03 +0800] "POST /xingrg/kc/pszx/mdps_list_operate.html HTTP/1.1" 200 5378
120.253.135.82 - - [23/Jun/2022:11:25:04 +0800] "GET /xingrg/all/function/internal_message.html?_=1655954841645&CODE_STATE=getMsg HTTP/1.1" 200 27
101.83.223.227 - - [23/Jun/2022:11:25:10 +0800] "GET /xingrg/all/function/internal_message.html?_=1655954664101&CODE_STATE=getMsg HTTP/1.1" 200 27
114.83.223.30 - - [23/Jun/2022:11:25:10 +0800] "GET /xingrg/kc/buy/cgsh_order_operate.html?command=get_materiel&rest_code=00149&code=00101004030&supplier_code=00100083&order_time=2022-06-22 HTTP/1.1" 200 425
120.253.135.82 - - [23/Jun/2022:11:25:19 +0800] "POST /xingrg/kc/pszx/mdps_list_operate.html HTTP/1.1" 200 610
120.253.135.82 - - [23/Jun/2022:11:25:19 +0800] "GET /xingrg/kc/pszx/mdps_order_info.html?code=312022062200357 HTTP/1.1" 200 23976
101.83.223.227 - - [23/Jun/2022:11:25:20 +0800] "GET /xingrg/all/function/internal_message.html?_=1655954716350&CODE_STATE=getMsg HTTP/1.1" 200 27
120.253.135.82 - - [23/Jun/2022:11:25:20 +0800] "POST /xingrg/kc/pszx/mdps_order_operate.html HTTP/1.1" 200 6332
120.253.135.82 - - [23/Jun/2022:11:25:20 +0800] "GET /xingrg/javascript/easyui/themes/default/validatebox.css HTTP/1.1" 404 1104
114.95.43.0 - - [23/Jun/2022:11:25:20 +0800] "GET /xingrg/all/function/internal_message.html?_=1655954720916&CODE_STATE=getMsg HTTP/1.1" 200 27
114.83.223.30 - - [23/Jun/2022:11:25:22 +0800] "POST /xingrg/kc/buy/cgsh_order_operate.html HTTP/1.1" 200 37
180.156.212.250 - - [23/Jun/2022:11:25:27 +0800] "POST /xingrg/dwr/call/plaincall/AjaxReportQueryService.refreshCache.dwr HTTP/1.1" 200 78
180.156.212.250 - - [23/Jun/2022:11:25:28 +0800] "POST /xingrg/all/report/load_report_page.html HTTP/1.1" 200 8900
180.156.212.250 - - [23/Jun/2022:11:25:28 +0800] "GET /xingrg/servlets/image?cache=0.823970135016928&image=px HTTP/1.1" 200 807
101.85.54.219 - - [23/Jun/2022:11:25:32 +0800] "GET /xingrg/all/function/internal_message.html?_=1655954707601&CODE_STATE=getMsg HTTP/1.1" 200 27
114.83.223.30 - - [23/Jun/2022:11:25:32 +0800] "POST /xingrg/kc/buy/cgsh_order_operate.html HTTP/1.1" 200 12
58.35.194.53 - - [23/Jun/2022:11:25:34 +0800] "GET /xingrg/all/function/internal_message.html?_=1655954732178&CODE_STATE=getMsg HTTP/1.1" 200 27
114.88.162.248 - - [23/Jun/2022:11:25:35 +0800] "GET /xingrg/all/function/internal_message.html?_=1655954731159&CODE_STATE=getMsg HTTP/1.1" 200 27
114.83.223.30 - - [23/Jun/2022:11:25:37 +0800] "GET /xingrg/kc/buy/cgsh_order_info.html?code=212022062302820 HTTP/1.1" 200 62733
114.83.223.30 - - [23/Jun/2022:11:25:38 +0800] "GET /xingrg/javascript/easyui/themes/default/validatebox.css HTTP/1.1" 404 1104
114.83.223.30 - - [23/Jun/2022:11:25:38 +0800] "POST /xingrg/kc/buy/cgsh_order_operate.html HTTP/1.1" 200 2395
218.81.223.53 - - [23/Jun/2022:11:25:39 +0800] "GET /xingrg/check_reg.html?_=1655954751129 HTTP/1.1" 200 22
114.83.223.30 - - [23/Jun/2022:11:25:39 +0800] "GET /xingrg/kc/print/load_data.html?order_code=212022062302820&kc_code=cgsh&condition= HTTP/1.1" 200 1407
218.81.223.53 - - [23/Jun/2022:11:25:39 +0800] "GET /xingrg/all/function/internal_message.html?_=1655954751586&CODE_STATE=getMsg HTTP/1.1" 200 27
116.237.74.198 - - [23/Jun/2022:11:25:42 +0800] "GET /xingrg/all/function/internal_message.html?_=1655954741535&CODE_STATE=getMsg HTTP/1.1" 200 27
120.253.135.82 - - [23/Jun/2022:11:25:42 +0800] "POST /xingrg/kc/pszx/mdps_list_operate.html HTTP/1.1" 200 5378
120.253.135.82 - - [23/Jun/2022:11:25:45 +0800] "POST /xingrg/kc/pszx/mdps_list_operate.html HTTP/1.1" 200 406
120.253.135.82 - - [23/Jun/2022:11:25:45 +0800] "GET /xingrg/kc/pszx/mdps_order_info.html?code=312022062300364 HTTP/1.1" 200 23976
120.253.135.82 - - [23/Jun/2022:11:25:45 +0800] "POST /xingrg/kc/pszx/mdps_order_operate.html HTTP/1.1" 200 3354
120.253.135.82 - - [23/Jun/2022:11:25:45 +0800] "GET /xingrg/javascript/easyui/themes/default/validatebox.css HTTP/1.1" 404 1104
180.169.147.146 - - [23/Jun/2022:11:25:46 +0800] "GET /xingrg/all/function/internal_message.html?_=1655954743895&CODE_STATE=getMsg HTTP/1.1" 200 27
101.85.95.26 - - [23/Jun/2022:11:25:49 +0800] "GET /xingrg/all/function/internal_message.html?_=1655954747004&CODE_STATE=getMsg HTTP/1.1" 200 27
101.85.54.219 - - [23/Jun/2022:11:25:52 +0800] "POST /xingrg/kc/buy/cgsh_list_operate.html HTTP/1.1" 200 2087
180.156.212.250 - - [23/Jun/2022:11:25:53 +0800] "GET /xingrg/all/function/internal_message.html?_=1655954752486&CODE_STATE=getMsg HTTP/1.1" 200 27
114.83.223.30 - - [23/Jun/2022:11:25:55 +0800] "GET /xingrg/all/function/internal_message.html?_=1655954751113&CODE_STATE=getMsg HTTP/1.1" 200 27
114.95.43.0 - - [23/Jun/2022:11:25:56 +0800] "GET /xingrg/all/function/internal_message.html?_=1655954660694&CODE_STATE=getMsg HTTP/1.1" 200 27
58.35.194.53 - - [23/Jun/2022:11:25:57 +0800] "GET /xingrg/check_reg.html?_=1655954754744 HTTP/1.1" 200 22
180.156.212.250 - - [23/Jun/2022:11:25:59 +0800] "GET /xingrg/check_reg.html?_=1655954757270 HTTP/1.1" 200 22
180.156.212.250 - - [23/Jun/2022:11:25:59 +0800] "GET /xingrg/all/function/internal_message.html?_=1655954757274&CODE_STATE=getMsg HTTP/1.1" 200 27
114.84.82.172 - - [23/Jun/2022:11:25:59 +0800] "GET /xingrg/all/function/internal_message.html?_=1655954758929&CODE_STATE=getMsg HTTP/1.1" 200 27
120.253.135.82 - - [23/Jun/2022:11:26:05 +0800] "GET /xingrg/all/function/internal_message.html?_=1655954901658&CODE_STATE=getMsg HTTP/1.1" 200 27
114.83.223.30 - - [23/Jun/2022:11:26:07 +0800] "GET /xingrg/kc/buy/cgsh_order_add.html HTTP/1.1" 200 67832
114.83.223.30 - - [23/Jun/2022:11:26:07 +0800] "GET /xingrg/javascript/easyui/themes/default/validatebox.css HTTP/1.1" 404 1104
114.83.223.30 - - [23/Jun/2022:11:26:07 +0800] "POST /xingrg/kc/buy/cgsh_order_operate.html HTTP/1.1" 200 8245
101.85.54.219 - - [23/Jun/2022:11:26:07 +0800] "POST /xingrg/kc/buy/cgsh_list_operate.html HTTP/1.1" 200 4
101.83.223.227 - - [23/Jun/2022:11:26:10 +0800] "GET /xingrg/all/function/internal_message.html?_=1655954724107&CODE_STATE=getMsg HTTP/1.1" 200 27
101.85.54.219 - - [23/Jun/2022:11:26:11 +0800] "POST /xingrg/kc/buy/cgsh_list_operate.html HTTP/1.1" 200 693
101.85.54.219 - - [23/Jun/2022:11:26:19 +0800] "GET /xingrg/kc/buy/cgsh_order_add.html HTTP/1.1" 200 66939
101.85.54.219 - - [23/Jun/2022:11:26:19 +0800] "GET /xingrg/words/20220623090851_words.js HTTP/1.1" 304 -
101.85.54.219 - - [23/Jun/2022:11:26:19 +0800] "POST /xingrg/kc/buy/cgsh_order_operate.html HTTP/1.1" 200 8245
101.85.54.219 - - [23/Jun/2022:11:26:19 +0800] "GET /xingrg/javascript/easyui/themes/default/validatebox.css HTTP/1.1" 404 1104
101.83.223.227 - - [23/Jun/2022:11:26:20 +0800] "GET /xingrg/all/function/internal_message.html?_=1655954776356&CODE_STATE=getMsg HTTP/1.1" 200 27
114.95.43.0 - - [23/Jun/2022:11:26:20 +0800] "GET /xingrg/all/function/internal_message.html?_=1655954780906&CODE_STATE=getMsg HTTP/1.1" 200 27
120.253.135.82 - - [23/Jun/2022:11:26:20 +0800] "POST /xingrg/kc/pszx/mdps_list_operate.html HTTP/1.1" 200 5378
172.20.0.100 - - [23/Jun/2022:11:26:21 +0800] "GET /xingrg/all/function/internal_message.html?_=1655954781175&CODE_STATE=getMsg HTTP/1.1" 200 27
172.20.0.100 - - [23/Jun/2022:11:26:21 +0800] "GET /xingrg/check_reg.html?_=1655954781181 HTTP/1.1" 200 22
120.253.135.82 - - [23/Jun/2022:11:26:24 +0800] "POST /xingrg/kc/pszx/mdps_list_operate.html HTTP/1.1" 200 214
120.253.135.82 - - [23/Jun/2022:11:26:25 +0800] "GET /xingrg/kc/pszx/mdps_order_info.html?code=312022062300365 HTTP/1.1" 200 23978
120.253.135.82 - - [23/Jun/2022:11:26:25 +0800] "POST /xingrg/kc/pszx/mdps_order_operate.html HTTP/1.1" 200 2301
120.253.135.82 - - [23/Jun/2022:11:26:25 +0800] "GET /xingrg/javascript/easyui/themes/default/validatebox.css HTTP/1.1" 404 1104
114.83.223.30 - - [23/Jun/2022:11:26:27 +0800] "GET /xingrg/kc/buy/cgsh_order_operate.html?command=get_materiel&rest_code=00149&code=00101004010&supplier_code=00100083&order_time=2022-06-23 HTTP/1.1" 200 427
120.253.135.82 - - [23/Jun/2022:11:26:28 +0800] "POST /xingrg/kc/pszx/mdps_list_operate.html HTTP/1.1" 200 5378
120.253.135.82 - - [23/Jun/2022:11:26:30 +0800] "POST /xingrg/kc/pszx/mdps_list_operate.html HTTP/1.1" 200 406
120.253.135.82 - - [23/Jun/2022:11:26:30 +0800] "GET /xingrg/kc/pszx/mdps_order_info.html?code=312022062300364 HTTP/1.1" 200 23976
120.253.135.82 - - [23/Jun/2022:11:26:30 +0800] "POST /xingrg/kc/pszx/mdps_order_operate.html HTTP/1.1" 200 3354
120.253.135.82 - - [23/Jun/2022:11:26:30 +0800] "GET /xingrg/javascript/easyui/themes/default/validatebox.css HTTP/1.1" 404 1104
101.85.54.219 - - [23/Jun/2022:11:26:32 +0800] "GET /xingrg/check_reg.html?_=1655954767414 HTTP/1.1" 200 22
101.85.54.219 - - [23/Jun/2022:11:26:32 +0800] "GET /xingrg/all/function/internal_message.html?_=1655954767581&CODE_STATE=getMsg HTTP/1.1" 200 27
120.253.135.82 - - [23/Jun/2022:11:26:32 +0800] "POST /xingrg/kc/pszx/mdps_list_operate.html HTTP/1.1" 200 5378
101.85.54.219 - - [23/Jun/2022:11:26:34 +0800] "GET /xingrg/kc/buy/cgsh_order_operate.html?command=get_materiel&rest_code=00145&code=00101011005&supplier_code=00100047&order_time=2022-06-15 HTTP/1.1" 200 408
58.35.194.53 - - [23/Jun/2022:11:26:34 +0800] "GET /xingrg/all/function/internal_message.html?_=1655954792152&CODE_STATE=getMsg HTTP/1.1" 200 27
114.88.162.248 - - [23/Jun/2022:11:26:35 +0800] "GET /xingrg/all/function/internal_message.html?_=1655954791129&CODE_STATE=getMsg HTTP/1.1" 200 27
120.253.135.82 - - [23/Jun/2022:11:26:38 +0800] "POST /xingrg/kc/pszx/mdps_list_operate.html HTTP/1.1" 200 282
120.253.135.82 - - [23/Jun/2022:11:26:38 +0800] "GET /xingrg/kc/pszx/mdps_order_info.html?code=312022062300366 HTTP/1.1" 200 23976
120.253.135.82 - - [23/Jun/2022:11:26:39 +0800] "POST /xingrg/kc/pszx/mdps_order_operate.html HTTP/1.1" 200 2773
120.253.135.82 - - [23/Jun/2022:11:26:39 +0800] "GET /xingrg/javascript/easyui/themes/default/validatebox.css HTTP/1.1" 404 1104
114.83.223.30 - - [23/Jun/2022:11:26:39 +0800] "GET /xingrg/kc/buy/cgsh_order_operate.html?command=get_materiel&rest_code=00149&code=00101004067&supplier_code=00100083&order_time=2022-06-23 HTTP/1.1" 200 429
218.81.223.53 - - [23/Jun/2022:11:26:39 +0800] "GET /xingrg/all/function/internal_message.html?_=1655954811598&CODE_STATE=getMsg HTTP/1.1" 200 27
114.95.43.0 - - [23/Jun/2022:11:26:42 +0800] "POST /xingrg/kc/buy/cgsh_order_operate.html HTTP/1.1" 200 37
116.237.74.198 - - [23/Jun/2022:11:26:42 +0800] "GET /xingrg/all/function/internal_message.html?_=1655954801537&CODE_STATE=getMsg HTTP/1.1" 200 27
116.237.74.198 - - [23/Jun/2022:11:26:42 +0800] "GET /xingrg/check_reg.html?_=1655954801867 HTTP/1.1" 200 22
101.85.54.219 - - [23/Jun/2022:11:26:44 +0800] "GET /xingrg/kc/buy/cgsh_order_operate.html?command=get_materiel&rest_code=00145&code=00101011001&supplier_code=00100047&order_time=2022-06-15 HTTP/1.1" 200 423
114.95.43.0 - - [23/Jun/2022:11:26:45 +0800] "POST /xingrg/kc/buy/cgsh_order_operate.html HTTP/1.1" 200 2690
180.169.147.146 - - [23/Jun/2022:11:26:46 +0800] "GET /xingrg/all/function/internal_message.html?_=1655954803877&CODE_STATE=getMsg HTTP/1.1" 200 27
172.20.0.100 - - [23/Jun/2022:11:26:48 +0800] "POST /xingrg/dwr/call/plaincall/AjaxComOrderService.getMaterielSearchList.dwr HTTP/1.1" 200 1744
180.156.212.250 - - [23/Jun/2022:11:26:48 +0800] "GET /xingrg/all/report/report_query.html?isQuery=1&fileName=kc/buy/wlcg_cate_hz.xml&queryString=(CONVERT(char(10)%252Ca.order_time%252C%2520120)%253E%253D'2022-03-01')%2520and%2520(CONVERT(char(10)%252Ca.order_time%252C%2520120)%253C%253D'2022-03-31')%2520and%2520(a.supplier_code%2520in%2520('00100018'))%2520and%2520(a.supplier_code%253D'00100018')&queryText=%25E3%2580%2590%25E9%2587%2587%25E8%25B4%25AD%25E6%2597%25A5%25E6%259C%259F%253A2022-03-01%2520%25E8%2587%25B3%25202022-03-31%25E3%2580%2591%2520%25E5%25B9%25B6%25E4%25B8%2594%2520%2520%25E3%2580%2590%25E4%25BE%259B%25E5%25BA%2594%25E5%2595%2586%2520%253D%2520%25E9%2585%2592%25E6%25B0%25B4%25EF%25BC%2588%25E9%259A%2586%25E5%259F%258E%25EF%25BC%2589%25E3%2580%2591%2520%25E5%25B9%25B6%25E4%25B8%2594%2520%25E3%2580%2590%25E4%25BE%259B%25E5%25BA%2594%25E5%2595%2586%253D%25E9%2585%2592%25E6%25B0%25B4%25EF%25BC%2588%25E9%259A%2586%25E5%259F%258E%25EF%25BC%2589%25E3%2580%2591 HTTP/1.1" 200 54457
180.156.212.250 - - [23/Jun/2022:11:26:48 +0800] "GET /xingrg/dwr/interface/AjaxReportQueryService.js HTTP/1.1" 200 13203
180.156.212.250 - - [23/Jun/2022:11:26:48 +0800] "GET /xingrg/dwr/engine.js HTTP/1.1" 200 43631
101.85.95.26 - - [23/Jun/2022:11:26:49 +0800] "GET /xingrg/all/function/internal_message.html?_=1655954807004&CODE_STATE=getMsg HTTP/1.1" 200 27
114.95.43.0 - - [23/Jun/2022:11:26:49 +0800] "GET /favicon.ico HTTP/1.1" 404 -
101.85.54.219 - - [23/Jun/2022:11:26:49 +0800] "POST /xingrg/kc/buy/cgsh_order_operate.html HTTP/1.1" 200 37
114.95.43.0 - - [23/Jun/2022:11:26:49 +0800] "GET /xingrg/index.html?sysBaseUrl=http%3A%2F%2F180.169.147.146%3A18081%2Fxingrg%2F&costTime=36×tamp=1585223203754 HTTP/1.1" 302 -
114.95.43.0 - - [23/Jun/2022:11:26:49 +0800] "GET /xingrg/login.html HTTP/1.1" 200 7641
180.156.212.250 - - [23/Jun/2022:11:26:50 +0800] "POST /xingrg/all/report/load_report_page.html HTTP/1.1" 200 8721
180.156.212.250 - - [23/Jun/2022:11:26:50 +0800] "GET /xingrg/servlets/image?cache=0.11259375637587488&image=px HTTP/1.1" 200 807
114.95.43.0 - - [23/Jun/2022:11:26:50 +0800] "GET /favicon.ico HTTP/1.1" 404 -
172.20.0.100 - - [23/Jun/2022:11:26:50 +0800] "POST /xingrg/dwr/call/plaincall/AjaxComOrderService.getMaterielByCode.dwr HTTP/1.1" 200 2612
101.85.54.219 - - [23/Jun/2022:11:26:51 +0800] "POST /xingrg/kc/buy/cgsh_order_operate.html HTTP/1.1" 200 3254
114.95.43.0 - - [23/Jun/2022:11:26:53 +0800] "POST /xingrg/login.do HTTP/1.1" 200 2421
114.95.43.0 - - [23/Jun/2022:11:26:53 +0800] "GET /favicon.ico HTTP/1.1" 404 -
180.156.212.250 - - [23/Jun/2022:11:26:53 +0800] "GET /xingrg/all/function/internal_message.html?_=1655954812473&CODE_STATE=getMsg HTTP/1.1" 200 27
114.95.43.0 - - [23/Jun/2022:11:26:54 +0800] "GET /xingrg/login.html HTTP/1.1" 200 7641
114.95.43.0 - - [23/Jun/2022:11:26:54 +0800] "GET /favicon.ico HTTP/1.1" 404 -
172.20.0.100 - - [23/Jun/2022:11:26:55 +0800] "POST /xingrg/dwr/call/plaincall/AjaxCheckService.addOrderItem.dwr HTTP/1.1" 200 709
114.83.223.30 - - [23/Jun/2022:11:26:55 +0800] "GET /xingrg/kc/buy/cgsh_order_operate.html?command=get_materiel&rest_code=00149&code=00101004062&supplier_code=00100083&order_time=2022-06-23 HTTP/1.1" 200 410
114.95.43.0 - - [23/Jun/2022:11:26:55 +0800] "POST /xingrg/login.do HTTP/1.1" 302 -
114.95.43.0 - - [23/Jun/2022:11:26:55 +0800] "GET /xingrg/index.html?sysBaseUrl=http%3A%2F%2F180.169.147.146%3A18081%2Fxingrg%2F&costTime=47×tamp=1655954815341 HTTP/1.1" 200 17173
114.95.43.0 - - [23/Jun/2022:11:26:55 +0800] "GET /favicon.ico HTTP/1.1" 404 -
114.95.43.0 - - [23/Jun/2022:11:26:55 +0800] "POST /xingrg/all/common/load_tree.html?tree=area_rest_tree_json&manage=1 HTTP/1.1" 200 3472
114.95.43.0 - - [23/Jun/2022:11:26:55 +0800] "GET /xingrg/all/function/internal_message.html?_=1655954816285&CODE_STATE=count HTTP/1.1" 200 11
114.95.43.0 - - [23/Jun/2022:11:26:55 +0800] "GET /xingrg/check_reg.html?_=1655954816286 HTTP/1.1" 200 22
114.95.43.0 - - [23/Jun/2022:11:26:55 +0800] "POST /xingrg/load_menu.html HTTP/1.1" 200 5138
114.83.223.30 - - [23/Jun/2022:11:26:55 +0800] "GET /xingrg/all/function/internal_message.html?_=1655954811093&CODE_STATE=getMsg HTTP/1.1" 200 27
101.85.54.219 - - [23/Jun/2022:11:26:55 +0800] "GET /xingrg/kc/print/load_data.html?order_code=212022062302821&kc_code=cgsh&condition= HTTP/1.1" 200 958
114.95.43.0 - - [23/Jun/2022:11:26:56 +0800] "GET /xingrg/all/function/internal_message.html?_=1655954720679&CODE_STATE=getMsg HTTP/1.1" 200 27
120.253.135.82 - - [23/Jun/2022:11:26:56 +0800] "GET /xingrg/check_reg.html?_=1655954953064 HTTP/1.1" 200 22
114.83.223.30 - - [23/Jun/2022:11:26:56 +0800] "GET /xingrg/check_reg.html?_=1655954811936 HTTP/1.1" 200 22
114.95.43.0 - - [23/Jun/2022:11:26:57 +0800] "GET /xingrg/kc/buy/cgsh_order_list.html HTTP/1.1" 200 51962
180.156.212.250 - - [23/Jun/2022:11:26:59 +0800] "GET /xingrg/all/function/internal_message.html?_=1655954817269&CODE_STATE=getMsg HTTP/1.1" 200 27
114.84.82.172 - - [23/Jun/2022:11:26:59 +0800] "GET /xingrg/all/function/internal_message.html?_=1655954818928&CODE_STATE=getMsg HTTP/1.1" 200 27
114.84.82.172 - - [23/Jun/2022:11:27:00 +0800] "GET /xingrg/check_reg.html?_=1655954818930 HTTP/1.1" 200 22
114.95.43.0 - - [23/Jun/2022:11:27:00 +0800] "POST /xingrg/kc/buy/cgsh_list_operate.html HTTP/1.1" 200 2334
180.156.212.250 - - [23/Jun/2022:11:27:02 +0800] "POST /xingrg/all/report/load_report_page.html HTTP/1.1" 200 36983
180.156.212.250 - - [23/Jun/2022:11:27:02 +0800] "GET /xingrg/servlets/image?cache=0.007465531817032689&image=px HTTP/1.1" 200 807
114.95.43.0 - - [23/Jun/2022:11:27:02 +0800] "POST /xingrg/kc/buy/cgsh_list_operate.html HTTP/1.1" 200 209
114.95.43.0 - - [23/Jun/2022:11:27:03 +0800] "GET /xingrg/kc/buy/cgsh_order_info.html?code=212022062302818 HTTP/1.1" 200 67825
114.95.43.0 - - [23/Jun/2022:11:27:03 +0800] "GET /xingrg/words/20220623090851_words.js HTTP/1.1" 304 -
172.20.0.100 - - [23/Jun/2022:11:27:03 +0800] "POST /xingrg/dwr/call/plaincall/AjaxCheckService.checkOrder.dwr HTTP/1.1" 200 78
114.95.43.0 - - [23/Jun/2022:11:27:03 +0800] "GET /xingrg/all/common/auto_word.html?type=employee&rest_code=00105 HTTP/1.1" 200 193
114.95.43.0 - - [23/Jun/2022:11:27:03 +0800] "GET /xingrg/all/common/auto_word.html?type=employee&rest_code=00105 HTTP/1.1" 200 193
114.95.43.0 - - [23/Jun/2022:11:27:03 +0800] "GET /xingrg/javascript/easyui/themes/default/validatebox.css HTTP/1.1" 404 1104
114.95.43.0 - - [23/Jun/2022:11:27:04 +0800] "POST /xingrg/kc/buy/cgsh_order_operate.html HTTP/1.1" 200 2690
120.253.135.82 - - [23/Jun/2022:11:27:05 +0800] "GET /xingrg/all/function/internal_message.html?_=1655954961671&CODE_STATE=getMsg HTTP/1.1" 200 27
172.20.0.100 - - [23/Jun/2022:11:27:05 +0800] "GET /xingrg/kc/base/check_order_info.html?code=452022053100504 HTTP/1.1" 200 23096
172.20.0.100 - - [23/Jun/2022:11:27:05 +0800] "GET /xingrg/dwr/interface/AjaxComOrderService.js HTTP/1.1" 200 18264
172.20.0.100 - - [23/Jun/2022:11:27:05 +0800] "GET /xingrg/dwr/interface/AjaxCheckService.js HTTP/1.1" 200 14003
172.20.0.100 - - [23/Jun/2022:11:27:05 +0800] "GET /xingrg/dwr/engine.js HTTP/1.1" 200 43631
114.95.43.0 - - [23/Jun/2022:11:27:05 +0800] "GET /xingrg/kc/print/load_config.html?kc_code=cgsh HTTP/1.1" 200 1943
114.95.43.0 - - [23/Jun/2022:11:27:05 +0800] "GET /xingrg/kc/print/load_data.html?order_code=212022062302818&kc_code=cgsh&condition= HTTP/1.1" 200 675
172.20.0.100 - - [23/Jun/2022:11:27:06 +0800] "GET /xingrg/javascript/jquery_easy_ui/themes/icons/exam_new.png HTTP/1.1" 200 756
172.20.0.100 - - [23/Jun/2022:11:27:06 +0800] "GET /xingrg/javascript/jquery_easy_ui/themes/icons/uncheck_new.png HTTP/1.1" 200 3197
172.20.0.100 - - [23/Jun/2022:11:27:06 +0800] "POST /xingrg/dwr/call/plaincall/AjaxCheckService.loadOrderItems.dwr HTTP/1.1" 200 86625
101.83.223.227 - - [23/Jun/2022:11:27:09 +0800] "GET /xingrg/check_reg.html?_=1655954782995 HTTP/1.1" 200 22
101.83.223.227 - - [23/Jun/2022:11:27:10 +0800] "GET /xingrg/all/function/internal_message.html?_=1655954784121&CODE_STATE=getMsg HTTP/1.1" 200 27
180.156.212.250 - - [23/Jun/2022:11:27:13 +0800] "GET /xingrg/all/report/report_query.html?isQuery=1&fileName=kc/buy/wlcg_mx.xml&queryString=(CONVERT(char(10)%2Ca.order_time%2C%20120)%3E%3D'2022-03-01')%20and%20(CONVERT(char(10)%2Ca.order_time%2C%20120)%3C%3D'2022-03-31')%20and%20(a.supplier_code%20in%20('00100018'))%20and%20(a.supplier_code%3D'00100018')%20and%20(a.materiel_code%3D'00101026081')&queryText=%E3%80%90%E9%87%87%E8%B4%AD%E6%97%A5%E6%9C%9F%3A2022-03-01%20%E8%87%B3%202022-03-31%E3%80%91%20%E5%B9%B6%E4%B8%94%20%20%E3%80%90%E4%BE%9B%E5%BA%94%E5%95%86%20%3D%20%E9%85%92%E6%B0%B4%EF%BC%88%E9%9A%86%E5%9F%8E%EF%BC%89%E3%80%91%20%E5%B9%B6%E4%B8%94%20%E3%80%90%E4%BE%9B%E5%BA%94%E5%95%86%3D%E9%85%92%E6%B0%B4%EF%BC%88%E9%9A%86%E5%9F%8E%EF%BC%89%E3%80%91%20%E5%B9%B6%E4%B8%94%20%E3%80%90%E6%9D%90%E6%96%99%E5%90%8D%E7%A7%B0%20%3D%20%E5%BC%A0%E8%A3%95%E6%96%B0%E4%BC%98%E9%80%89%E7%BA%A7%E8%A7%A3%E7%99%BE%E7%BA%B3%E3%80%91&rand=0.4999211846445351 HTTP/1.1" 200 16411
180.156.212.250 - - [23/Jun/2022:11:27:13 +0800] "GET /xingrg/dwr/interface/AjaxReportQueryService.js HTTP/1.1" 200 13203
180.156.212.250 - - [23/Jun/2022:11:27:13 +0800] "GET /xingrg/all/report/report_query.html?isQuery=1&fileName=kc/buy/wlcg_mx.xml&queryString=(CONVERT(char(10)%2Ca.order_time%2C%20120)%3E%3D'2022-03-01')%20and%20(CONVERT(char(10)%2Ca.order_time%2C%20120)%3C%3D'2022-03-31')%20and%20(a.supplier_code%20in%20('00100018'))%20and%20(a.supplier_code%3D'00100018')%20and%20(a.materiel_code%3D'00101026081')&queryText=%E3%80%90%E9%87%87%E8%B4%AD%E6%97%A5%E6%9C%9F%3A2022-03-01%20%E8%87%B3%202022-03-31%E3%80%91%20%E5%B9%B6%E4%B8%94%20%20%E3%80%90%E4%BE%9B%E5%BA%94%E5%95%86%20%3D%20%E9%85%92%E6%B0%B4%EF%BC%88%E9%9A%86%E5%9F%8E%EF%BC%89%E3%80%91%20%E5%B9%B6%E4%B8%94%20%E3%80%90%E4%BE%9B%E5%BA%94%E5%95%86%3D%E9%85%92%E6%B0%B4%EF%BC%88%E9%9A%86%E5%9F%8E%EF%BC%89%E3%80%91%20%E5%B9%B6%E4%B8%94%20%E3%80%90%E6%9D%90%E6%96%99%E5%90%8D%E7%A7%B0%20%3D%20%E5%BC%A0%E8%A3%95%E6%96%B0%E4%BC%98%E9%80%89%E7%BA%A7%E8%A7%A3%E7%99%BE%E7%BA%B3%E3%80%91&rand=0.4999211846445351 HTTP/1.1" 200 52278
180.156.212.250 - - [23/Jun/2022:11:27:13 +0800] "GET /xingrg/dwr/engine.js HTTP/1.1" 200 43631
180.156.212.250 - - [23/Jun/2022:11:27:14 +0800] "POST /xingrg/all/report/load_report_page.html HTTP/1.1" 200 18866
101.85.54.219 - - [23/Jun/2022:11:27:14 +0800] "GET /xingrg/kc/buy/cgsh_order_add.html HTTP/1.1" 200 66939
180.156.212.250 - - [23/Jun/2022:11:27:14 +0800] "GET /xingrg/servlets/image?cache=0.6657878910222749&image=px HTTP/1.1" 200 807
101.85.54.219 - - [23/Jun/2022:11:27:14 +0800] "POST /xingrg/kc/buy/cgsh_order_operate.html HTTP/1.1" 200 8245
101.85.54.219 - - [23/Jun/2022:11:27:15 +0800] "GET /xingrg/javascript/easyui/themes/default/validatebox.css HTTP/1.1" 404 1104
101.83.223.227 - - [23/Jun/2022:11:27:20 +0800] "GET /xingrg/check_reg.html?_=1655954836359 HTTP/1.1" 200 22
101.83.223.227 - - [23/Jun/2022:11:27:20 +0800] "GET /xingrg/all/function/internal_message.html?_=1655954836365&CODE_STATE=getMsg HTTP/1.1" 200 27
114.83.223.30 - - [23/Jun/2022:11:27:21 +0800] "POST /xingrg/kc/buy/cgsh_order_operate.html HTTP/1.1" 200 37
180.156.212.250 - - [23/Jun/2022:11:27:26 +0800] "GET /xingrg/all/report/report_query.html?isQuery=1&fileName=kc/buy/wlcg_mx.xml&queryString=(CONVERT(char(10)%2Ca.order_time%2C%20120)%3E%3D'2022-03-01')%20and%20(CONVERT(char(10)%2Ca.order_time%2C%20120)%3C%3D'2022-03-31')%20and%20(a.supplier_code%20in%20('00100018'))%20and%20(a.supplier_code%3D'00100018')%20and%20(a.materiel_code%3D'00101028011')&queryText=%E3%80%90%E9%87%87%E8%B4%AD%E6%97%A5%E6%9C%9F%3A2022-03-01%20%E8%87%B3%202022-03-31%E3%80%91%20%E5%B9%B6%E4%B8%94%20%20%E3%80%90%E4%BE%9B%E5%BA%94%E5%95%86%20%3D%20%E9%85%92%E6%B0%B4%EF%BC%88%E9%9A%86%E5%9F%8E%EF%BC%89%E3%80%91%20%E5%B9%B6%E4%B8%94%20%E3%80%90%E4%BE%9B%E5%BA%94%E5%95%86%3D%E9%85%92%E6%B0%B4%EF%BC%88%E9%9A%86%E5%9F%8E%EF%BC%89%E3%80%91%20%E5%B9%B6%E4%B8%94%20%E3%80%90%E6%9D%90%E6%96%99%E5%90%8D%E7%A7%B0%20%3D%20%E9%9D%92%E5%B2%9B%E7%BA%AF%E7%94%9F500%E6%AF%AB%E5%8D%87%E3%80%91&rand=0.909510390903257 HTTP/1.1" 200 16411
101.85.54.219 - - [23/Jun/2022:11:27:26 +0800] "GET /xingrg/kc/buy/cgsh_order_operate.html?command=get_materiel&rest_code=00145&code=00101006201&supplier_code=00100176&order_time=2022-06-15 HTTP/1.1" 200 405
180.156.212.250 - - [23/Jun/2022:11:27:26 +0800] "GET /xingrg/all/report/report_query.html?isQuery=1&fileName=kc/buy/wlcg_mx.xml&queryString=(CONVERT(char(10)%2Ca.order_time%2C%20120)%3E%3D'2022-03-01')%20and%20(CONVERT(char(10)%2Ca.order_time%2C%20120)%3C%3D'2022-03-31')%20and%20(a.supplier_code%20in%20('00100018'))%20and%20(a.supplier_code%3D'00100018')%20and%20(a.materiel_code%3D'00101028011')&queryText=%E3%80%90%E9%87%87%E8%B4%AD%E6%97%A5%E6%9C%9F%3A2022-03-01%20%E8%87%B3%202022-03-31%E3%80%91%20%E5%B9%B6%E4%B8%94%20%20%E3%80%90%E4%BE%9B%E5%BA%94%E5%95%86%20%3D%20%E9%85%92%E6%B0%B4%EF%BC%88%E9%9A%86%E5%9F%8E%EF%BC%89%E3%80%91%20%E5%B9%B6%E4%B8%94%20%E3%80%90%E4%BE%9B%E5%BA%94%E5%95%86%3D%E9%85%92%E6%B0%B4%EF%BC%88%E9%9A%86%E5%9F%8E%EF%BC%89%E3%80%91%20%E5%B9%B6%E4%B8%94%20%E3%80%90%E6%9D%90%E6%96%99%E5%90%8D%E7%A7%B0%20%3D%20%E9%9D%92%E5%B2%9B%E7%BA%AF%E7%94%9F500%E6%AF%AB%E5%8D%87%E3%80%91&rand=0.909510390903257 HTTP/1.1" 200 52272
180.156.212.250 - - [23/Jun/2022:11:27:26 +0800] "GET /xingrg/dwr/interface/AjaxReportQueryService.js HTTP/1.1" 200 13203
180.156.212.250 - - [23/Jun/2022:11:27:26 +0800] "GET /xingrg/dwr/engine.js HTTP/1.1" 200 43631
180.156.212.250 - - [23/Jun/2022:11:27:27 +0800] "POST /xingrg/all/report/load_report_page.html HTTP/1.1" 200 18863
180.156.212.250 - - [23/Jun/2022:11:27:27 +0800] "GET /xingrg/servlets/image?cache=0.8859705057241106&image=px HTTP/1.1" 200 807
180.156.212.250 - - [23/Jun/2022:11:27:31 +0800] "GET /xingrg/all/report/report_query.html?isQuery=1&fileName=kc/buy/wlcg_mx.xml&queryString=(CONVERT(char(10)%2Ca.order_time%2C%20120)%3E%3D'2022-03-01')%20and%20(CONVERT(char(10)%2Ca.order_time%2C%20120)%3C%3D'2022-03-31')%20and%20(a.supplier_code%20in%20('00100018'))%20and%20(a.supplier_code%3D'00100018')%20and%20(a.materiel_code%3D'00101029036')&queryText=%E3%80%90%E9%87%87%E8%B4%AD%E6%97%A5%E6%9C%9F%3A2022-03-01%20%E8%87%B3%202022-03-31%E3%80%91%20%E5%B9%B6%E4%B8%94%20%20%E3%80%90%E4%BE%9B%E5%BA%94%E5%95%86%20%3D%20%E9%85%92%E6%B0%B4%EF%BC%88%E9%9A%86%E5%9F%8E%EF%BC%89%E3%80%91%20%E5%B9%B6%E4%B8%94%20%E3%80%90%E4%BE%9B%E5%BA%94%E5%95%86%3D%E9%85%92%E6%B0%B4%EF%BC%88%E9%9A%86%E5%9F%8E%EF%BC%89%E3%80%91%20%E5%B9%B6%E4%B8%94%20%E3%80%90%E6%9D%90%E6%96%99%E5%90%8D%E7%A7%B0%20%3D%20%E8%94%BB%E5%A8%9C%E7%89%B9%E6%9E%9C%E8%82%89%E6%A4%B0%E6%B1%81*1.25%E5%8D%87%E3%80%91&rand=0.009302834287232275 HTTP/1.1" 200 16411
180.156.212.250 - - [23/Jun/2022:11:27:31 +0800] "GET /xingrg/all/report/report_query.html?isQuery=1&fileName=kc/buy/wlcg_mx.xml&queryString=(CONVERT(char(10)%2Ca.order_time%2C%20120)%3E%3D'2022-03-01')%20and%20(CONVERT(char(10)%2Ca.order_time%2C%20120)%3C%3D'2022-03-31')%20and%20(a.supplier_code%20in%20('00100018'))%20and%20(a.supplier_code%3D'00100018')%20and%20(a.materiel_code%3D'00101029036')&queryText=%E3%80%90%E9%87%87%E8%B4%AD%E6%97%A5%E6%9C%9F%3A2022-03-01%20%E8%87%B3%202022-03-31%E3%80%91%20%E5%B9%B6%E4%B8%94%20%20%E3%80%90%E4%BE%9B%E5%BA%94%E5%95%86%20%3D%20%E9%85%92%E6%B0%B4%EF%BC%88%E9%9A%86%E5%9F%8E%EF%BC%89%E3%80%91%20%E5%B9%B6%E4%B8%94%20%E3%80%90%E4%BE%9B%E5%BA%94%E5%95%86%3D%E9%85%92%E6%B0%B4%EF%BC%88%E9%9A%86%E5%9F%8E%EF%BC%89%E3%80%91%20%E5%B9%B6%E4%B8%94%20%E3%80%90%E6%9D%90%E6%96%99%E5%90%8D%E7%A7%B0%20%3D%20%E8%94%BB%E5%A8%9C%E7%89%B9%E6%9E%9C%E8%82%89%E6%A4%B0%E6%B1%81*1.25%E5%8D%87%E3%80%91&rand=0.009302834287232275 HTTP/1.1" 200 52284
180.156.212.250 - - [23/Jun/2022:11:27:31 +0800] "GET /xingrg/dwr/interface/AjaxReportQueryService.js HTTP/1.1" 200 13203
180.156.212.250 - - [23/Jun/2022:11:27:31 +0800] "GET /xingrg/dwr/engine.js HTTP/1.1" 200 43631
114.83.223.30 - - [23/Jun/2022:11:27:32 +0800] "POST /xingrg/kc/buy/cgsh_order_operate.html HTTP/1.1" 200 12
101.85.54.219 - - [23/Jun/2022:11:27:32 +0800] "GET /xingrg/all/function/internal_message.html?_=1655954827583&CODE_STATE=getMsg HTTP/1.1" 200 27
180.156.212.250 - - [23/Jun/2022:11:27:32 +0800] "POST /xingrg/all/report/load_report_page.html HTTP/1.1" 200 18865
180.156.212.250 - - [23/Jun/2022:11:27:32 +0800] "GET /xingrg/servlets/image?cache=0.1647222954105224&image=px HTTP/1.1" 200 807
58.35.194.53 - - [23/Jun/2022:11:27:34 +0800] "GET /xingrg/all/function/internal_message.html?_=1655954852120&CODE_STATE=getMsg HTTP/1.1" 200 27
114.88.162.248 - - [23/Jun/2022:11:27:35 +0800] "GET /xingrg/all/function/internal_message.html?_=1655954851099&CODE_STATE=getMsg HTTP/1.1" 200 27
114.83.223.30 - - [23/Jun/2022:11:27:39 +0800] "GET /xingrg/kc/buy/cgsh_order_info.html?code=212022062302822 HTTP/1.1" 200 62733
114.83.223.30 - - [23/Jun/2022:11:27:39 +0800] "GET /xingrg/javascript/easyui/themes/default/validatebox.css HTTP/1.1" 404 1104
218.81.223.53 - - [23/Jun/2022:11:27:39 +0800] "GET /xingrg/all/function/internal_message.html?_=1655954871612&CODE_STATE=getMsg HTTP/1.1" 200 27
114.83.223.30 - - [23/Jun/2022:11:27:40 +0800] "POST /xingrg/kc/buy/cgsh_order_operate.html HTTP/1.1" 200 1794
101.85.54.219 - - [23/Jun/2022:11:27:41 +0800] "GET /xingrg/kc/buy/cgsh_order_operate.html?command=get_materiel&rest_code=00145&code=00101006122&supplier_code=00100176&order_time=2022-06-15 HTTP/1.1" 200 430
116.237.74.198 - - [23/Jun/2022:11:27:42 +0800] "GET /xingrg/all/function/internal_message.html?_=1655954861535&CODE_STATE=getMsg HTTP/1.1" 200 27
180.169.147.146 - - [23/Jun/2022:11:27:46 +0800] "GET /xingrg/all/function/internal_message.html?_=1655954863857&CODE_STATE=getMsg HTTP/1.1" 200 27
101.85.54.219 - - [23/Jun/2022:11:27:47 +0800] "POST /xingrg/kc/buy/cgsh_order_operate.html HTTP/1.1" 200 37
101.85.54.219 - - [23/Jun/2022:11:27:48 +0800] "POST /xingrg/kc/buy/cgsh_order_operate.html HTTP/1.1" 200 3238
101.85.95.26 - - [23/Jun/2022:11:27:49 +0800] "GET /xingrg/check_reg.html?_=1655954867003 HTTP/1.1" 200 22
101.85.95.26 - - [23/Jun/2022:11:27:49 +0800] "GET /xingrg/all/function/internal_message.html?_=1655954867006&CODE_STATE=getMsg HTTP/1.1" 200 27
114.83.223.30 - - [23/Jun/2022:11:27:50 +0800] "GET /xingrg/kc/print/load_data.html?order_code=212022062302822&kc_code=cgsh&condition= HTTP/1.1" 200 1179
101.85.54.219 - - [23/Jun/2022:11:27:50 +0800] "GET /xingrg/kc/print/load_data.html?order_code=212022062302823&kc_code=cgsh&condition= HTTP/1.1" 200 907
180.156.212.250 - - [23/Jun/2022:11:27:53 +0800] "GET /xingrg/all/function/internal_message.html?_=1655954872479&CODE_STATE=getMsg HTTP/1.1" 200 27
114.95.43.0 - - [23/Jun/2022:11:27:55 +0800] "GET /xingrg/all/function/internal_message.html?_=1655954876295&CODE_STATE=getMsg HTTP/1.1" 200 27
114.83.223.30 - - [23/Jun/2022:11:27:55 +0800] "GET /xingrg/all/function/internal_message.html?_=1655954871081&CODE_STATE=getMsg HTTP/1.1" 200 27
114.95.43.0 - - [23/Jun/2022:11:27:56 +0800] "GET /xingrg/all/function/internal_message.html?_=1655954780679&CODE_STATE=getMsg HTTP/1.1" 200 27
114.95.43.0 - - [23/Jun/2022:11:27:56 +0800] "GET /xingrg/check_reg.html?_=1655954780682 HTTP/1.1" 200 22
180.156.212.250 - - [23/Jun/2022:11:27:59 +0800] "GET /xingrg/all/function/internal_message.html?_=1655954877265&CODE_STATE=getMsg HTTP/1.1" 200 27
114.84.82.172 - - [23/Jun/2022:11:27:59 +0800] "GET /xingrg/all/function/internal_message.html?_=1655954878930&CODE_STATE=getMsg HTTP/1.1" 200 27
120.253.135.82 - - [23/Jun/2022:11:28:05 +0800] "GET /xingrg/all/function/internal_message.html?_=1655955021686&CODE_STATE=getMsg HTTP/1.1" 200 27
101.83.223.227 - - [23/Jun/2022:11:28:10 +0800] "GET /xingrg/all/function/internal_message.html?_=1655954844135&CODE_STATE=getMsg HTTP/1.1" 200 27
180.169.147.146 - - [23/Jun/2022:11:28:11 +0800] "GET /xingrg/check_reg.html?_=1655954889667 HTTP/1.1" 200 22
114.83.223.30 - - [23/Jun/2022:11:28:14 +0800] "GET /xingrg/kc/buy/cgsh_order_add.html HTTP/1.1" 200 67832
114.83.223.30 - - [23/Jun/2022:11:28:14 +0800] "POST /xingrg/kc/buy/cgsh_order_operate.html HTTP/1.1" 200 8245
114.83.223.30 - - [23/Jun/2022:11:28:14 +0800] "GET /xingrg/javascript/easyui/themes/default/validatebox.css HTTP/1.1" 404 1104
114.83.223.30 - - [23/Jun/2022:11:28:17 +0800] "GET /xingrg/javascript/auto/indicator.gif HTTP/1.1" 404 1066
101.83.223.227 - - [23/Jun/2022:11:28:20 +0800] "GET /xingrg/all/function/internal_message.html?_=1655954896363&CODE_STATE=getMsg HTTP/1.1" 200 27
114.83.223.30 - - [23/Jun/2022:11:28:22 +0800] "GET /xingrg/javascript/jquery_tools/images/prev.gif HTTP/1.1" 404 1086
114.83.223.30 - - [23/Jun/2022:11:28:22 +0800] "GET /xingrg/javascript/jquery_tools/images/next.gif HTTP/1.1" 404 1086
120.253.135.82 - - [23/Jun/2022:11:28:27 +0800] "POST /xingrg/kc/pszx/mdps_list_operate.html HTTP/1.1" 200 5378
101.85.54.219 - - [23/Jun/2022:11:28:32 +0800] "GET /xingrg/all/function/internal_message.html?_=1655954887581&CODE_STATE=getMsg HTTP/1.1" 200 27
120.253.135.82 - - [23/Jun/2022:11:28:33 +0800] "POST /xingrg/kc/pszx/mdps_list_operate.html HTTP/1.1" 200 5245
58.35.194.53 - - [23/Jun/2022:11:28:34 +0800] "GET /xingrg/all/function/internal_message.html?_=1655954912108&CODE_STATE=getMsg HTTP/1.1" 200 27
114.88.162.248 - - [23/Jun/2022:11:28:35 +0800] "GET /xingrg/all/function/internal_message.html?_=1655954911069&CODE_STATE=getMsg HTTP/1.1" 200 27
120.253.135.82 - - [23/Jun/2022:11:28:37 +0800] "POST /xingrg/kc/pszx/mdps_list_operate.html HTTP/1.1" 200 293
120.253.135.82 - - [23/Jun/2022:11:28:37 +0800] "GET /xingrg/kc/pszx/mdps_order_info.html?code=312022062300381 HTTP/1.1" 200 23974
120.253.135.82 - - [23/Jun/2022:11:28:38 +0800] "POST /xingrg/kc/pszx/mdps_order_operate.html HTTP/1.1" 200 2793
120.253.135.82 - - [23/Jun/2022:11:28:38 +0800] "GET /xingrg/javascript/easyui/themes/default/validatebox.css HTTP/1.1" 404 1104
218.81.223.53 - - [23/Jun/2022:11:28:40 +0800] "GET /xingrg/all/function/internal_message.html?_=1655954931829&CODE_STATE=getMsg HTTP/1.1" 200 27
120.253.135.82 - - [23/Jun/2022:11:28:41 +0800] "POST /xingrg/kc/pszx/mdps_list_operate.html HTTP/1.1" 200 5245
116.237.74.198 - - [23/Jun/2022:11:28:42 +0800] "GET /xingrg/all/function/internal_message.html?_=1655954921537&CODE_STATE=getMsg HTTP/1.1" 200 27
120.253.135.82 - - [23/Jun/2022:11:28:44 +0800] "POST /xingrg/kc/pszx/mdps_list_operate.html HTTP/1.1" 200 445
120.253.135.82 - - [23/Jun/2022:11:28:45 +0800] "GET /xingrg/kc/pszx/mdps_order_info.html?code=312022062300374 HTTP/1.1" 200 23982
120.253.135.82 - - [23/Jun/2022:11:28:45 +0800] "POST /xingrg/kc/pszx/mdps_order_operate.html HTTP/1.1" 200 3790
120.253.135.82 - - [23/Jun/2022:11:28:45 +0800] "GET /xingrg/javascript/easyui/themes/default/validatebox.css HTTP/1.1" 404 1104
180.169.147.146 - - [23/Jun/2022:11:28:46 +0800] "GET /xingrg/all/function/internal_message.html?_=1655954923844&CODE_STATE=getMsg HTTP/1.1" 200 27
101.85.95.26 - - [23/Jun/2022:11:28:49 +0800] "GET /xingrg/all/function/internal_message.html?_=1655954927000&CODE_STATE=getMsg HTTP/1.1" 200 27
180.156.212.250 - - [23/Jun/2022:11:28:53 +0800] "GET /xingrg/all/function/internal_message.html?_=1655954932485&CODE_STATE=getMsg HTTP/1.1" 200 27
114.95.43.0 - - [23/Jun/2022:11:28:55 +0800] "GET /xingrg/all/function/internal_message.html?_=1655954936290&CODE_STATE=getMsg HTTP/1.1" 200 27
114.83.223.30 - - [23/Jun/2022:11:28:55 +0800] "GET /xingrg/all/function/internal_message.html?_=1655954931058&CODE_STATE=getMsg HTTP/1.1" 200 27
114.95.43.0 - - [23/Jun/2022:11:28:56 +0800] "GET /xingrg/all/function/internal_message.html?_=1655954840683&CODE_STATE=getMsg HTTP/1.1" 200 27
180.156.212.250 - - [23/Jun/2022:11:28:59 +0800] "GET /xingrg/all/function/internal_message.html?_=1655954937278&CODE_STATE=getMsg HTTP/1.1" 200 27
114.84.82.172 - - [23/Jun/2022:11:28:59 +0800] "GET /xingrg/all/function/internal_message.html?_=1655954938930&CODE_STATE=getMsg HTTP/1.1" 200 27
120.253.135.82 - - [23/Jun/2022:11:29:05 +0800] "GET /xingrg/all/function/internal_message.html?_=1655955081699&CODE_STATE=getMsg HTTP/1.1" 200 27
101.83.223.227 - - [23/Jun/2022:11:29:10 +0800] "GET /xingrg/all/function/internal_message.html?_=1655954904148&CODE_STATE=getMsg HTTP/1.1" 200 27
101.85.54.219 - - [23/Jun/2022:11:29:18 +0800] "GET /xingrg/kc/buy/cgsh_order_add.html HTTP/1.1" 200 66939
101.85.54.219 - - [23/Jun/2022:11:29:18 +0800] "POST /xingrg/kc/buy/cgsh_order_operate.html HTTP/1.1" 200 8245
101.85.54.219 - - [23/Jun/2022:11:29:18 +0800] "GET /xingrg/javascript/easyui/themes/default/validatebox.css HTTP/1.1" 404 1104
101.83.223.227 - - [23/Jun/2022:11:29:20 +0800] "GET /xingrg/all/function/internal_message.html?_=1655954956367&CODE_STATE=getMsg HTTP/1.1" 200 27
101.85.54.219 - - [23/Jun/2022:11:29:32 +0800] "GET /xingrg/all/function/internal_message.html?_=1655954947589&CODE_STATE=getMsg HTTP/1.1" 200 27
58.35.194.53 - - [23/Jun/2022:11:29:34 +0800] "GET /xingrg/all/function/internal_message.html?_=1655954972093&CODE_STATE=getMsg HTTP/1.1" 200 27
114.88.162.248 - - [23/Jun/2022:11:29:35 +0800] "GET /xingrg/all/function/internal_message.html?_=1655954971039&CODE_STATE=getMsg HTTP/1.1" 200 27
101.85.54.219 - - [23/Jun/2022:11:29:37 +0800] "GET /xingrg/kc/buy/cgsh_order_operate.html?command=get_materiel&rest_code=00145&code=00101010161&supplier_code=00100185&order_time=2022-06-15 HTTP/1.1" 200 409
218.81.223.53 - - [23/Jun/2022:11:29:40 +0800] "GET /xingrg/all/function/internal_message.html?_=1655954991844&CODE_STATE=getMsg HTTP/1.1" 200 27
116.237.74.198 - - [23/Jun/2022:11:29:42 +0800] "GET /xingrg/all/function/internal_message.html?_=1655954981565&CODE_STATE=getMsg HTTP/1.1" 200 27
116.230.110.173 - - [23/Jun/2022:11:29:45 +0800] "POST /xingrg/services/DataTransmitService HTTP/1.1" 200 524
116.230.110.173 - - [23/Jun/2022:11:29:45 +0800] "POST /xingrg/services/DataTransmitService HTTP/1.1" 200 2159
180.169.147.146 - - [23/Jun/2022:11:29:46 +0800] "GET /xingrg/all/function/internal_message.html?_=1655954983846&CODE_STATE=getMsg HTTP/1.1" 200 27
180.156.212.250 - - [23/Jun/2022:11:29:47 +0800] "GET /xingrg/all/report/report_query.html?isQuery=1&fileName=kc/buy/wlcg_mx.xml&queryString=(CONVERT(char(10)%2Ca.order_time%2C%20120)%3E%3D'2022-03-01')%20and%20(CONVERT(char(10)%2Ca.order_time%2C%20120)%3C%3D'2022-03-31')%20and%20(a.supplier_code%20in%20('00100018'))%20and%20(a.supplier_code%3D'00100018')%20and%20(a.materiel_code%3D'00101027031')&queryText=%E3%80%90%E9%87%87%E8%B4%AD%E6%97%A5%E6%9C%9F%3A2022-03-01%20%E8%87%B3%202022-03-31%E3%80%91%20%E5%B9%B6%E4%B8%94%20%20%E3%80%90%E4%BE%9B%E5%BA%94%E5%95%86%20%3D%20%E9%85%92%E6%B0%B4%EF%BC%88%E9%9A%86%E5%9F%8E%EF%BC%89%E3%80%91%20%E5%B9%B6%E4%B8%94%20%E3%80%90%E4%BE%9B%E5%BA%94%E5%95%86%3D%E9%85%92%E6%B0%B4%EF%BC%88%E9%9A%86%E5%9F%8E%EF%BC%89%E3%80%91%20%E5%B9%B6%E4%B8%94%20%E3%80%90%E6%9D%90%E6%96%99%E5%90%8D%E7%A7%B0%20%3D%20%E4%B9%8C%E6%AF%A1%E5%B8%BD%E5%86%B0%E4%B8%80%E5%8F%B7%E3%80%91&rand=0.6861162424231154 HTTP/1.1" 200 16411
