114.88.162.248 - - [23/Jun/2022:11:14:35 +0800] "GET /xingrg/all/function/internal_message.html?_=1655954071395&CODE_STATE=getMsg HTTP/1.1" 200 27
218.81.223.53 - - [23/Jun/2022:11:14:39 +0800] "GET /xingrg/all/function/internal_message.html?_=1655954091076&CODE_STATE=getMsg HTTP/1.1" 200 27
116.237.74.198 - - [23/Jun/2022:11:14:42 +0800] "GET /xingrg/all/function/internal_message.html?_=1655954081695&CODE_STATE=getMsg HTTP/1.1" 200 27
180.169.147.146 - - [23/Jun/2022:11:14:46 +0800] "GET /xingrg/all/function/internal_message.html?_=1655954084048&CODE_STATE=getMsg HTTP/1.1" 200 27
101.85.54.219 - - [23/Jun/2022:11:14:46 +0800] "GET /xingrg/kc/buy/cgsh_order_add.html HTTP/1.1" 200 66939
172.20.0.100 - - [23/Jun/2022:11:14:46 +0800] "GET /xingrg/javascript/jquery_easy_ui/themes/default/images/tabs_active.png HTTP/1.1" 200 2894
101.85.54.219 - - [23/Jun/2022:11:14:47 +0800] "POST /xingrg/kc/buy/cgsh_order_operate.html HTTP/1.1" 200 8245
101.85.54.219 - - [23/Jun/2022:11:14:47 +0800] "GET /xingrg/javascript/easyui/themes/default/validatebox.css HTTP/1.1" 404 1104
101.85.95.26 - - [23/Jun/2022:11:14:49 +0800] "GET /xingrg/all/function/internal_message.html?_=1655954087013&CODE_STATE=getMsg HTTP/1.1" 200 27
172.20.0.100 - - [23/Jun/2022:11:14:50 +0800] "GET /xingrg/javascript/jquery_tools/images/prev.gif HTTP/1.1" 404 1086
172.20.0.100 - - [23/Jun/2022:11:14:50 +0800] "GET /xingrg/javascript/jquery_tools/images/next.gif HTTP/1.1" 404 1086
114.83.223.30 - - [23/Jun/2022:11:14:55 +0800] "GET /xingrg/all/function/internal_message.html?_=1655954090849&CODE_STATE=getMsg HTTP/1.1" 200 27
114.95.43.0 - - [23/Jun/2022:11:14:56 +0800] "GET /xingrg/all/function/internal_message.html?_=1655954000685&CODE_STATE=getMsg HTTP/1.1" 200 27
116.237.74.198 - - [23/Jun/2022:11:14:57 +0800] "GET /xingrg/kc/buy/buy_main.html HTTP/1.1" 200 12412
116.237.74.198 - - [23/Jun/2022:11:14:57 +0800] "GET /xingrg/css/new_ie.css HTTP/1.1" 404 1036
116.237.74.198 - - [23/Jun/2022:11:14:58 +0800] "GET /xingrg/images/yd/bt.gif HTTP/1.1" 404 1040
180.156.212.250 - - [23/Jun/2022:11:14:59 +0800] "GET /xingrg/all/function/internal_message.html?_=1655954097242&CODE_STATE=getMsg HTTP/1.1" 200 27
114.84.82.172 - - [23/Jun/2022:11:14:59 +0800] "GET /xingrg/all/function/internal_message.html?_=1655954098906&CODE_STATE=getMsg HTTP/1.1" 200 27
114.95.43.0 - - [23/Jun/2022:11:15:00 +0800] "GET /xingrg/check_reg.html?_=1655954101018 HTTP/1.1" 200 22
172.20.0.100 - - [23/Jun/2022:11:15:01 +0800] "GET /xingrg/kc/buy/cgsh_order_operate.html?command=get_materiel&rest_code=00111&code=00102009750&supplier_code=00100093&order_time=2022-05-31 HTTP/1.1" 200 412
114.88.162.248 - - [23/Jun/2022:11:15:01 +0800] "GET /xingrg/check_reg.html?_=1655954096749 HTTP/1.1" 200 22
120.253.135.82 - - [23/Jun/2022:11:15:04 +0800] "GET /xingrg/all/function/internal_message.html?_=1655954241291&CODE_STATE=getMsg HTTP/1.1" 200 27
116.237.74.198 - - [23/Jun/2022:11:15:07 +0800] "GET /xingrg/kc/buy/cgsh_order_list.html HTTP/1.1" 200 51962
116.237.74.198 - - [23/Jun/2022:11:15:09 +0800] "POST /xingrg/kc/buy/cgsh_list_operate.html HTTP/1.1" 200 3608
101.83.223.227 - - [23/Jun/2022:11:15:10 +0800] "GET /xingrg/all/function/internal_message.html?_=1655954063965&CODE_STATE=getMsg HTTP/1.1" 200 27
172.20.0.100 - - [23/Jun/2022:11:15:10 +0800] "GET /xingrg/kc/buy/cgsh_order_operate.html?command=get_materiel&rest_code=00111&code=00101003003&supplier_code=00100093&order_time=2022-05-31 HTTP/1.1" 200 434
101.85.54.219 - - [23/Jun/2022:11:15:10 +0800] "GET /xingrg/kc/buy/cgsh_order_operate.html?command=get_materiel&rest_code=00145&code=00101028011&supplier_code=00100017&order_time=2022-06-14 HTTP/1.1" 200 477
101.83.223.227 - - [23/Jun/2022:11:15:20 +0800] "GET /xingrg/all/function/internal_message.html?_=1655954116289&CODE_STATE=getMsg HTTP/1.1" 200 27
114.95.43.0 - - [23/Jun/2022:11:15:20 +0800] "GET /xingrg/all/function/internal_message.html?_=1655954120896&CODE_STATE=getMsg HTTP/1.1" 200 27
101.85.54.219 - - [23/Jun/2022:11:15:21 +0800] "POST /xingrg/kc/buy/cgsh_order_operate.html HTTP/1.1" 200 37
101.85.54.219 - - [23/Jun/2022:11:15:22 +0800] "POST /xingrg/kc/buy/cgsh_order_operate.html HTTP/1.1" 200 2694
172.20.0.100 - - [23/Jun/2022:11:15:29 +0800] "GET /xingrg/all/function/internal_message.html?_=1655954128779&CODE_STATE=getMsg HTTP/1.1" 200 27
101.85.54.219 - - [23/Jun/2022:11:15:32 +0800] "GET /xingrg/all/function/internal_message.html?_=1655954107679&CODE_STATE=getMsg HTTP/1.1" 200 27
101.85.54.219 - - [23/Jun/2022:11:15:33 +0800] "POST /xingrg/kc/buy/cgsh_order_operate.html HTTP/1.1" 200 37
58.35.194.53 - - [23/Jun/2022:11:15:35 +0800] "GET /xingrg/all/function/internal_message.html?_=1655954132408&CODE_STATE=getMsg HTTP/1.1" 200 27
101.85.54.219 - - [23/Jun/2022:11:15:35 +0800] "POST /xingrg/kc/buy/cgsh_order_operate.html HTTP/1.1" 200 2697
114.88.162.248 - - [23/Jun/2022:11:15:35 +0800] "GET /xingrg/all/function/internal_message.html?_=1655954131369&CODE_STATE=getMsg HTTP/1.1" 200 27
101.85.54.219 - - [23/Jun/2022:11:15:36 +0800] "GET /xingrg/kc/print/load_data.html?order_code=212022062302811&kc_code=cgsh&condition= HTTP/1.1" 200 771
218.81.223.53 - - [23/Jun/2022:11:15:39 +0800] "GET /xingrg/check_reg.html?_=1655954150767 HTTP/1.1" 200 22
218.81.223.53 - - [23/Jun/2022:11:15:39 +0800] "GET /xingrg/all/function/internal_message.html?_=1655954151090&CODE_STATE=getMsg HTTP/1.1" 200 27
116.237.74.198 - - [23/Jun/2022:11:15:42 +0800] "GET /xingrg/all/function/internal_message.html?_=1655954141676&CODE_STATE=getMsg HTTP/1.1" 200 27
180.169.147.146 - - [23/Jun/2022:11:15:46 +0800] "GET /xingrg/all/function/internal_message.html?_=1655954144024&CODE_STATE=getMsg HTTP/1.1" 200 27
101.85.95.26 - - [23/Jun/2022:11:15:49 +0800] "GET /xingrg/all/function/internal_message.html?_=1655954147012&CODE_STATE=getMsg HTTP/1.1" 200 27
114.95.43.0 - - [23/Jun/2022:11:15:56 +0800] "GET /xingrg/all/function/internal_message.html?_=1655954060684&CODE_STATE=getMsg HTTP/1.1" 200 27
114.83.223.30 - - [23/Jun/2022:11:15:56 +0800] "GET /xingrg/all/function/internal_message.html?_=1655954150847&CODE_STATE=getMsg HTTP/1.1" 200 27
58.35.194.53 - - [23/Jun/2022:11:15:57 +0800] "GET /xingrg/check_reg.html?_=1655954154736 HTTP/1.1" 200 22
180.156.212.250 - - [23/Jun/2022:11:15:59 +0800] "GET /xingrg/all/function/internal_message.html?_=1655954157256&CODE_STATE=getMsg HTTP/1.1" 200 27
180.156.212.250 - - [23/Jun/2022:11:15:59 +0800] "GET /xingrg/check_reg.html?_=1655954157260 HTTP/1.1" 200 22
116.230.110.173 - - [23/Jun/2022:11:15:59 +0800] "POST /xingrg/services/DataTransmitService HTTP/1.1" 200 524
114.84.82.172 - - [23/Jun/2022:11:15:59 +0800] "GET /xingrg/all/function/internal_message.html?_=1655954158906&CODE_STATE=getMsg HTTP/1.1" 200 27
116.230.110.173 - - [23/Jun/2022:11:16:00 +0800] "POST /xingrg/services/DataTransmitService HTTP/1.1" 200 2159
116.230.110.173 - - [23/Jun/2022:11:16:01 +0800] "POST /xingrg/services/DataTransmitService HTTP/1.1" 200 170852
120.253.135.82 - - [23/Jun/2022:11:16:04 +0800] "GET /xingrg/all/function/internal_message.html?_=1655954301304&CODE_STATE=getMsg HTTP/1.1" 200 27
101.83.223.227 - - [23/Jun/2022:11:16:10 +0800] "GET /xingrg/all/function/internal_message.html?_=1655954123971&CODE_STATE=getMsg HTTP/1.1" 200 27
101.85.54.219 - - [23/Jun/2022:11:16:12 +0800] "GET /xingrg/kc/buy/cgsh_order_add.html HTTP/1.1" 200 66939
101.85.54.219 - - [23/Jun/2022:11:16:12 +0800] "GET /xingrg/javascript/easyui/themes/default/validatebox.css HTTP/1.1" 404 1104
101.85.54.219 - - [23/Jun/2022:11:16:12 +0800] "POST /xingrg/kc/buy/cgsh_order_operate.html HTTP/1.1" 200 8245
58.221.95.50 - - [23/Jun/2022:11:16:16 +0800] "GET /xingrg/check_reg.html?_=1655954173756 HTTP/1.1" 302 -
101.83.223.227 - - [23/Jun/2022:11:16:20 +0800] "GET /xingrg/all/function/internal_message.html?_=1655954176308&CODE_STATE=getMsg HTTP/1.1" 200 27
114.95.43.0 - - [23/Jun/2022:11:16:20 +0800] "GET /xingrg/all/function/internal_message.html?_=1655954180892&CODE_STATE=getMsg HTTP/1.1" 200 27
101.85.54.219 - - [23/Jun/2022:11:16:28 +0800] "GET /xingrg/kc/buy/cgsh_order_operate.html?command=get_materiel&rest_code=00145&code=00101008370&supplier_code=00100007&order_time=2022-06-14 HTTP/1.1" 200 412
172.20.0.100 - - [23/Jun/2022:11:16:29 +0800] "GET /xingrg/all/function/internal_message.html?_=1655954188788&CODE_STATE=getMsg HTTP/1.1" 200 27
114.83.223.30 - - [23/Jun/2022:11:16:31 +0800] "GET /xingrg/kc/buy/cgsh_order_add.html HTTP/1.1" 200 67832
114.83.223.30 - - [23/Jun/2022:11:16:31 +0800] "GET /xingrg/words/20220623090851_words.js HTTP/1.1" 304 -
114.83.223.30 - - [23/Jun/2022:11:16:31 +0800] "POST /xingrg/kc/buy/cgsh_order_operate.html HTTP/1.1" 200 8245
114.83.223.30 - - [23/Jun/2022:11:16:31 +0800] "GET /xingrg/javascript/easyui/themes/default/validatebox.css HTTP/1.1" 404 1104
101.85.54.219 - - [23/Jun/2022:11:16:32 +0800] "GET /xingrg/check_reg.html?_=1655954167431 HTTP/1.1" 200 22
101.85.54.219 - - [23/Jun/2022:11:16:32 +0800] "GET /xingrg/all/function/internal_message.html?_=1655954167692&CODE_STATE=getMsg HTTP/1.1" 200 27
58.35.194.53 - - [23/Jun/2022:11:16:34 +0800] "GET /xingrg/all/function/internal_message.html?_=1655954192379&CODE_STATE=getMsg HTTP/1.1" 200 27
114.88.162.248 - - [23/Jun/2022:11:16:35 +0800] "GET /xingrg/all/function/internal_message.html?_=1655954191339&CODE_STATE=getMsg HTTP/1.1" 200 27
218.81.223.53 - - [23/Jun/2022:11:16:39 +0800] "GET /xingrg/all/function/internal_message.html?_=1655954211104&CODE_STATE=getMsg HTTP/1.1" 200 27
114.83.223.30 - - [23/Jun/2022:11:16:41 +0800] "GET /xingrg/kc/buy/cgsh_order_operate.html?command=get_materiel&rest_code=00149&code=00102002453&supplier_code=00100072&order_time=2022-06-23 HTTP/1.1" 200 433
101.85.54.219 - - [23/Jun/2022:11:16:42 +0800] "GET /xingrg/kc/buy/cgsh_order_operate.html?command=get_materiel&rest_code=00145&code=00101008286&supplier_code=00100007&order_time=2022-06-14 HTTP/1.1" 200 410
116.237.74.198 - - [23/Jun/2022:11:16:42 +0800] "GET /xingrg/all/function/internal_message.html?_=1655954201660&CODE_STATE=getMsg HTTP/1.1" 200 27
116.237.74.198 - - [23/Jun/2022:11:16:42 +0800] "GET /xingrg/check_reg.html?_=1655954201881 HTTP/1.1" 200 22
180.169.147.146 - - [23/Jun/2022:11:16:46 +0800] "GET /xingrg/all/function/internal_message.html?_=1655954204020&CODE_STATE=getMsg HTTP/1.1" 200 27
101.85.95.26 - - [23/Jun/2022:11:16:49 +0800] "GET /xingrg/all/function/internal_message.html?_=1655954207011&CODE_STATE=getMsg HTTP/1.1" 200 27
101.85.54.219 - - [23/Jun/2022:11:16:51 +0800] "GET /xingrg/kc/buy/cgsh_order_operate.html?command=get_materiel&rest_code=00145&code=00101008356&supplier_code=00100007&order_time=2022-06-14 HTTP/1.1" 200 409
114.83.223.30 - - [23/Jun/2022:11:16:55 +0800] "GET /xingrg/all/function/internal_message.html?_=1655954210834&CODE_STATE=getMsg HTTP/1.1" 200 27
114.95.43.0 - - [23/Jun/2022:11:16:56 +0800] "GET /xingrg/all/function/internal_message.html?_=1655954120685&CODE_STATE=getMsg HTTP/1.1" 200 27
120.253.135.82 - - [23/Jun/2022:11:16:56 +0800] "GET /xingrg/check_reg.html?_=1655954352879 HTTP/1.1" 200 22
114.83.223.30 - - [23/Jun/2022:11:16:56 +0800] "GET /xingrg/check_reg.html?_=1655954211899 HTTP/1.1" 200 22
180.156.212.250 - - [23/Jun/2022:11:16:59 +0800] "GET /xingrg/all/function/internal_message.html?_=1655954217237&CODE_STATE=getMsg HTTP/1.1" 200 27
114.84.82.172 - - [23/Jun/2022:11:16:59 +0800] "GET /xingrg/all/function/internal_message.html?_=1655954218932&CODE_STATE=getMsg HTTP/1.1" 200 27
114.84.82.172 - - [23/Jun/2022:11:17:00 +0800] "GET /xingrg/check_reg.html?_=1655954218934 HTTP/1.1" 200 22
101.85.54.219 - - [23/Jun/2022:11:17:01 +0800] "GET /xingrg/kc/buy/cgsh_order_operate.html?command=get_materiel&rest_code=00145&code=00101008323&supplier_code=00100007&order_time=2022-06-14 HTTP/1.1" 200 411
120.253.135.82 - - [23/Jun/2022:11:17:04 +0800] "GET /xingrg/all/function/internal_message.html?_=1655954361380&CODE_STATE=getMsg HTTP/1.1" 200 27
101.83.223.227 - - [23/Jun/2022:11:17:09 +0800] "GET /xingrg/check_reg.html?_=1655954182978 HTTP/1.1" 200 22
101.83.223.227 - - [23/Jun/2022:11:17:09 +0800] "GET /xingrg/all/function/internal_message.html?_=1655954183984&CODE_STATE=getMsg HTTP/1.1" 200 27
114.83.223.30 - - [23/Jun/2022:11:17:16 +0800] "POST /xingrg/kc/buy/cgsh_order_operate.html HTTP/1.1" 200 37
101.83.223.227 - - [23/Jun/2022:11:17:20 +0800] "GET /xingrg/all/function/internal_message.html?_=1655954236308&CODE_STATE=getMsg HTTP/1.1" 200 27
101.83.223.227 - - [23/Jun/2022:11:17:20 +0800] "GET /xingrg/check_reg.html?_=1655954236309 HTTP/1.1" 200 22
114.95.43.0 - - [23/Jun/2022:11:17:20 +0800] "GET /xingrg/all/function/internal_message.html?_=1655954240894&CODE_STATE=getMsg HTTP/1.1" 200 27
114.83.223.30 - - [23/Jun/2022:11:17:22 +0800] "POST /xingrg/kc/buy/cgsh_order_operate.html HTTP/1.1" 200 12
114.83.223.30 - - [23/Jun/2022:11:17:24 +0800] "GET /xingrg/kc/buy/cgsh_order_info.html?code=212022062302812 HTTP/1.1" 200 62737
114.83.223.30 - - [23/Jun/2022:11:17:24 +0800] "GET /xingrg/javascript/easyui/themes/default/validatebox.css HTTP/1.1" 404 1104
114.83.223.30 - - [23/Jun/2022:11:17:25 +0800] "POST /xingrg/kc/buy/cgsh_order_operate.html HTTP/1.1" 200 611
114.83.223.30 - - [23/Jun/2022:11:17:26 +0800] "GET /xingrg/kc/print/load_data.html?order_code=212022062302812&kc_code=cgsh&condition= HTTP/1.1" 200 718
101.85.54.219 - - [23/Jun/2022:11:17:26 +0800] "GET /xingrg/kc/buy/cgsh_order_operate.html?command=get_materiel&rest_code=00145&code=00101008108&supplier_code=00100007&order_time=2022-06-14 HTTP/1.1" 200 412
172.20.0.100 - - [23/Jun/2022:11:17:29 +0800] "GET /xingrg/check_reg.html?_=1655954248788 HTTP/1.1" 200 22
172.20.0.100 - - [23/Jun/2022:11:17:29 +0800] "GET /xingrg/all/function/internal_message.html?_=1655954248793&CODE_STATE=getMsg HTTP/1.1" 200 27
114.83.223.30 - - [23/Jun/2022:11:17:30 +0800] "GET /xingrg/kc/buy/cgsh_order_add.html HTTP/1.1" 200 67832
114.83.223.30 - - [23/Jun/2022:11:17:31 +0800] "GET /xingrg/javascript/easyui/themes/default/validatebox.css HTTP/1.1" 404 1104
114.83.223.30 - - [23/Jun/2022:11:17:31 +0800] "POST /xingrg/kc/buy/cgsh_order_operate.html HTTP/1.1" 200 8245
101.85.54.219 - - [23/Jun/2022:11:17:32 +0800] "GET /xingrg/all/function/internal_message.html?_=1655954227677&CODE_STATE=getMsg HTTP/1.1" 200 27
58.35.194.53 - - [23/Jun/2022:11:17:34 +0800] "GET /xingrg/all/function/internal_message.html?_=1655954252354&CODE_STATE=getMsg HTTP/1.1" 200 27
101.85.54.219 - - [23/Jun/2022:11:17:35 +0800] "GET /xingrg/kc/buy/cgsh_order_operate.html?command=get_materiel&rest_code=00145&code=00101008355&supplier_code=00100007&order_time=2022-06-14 HTTP/1.1" 200 408
114.88.162.248 - - [23/Jun/2022:11:17:35 +0800] "GET /xingrg/all/function/internal_message.html?_=1655954251325&CODE_STATE=getMsg HTTP/1.1" 200 27
218.81.223.53 - - [23/Jun/2022:11:17:39 +0800] "GET /xingrg/all/function/internal_message.html?_=1655954271117&CODE_STATE=getMsg HTTP/1.1" 200 27
114.83.223.30 - - [23/Jun/2022:11:17:42 +0800] "GET /xingrg/kc/buy/cgsh_order_operate.html?command=get_materiel&rest_code=00149&code=00101011005&supplier_code=00100051&order_time=2022-06-23 HTTP/1.1" 200 408
116.237.74.198 - - [23/Jun/2022:11:17:42 +0800] "GET /xingrg/all/function/internal_message.html?_=1655954261633&CODE_STATE=getMsg HTTP/1.1" 200 27
101.85.54.219 - - [23/Jun/2022:11:17:43 +0800] "GET /xingrg/kc/buy/cgsh_order_operate.html?command=get_materiel&rest_code=00145&code=00101008353&supplier_code=00100007&order_time=2022-06-14 HTTP/1.1" 200 424
180.169.147.146 - - [23/Jun/2022:11:17:46 +0800] "GET /xingrg/all/function/internal_message.html?_=1655954264000&CODE_STATE=getMsg HTTP/1.1" 200 27
101.85.95.26 - - [23/Jun/2022:11:17:49 +0800] "GET /xingrg/check_reg.html?_=1655954267010 HTTP/1.1" 200 22
101.85.95.26 - - [23/Jun/2022:11:17:49 +0800] "GET /xingrg/all/function/internal_message.html?_=1655954267013&CODE_STATE=getMsg HTTP/1.1" 200 27
101.85.54.219 - - [23/Jun/2022:11:17:51 +0800] "GET /xingrg/kc/buy/cgsh_order_operate.html?command=get_materiel&rest_code=00145&code=00101008300&supplier_code=00100007&order_time=2022-06-14 HTTP/1.1" 200 414
114.83.223.30 - - [23/Jun/2022:11:17:55 +0800] "GET /xingrg/all/function/internal_message.html?_=1655954270816&CODE_STATE=getMsg HTTP/1.1" 200 27
114.95.43.0 - - [23/Jun/2022:11:17:56 +0800] "GET /xingrg/check_reg.html?_=1655954180686 HTTP/1.1" 200 22
114.95.43.0 - - [23/Jun/2022:11:17:56 +0800] "GET /xingrg/all/function/internal_message.html?_=1655954180689&CODE_STATE=getMsg HTTP/1.1" 200 27
180.156.212.250 - - [23/Jun/2022:11:17:59 +0800] "GET /xingrg/all/function/internal_message.html?_=1655954277251&CODE_STATE=getMsg HTTP/1.1" 200 27
114.83.223.30 - - [23/Jun/2022:11:17:59 +0800] "POST /xingrg/kc/buy/cgsh_order_operate.html HTTP/1.1" 200 37
114.84.82.172 - - [23/Jun/2022:11:17:59 +0800] "GET /xingrg/all/function/internal_message.html?_=1655954278932&CODE_STATE=getMsg HTTP/1.1" 200 27
114.83.223.30 - - [23/Jun/2022:11:18:03 +0800] "POST /xingrg/kc/buy/cgsh_order_operate.html HTTP/1.1" 200 12
120.253.135.82 - - [23/Jun/2022:11:18:04 +0800] "GET /xingrg/all/function/internal_message.html?_=1655954421393&CODE_STATE=getMsg HTTP/1.1" 200 27
114.83.223.30 - - [23/Jun/2022:11:18:05 +0800] "GET /xingrg/kc/buy/cgsh_order_info.html?code=212022062302813 HTTP/1.1" 200 62735
114.83.223.30 - - [23/Jun/2022:11:18:06 +0800] "GET /xingrg/javascript/easyui/themes/default/validatebox.css HTTP/1.1" 404 1104
172.20.0.100 - - [23/Jun/2022:11:18:08 +0800] "GET /xingrg/kc/buy/cgsh_order_operate.html?command=get_materiel&rest_code=00111&code=00102002195&supplier_code=00100093&order_time=2022-05-31 HTTP/1.1" 200 414
114.83.223.30 - - [23/Jun/2022:11:18:09 +0800] "POST /xingrg/kc/buy/cgsh_order_operate.html HTTP/1.1" 200 606
101.83.223.227 - - [23/Jun/2022:11:18:10 +0800] "GET /xingrg/all/function/internal_message.html?_=1655954243999&CODE_STATE=getMsg HTTP/1.1" 200 27
114.83.223.30 - - [23/Jun/2022:11:18:10 +0800] "GET /xingrg/kc/print/load_data.html?order_code=212022062302813&kc_code=cgsh&condition= HTTP/1.1" 200 724
180.169.147.146 - - [23/Jun/2022:11:18:11 +0800] "GET /xingrg/check_reg.html?_=1655954289669 HTTP/1.1" 200 22
114.83.223.30 - - [23/Jun/2022:11:18:14 +0800] "GET /xingrg/kc/buy/cgsh_order_add.html HTTP/1.1" 200 67832
114.83.223.30 - - [23/Jun/2022:11:18:14 +0800] "POST /xingrg/kc/buy/cgsh_order_operate.html HTTP/1.1" 200 8245
114.83.223.30 - - [23/Jun/2022:11:18:14 +0800] "GET /xingrg/javascript/easyui/themes/default/validatebox.css HTTP/1.1" 404 1104
101.85.54.219 - - [23/Jun/2022:11:18:15 +0800] "GET /xingrg/kc/buy/cgsh_order_operate.html?command=get_materiel&rest_code=00145&code=00101012029&supplier_code=00100007&order_time=2022-06-14 HTTP/1.1" 200 412
101.83.223.227 - - [23/Jun/2022:11:18:20 +0800] "GET /xingrg/all/function/internal_message.html?_=1655954296309&CODE_STATE=getMsg HTTP/1.1" 200 27
114.95.43.0 - - [23/Jun/2022:11:18:20 +0800] "GET /xingrg/all/function/internal_message.html?_=1655954300893&CODE_STATE=getMsg HTTP/1.1" 200 27
172.20.0.100 - - [23/Jun/2022:11:18:29 +0800] "GET /xingrg/all/function/internal_message.html?_=1655954308776&CODE_STATE=getMsg HTTP/1.1" 200 27
101.85.54.219 - - [23/Jun/2022:11:18:32 +0800] "GET /xingrg/all/function/internal_message.html?_=1655954287681&CODE_STATE=getMsg HTTP/1.1" 200 27
58.35.194.53 - - [23/Jun/2022:11:18:34 +0800] "GET /xingrg/all/function/internal_message.html?_=1655954312341&CODE_STATE=getMsg HTTP/1.1" 200 27
114.88.162.248 - - [23/Jun/2022:11:18:35 +0800] "GET /xingrg/all/function/internal_message.html?_=1655954311335&CODE_STATE=getMsg HTTP/1.1" 200 27
114.83.223.30 - - [23/Jun/2022:11:18:38 +0800] "GET /xingrg/kc/buy/cgsh_order_operate.html?command=get_materiel&rest_code=00149&code=00101007048&supplier_code=00100205&order_time=2022-06-22 HTTP/1.1" 200 408
218.81.223.53 - - [23/Jun/2022:11:18:39 +0800] "GET /xingrg/all/function/internal_message.html?_=1655954331310&CODE_STATE=getMsg HTTP/1.1" 200 27
116.237.74.198 - - [23/Jun/2022:11:18:42 +0800] "GET /xingrg/all/function/internal_message.html?_=1655954321618&CODE_STATE=getMsg HTTP/1.1" 200 27
114.95.43.0 - - [23/Jun/2022:11:18:45 +0800] "GET /xingrg/kc/buy/cgsh_order_add.html HTTP/1.1" 200 67826
114.95.43.0 - - [23/Jun/2022:11:18:45 +0800] "POST /xingrg/kc/buy/cgsh_order_operate.html HTTP/1.1" 200 8245
114.95.43.0 - - [23/Jun/2022:11:18:46 +0800] "GET /xingrg/javascript/easyui/themes/default/validatebox.css HTTP/1.1" 404 1104
180.169.147.146 - - [23/Jun/2022:11:18:46 +0800] "GET /xingrg/all/function/internal_message.html?_=1655954323987&CODE_STATE=getMsg HTTP/1.1" 200 27
101.85.95.26 - - [23/Jun/2022:11:18:49 +0800] "GET /xingrg/all/function/internal_message.html?_=1655954327013&CODE_STATE=getMsg HTTP/1.1" 200 27
114.95.43.0 - - [23/Jun/2022:11:18:56 +0800] "GET /xingrg/all/function/internal_message.html?_=1655954240688&CODE_STATE=getMsg HTTP/1.1" 200 27
114.83.223.30 - - [23/Jun/2022:11:18:57 +0800] "POST /xingrg/kc/buy/cgsh_order_operate.html HTTP/1.1" 200 64
172.20.0.100 - - [23/Jun/2022:11:18:59 +0800] "POST /xingrg/kc/buy/cgsh_order_operate.html HTTP/1.1" 200 37
180.156.212.250 - - [23/Jun/2022:11:18:59 +0800] "GET /xingrg/all/function/internal_message.html?_=1655954337248&CODE_STATE=getMsg HTTP/1.1" 200 27
114.84.82.172 - - [23/Jun/2022:11:18:59 +0800] "GET /xingrg/all/function/internal_message.html?_=1655954338932&CODE_STATE=getMsg HTTP/1.1" 200 27
172.20.0.100 - - [23/Jun/2022:11:19:02 +0800] "POST /xingrg/kc/buy/cgsh_order_operate.html HTTP/1.1" 200 12
172.20.0.100 - - [23/Jun/2022:11:19:04 +0800] "GET /xingrg/kc/buy/cgsh_order_info.html?code=212022062302814 HTTP/1.1" 200 62824
172.20.0.100 - - [23/Jun/2022:11:19:04 +0800] "GET /xingrg/javascript/easyui/themes/default/validatebox.css HTTP/1.1" 404 1104
120.253.135.82 - - [23/Jun/2022:11:19:04 +0800] "GET /xingrg/all/function/internal_message.html?_=1655954481408&CODE_STATE=getMsg HTTP/1.1" 200 27
172.20.0.100 - - [23/Jun/2022:11:19:05 +0800] "POST /xingrg/kc/buy/cgsh_order_operate.html HTTP/1.1" 200 1836
114.83.223.30 - - [23/Jun/2022:11:19:07 +0800] "POST /xingrg/kc/buy/cgsh_order_operate.html HTTP/1.1" 200 37
172.20.0.100 - - [23/Jun/2022:11:19:07 +0800] "GET /xingrg/kc/base/base_main.html HTTP/1.1" 200 12132
172.20.0.100 - - [23/Jun/2022:11:19:07 +0800] "GET /xingrg/images/blue/button/wlsy.gif HTTP/1.1" 200 2536
172.20.0.100 - - [23/Jun/2022:11:19:07 +0800] "GET /xingrg/images/blue/button/ckpd.gif HTTP/1.1" 200 2051
172.20.0.100 - - [23/Jun/2022:11:19:07 +0800] "GET /xingrg/images/blue/button/kc.gif HTTP/1.1" 200 2160
172.20.0.100 - - [23/Jun/2022:11:19:07 +0800] "GET /xingrg/images/blue/button/ckdb.gif HTTP/1.1" 200 1950
172.20.0.100 - - [23/Jun/2022:11:19:07 +0800] "GET /xingrg/images/blue/button/yddb.gif HTTP/1.1" 200 2040
172.20.0.100 - - [23/Jun/2022:11:19:07 +0800] "GET /xingrg/images/blue/pic_form2.gif HTTP/1.1" 200 1853
172.20.0.100 - - [23/Jun/2022:11:19:07 +0800] "GET /xingrg/images/blue/bg_dotted.jpg HTTP/1.1" 200 319
172.20.0.100 - - [23/Jun/2022:11:19:07 +0800] "GET /xingrg/images/blue/button/top_left.jpg HTTP/1.1" 200 1632
172.20.0.100 - - [23/Jun/2022:11:19:07 +0800] "GET /xingrg/images/blue/button/top_right.jpg HTTP/1.1" 200 1708
172.20.0.100 - - [23/Jun/2022:11:19:07 +0800] "GET /xingrg/images/blue/button/down.jpg HTTP/1.1" 200 1560
172.20.0.100 - - [23/Jun/2022:11:19:07 +0800] "GET /xingrg/images/blue/button/right_ah.jpg HTTP/1.1" 200 1744
172.20.0.100 - - [23/Jun/2022:11:19:07 +0800] "GET /xingrg/images/blue/button/left_ah.jpg HTTP/1.1" 200 1643
172.20.0.100 - - [23/Jun/2022:11:19:07 +0800] "GET /xingrg/images/blue/button/bottom_left.jpg HTTP/1.1" 200 1524
172.20.0.100 - - [23/Jun/2022:11:19:07 +0800] "GET /xingrg/images/blue/button/bottom_right.jpg HTTP/1.1" 200 1436
172.20.0.100 - - [23/Jun/2022:11:19:09 +0800] "GET /xingrg/kc/base/check_order_list.html HTTP/1.1" 200 16502
172.20.0.100 - - [23/Jun/2022:11:19:09 +0800] "POST /xingrg/kc/base/check_list_operate.html HTTP/1.1" 200 1563
101.83.223.227 - - [23/Jun/2022:11:19:10 +0800] "GET /xingrg/all/function/internal_message.html?_=1655954304012&CODE_STATE=getMsg HTTP/1.1" 200 27
114.83.223.30 - - [23/Jun/2022:11:19:10 +0800] "POST /xingrg/kc/buy/cgsh_order_operate.html HTTP/1.1" 200 12
172.20.0.100 - - [23/Jun/2022:11:19:11 +0800] "GET /xingrg/kc/base/check_order_info.html?code=452022053100504 HTTP/1.1" 200 26374
172.20.0.100 - - [23/Jun/2022:11:19:11 +0800] "GET /xingrg/css/table.css HTTP/1.1" 200 3684
172.20.0.100 - - [23/Jun/2022:11:19:11 +0800] "GET /xingrg/dwr/interface/AjaxComOrderService.js HTTP/1.1" 200 18264
172.20.0.100 - - [23/Jun/2022:11:19:11 +0800] "GET /xingrg/dwr/interface/AjaxCheckService.js HTTP/1.1" 200 14003
172.20.0.100 - - [23/Jun/2022:11:19:11 +0800] "GET /xingrg/dwr/engine.js HTTP/1.1" 200 43631
172.20.0.100 - - [23/Jun/2022:11:19:11 +0800] "GET /xingrg/javascript/AjaxInfoList.js HTTP/1.1" 200 3774
172.20.0.100 - - [23/Jun/2022:11:19:12 +0800] "GET /xingrg/javascript/jquery_easy_ui/themes/icons/check_new.png HTTP/1.1" 200 3224
172.20.0.100 - - [23/Jun/2022:11:19:12 +0800] "GET /xingrg/javascript/jquery_easy_ui/themes/icons/cance_new.png HTTP/1.1" 200 3986
114.83.223.30 - - [23/Jun/2022:11:19:12 +0800] "GET /xingrg/kc/buy/cgsh_order_info.html?code=212022062302816 HTTP/1.1" 200 62733
172.20.0.100 - - [23/Jun/2022:11:19:12 +0800] "POST /xingrg/dwr/call/plaincall/AjaxCheckService.loadOrderItems.dwr HTTP/1.1" 200 192182
114.83.223.30 - - [23/Jun/2022:11:19:12 +0800] "GET /xingrg/javascript/easyui/themes/default/validatebox.css HTTP/1.1" 404 1104
172.20.0.100 - - [23/Jun/2022:11:19:13 +0800] "GET /xingrg/javascript/jquery_easy_ui/themes/icons/no.png HTTP/1.1" 200 922
114.83.223.30 - - [23/Jun/2022:11:19:13 +0800] "POST /xingrg/kc/buy/cgsh_order_operate.html HTTP/1.1" 200 605
114.83.223.30 - - [23/Jun/2022:11:19:14 +0800] "GET /xingrg/kc/print/load_data.html?order_code=212022062302816&kc_code=cgsh&condition= HTTP/1.1" 200 695
101.83.223.227 - - [23/Jun/2022:11:19:20 +0800] "GET /xingrg/all/function/internal_message.html?_=1655954356309&CODE_STATE=getMsg HTTP/1.1" 200 27
114.95.43.0 - - [23/Jun/2022:11:19:20 +0800] "GET /xingrg/all/function/internal_message.html?_=1655954360901&CODE_STATE=getMsg HTTP/1.1" 200 27
114.83.223.30 - - [23/Jun/2022:11:19:20 +0800] "GET /xingrg/kc/buy/cgsh_order_add.html HTTP/1.1" 200 67832
114.83.223.30 - - [23/Jun/2022:11:19:20 +0800] "POST /xingrg/kc/buy/cgsh_order_operate.html HTTP/1.1" 200 8245
114.83.223.30 - - [23/Jun/2022:11:19:20 +0800] "GET /xingrg/javascript/easyui/themes/default/validatebox.css HTTP/1.1" 404 1104
172.20.0.100 - - [23/Jun/2022:11:19:25 +0800] "GET /xingrg/javascript/jquery_easy_ui/themes/default/images/button_plain_hover.png HTTP/1.1" 200 252
172.20.0.100 - - [23/Jun/2022:11:19:27 +0800] "POST /xingrg/dwr/call/plaincall/AjaxComOrderService.getMaterielSearchList.dwr HTTP/1.1" 200 1744
172.20.0.100 - - [23/Jun/2022:11:19:29 +0800] "GET /xingrg/all/function/internal_message.html?_=1655954368781&CODE_STATE=getMsg HTTP/1.1" 200 27
101.85.54.219 - - [23/Jun/2022:11:19:29 +0800] "GET /xingrg/kc/buy/cgsh_order_operate.html?command=get_materiel&rest_code=00145&code=00101008350&supplier_code=00100007&order_time=2022-06-14 HTTP/1.1" 200 408
172.20.0.100 - - [23/Jun/2022:11:19:30 +0800] "POST /xingrg/dwr/call/plaincall/AjaxComOrderService.getMaterielByCode.dwr HTTP/1.1" 200 2612
101.85.54.219 - - [23/Jun/2022:11:19:32 +0800] "GET /xingrg/all/function/internal_message.html?_=1655954347658&CODE_STATE=getMsg HTTP/1.1" 200 27
58.35.194.53 - - [23/Jun/2022:11:19:34 +0800] "GET /xingrg/all/function/internal_message.html?_=1655954372326&CODE_STATE=getMsg HTTP/1.1" 200 27
114.88.162.248 - - [23/Jun/2022:11:19:35 +0800] "GET /xingrg/all/function/internal_message.html?_=1655954371305&CODE_STATE=getMsg HTTP/1.1" 200 27
101.85.54.219 - - [23/Jun/2022:11:19:37 +0800] "GET /xingrg/kc/buy/cgsh_order_operate.html?command=get_materiel&rest_code=00145&code=00101008283&supplier_code=00100007&order_time=2022-06-14 HTTP/1.1" 200 408
218.81.223.53 - - [23/Jun/2022:11:19:39 +0800] "GET /xingrg/all/function/internal_message.html?_=1655954391317&CODE_STATE=getMsg HTTP/1.1" 200 27
116.237.74.198 - - [23/Jun/2022:11:19:42 +0800] "GET /xingrg/all/function/internal_message.html?_=1655954381603&CODE_STATE=getMsg HTTP/1.1" 200 27
101.85.54.219 - - [23/Jun/2022:11:19:44 +0800] "GET /xingrg/kc/buy/cgsh_order_operate.html?command=get_materiel&rest_code=00145&code=00101008298&supplier_code=00100007&order_time=2022-06-14 HTTP/1.1" 200 414
180.169.147.146 - - [23/Jun/2022:11:19:46 +0800] "GET /xingrg/all/function/internal_message.html?_=1655954383978&CODE_STATE=getMsg HTTP/1.1" 200 27
101.85.95.26 - - [23/Jun/2022:11:19:49 +0800] "GET /xingrg/all/function/internal_message.html?_=1655954386999&CODE_STATE=getMsg HTTP/1.1" 200 27
114.83.223.30 - - [23/Jun/2022:11:19:55 +0800] "GET /xingrg/all/function/internal_message.html?_=1655954391243&CODE_STATE=getMsg HTTP/1.1" 200 27
114.95.43.0 - - [23/Jun/2022:11:19:56 +0800] "GET /xingrg/all/function/internal_message.html?_=1655954300689&CODE_STATE=getMsg HTTP/1.1" 200 27
101.85.54.219 - - [23/Jun/2022:11:19:59 +0800] "POST /xingrg/kc/buy/cgsh_order_operate.html HTTP/1.1" 200 37
180.156.212.250 - - [23/Jun/2022:11:19:59 +0800] "GET /xingrg/all/function/internal_message.html?_=1655954397245&CODE_STATE=getMsg HTTP/1.1" 200 27
114.84.82.172 - - [23/Jun/2022:11:19:59 +0800] "GET /xingrg/all/function/internal_message.html?_=1655954398932&CODE_STATE=getMsg HTTP/1.1" 200 27
114.95.43.0 - - [23/Jun/2022:11:20:00 +0800] "GET /xingrg/check_reg.html?_=1655954401009 HTTP/1.1" 200 22
101.85.54.219 - - [23/Jun/2022:11:20:00 +0800] "POST /xingrg/kc/buy/cgsh_order_operate.html HTTP/1.1" 200 9148
114.95.43.0 - - [23/Jun/2022:11:20:01 +0800] "GET /xingrg/kc/buy/cgsh_order_operate.html?command=get_materiel&rest_code=00105&code=00101024024&supplier_code=00100151&order_time=2022-06-23 HTTP/1.1" 200 428
114.88.162.248 - - [23/Jun/2022:11:20:01 +0800] "GET /xingrg/check_reg.html?_=1655954396782 HTTP/1.1" 200 22
120.253.135.82 - - [23/Jun/2022:11:20:04 +0800] "GET /xingrg/all/function/internal_message.html?_=1655954541500&CODE_STATE=getMsg HTTP/1.1" 200 27
120.253.135.82 - - [23/Jun/2022:11:20:09 +0800] "GET /xingrg/kc/pszx/mdqp_order_list.html?state=10 HTTP/1.1" 200 10217
120.253.135.82 - - [23/Jun/2022:11:20:09 +0800] "GET /xingrg/dwr/interface/AjaxQqpsService.js HTTP/1.1" 200 16326
120.253.135.82 - - [23/Jun/2022:11:20:09 +0800] "GET /xingrg/dwr/interface/AjaxReportQueryService.js HTTP/1.1" 200 13203
120.253.135.82 - - [23/Jun/2022:11:20:09 +0800] "GET /xingrg/dwr/engine.js HTTP/1.1" 200 43631
101.83.223.227 - - [23/Jun/2022:11:20:10 +0800] "GET /xingrg/all/function/internal_message.html?_=1655954364032&CODE_STATE=getMsg HTTP/1.1" 200 27
120.253.135.82 - - [23/Jun/2022:11:20:12 +0800] "GET /xingrg/kc/pszx/mdps_order_list.html?orderType=0 HTTP/1.1" 200 21007
120.253.135.82 - - [23/Jun/2022:11:20:12 +0800] "POST /xingrg/kc/pszx/mdps_list_operate.html HTTP/1.1" 200 5296
120.253.135.82 - - [23/Jun/2022:11:20:17 +0800] "POST /xingrg/kc/pszx/mdps_list_operate.html HTTP/1.1" 200 5436
101.83.223.227 - - [23/Jun/2022:11:20:20 +0800] "GET /xingrg/all/function/internal_message.html?_=1655954416326&CODE_STATE=getMsg HTTP/1.1" 200 27
114.95.43.0 - - [23/Jun/2022:11:20:20 +0800] "GET /xingrg/all/function/internal_message.html?_=1655954420903&CODE_STATE=getMsg HTTP/1.1" 200 27
114.83.223.30 - - [23/Jun/2022:11:20:21 +0800] "GET /xingrg/kc/buy/cgsh_order_operate.html?command=get_materiel&rest_code=00149&code=00101007125&supplier_code=00100205&order_time=2022-06-23 HTTP/1.1" 200 406
101.85.54.219 - - [23/Jun/2022:11:20:23 +0800] "GET /xingrg/kc/print/load_data.html?order_code=212022062302817&kc_code=cgsh&condition= HTTP/1.1" 200 3174
172.20.0.100 - - [23/Jun/2022:11:20:27 +0800] "GET /xingrg/index.html?sysBaseUrl=http%3A%2F%2F172.20.0.8%3A18081%2Fxingrg%2F&costTime=41×tamp=1655953944253 HTTP/1.1" 200 17448
172.20.0.100 - - [23/Jun/2022:11:20:27 +0800] "GET /xingrg/javascript/jquery_easy_ui/themes/default/easyui.css HTTP/1.1" 304 -
172.20.0.100 - - [23/Jun/2022:11:20:27 +0800] "GET /xingrg/javascript/jquery_easy_ui/themes/icon.css HTTP/1.1" 304 -
172.20.0.100 - - [23/Jun/2022:11:20:27 +0800] "GET /xingrg/css/form.css HTTP/1.1" 304 -
172.20.0.100 - - [23/Jun/2022:11:20:27 +0800] "GET /xingrg/javascript/jquery-1.4.2.min.js HTTP/1.1" 304 -
172.20.0.100 - - [23/Jun/2022:11:20:27 +0800] "GET /xingrg/javascript/jquery_easy_ui/jquery.easyui.min.js HTTP/1.1" 304 -
172.20.0.100 - - [23/Jun/2022:11:20:27 +0800] "GET /xingrg/javascript/jquery_easy_ui/easyui-lang-zh_CN.js HTTP/1.1" 304 -
172.20.0.100 - - [23/Jun/2022:11:20:27 +0800] "GET /xingrg/javascript/jquery.form.js HTTP/1.1" 304 -
172.20.0.100 - - [23/Jun/2022:11:20:27 +0800] "GET /xingrg/javascript/jquery.utils.js HTTP/1.1" 304 -
172.20.0.100 - - [23/Jun/2022:11:20:27 +0800] "GET /xingrg/javascript/jquery.timers.js HTTP/1.1" 304 -
172.20.0.100 - - [23/Jun/2022:11:20:27 +0800] "GET /xingrg/images/blue/jxLogo.png HTTP/1.1" 304 -
172.20.0.100 - - [23/Jun/2022:11:20:27 +0800] "GET /xingrg/javascript/jquery_easy_ui/themes/icons/settle_new.png HTTP/1.1" 304 -
172.20.0.100 - - [23/Jun/2022:11:20:27 +0800] "GET /xingrg/images/blue/navBackgound.jpg HTTP/1.1" 304 -
172.20.0.100 - - [23/Jun/2022:11:20:27 +0800] "POST /xingrg/all/common/load_tree.html?tree=area_rest_tree_json&manage=1 HTTP/1.1" 200 3472
172.20.0.100 - - [23/Jun/2022:11:20:28 +0800] "GET /xingrg/all/function/internal_message.html?_=1655954427402&CODE_STATE=count HTTP/1.1" 200 11
172.20.0.100 - - [23/Jun/2022:11:20:28 +0800] "GET /xingrg/check_reg.html?_=1655954427403 HTTP/1.1" 200 22
172.20.0.100 - - [23/Jun/2022:11:20:28 +0800] "GET /xingrg/images/blue/pingpu.png HTTP/1.1" 304 -
172.20.0.100 - - [23/Jun/2022:11:20:28 +0800] "GET /xingrg/javascript/jquery_easy_ui/themes/default/images/tabs_leftarrow.png HTTP/1.1" 304 -
172.20.0.100 - - [23/Jun/2022:11:20:28 +0800] "GET /xingrg/javascript/jquery_easy_ui/themes/default/images/tabs_rightarrow.png HTTP/1.1" 304 -
172.20.0.100 - - [23/Jun/2022:11:20:28 +0800] "GET /xingrg/javascript/jquery_easy_ui/themes/default/images/panel_tool_collapse.gif HTTP/1.1" 304 -
172.20.0.100 - - [23/Jun/2022:11:20:28 +0800] "GET /xingrg/javascript/jquery_easy_ui/themes/default/images/panel_tool_expand.gif HTTP/1.1" 304 -
172.20.0.100 - - [23/Jun/2022:11:20:28 +0800] "POST /xingrg/load_menu.html HTTP/1.1" 200 9924
172.20.0.100 - - [23/Jun/2022:11:20:30 +0800] "GET /xingrg/kc/mdqp/qp_main.html HTTP/1.1" 200 10613
172.20.0.100 - - [23/Jun/2022:11:20:30 +0800] "GET /xingrg/javascript/ToolTips.js HTTP/1.1" 200 5615
172.20.0.100 - - [23/Jun/2022:11:20:30 +0800] "GET /xingrg/javascript/jquery_ui/jquery-ui.min.js HTTP/1.1" 200 186181
172.20.0.100 - - [23/Jun/2022:11:20:30 +0800] "GET /xingrg/images/blue/button/cgxqd.gif HTTP/1.1" 200 2619
172.20.0.100 - - [23/Jun/2022:11:20:30 +0800] "GET /xingrg/images/blue/button/qqpsd.gif HTTP/1.1" 200 2548
172.20.0.100 - - [23/Jun/2022:11:20:30 +0800] "GET /xingrg/images/blue/button/pszx.gif HTTP/1.1" 200 2648
172.20.0.100 - - [23/Jun/2022:11:20:30 +0800] "GET /xingrg/images/blue/button/psshd.gif HTTP/1.1" 200 2692
172.20.0.100 - - [23/Jun/2022:11:20:30 +0800] "GET /xingrg/images/blue/button/down_ah.jpg HTTP/1.1" 200 1732
172.20.0.100 - - [23/Jun/2022:11:20:30 +0800] "GET /xingrg/javascript/jquery_ui/themes/humanity/images/ui-bg_inset-soft_100_f4f0ec_1x100.png HTTP/1.1" 200 141
172.20.0.100 - - [23/Jun/2022:11:20:30 +0800] "GET /xingrg/javascript/jquery_ui/themes/humanity/images/ui-bg_glass_70_ede4d4_1x400.png HTTP/1.1" 200 161
172.20.0.100 - - [23/Jun/2022:11:20:30 +0800] "GET /xingrg/javascript/jquery_ui/themes/humanity/images/ui-icons_c47a23_256x240.png HTTP/1.1" 200 5355
172.20.0.100 - - [23/Jun/2022:11:20:30 +0800] "GET /xingrg/javascript/jquery_ui/themes/humanity/images/ui-icons_ffffff_256x240.png HTTP/1.1" 200 4369
172.20.0.100 - - [23/Jun/2022:11:20:30 +0800] "GET /xingrg/javascript/jquery_ui/themes/humanity/images/ui-iconsnew.jpg HTTP/1.1" 200 337
172.20.0.100 - - [23/Jun/2022:11:20:32 +0800] "GET /xingrg/kc/buy/cgsh_order_list.html HTTP/1.1" 200 52197
101.85.54.219 - - [23/Jun/2022:11:20:32 +0800] "GET /xingrg/all/function/internal_message.html?_=1655954407634&CODE_STATE=getMsg HTTP/1.1" 200 27
172.20.0.100 - - [23/Jun/2022:11:20:34 +0800] "POST /xingrg/kc/buy/cgsh_list_operate.html HTTP/1.1" 200 2063
58.35.194.53 - - [23/Jun/2022:11:20:34 +0800] "GET /xingrg/all/function/internal_message.html?_=1655954432296&CODE_STATE=getMsg HTTP/1.1" 200 27
114.88.162.248 - - [23/Jun/2022:11:20:35 +0800] "GET /xingrg/all/function/internal_message.html?_=1655954431276&CODE_STATE=getMsg HTTP/1.1" 200 27
120.253.135.82 - - [23/Jun/2022:11:20:36 +0800] "POST /xingrg/kc/pszx/mdps_list_operate.html HTTP/1.1" 200 212
172.20.0.100 - - [23/Jun/2022:11:20:37 +0800] "GET /xingrg/kc/base/base_main.html HTTP/1.1" 200 12132
172.20.0.100 - - [23/Jun/2022:11:20:38 +0800] "GET /xingrg/kc/base/check_order_list.html HTTP/1.1" 200 16502
172.20.0.100 - - [23/Jun/2022:11:20:38 +0800] "POST /xingrg/kc/base/check_list_operate.html HTTP/1.1" 200 1563
218.81.223.53 - - [23/Jun/2022:11:20:39 +0800] "GET /xingrg/check_reg.html?_=1655954450952 HTTP/1.1" 200 22
218.81.223.53 - - [23/Jun/2022:11:20:39 +0800] "GET /xingrg/all/function/internal_message.html?_=1655954451330&CODE_STATE=getMsg HTTP/1.1" 200 27
172.20.0.100 - - [23/Jun/2022:11:20:39 +0800] "GET /xingrg/kc/base/check_order_info.html?code=452022053100504 HTTP/1.1" 200 26374
172.20.0.100 - - [23/Jun/2022:11:20:39 +0800] "GET /xingrg/dwr/interface/AjaxComOrderService.js HTTP/1.1" 200 18264
172.20.0.100 - - [23/Jun/2022:11:20:39 +0800] "GET /xingrg/dwr/interface/AjaxCheckService.js HTTP/1.1" 200 14003
172.20.0.100 - - [23/Jun/2022:11:20:39 +0800] "GET /xingrg/dwr/engine.js HTTP/1.1" 200 43631
172.20.0.100 - - [23/Jun/2022:11:20:40 +0800] "POST /xingrg/dwr/call/plaincall/AjaxCheckService.loadOrderItems.dwr HTTP/1.1" 200 192182
120.253.135.82 - - [23/Jun/2022:11:20:42 +0800] "GET /xingrg/kc/pszx/mdps_order_info.html?code=312022062300368 HTTP/1.1" 200 23976
114.83.223.30 - - [23/Jun/2022:11:20:42 +0800] "GET /xingrg/kc/buy/cgsh_order_operate.html?command=get_materiel&rest_code=00149&code=00101007082&supplier_code=00100205&order_time=2022-06-23 HTTP/1.1" 200 427
116.237.74.198 - - [23/Jun/2022:11:20:42 +0800] "GET /xingrg/all/function/internal_message.html?_=1655954441584&CODE_STATE=getMsg HTTP/1.1" 200 27
120.253.135.82 - - [23/Jun/2022:11:20:42 +0800] "POST /xingrg/kc/pszx/mdps_order_operate.html HTTP/1.1" 200 2298
120.253.135.82 - - [23/Jun/2022:11:20:42 +0800] "GET /xingrg/javascript/easyui/themes/default/validatebox.css HTTP/1.1" 404 1104
180.169.147.146 - - [23/Jun/2022:11:20:46 +0800] "GET /xingrg/all/function/internal_message.html?_=1655954443977&CODE_STATE=getMsg HTTP/1.1" 200 27
116.237.74.198 - - [23/Jun/2022:11:20:48 +0800] "GET /xingrg/kc/base/base_main.html HTTP/1.1" 200 12142
101.85.95.26 - - [23/Jun/2022:11:20:49 +0800] "GET /xingrg/all/function/internal_message.html?_=1655954447000&CODE_STATE=getMsg HTTP/1.1" 200 27
114.95.43.0 - - [23/Jun/2022:11:20:51 +0800] "POST /xingrg/kc/buy/cgsh_order_operate.html HTTP/1.1" 200 37
114.95.43.0 - - [23/Jun/2022:11:20:52 +0800] "POST /xingrg/kc/buy/cgsh_order_operate.html HTTP/1.1" 200 2692
116.237.74.198 - - [23/Jun/2022:11:20:52 +0800] "GET /xingrg/kc/base/check_order_list.html HTTP/1.1" 200 16261
116.237.74.198 - - [23/Jun/2022:11:20:53 +0800] "POST /xingrg/kc/base/check_list_operate.html HTTP/1.1" 200 781
114.95.43.0 - - [23/Jun/2022:11:20:53 +0800] "GET /xingrg/kc/print/load_data.html?order_code=212022062302818&kc_code=cgsh&condition= HTTP/1.1" 200 675
114.83.223.30 - - [23/Jun/2022:11:20:55 +0800] "GET /xingrg/all/function/internal_message.html?_=1655954451221&CODE_STATE=getMsg HTTP/1.1" 200 27
114.95.43.0 - - [23/Jun/2022:11:20:56 +0800] "GET /xingrg/all/function/internal_message.html?_=1655954360690&CODE_STATE=getMsg HTTP/1.1" 200 27
116.237.74.198 - - [23/Jun/2022:11:20:57 +0800] "GET /xingrg/kc/base/check_order_add.html HTTP/1.1" 200 26480
116.237.74.198 - - [23/Jun/2022:11:20:57 +0800] "GET /xingrg/dwr/interface/AjaxCheckService.js HTTP/1.1" 200 14003
116.237.74.198 - - [23/Jun/2022:11:20:57 +0800] "GET /xingrg/dwr/interface/AjaxComOrderService.js HTTP/1.1" 200 18264
58.35.194.53 - - [23/Jun/2022:11:20:57 +0800] "GET /xingrg/check_reg.html?_=1655954454733 HTTP/1.1" 200 22
116.237.74.198 - - [23/Jun/2022:11:20:57 +0800] "GET /xingrg/dwr/engine.js HTTP/1.1" 200 43631
180.156.212.250 - - [23/Jun/2022:11:20:59 +0800] "GET /xingrg/all/function/internal_message.html?_=1655954457242&CODE_STATE=getMsg HTTP/1.1" 200 27
180.156.212.250 - - [23/Jun/2022:11:20:59 +0800] "GET /xingrg/check_reg.html?_=1655954457246 HTTP/1.1" 200 22
120.253.135.82 - - [23/Jun/2022:11:20:59 +0800] "POST /xingrg/kc/pszx/mdps_order_operate.html HTTP/1.1" 200 37
114.84.82.172 - - [23/Jun/2022:11:20:59 +0800] "GET /xingrg/all/function/internal_message.html?_=1655954458932&CODE_STATE=getMsg HTTP/1.1" 200 27
120.253.135.82 - - [23/Jun/2022:11:21:01 +0800] "POST /xingrg/kc/pszx/mdps_order_operate.html HTTP/1.1" 200 12
114.83.223.30 - - [23/Jun/2022:11:21:01 +0800] "GET /xingrg/kc/buy/cgsh_order_operate.html?command=get_materiel&rest_code=00149&code=00101007085&supplier_code=00100205&order_time=2022-06-23 HTTP/1.1" 200 413
172.20.0.100 - - [23/Jun/2022:11:21:02 +0800] "GET /xingrg/kc/print/load_config.html?_=1655954461394&kc_code=check HTTP/1.1" 200 2411
172.20.0.100 - - [23/Jun/2022:11:21:02 +0800] "GET /xingrg/kc/print/load_data.html?_=1655954461425&order_code=452022053100504&kc_code=check HTTP/1.1" 200 50475
120.253.135.82 - - [23/Jun/2022:11:21:03 +0800] "GET /xingrg/kc/pszx/mdps_order_info.html?code=312022062300368 HTTP/1.1" 200 19634
120.253.135.82 - - [23/Jun/2022:11:21:03 +0800] "POST /xingrg/kc/pszx/mdps_order_operate.html HTTP/1.1" 200 516
120.253.135.82 - - [23/Jun/2022:11:21:03 +0800] "GET /xingrg/javascript/easyui/themes/default/validatebox.css HTTP/1.1" 404 1104
120.253.135.82 - - [23/Jun/2022:11:21:04 +0800] "GET /xingrg/all/function/internal_message.html?_=1655954601513&CODE_STATE=getMsg HTTP/1.1" 200 27
101.83.223.227 - - [23/Jun/2022:11:21:10 +0800] "GET /xingrg/all/function/internal_message.html?_=1655954424040&CODE_STATE=getMsg HTTP/1.1" 200 27
114.83.223.30 - - [23/Jun/2022:11:21:12 +0800] "GET /xingrg/kc/buy/cgsh_order_operate.html?command=get_materiel&rest_code=00149&code=00101007001&supplier_code=00100205&order_time=2022-06-23 HTTP/1.1" 200 409
58.221.95.50 - - [23/Jun/2022:11:21:16 +0800] "GET /xingrg/check_reg.html?_=1655954473776 HTTP/1.1" 302 -
116.237.74.198 - - [23/Jun/2022:11:21:18 +0800] "POST /xingrg/dwr/call/plaincall/AjaxCheckService.saveOrder.dwr HTTP/1.1" 200 78
101.83.223.227 - - [23/Jun/2022:11:21:20 +0800] "GET /xingrg/all/function/internal_message.html?_=1655954476325&CODE_STATE=getMsg HTTP/1.1" 200 27
114.95.43.0 - - [23/Jun/2022:11:21:20 +0800] "GET /xingrg/all/function/internal_message.html?_=1655954480905&CODE_STATE=getMsg HTTP/1.1" 200 27
116.237.74.198 - - [23/Jun/2022:11:21:20 +0800] "POST /xingrg/dwr/call/plaincall/AjaxCheckService.loadOrderItems.dwr HTTP/1.1" 200 367
116.237.74.198 - - [23/Jun/2022:11:21:27 +0800] "POST /xingrg/dwr/call/plaincall/AjaxCheckService.deleteOrder.dwr HTTP/1.1" 200 78
116.237.74.198 - - [23/Jun/2022:11:21:28 +0800] "GET /xingrg/kc/base/check_order_list.html HTTP/1.1" 200 16261
116.237.74.198 - - [23/Jun/2022:11:21:28 +0800] "POST /xingrg/kc/base/check_list_operate.html HTTP/1.1" 200 781
101.85.54.219 - - [23/Jun/2022:11:21:32 +0800] "GET /xingrg/check_reg.html?_=1655954467404 HTTP/1.1" 200 22
101.85.54.219 - - [23/Jun/2022:11:21:32 +0800] "GET /xingrg/all/function/internal_message.html?_=1655954467637&CODE_STATE=getMsg HTTP/1.1" 200 27
58.35.194.53 - - [23/Jun/2022:11:21:34 +0800] "GET /xingrg/all/function/internal_message.html?_=1655954492266&CODE_STATE=getMsg HTTP/1.1" 200 27
114.88.162.248 - - [23/Jun/2022:11:21:35 +0800] "GET /xingrg/all/function/internal_message.html?_=1655954491261&CODE_STATE=getMsg HTTP/1.1" 200 27
218.81.223.53 - - [23/Jun/2022:11:21:39 +0800] "GET /xingrg/all/function/internal_message.html?_=1655954511344&CODE_STATE=getMsg HTTP/1.1" 200 27
116.237.74.198 - - [23/Jun/2022:11:21:42 +0800] "GET /xingrg/all/function/internal_message.html?_=1655954501581&CODE_STATE=getMsg HTTP/1.1" 200 27
116.237.74.198 - - [23/Jun/2022:11:21:42 +0800] "GET /xingrg/check_reg.html?_=1655954501892 HTTP/1.1" 200 22
180.169.147.146 - - [23/Jun/2022:11:21:46 +0800] "GET /xingrg/all/function/internal_message.html?_=1655954503953&CODE_STATE=getMsg HTTP/1.1" 200 27
101.85.95.26 - - [23/Jun/2022:11:21:49 +0800] "GET /xingrg/all/function/internal_message.html?_=1655954507000&CODE_STATE=getMsg HTTP/1.1" 200 27
120.253.135.82 - - [23/Jun/2022:11:21:53 +0800] "POST /xingrg/kc/pszx/mdps_list_operate.html HTTP/1.1" 200 5250
114.83.223.30 - - [23/Jun/2022:11:21:55 +0800] "GET /xingrg/all/function/internal_message.html?_=1655954511194&CODE_STATE=getMsg HTTP/1.1" 200 27
120.253.135.82 - - [23/Jun/2022:11:21:55 +0800] "POST /xingrg/kc/pszx/mdps_list_operate.html HTTP/1.1" 200 443
120.253.135.82 - - [23/Jun/2022:11:21:56 +0800] "GET /xingrg/kc/pszx/mdps_order_info.html?code=312022062100352 HTTP/1.1" 200 23978
114.95.43.0 - - [23/Jun/2022:11:21:56 +0800] "GET /xingrg/all/function/internal_message.html?_=1655954420690&CODE_STATE=getMsg HTTP/1.1" 200 27
120.253.135.82 - - [23/Jun/2022:11:21:56 +0800] "GET /xingrg/check_reg.html?_=1655954653060 HTTP/1.1" 200 22
120.253.135.82 - - [23/Jun/2022:11:21:56 +0800] "POST /xingrg/kc/pszx/mdps_order_operate.html HTTP/1.1" 200 3777
114.83.223.30 - - [23/Jun/2022:11:21:56 +0800] "GET /xingrg/check_reg.html?_=1655954511929 HTTP/1.1" 200 22
120.253.135.82 - - [23/Jun/2022:11:21:56 +0800] "GET /xingrg/javascript/easyui/themes/default/validatebox.css HTTP/1.1" 404 1104
180.156.212.250 - - [23/Jun/2022:11:21:59 +0800] "GET /xingrg/all/function/internal_message.html?_=1655954517242&CODE_STATE=getMsg HTTP/1.1" 200 27
114.84.82.172 - - [23/Jun/2022:11:21:59 +0800] "GET /xingrg/all/function/internal_message.html?_=1655954518930&CODE_STATE=getMsg HTTP/1.1" 200 27
114.84.82.172 - - [23/Jun/2022:11:22:00 +0800] "GET /xingrg/check_reg.html?_=1655954518932 HTTP/1.1" 200 22
120.253.135.82 - - [23/Jun/2022:11:22:04 +0800] "POST /xingrg/kc/pszx/mdps_order_operate.html HTTP/1.1" 200 37
120.253.135.82 - - [23/Jun/2022:11:22:04 +0800] "GET /xingrg/all/function/internal_message.html?_=1655954661530&CODE_STATE=getMsg HTTP/1.1" 200 27
120.253.135.82 - - [23/Jun/2022:11:22:06 +0800] "POST /xingrg/kc/pszx/mdps_order_operate.html HTTP/1.1" 200 12
120.253.135.82 - - [23/Jun/2022:11:22:07 +0800] "GET /xingrg/kc/pszx/mdps_order_info.html?code=312022062100352 HTTP/1.1" 200 19636
120.253.135.82 - - [23/Jun/2022:11:22:07 +0800] "POST /xingrg/kc/pszx/mdps_order_operate.html HTTP/1.1" 200 1985
120.253.135.82 - - [23/Jun/2022:11:22:07 +0800] "GET /xingrg/javascript/easyui/themes/default/validatebox.css HTTP/1.1" 404 1104
101.83.223.227 - - [23/Jun/2022:11:22:09 +0800] "GET /xingrg/check_reg.html?_=1655954482984 HTTP/1.1" 200 22
120.253.135.82 - - [23/Jun/2022:11:22:09 +0800] "POST /xingrg/kc/pszx/mdps_list_operate.html HTTP/1.1" 200 4879
101.83.223.227 - - [23/Jun/2022:11:22:10 +0800] "GET /xingrg/all/function/internal_message.html?_=1655954484053&CODE_STATE=getMsg HTTP/1.1" 200 27
114.83.223.30 - - [23/Jun/2022:11:22:14 +0800] "POST /xingrg/kc/buy/cgsh_order_operate.html HTTP/1.1" 200 37
101.83.223.227 - - [23/Jun/2022:11:22:20 +0800] "GET /xingrg/all/function/internal_message.html?_=1655954536334&CODE_STATE=getMsg HTTP/1.1" 200 27
114.95.43.0 - - [23/Jun/2022:11:22:20 +0800] "GET /xingrg/all/function/internal_message.html?_=1655954540901&CODE_STATE=getMsg HTTP/1.1" 200 27
101.83.223.227 - - [23/Jun/2022:11:22:20 +0800] "GET /xingrg/check_reg.html?_=1655954536337 HTTP/1.1" 200 22
114.83.223.30 - - [23/Jun/2022:11:22:21 +0800] "POST /xingrg/kc/buy/cgsh_order_operate.html HTTP/1.1" 200 12
114.83.223.30 - - [23/Jun/2022:11:22:23 +0800] "GET /xingrg/kc/buy/cgsh_order_info.html?code=212022062302819 HTTP/1.1" 200 62733
114.83.223.30 - - [23/Jun/2022:11:22:24 +0800] "GET /xingrg/javascript/easyui/themes/default/validatebox.css HTTP/1.1" 404 1104
114.83.223.30 - - [23/Jun/2022:11:22:24 +0800] "POST /xingrg/kc/buy/cgsh_order_operate.html HTTP/1.1" 200 2391
114.83.223.30 - - [23/Jun/2022:11:22:26 +0800] "GET /xingrg/kc/print/load_data.html?order_code=212022062302819&kc_code=cgsh&condition= HTTP/1.1" 200 1380
120.253.135.82 - - [23/Jun/2022:11:22:26 +0800] "POST /xingrg/kc/pszx/mdps_list_operate.html HTTP/1.1" 200 5379
120.253.135.82 - - [23/Jun/2022:11:22:29 +0800] "POST /xingrg/kc/pszx/mdps_list_operate.html HTTP/1.1" 200 311
120.253.135.82 - - [23/Jun/2022:11:22:29 +0800] "GET /xingrg/kc/pszx/mdps_order_info.html?code=312022062200360 HTTP/1.1" 200 23976
120.253.135.82 - - [23/Jun/2022:11:22:30 +0800] "POST /xingrg/kc/pszx/mdps_order_operate.html HTTP/1.1" 200 2836
120.253.135.82 - - [23/Jun/2022:11:22:30 +0800] "GET /xingrg/javascript/easyui/themes/default/validatebox.css HTTP/1.1" 404 1104
114.83.223.30 - - [23/Jun/2022:11:22:32 +0800] "GET /xingrg/kc/buy/cgsh_order_add.html HTTP/1.1" 200 67832
101.85.54.219 - - [23/Jun/2022:11:22:32 +0800] "GET /xingrg/all/function/internal_message.html?_=1655954527628&CODE_STATE=getMsg HTTP/1.1" 200 27
114.83.223.30 - - [23/Jun/2022:11:22:33 +0800] "GET /xingrg/javascript/easyui/themes/default/validatebox.css HTTP/1.1" 404 1104
114.83.223.30 - - [23/Jun/2022:11:22:33 +0800] "POST /xingrg/kc/buy/cgsh_order_operate.html HTTP/1.1" 200 8245
58.35.194.53 - - [23/Jun/2022:11:22:34 +0800] "GET /xingrg/all/function/internal_message.html?_=1655954552251&CODE_STATE=getMsg HTTP/1.1" 200 27
114.88.162.248 - - [23/Jun/2022:11:22:35 +0800] "GET /xingrg/all/function/internal_message.html?_=1655954551244&CODE_STATE=getMsg HTTP/1.1" 200 27
120.253.135.82 - - [23/Jun/2022:11:22:38 +0800] "POST /xingrg/kc/pszx/mdps_order_operate.html HTTP/1.1" 200 37
