222.69.144.95 - - [20/Jun/2022:11:13:01 +0800] "GET /favicon.ico HTTP/1.1" 404 -
120.253.135.82 - - [20/Jun/2022:11:13:02 +0800] "POST /xingrg/kc/pszx/mdps_order_operate.html HTTP/1.1" 200 12
222.69.144.95 - - [20/Jun/2022:11:13:03 +0800] "POST /xingrg/login.do HTTP/1.1" 302 -
222.69.144.95 - - [20/Jun/2022:11:13:03 +0800] "GET /xingrg/index.html?sysBaseUrl=http%3A%2F%2F180.169.147.146%3A18081%2Fxingrg%2F&costTime=40×tamp=1655694783222 HTTP/1.1" 200 17179
222.69.144.95 - - [20/Jun/2022:11:13:03 +0800] "GET /favicon.ico HTTP/1.1" 404 -
222.69.144.95 - - [20/Jun/2022:11:13:03 +0800] "POST /xingrg/all/common/load_tree.html?tree=area_rest_tree_json&manage=1 HTTP/1.1" 200 351
222.69.144.95 - - [20/Jun/2022:11:13:03 +0800] "POST /xingrg/load_menu.html HTTP/1.1" 200 5138
222.69.144.95 - - [20/Jun/2022:11:13:03 +0800] "GET /xingrg/all/function/internal_message.html?_=1655694816753&CODE_STATE=count HTTP/1.1" 200 11
222.69.144.95 - - [20/Jun/2022:11:13:03 +0800] "GET /xingrg/check_reg.html?_=1655694816754 HTTP/1.1" 200 22
120.253.135.82 - - [20/Jun/2022:11:13:04 +0800] "GET /xingrg/kc/pszx/mdps_order_info.html?code=312022062000328 HTTP/1.1" 200 19638
124.78.158.193 - - [20/Jun/2022:11:13:04 +0800] "GET /xingrg/all/function/internal_message.html?_=1655694783681&CODE_STATE=getMsg HTTP/1.1" 200 27
124.78.158.193 - - [20/Jun/2022:11:13:04 +0800] "GET /xingrg/check_reg.html?_=1655694783684 HTTP/1.1" 200 22
120.253.135.82 - - [20/Jun/2022:11:13:04 +0800] "POST /xingrg/kc/pszx/mdps_order_operate.html HTTP/1.1" 200 1021
120.253.135.82 - - [20/Jun/2022:11:13:04 +0800] "GET /xingrg/javascript/easyui/themes/default/validatebox.css HTTP/1.1" 404 1104
120.253.135.82 - - [20/Jun/2022:11:13:05 +0800] "POST /xingrg/kc/pszx/mdps_list_operate.html HTTP/1.1" 200 1694
222.69.144.95 - - [20/Jun/2022:11:13:06 +0800] "GET /xingrg/kc/buy/cgsh_order_list.html HTTP/1.1" 200 51968
120.253.135.82 - - [20/Jun/2022:11:13:06 +0800] "POST /xingrg/kc/pszx/mdps_list_operate.html HTTP/1.1" 200 611
120.253.135.82 - - [20/Jun/2022:11:13:07 +0800] "GET /xingrg/kc/pszx/mdps_order_info.html?code=312022062000327 HTTP/1.1" 200 23978
116.233.73.163 - - [20/Jun/2022:11:13:08 +0800] "GET /xingrg/kc/buy/cgsh_order_operate.html?command=get_materiel&rest_code=00109&code=00101029017&supplier_code=00100017&order_time=2022-06-20 HTTP/1.1" 200 467
120.253.135.82 - - [20/Jun/2022:11:13:08 +0800] "POST /xingrg/kc/pszx/mdps_order_operate.html HTTP/1.1" 200 8874
120.253.135.82 - - [20/Jun/2022:11:13:08 +0800] "GET /xingrg/javascript/easyui/themes/default/validatebox.css HTTP/1.1" 404 1104
58.35.194.53 - - [20/Jun/2022:11:13:08 +0800] "GET /xingrg/all/function/internal_message.html?_=1655694786607&CODE_STATE=getMsg HTTP/1.1" 200 27
222.69.144.95 - - [20/Jun/2022:11:13:08 +0800] "POST /xingrg/kc/buy/cgsh_list_operate.html HTTP/1.1" 200 2051
222.69.144.95 - - [20/Jun/2022:11:13:10 +0800] "GET /xingrg/kc/buy/cgsh_order_add.html HTTP/1.1" 200 66907
180.171.135.27 - - [20/Jun/2022:11:13:10 +0800] "GET /xingrg/all/function/internal_message.html?_=1655694789683&CODE_STATE=getMsg HTTP/1.1" 200 27
222.69.144.95 - - [20/Jun/2022:11:13:10 +0800] "POST /xingrg/kc/buy/cgsh_order_operate.html HTTP/1.1" 200 8245
222.69.144.95 - - [20/Jun/2022:11:13:10 +0800] "GET /xingrg/all/common/auto_word.html?type=employee&rest_code=00154 HTTP/1.1" 200 101
222.69.144.95 - - [20/Jun/2022:11:13:10 +0800] "GET /xingrg/all/common/auto_word.html?type=employee&rest_code=00154 HTTP/1.1" 200 101
222.69.144.95 - - [20/Jun/2022:11:13:10 +0800] "GET /xingrg/javascript/easyui/themes/default/validatebox.css HTTP/1.1" 404 1104
101.83.223.227 - - [20/Jun/2022:11:13:11 +0800] "GET /xingrg/all/function/internal_message.html?_=1655694750282&CODE_STATE=getMsg HTTP/1.1" 200 27
116.230.110.173 - - [20/Jun/2022:11:13:11 +0800] "GET /xingrg/all/function/internal_message.html?_=1655694789469&CODE_STATE=getMsg HTTP/1.1" 200 27
222.69.144.95 - - [20/Jun/2022:11:13:12 +0800] "GET /xingrg/javascript/auto/indicator.gif HTTP/1.1" 404 1066
114.95.43.0 - - [20/Jun/2022:11:13:12 +0800] "GET /xingrg/all/function/internal_message.html?_=1655694793544&CODE_STATE=getMsg HTTP/1.1" 200 27
116.233.73.163 - - [20/Jun/2022:11:13:14 +0800] "GET /xingrg/kc/buy/cgsh_order_operate.html?command=get_materiel&rest_code=00109&code=00101029025&supplier_code=00100017&order_time=2022-06-20 HTTP/1.1" 200 464
116.233.73.163 - - [20/Jun/2022:11:13:24 +0800] "POST /xingrg/kc/buy/cgsh_order_operate.html HTTP/1.1" 200 37
116.233.73.163 - - [20/Jun/2022:11:13:25 +0800] "POST /xingrg/kc/buy/cgsh_order_operate.html HTTP/1.1" 200 4539
116.233.73.163 - - [20/Jun/2022:11:13:26 +0800] "GET /xingrg/kc/print/load_config.html?kc_code=cgsh HTTP/1.1" 200 1943
124.79.240.10 - - [20/Jun/2022:11:13:26 +0800] "GET /xingrg/all/function/internal_message.html?_=1655694985634&CODE_STATE=getMsg HTTP/1.1" 200 27
116.233.73.163 - - [20/Jun/2022:11:13:26 +0800] "GET /xingrg/kc/print/load_data.html?order_code=212022062002357&kc_code=cgsh&condition= HTTP/1.1" 200 1501
116.233.73.163 - - [20/Jun/2022:11:13:30 +0800] "GET /xingrg/kc/buy/cgsh_order_add.html HTTP/1.1" 200 67820
116.233.73.163 - - [20/Jun/2022:11:13:30 +0800] "POST /xingrg/kc/buy/cgsh_order_operate.html HTTP/1.1" 200 8245
116.233.73.163 - - [20/Jun/2022:11:13:30 +0800] "GET /xingrg/all/common/auto_word.html?type=employee&rest_code=00109 HTTP/1.1" 200 255
116.233.73.163 - - [20/Jun/2022:11:13:30 +0800] "GET /xingrg/all/common/auto_word.html?type=employee&rest_code=00109 HTTP/1.1" 200 255
116.233.73.163 - - [20/Jun/2022:11:13:30 +0800] "GET /xingrg/javascript/easyui/themes/default/validatebox.css HTTP/1.1" 404 1104
222.69.144.95 - - [20/Jun/2022:11:13:30 +0800] "GET /xingrg/kc/buy/cgsh_order_operate.html?command=get_materiel&rest_code=00154&code=00101008356&supplier_code=00100417&order_time=2022-06-20 HTTP/1.1" 200 408
116.233.73.163 - - [20/Jun/2022:11:13:34 +0800] "GET /xingrg/javascript/jquery_tools/images/prev.gif HTTP/1.1" 404 1086
116.233.73.163 - - [20/Jun/2022:11:13:34 +0800] "GET /xingrg/javascript/jquery_tools/images/next.gif HTTP/1.1" 404 1086
120.253.135.82 - - [20/Jun/2022:11:13:37 +0800] "POST /xingrg/kc/pszx/mdps_order_operate.html HTTP/1.1" 200 37
120.253.135.82 - - [20/Jun/2022:11:13:39 +0800] "POST /xingrg/kc/pszx/mdps_order_operate.html HTTP/1.1" 200 12
114.95.43.0 - - [20/Jun/2022:11:13:40 +0800] "GET /xingrg/all/function/internal_message.html?_=1655694729075&CODE_STATE=getMsg HTTP/1.1" 200 27
120.253.135.82 - - [20/Jun/2022:11:13:41 +0800] "GET /xingrg/kc/pszx/mdps_order_info.html?code=312022062000327 HTTP/1.1" 200 19638
120.253.135.82 - - [20/Jun/2022:11:13:41 +0800] "POST /xingrg/kc/pszx/mdps_order_operate.html HTTP/1.1" 200 7018
120.253.135.82 - - [20/Jun/2022:11:13:41 +0800] "GET /xingrg/javascript/easyui/themes/default/validatebox.css HTTP/1.1" 404 1104
180.156.212.250 - - [20/Jun/2022:11:13:42 +0800] "GET /xingrg/all/function/internal_message.html?_=1655694892523&CODE_STATE=getMsg HTTP/1.1" 200 27
120.253.135.82 - - [20/Jun/2022:11:13:44 +0800] "POST /xingrg/kc/pszx/mdps_list_operate.html HTTP/1.1" 200 868
218.81.223.53 - - [20/Jun/2022:11:13:47 +0800] "GET /xingrg/all/function/internal_message.html?_=1655694829206&CODE_STATE=getMsg HTTP/1.1" 200 27
180.169.147.146 - - [20/Jun/2022:11:13:48 +0800] "GET /xingrg/all/function/internal_message.html?_=1655694827852&CODE_STATE=getMsg HTTP/1.1" 200 27
180.169.147.146 - - [20/Jun/2022:11:13:48 +0800] "GET /xingrg/check_reg.html?_=1655694827854 HTTP/1.1" 200 22
101.83.223.227 - - [20/Jun/2022:11:13:48 +0800] "GET /xingrg/check_reg.html?_=1655694827474 HTTP/1.1" 200 22
101.83.223.227 - - [20/Jun/2022:11:13:48 +0800] "GET /xingrg/all/function/internal_message.html?_=1655694827477&CODE_STATE=getMsg HTTP/1.1" 200 27
116.233.73.163 - - [20/Jun/2022:11:13:51 +0800] "GET /xingrg/all/function/internal_message.html?_=1655694832080&CODE_STATE=getMsg HTTP/1.1" 200 27
120.253.135.82 - - [20/Jun/2022:11:13:52 +0800] "GET /xingrg/check_reg.html?_=1655694641730 HTTP/1.1" 200 22
222.69.144.95 - - [20/Jun/2022:11:13:56 +0800] "GET /xingrg/kc/buy/cgsh_order_operate.html?command=get_materiel&rest_code=00154&code=00101008155&supplier_code=00100417&order_time=2022-06-20 HTTP/1.1" 200 409
114.88.162.248 - - [20/Jun/2022:11:14:01 +0800] "GET /xingrg/login.html HTTP/1.1" 200 7641
114.88.162.248 - - [20/Jun/2022:11:14:02 +0800] "GET /favicon.ico HTTP/1.1" 404 -
222.69.144.95 - - [20/Jun/2022:11:14:03 +0800] "GET /xingrg/all/function/internal_message.html?_=1655694876763&CODE_STATE=getMsg HTTP/1.1" 200 27
124.78.158.193 - - [20/Jun/2022:11:14:04 +0800] "GET /xingrg/all/function/internal_message.html?_=1655694843710&CODE_STATE=getMsg HTTP/1.1" 200 27
114.88.162.248 - - [20/Jun/2022:11:14:07 +0800] "POST /xingrg/login.do HTTP/1.1" 200 2421
114.88.162.248 - - [20/Jun/2022:11:14:07 +0800] "GET /favicon.ico HTTP/1.1" 404 -
58.35.194.53 - - [20/Jun/2022:11:14:08 +0800] "GET /xingrg/all/function/internal_message.html?_=1655694846592&CODE_STATE=getMsg HTTP/1.1" 200 27
218.81.223.53 - - [20/Jun/2022:11:14:09 +0800] "GET /xingrg/check_reg.html?_=1655694851033 HTTP/1.1" 200 22
180.171.135.27 - - [20/Jun/2022:11:14:10 +0800] "GET /xingrg/check_reg.html?_=1655694849684 HTTP/1.1" 200 22
180.171.135.27 - - [20/Jun/2022:11:14:10 +0800] "GET /xingrg/all/function/internal_message.html?_=1655694849687&CODE_STATE=getMsg HTTP/1.1" 200 27
222.69.144.95 - - [20/Jun/2022:11:14:10 +0800] "GET /xingrg/kc/buy/cgsh_order_operate.html?command=get_materiel&rest_code=00154&code=00101008353&supplier_code=00100417&order_time=2022-06-20 HTTP/1.1" 200 424
101.83.223.227 - - [20/Jun/2022:11:14:11 +0800] "GET /xingrg/all/function/internal_message.html?_=1655694810341&CODE_STATE=getMsg HTTP/1.1" 200 27
116.230.110.173 - - [20/Jun/2022:11:14:11 +0800] "GET /xingrg/all/function/internal_message.html?_=1655694849469&CODE_STATE=getMsg HTTP/1.1" 200 27
114.95.43.0 - - [20/Jun/2022:11:14:12 +0800] "GET /xingrg/all/function/internal_message.html?_=1655694853542&CODE_STATE=getMsg HTTP/1.1" 200 27
114.88.162.248 - - [20/Jun/2022:11:14:21 +0800] "GET /xingrg/login.html HTTP/1.1" 200 7641
114.88.162.248 - - [20/Jun/2022:11:14:21 +0800] "GET /favicon.ico HTTP/1.1" 404 -
124.79.240.10 - - [20/Jun/2022:11:14:26 +0800] "GET /xingrg/all/function/internal_message.html?_=1655695045648&CODE_STATE=getMsg HTTP/1.1" 200 27
114.88.162.248 - - [20/Jun/2022:11:14:27 +0800] "POST /xingrg/login.do HTTP/1.1" 302 -
222.69.144.95 - - [20/Jun/2022:11:14:27 +0800] "GET /xingrg/kc/buy/cgsh_order_operate.html?command=get_materiel&rest_code=00154&code=00101008286&supplier_code=00100417&order_time=2022-06-20 HTTP/1.1" 200 408
114.88.162.248 - - [20/Jun/2022:11:14:28 +0800] "GET /xingrg/index.html?sysBaseUrl=http%3A%2F%2F180.169.147.146%3A18081%2Fxingrg%2F&costTime=39×tamp=1655694867966 HTTP/1.1" 200 17173
114.88.162.248 - - [20/Jun/2022:11:14:28 +0800] "GET /favicon.ico HTTP/1.1" 404 -
114.88.162.248 - - [20/Jun/2022:11:14:28 +0800] "POST /xingrg/all/common/load_tree.html?tree=area_rest_tree_json&manage=1 HTTP/1.1" 200 342
114.88.162.248 - - [20/Jun/2022:11:14:28 +0800] "POST /xingrg/load_menu.html HTTP/1.1" 200 5138
114.88.162.248 - - [20/Jun/2022:11:14:28 +0800] "GET /xingrg/all/function/internal_message.html?_=1655694867746&CODE_STATE=count HTTP/1.1" 200 11
114.88.162.248 - - [20/Jun/2022:11:14:28 +0800] "GET /xingrg/check_reg.html?_=1655694867747 HTTP/1.1" 200 22
58.35.194.53 - - [20/Jun/2022:11:14:33 +0800] "GET /xingrg/check_reg.html?_=1655694871344 HTTP/1.1" 200 22
101.83.223.227 - - [20/Jun/2022:11:14:36 +0800] "GET /xingrg/check_reg.html?_=1655694836066 HTTP/1.1" 200 22
114.95.43.0 - - [20/Jun/2022:11:14:40 +0800] "GET /xingrg/all/function/internal_message.html?_=1655694789044&CODE_STATE=getMsg HTTP/1.1" 200 27
180.156.212.250 - - [20/Jun/2022:11:14:43 +0800] "GET /xingrg/all/function/internal_message.html?_=1655694953035&CODE_STATE=getMsg HTTP/1.1" 200 27
124.78.158.193 - - [20/Jun/2022:11:14:43 +0800] "GET /xingrg/kc/buy/buy_main.html HTTP/1.1" 200 12412
124.78.158.193 - - [20/Jun/2022:11:14:43 +0800] "GET /xingrg/css/new_ie.css HTTP/1.1" 404 1036
124.78.158.193 - - [20/Jun/2022:11:14:44 +0800] "GET /xingrg/images/yd/bt.gif HTTP/1.1" 404 1040
124.78.158.193 - - [20/Jun/2022:11:14:44 +0800] "GET /xingrg/kc/buy/cgsh_order_list.html HTTP/1.1" 200 51962
101.83.223.227 - - [20/Jun/2022:11:14:45 +0800] "POST /xingrg/all/user/operate.html HTTP/1.1" 200 36
101.83.223.227 - - [20/Jun/2022:11:14:45 +0800] "GET /xingrg/javascript/jquery_easy_ui/themes/default/easyui.css HTTP/1.1" 304 -
101.83.223.227 - - [20/Jun/2022:11:14:45 +0800] "GET /xingrg/index.html?sysBaseUrl=http%3A%2F%2F180.169.147.146%3A18081%2Fxingrg%2F&costTime=40×tamp=1655691693432 HTTP/1.1" 200 17179
101.83.223.227 - - [20/Jun/2022:11:14:45 +0800] "GET /xingrg/javascript/jquery_easy_ui/themes/icon.css HTTP/1.1" 304 -
101.83.223.227 - - [20/Jun/2022:11:14:45 +0800] "GET /xingrg/css/form.css HTTP/1.1" 304 -
101.83.223.227 - - [20/Jun/2022:11:14:45 +0800] "GET /xingrg/javascript/jquery-1.4.2.min.js HTTP/1.1" 304 -
101.83.223.227 - - [20/Jun/2022:11:14:45 +0800] "GET /xingrg/javascript/jquery_easy_ui/jquery.easyui.min.js HTTP/1.1" 304 -
101.83.223.227 - - [20/Jun/2022:11:14:45 +0800] "GET /xingrg/javascript/jquery_easy_ui/easyui-lang-zh_CN.js HTTP/1.1" 304 -
101.83.223.227 - - [20/Jun/2022:11:14:45 +0800] "GET /xingrg/javascript/jquery.form.js HTTP/1.1" 304 -
101.83.223.227 - - [20/Jun/2022:11:14:45 +0800] "GET /xingrg/javascript/jquery.utils.js HTTP/1.1" 304 -
101.83.223.227 - - [20/Jun/2022:11:14:45 +0800] "GET /xingrg/javascript/jquery.timers.js HTTP/1.1" 304 -
101.83.223.227 - - [20/Jun/2022:11:14:45 +0800] "GET /xingrg/images/blue/jxLogo.png HTTP/1.1" 304 -
101.83.223.227 - - [20/Jun/2022:11:14:45 +0800] "GET /xingrg/javascript/jquery_easy_ui/themes/icons/settle_new.png HTTP/1.1" 304 -
101.83.223.227 - - [20/Jun/2022:11:14:45 +0800] "GET /xingrg/images/blue/navBackgound.jpg HTTP/1.1" 304 -
101.83.223.227 - - [20/Jun/2022:11:14:45 +0800] "POST /xingrg/all/common/load_tree.html?tree=area_rest_tree_json&manage=1 HTTP/1.1" 200 476
101.83.223.227 - - [20/Jun/2022:11:14:45 +0800] "GET /xingrg/check_reg.html?_=1655694884429 HTTP/1.1" 200 22
101.83.223.227 - - [20/Jun/2022:11:14:45 +0800] "GET /xingrg/all/function/internal_message.html?_=1655694884428&CODE_STATE=count HTTP/1.1" 200 11
101.83.223.227 - - [20/Jun/2022:11:14:45 +0800] "POST /xingrg/load_menu.html HTTP/1.1" 200 5138
101.83.223.227 - - [20/Jun/2022:11:14:45 +0800] "GET /xingrg/javascript/jquery_easy_ui/themes/default/images/panel_tool_collapse.gif HTTP/1.1" 304 -
101.83.223.227 - - [20/Jun/2022:11:14:45 +0800] "GET /xingrg/javascript/jquery_easy_ui/themes/default/images/tabs_rightarrow.png HTTP/1.1" 304 -
101.83.223.227 - - [20/Jun/2022:11:14:45 +0800] "GET /xingrg/images/blue/pingpu.png HTTP/1.1" 304 -
101.83.223.227 - - [20/Jun/2022:11:14:45 +0800] "GET /xingrg/javascript/jquery_easy_ui/themes/default/images/tree_file.gif HTTP/1.1" 304 -
101.83.223.227 - - [20/Jun/2022:11:14:45 +0800] "GET /xingrg/javascript/jquery_easy_ui/themes/icons/forms_new.png HTTP/1.1" 304 -
101.83.223.227 - - [20/Jun/2022:11:14:45 +0800] "GET /xingrg/javascript/jquery_easy_ui/themes/default/images/tree_folder.gif HTTP/1.1" 304 -
101.83.223.227 - - [20/Jun/2022:11:14:45 +0800] "GET /xingrg/javascript/jquery_easy_ui/themes/default/images/tree_arrows.gif HTTP/1.1" 304 -
101.83.223.227 - - [20/Jun/2022:11:14:45 +0800] "GET /xingrg/javascript/jquery_easy_ui/themes/icons/search_new.png HTTP/1.1" 304 -
101.83.223.227 - - [20/Jun/2022:11:14:45 +0800] "GET /xingrg/javascript/jquery_easy_ui/themes/default/images/tree_folder_open.gif HTTP/1.1" 304 -
101.83.223.227 - - [20/Jun/2022:11:14:45 +0800] "GET /xingrg/javascript/jquery_easy_ui/themes/icons/storage_new.png HTTP/1.1" 304 -
101.83.223.227 - - [20/Jun/2022:11:14:45 +0800] "GET /xingrg/javascript/jquery_easy_ui/themes/default/images/tabs_leftarrow.png HTTP/1.1" 304 -
124.78.158.193 - - [20/Jun/2022:11:14:46 +0800] "POST /xingrg/kc/buy/cgsh_list_operate.html HTTP/1.1" 200 2373
218.81.223.53 - - [20/Jun/2022:11:14:47 +0800] "GET /xingrg/all/function/internal_message.html?_=1655694889207&CODE_STATE=getMsg HTTP/1.1" 200 27
124.78.158.193 - - [20/Jun/2022:11:14:47 +0800] "GET /xingrg/kc/buy/cgsh_order_add.html HTTP/1.1" 200 67779
124.78.158.193 - - [20/Jun/2022:11:14:48 +0800] "GET /xingrg/words/20220620093200_words.js HTTP/1.1" 304 -
124.78.158.193 - - [20/Jun/2022:11:14:48 +0800] "POST /xingrg/kc/buy/cgsh_order_operate.html HTTP/1.1" 200 8245
101.83.223.227 - - [20/Jun/2022:11:14:48 +0800] "GET /xingrg/kc/mdqp/pssh_order_list.html HTTP/1.1" 200 17739
180.169.147.146 - - [20/Jun/2022:11:14:48 +0800] "GET /xingrg/all/function/internal_message.html?_=1655694887862&CODE_STATE=getMsg HTTP/1.1" 200 27
124.78.158.193 - - [20/Jun/2022:11:14:48 +0800] "GET /xingrg/javascript/easyui/themes/default/validatebox.css HTTP/1.1" 404 1104
101.83.223.227 - - [20/Jun/2022:11:14:48 +0800] "POST /xingrg/kc/mdqp/pssh_list_operate.html HTTP/1.1" 200 5457
124.78.158.193 - - [20/Jun/2022:11:14:49 +0800] "GET /xingrg/javascript/easyui/themes/default/tree.css HTTP/1.1" 404 1090
124.78.158.193 - - [20/Jun/2022:11:14:49 +0800] "POST /xingrg/all/common/load_tree.html?tree=supplier_tree_json&isDelete=1 HTTP/1.1" 200 66572
101.83.223.227 - - [20/Jun/2022:11:14:49 +0800] "POST /xingrg/kc/mdqp/pssh_list_operate.html HTTP/1.1" 200 345
101.83.223.227 - - [20/Jun/2022:11:14:50 +0800] "GET /xingrg/kc/mdqp/pssh_order_info.html?code=312022062000326 HTTP/1.1" 200 17299
101.83.223.227 - - [20/Jun/2022:11:14:50 +0800] "GET /xingrg/javascript/jquery_tools/jquery-1.4.2.min.js HTTP/1.1" 404 1094
101.83.223.227 - - [20/Jun/2022:11:14:50 +0800] "GET /xingrg/words/20220620093200_words.js HTTP/1.1" 304 -
101.83.223.227 - - [20/Jun/2022:11:14:51 +0800] "GET /xingrg/all/common/auto_word.html?type=base&rest_code=00150&rest_code=00150 HTTP/1.1" 200 1699
101.83.223.227 - - [20/Jun/2022:11:14:51 +0800] "GET /xingrg/javascript/easyui/themes/default/validatebox.css HTTP/1.1" 404 1104
101.83.223.227 - - [20/Jun/2022:11:14:51 +0800] "POST /xingrg/kc/mdqp/pssh_order_operate.html HTTP/1.1" 200 1036
116.233.73.163 - - [20/Jun/2022:11:14:51 +0800] "GET /xingrg/all/function/internal_message.html?_=1655694892078&CODE_STATE=getMsg HTTP/1.1" 200 27
101.83.223.227 - - [20/Jun/2022:11:14:55 +0800] "GET /xingrg/javascript/auto/indicator.gif HTTP/1.1" 404 1066
222.69.144.95 - - [20/Jun/2022:11:14:56 +0800] "GET /xingrg/kc/buy/cgsh_order_operate.html?command=get_materiel&rest_code=00154&code=00101012070&supplier_code=00100417&order_time=2022-06-20 HTTP/1.1" 200 412
101.83.223.227 - - [20/Jun/2022:11:14:58 +0800] "POST /xingrg/all/common/load_combo.html?type=employee HTTP/1.1" 200 280
101.83.223.227 - - [20/Jun/2022:11:15:00 +0800] "POST /xingrg/kc/mdqp/pssh_order_operate.html HTTP/1.1" 200 37
101.83.223.227 - - [20/Jun/2022:11:15:01 +0800] "POST /xingrg/kc/mdqp/pssh_order_operate.html HTTP/1.1" 200 12
101.83.223.227 - - [20/Jun/2022:11:15:01 +0800] "GET /xingrg/kc/mdqp/pssh_order_info.html?code=312022062000326 HTTP/1.1" 200 14392
101.83.223.227 - - [20/Jun/2022:11:15:01 +0800] "GET /xingrg/javascript/jquery_tools/jquery-1.4.2.min.js HTTP/1.1" 404 1094
101.83.223.227 - - [20/Jun/2022:11:15:02 +0800] "POST /xingrg/kc/mdqp/pssh_order_operate.html HTTP/1.1" 200 1036
101.83.223.227 - - [20/Jun/2022:11:15:02 +0800] "GET /xingrg/javascript/easyui/themes/default/validatebox.css HTTP/1.1" 404 1104
222.69.144.95 - - [20/Jun/2022:11:15:03 +0800] "GET /xingrg/all/function/internal_message.html?_=1655694936765&CODE_STATE=getMsg HTTP/1.1" 200 27
101.83.223.227 - - [20/Jun/2022:11:15:03 +0800] "GET /xingrg/kc/print/load_config.html?kc_code=pssh HTTP/1.1" 200 2291
101.83.223.227 - - [20/Jun/2022:11:15:03 +0800] "GET /xingrg/kc/print/load_data.html?order_code=312022062000326&kc_code=pssh&condition= HTTP/1.1" 200 813
124.78.158.193 - - [20/Jun/2022:11:15:04 +0800] "GET /xingrg/all/function/internal_message.html?_=1655694903723&CODE_STATE=getMsg HTTP/1.1" 200 27
58.35.194.53 - - [20/Jun/2022:11:15:08 +0800] "GET /xingrg/all/function/internal_message.html?_=1655694906564&CODE_STATE=getMsg HTTP/1.1" 200 27
180.171.135.27 - - [20/Jun/2022:11:15:10 +0800] "GET /xingrg/all/function/internal_message.html?_=1655694909687&CODE_STATE=getMsg HTTP/1.1" 200 27
101.83.223.227 - - [20/Jun/2022:11:15:11 +0800] "GET /xingrg/all/function/internal_message.html?_=1655694870356&CODE_STATE=getMsg HTTP/1.1" 200 27
116.230.110.173 - - [20/Jun/2022:11:15:11 +0800] "GET /xingrg/all/function/internal_message.html?_=1655694909486&CODE_STATE=getMsg HTTP/1.1" 200 27
114.95.43.0 - - [20/Jun/2022:11:15:12 +0800] "GET /xingrg/all/function/internal_message.html?_=1655694913568&CODE_STATE=getMsg HTTP/1.1" 200 27
114.95.43.0 - - [20/Jun/2022:11:15:12 +0800] "GET /xingrg/check_reg.html?_=1655694913570 HTTP/1.1" 200 22
124.78.158.193 - - [20/Jun/2022:11:15:19 +0800] "GET /xingrg/javascript/auto/indicator.gif HTTP/1.1" 404 1066
222.69.144.95 - - [20/Jun/2022:11:15:25 +0800] "GET /xingrg/kc/buy/cgsh_order_operate.html?command=get_materiel&rest_code=00154&code=00101008644&supplier_code=00100417&order_time=2022-06-20 HTTP/1.1" 200 420
124.79.240.10 - - [20/Jun/2022:11:15:26 +0800] "GET /xingrg/all/function/internal_message.html?_=1655695105630&CODE_STATE=getMsg HTTP/1.1" 200 27
114.88.162.248 - - [20/Jun/2022:11:15:28 +0800] "GET /xingrg/all/function/internal_message.html?_=1655694927752&CODE_STATE=getMsg HTTP/1.1" 200 27
218.81.223.53 - - [20/Jun/2022:11:15:40 +0800] "POST /xingrg/services/DataTransmitService HTTP/1.1" 200 524
218.81.223.53 - - [20/Jun/2022:11:15:40 +0800] "POST /xingrg/services/DataTransmitService HTTP/1.1" 200 2343
114.95.43.0 - - [20/Jun/2022:11:15:40 +0800] "GET /xingrg/all/function/internal_message.html?_=1655694849014&CODE_STATE=getMsg HTTP/1.1" 200 27
218.81.223.53 - - [20/Jun/2022:11:15:41 +0800] "POST /xingrg/services/DataTransmitService HTTP/1.1" 200 220424
180.156.212.250 - - [20/Jun/2022:11:15:43 +0800] "GET /xingrg/all/function/internal_message.html?_=1655695013576&CODE_STATE=getMsg HTTP/1.1" 200 27
101.83.223.227 - - [20/Jun/2022:11:15:45 +0800] "GET /xingrg/all/function/internal_message.html?_=1655694944443&CODE_STATE=getMsg HTTP/1.1" 200 27
218.81.223.53 - - [20/Jun/2022:11:15:48 +0800] "GET /xingrg/all/function/internal_message.html?_=1655694949220&CODE_STATE=getMsg HTTP/1.1" 200 27
180.169.147.146 - - [20/Jun/2022:11:15:48 +0800] "GET /xingrg/all/function/internal_message.html?_=1655694947853&CODE_STATE=getMsg HTTP/1.1" 200 27
222.69.144.95 - - [20/Jun/2022:11:15:51 +0800] "GET /xingrg/kc/buy/cgsh_order_operate.html?command=get_materiel&rest_code=00154&code=00101008261&supplier_code=00100417&order_time=2022-06-20 HTTP/1.1" 200 408
116.233.73.163 - - [20/Jun/2022:11:15:52 +0800] "GET /xingrg/all/function/internal_message.html?_=1655694952193&CODE_STATE=getMsg HTTP/1.1" 200 27
124.78.158.193 - - [20/Jun/2022:11:15:53 +0800] "GET /xingrg/kc/buy/cgsh_order_operate.html?command=get_materiel&rest_code=00106&code=00101008256&supplier_code=00100007&order_time=2022-06-20 HTTP/1.1" 200 412
222.69.144.95 - - [20/Jun/2022:11:16:03 +0800] "GET /xingrg/all/function/internal_message.html?_=1655694996761&CODE_STATE=getMsg HTTP/1.1" 200 27
124.78.158.193 - - [20/Jun/2022:11:16:04 +0800] "GET /xingrg/all/function/internal_message.html?_=1655694963714&CODE_STATE=getMsg HTTP/1.1" 200 27
222.69.144.95 - - [20/Jun/2022:11:16:04 +0800] "GET /xingrg/kc/buy/cgsh_order_operate.html?command=get_materiel&rest_code=00154&code=00101008059&supplier_code=00100417&order_time=2022-06-20 HTTP/1.1" 200 408
58.35.194.53 - - [20/Jun/2022:11:16:08 +0800] "GET /xingrg/all/function/internal_message.html?_=1655694966550&CODE_STATE=getMsg HTTP/1.1" 200 27
180.171.135.27 - - [20/Jun/2022:11:16:10 +0800] "GET /xingrg/all/function/internal_message.html?_=1655694969687&CODE_STATE=getMsg HTTP/1.1" 200 27
114.88.162.248 - - [20/Jun/2022:11:16:11 +0800] "GET /xingrg/kc/buy/buy_main.html HTTP/1.1" 200 12412
114.88.162.248 - - [20/Jun/2022:11:16:11 +0800] "GET /xingrg/css/new_ie.css HTTP/1.1" 404 1036
116.230.110.173 - - [20/Jun/2022:11:16:11 +0800] "GET /xingrg/all/function/internal_message.html?_=1655694969463&CODE_STATE=getMsg HTTP/1.1" 200 27
101.83.223.227 - - [20/Jun/2022:11:16:11 +0800] "GET /xingrg/all/function/internal_message.html?_=1655694930369&CODE_STATE=getMsg HTTP/1.1" 200 27
114.88.162.248 - - [20/Jun/2022:11:16:11 +0800] "GET /xingrg/images/yd/bt.gif HTTP/1.1" 404 1040
114.88.162.248 - - [20/Jun/2022:11:16:12 +0800] "GET /xingrg/kc/buy/cgsh_order_list.html HTTP/1.1" 200 51962
114.95.43.0 - - [20/Jun/2022:11:16:12 +0800] "GET /xingrg/all/function/internal_message.html?_=1655694973568&CODE_STATE=getMsg HTTP/1.1" 200 27
114.88.162.248 - - [20/Jun/2022:11:16:15 +0800] "POST /xingrg/kc/buy/cgsh_list_operate.html HTTP/1.1" 200 2969
124.78.158.193 - - [20/Jun/2022:11:16:15 +0800] "GET /xingrg/kc/buy/cgsh_order_operate.html?command=get_materiel&rest_code=00106&code=00101008072&supplier_code=00100007&order_time=2022-06-20 HTTP/1.1" 200 408
222.69.144.95 - - [20/Jun/2022:11:16:20 +0800] "GET /xingrg/kc/buy/cgsh_order_operate.html?command=get_materiel&rest_code=00154&code=00101008351&supplier_code=00100417&order_time=2022-06-20 HTTP/1.1" 200 408
114.88.162.248 - - [20/Jun/2022:11:16:23 +0800] "GET /xingrg/kc/buy/cgsh_order_add.html HTTP/1.1" 200 67700
114.88.162.248 - - [20/Jun/2022:11:16:23 +0800] "GET /xingrg/words/20220620093200_words.js HTTP/1.1" 200 901755
114.88.162.248 - - [20/Jun/2022:11:16:24 +0800] "POST /xingrg/kc/buy/cgsh_order_operate.html HTTP/1.1" 200 8245
114.88.162.248 - - [20/Jun/2022:11:16:24 +0800] "GET /xingrg/all/common/auto_word.html?type=employee&rest_code=00111 HTTP/1.1" 200 155
114.88.162.248 - - [20/Jun/2022:11:16:24 +0800] "GET /xingrg/javascript/easyui/themes/default/validatebox.css HTTP/1.1" 404 1104
114.88.162.248 - - [20/Jun/2022:11:16:24 +0800] "GET /xingrg/all/common/auto_word.html?type=employee&rest_code=00111 HTTP/1.1" 200 155
124.79.240.10 - - [20/Jun/2022:11:16:26 +0800] "GET /xingrg/all/function/internal_message.html?_=1655695165629&CODE_STATE=getMsg HTTP/1.1" 200 27
114.88.162.248 - - [20/Jun/2022:11:16:28 +0800] "GET /xingrg/all/function/internal_message.html?_=1655694987757&CODE_STATE=getMsg HTTP/1.1" 200 27
222.69.144.95 - - [20/Jun/2022:11:16:35 +0800] "GET /xingrg/kc/buy/cgsh_order_operate.html?command=get_materiel&rest_code=00154&code=00101008003&supplier_code=00100417&order_time=2022-06-20 HTTP/1.1" 200 408
114.95.43.0 - - [20/Jun/2022:11:16:40 +0800] "GET /xingrg/all/function/internal_message.html?_=1655694909000&CODE_STATE=getMsg HTTP/1.1" 200 27
218.81.223.53 - - [20/Jun/2022:11:16:42 +0800] "POST /xingrg/services/DataTransmitService HTTP/1.1" 200 524
101.83.223.227 - - [20/Jun/2022:11:16:43 +0800] "GET /xingrg/kc/buy/cgsh_order_list.html HTTP/1.1" 200 51968
124.78.158.193 - - [20/Jun/2022:11:16:43 +0800] "GET /xingrg/kc/buy/cgsh_order_operate.html?command=get_materiel&rest_code=00106&code=00101008132&supplier_code=00100007&order_time=2022-06-20 HTTP/1.1" 200 408
180.156.212.250 - - [20/Jun/2022:11:16:43 +0800] "GET /xingrg/all/function/internal_message.html?_=1655695073577&CODE_STATE=getMsg HTTP/1.1" 200 27
101.83.223.227 - - [20/Jun/2022:11:16:45 +0800] "POST /xingrg/kc/buy/cgsh_list_operate.html HTTP/1.1" 200 1461
101.83.223.227 - - [20/Jun/2022:11:16:45 +0800] "GET /xingrg/all/function/internal_message.html?_=1655695004437&CODE_STATE=getMsg HTTP/1.1" 200 27
218.81.223.53 - - [20/Jun/2022:11:16:48 +0800] "GET /xingrg/all/function/internal_message.html?_=1655695009576&CODE_STATE=getMsg HTTP/1.1" 200 27
180.169.147.146 - - [20/Jun/2022:11:16:48 +0800] "GET /xingrg/all/function/internal_message.html?_=1655695007873&CODE_STATE=getMsg HTTP/1.1" 200 27
218.81.223.53 - - [20/Jun/2022:11:16:48 +0800] "POST /xingrg/services/DataTransmitService HTTP/1.1" 200 501
116.233.73.163 - - [20/Jun/2022:11:16:52 +0800] "GET /xingrg/all/function/internal_message.html?_=1655695012198&CODE_STATE=getMsg HTTP/1.1" 200 27
116.233.73.163 - - [20/Jun/2022:11:16:52 +0800] "GET /xingrg/check_reg.html?_=1655695012199 HTTP/1.1" 200 22
180.156.212.250 - - [20/Jun/2022:11:16:54 +0800] "GET /xingrg/check_reg.html?_=1655695084059 HTTP/1.1" 200 22
222.69.144.95 - - [20/Jun/2022:11:16:56 +0800] "GET /xingrg/kc/buy/cgsh_order_operate.html?command=get_materiel&rest_code=00154&code=00101008355&supplier_code=00100417&order_time=2022-06-20 HTTP/1.1" 200 408
101.83.223.227 - - [20/Jun/2022:11:16:57 +0800] "POST /xingrg/kc/buy/cgsh_list_operate.html HTTP/1.1" 200 570
101.83.223.227 - - [20/Jun/2022:11:16:58 +0800] "GET /xingrg/kc/buy/cgsh_order_info.html?code=212022062002337 HTTP/1.1" 200 67671
101.83.223.227 - - [20/Jun/2022:11:16:58 +0800] "GET /xingrg/javascript/easyui/themes/default/validatebox.css HTTP/1.1" 404 1104
101.83.223.227 - - [20/Jun/2022:11:16:59 +0800] "POST /xingrg/kc/buy/cgsh_order_operate.html HTTP/1.1" 200 12737
114.95.43.0 - - [20/Jun/2022:11:17:02 +0800] "GET /xingrg/check_reg.html?_=1655694930485 HTTP/1.1" 200 22
222.69.144.95 - - [20/Jun/2022:11:17:03 +0800] "GET /xingrg/all/function/internal_message.html?_=1655695056767&CODE_STATE=getMsg HTTP/1.1" 200 27
124.78.158.193 - - [20/Jun/2022:11:17:04 +0800] "GET /xingrg/all/function/internal_message.html?_=1655695023720&CODE_STATE=getMsg HTTP/1.1" 200 27
124.78.158.193 - - [20/Jun/2022:11:17:05 +0800] "GET /xingrg/kc/buy/cgsh_order_operate.html?command=get_materiel&rest_code=00106&code=00101008244&supplier_code=00100007&order_time=2022-06-20 HTTP/1.1" 200 408
58.35.194.53 - - [20/Jun/2022:11:17:08 +0800] "GET /xingrg/all/function/internal_message.html?_=1655695026520&CODE_STATE=getMsg HTTP/1.1" 200 27
180.171.135.27 - - [20/Jun/2022:11:17:10 +0800] "GET /xingrg/all/function/internal_message.html?_=1655695029685&CODE_STATE=getMsg HTTP/1.1" 200 27
116.230.110.173 - - [20/Jun/2022:11:17:11 +0800] "GET /xingrg/all/function/internal_message.html?_=1655695029470&CODE_STATE=getMsg HTTP/1.1" 200 27
116.230.110.173 - - [20/Jun/2022:11:17:11 +0800] "GET /xingrg/check_reg.html?_=1655695029471 HTTP/1.1" 200 22
101.83.223.227 - - [20/Jun/2022:11:17:11 +0800] "GET /xingrg/all/function/internal_message.html?_=1655694990424&CODE_STATE=getMsg HTTP/1.1" 200 27
114.95.43.0 - - [20/Jun/2022:11:17:12 +0800] "GET /xingrg/all/function/internal_message.html?_=1655695033567&CODE_STATE=getMsg HTTP/1.1" 200 27
124.79.240.10 - - [20/Jun/2022:11:17:26 +0800] "GET /xingrg/all/function/internal_message.html?_=1655695225629&CODE_STATE=getMsg HTTP/1.1" 200 27
124.79.240.10 - - [20/Jun/2022:11:17:26 +0800] "GET /xingrg/check_reg.html?_=1655695225630 HTTP/1.1" 200 22
124.78.158.193 - - [20/Jun/2022:11:17:27 +0800] "GET /xingrg/kc/buy/cgsh_order_operate.html?command=get_materiel&rest_code=00106&code=00101008182&supplier_code=00100007&order_time=2022-06-20 HTTP/1.1" 200 413
222.69.144.95 - - [20/Jun/2022:11:17:27 +0800] "GET /xingrg/kc/buy/cgsh_order_operate.html?command=get_materiel&rest_code=00154&code=00101008024&supplier_code=00100417&order_time=2022-06-20 HTTP/1.1" 200 408
114.88.162.248 - - [20/Jun/2022:11:17:28 +0800] "GET /xingrg/all/function/internal_message.html?_=1655695047752&CODE_STATE=getMsg HTTP/1.1" 200 27
114.95.43.0 - - [20/Jun/2022:11:17:40 +0800] "GET /xingrg/all/function/internal_message.html?_=1655694968972&CODE_STATE=getMsg HTTP/1.1" 200 27
180.156.212.250 - - [20/Jun/2022:11:17:43 +0800] "GET /xingrg/all/function/internal_message.html?_=1655695133591&CODE_STATE=getMsg HTTP/1.1" 200 27
101.83.223.227 - - [20/Jun/2022:11:17:45 +0800] "GET /xingrg/all/function/internal_message.html?_=1655695064476&CODE_STATE=getMsg HTTP/1.1" 200 27
180.169.147.146 - - [20/Jun/2022:11:17:48 +0800] "GET /xingrg/all/function/internal_message.html?_=1655695067872&CODE_STATE=getMsg HTTP/1.1" 200 27
218.81.223.53 - - [20/Jun/2022:11:17:48 +0800] "GET /xingrg/all/function/internal_message.html?_=1655695069591&CODE_STATE=getMsg HTTP/1.1" 200 27
222.69.144.95 - - [20/Jun/2022:11:17:48 +0800] "GET /xingrg/kc/buy/cgsh_order_operate.html?command=get_materiel&rest_code=00154&code=00101008205&supplier_code=00100417&order_time=2022-06-20 HTTP/1.1" 200 412
116.233.73.163 - - [20/Jun/2022:11:17:52 +0800] "GET /xingrg/all/function/internal_message.html?_=1655695072197&CODE_STATE=getMsg HTTP/1.1" 200 27
222.69.144.95 - - [20/Jun/2022:11:17:59 +0800] "GET /xingrg/kc/buy/cgsh_order_operate.html?command=get_materiel&rest_code=00154&code=00101008264&supplier_code=00100417&order_time=2022-06-20 HTTP/1.1" 200 412
124.78.158.193 - - [20/Jun/2022:11:18:02 +0800] "GET /xingrg/kc/buy/cgsh_order_operate.html?command=get_materiel&rest_code=00106&code=00101008087&supplier_code=00100007&order_time=2022-06-20 HTTP/1.1" 200 412
222.69.144.95 - - [20/Jun/2022:11:18:03 +0800] "GET /xingrg/check_reg.html?_=1655695116779 HTTP/1.1" 200 22
222.69.144.95 - - [20/Jun/2022:11:18:03 +0800] "GET /xingrg/all/function/internal_message.html?_=1655695116782&CODE_STATE=getMsg HTTP/1.1" 200 27
124.78.158.193 - - [20/Jun/2022:11:18:04 +0800] "GET /xingrg/check_reg.html?_=1655695083717 HTTP/1.1" 200 22
124.78.158.193 - - [20/Jun/2022:11:18:04 +0800] "GET /xingrg/all/function/internal_message.html?_=1655695083720&CODE_STATE=getMsg HTTP/1.1" 200 27
58.35.194.53 - - [20/Jun/2022:11:18:08 +0800] "GET /xingrg/all/function/internal_message.html?_=1655695086491&CODE_STATE=getMsg HTTP/1.1" 200 27
180.171.135.27 - - [20/Jun/2022:11:18:10 +0800] "GET /xingrg/all/function/internal_message.html?_=1655695089686&CODE_STATE=getMsg HTTP/1.1" 200 27
116.230.110.173 - - [20/Jun/2022:11:18:11 +0800] "GET /xingrg/all/function/internal_message.html?_=1655695089458&CODE_STATE=getMsg HTTP/1.1" 200 27
101.83.223.227 - - [20/Jun/2022:11:18:11 +0800] "GET /xingrg/all/function/internal_message.html?_=1655695050427&CODE_STATE=getMsg HTTP/1.1" 200 27
114.95.43.0 - - [20/Jun/2022:11:18:12 +0800] "GET /xingrg/all/function/internal_message.html?_=1655695093566&CODE_STATE=getMsg HTTP/1.1" 200 27
222.69.144.95 - - [20/Jun/2022:11:18:17 +0800] "GET /xingrg/kc/buy/cgsh_order_operate.html?command=get_materiel&rest_code=00154&code=00101008108&supplier_code=00100417&order_time=2022-06-20 HTTP/1.1" 200 412
101.83.223.227 - - [20/Jun/2022:11:18:24 +0800] "POST /xingrg/kc/buy/cgsh_order_operate.html HTTP/1.1" 200 37
124.79.240.10 - - [20/Jun/2022:11:18:26 +0800] "GET /xingrg/all/function/internal_message.html?_=1655695285629&CODE_STATE=getMsg HTTP/1.1" 200 27
101.83.223.227 - - [20/Jun/2022:11:18:27 +0800] "POST /xingrg/kc/buy/cgsh_order_operate.html HTTP/1.1" 200 12
114.88.162.248 - - [20/Jun/2022:11:18:28 +0800] "GET /xingrg/all/function/internal_message.html?_=1655695107766&CODE_STATE=getMsg HTTP/1.1" 200 27
101.83.223.227 - - [20/Jun/2022:11:18:32 +0800] "GET /xingrg/kc/buy/cgsh_order_info.html?code=212022062002337 HTTP/1.1" 200 62565
101.83.223.227 - - [20/Jun/2022:11:18:33 +0800] "GET /xingrg/javascript/easyui/themes/default/validatebox.css HTTP/1.1" 404 1104
124.78.158.193 - - [20/Jun/2022:11:18:33 +0800] "GET /xingrg/kc/buy/cgsh_order_operate.html?command=get_materiel&rest_code=00106&code=00101008300&supplier_code=00100007&order_time=2022-06-20 HTTP/1.1" 200 412
101.83.223.227 - - [20/Jun/2022:11:18:34 +0800] "POST /xingrg/kc/buy/cgsh_order_operate.html HTTP/1.1" 200 10681
114.88.162.248 - - [20/Jun/2022:11:18:34 +0800] "GET /xingrg/javascript/auto/indicator.gif HTTP/1.1" 404 1066
101.83.223.227 - - [20/Jun/2022:11:18:34 +0800] "GET /xingrg/kc/print/load_data.html?order_code=212022062002337&kc_code=cgsh&condition= HTTP/1.1" 200 4581
114.88.162.248 - - [20/Jun/2022:11:18:37 +0800] "GET /xingrg/javascript/jquery_tools/images/prev.gif HTTP/1.1" 404 1086
114.88.162.248 - - [20/Jun/2022:11:18:37 +0800] "GET /xingrg/javascript/jquery_tools/images/next.gif HTTP/1.1" 404 1086
114.95.43.0 - - [20/Jun/2022:11:18:40 +0800] "GET /xingrg/all/function/internal_message.html?_=1655695028958&CODE_STATE=getMsg HTTP/1.1" 200 27
180.156.212.250 - - [20/Jun/2022:11:18:43 +0800] "GET /xingrg/all/function/internal_message.html?_=1655695193609&CODE_STATE=getMsg HTTP/1.1" 200 27
101.83.223.227 - - [20/Jun/2022:11:18:43 +0800] "POST /xingrg/all/user/operate.html HTTP/1.1" 200 36
101.83.223.227 - - [20/Jun/2022:11:18:44 +0800] "GET /xingrg/index.html?sysBaseUrl=http%3A%2F%2F180.169.147.146%3A18081%2Fxingrg%2F&costTime=40×tamp=1655691693432 HTTP/1.1" 200 17177
101.83.223.227 - - [20/Jun/2022:11:18:44 +0800] "GET /xingrg/javascript/jquery_easy_ui/themes/default/easyui.css HTTP/1.1" 304 -
101.83.223.227 - - [20/Jun/2022:11:18:44 +0800] "GET /xingrg/javascript/jquery_easy_ui/themes/icon.css HTTP/1.1" 304 -
101.83.223.227 - - [20/Jun/2022:11:18:44 +0800] "GET /xingrg/css/form.css HTTP/1.1" 304 -
101.83.223.227 - - [20/Jun/2022:11:18:44 +0800] "GET /xingrg/javascript/jquery-1.4.2.min.js HTTP/1.1" 304 -
101.83.223.227 - - [20/Jun/2022:11:18:44 +0800] "GET /xingrg/javascript/jquery_easy_ui/jquery.easyui.min.js HTTP/1.1" 304 -
101.83.223.227 - - [20/Jun/2022:11:18:44 +0800] "GET /xingrg/javascript/jquery_easy_ui/easyui-lang-zh_CN.js HTTP/1.1" 304 -
101.83.223.227 - - [20/Jun/2022:11:18:44 +0800] "GET /xingrg/javascript/jquery.form.js HTTP/1.1" 304 -
101.83.223.227 - - [20/Jun/2022:11:18:44 +0800] "GET /xingrg/javascript/jquery.utils.js HTTP/1.1" 304 -
101.83.223.227 - - [20/Jun/2022:11:18:44 +0800] "GET /xingrg/javascript/jquery.timers.js HTTP/1.1" 304 -
101.83.223.227 - - [20/Jun/2022:11:18:44 +0800] "GET /xingrg/images/blue/jxLogo.png HTTP/1.1" 304 -
101.83.223.227 - - [20/Jun/2022:11:18:44 +0800] "GET /xingrg/javascript/jquery_easy_ui/themes/icons/settle_new.png HTTP/1.1" 304 -
101.83.223.227 - - [20/Jun/2022:11:18:44 +0800] "POST /xingrg/all/common/load_tree.html?tree=area_rest_tree_json&manage=1 HTTP/1.1" 200 476
101.83.223.227 - - [20/Jun/2022:11:18:44 +0800] "GET /xingrg/images/blue/navBackgound.jpg HTTP/1.1" 304 -
101.83.223.227 - - [20/Jun/2022:11:18:44 +0800] "GET /xingrg/all/function/internal_message.html?_=1655695123588&CODE_STATE=count HTTP/1.1" 200 11
101.83.223.227 - - [20/Jun/2022:11:18:44 +0800] "GET /xingrg/check_reg.html?_=1655695123589 HTTP/1.1" 200 22
101.83.223.227 - - [20/Jun/2022:11:18:44 +0800] "POST /xingrg/load_menu.html HTTP/1.1" 200 5138
101.83.223.227 - - [20/Jun/2022:11:18:44 +0800] "GET /xingrg/javascript/jquery_easy_ui/themes/default/images/panel_tool_collapse.gif HTTP/1.1" 304 -
101.83.223.227 - - [20/Jun/2022:11:18:44 +0800] "GET /xingrg/javascript/jquery_easy_ui/themes/default/images/tabs_rightarrow.png HTTP/1.1" 304 -
101.83.223.227 - - [20/Jun/2022:11:18:44 +0800] "GET /xingrg/javascript/jquery_easy_ui/themes/default/images/tabs_leftarrow.png HTTP/1.1" 304 -
101.83.223.227 - - [20/Jun/2022:11:18:44 +0800] "GET /xingrg/javascript/jquery_easy_ui/themes/icons/storage_new.png HTTP/1.1" 304 -
101.83.223.227 - - [20/Jun/2022:11:18:44 +0800] "GET /xingrg/javascript/jquery_easy_ui/themes/default/images/tree_folder.gif HTTP/1.1" 304 -
101.83.223.227 - - [20/Jun/2022:11:18:44 +0800] "GET /xingrg/javascript/jquery_easy_ui/themes/default/images/tree_arrows.gif HTTP/1.1" 304 -
101.83.223.227 - - [20/Jun/2022:11:18:44 +0800] "GET /xingrg/javascript/jquery_easy_ui/themes/icons/search_new.png HTTP/1.1" 304 -
101.83.223.227 - - [20/Jun/2022:11:18:44 +0800] "GET /xingrg/javascript/jquery_easy_ui/themes/icons/forms_new.png HTTP/1.1" 304 -
101.83.223.227 - - [20/Jun/2022:11:18:44 +0800] "GET /xingrg/javascript/jquery_easy_ui/themes/default/images/tree_file.gif HTTP/1.1" 304 -
101.83.223.227 - - [20/Jun/2022:11:18:44 +0800] "GET /xingrg/javascript/jquery_easy_ui/themes/default/images/tree_folder_open.gif HTTP/1.1" 304 -
101.83.223.227 - - [20/Jun/2022:11:18:45 +0800] "GET /xingrg/images/blue/pingpu.png HTTP/1.1" 304 -
101.83.223.227 - - [20/Jun/2022:11:18:46 +0800] "GET /xingrg/kc/buy/cgsh_order_list.html HTTP/1.1" 200 51966
222.69.144.95 - - [20/Jun/2022:11:18:47 +0800] "POST /xingrg/kc/buy/cgsh_order_operate.html HTTP/1.1" 200 37
180.169.147.146 - - [20/Jun/2022:11:18:48 +0800] "GET /xingrg/check_reg.html?_=1655695127871 HTTP/1.1" 200 22
180.169.147.146 - - [20/Jun/2022:11:18:48 +0800] "GET /xingrg/all/function/internal_message.html?_=1655695127875&CODE_STATE=getMsg HTTP/1.1" 200 27
218.81.223.53 - - [20/Jun/2022:11:18:48 +0800] "GET /xingrg/all/function/internal_message.html?_=1655695129978&CODE_STATE=getMsg HTTP/1.1" 200 27
114.88.162.248 - - [20/Jun/2022:11:18:49 +0800] "GET /xingrg/kc/buy/cgsh_order_operate.html?command=get_materiel&rest_code=00111&code=00101008286&supplier_code=00100037&order_time=2022-06-20 HTTP/1.1" 200 408
222.69.144.95 - - [20/Jun/2022:11:18:51 +0800] "POST /xingrg/kc/buy/cgsh_order_operate.html HTTP/1.1" 200 12
101.83.223.227 - - [20/Jun/2022:11:18:51 +0800] "POST /xingrg/kc/buy/cgsh_list_operate.html HTTP/1.1" 200 1773
116.233.73.163 - - [20/Jun/2022:11:18:52 +0800] "GET /xingrg/all/function/internal_message.html?_=1655695132199&CODE_STATE=getMsg HTTP/1.1" 200 27
222.69.144.95 - - [20/Jun/2022:11:18:52 +0800] "GET /xingrg/kc/buy/cgsh_order_info.html?code=212022062002358 HTTP/1.1" 200 61812
222.69.144.95 - - [20/Jun/2022:11:18:52 +0800] "GET /xingrg/javascript/easyui/themes/default/validatebox.css HTTP/1.1" 404 1104
120.253.135.82 - - [20/Jun/2022:11:18:52 +0800] "GET /xingrg/check_reg.html?_=1655694941731 HTTP/1.1" 200 22
222.69.144.95 - - [20/Jun/2022:11:18:53 +0800] "POST /xingrg/kc/buy/cgsh_order_operate.html HTTP/1.1" 200 8861
101.83.223.227 - - [20/Jun/2022:11:18:54 +0800] "POST /xingrg/kc/buy/cgsh_list_operate.html HTTP/1.1" 200 557
124.78.158.193 - - [20/Jun/2022:11:18:54 +0800] "GET /xingrg/kc/buy/cgsh_order_operate.html?command=get_materiel&rest_code=00106&code=00101008137&supplier_code=00100007&order_time=2022-06-20 HTTP/1.1" 200 408
222.69.144.95 - - [20/Jun/2022:11:18:55 +0800] "GET /xingrg/kc/print/load_config.html?kc_code=cgsh HTTP/1.1" 200 1943
222.69.144.95 - - [20/Jun/2022:11:18:55 +0800] "GET /xingrg/kc/print/load_data.html?order_code=212022062002358&kc_code=cgsh&condition= HTTP/1.1" 200 3802
101.83.223.227 - - [20/Jun/2022:11:18:55 +0800] "GET /xingrg/kc/buy/cgsh_order_info.html?code=212022062002335 HTTP/1.1" 200 67351
101.83.223.227 - - [20/Jun/2022:11:18:56 +0800] "GET /xingrg/javascript/easyui/themes/default/validatebox.css HTTP/1.1" 404 1104
101.83.223.227 - - [20/Jun/2022:11:18:56 +0800] "POST /xingrg/kc/buy/cgsh_order_operate.html HTTP/1.1" 200 11647
222.69.144.95 - - [20/Jun/2022:11:19:03 +0800] "GET /xingrg/all/function/internal_message.html?_=1655695176768&CODE_STATE=getMsg HTTP/1.1" 200 27
114.88.162.248 - - [20/Jun/2022:11:19:03 +0800] "GET /xingrg/kc/buy/cgsh_order_operate.html?command=get_materiel&rest_code=00111&code=00101008357&supplier_code=00100037&order_time=2022-06-20 HTTP/1.1" 200 408
124.78.158.193 - - [20/Jun/2022:11:19:04 +0800] "GET /xingrg/all/function/internal_message.html?_=1655695143737&CODE_STATE=getMsg HTTP/1.1" 200 27
58.35.194.53 - - [20/Jun/2022:11:19:08 +0800] "GET /xingrg/all/function/internal_message.html?_=1655695146477&CODE_STATE=getMsg HTTP/1.1" 200 27
218.81.223.53 - - [20/Jun/2022:11:19:09 +0800] "GET /xingrg/check_reg.html?_=1655695151039 HTTP/1.1" 200 22
180.171.135.27 - - [20/Jun/2022:11:19:10 +0800] "GET /xingrg/check_reg.html?_=1655695149679 HTTP/1.1" 200 22
180.171.135.27 - - [20/Jun/2022:11:19:10 +0800] "GET /xingrg/all/function/internal_message.html?_=1655695149682&CODE_STATE=getMsg HTTP/1.1" 200 27
116.230.110.173 - - [20/Jun/2022:11:19:11 +0800] "GET /xingrg/all/function/internal_message.html?_=1655695149461&CODE_STATE=getMsg HTTP/1.1" 200 27
101.83.223.227 - - [20/Jun/2022:11:19:11 +0800] "GET /xingrg/all/function/internal_message.html?_=1655695110470&CODE_STATE=getMsg HTTP/1.1" 200 27
114.95.43.0 - - [20/Jun/2022:11:19:12 +0800] "GET /xingrg/all/function/internal_message.html?_=1655695153566&CODE_STATE=getMsg HTTP/1.1" 200 27
114.88.162.248 - - [20/Jun/2022:11:19:12 +0800] "GET /xingrg/kc/buy/cgsh_order_operate.html?command=get_materiel&rest_code=00111&code=00101016030&supplier_code=00100037&order_time=2022-06-20 HTTP/1.1" 200 412
218.81.223.53 - - [20/Jun/2022:11:19:15 +0800] "GET /xingrg/kc/buy/cgsh_order_add.html HTTP/1.1" 200 67706
218.81.223.53 - - [20/Jun/2022:11:19:16 +0800] "POST /xingrg/kc/buy/cgsh_order_operate.html HTTP/1.1" 200 8245
218.81.223.53 - - [20/Jun/2022:11:19:16 +0800] "GET /xingrg/javascript/easyui/themes/default/validatebox.css HTTP/1.1" 404 1104
114.88.162.248 - - [20/Jun/2022:11:19:21 +0800] "POST /xingrg/kc/buy/cgsh_order_operate.html HTTP/1.1" 200 37
124.78.158.193 - - [20/Jun/2022:11:19:21 +0800] "GET /xingrg/kc/buy/cgsh_order_operate.html?command=get_materiel&rest_code=00106&code=00101008169&supplier_code=00100007&order_time=2022-06-20 HTTP/1.1" 200 412
114.88.162.248 - - [20/Jun/2022:11:19:23 +0800] "POST /xingrg/kc/buy/cgsh_order_operate.html HTTP/1.1" 200 3826
114.88.162.248 - - [20/Jun/2022:11:19:24 +0800] "GET /xingrg/kc/print/load_config.html?kc_code=cgsh HTTP/1.1" 200 1943
114.88.162.248 - - [20/Jun/2022:11:19:25 +0800] "GET /xingrg/kc/print/load_data.html?order_code=212022062002359&kc_code=cgsh&condition= HTTP/1.1" 200 1151
124.79.240.10 - - [20/Jun/2022:11:19:26 +0800] "GET /xingrg/all/function/internal_message.html?_=1655695345633&CODE_STATE=getMsg HTTP/1.1" 200 27
114.88.162.248 - - [20/Jun/2022:11:19:28 +0800] "GET /xingrg/check_reg.html?_=1655695167821 HTTP/1.1" 200 22
114.88.162.248 - - [20/Jun/2022:11:19:28 +0800] "GET /xingrg/all/function/internal_message.html?_=1655695167822&CODE_STATE=getMsg HTTP/1.1" 200 27
58.35.194.53 - - [20/Jun/2022:11:19:33 +0800] "GET /xingrg/check_reg.html?_=1655695171322 HTTP/1.1" 200 22
218.81.223.53 - - [20/Jun/2022:11:19:36 +0800] "GET /xingrg/kc/buy/cgsh_order_operate.html?command=get_materiel&rest_code=00146&code=00102002239&supplier_code=00100151&order_time=2022-06-20 HTTP/1.1" 200 421
101.83.223.227 - - [20/Jun/2022:11:19:36 +0800] "GET /xingrg/check_reg.html?_=1655695136071 HTTP/1.1" 200 22
114.88.162.248 - - [20/Jun/2022:11:19:38 +0800] "GET /xingrg/kc/buy/cgsh_order_add.html HTTP/1.1" 200 67700
114.88.162.248 - - [20/Jun/2022:11:19:39 +0800] "POST /xingrg/kc/buy/cgsh_order_operate.html HTTP/1.1" 200 8245
114.88.162.248 - - [20/Jun/2022:11:19:39 +0800] "GET /xingrg/javascript/easyui/themes/default/validatebox.css HTTP/1.1" 404 1104
114.95.43.0 - - [20/Jun/2022:11:19:40 +0800] "GET /xingrg/all/function/internal_message.html?_=1655695088944&CODE_STATE=getMsg HTTP/1.1" 200 27
114.88.162.248 - - [20/Jun/2022:11:19:43 +0800] "GET /xingrg/kc/base/wldb_order_list.html HTTP/1.1" 200 19142
180.156.212.250 - - [20/Jun/2022:11:19:44 +0800] "GET /xingrg/all/function/internal_message.html?_=1655695254043&CODE_STATE=getMsg HTTP/1.1" 200 27
114.88.162.248 - - [20/Jun/2022:11:19:44 +0800] "POST /xingrg/kc/base/wldb_list_operate.html HTTP/1.1" 200 928
101.83.223.227 - - [20/Jun/2022:11:19:44 +0800] "GET /xingrg/all/function/internal_message.html?_=1655695183598&CODE_STATE=getMsg HTTP/1.1" 200 27
114.88.162.248 - - [20/Jun/2022:11:19:45 +0800] "GET /xingrg/kc/base/wldb_order_add.html HTTP/1.1" 200 30356
124.78.158.193 - - [20/Jun/2022:11:19:45 +0800] "GET /xingrg/kc/buy/cgsh_order_operate.html?command=get_materiel&rest_code=00106&code=00101008352&supplier_code=00100007&order_time=2022-06-20 HTTP/1.1" 200 412
114.88.162.248 - - [20/Jun/2022:11:19:45 +0800] "POST /xingrg/kc/base/wldb_order_operate.html HTTP/1.1" 200 6806
114.88.162.248 - - [20/Jun/2022:11:19:45 +0800] "GET /xingrg/all/common/auto_word.html?type=base&rest_code=00111 HTTP/1.1" 200 1753
114.88.162.248 - - [20/Jun/2022:11:19:46 +0800] "GET /xingrg/all/common/auto_word.html?type=base&rest_code=00111 HTTP/1.1" 200 1753
114.88.162.248 - - [20/Jun/2022:11:19:46 +0800] "GET /xingrg/javascript/easyui/themes/default/validatebox.css HTTP/1.1" 404 1104
180.169.147.146 - - [20/Jun/2022:11:19:48 +0800] "GET /xingrg/all/function/internal_message.html?_=1655695187870&CODE_STATE=getMsg HTTP/1.1" 200 27
218.81.223.53 - - [20/Jun/2022:11:19:48 +0800] "GET /xingrg/all/function/internal_message.html?_=1655695189991&CODE_STATE=getMsg HTTP/1.1" 200 27
116.233.73.163 - - [20/Jun/2022:11:19:51 +0800] "GET /xingrg/kc/buy/cgsh_order_operate.html?command=get_materiel&rest_code=00109&code=00101008003&supplier_code=00100005&order_time=2022-06-20 HTTP/1.1" 200 408
116.233.73.163 - - [20/Jun/2022:11:19:51 +0800] "GET /xingrg/all/function/internal_message.html?_=1655695192088&CODE_STATE=getMsg HTTP/1.1" 200 27
116.233.73.163 - - [20/Jun/2022:11:19:58 +0800] "GET /xingrg/kc/buy/cgsh_order_operate.html?command=get_materiel&rest_code=00109&code=00101008126&supplier_code=00100005&order_time=2022-06-20 HTTP/1.1" 200 412
114.88.162.248 - - [20/Jun/2022:11:19:58 +0800] "GET /xingrg/kc/base/wldb_order_operate.html?command=get_materiel&rest_code=00111&base_code=0010306&code=00102002238 HTTP/1.1" 200 434
222.69.144.95 - - [20/Jun/2022:11:20:03 +0800] "GET /xingrg/all/function/internal_message.html?_=1655695236767&CODE_STATE=getMsg HTTP/1.1" 200 27
124.78.158.193 - - [20/Jun/2022:11:20:04 +0800] "GET /xingrg/all/function/internal_message.html?_=1655695203711&CODE_STATE=getMsg HTTP/1.1" 200 27
116.233.73.163 - - [20/Jun/2022:11:20:04 +0800] "GET /xingrg/kc/buy/cgsh_order_operate.html?command=get_materiel&rest_code=00109&code=00101008087&supplier_code=00100005&order_time=2022-06-20 HTTP/1.1" 200 412
58.35.194.53 - - [20/Jun/2022:11:20:08 +0800] "GET /xingrg/all/function/internal_message.html?_=1655695206447&CODE_STATE=getMsg HTTP/1.1" 200 27
116.233.73.163 - - [20/Jun/2022:11:20:09 +0800] "GET /xingrg/kc/buy/cgsh_order_operate.html?command=get_materiel&rest_code=00109&code=00101008300&supplier_code=00100005&order_time=2022-06-20 HTTP/1.1" 200 412
180.171.135.27 - - [20/Jun/2022:11:20:10 +0800] "GET /xingrg/all/function/internal_message.html?_=1655695209682&CODE_STATE=getMsg HTTP/1.1" 200 27
124.78.158.193 - - [20/Jun/2022:11:20:10 +0800] "GET /xingrg/kc/buy/cgsh_order_operate.html?command=get_materiel&rest_code=00106&code=00101008098&supplier_code=00100007&order_time=2022-06-20 HTTP/1.1" 200 412
