116.230.110.173 - - [20/Jun/2022:11:59:11 +0800] "GET /xingrg/all/function/internal_message.html?_=1655697549470&CODE_STATE=getMsg HTTP/1.1" 200 27
101.83.223.227 - - [20/Jun/2022:11:59:12 +0800] "GET /xingrg/all/function/internal_message.html?_=1655697511587&CODE_STATE=getMsg HTTP/1.1" 200 27
114.95.43.0 - - [20/Jun/2022:11:59:12 +0800] "GET /xingrg/all/function/internal_message.html?_=1655697553617&CODE_STATE=getMsg HTTP/1.1" 200 27
124.78.158.193 - - [20/Jun/2022:11:59:22 +0800] "GET /xingrg/all/function/internal_message.html?_=1655697562394&CODE_STATE=getMsg HTTP/1.1" 200 27
124.79.240.10 - - [20/Jun/2022:11:59:26 +0800] "GET /xingrg/all/function/internal_message.html?_=1655697745702&CODE_STATE=getMsg HTTP/1.1" 200 27
114.88.162.248 - - [20/Jun/2022:11:59:28 +0800] "GET /xingrg/check_reg.html?_=1655697567795 HTTP/1.1" 200 22
114.88.162.248 - - [20/Jun/2022:11:59:28 +0800] "GET /xingrg/all/function/internal_message.html?_=1655697567797&CODE_STATE=getMsg HTTP/1.1" 200 27
180.169.147.146 - - [20/Jun/2022:11:59:30 +0800] "GET /xingrg/check_reg.html?_=1655697570294 HTTP/1.1" 302 -
180.169.147.146 - - [20/Jun/2022:11:59:30 +0800] "GET /xingrg/all/function/internal_message.html?_=1655697570295&CODE_STATE=getMsg HTTP/1.1" 302 -
180.156.212.250 - - [20/Jun/2022:11:59:32 +0800] "GET /xingrg/kc/buy/cgsh_order_list.html HTTP/1.1" 200 51962
58.35.194.53 - - [20/Jun/2022:11:59:32 +0800] "GET /xingrg/check_reg.html?_=1655697571193 HTTP/1.1" 200 22
180.156.212.250 - - [20/Jun/2022:11:59:34 +0800] "POST /xingrg/kc/buy/cgsh_list_operate.html HTTP/1.1" 200 1459
218.81.223.53 - - [20/Jun/2022:11:59:36 +0800] "GET /xingrg/all/function/internal_message.html?_=1655697578421&CODE_STATE=getMsg HTTP/1.1" 302 -
101.83.223.227 - - [20/Jun/2022:11:59:36 +0800] "GET /xingrg/check_reg.html?_=1655697536120 HTTP/1.1" 200 22
58.35.210.91 - - [20/Jun/2022:11:59:38 +0800] "POST /xingrg/services/DataTransmitService HTTP/1.1" 200 524
180.169.147.146 - - [20/Jun/2022:11:59:38 +0800] "GET /xingrg/all/function/internal_message.html?_=1655697576984&CODE_STATE=getMsg HTTP/1.1" 200 27
114.95.43.0 - - [20/Jun/2022:11:59:40 +0800] "GET /xingrg/all/function/internal_message.html?_=1655697488141&CODE_STATE=getMsg HTTP/1.1" 200 27
180.156.212.250 - - [20/Jun/2022:11:59:45 +0800] "GET /xingrg/kc/buy/cgsh_order_add.html HTTP/1.1" 200 67738
180.156.212.250 - - [20/Jun/2022:11:59:45 +0800] "GET /xingrg/javascript/easyui/themes/icons/template_new.png HTTP/1.1" 304 -
180.156.212.250 - - [20/Jun/2022:11:59:45 +0800] "GET /xingrg/javascript/easyui/themes/icons/ok.png HTTP/1.1" 304 -
180.156.212.250 - - [20/Jun/2022:11:59:45 +0800] "POST /xingrg/kc/buy/cgsh_order_operate.html HTTP/1.1" 200 8245
180.156.212.250 - - [20/Jun/2022:11:59:45 +0800] "GET /xingrg/all/common/auto_word.html?type=employee&rest_code=00102 HTTP/1.1" 200 189
180.156.212.250 - - [20/Jun/2022:11:59:45 +0800] "GET /xingrg/all/common/auto_word.html?type=employee&rest_code=00102 HTTP/1.1" 200 189
180.156.212.250 - - [20/Jun/2022:11:59:46 +0800] "GET /xingrg/javascript/easyui/themes/default/validatebox.css HTTP/1.1" 404 1104
116.233.73.163 - - [20/Jun/2022:11:59:48 +0800] "GET /xingrg/all/function/internal_message.html?_=1655697588272&CODE_STATE=getMsg HTTP/1.1" 200 27
180.169.147.146 - - [20/Jun/2022:11:59:48 +0800] "GET /xingrg/all/function/internal_message.html?_=1655697587853&CODE_STATE=getMsg HTTP/1.1" 200 27
180.156.212.250 - - [20/Jun/2022:11:59:49 +0800] "GET /xingrg/javascript/jquery_tools/images/prev.gif HTTP/1.1" 404 1086
180.156.212.250 - - [20/Jun/2022:11:59:49 +0800] "GET /xingrg/javascript/jquery_tools/images/next.gif HTTP/1.1" 404 1086
180.156.212.250 - - [20/Jun/2022:11:59:54 +0800] "GET /xingrg/all/function/internal_message.html?_=1655697664223&CODE_STATE=getMsg HTTP/1.1" 200 27
180.156.212.250 - - [20/Jun/2022:11:59:54 +0800] "GET /xingrg/javascript/easyui/plugins/jquery.draggable.js HTTP/1.1" 304 -
180.156.212.250 - - [20/Jun/2022:11:59:54 +0800] "GET /xingrg/css/images/panel_loading.gif HTTP/1.1" 304 -
180.156.212.250 - - [20/Jun/2022:11:59:55 +0800] "GET /xingrg/javascript/easyui/plugins/jquery.droppable.js HTTP/1.1" 304 -
180.156.212.250 - - [20/Jun/2022:11:59:55 +0800] "GET /xingrg/javascript/easyui/themes/default/tree.css HTTP/1.1" 404 1090
180.156.212.250 - - [20/Jun/2022:11:59:55 +0800] "GET /xingrg/javascript/easyui/plugins/jquery.tree.js HTTP/1.1" 304 -
180.156.212.250 - - [20/Jun/2022:11:59:55 +0800] "POST /xingrg/all/common/load_tree.html?tree=supplier_tree_json&isDelete=1 HTTP/1.1" 200 66572
180.156.212.250 - - [20/Jun/2022:11:59:57 +0800] "GET /xingrg/javascript/easyui/themes/default/images/tree_arrows.gif HTTP/1.1" 304 -
180.156.212.250 - - [20/Jun/2022:11:59:57 +0800] "GET /xingrg/javascript/easyui/themes/default/images/tree_folder_open.gif HTTP/1.1" 304 -
180.156.212.250 - - [20/Jun/2022:11:59:57 +0800] "GET /xingrg/javascript/easyui/themes/default/images/tree_file.gif HTTP/1.1" 304 -
180.156.212.250 - - [20/Jun/2022:11:59:57 +0800] "GET /xingrg/javascript/easyui/themes/default/images/tree_folder.gif HTTP/1.1" 304 -
222.69.144.95 - - [20/Jun/2022:12:00:03 +0800] "GET /xingrg/all/function/internal_message.html?_=1655697636762&CODE_STATE=getMsg HTTP/1.1" 200 27
58.35.194.53 - - [20/Jun/2022:12:00:07 +0800] "GET /xingrg/all/function/internal_message.html?_=1655697605756&CODE_STATE=getMsg HTTP/1.1" 200 27
180.156.212.250 - - [20/Jun/2022:12:00:08 +0800] "GET /xingrg/javascript/auto/indicator.gif HTTP/1.1" 404 1066
180.171.135.27 - - [20/Jun/2022:12:00:10 +0800] "GET /xingrg/all/function/internal_message.html?_=1655697609698&CODE_STATE=getMsg HTTP/1.1" 200 27
116.230.110.173 - - [20/Jun/2022:12:00:11 +0800] "GET /xingrg/all/function/internal_message.html?_=1655697609471&CODE_STATE=getMsg HTTP/1.1" 200 27
101.83.223.227 - - [20/Jun/2022:12:00:12 +0800] "GET /xingrg/all/function/internal_message.html?_=1655697571592&CODE_STATE=getMsg HTTP/1.1" 200 27
114.95.43.0 - - [20/Jun/2022:12:00:12 +0800] "GET /xingrg/check_reg.html?_=1655697613643 HTTP/1.1" 200 22
180.156.212.250 - - [20/Jun/2022:12:00:12 +0800] "GET /xingrg/kc/buy/cgsh_order_operate.html?command=get_materiel&rest_code=00102&code=00101009001&supplier_code=00100424&order_time=2022-06-19 HTTP/1.1" 200 416
114.95.43.0 - - [20/Jun/2022:12:00:12 +0800] "GET /xingrg/all/function/internal_message.html?_=1655697613646&CODE_STATE=getMsg HTTP/1.1" 200 27
124.78.158.193 - - [20/Jun/2022:12:00:22 +0800] "GET /xingrg/all/function/internal_message.html?_=1655697622391&CODE_STATE=getMsg HTTP/1.1" 200 27
124.79.240.10 - - [20/Jun/2022:12:00:26 +0800] "GET /xingrg/all/function/internal_message.html?_=1655697805694&CODE_STATE=getMsg HTTP/1.1" 200 27
114.88.162.248 - - [20/Jun/2022:12:00:28 +0800] "GET /xingrg/all/function/internal_message.html?_=1655697627797&CODE_STATE=getMsg HTTP/1.1" 200 27
180.169.147.146 - - [20/Jun/2022:12:00:30 +0800] "GET /xingrg/all/function/internal_message.html?_=1655697630293&CODE_STATE=getMsg HTTP/1.1" 302 -
218.81.223.53 - - [20/Jun/2022:12:00:36 +0800] "GET /xingrg/all/function/internal_message.html?_=1655697638427&CODE_STATE=getMsg HTTP/1.1" 302 -
180.156.212.250 - - [20/Jun/2022:12:00:37 +0800] "GET /xingrg/kc/buy/cgsh_order_operate.html?command=get_materiel&rest_code=00102&code=00101009124&supplier_code=00100424&order_time=2022-06-19 HTTP/1.1" 200 416
180.169.147.146 - - [20/Jun/2022:12:00:38 +0800] "GET /xingrg/all/function/internal_message.html?_=1655697636984&CODE_STATE=getMsg HTTP/1.1" 200 27
114.95.43.0 - - [20/Jun/2022:12:00:40 +0800] "GET /xingrg/all/function/internal_message.html?_=1655697548125&CODE_STATE=getMsg HTTP/1.1" 200 27
180.156.212.250 - - [20/Jun/2022:12:00:45 +0800] "GET /xingrg/kc/buy/cgsh_order_operate.html?command=get_materiel&rest_code=00102&code=00101009011&supplier_code=00100424&order_time=2022-06-19 HTTP/1.1" 200 416
116.233.73.163 - - [20/Jun/2022:12:00:48 +0800] "GET /xingrg/all/function/internal_message.html?_=1655697648279&CODE_STATE=getMsg HTTP/1.1" 200 27
180.169.147.146 - - [20/Jun/2022:12:00:48 +0800] "GET /xingrg/all/function/internal_message.html?_=1655697647869&CODE_STATE=getMsg HTTP/1.1" 200 27
180.156.212.250 - - [20/Jun/2022:12:00:54 +0800] "GET /xingrg/all/function/internal_message.html?_=1655697724237&CODE_STATE=getMsg HTTP/1.1" 200 27
180.156.212.250 - - [20/Jun/2022:12:00:55 +0800] "GET /xingrg/kc/buy/cgsh_order_operate.html?command=get_materiel&rest_code=00102&code=00101009066&supplier_code=00100424&order_time=2022-06-19 HTTP/1.1" 200 416
222.69.144.95 - - [20/Jun/2022:12:01:03 +0800] "GET /xingrg/all/function/internal_message.html?_=1655697696770&CODE_STATE=getMsg HTTP/1.1" 200 27
58.35.194.53 - - [20/Jun/2022:12:01:07 +0800] "GET /xingrg/all/function/internal_message.html?_=1655697665725&CODE_STATE=getMsg HTTP/1.1" 200 27
114.84.82.172 - - [20/Jun/2022:12:01:07 +0800] "POST /xingrg/services/DataTransmitService HTTP/1.1" 200 524
180.171.135.27 - - [20/Jun/2022:12:01:10 +0800] "GET /xingrg/all/function/internal_message.html?_=1655697669700&CODE_STATE=getMsg HTTP/1.1" 200 27
116.230.110.173 - - [20/Jun/2022:12:01:11 +0800] "GET /xingrg/all/function/internal_message.html?_=1655697669457&CODE_STATE=getMsg HTTP/1.1" 200 27
101.83.223.227 - - [20/Jun/2022:12:01:12 +0800] "GET /xingrg/all/function/internal_message.html?_=1655697631605&CODE_STATE=getMsg HTTP/1.1" 200 27
114.95.43.0 - - [20/Jun/2022:12:01:12 +0800] "GET /xingrg/all/function/internal_message.html?_=1655697673645&CODE_STATE=getMsg HTTP/1.1" 200 27
180.156.212.250 - - [20/Jun/2022:12:01:18 +0800] "GET /xingrg/kc/buy/cgsh_order_operate.html?command=get_materiel&rest_code=00102&code=00101009007&supplier_code=00100424&order_time=2022-06-19 HTTP/1.1" 200 423
124.78.158.193 - - [20/Jun/2022:12:01:22 +0800] "GET /xingrg/all/function/internal_message.html?_=1655697682360&CODE_STATE=getMsg HTTP/1.1" 200 27
124.79.240.10 - - [20/Jun/2022:12:01:26 +0800] "GET /xingrg/all/function/internal_message.html?_=1655697865694&CODE_STATE=getMsg HTTP/1.1" 200 27
114.88.162.248 - - [20/Jun/2022:12:01:28 +0800] "GET /xingrg/all/function/internal_message.html?_=1655697687798&CODE_STATE=getMsg HTTP/1.1" 200 27
180.169.147.146 - - [20/Jun/2022:12:01:30 +0800] "GET /xingrg/all/function/internal_message.html?_=1655697690295&CODE_STATE=getMsg HTTP/1.1" 302 -
218.81.223.53 - - [20/Jun/2022:12:01:36 +0800] "GET /xingrg/check_reg.html?_=1655697698141 HTTP/1.1" 302 -
218.81.223.53 - - [20/Jun/2022:12:01:36 +0800] "GET /xingrg/all/function/internal_message.html?_=1655697698442&CODE_STATE=getMsg HTTP/1.1" 302 -
180.171.135.27 - - [20/Jun/2022:12:01:37 +0800] "POST /xingrg/services/DataTransmitService HTTP/1.1" 200 524
180.169.147.146 - - [20/Jun/2022:12:01:38 +0800] "GET /xingrg/all/function/internal_message.html?_=1655697696984&CODE_STATE=getMsg HTTP/1.1" 200 27
180.169.147.146 - - [20/Jun/2022:12:01:38 +0800] "GET /xingrg/check_reg.html?_=1655697696984 HTTP/1.1" 200 22
180.171.135.27 - - [20/Jun/2022:12:01:38 +0800] "POST /xingrg/services/DataTransmitService HTTP/1.1" 200 412
114.95.43.0 - - [20/Jun/2022:12:01:40 +0800] "GET /xingrg/all/function/internal_message.html?_=1655697608111&CODE_STATE=getMsg HTTP/1.1" 200 27
116.233.73.163 - - [20/Jun/2022:12:01:48 +0800] "GET /xingrg/all/function/internal_message.html?_=1655697708270&CODE_STATE=getMsg HTTP/1.1" 200 27
180.169.147.146 - - [20/Jun/2022:12:01:48 +0800] "GET /xingrg/all/function/internal_message.html?_=1655697707869&CODE_STATE=getMsg HTTP/1.1" 200 27
180.156.212.250 - - [20/Jun/2022:12:01:49 +0800] "POST /xingrg/kc/buy/cgsh_order_operate.html HTTP/1.1" 200 37
180.156.212.250 - - [20/Jun/2022:12:01:54 +0800] "POST /xingrg/kc/buy/cgsh_order_operate.html HTTP/1.1" 200 12
180.156.212.250 - - [20/Jun/2022:12:01:54 +0800] "GET /xingrg/all/function/internal_message.html?_=1655697784352&CODE_STATE=getMsg HTTP/1.1" 200 27
180.156.212.250 - - [20/Jun/2022:12:01:57 +0800] "GET /xingrg/kc/buy/cgsh_order_info.html?code=212022062002370 HTTP/1.1" 200 62639
180.156.212.250 - - [20/Jun/2022:12:01:57 +0800] "GET /xingrg/javascript/easyui/themes/default/validatebox.css HTTP/1.1" 404 1104
180.156.212.250 - - [20/Jun/2022:12:01:58 +0800] "POST /xingrg/kc/buy/cgsh_order_operate.html HTTP/1.1" 200 3573
114.95.43.0 - - [20/Jun/2022:12:02:02 +0800] "GET /xingrg/check_reg.html?_=1655697630516 HTTP/1.1" 200 22
116.233.73.163 - - [20/Jun/2022:12:02:03 +0800] "POST /xingrg/services/DataTransmitService HTTP/1.1" 200 524
222.69.144.95 - - [20/Jun/2022:12:02:03 +0800] "GET /xingrg/all/function/internal_message.html?_=1655697756766&CODE_STATE=getMsg HTTP/1.1" 200 27
180.156.212.250 - - [20/Jun/2022:12:02:04 +0800] "GET /xingrg/kc/print/load_data.html?order_code=212022062002370&kc_code=cgsh&condition= HTTP/1.1" 200 1818
116.233.73.163 - - [20/Jun/2022:12:02:05 +0800] "POST /xingrg/services/DataTransmitService HTTP/1.1" 200 501
116.233.73.163 - - [20/Jun/2022:12:02:05 +0800] "POST /xingrg/services/DataTransmitService HTTP/1.1" 200 501
116.233.73.163 - - [20/Jun/2022:12:02:06 +0800] "POST /xingrg/services/DataTransmitService HTTP/1.1" 200 501
116.233.73.163 - - [20/Jun/2022:12:02:06 +0800] "POST /xingrg/services/DataTransmitService HTTP/1.1" 200 501
116.233.73.163 - - [20/Jun/2022:12:02:06 +0800] "POST /xingrg/services/DataTransmitService HTTP/1.1" 200 501
116.233.73.163 - - [20/Jun/2022:12:02:07 +0800] "POST /xingrg/services/DataTransmitService HTTP/1.1" 200 501
58.35.194.53 - - [20/Jun/2022:12:02:07 +0800] "GET /xingrg/all/function/internal_message.html?_=1655697725711&CODE_STATE=getMsg HTTP/1.1" 200 27
116.233.73.163 - - [20/Jun/2022:12:02:07 +0800] "POST /xingrg/services/DataTransmitService HTTP/1.1" 200 412
180.171.135.27 - - [20/Jun/2022:12:02:10 +0800] "GET /xingrg/all/function/internal_message.html?_=1655697729712&CODE_STATE=getMsg HTTP/1.1" 200 27
116.230.110.173 - - [20/Jun/2022:12:02:11 +0800] "GET /xingrg/all/function/internal_message.html?_=1655697729461&CODE_STATE=getMsg HTTP/1.1" 200 27
116.230.110.173 - - [20/Jun/2022:12:02:11 +0800] "GET /xingrg/check_reg.html?_=1655697729462 HTTP/1.1" 200 22
114.95.43.0 - - [20/Jun/2022:12:02:12 +0800] "GET /xingrg/all/function/internal_message.html?_=1655697733645&CODE_STATE=getMsg HTTP/1.1" 200 27
101.83.223.227 - - [20/Jun/2022:12:02:12 +0800] "GET /xingrg/all/function/internal_message.html?_=1655697691660&CODE_STATE=getMsg HTTP/1.1" 200 27
124.78.158.193 - - [20/Jun/2022:12:02:22 +0800] "GET /xingrg/all/function/internal_message.html?_=1655697742345&CODE_STATE=getMsg HTTP/1.1" 200 27
124.79.240.10 - - [20/Jun/2022:12:02:26 +0800] "GET /xingrg/check_reg.html?_=1655697925702 HTTP/1.1" 200 22
124.79.240.10 - - [20/Jun/2022:12:02:26 +0800] "GET /xingrg/all/function/internal_message.html?_=1655697925704&CODE_STATE=getMsg HTTP/1.1" 200 27
114.88.162.248 - - [20/Jun/2022:12:02:28 +0800] "GET /xingrg/all/function/internal_message.html?_=1655697747800&CODE_STATE=getMsg HTTP/1.1" 200 27
101.83.223.227 - - [20/Jun/2022:12:02:29 +0800] "GET /xingrg/index.html?sysBaseUrl=http%3A%2F%2F180.169.147.146%3A18081%2Fxingrg%2F&costTime=40×tamp=1655691693432 HTTP/1.1" 200 17177
101.83.223.227 - - [20/Jun/2022:12:02:29 +0800] "GET /favicon.ico HTTP/1.1" 404 -
101.83.223.227 - - [20/Jun/2022:12:02:29 +0800] "POST /xingrg/all/common/load_tree.html?tree=area_rest_tree_json&manage=1 HTTP/1.1" 200 476
101.83.223.227 - - [20/Jun/2022:12:02:29 +0800] "GET /xingrg/all/function/internal_message.html?_=1655697748544&CODE_STATE=count HTTP/1.1" 200 11
101.83.223.227 - - [20/Jun/2022:12:02:29 +0800] "GET /xingrg/check_reg.html?_=1655697748545 HTTP/1.1" 200 22
101.83.223.227 - - [20/Jun/2022:12:02:29 +0800] "POST /xingrg/load_menu.html HTTP/1.1" 200 5138
180.169.147.146 - - [20/Jun/2022:12:02:30 +0800] "GET /xingrg/all/function/internal_message.html?_=1655697750293&CODE_STATE=getMsg HTTP/1.1" 302 -
180.156.212.250 - - [20/Jun/2022:12:02:30 +0800] "GET /xingrg/kc/buy/cgsh_order_add.html HTTP/1.1" 200 67738
180.156.212.250 - - [20/Jun/2022:12:02:31 +0800] "POST /xingrg/kc/buy/cgsh_order_operate.html HTTP/1.1" 200 8245
180.156.212.250 - - [20/Jun/2022:12:02:32 +0800] "GET /xingrg/javascript/easyui/themes/default/validatebox.css HTTP/1.1" 404 1104
101.83.223.227 - - [20/Jun/2022:12:02:34 +0800] "GET /xingrg/kc/buy/cgsh_order_list.html HTTP/1.1" 200 51966
101.83.223.227 - - [20/Jun/2022:12:02:35 +0800] "POST /xingrg/kc/buy/cgsh_list_operate.html HTTP/1.1" 200 693
101.83.223.227 - - [20/Jun/2022:12:02:36 +0800] "GET /xingrg/words/20220620093200_words.js HTTP/1.1" 304 -
101.83.223.227 - - [20/Jun/2022:12:02:36 +0800] "GET /xingrg/kc/buy/cgsh_order_add.html HTTP/1.1" 200 67342
101.83.223.227 - - [20/Jun/2022:12:02:36 +0800] "POST /xingrg/kc/buy/cgsh_order_operate.html HTTP/1.1" 200 8245
101.83.223.227 - - [20/Jun/2022:12:02:36 +0800] "GET /xingrg/all/common/auto_word.html?type=employee&rest_code=00151 HTTP/1.1" 200 293
101.83.223.227 - - [20/Jun/2022:12:02:36 +0800] "GET /xingrg/all/common/auto_word.html?type=employee&rest_code=00151 HTTP/1.1" 200 293
101.83.223.227 - - [20/Jun/2022:12:02:36 +0800] "GET /xingrg/javascript/easyui/themes/default/validatebox.css HTTP/1.1" 404 1104
218.81.223.53 - - [20/Jun/2022:12:02:36 +0800] "GET /xingrg/all/function/internal_message.html?_=1655697758478&CODE_STATE=getMsg HTTP/1.1" 302 -
180.169.147.146 - - [20/Jun/2022:12:02:38 +0800] "GET /xingrg/all/function/internal_message.html?_=1655697756984&CODE_STATE=getMsg HTTP/1.1" 200 27
114.95.43.0 - - [20/Jun/2022:12:02:40 +0800] "GET /xingrg/all/function/internal_message.html?_=1655697668084&CODE_STATE=getMsg HTTP/1.1" 200 27
101.83.223.227 - - [20/Jun/2022:12:02:42 +0800] "GET /xingrg/javascript/auto/indicator.gif HTTP/1.1" 404 1066
180.156.212.250 - - [20/Jun/2022:12:02:45 +0800] "GET /xingrg/javascript/easyui/themes/default/tree.css HTTP/1.1" 404 1090
180.156.212.250 - - [20/Jun/2022:12:02:45 +0800] "POST /xingrg/all/common/load_tree.html?tree=supplier_tree_json&isDelete=1 HTTP/1.1" 200 66572
116.233.73.163 - - [20/Jun/2022:12:02:48 +0800] "GET /xingrg/check_reg.html?_=1655697768278 HTTP/1.1" 200 22
116.233.73.163 - - [20/Jun/2022:12:02:48 +0800] "GET /xingrg/all/function/internal_message.html?_=1655697768289&CODE_STATE=getMsg HTTP/1.1" 200 27
180.169.147.146 - - [20/Jun/2022:12:02:48 +0800] "GET /xingrg/all/function/internal_message.html?_=1655697767860&CODE_STATE=getMsg HTTP/1.1" 200 27
180.156.212.250 - - [20/Jun/2022:12:02:54 +0800] "GET /xingrg/check_reg.html?_=1655697844370 HTTP/1.1" 200 22
180.156.212.250 - - [20/Jun/2022:12:02:54 +0800] "GET /xingrg/all/function/internal_message.html?_=1655697844476&CODE_STATE=getMsg HTTP/1.1" 200 27
222.69.144.95 - - [20/Jun/2022:12:03:03 +0800] "GET /xingrg/check_reg.html?_=1655697816780 HTTP/1.1" 200 22
222.69.144.95 - - [20/Jun/2022:12:03:03 +0800] "GET /xingrg/all/function/internal_message.html?_=1655697816784&CODE_STATE=getMsg HTTP/1.1" 200 27
58.35.194.53 - - [20/Jun/2022:12:03:07 +0800] "GET /xingrg/all/function/internal_message.html?_=1655697785699&CODE_STATE=getMsg HTTP/1.1" 200 27
180.171.135.27 - - [20/Jun/2022:12:03:10 +0800] "GET /xingrg/all/function/internal_message.html?_=1655697789712&CODE_STATE=getMsg HTTP/1.1" 200 27
116.230.110.173 - - [20/Jun/2022:12:03:11 +0800] "GET /xingrg/all/function/internal_message.html?_=1655697789471&CODE_STATE=getMsg HTTP/1.1" 200 27
101.83.223.227 - - [20/Jun/2022:12:03:12 +0800] "GET /xingrg/all/function/internal_message.html?_=1655697751663&CODE_STATE=getMsg HTTP/1.1" 200 27
114.95.43.0 - - [20/Jun/2022:12:03:12 +0800] "GET /xingrg/all/function/internal_message.html?_=1655697793646&CODE_STATE=getMsg HTTP/1.1" 200 27
180.156.212.250 - - [20/Jun/2022:12:03:13 +0800] "GET /xingrg/kc/buy/cgsh_order_operate.html?command=get_materiel&rest_code=00102&code=00101013179&supplier_code=00100007&order_time=2022-06-19 HTTP/1.1" 200 427
124.78.158.193 - - [20/Jun/2022:12:03:22 +0800] "GET /xingrg/all/function/internal_message.html?_=1655697802317&CODE_STATE=getMsg HTTP/1.1" 200 27
124.78.158.193 - - [20/Jun/2022:12:03:23 +0800] "GET /xingrg/check_reg.html?_=1655697802586 HTTP/1.1" 200 22
124.79.240.10 - - [20/Jun/2022:12:03:26 +0800] "GET /xingrg/all/function/internal_message.html?_=1655697985727&CODE_STATE=getMsg HTTP/1.1" 200 27
114.88.162.248 - - [20/Jun/2022:12:03:28 +0800] "GET /xingrg/all/function/internal_message.html?_=1655697807799&CODE_STATE=getMsg HTTP/1.1" 200 27
101.83.223.227 - - [20/Jun/2022:12:03:29 +0800] "GET /xingrg/all/function/internal_message.html?_=1655697808556&CODE_STATE=getMsg HTTP/1.1" 200 27
101.83.223.227 - - [20/Jun/2022:12:03:29 +0800] "GET /xingrg/kc/buy/cgsh_order_operate.html?command=get_materiel&rest_code=00151&code=00101029051&supplier_code=00100264&order_time=2022-06-20 HTTP/1.1" 200 413
180.169.147.146 - - [20/Jun/2022:12:03:30 +0800] "GET /xingrg/all/function/internal_message.html?_=1655697810286&CODE_STATE=getMsg HTTP/1.1" 302 -
218.81.223.53 - - [20/Jun/2022:12:03:36 +0800] "GET /xingrg/all/function/internal_message.html?_=1655697818484&CODE_STATE=getMsg HTTP/1.1" 302 -
180.169.147.146 - - [20/Jun/2022:12:03:38 +0800] "GET /xingrg/all/function/internal_message.html?_=1655697816984&CODE_STATE=getMsg HTTP/1.1" 200 27
114.95.43.0 - - [20/Jun/2022:12:03:40 +0800] "GET /xingrg/all/function/internal_message.html?_=1655697728068&CODE_STATE=getMsg HTTP/1.1" 200 27
101.83.223.227 - - [20/Jun/2022:12:03:46 +0800] "GET /xingrg/kc/buy/cgsh_order_operate.html?command=get_materiel&rest_code=00151&code=00101029054&supplier_code=00100264&order_time=2022-06-20 HTTP/1.1" 200 413
116.233.73.163 - - [20/Jun/2022:12:03:48 +0800] "GET /xingrg/all/function/internal_message.html?_=1655697828273&CODE_STATE=getMsg HTTP/1.1" 200 27
180.169.147.146 - - [20/Jun/2022:12:03:48 +0800] "GET /xingrg/all/function/internal_message.html?_=1655697827872&CODE_STATE=getMsg HTTP/1.1" 200 27
180.169.147.146 - - [20/Jun/2022:12:03:48 +0800] "GET /xingrg/check_reg.html?_=1655697827873 HTTP/1.1" 200 22
120.253.135.82 - - [20/Jun/2022:12:03:53 +0800] "GET /xingrg/check_reg.html?_=1655697641936 HTTP/1.1" 200 22
101.83.223.227 - - [20/Jun/2022:12:03:53 +0800] "GET /xingrg/kc/buy/cgsh_order_operate.html?command=get_materiel&rest_code=00151&code=00101029056&supplier_code=00100264&order_time=2022-06-20 HTTP/1.1" 200 413
180.156.212.250 - - [20/Jun/2022:12:03:54 +0800] "GET /xingrg/all/function/internal_message.html?_=1655697904496&CODE_STATE=getMsg HTTP/1.1" 200 27
222.69.144.95 - - [20/Jun/2022:12:04:03 +0800] "GET /xingrg/all/function/internal_message.html?_=1655697876779&CODE_STATE=getMsg HTTP/1.1" 200 27
180.156.212.250 - - [20/Jun/2022:12:04:06 +0800] "GET /xingrg/kc/buy/cgsh_order_operate.html?command=get_materiel&rest_code=00102&code=00101015006&supplier_code=00100007&order_time=2022-06-19 HTTP/1.1" 200 428
58.35.194.53 - - [20/Jun/2022:12:04:07 +0800] "GET /xingrg/all/function/internal_message.html?_=1655697845684&CODE_STATE=getMsg HTTP/1.1" 200 27
180.171.135.27 - - [20/Jun/2022:12:04:10 +0800] "GET /xingrg/check_reg.html?_=1655697849712 HTTP/1.1" 200 22
180.171.135.27 - - [20/Jun/2022:12:04:10 +0800] "GET /xingrg/all/function/internal_message.html?_=1655697849715&CODE_STATE=getMsg HTTP/1.1" 200 27
101.83.223.227 - - [20/Jun/2022:12:04:11 +0800] "POST /xingrg/kc/buy/cgsh_order_operate.html HTTP/1.1" 200 37
116.230.110.173 - - [20/Jun/2022:12:04:11 +0800] "GET /xingrg/all/function/internal_message.html?_=1655697849473&CODE_STATE=getMsg HTTP/1.1" 200 27
101.83.223.227 - - [20/Jun/2022:12:04:12 +0800] "GET /xingrg/all/function/internal_message.html?_=1655697811710&CODE_STATE=getMsg HTTP/1.1" 200 27
114.95.43.0 - - [20/Jun/2022:12:04:12 +0800] "GET /xingrg/all/function/internal_message.html?_=1655697853647&CODE_STATE=getMsg HTTP/1.1" 200 27
101.83.223.227 - - [20/Jun/2022:12:04:13 +0800] "POST /xingrg/kc/buy/cgsh_order_operate.html HTTP/1.1" 200 12
101.83.223.227 - - [20/Jun/2022:12:04:20 +0800] "GET /xingrg/kc/buy/cgsh_order_info.html?code=212022062002371 HTTP/1.1" 200 62243
101.83.223.227 - - [20/Jun/2022:12:04:20 +0800] "GET /xingrg/javascript/easyui/themes/default/validatebox.css HTTP/1.1" 404 1104
101.83.223.227 - - [20/Jun/2022:12:04:21 +0800] "POST /xingrg/kc/buy/cgsh_order_operate.html HTTP/1.1" 200 1821
101.83.223.227 - - [20/Jun/2022:12:04:22 +0800] "GET /xingrg/kc/print/load_config.html?kc_code=cgsh HTTP/1.1" 200 1943
101.83.223.227 - - [20/Jun/2022:12:04:22 +0800] "GET /xingrg/kc/print/load_data.html?order_code=212022062002371&kc_code=cgsh&condition= HTTP/1.1" 200 1185
124.78.158.193 - - [20/Jun/2022:12:04:22 +0800] "GET /xingrg/all/function/internal_message.html?_=1655697862290&CODE_STATE=getMsg HTTP/1.1" 200 27
180.156.212.250 - - [20/Jun/2022:12:04:24 +0800] "GET /xingrg/kc/buy/cgsh_order_operate.html?command=get_materiel&rest_code=00102&code=00101015065&supplier_code=00100007&order_time=2022-06-19 HTTP/1.1" 200 413
124.79.240.10 - - [20/Jun/2022:12:04:26 +0800] "GET /xingrg/all/function/internal_message.html?_=1655698045724&CODE_STATE=getMsg HTTP/1.1" 200 27
114.88.162.248 - - [20/Jun/2022:12:04:28 +0800] "GET /xingrg/check_reg.html?_=1655697867825 HTTP/1.1" 200 22
114.88.162.248 - - [20/Jun/2022:12:04:28 +0800] "GET /xingrg/all/function/internal_message.html?_=1655697867827&CODE_STATE=getMsg HTTP/1.1" 200 27
101.83.223.227 - - [20/Jun/2022:12:04:29 +0800] "GET /xingrg/all/function/internal_message.html?_=1655697868553&CODE_STATE=getMsg HTTP/1.1" 200 27
180.169.147.146 - - [20/Jun/2022:12:04:30 +0800] "GET /xingrg/all/function/internal_message.html?_=1655697870299&CODE_STATE=getMsg HTTP/1.1" 302 -
180.169.147.146 - - [20/Jun/2022:12:04:30 +0800] "GET /xingrg/check_reg.html?_=1655697870306 HTTP/1.1" 302 -
101.83.223.227 - - [20/Jun/2022:12:04:31 +0800] "POST /xingrg/all/user/operate.html HTTP/1.1" 200 36
101.83.223.227 - - [20/Jun/2022:12:04:31 +0800] "GET /xingrg/index.html?sysBaseUrl=http%3A%2F%2F180.169.147.146%3A18081%2Fxingrg%2F&costTime=40×tamp=1655691693432 HTTP/1.1" 200 17179
101.83.223.227 - - [20/Jun/2022:12:04:31 +0800] "GET /xingrg/javascript/jquery_easy_ui/themes/default/easyui.css HTTP/1.1" 304 -
101.83.223.227 - - [20/Jun/2022:12:04:31 +0800] "GET /xingrg/javascript/jquery_easy_ui/themes/icon.css HTTP/1.1" 304 -
101.83.223.227 - - [20/Jun/2022:12:04:31 +0800] "GET /xingrg/css/form.css HTTP/1.1" 304 -
101.83.223.227 - - [20/Jun/2022:12:04:31 +0800] "GET /xingrg/javascript/jquery-1.4.2.min.js HTTP/1.1" 304 -
101.83.223.227 - - [20/Jun/2022:12:04:31 +0800] "GET /xingrg/javascript/jquery_easy_ui/jquery.easyui.min.js HTTP/1.1" 304 -
101.83.223.227 - - [20/Jun/2022:12:04:31 +0800] "GET /xingrg/javascript/jquery_easy_ui/easyui-lang-zh_CN.js HTTP/1.1" 304 -
101.83.223.227 - - [20/Jun/2022:12:04:31 +0800] "GET /xingrg/javascript/jquery.form.js HTTP/1.1" 304 -
101.83.223.227 - - [20/Jun/2022:12:04:31 +0800] "GET /xingrg/javascript/jquery.utils.js HTTP/1.1" 304 -
101.83.223.227 - - [20/Jun/2022:12:04:31 +0800] "GET /xingrg/javascript/jquery.timers.js HTTP/1.1" 304 -
101.83.223.227 - - [20/Jun/2022:12:04:31 +0800] "GET /xingrg/images/blue/jxLogo.png HTTP/1.1" 304 -
101.83.223.227 - - [20/Jun/2022:12:04:31 +0800] "GET /xingrg/images/blue/navBackgound.jpg HTTP/1.1" 304 -
101.83.223.227 - - [20/Jun/2022:12:04:31 +0800] "GET /xingrg/javascript/jquery_easy_ui/themes/icons/settle_new.png HTTP/1.1" 304 -
101.83.223.227 - - [20/Jun/2022:12:04:31 +0800] "POST /xingrg/all/common/load_tree.html?tree=area_rest_tree_json&manage=1 HTTP/1.1" 200 476
101.83.223.227 - - [20/Jun/2022:12:04:31 +0800] "GET /xingrg/all/function/internal_message.html?_=1655697870645&CODE_STATE=count HTTP/1.1" 200 11
101.83.223.227 - - [20/Jun/2022:12:04:31 +0800] "GET /xingrg/check_reg.html?_=1655697870646 HTTP/1.1" 200 22
101.83.223.227 - - [20/Jun/2022:12:04:31 +0800] "GET /xingrg/javascript/jquery_easy_ui/themes/default/images/tabs_leftarrow.png HTTP/1.1" 304 -
101.83.223.227 - - [20/Jun/2022:12:04:31 +0800] "POST /xingrg/load_menu.html HTTP/1.1" 200 5138
101.83.223.227 - - [20/Jun/2022:12:04:31 +0800] "GET /xingrg/images/blue/pingpu.png HTTP/1.1" 304 -
101.83.223.227 - - [20/Jun/2022:12:04:31 +0800] "GET /xingrg/javascript/jquery_easy_ui/themes/default/images/panel_tool_collapse.gif HTTP/1.1" 304 -
101.83.223.227 - - [20/Jun/2022:12:04:31 +0800] "GET /xingrg/javascript/jquery_easy_ui/themes/default/images/tabs_rightarrow.png HTTP/1.1" 304 -
101.83.223.227 - - [20/Jun/2022:12:04:31 +0800] "GET /xingrg/javascript/jquery_easy_ui/themes/default/images/tree_folder.gif HTTP/1.1" 304 -
101.83.223.227 - - [20/Jun/2022:12:04:31 +0800] "GET /xingrg/javascript/jquery_easy_ui/themes/icons/storage_new.png HTTP/1.1" 304 -
101.83.223.227 - - [20/Jun/2022:12:04:31 +0800] "GET /xingrg/javascript/jquery_easy_ui/themes/default/images/tree_file.gif HTTP/1.1" 304 -
101.83.223.227 - - [20/Jun/2022:12:04:31 +0800] "GET /xingrg/javascript/jquery_easy_ui/themes/default/images/tree_arrows.gif HTTP/1.1" 304 -
101.83.223.227 - - [20/Jun/2022:12:04:31 +0800] "GET /xingrg/javascript/jquery_easy_ui/themes/icons/forms_new.png HTTP/1.1" 304 -
101.83.223.227 - - [20/Jun/2022:12:04:31 +0800] "GET /xingrg/javascript/jquery_easy_ui/themes/default/images/tree_folder_open.gif HTTP/1.1" 304 -
101.83.223.227 - - [20/Jun/2022:12:04:32 +0800] "GET /xingrg/javascript/jquery_easy_ui/themes/icons/search_new.png HTTP/1.1" 304 -
58.35.194.53 - - [20/Jun/2022:12:04:32 +0800] "GET /xingrg/check_reg.html?_=1655697871168 HTTP/1.1" 200 22
101.83.223.227 - - [20/Jun/2022:12:04:33 +0800] "GET /xingrg/kc/buy/cgsh_order_list.html HTTP/1.1" 200 51968
101.83.223.227 - - [20/Jun/2022:12:04:34 +0800] "POST /xingrg/kc/buy/cgsh_list_operate.html HTTP/1.1" 200 693
101.83.223.227 - - [20/Jun/2022:12:04:35 +0800] "GET /xingrg/kc/buy/cgsh_order_add.html HTTP/1.1" 200 67662
101.83.223.227 - - [20/Jun/2022:12:04:36 +0800] "GET /xingrg/all/common/auto_word.html?type=employee&rest_code=00150 HTTP/1.1" 200 159
101.83.223.227 - - [20/Jun/2022:12:04:36 +0800] "GET /xingrg/javascript/easyui/themes/default/validatebox.css HTTP/1.1" 404 1104
101.83.223.227 - - [20/Jun/2022:12:04:36 +0800] "GET /xingrg/all/common/auto_word.html?type=employee&rest_code=00150 HTTP/1.1" 200 159
101.83.223.227 - - [20/Jun/2022:12:04:36 +0800] "POST /xingrg/kc/buy/cgsh_order_operate.html HTTP/1.1" 200 8245
101.83.223.227 - - [20/Jun/2022:12:04:36 +0800] "GET /xingrg/check_reg.html?_=1655697836128 HTTP/1.1" 200 22
218.81.223.53 - - [20/Jun/2022:12:04:37 +0800] "GET /xingrg/all/function/internal_message.html?_=1655697878524&CODE_STATE=getMsg HTTP/1.1" 302 -
101.83.223.227 - - [20/Jun/2022:12:04:38 +0800] "GET /xingrg/javascript/auto/indicator.gif HTTP/1.1" 404 1066
180.169.147.146 - - [20/Jun/2022:12:04:38 +0800] "GET /xingrg/all/function/internal_message.html?_=1655697876984&CODE_STATE=getMsg HTTP/1.1" 200 27
114.95.43.0 - - [20/Jun/2022:12:04:39 +0800] "GET /xingrg/all/function/internal_message.html?_=1655697788054&CODE_STATE=getMsg HTTP/1.1" 200 27
101.83.223.227 - - [20/Jun/2022:12:04:47 +0800] "GET /xingrg/kc/buy/cgsh_order_operate.html?command=get_materiel&rest_code=00150&code=00101002027&supplier_code=00100400&order_time=2022-06-20 HTTP/1.1" 200 429
180.156.212.250 - - [20/Jun/2022:12:04:47 +0800] "GET /xingrg/kc/buy/cgsh_order_operate.html?command=get_materiel&rest_code=00102&code=00101008350&supplier_code=00100007&order_time=2022-06-19 HTTP/1.1" 200 408
116.233.73.163 - - [20/Jun/2022:12:04:48 +0800] "GET /xingrg/all/function/internal_message.html?_=1655697888266&CODE_STATE=getMsg HTTP/1.1" 200 27
180.169.147.146 - - [20/Jun/2022:12:04:48 +0800] "GET /xingrg/all/function/internal_message.html?_=1655697887865&CODE_STATE=getMsg HTTP/1.1" 200 27
180.156.212.250 - - [20/Jun/2022:12:04:54 +0800] "GET /xingrg/all/function/internal_message.html?_=1655697964510&CODE_STATE=getMsg HTTP/1.1" 200 27
180.156.212.250 - - [20/Jun/2022:12:04:57 +0800] "GET /xingrg/kc/buy/cgsh_order_operate.html?command=get_materiel&rest_code=00102&code=00101008036&supplier_code=00100007&order_time=2022-06-19 HTTP/1.1" 200 423
222.69.144.95 - - [20/Jun/2022:12:05:03 +0800] "GET /xingrg/all/function/internal_message.html?_=1655697936773&CODE_STATE=getMsg HTTP/1.1" 200 27
58.35.194.53 - - [20/Jun/2022:12:05:07 +0800] "GET /xingrg/all/function/internal_message.html?_=1655697905656&CODE_STATE=getMsg HTTP/1.1" 200 27
180.171.135.27 - - [20/Jun/2022:12:05:10 +0800] "GET /xingrg/all/function/internal_message.html?_=1655697909699&CODE_STATE=getMsg HTTP/1.1" 200 27
116.230.110.173 - - [20/Jun/2022:12:05:11 +0800] "GET /xingrg/all/function/internal_message.html?_=1655697909476&CODE_STATE=getMsg HTTP/1.1" 200 27
101.83.223.227 - - [20/Jun/2022:12:05:12 +0800] "GET /xingrg/all/function/internal_message.html?_=1655697871721&CODE_STATE=getMsg HTTP/1.1" 200 27
114.95.43.0 - - [20/Jun/2022:12:05:12 +0800] "GET /xingrg/check_reg.html?_=1655697913646 HTTP/1.1" 200 22
114.95.43.0 - - [20/Jun/2022:12:05:12 +0800] "GET /xingrg/all/function/internal_message.html?_=1655697913649&CODE_STATE=getMsg HTTP/1.1" 200 27
180.156.212.250 - - [20/Jun/2022:12:05:16 +0800] "GET /xingrg/kc/buy/cgsh_order_operate.html?command=get_materiel&rest_code=00102&code=00101008219&supplier_code=00100007&order_time=2022-06-19 HTTP/1.1" 200 412
124.78.158.193 - - [20/Jun/2022:12:05:22 +0800] "GET /xingrg/all/function/internal_message.html?_=1655697922276&CODE_STATE=getMsg HTTP/1.1" 200 27
124.79.240.10 - - [20/Jun/2022:12:05:26 +0800] "GET /xingrg/all/function/internal_message.html?_=1655698105721&CODE_STATE=getMsg HTTP/1.1" 200 27
114.88.162.248 - - [20/Jun/2022:12:05:28 +0800] "GET /xingrg/all/function/internal_message.html?_=1655697927825&CODE_STATE=getMsg HTTP/1.1" 200 27
180.156.212.250 - - [20/Jun/2022:12:05:29 +0800] "GET /xingrg/kc/buy/cgsh_order_operate.html?command=get_materiel&rest_code=00102&code=00101008257&supplier_code=00100007&order_time=2022-06-19 HTTP/1.1" 200 432
180.169.147.146 - - [20/Jun/2022:12:05:30 +0800] "GET /xingrg/all/function/internal_message.html?_=1655697930295&CODE_STATE=getMsg HTTP/1.1" 302 -
101.83.223.227 - - [20/Jun/2022:12:05:31 +0800] "GET /xingrg/all/function/internal_message.html?_=1655697930647&CODE_STATE=getMsg HTTP/1.1" 200 27
218.81.223.53 - - [20/Jun/2022:12:05:36 +0800] "GET /xingrg/all/function/internal_message.html?_=1655697938527&CODE_STATE=getMsg HTTP/1.1" 302 -
180.169.147.146 - - [20/Jun/2022:12:05:38 +0800] "GET /xingrg/all/function/internal_message.html?_=1655697936974&CODE_STATE=getMsg HTTP/1.1" 200 27
180.156.212.250 - - [20/Jun/2022:12:05:38 +0800] "GET /xingrg/kc/buy/cgsh_order_operate.html?command=get_materiel&rest_code=00102&code=00101008244&supplier_code=00100007&order_time=2022-06-19 HTTP/1.1" 200 408
114.95.43.0 - - [20/Jun/2022:12:05:39 +0800] "GET /xingrg/all/function/internal_message.html?_=1655697848040&CODE_STATE=getMsg HTTP/1.1" 200 27
116.233.73.163 - - [20/Jun/2022:12:05:48 +0800] "GET /xingrg/all/function/internal_message.html?_=1655697948274&CODE_STATE=getMsg HTTP/1.1" 200 27
180.169.147.146 - - [20/Jun/2022:12:05:48 +0800] "GET /xingrg/all/function/internal_message.html?_=1655697947867&CODE_STATE=getMsg HTTP/1.1" 200 27
180.156.212.250 - - [20/Jun/2022:12:05:54 +0800] "GET /xingrg/all/function/internal_message.html?_=1655698024526&CODE_STATE=getMsg HTTP/1.1" 200 27
101.83.223.227 - - [20/Jun/2022:12:05:59 +0800] "POST /xingrg/kc/buy/cgsh_order_operate.html HTTP/1.1" 200 37
101.83.223.227 - - [20/Jun/2022:12:06:02 +0800] "POST /xingrg/kc/buy/cgsh_order_operate.html HTTP/1.1" 200 12
222.69.144.95 - - [20/Jun/2022:12:06:03 +0800] "GET /xingrg/all/function/internal_message.html?_=1655697996767&CODE_STATE=getMsg HTTP/1.1" 200 27
101.83.223.227 - - [20/Jun/2022:12:06:03 +0800] "GET /xingrg/kc/buy/cgsh_order_info.html?code=212022062002372 HTTP/1.1" 200 62563
101.83.223.227 - - [20/Jun/2022:12:06:03 +0800] "GET /xingrg/javascript/easyui/themes/default/validatebox.css HTTP/1.1" 404 1104
101.83.223.227 - - [20/Jun/2022:12:06:04 +0800] "POST /xingrg/kc/buy/cgsh_order_operate.html HTTP/1.1" 200 610
101.83.223.227 - - [20/Jun/2022:12:06:06 +0800] "GET /xingrg/kc/print/load_data.html?order_code=212022062002372&kc_code=cgsh&condition= HTTP/1.1" 200 699
58.35.194.53 - - [20/Jun/2022:12:06:07 +0800] "GET /xingrg/all/function/internal_message.html?_=1655697965629&CODE_STATE=getMsg HTTP/1.1" 200 27
180.171.135.27 - - [20/Jun/2022:12:06:10 +0800] "GET /xingrg/all/function/internal_message.html?_=1655697969700&CODE_STATE=getMsg HTTP/1.1" 200 27
116.230.110.173 - - [20/Jun/2022:12:06:11 +0800] "GET /xingrg/all/function/internal_message.html?_=1655697969475&CODE_STATE=getMsg HTTP/1.1" 200 27
101.83.223.227 - - [20/Jun/2022:12:06:12 +0800] "GET /xingrg/all/function/internal_message.html?_=1655697931734&CODE_STATE=getMsg HTTP/1.1" 200 27
114.95.43.0 - - [20/Jun/2022:12:06:12 +0800] "GET /xingrg/all/function/internal_message.html?_=1655697973650&CODE_STATE=getMsg HTTP/1.1" 200 27
124.78.158.193 - - [20/Jun/2022:12:06:22 +0800] "GET /xingrg/all/function/internal_message.html?_=1655697982245&CODE_STATE=getMsg HTTP/1.1" 200 27
124.79.240.10 - - [20/Jun/2022:12:06:26 +0800] "GET /xingrg/all/function/internal_message.html?_=1655698165732&CODE_STATE=getMsg HTTP/1.1" 200 27
114.88.162.248 - - [20/Jun/2022:12:06:28 +0800] "GET /xingrg/all/function/internal_message.html?_=1655697987828&CODE_STATE=getMsg HTTP/1.1" 200 27
180.169.147.146 - - [20/Jun/2022:12:06:30 +0800] "GET /xingrg/all/function/internal_message.html?_=1655697990281&CODE_STATE=getMsg HTTP/1.1" 302 -
101.83.223.227 - - [20/Jun/2022:12:06:31 +0800] "GET /xingrg/all/function/internal_message.html?_=1655697990651&CODE_STATE=getMsg HTTP/1.1" 200 27
218.81.223.53 - - [20/Jun/2022:12:06:36 +0800] "GET /xingrg/check_reg.html?_=1655697998136 HTTP/1.1" 302 -
218.81.223.53 - - [20/Jun/2022:12:06:36 +0800] "GET /xingrg/all/function/internal_message.html?_=1655697998540&CODE_STATE=getMsg HTTP/1.1" 302 -
180.169.147.146 - - [20/Jun/2022:12:06:38 +0800] "GET /xingrg/all/function/internal_message.html?_=1655697996987&CODE_STATE=getMsg HTTP/1.1" 200 27
180.169.147.146 - - [20/Jun/2022:12:06:38 +0800] "GET /xingrg/check_reg.html?_=1655697996989 HTTP/1.1" 200 22
114.95.43.0 - - [20/Jun/2022:12:06:39 +0800] "GET /xingrg/all/function/internal_message.html?_=1655697908009&CODE_STATE=getMsg HTTP/1.1" 200 27
116.233.73.163 - - [20/Jun/2022:12:06:48 +0800] "GET /xingrg/all/function/internal_message.html?_=1655698008279&CODE_STATE=getMsg HTTP/1.1" 200 27
180.169.147.146 - - [20/Jun/2022:12:06:48 +0800] "GET /xingrg/all/function/internal_message.html?_=1655698007855&CODE_STATE=getMsg HTTP/1.1" 200 27
180.156.212.250 - - [20/Jun/2022:12:06:51 +0800] "GET /xingrg/kc/buy/cgsh_order_operate.html?command=get_materiel&rest_code=00102&code=00101008185&supplier_code=00100007&order_time=2022-06-19 HTTP/1.1" 200 408
180.156.212.250 - - [20/Jun/2022:12:06:54 +0800] "GET /xingrg/all/function/internal_message.html?_=1655698084536&CODE_STATE=getMsg HTTP/1.1" 200 27
180.156.212.250 - - [20/Jun/2022:12:06:59 +0800] "GET /xingrg/kc/buy/cgsh_order_operate.html?command=get_materiel&rest_code=00102&code=00101008354&supplier_code=00100007&order_time=2022-06-19 HTTP/1.1" 200 412
114.95.43.0 - - [20/Jun/2022:12:07:02 +0800] "GET /xingrg/check_reg.html?_=1655697930507 HTTP/1.1" 200 22
222.69.144.95 - - [20/Jun/2022:12:07:03 +0800] "GET /xingrg/all/function/internal_message.html?_=1655698056767&CODE_STATE=getMsg HTTP/1.1" 200 27
58.35.194.53 - - [20/Jun/2022:12:07:07 +0800] "GET /xingrg/all/function/internal_message.html?_=1655698025598&CODE_STATE=getMsg HTTP/1.1" 200 27
180.171.135.27 - - [20/Jun/2022:12:07:10 +0800] "GET /xingrg/all/function/internal_message.html?_=1655698029700&CODE_STATE=getMsg HTTP/1.1" 200 27
116.230.110.173 - - [20/Jun/2022:12:07:11 +0800] "GET /xingrg/check_reg.html?_=1655698029469 HTTP/1.1" 200 22
116.230.110.173 - - [20/Jun/2022:12:07:11 +0800] "GET /xingrg/all/function/internal_message.html?_=1655698029473&CODE_STATE=getMsg HTTP/1.1" 200 27
101.83.223.227 - - [20/Jun/2022:12:07:12 +0800] "GET /xingrg/all/function/internal_message.html?_=1655697991791&CODE_STATE=getMsg HTTP/1.1" 200 27
114.95.43.0 - - [20/Jun/2022:12:07:12 +0800] "GET /xingrg/all/function/internal_message.html?_=1655698033650&CODE_STATE=getMsg HTTP/1.1" 200 27
180.156.212.250 - - [20/Jun/2022:12:07:13 +0800] "GET /xingrg/kc/buy/cgsh_order_operate.html?command=get_materiel&rest_code=00102&code=00101008163&supplier_code=00100007&order_time=2022-06-19 HTTP/1.1" 200 425
124.78.158.193 - - [20/Jun/2022:12:07:22 +0800] "GET /xingrg/all/function/internal_message.html?_=1655698042230&CODE_STATE=getMsg HTTP/1.1" 200 27
180.156.212.250 - - [20/Jun/2022:12:07:23 +0800] "GET /xingrg/kc/buy/cgsh_order_operate.html?command=get_materiel&rest_code=00102&code=00101008224&supplier_code=00100007&order_time=2022-06-19 HTTP/1.1" 200 416
124.79.240.10 - - [20/Jun/2022:12:07:26 +0800] "GET /xingrg/all/function/internal_message.html?_=1655698225730&CODE_STATE=getMsg HTTP/1.1" 200 27
124.79.240.10 - - [20/Jun/2022:12:07:26 +0800] "GET /xingrg/check_reg.html?_=1655698225729 HTTP/1.1" 200 22
114.88.162.248 - - [20/Jun/2022:12:07:28 +0800] "GET /xingrg/all/function/internal_message.html?_=1655698047827&CODE_STATE=getMsg HTTP/1.1" 200 27
180.169.147.146 - - [20/Jun/2022:12:07:30 +0800] "GET /xingrg/all/function/internal_message.html?_=1655698050289&CODE_STATE=getMsg HTTP/1.1" 302 -
101.83.223.227 - - [20/Jun/2022:12:07:31 +0800] "GET /xingrg/all/function/internal_message.html?_=1655698050654&CODE_STATE=getMsg HTTP/1.1" 200 27
180.156.212.250 - - [20/Jun/2022:12:07:36 +0800] "GET /xingrg/kc/buy/cgsh_order_operate.html?command=get_materiel&rest_code=00102&code=00101008361&supplier_code=00100007&order_time=2022-06-19 HTTP/1.1" 200 408
218.81.223.53 - - [20/Jun/2022:12:07:37 +0800] "GET /xingrg/all/function/internal_message.html?_=1655698058577&CODE_STATE=getMsg HTTP/1.1" 302 -
180.169.147.146 - - [20/Jun/2022:12:07:38 +0800] "GET /xingrg/all/function/internal_message.html?_=1655698056990&CODE_STATE=getMsg HTTP/1.1" 200 27
114.95.43.0 - - [20/Jun/2022:12:07:39 +0800] "GET /xingrg/all/function/internal_message.html?_=1655697967982&CODE_STATE=getMsg HTTP/1.1" 200 27
116.233.73.163 - - [20/Jun/2022:12:07:48 +0800] "GET /xingrg/check_reg.html?_=1655698068272 HTTP/1.1" 200 22
116.233.73.163 - - [20/Jun/2022:12:07:48 +0800] "GET /xingrg/all/function/internal_message.html?_=1655698068278&CODE_STATE=getMsg HTTP/1.1" 200 27
180.169.147.146 - - [20/Jun/2022:12:07:48 +0800] "GET /xingrg/all/function/internal_message.html?_=1655698067866&CODE_STATE=getMsg HTTP/1.1" 200 27
180.156.212.250 - - [20/Jun/2022:12:07:50 +0800] "GET /xingrg/kc/buy/cgsh_order_operate.html?command=get_materiel&rest_code=00102&code=00101008355&supplier_code=00100007&order_time=2022-06-19 HTTP/1.1" 200 408
180.156.212.250 - - [20/Jun/2022:12:07:54 +0800] "GET /xingrg/check_reg.html?_=1655698144450 HTTP/1.1" 200 22
180.156.212.250 - - [20/Jun/2022:12:07:54 +0800] "GET /xingrg/all/function/internal_message.html?_=1655698144549&CODE_STATE=getMsg HTTP/1.1" 200 27
180.156.212.250 - - [20/Jun/2022:12:07:57 +0800] "GET /xingrg/kc/buy/cgsh_order_operate.html?command=get_materiel&rest_code=00102&code=00101008144&supplier_code=00100007&order_time=2022-06-19 HTTP/1.1" 200 412
222.69.144.95 - - [20/Jun/2022:12:08:03 +0800] "GET /xingrg/all/function/internal_message.html?_=1655698116764&CODE_STATE=getMsg HTTP/1.1" 200 27
222.69.144.95 - - [20/Jun/2022:12:08:03 +0800] "GET /xingrg/check_reg.html?_=1655698116768 HTTP/1.1" 200 22
58.35.194.53 - - [20/Jun/2022:12:08:07 +0800] "GET /xingrg/all/function/internal_message.html?_=1655698085568&CODE_STATE=getMsg HTTP/1.1" 200 27
180.156.212.250 - - [20/Jun/2022:12:08:08 +0800] "GET /xingrg/kc/buy/cgsh_order_operate.html?command=get_materiel&rest_code=00102&code=00101008356&supplier_code=00100007&order_time=2022-06-19 HTTP/1.1" 200 408
180.171.135.27 - - [20/Jun/2022:12:08:10 +0800] "GET /xingrg/all/function/internal_message.html?_=1655698089700&CODE_STATE=getMsg HTTP/1.1" 200 27
116.230.110.173 - - [20/Jun/2022:12:08:11 +0800] "GET /xingrg/all/function/internal_message.html?_=1655698089466&CODE_STATE=getMsg HTTP/1.1" 200 27
101.83.223.227 - - [20/Jun/2022:12:08:12 +0800] "GET /xingrg/all/function/internal_message.html?_=1655698051793&CODE_STATE=getMsg HTTP/1.1" 200 27
114.95.43.0 - - [20/Jun/2022:12:08:12 +0800] "GET /xingrg/all/function/internal_message.html?_=1655698093636&CODE_STATE=getMsg HTTP/1.1" 200 27
180.156.212.250 - - [20/Jun/2022:12:08:21 +0800] "GET /xingrg/kc/buy/cgsh_order_operate.html?command=get_materiel&rest_code=00102&code=00101008300&supplier_code=00100007&order_time=2022-06-19 HTTP/1.1" 200 412
124.78.158.193 - - [20/Jun/2022:12:08:22 +0800] "GET /xingrg/all/function/internal_message.html?_=1655698102227&CODE_STATE=getMsg HTTP/1.1" 200 27
124.78.158.193 - - [20/Jun/2022:12:08:23 +0800] "GET /xingrg/check_reg.html?_=1655698102604 HTTP/1.1" 200 22
124.79.240.10 - - [20/Jun/2022:12:08:26 +0800] "GET /xingrg/all/function/internal_message.html?_=1655698285725&CODE_STATE=getMsg HTTP/1.1" 200 27
114.88.162.248 - - [20/Jun/2022:12:08:28 +0800] "GET /xingrg/all/function/internal_message.html?_=1655698107826&CODE_STATE=getMsg HTTP/1.1" 200 27
180.169.147.146 - - [20/Jun/2022:12:08:30 +0800] "GET /xingrg/all/function/internal_message.html?_=1655698110292&CODE_STATE=getMsg HTTP/1.1" 302 -
101.83.223.227 - - [20/Jun/2022:12:08:31 +0800] "GET /xingrg/all/function/internal_message.html?_=1655698110658&CODE_STATE=getMsg HTTP/1.1" 200 27
180.156.212.250 - - [20/Jun/2022:12:08:34 +0800] "GET /xingrg/kc/buy/cgsh_order_operate.html?command=get_materiel&rest_code=00102&code=00101008415&supplier_code=00100007&order_time=2022-06-19 HTTP/1.1" 200 412
218.81.223.53 - - [20/Jun/2022:12:08:37 +0800] "GET /xingrg/all/function/internal_message.html?_=1655698118583&CODE_STATE=getMsg HTTP/1.1" 302 -
180.169.147.146 - - [20/Jun/2022:12:08:38 +0800] "GET /xingrg/all/function/internal_message.html?_=1655698116990&CODE_STATE=getMsg HTTP/1.1" 200 27
114.95.43.0 - - [20/Jun/2022:12:08:39 +0800] "GET /xingrg/all/function/internal_message.html?_=1655698027952&CODE_STATE=getMsg HTTP/1.1" 200 27
116.233.73.163 - - [20/Jun/2022:12:08:48 +0800] "GET /xingrg/all/function/internal_message.html?_=1655698128293&CODE_STATE=getMsg HTTP/1.1" 200 27
180.169.147.146 - - [20/Jun/2022:12:08:48 +0800] "GET /xingrg/all/function/internal_message.html?_=1655698127870&CODE_STATE=getMsg HTTP/1.1" 200 27
180.169.147.146 - - [20/Jun/2022:12:08:48 +0800] "GET /xingrg/check_reg.html?_=1655698127875 HTTP/1.1" 200 22
120.253.135.82 - - [20/Jun/2022:12:08:53 +0800] "GET /xingrg/check_reg.html?_=1655697942040 HTTP/1.1" 200 22
180.156.212.250 - - [20/Jun/2022:12:08:54 +0800] "GET /xingrg/all/function/internal_message.html?_=1655698204565&CODE_STATE=getMsg HTTP/1.1" 200 27
180.156.212.250 - - [20/Jun/2022:12:08:57 +0800] "GET /xingrg/kc/buy/cgsh_order_operate.html?command=get_materiel&rest_code=00102&code=00101008270&supplier_code=00100007&order_time=2022-06-19 HTTP/1.1" 200 412
180.156.212.250 - - [20/Jun/2022:12:08:59 +0800] "POST /xingrg/kc/buy/cgsh_order_operate.html HTTP/1.1" 200 2065
222.69.144.95 - - [20/Jun/2022:12:09:03 +0800] "GET /xingrg/all/function/internal_message.html?_=1655698176771&CODE_STATE=getMsg HTTP/1.1" 200 27
180.156.212.250 - - [20/Jun/2022:12:09:06 +0800] "GET /xingrg/kc/buy/cgsh_order_operate.html?command=get_materiel&rest_code=00102&code=00101008077&supplier_code=00100007&order_time=2022-06-19 HTTP/1.1" 200 416
58.35.194.53 - - [20/Jun/2022:12:09:07 +0800] "GET /xingrg/all/function/internal_message.html?_=1655698145537&CODE_STATE=getMsg HTTP/1.1" 200 27
180.171.135.27 - - [20/Jun/2022:12:09:10 +0800] "GET /xingrg/all/function/internal_message.html?_=1655698149700&CODE_STATE=getMsg HTTP/1.1" 200 27
180.171.135.27 - - [20/Jun/2022:12:09:10 +0800] "GET /xingrg/check_reg.html?_=1655698149703 HTTP/1.1" 200 22
116.230.110.173 - - [20/Jun/2022:12:09:11 +0800] "GET /xingrg/all/function/internal_message.html?_=1655698149486&CODE_STATE=getMsg HTTP/1.1" 200 27
114.95.43.0 - - [20/Jun/2022:12:09:12 +0800] "GET /xingrg/all/function/internal_message.html?_=1655698153637&CODE_STATE=getMsg HTTP/1.1" 200 27
101.83.223.227 - - [20/Jun/2022:12:09:12 +0800] "GET /xingrg/all/function/internal_message.html?_=1655698111852&CODE_STATE=getMsg HTTP/1.1" 200 27
124.78.158.193 - - [20/Jun/2022:12:09:22 +0800] "GET /xingrg/all/function/internal_message.html?_=1655698162200&CODE_STATE=getMsg HTTP/1.1" 200 27
180.156.212.250 - - [20/Jun/2022:12:09:23 +0800] "GET /xingrg/kc/buy/cgsh_order_operate.html?command=get_materiel&rest_code=00102&code=00101008069&supplier_code=00100007&order_time=2022-06-19 HTTP/1.1" 200 429
124.79.240.10 - - [20/Jun/2022:12:09:26 +0800] "GET /xingrg/all/function/internal_message.html?_=1655698345708&CODE_STATE=getMsg HTTP/1.1" 200 27
114.88.162.248 - - [20/Jun/2022:12:09:28 +0800] "GET /xingrg/check_reg.html?_=1655698167826 HTTP/1.1" 200 22
114.88.162.248 - - [20/Jun/2022:12:09:28 +0800] "GET /xingrg/all/function/internal_message.html?_=1655698167829&CODE_STATE=getMsg HTTP/1.1" 200 27
180.169.147.146 - - [20/Jun/2022:12:09:30 +0800] "GET /xingrg/all/function/internal_message.html?_=1655698170290&CODE_STATE=getMsg HTTP/1.1" 302 -
180.169.147.146 - - [20/Jun/2022:12:09:30 +0800] "GET /xingrg/check_reg.html?_=1655698170294 HTTP/1.1" 302 -
101.83.223.227 - - [20/Jun/2022:12:09:31 +0800] "GET /xingrg/check_reg.html?_=1655698170660 HTTP/1.1" 200 22
101.83.223.227 - - [20/Jun/2022:12:09:31 +0800] "GET /xingrg/all/function/internal_message.html?_=1655698170664&CODE_STATE=getMsg HTTP/1.1" 200 27
180.156.212.250 - - [20/Jun/2022:12:09:32 +0800] "GET /xingrg/kc/buy/cgsh_order_operate.html?command=get_materiel&rest_code=00102&code=00101008286&supplier_code=00100007&order_time=2022-06-19 HTTP/1.1" 200 408
58.35.194.53 - - [20/Jun/2022:12:09:32 +0800] "GET /xingrg/check_reg.html?_=1655698171148 HTTP/1.1" 200 22
101.83.223.227 - - [20/Jun/2022:12:09:36 +0800] "GET /xingrg/check_reg.html?_=1655698136128 HTTP/1.1" 200 22
218.81.223.53 - - [20/Jun/2022:12:09:37 +0800] "GET /xingrg/all/function/internal_message.html?_=1655698178622&CODE_STATE=getMsg HTTP/1.1" 302 -
