180.156.212.250 - - [20/Jun/2022:08:54:15 +0800] "GET /xingrg/javascript/jqueryMultiSelect.js HTTP/1.1" 200 11866
180.156.212.250 - - [20/Jun/2022:08:54:15 +0800] "GET /xingrg/images/blue/button/advanceover.gif HTTP/1.1" 200 1347
180.156.212.250 - - [20/Jun/2022:08:54:15 +0800] "GET /xingrg/images/blue/button/advance2over.gif HTTP/1.1" 200 1336
180.156.212.250 - - [20/Jun/2022:08:54:15 +0800] "GET /xingrg/images/blue/button/backover.gif HTTP/1.1" 200 1348
180.156.212.250 - - [20/Jun/2022:08:54:15 +0800] "GET /xingrg/images/blue/button/back2over.gif HTTP/1.1" 200 1335
180.156.212.250 - - [20/Jun/2022:08:54:15 +0800] "GET /xingrg/javascript/jquery_easy_ui/themes/icons/help.png HTTP/1.1" 200 1187
180.156.212.250 - - [20/Jun/2022:08:54:15 +0800] "GET /xingrg/images/control/loading.gif HTTP/1.1" 200 13463
180.156.212.250 - - [20/Jun/2022:08:54:15 +0800] "GET /xingrg/javascript/jquery_easy_ui/themes/default/images/menu_downarrow.png HTTP/1.1" 200 173
180.156.212.250 - - [20/Jun/2022:08:54:15 +0800] "GET /xingrg/javascript/jquery_easy_ui/themes/default/images/menu.gif HTTP/1.1" 200 834
180.156.212.250 - - [20/Jun/2022:08:54:15 +0800] "GET /xingrg/javascript/jquery_easy_ui/themes/icons/print.png HTTP/1.1" 200 1057
180.156.212.250 - - [20/Jun/2022:08:54:15 +0800] "GET /xingrg/javascript/jquery_easy_ui/themes/icons/pencil.png HTTP/1.1" 200 713
180.156.212.250 - - [20/Jun/2022:08:54:15 +0800] "GET /xingrg/javascript/jquery_easy_ui/themes/default/images/menu_rightarrow.png HTTP/1.1" 200 3617
180.156.212.250 - - [20/Jun/2022:08:54:15 +0800] "POST /xingrg/dwr/call/plaincall/AjaxReportQueryService.getFixDate.dwr HTTP/1.1" 200 111
180.156.212.250 - - [20/Jun/2022:08:54:16 +0800] "POST /xingrg/dwr/call/plaincall/AjaxReportQueryService.getInitString.dwr HTTP/1.1" 200 30809
180.156.212.250 - - [20/Jun/2022:08:54:16 +0800] "GET /xingrg/javascript/multi_select/dropdown.gif HTTP/1.1" 200 61
180.156.212.250 - - [20/Jun/2022:08:54:17 +0800] "POST /xingrg/dwr/call/plaincall/AjaxReportQueryService.getInitString.dwr HTTP/1.1" 200 1008
180.156.212.250 - - [20/Jun/2022:08:54:17 +0800] "POST /xingrg/dwr/call/plaincall/AjaxReportQueryService.getInitString.dwr HTTP/1.1" 200 125
180.156.212.250 - - [20/Jun/2022:08:54:23 +0800] "GET /xingrg/javascript/multi_select/dropdown_hover.gif HTTP/1.1" 200 61
180.156.212.250 - - [20/Jun/2022:08:54:23 +0800] "GET /xingrg/javascript/multi_select/dropdown_active.gif HTTP/1.1" 200 61
218.81.223.53 - - [20/Jun/2022:08:54:26 +0800] "GET /xingrg/all/function/internal_message.html?_=1655686467603&CODE_STATE=getMsg HTTP/1.1" 200 27
120.253.135.82 - - [20/Jun/2022:08:54:27 +0800] "POST /xingrg/dwr/call/plaincall/AjaxCgthService.saveMaterielItem.dwr HTTP/1.1" 200 78
180.156.212.250 - - [20/Jun/2022:08:54:27 +0800] "POST /xingrg/dwr/call/plaincall/AjaxReportQueryService.refreshCache.dwr HTTP/1.1" 200 78
180.156.212.250 - - [20/Jun/2022:08:54:30 +0800] "POST /xingrg/all/report/load_report_page.html HTTP/1.1" 200 133247
180.156.212.250 - - [20/Jun/2022:08:54:30 +0800] "GET /xingrg/images/blue/button/back2.gif HTTP/1.1" 200 1339
180.156.212.250 - - [20/Jun/2022:08:54:30 +0800] "GET /xingrg/images/blue/button/back.gif HTTP/1.1" 200 1352
180.156.212.250 - - [20/Jun/2022:08:54:30 +0800] "GET /xingrg/servlets/image?cache=0.4902715736686867&image=px HTTP/1.1" 200 807
58.35.194.53 - - [20/Jun/2022:08:54:33 +0800] "GET /xingrg/check_reg.html?_=1655686471829 HTTP/1.1" 200 22
180.156.212.250 - - [20/Jun/2022:08:54:34 +0800] "POST /xingrg/all/report/load_report_page.html HTTP/1.1" 200 38778
180.156.212.250 - - [20/Jun/2022:08:54:34 +0800] "GET /xingrg/images/blue/button/advance.gif HTTP/1.1" 200 1354
180.156.212.250 - - [20/Jun/2022:08:54:34 +0800] "GET /xingrg/images/blue/button/advance2.gif HTTP/1.1" 200 1338
180.156.212.250 - - [20/Jun/2022:08:54:34 +0800] "GET /xingrg/servlets/image?cache=0.917851381247204&image=px HTTP/1.1" 200 807
101.83.223.227 - - [20/Jun/2022:08:54:36 +0800] "GET /xingrg/check_reg.html?_=1655686435911 HTTP/1.1" 200 22
114.95.43.0 - - [20/Jun/2022:08:54:43 +0800] "GET /xingrg/all/function/internal_message.html?_=1655686391850&CODE_STATE=getMsg HTTP/1.1" 200 27
180.156.212.250 - - [20/Jun/2022:08:54:52 +0800] "GET /xingrg/kc/base/wldb_order_list.html HTTP/1.1" 200 19142
180.156.212.250 - - [20/Jun/2022:08:54:53 +0800] "POST /xingrg/kc/base/wldb_list_operate.html HTTP/1.1" 200 928
180.156.212.250 - - [20/Jun/2022:08:54:53 +0800] "GET /xingrg/check_reg.html?_=1655686563225 HTTP/1.1" 200 22
180.156.212.250 - - [20/Jun/2022:08:54:53 +0800] "GET /xingrg/kc/base/wldb_order_add.html HTTP/1.1" 200 30352
180.156.212.250 - - [20/Jun/2022:08:54:54 +0800] "POST /xingrg/kc/base/wldb_order_operate.html HTTP/1.1" 200 6806
180.156.212.250 - - [20/Jun/2022:08:54:54 +0800] "GET /xingrg/all/function/internal_message.html?_=1655686564619&CODE_STATE=getMsg HTTP/1.1" 200 27
180.156.212.250 - - [20/Jun/2022:08:54:55 +0800] "GET /xingrg/javascript/easyui/themes/default/validatebox.css HTTP/1.1" 404 1104
180.156.212.250 - - [20/Jun/2022:08:54:56 +0800] "POST /xingrg/all/common/load_combo.html?type=base HTTP/1.1" 200 3233
180.156.212.250 - - [20/Jun/2022:08:55:01 +0800] "POST /xingrg/all/common/load_combo.html?type=base HTTP/1.1" 200 3233
101.83.223.227 - - [20/Jun/2022:08:55:07 +0800] "GET /xingrg/all/function/internal_message.html?_=1655686466409&CODE_STATE=getMsg HTTP/1.1" 200 27
116.230.110.173 - - [20/Jun/2022:08:55:10 +0800] "GET /xingrg/all/function/internal_message.html?_=1655686509479&CODE_STATE=getMsg HTTP/1.1" 200 27
58.35.194.53 - - [20/Jun/2022:08:55:11 +0800] "GET /xingrg/all/function/internal_message.html?_=1655686509392&CODE_STATE=getMsg HTTP/1.1" 200 27
114.95.43.0 - - [20/Jun/2022:08:55:12 +0800] "GET /xingrg/all/function/internal_message.html?_=1655686513296&CODE_STATE=getMsg HTTP/1.1" 200 27
114.95.43.0 - - [20/Jun/2022:08:55:12 +0800] "GET /xingrg/check_reg.html?_=1655686513297 HTTP/1.1" 200 22
180.156.212.250 - - [20/Jun/2022:08:55:17 +0800] "GET /xingrg/kc/base/wldb_order_operate.html?command=get_materiel&rest_code=00102&base_code=0010476&code=00101019527 HTTP/1.1" 200 474
180.156.212.250 - - [20/Jun/2022:08:55:22 +0800] "GET /xingrg/kc/base/wldb_order_operate.html?command=get_materiel&rest_code=00102&base_code=0010476&code=00101019310 HTTP/1.1" 200 477
218.81.223.53 - - [20/Jun/2022:08:55:26 +0800] "GET /xingrg/all/function/internal_message.html?_=1655686527616&CODE_STATE=getMsg HTTP/1.1" 200 27
180.156.212.250 - - [20/Jun/2022:08:55:29 +0800] "GET /xingrg/kc/base/wldb_order_operate.html?command=get_materiel&rest_code=00102&base_code=0010476&code=00101013011 HTTP/1.1" 200 451
180.156.212.250 - - [20/Jun/2022:08:55:33 +0800] "GET /xingrg/kc/base/wldb_order_operate.html?command=get_materiel&rest_code=00102&base_code=0010476&code=00101019438 HTTP/1.1" 200 461
180.156.212.250 - - [20/Jun/2022:08:55:38 +0800] "GET /xingrg/kc/base/wldb_order_operate.html?command=get_materiel&rest_code=00102&base_code=0010476&code=00101019222 HTTP/1.1" 200 453
114.95.43.0 - - [20/Jun/2022:08:55:43 +0800] "GET /xingrg/all/function/internal_message.html?_=1655686451820&CODE_STATE=getMsg HTTP/1.1" 200 27
120.253.135.82 - - [20/Jun/2022:08:55:46 +0800] "POST /xingrg/dwr/call/plaincall/AjaxCgthService.saveOrder.dwr HTTP/1.1" 200 79
120.253.135.82 - - [20/Jun/2022:08:55:52 +0800] "GET /xingrg/kc/buy/cgth_order_list.html?isBack=1 HTTP/1.1" 200 51365
120.253.135.82 - - [20/Jun/2022:08:55:53 +0800] "POST /xingrg/kc/buy/cgth_list_operate.html HTTP/1.1" 200 2799
180.156.212.250 - - [20/Jun/2022:08:55:53 +0800] "GET /xingrg/kc/base/wldb_order_operate.html?command=get_materiel&rest_code=00102&base_code=0010476&code=00101019063 HTTP/1.1" 200 461
180.156.212.250 - - [20/Jun/2022:08:55:54 +0800] "GET /xingrg/all/function/internal_message.html?_=1655686624637&CODE_STATE=getMsg HTTP/1.1" 200 27
120.253.135.82 - - [20/Jun/2022:08:55:55 +0800] "POST /xingrg/kc/buy/cgth_list_operate.html HTTP/1.1" 200 213
180.156.212.250 - - [20/Jun/2022:08:55:58 +0800] "GET /xingrg/kc/base/wldb_order_operate.html?command=get_materiel&rest_code=00102&base_code=0010476&code=00101016044 HTTP/1.1" 200 464
120.253.135.82 - - [20/Jun/2022:08:55:58 +0800] "GET /xingrg/kc/buy/cgth_order_info.html?code=232022062000027 HTTP/1.1" 200 69270
120.253.135.82 - - [20/Jun/2022:08:55:59 +0800] "GET /xingrg/dwr/interface/AjaxCgthService.js HTTP/1.1" 200 14519
120.253.135.82 - - [20/Jun/2022:08:55:59 +0800] "GET /xingrg/dwr/engine.js HTTP/1.1" 200 43631
120.253.135.82 - - [20/Jun/2022:08:55:59 +0800] "GET /xingrg/dwr/interface/AjaxComOrderService.js HTTP/1.1" 200 18264
120.253.135.82 - - [20/Jun/2022:08:55:59 +0800] "POST /xingrg/all/common/load_tree.html?tree=supplier_tree_json&isDelete=1 HTTP/1.1" 200 66572
120.253.135.82 - - [20/Jun/2022:08:56:00 +0800] "POST /xingrg/dwr/call/plaincall/AjaxCgthService.loadMaterielItems.dwr HTTP/1.1" 200 876
180.156.212.250 - - [20/Jun/2022:08:56:03 +0800] "GET /xingrg/kc/base/wldb_order_operate.html?command=get_materiel&rest_code=00102&base_code=0010476&code=00101019391 HTTP/1.1" 200 485
101.83.223.227 - - [20/Jun/2022:08:56:10 +0800] "GET /xingrg/all/function/internal_message.html?_=1655686526423&CODE_STATE=getMsg HTTP/1.1" 200 27
116.230.110.173 - - [20/Jun/2022:08:56:10 +0800] "GET /xingrg/all/function/internal_message.html?_=1655686569478&CODE_STATE=getMsg HTTP/1.1" 200 27
58.35.194.53 - - [20/Jun/2022:08:56:11 +0800] "GET /xingrg/all/function/internal_message.html?_=1655686569379&CODE_STATE=getMsg HTTP/1.1" 200 27
114.95.43.0 - - [20/Jun/2022:08:56:12 +0800] "GET /xingrg/all/function/internal_message.html?_=1655686573321&CODE_STATE=getMsg HTTP/1.1" 200 27
180.156.212.250 - - [20/Jun/2022:08:56:13 +0800] "GET /xingrg/kc/base/wldb_order_operate.html?command=get_materiel&rest_code=00102&base_code=0010476&code=00101019461 HTTP/1.1" 200 474
180.156.212.250 - - [20/Jun/2022:08:56:26 +0800] "GET /xingrg/kc/base/wldb_order_operate.html?command=get_materiel&rest_code=00102&base_code=0010476&code=00101019498 HTTP/1.1" 200 474
218.81.223.53 - - [20/Jun/2022:08:56:26 +0800] "GET /xingrg/all/function/internal_message.html?_=1655686587926&CODE_STATE=getMsg HTTP/1.1" 200 27
120.253.135.82 - - [20/Jun/2022:08:56:29 +0800] "GET /xingrg/check_reg.html?_=1655686398999 HTTP/1.1" 200 22
180.156.212.250 - - [20/Jun/2022:08:56:35 +0800] "GET /xingrg/kc/base/wldb_order_operate.html?command=get_materiel&rest_code=00102&base_code=0010476&code=00101019074 HTTP/1.1" 200 471
120.253.135.82 - - [20/Jun/2022:08:56:36 +0800] "GET /xingrg/kc/buy/cgth_order_list.html?isBack=1 HTTP/1.1" 200 51365
120.253.135.82 - - [20/Jun/2022:08:56:38 +0800] "POST /xingrg/kc/buy/cgth_list_operate.html HTTP/1.1" 200 2799
120.253.135.82 - - [20/Jun/2022:08:56:41 +0800] "GET /xingrg/kc/pszx/mdth_order_list.html HTTP/1.1" 200 18431
180.156.212.250 - - [20/Jun/2022:08:56:41 +0800] "GET /xingrg/kc/base/wldb_order_operate.html?command=get_materiel&rest_code=00102&base_code=0010476&code=00101016020 HTTP/1.1" 200 446
120.253.135.82 - - [20/Jun/2022:08:56:41 +0800] "POST /xingrg/kc/pszx/mdth_order_new_list.html HTTP/1.1" 200 4850
120.253.135.82 - - [20/Jun/2022:08:56:43 +0800] "POST /xingrg/kc/pszx/mdth_order_new_list.html HTTP/1.1" 200 217
114.95.43.0 - - [20/Jun/2022:08:56:43 +0800] "GET /xingrg/all/function/internal_message.html?_=1655686511805&CODE_STATE=getMsg HTTP/1.1" 200 27
120.253.135.82 - - [20/Jun/2022:08:56:46 +0800] "POST /xingrg/kc/pszx/mdth_order_new_list.html HTTP/1.1" 200 204
180.156.212.250 - - [20/Jun/2022:08:56:49 +0800] "GET /xingrg/kc/base/wldb_order_operate.html?command=get_materiel&rest_code=00102&base_code=0010476&code=00101019258 HTTP/1.1" 200 483
120.253.135.82 - - [20/Jun/2022:08:56:52 +0800] "GET /xingrg/kc/pszx/mdth_order_info.html?code=322022061900033 HTTP/1.1" 200 22185
120.253.135.82 - - [20/Jun/2022:08:56:52 +0800] "GET /xingrg/all/common/auto_word.html?type=employee&rest_code=00101 HTTP/1.1" 200 977
120.253.135.82 - - [20/Jun/2022:08:56:52 +0800] "POST /xingrg/kc/pszx/mdth_order_new_info.html HTTP/1.1" 200 309
120.253.135.82 - - [20/Jun/2022:08:56:52 +0800] "GET /xingrg/javascript/easyui/themes/default/validatebox.css HTTP/1.1" 404 1104
180.156.212.250 - - [20/Jun/2022:08:56:54 +0800] "GET /xingrg/all/function/internal_message.html?_=1655686684647&CODE_STATE=getMsg HTTP/1.1" 200 27
180.156.212.250 - - [20/Jun/2022:08:56:55 +0800] "GET /xingrg/kc/base/wldb_order_operate.html?command=get_materiel&rest_code=00102&base_code=0010476&code=00101019185 HTTP/1.1" 200 467
180.156.212.250 - - [20/Jun/2022:08:57:00 +0800] "GET /xingrg/kc/base/wldb_order_operate.html?command=get_materiel&rest_code=00102&base_code=0010476&code=00101019450 HTTP/1.1" 200 482
114.95.43.0 - - [20/Jun/2022:08:57:02 +0800] "GET /xingrg/check_reg.html?_=1655686530373 HTTP/1.1" 200 22
101.83.223.227 - - [20/Jun/2022:08:57:07 +0800] "GET /xingrg/all/function/internal_message.html?_=1655686586479&CODE_STATE=getMsg HTTP/1.1" 200 27
120.253.135.82 - - [20/Jun/2022:08:57:08 +0800] "POST /xingrg/all/common/load_combo.html?type=employee HTTP/1.1" 200 1752
116.230.110.173 - - [20/Jun/2022:08:57:10 +0800] "GET /xingrg/check_reg.html?_=1655686629474 HTTP/1.1" 200 22
116.230.110.173 - - [20/Jun/2022:08:57:10 +0800] "GET /xingrg/all/function/internal_message.html?_=1655686629477&CODE_STATE=getMsg HTTP/1.1" 200 27
58.35.194.53 - - [20/Jun/2022:08:57:10 +0800] "GET /xingrg/all/function/internal_message.html?_=1655686629348&CODE_STATE=getMsg HTTP/1.1" 200 27
120.253.135.82 - - [20/Jun/2022:08:57:11 +0800] "GET /xingrg/javascript/jquery_tools/images/prev.gif HTTP/1.1" 404 1086
120.253.135.82 - - [20/Jun/2022:08:57:11 +0800] "GET /xingrg/javascript/jquery_tools/images/next.gif HTTP/1.1" 404 1086
114.95.43.0 - - [20/Jun/2022:08:57:12 +0800] "GET /xingrg/all/function/internal_message.html?_=1655686633319&CODE_STATE=getMsg HTTP/1.1" 200 27
101.83.223.227 - - [20/Jun/2022:08:57:13 +0800] "POST /xingrg/services/DataTransmitService HTTP/1.1" 200 524
120.253.135.82 - - [20/Jun/2022:08:57:17 +0800] "POST /xingrg/all/common/load_combo.html?type=base HTTP/1.1" 200 1169
120.253.135.82 - - [20/Jun/2022:08:57:23 +0800] "POST /xingrg/kc/pszx/mdth_order_new_info.html HTTP/1.1" 200 37
120.253.135.82 - - [20/Jun/2022:08:57:24 +0800] "POST /xingrg/kc/pszx/mdth_order_new_info.html HTTP/1.1" 200 316
218.81.223.53 - - [20/Jun/2022:08:57:26 +0800] "GET /xingrg/all/function/internal_message.html?_=1655686647939&CODE_STATE=getMsg HTTP/1.1" 200 27
120.253.135.82 - - [20/Jun/2022:08:57:31 +0800] "GET /xingrg/kc/print/load_config.html?kc_code=mdth HTTP/1.1" 200 3088
120.253.135.82 - - [20/Jun/2022:08:57:31 +0800] "GET /xingrg/kc/print/load_data.html?order_code=322022061900033&kc_code=mdth&condition= HTTP/1.1" 200 649
114.95.43.0 - - [20/Jun/2022:08:57:43 +0800] "GET /xingrg/all/function/internal_message.html?_=1655686571779&CODE_STATE=getMsg HTTP/1.1" 200 27
180.156.212.250 - - [20/Jun/2022:08:57:44 +0800] "POST /xingrg/kc/base/wldb_order_operate.html HTTP/1.1" 200 37
180.156.212.250 - - [20/Jun/2022:08:57:46 +0800] "POST /xingrg/kc/base/wldb_order_operate.html HTTP/1.1" 200 12
180.156.212.250 - - [20/Jun/2022:08:57:46 +0800] "POST /xingrg/kc/base/wldb_order_operate.html HTTP/1.1" 200 8735
180.156.212.250 - - [20/Jun/2022:08:57:47 +0800] "GET /xingrg/kc/base/wldb_order_info.html?code=422022062000749 HTTP/1.1" 200 26229
180.156.212.250 - - [20/Jun/2022:08:57:48 +0800] "POST /xingrg/kc/base/wldb_order_operate.html HTTP/1.1" 200 6865
180.156.212.250 - - [20/Jun/2022:08:57:49 +0800] "GET /xingrg/javascript/easyui/themes/default/validatebox.css HTTP/1.1" 404 1104
180.156.212.250 - - [20/Jun/2022:08:57:51 +0800] "GET /xingrg/kc/base/wldb_order_add.html HTTP/1.1" 200 30352
180.156.212.250 - - [20/Jun/2022:08:57:53 +0800] "POST /xingrg/kc/base/wldb_order_operate.html HTTP/1.1" 200 6806
180.156.212.250 - - [20/Jun/2022:08:57:53 +0800] "GET /xingrg/javascript/easyui/themes/default/validatebox.css HTTP/1.1" 404 1104
180.156.212.250 - - [20/Jun/2022:08:57:53 +0800] "POST /xingrg/all/common/load_combo.html?type=base HTTP/1.1" 200 3233
180.156.212.250 - - [20/Jun/2022:08:57:54 +0800] "GET /xingrg/all/function/internal_message.html?_=1655686744724&CODE_STATE=getMsg HTTP/1.1" 200 27
180.156.212.250 - - [20/Jun/2022:08:57:56 +0800] "POST /xingrg/all/common/load_combo.html?type=base HTTP/1.1" 200 3233
120.253.135.82 - - [20/Jun/2022:08:58:02 +0800] "POST /xingrg/kc/pszx/mdth_order_new_info.html HTTP/1.1" 200 37
120.253.135.82 - - [20/Jun/2022:08:58:03 +0800] "POST /xingrg/kc/pszx/mdth_order_new_info.html HTTP/1.1" 200 316
120.253.135.82 - - [20/Jun/2022:08:58:03 +0800] "POST /xingrg/kc/pszx/mdth_order_new_info.html HTTP/1.1" 200 12
120.253.135.82 - - [20/Jun/2022:08:58:05 +0800] "GET /xingrg/kc/pszx/mdth_order_info.html?code=322022061900033 HTTP/1.1" 200 20245
120.253.135.82 - - [20/Jun/2022:08:58:06 +0800] "POST /xingrg/kc/pszx/mdth_order_new_info.html HTTP/1.1" 200 316
120.253.135.82 - - [20/Jun/2022:08:58:06 +0800] "GET /xingrg/javascript/easyui/themes/default/validatebox.css HTTP/1.1" 404 1104
101.83.223.227 - - [20/Jun/2022:08:58:07 +0800] "GET /xingrg/all/function/internal_message.html?_=1655686646482&CODE_STATE=getMsg HTTP/1.1" 200 27
120.253.135.82 - - [20/Jun/2022:08:58:09 +0800] "GET /xingrg/kc/pszx/mdth_order_info.html?code=322022061900034 HTTP/1.1" 200 22185
120.253.135.82 - - [20/Jun/2022:08:58:10 +0800] "GET /xingrg/javascript/easyui/themes/default/validatebox.css HTTP/1.1" 404 1104
120.253.135.82 - - [20/Jun/2022:08:58:10 +0800] "POST /xingrg/kc/pszx/mdth_order_new_info.html HTTP/1.1" 200 282
116.230.110.173 - - [20/Jun/2022:08:58:10 +0800] "GET /xingrg/all/function/internal_message.html?_=1655686689463&CODE_STATE=getMsg HTTP/1.1" 200 27
58.35.194.53 - - [20/Jun/2022:08:58:10 +0800] "GET /xingrg/all/function/internal_message.html?_=1655686689334&CODE_STATE=getMsg HTTP/1.1" 200 27
180.156.212.250 - - [20/Jun/2022:08:58:11 +0800] "GET /xingrg/kc/base/wldb_order_operate.html?command=get_materiel&rest_code=00102&base_code=0010476&code=00101016076 HTTP/1.1" 200 477
114.95.43.0 - - [20/Jun/2022:08:58:12 +0800] "GET /xingrg/all/function/internal_message.html?_=1655686693318&CODE_STATE=getMsg HTTP/1.1" 200 27
120.253.135.82 - - [20/Jun/2022:08:58:16 +0800] "POST /xingrg/all/common/load_combo.html?type=employee HTTP/1.1" 200 1752
180.156.212.250 - - [20/Jun/2022:08:58:19 +0800] "GET /xingrg/kc/base/wldb_order_operate.html?command=get_materiel&rest_code=00102&base_code=0010476&code=00101019079 HTTP/1.1" 200 479
120.253.135.82 - - [20/Jun/2022:08:58:22 +0800] "POST /xingrg/all/common/load_combo.html?type=base HTTP/1.1" 200 1169
120.253.135.82 - - [20/Jun/2022:08:58:26 +0800] "POST /xingrg/kc/pszx/mdth_order_new_info.html HTTP/1.1" 200 37
218.81.223.53 - - [20/Jun/2022:08:58:27 +0800] "GET /xingrg/all/function/internal_message.html?_=1655686708250&CODE_STATE=getMsg HTTP/1.1" 200 27
120.253.135.82 - - [20/Jun/2022:08:58:27 +0800] "POST /xingrg/kc/pszx/mdth_order_new_info.html HTTP/1.1" 200 289
180.156.212.250 - - [20/Jun/2022:08:58:29 +0800] "GET /xingrg/kc/base/wldb_order_operate.html?command=get_materiel&rest_code=00102&base_code=0010476&code=00101019405 HTTP/1.1" 200 482
120.253.135.82 - - [20/Jun/2022:08:58:30 +0800] "GET /xingrg/kc/print/load_data.html?order_code=322022061900034&kc_code=mdth&condition= HTTP/1.1" 200 619
114.88.162.248 - - [20/Jun/2022:08:58:33 +0800] "GET /xingrg/login.html HTTP/1.1" 200 7641
114.88.162.248 - - [20/Jun/2022:08:58:34 +0800] "GET /favicon.ico HTTP/1.1" 404 -
222.69.144.95 - - [20/Jun/2022:08:58:37 +0800] "GET /favicon.ico HTTP/1.1" 404 -
180.156.212.250 - - [20/Jun/2022:08:58:38 +0800] "GET /xingrg/kc/base/wldb_order_operate.html?command=get_materiel&rest_code=00102&base_code=0010476&code=00101019134 HTTP/1.1" 200 480
120.253.135.82 - - [20/Jun/2022:08:58:38 +0800] "POST /xingrg/kc/pszx/mdth_order_new_info.html HTTP/1.1" 200 37
114.88.162.248 - - [20/Jun/2022:08:58:40 +0800] "POST /xingrg/login.do HTTP/1.1" 302 -
120.253.135.82 - - [20/Jun/2022:08:58:40 +0800] "POST /xingrg/kc/pszx/mdth_order_new_info.html HTTP/1.1" 200 289
114.88.162.248 - - [20/Jun/2022:08:58:40 +0800] "GET /xingrg/index.html?sysBaseUrl=http%3A%2F%2F180.169.147.146%3A18081%2Fxingrg%2F&costTime=66×tamp=1655686720808 HTTP/1.1" 200 17173
114.88.162.248 - - [20/Jun/2022:08:58:41 +0800] "GET /favicon.ico HTTP/1.1" 404 -
222.69.144.95 - - [20/Jun/2022:08:58:41 +0800] "GET /xingrg/login.html HTTP/1.1" 200 7641
114.88.162.248 - - [20/Jun/2022:08:58:41 +0800] "POST /xingrg/all/common/load_tree.html?tree=area_rest_tree_json&manage=1 HTTP/1.1" 200 342
120.253.135.82 - - [20/Jun/2022:08:58:41 +0800] "POST /xingrg/kc/pszx/mdth_order_new_info.html HTTP/1.1" 200 12
114.88.162.248 - - [20/Jun/2022:08:58:41 +0800] "GET /xingrg/all/function/internal_message.html?_=1655686720798&CODE_STATE=count HTTP/1.1" 200 11
114.88.162.248 - - [20/Jun/2022:08:58:41 +0800] "POST /xingrg/load_menu.html HTTP/1.1" 200 5138
114.88.162.248 - - [20/Jun/2022:08:58:41 +0800] "GET /xingrg/check_reg.html?_=1655686720799 HTTP/1.1" 200 22
222.69.144.95 - - [20/Jun/2022:08:58:41 +0800] "GET /favicon.ico HTTP/1.1" 404 -
120.253.135.82 - - [20/Jun/2022:08:58:42 +0800] "GET /xingrg/kc/pszx/mdth_order_info.html?code=322022061900034 HTTP/1.1" 200 20245
222.69.144.95 - - [20/Jun/2022:08:58:42 +0800] "POST /xingrg/login.do HTTP/1.1" 302 -
222.69.144.95 - - [20/Jun/2022:08:58:42 +0800] "GET /xingrg/index.html?sysBaseUrl=http%3A%2F%2F180.169.147.146%3A18081%2Fxingrg%2F&costTime=40×tamp=1655686722880 HTTP/1.1" 200 17179
222.69.144.95 - - [20/Jun/2022:08:58:43 +0800] "GET /favicon.ico HTTP/1.1" 404 -
222.69.144.95 - - [20/Jun/2022:08:58:43 +0800] "POST /xingrg/all/common/load_tree.html?tree=area_rest_tree_json&manage=1 HTTP/1.1" 200 351
222.69.144.95 - - [20/Jun/2022:08:58:43 +0800] "GET /xingrg/all/function/internal_message.html?_=1655686756329&CODE_STATE=count HTTP/1.1" 200 11
222.69.144.95 - - [20/Jun/2022:08:58:43 +0800] "POST /xingrg/load_menu.html HTTP/1.1" 200 5138
222.69.144.95 - - [20/Jun/2022:08:58:43 +0800] "GET /xingrg/check_reg.html?_=1655686756331 HTTP/1.1" 200 22
120.253.135.82 - - [20/Jun/2022:08:58:43 +0800] "POST /xingrg/kc/pszx/mdth_order_new_info.html HTTP/1.1" 200 289
120.253.135.82 - - [20/Jun/2022:08:58:43 +0800] "GET /xingrg/javascript/easyui/themes/default/validatebox.css HTTP/1.1" 404 1104
114.95.43.0 - - [20/Jun/2022:08:58:43 +0800] "GET /xingrg/all/function/internal_message.html?_=1655686631763&CODE_STATE=getMsg HTTP/1.1" 200 27
114.88.162.248 - - [20/Jun/2022:08:58:44 +0800] "GET /xingrg/kc/buy/buy_main.html HTTP/1.1" 200 12412
114.88.162.248 - - [20/Jun/2022:08:58:44 +0800] "GET /xingrg/css/new_ie.css HTTP/1.1" 404 1036
114.88.162.248 - - [20/Jun/2022:08:58:45 +0800] "GET /xingrg/images/yd/bt.gif HTTP/1.1" 404 1040
114.88.162.248 - - [20/Jun/2022:08:58:46 +0800] "GET /xingrg/kc/buy/cgsh_order_list.html HTTP/1.1" 200 51962
114.88.162.248 - - [20/Jun/2022:08:58:48 +0800] "POST /xingrg/kc/buy/cgsh_list_operate.html HTTP/1.1" 200 634
120.253.135.82 - - [20/Jun/2022:08:58:48 +0800] "POST /xingrg/kc/pszx/mdth_order_new_list.html HTTP/1.1" 200 4841
180.156.212.250 - - [20/Jun/2022:08:58:48 +0800] "GET /xingrg/kc/base/wldb_order_operate.html?command=get_materiel&rest_code=00102&base_code=0010476&code=00101019133 HTTP/1.1" 200 478
222.69.144.95 - - [20/Jun/2022:08:58:48 +0800] "GET /xingrg/kc/buy/cgsh_order_list.html HTTP/1.1" 200 51968
120.253.135.82 - - [20/Jun/2022:08:58:50 +0800] "POST /xingrg/kc/pszx/mdth_order_new_list.html HTTP/1.1" 200 540
222.69.144.95 - - [20/Jun/2022:08:58:51 +0800] "POST /xingrg/kc/buy/cgsh_list_operate.html HTTP/1.1" 200 1926
120.253.135.82 - - [20/Jun/2022:08:58:52 +0800] "POST /xingrg/kc/pszx/mdth_order_new_list.html HTTP/1.1" 200 4841
120.253.135.82 - - [20/Jun/2022:08:58:52 +0800] "GET /xingrg/kc/report/report_main.html HTTP/1.1" 200 8599
120.253.135.82 - - [20/Jun/2022:08:58:53 +0800] "GET /xingrg/kc/base/kc_stocks.html HTTP/1.1" 200 16437
120.253.135.82 - - [20/Jun/2022:08:58:53 +0800] "GET /xingrg/javascript/easyui/themes/default/tree.css HTTP/1.1" 404 1090
120.253.135.82 - - [20/Jun/2022:08:58:53 +0800] "POST /xingrg/all/common/load_tree.html?tree=materiel_sort_tree_json HTTP/1.1" 200 9388
180.156.212.250 - - [20/Jun/2022:08:58:55 +0800] "GET /xingrg/all/function/internal_message.html?_=1655686804730&CODE_STATE=getMsg HTTP/1.1" 200 27
120.253.135.82 - - [20/Jun/2022:08:58:55 +0800] "POST /xingrg/all/common/load_combo.html?type=base HTTP/1.1" 200 1169
222.69.144.95 - - [20/Jun/2022:08:58:56 +0800] "POST /xingrg/kc/buy/cgsh_list_operate.html HTTP/1.1" 200 608
114.88.162.248 - - [20/Jun/2022:08:58:57 +0800] "GET /xingrg/kc/buy/cgsh_order_add.html HTTP/1.1" 200 67700
114.88.162.248 - - [20/Jun/2022:08:58:57 +0800] "GET /xingrg/words/20220618184528_words.js HTTP/1.1" 304 -
222.69.144.95 - - [20/Jun/2022:08:58:57 +0800] "GET /xingrg/kc/buy/cgsh_order_info.html?code=212022061801967 HTTP/1.1" 200 66906
222.69.144.95 - - [20/Jun/2022:08:58:57 +0800] "GET /xingrg/words/20220618184528_words.js HTTP/1.1" 304 -
114.88.162.248 - - [20/Jun/2022:08:58:57 +0800] "GET /xingrg/all/common/auto_word.html?type=employee&rest_code=00111 HTTP/1.1" 200 155
114.88.162.248 - - [20/Jun/2022:08:58:57 +0800] "GET /xingrg/javascript/easyui/themes/default/validatebox.css HTTP/1.1" 404 1104
114.88.162.248 - - [20/Jun/2022:08:58:57 +0800] "POST /xingrg/kc/buy/cgsh_order_operate.html HTTP/1.1" 200 8245
114.88.162.248 - - [20/Jun/2022:08:58:57 +0800] "GET /xingrg/all/common/auto_word.html?type=employee&rest_code=00111 HTTP/1.1" 200 155
222.69.144.95 - - [20/Jun/2022:08:58:57 +0800] "GET /xingrg/all/common/auto_word.html?type=employee&rest_code=00154 HTTP/1.1" 200 101
222.69.144.95 - - [20/Jun/2022:08:58:57 +0800] "GET /xingrg/all/common/auto_word.html?type=employee&rest_code=00154 HTTP/1.1" 200 101
222.69.144.95 - - [20/Jun/2022:08:58:57 +0800] "GET /xingrg/javascript/easyui/themes/default/validatebox.css HTTP/1.1" 404 1104
222.69.144.95 - - [20/Jun/2022:08:58:58 +0800] "POST /xingrg/kc/buy/cgsh_order_operate.html HTTP/1.1" 200 6888
120.253.135.82 - - [20/Jun/2022:08:59:03 +0800] "POST /xingrg/kc/base/stock_operate.html HTTP/1.1" 200 1487
114.88.162.248 - - [20/Jun/2022:08:59:06 +0800] "GET /xingrg/javascript/auto/indicator.gif HTTP/1.1" 404 1066
101.83.223.227 - - [20/Jun/2022:08:59:07 +0800] "GET /xingrg/all/function/internal_message.html?_=1655686706534&CODE_STATE=getMsg HTTP/1.1" 200 27
180.156.212.250 - - [20/Jun/2022:08:59:07 +0800] "GET /xingrg/kc/base/wldb_order_operate.html?command=get_materiel&rest_code=00102&base_code=0010476&code=00101019543 HTTP/1.1" 200 470
218.81.223.53 - - [20/Jun/2022:08:59:07 +0800] "GET /xingrg/check_reg.html?_=1655686749065 HTTP/1.1" 200 22
116.230.110.173 - - [20/Jun/2022:08:59:10 +0800] "GET /xingrg/all/function/internal_message.html?_=1655686749473&CODE_STATE=getMsg HTTP/1.1" 200 27
58.35.194.53 - - [20/Jun/2022:08:59:10 +0800] "GET /xingrg/all/function/internal_message.html?_=1655686749320&CODE_STATE=getMsg HTTP/1.1" 200 27
114.95.43.0 - - [20/Jun/2022:08:59:12 +0800] "GET /xingrg/all/function/internal_message.html?_=1655686753332&CODE_STATE=getMsg HTTP/1.1" 200 27
114.88.162.248 - - [20/Jun/2022:08:59:12 +0800] "GET /xingrg/javascript/jquery_tools/images/prev.gif HTTP/1.1" 404 1086
114.88.162.248 - - [20/Jun/2022:08:59:12 +0800] "GET /xingrg/javascript/jquery_tools/images/next.gif HTTP/1.1" 404 1086
180.156.212.250 - - [20/Jun/2022:08:59:14 +0800] "GET /xingrg/kc/base/wldb_order_operate.html?command=get_materiel&rest_code=00102&base_code=0010476&code=00101019295 HTTP/1.1" 200 476
180.156.212.250 - - [20/Jun/2022:08:59:26 +0800] "GET /xingrg/kc/base/wldb_order_operate.html?command=get_materiel&rest_code=00102&base_code=0010476&code=00101016060 HTTP/1.1" 200 465
218.81.223.53 - - [20/Jun/2022:08:59:27 +0800] "GET /xingrg/all/function/internal_message.html?_=1655686768263&CODE_STATE=getMsg HTTP/1.1" 200 27
114.88.162.248 - - [20/Jun/2022:08:59:30 +0800] "GET /xingrg/kc/buy/cgsh_order_operate.html?command=get_materiel&rest_code=00111&code=00101003003&supplier_code=00100093&order_time=2022-06-20 HTTP/1.1" 200 434
58.35.194.53 - - [20/Jun/2022:08:59:33 +0800] "GET /xingrg/check_reg.html?_=1655686771805 HTTP/1.1" 200 22
180.156.212.250 - - [20/Jun/2022:08:59:33 +0800] "GET /xingrg/kc/base/wldb_order_operate.html?command=get_materiel&rest_code=00102&base_code=0010476&code=00101019313 HTTP/1.1" 200 456
222.69.144.95 - - [20/Jun/2022:08:59:35 +0800] "POST /xingrg/kc/buy/cgsh_list_operate.html HTTP/1.1" 200 578
222.69.144.95 - - [20/Jun/2022:08:59:36 +0800] "GET /xingrg/kc/buy/cgsh_order_info.html?code=212022061501661 HTTP/1.1" 200 66906
101.83.223.227 - - [20/Jun/2022:08:59:36 +0800] "GET /xingrg/check_reg.html?_=1655686735918 HTTP/1.1" 200 22
222.69.144.95 - - [20/Jun/2022:08:59:36 +0800] "GET /xingrg/javascript/easyui/themes/default/validatebox.css HTTP/1.1" 404 1104
222.69.144.95 - - [20/Jun/2022:08:59:37 +0800] "POST /xingrg/kc/buy/cgsh_order_operate.html HTTP/1.1" 200 8002
114.88.162.248 - - [20/Jun/2022:08:59:41 +0800] "GET /xingrg/all/function/internal_message.html?_=1655686780811&CODE_STATE=getMsg HTTP/1.1" 200 27
222.69.144.95 - - [20/Jun/2022:08:59:43 +0800] "GET /xingrg/all/function/internal_message.html?_=1655686816342&CODE_STATE=getMsg HTTP/1.1" 200 27
114.95.43.0 - - [20/Jun/2022:08:59:43 +0800] "GET /xingrg/all/function/internal_message.html?_=1655686691749&CODE_STATE=getMsg HTTP/1.1" 200 27
180.156.212.250 - - [20/Jun/2022:08:59:51 +0800] "GET /xingrg/kc/base/wldb_order_operate.html?command=get_materiel&rest_code=00102&base_code=0010476&code=00101019183 HTTP/1.1" 200 448
180.156.212.250 - - [20/Jun/2022:08:59:53 +0800] "GET /xingrg/check_reg.html?_=1655686863407 HTTP/1.1" 200 22
180.156.212.250 - - [20/Jun/2022:08:59:55 +0800] "GET /xingrg/all/function/internal_message.html?_=1655686864911&CODE_STATE=getMsg HTTP/1.1" 200 27
180.156.212.250 - - [20/Jun/2022:08:59:55 +0800] "GET /xingrg/kc/base/wldb_order_operate.html?command=get_materiel&rest_code=00102&base_code=0010476&code=00101019375 HTTP/1.1" 200 464
222.69.144.95 - - [20/Jun/2022:08:59:58 +0800] "POST /xingrg/kc/buy/cgsh_list_operate.html HTTP/1.1" 200 1926
114.88.162.248 - - [20/Jun/2022:09:00:02 +0800] "GET /xingrg/kc/buy/cgsh_order_operate.html?command=get_materiel&rest_code=00111&code=00102026001&supplier_code=00100093&order_time=2022-06-20 HTTP/1.1" 200 409
101.83.223.227 - - [20/Jun/2022:09:00:07 +0800] "GET /xingrg/all/function/internal_message.html?_=1655686766541&CODE_STATE=getMsg HTTP/1.1" 200 27
116.230.110.173 - - [20/Jun/2022:09:00:10 +0800] "GET /xingrg/all/function/internal_message.html?_=1655686809463&CODE_STATE=getMsg HTTP/1.1" 200 27
58.35.194.53 - - [20/Jun/2022:09:00:10 +0800] "GET /xingrg/all/function/internal_message.html?_=1655686809289&CODE_STATE=getMsg HTTP/1.1" 200 27
114.95.43.0 - - [20/Jun/2022:09:00:12 +0800] "GET /xingrg/check_reg.html?_=1655686813330 HTTP/1.1" 200 22
114.95.43.0 - - [20/Jun/2022:09:00:12 +0800] "GET /xingrg/all/function/internal_message.html?_=1655686813331&CODE_STATE=getMsg HTTP/1.1" 200 27
114.88.162.248 - - [20/Jun/2022:09:00:12 +0800] "POST /xingrg/kc/buy/cgsh_order_operate.html HTTP/1.1" 200 37
222.69.144.95 - - [20/Jun/2022:09:00:12 +0800] "POST /xingrg/kc/buy/cgsh_list_operate.html HTTP/1.1" 200 578
222.69.144.95 - - [20/Jun/2022:09:00:13 +0800] "GET /xingrg/kc/buy/cgsh_order_info.html?code=212022061501661 HTTP/1.1" 200 66906
222.69.144.95 - - [20/Jun/2022:09:00:13 +0800] "GET /xingrg/javascript/easyui/themes/default/validatebox.css HTTP/1.1" 404 1104
222.69.144.95 - - [20/Jun/2022:09:00:14 +0800] "POST /xingrg/kc/buy/cgsh_order_operate.html HTTP/1.1" 200 8002
114.88.162.248 - - [20/Jun/2022:09:00:17 +0800] "POST /xingrg/kc/buy/cgsh_order_operate.html HTTP/1.1" 200 3259
114.88.162.248 - - [20/Jun/2022:09:00:20 +0800] "GET /xingrg/kc/print/load_config.html?kc_code=cgsh HTTP/1.1" 200 1943
114.88.162.248 - - [20/Jun/2022:09:00:20 +0800] "GET /xingrg/kc/print/load_data.html?order_code=212022062002305&kc_code=cgsh&condition= HTTP/1.1" 200 960
218.81.223.53 - - [20/Jun/2022:09:00:27 +0800] "GET /xingrg/all/function/internal_message.html?_=1655686828275&CODE_STATE=getMsg HTTP/1.1" 200 27
114.88.162.248 - - [20/Jun/2022:09:00:41 +0800] "GET /xingrg/all/function/internal_message.html?_=1655686840810&CODE_STATE=getMsg HTTP/1.1" 200 27
222.69.144.95 - - [20/Jun/2022:09:00:43 +0800] "GET /xingrg/all/function/internal_message.html?_=1655686876355&CODE_STATE=getMsg HTTP/1.1" 200 27
114.95.43.0 - - [20/Jun/2022:09:00:43 +0800] "GET /xingrg/all/function/internal_message.html?_=1655686751735&CODE_STATE=getMsg HTTP/1.1" 200 27
180.156.212.250 - - [20/Jun/2022:09:00:48 +0800] "POST /xingrg/kc/base/wldb_order_operate.html HTTP/1.1" 200 37
180.156.212.250 - - [20/Jun/2022:09:00:50 +0800] "POST /xingrg/kc/base/wldb_order_operate.html HTTP/1.1" 200 12
180.156.212.250 - - [20/Jun/2022:09:00:50 +0800] "POST /xingrg/kc/base/wldb_order_operate.html HTTP/1.1" 200 8743
180.156.212.250 - - [20/Jun/2022:09:00:52 +0800] "GET /xingrg/kc/base/wldb_order_info.html?code=422022062000750 HTTP/1.1" 200 26229
180.156.212.250 - - [20/Jun/2022:09:00:53 +0800] "POST /xingrg/kc/base/wldb_order_operate.html HTTP/1.1" 200 6874
180.156.212.250 - - [20/Jun/2022:09:00:54 +0800] "GET /xingrg/javascript/easyui/themes/default/validatebox.css HTTP/1.1" 404 1104
180.156.212.250 - - [20/Jun/2022:09:00:55 +0800] "GET /xingrg/all/function/internal_message.html?_=1655686925169&CODE_STATE=getMsg HTTP/1.1" 200 27
180.156.212.250 - - [20/Jun/2022:09:01:00 +0800] "GET /xingrg/kc/buy/cgsh_order_list.html HTTP/1.1" 200 51962
180.156.212.250 - - [20/Jun/2022:09:01:00 +0800] "POST /xingrg/kc/buy/cgsh_list_operate.html HTTP/1.1" 200 634
180.156.212.250 - - [20/Jun/2022:09:01:02 +0800] "GET /xingrg/kc/buy/cgsh_order_add.html HTTP/1.1" 200 67738
180.156.212.250 - - [20/Jun/2022:09:01:02 +0800] "POST /xingrg/kc/buy/cgsh_order_operate.html HTTP/1.1" 200 8245
180.156.212.250 - - [20/Jun/2022:09:01:03 +0800] "GET /xingrg/all/common/auto_word.html?type=employee&rest_code=00102 HTTP/1.1" 200 189
180.156.212.250 - - [20/Jun/2022:09:01:03 +0800] "GET /xingrg/all/common/auto_word.html?type=employee&rest_code=00102 HTTP/1.1" 200 189
180.156.212.250 - - [20/Jun/2022:09:01:03 +0800] "GET /xingrg/javascript/easyui/themes/default/validatebox.css HTTP/1.1" 404 1104
101.83.223.227 - - [20/Jun/2022:09:01:07 +0800] "GET /xingrg/all/function/internal_message.html?_=1655686826554&CODE_STATE=getMsg HTTP/1.1" 200 27
114.84.82.172 - - [20/Jun/2022:09:01:07 +0800] "POST /xingrg/services/DataTransmitService HTTP/1.1" 200 524
180.156.212.250 - - [20/Jun/2022:09:01:10 +0800] "GET /xingrg/javascript/easyui/plugins/jquery.draggable.js HTTP/1.1" 200 6121
180.156.212.250 - - [20/Jun/2022:09:01:10 +0800] "GET /xingrg/javascript/easyui/plugins/jquery.droppable.js HTTP/1.1" 200 1167
116.230.110.173 - - [20/Jun/2022:09:01:10 +0800] "GET /xingrg/all/function/internal_message.html?_=1655686869469&CODE_STATE=getMsg HTTP/1.1" 200 27
180.156.212.250 - - [20/Jun/2022:09:01:10 +0800] "GET /xingrg/javascript/easyui/themes/default/tree.css HTTP/1.1" 404 1090
58.35.194.53 - - [20/Jun/2022:09:01:10 +0800] "GET /xingrg/all/function/internal_message.html?_=1655686869275&CODE_STATE=getMsg HTTP/1.1" 200 27
180.156.212.250 - - [20/Jun/2022:09:01:10 +0800] "GET /xingrg/javascript/easyui/plugins/jquery.tree.js HTTP/1.1" 200 20874
180.156.212.250 - - [20/Jun/2022:09:01:11 +0800] "POST /xingrg/all/common/load_tree.html?tree=supplier_tree_json&isDelete=1 HTTP/1.1" 200 66572
114.95.43.0 - - [20/Jun/2022:09:01:12 +0800] "GET /xingrg/all/function/internal_message.html?_=1655686873329&CODE_STATE=getMsg HTTP/1.1" 200 27
180.156.212.250 - - [20/Jun/2022:09:01:13 +0800] "GET /xingrg/javascript/easyui/themes/default/images/tree_arrows.gif HTTP/1.1" 200 617
180.156.212.250 - - [20/Jun/2022:09:01:13 +0800] "GET /xingrg/javascript/easyui/themes/default/images/tree_folder_open.gif HTTP/1.1" 200 956
180.156.212.250 - - [20/Jun/2022:09:01:13 +0800] "GET /xingrg/javascript/easyui/themes/default/images/tree_file.gif HTTP/1.1" 200 118
180.156.212.250 - - [20/Jun/2022:09:01:13 +0800] "GET /xingrg/javascript/easyui/themes/default/images/tree_folder.gif HTTP/1.1" 200 952
180.156.212.250 - - [20/Jun/2022:09:01:23 +0800] "GET /xingrg/kc/buy/cgsh_order_operate.html?command=get_materiel&rest_code=00102&code=00101015022&supplier_code=00100054&order_time=2022-06-20 HTTP/1.1" 200 408
114.88.162.248 - - [20/Jun/2022:09:01:27 +0800] "GET /xingrg/kc/buy/cgsh_order_add.html HTTP/1.1" 200 67700
218.81.223.53 - - [20/Jun/2022:09:01:27 +0800] "GET /xingrg/all/function/internal_message.html?_=1655686888595&CODE_STATE=getMsg HTTP/1.1" 200 27
114.88.162.248 - - [20/Jun/2022:09:01:27 +0800] "POST /xingrg/kc/buy/cgsh_order_operate.html HTTP/1.1" 200 8245
114.88.162.248 - - [20/Jun/2022:09:01:27 +0800] "GET /xingrg/javascript/easyui/themes/default/validatebox.css HTTP/1.1" 404 1104
120.253.135.82 - - [20/Jun/2022:09:01:29 +0800] "GET /xingrg/check_reg.html?_=1655686699136 HTTP/1.1" 200 22
180.156.212.250 - - [20/Jun/2022:09:01:34 +0800] "GET /xingrg/kc/buy/cgsh_order_operate.html?command=get_materiel&rest_code=00102&code=00101015021&supplier_code=00100054&order_time=2022-06-20 HTTP/1.1" 200 408
180.171.135.27 - - [20/Jun/2022:09:01:36 +0800] "POST /xingrg/services/DataTransmitService HTTP/1.1" 200 524
114.88.162.248 - - [20/Jun/2022:09:01:41 +0800] "GET /xingrg/all/function/internal_message.html?_=1655686900802&CODE_STATE=getMsg HTTP/1.1" 200 27
180.156.212.250 - - [20/Jun/2022:09:01:41 +0800] "GET /xingrg/kc/buy/cgsh_order_operate.html?command=get_materiel&rest_code=00102&code=00101015017&supplier_code=00100054&order_time=2022-06-20 HTTP/1.1" 200 412
114.88.162.248 - - [20/Jun/2022:09:01:42 +0800] "GET /xingrg/kc/buy/cgsh_order_operate.html?command=get_materiel&rest_code=00111&code=00101001140&supplier_code=00100545&order_time=2022-06-20 HTTP/1.1" 200 433
222.69.144.95 - - [20/Jun/2022:09:01:43 +0800] "GET /xingrg/all/function/internal_message.html?_=1655686936360&CODE_STATE=getMsg HTTP/1.1" 200 27
114.95.43.0 - - [20/Jun/2022:09:01:43 +0800] "GET /xingrg/all/function/internal_message.html?_=1655686811704&CODE_STATE=getMsg HTTP/1.1" 200 27
180.156.212.250 - - [20/Jun/2022:09:01:49 +0800] "GET /xingrg/kc/buy/cgsh_order_operate.html?command=get_materiel&rest_code=00102&code=00101015029&supplier_code=00100054&order_time=2022-06-20 HTTP/1.1" 200 412
180.156.212.250 - - [20/Jun/2022:09:01:58 +0800] "POST /xingrg/kc/buy/cgsh_order_operate.html HTTP/1.1" 200 37
114.88.162.248 - - [20/Jun/2022:09:01:58 +0800] "GET /xingrg/kc/buy/cgsh_order_operate.html?command=get_materiel&rest_code=00111&code=00101002038&supplier_code=00100545&order_time=2022-06-20 HTTP/1.1" 200 418
116.233.73.163 - - [20/Jun/2022:09:01:59 +0800] "POST /xingrg/services/DataTransmitService HTTP/1.1" 200 524
180.156.212.250 - - [20/Jun/2022:09:02:01 +0800] "POST /xingrg/kc/buy/cgsh_order_operate.html HTTP/1.1" 200 12
114.95.43.0 - - [20/Jun/2022:09:02:02 +0800] "GET /xingrg/check_reg.html?_=1655686830365 HTTP/1.1" 200 22
180.156.212.250 - - [20/Jun/2022:09:02:04 +0800] "GET /xingrg/kc/buy/cgsh_order_info.html?code=212022062002306 HTTP/1.1" 200 62637
180.156.212.250 - - [20/Jun/2022:09:02:05 +0800] "GET /xingrg/all/function/internal_message.html?_=1655686995636&CODE_STATE=getMsg HTTP/1.1" 200 27
180.156.212.250 - - [20/Jun/2022:09:02:05 +0800] "GET /xingrg/javascript/easyui/themes/default/validatebox.css HTTP/1.1" 404 1104
180.156.212.250 - - [20/Jun/2022:09:02:06 +0800] "POST /xingrg/kc/buy/cgsh_order_operate.html HTTP/1.1" 200 2365
101.83.223.227 - - [20/Jun/2022:09:02:07 +0800] "GET /xingrg/all/function/internal_message.html?_=1655686886609&CODE_STATE=getMsg HTTP/1.1" 200 27
180.156.212.250 - - [20/Jun/2022:09:02:08 +0800] "GET /xingrg/kc/print/load_config.html?kc_code=cgsh HTTP/1.1" 200 1943
180.156.212.250 - - [20/Jun/2022:09:02:08 +0800] "GET /xingrg/kc/print/load_data.html?order_code=212022062002306&kc_code=cgsh&condition= HTTP/1.1" 200 1337
116.230.110.173 - - [20/Jun/2022:09:02:10 +0800] "GET /xingrg/all/function/internal_message.html?_=1655686929461&CODE_STATE=getMsg HTTP/1.1" 200 27
58.35.194.53 - - [20/Jun/2022:09:02:10 +0800] "GET /xingrg/all/function/internal_message.html?_=1655686929261&CODE_STATE=getMsg HTTP/1.1" 200 27
116.230.110.173 - - [20/Jun/2022:09:02:10 +0800] "GET /xingrg/check_reg.html?_=1655686929462 HTTP/1.1" 200 22
114.95.43.0 - - [20/Jun/2022:09:02:12 +0800] "GET /xingrg/all/function/internal_message.html?_=1655686933327&CODE_STATE=getMsg HTTP/1.1" 200 27
218.81.223.53 - - [20/Jun/2022:09:02:27 +0800] "GET /xingrg/all/function/internal_message.html?_=1655686948600&CODE_STATE=getMsg HTTP/1.1" 200 27
180.156.212.250 - - [20/Jun/2022:09:02:28 +0800] "GET /xingrg/kc/buy/cgsh_order_add.html HTTP/1.1" 200 67738
180.156.212.250 - - [20/Jun/2022:09:02:30 +0800] "POST /xingrg/kc/buy/cgsh_order_operate.html HTTP/1.1" 200 8245
180.156.212.250 - - [20/Jun/2022:09:02:30 +0800] "GET /xingrg/javascript/easyui/themes/default/validatebox.css HTTP/1.1" 404 1104
222.69.144.95 - - [20/Jun/2022:09:02:33 +0800] "GET /xingrg/javascript/auto/indicator.gif HTTP/1.1" 404 1066
222.69.144.95 - - [20/Jun/2022:09:02:40 +0800] "GET /xingrg/kc/buy/cgsh_order_operate.html?command=get_materiel&rest_code=00154&code=00101008155&supplier_code=00100151&order_time=2022-06-15 HTTP/1.1" 200 409
114.88.162.248 - - [20/Jun/2022:09:02:41 +0800] "GET /xingrg/all/function/internal_message.html?_=1655686960814&CODE_STATE=getMsg HTTP/1.1" 200 27
222.69.144.95 - - [20/Jun/2022:09:02:43 +0800] "GET /xingrg/all/function/internal_message.html?_=1655686996347&CODE_STATE=getMsg HTTP/1.1" 200 27
114.95.43.0 - - [20/Jun/2022:09:02:43 +0800] "GET /xingrg/all/function/internal_message.html?_=1655686871677&CODE_STATE=getMsg HTTP/1.1" 200 27
180.169.147.146 - - [20/Jun/2022:09:02:43 +0800] "GET /favicon.ico HTTP/1.1" 404 -
114.88.162.248 - - [20/Jun/2022:09:02:47 +0800] "POST /xingrg/kc/buy/cgsh_order_operate.html HTTP/1.1" 200 37
180.156.212.250 - - [20/Jun/2022:09:02:49 +0800] "GET /xingrg/javascript/easyui/themes/default/tree.css HTTP/1.1" 404 1090
180.156.212.250 - - [20/Jun/2022:09:02:49 +0800] "POST /xingrg/all/common/load_tree.html?tree=supplier_tree_json&isDelete=1 HTTP/1.1" 200 66572
114.88.162.248 - - [20/Jun/2022:09:02:50 +0800] "POST /xingrg/kc/buy/cgsh_order_operate.html HTTP/1.1" 200 3260
114.88.162.248 - - [20/Jun/2022:09:02:51 +0800] "GET /xingrg/kc/print/load_data.html?order_code=212022062002307&kc_code=cgsh&condition= HTTP/1.1" 200 895
114.88.162.248 - - [20/Jun/2022:09:03:00 +0800] "GET /xingrg/kc/buy/cgsh_order_add.html HTTP/1.1" 200 67700
114.88.162.248 - - [20/Jun/2022:09:03:00 +0800] "POST /xingrg/kc/buy/cgsh_order_operate.html HTTP/1.1" 200 8245
114.88.162.248 - - [20/Jun/2022:09:03:00 +0800] "GET /xingrg/javascript/easyui/themes/default/validatebox.css HTTP/1.1" 404 1104
180.156.212.250 - - [20/Jun/2022:09:03:05 +0800] "GET /xingrg/all/function/internal_message.html?_=1655687055640&CODE_STATE=getMsg HTTP/1.1" 200 27
101.83.223.227 - - [20/Jun/2022:09:03:07 +0800] "GET /xingrg/all/function/internal_message.html?_=1655686946613&CODE_STATE=getMsg HTTP/1.1" 200 27
58.35.194.53 - - [20/Jun/2022:09:03:10 +0800] "GET /xingrg/all/function/internal_message.html?_=1655686989231&CODE_STATE=getMsg HTTP/1.1" 200 27
116.230.110.173 - - [20/Jun/2022:09:03:10 +0800] "GET /xingrg/all/function/internal_message.html?_=1655686989466&CODE_STATE=getMsg HTTP/1.1" 200 27
114.95.43.0 - - [20/Jun/2022:09:03:12 +0800] "GET /xingrg/all/function/internal_message.html?_=1655686993325&CODE_STATE=getMsg HTTP/1.1" 200 27
218.81.223.53 - - [20/Jun/2022:09:03:27 +0800] "GET /xingrg/all/function/internal_message.html?_=1655687008916&CODE_STATE=getMsg HTTP/1.1" 200 27
180.156.212.250 - - [20/Jun/2022:09:03:35 +0800] "GET /xingrg/kc/buy/cgsh_order_operate.html?command=get_materiel&rest_code=00102&code=00101012025&supplier_code=00100096&order_time=2022-06-20 HTTP/1.1" 200 412
114.88.162.248 - - [20/Jun/2022:09:03:41 +0800] "GET /xingrg/check_reg.html?_=1655687020817 HTTP/1.1" 200 22
114.88.162.248 - - [20/Jun/2022:09:03:41 +0800] "GET /xingrg/all/function/internal_message.html?_=1655687020820&CODE_STATE=getMsg HTTP/1.1" 200 27
222.69.144.95 - - [20/Jun/2022:09:03:43 +0800] "GET /xingrg/check_reg.html?_=1655687056341 HTTP/1.1" 200 22
222.69.144.95 - - [20/Jun/2022:09:03:43 +0800] "GET /xingrg/all/function/internal_message.html?_=1655687056345&CODE_STATE=getMsg HTTP/1.1" 200 27
114.95.43.0 - - [20/Jun/2022:09:03:43 +0800] "GET /xingrg/all/function/internal_message.html?_=1655686931647&CODE_STATE=getMsg HTTP/1.1" 200 27
124.78.158.193 - - [20/Jun/2022:09:03:49 +0800] "POST /xingrg/services/DataTransmitService HTTP/1.1" 200 524
124.78.158.193 - - [20/Jun/2022:09:03:49 +0800] "POST /xingrg/services/DataTransmitService HTTP/1.1" 200 2667
124.78.158.193 - - [20/Jun/2022:09:03:50 +0800] "POST /xingrg/services/DataTransmitService HTTP/1.1" 200 202324
180.156.212.250 - - [20/Jun/2022:09:03:53 +0800] "GET /xingrg/kc/buy/cgsh_order_operate.html?command=get_materiel&rest_code=00102&code=00101012040&supplier_code=00100096&order_time=2022-06-20 HTTP/1.1" 200 412
116.230.110.173 - - [20/Jun/2022:09:04:05 +0800] "POST /xingrg/services/DataTransmitService HTTP/1.1" 200 524
180.156.212.250 - - [20/Jun/2022:09:04:06 +0800] "GET /xingrg/all/function/internal_message.html?_=1655687116001&CODE_STATE=getMsg HTTP/1.1" 200 27
101.83.223.227 - - [20/Jun/2022:09:04:07 +0800] "GET /xingrg/all/function/internal_message.html?_=1655687006670&CODE_STATE=getMsg HTTP/1.1" 200 27
218.81.223.53 - - [20/Jun/2022:09:04:08 +0800] "GET /xingrg/check_reg.html?_=1655687049326 HTTP/1.1" 200 22
58.35.194.53 - - [20/Jun/2022:09:04:10 +0800] "GET /xingrg/all/function/internal_message.html?_=1655687049216&CODE_STATE=getMsg HTTP/1.1" 200 27
116.230.110.173 - - [20/Jun/2022:09:04:10 +0800] "GET /xingrg/all/function/internal_message.html?_=1655687049472&CODE_STATE=getMsg HTTP/1.1" 200 27
114.95.43.0 - - [20/Jun/2022:09:04:12 +0800] "GET /xingrg/all/function/internal_message.html?_=1655687053324&CODE_STATE=getMsg HTTP/1.1" 200 27
180.156.212.250 - - [20/Jun/2022:09:04:17 +0800] "GET /xingrg/kc/buy/cgsh_order_operate.html?command=get_materiel&rest_code=00102&code=00101007061&supplier_code=00100096&order_time=2022-06-20 HTTP/1.1" 200 424
218.81.223.53 - - [20/Jun/2022:09:04:27 +0800] "GET /xingrg/all/function/internal_message.html?_=1655687068924&CODE_STATE=getMsg HTTP/1.1" 200 27
58.35.194.53 - - [20/Jun/2022:09:04:33 +0800] "GET /xingrg/check_reg.html?_=1655687071780 HTTP/1.1" 200 22
101.83.223.227 - - [20/Jun/2022:09:04:36 +0800] "GET /xingrg/check_reg.html?_=1655687035922 HTTP/1.1" 200 22
114.88.162.248 - - [20/Jun/2022:09:04:41 +0800] "GET /xingrg/all/function/internal_message.html?_=1655687080813&CODE_STATE=getMsg HTTP/1.1" 200 27
222.69.144.95 - - [20/Jun/2022:09:04:43 +0800] "GET /xingrg/all/function/internal_message.html?_=1655687116358&CODE_STATE=getMsg HTTP/1.1" 200 27
114.95.43.0 - - [20/Jun/2022:09:04:43 +0800] "GET /xingrg/all/function/internal_message.html?_=1655686991631&CODE_STATE=getMsg HTTP/1.1" 200 27
180.156.212.250 - - [20/Jun/2022:09:04:47 +0800] "GET /xingrg/kc/buy/cgsh_order_operate.html?command=get_materiel&rest_code=00102&code=00101006177&supplier_code=00100096&order_time=2022-06-20 HTTP/1.1" 200 409
180.156.212.250 - - [20/Jun/2022:09:04:53 +0800] "GET /xingrg/check_reg.html?_=1655687163407 HTTP/1.1" 200 22
180.156.212.250 - - [20/Jun/2022:09:05:03 +0800] "GET /xingrg/kc/buy/cgsh_order_operate.html?command=get_materiel&rest_code=00102&code=00101006111&supplier_code=00100096&order_time=2022-06-20 HTTP/1.1" 200 409
180.156.212.250 - - [20/Jun/2022:09:05:06 +0800] "GET /xingrg/all/function/internal_message.html?_=1655687176010&CODE_STATE=getMsg HTTP/1.1" 200 27
101.83.223.227 - - [20/Jun/2022:09:05:07 +0800] "GET /xingrg/all/function/internal_message.html?_=1655687066687&CODE_STATE=getMsg HTTP/1.1" 200 27
58.35.194.53 - - [20/Jun/2022:09:05:10 +0800] "GET /xingrg/all/function/internal_message.html?_=1655687109188&CODE_STATE=getMsg HTTP/1.1" 200 27
116.230.110.173 - - [20/Jun/2022:09:05:10 +0800] "GET /xingrg/all/function/internal_message.html?_=1655687109474&CODE_STATE=getMsg HTTP/1.1" 200 27
114.95.43.0 - - [20/Jun/2022:09:05:12 +0800] "GET /xingrg/all/function/internal_message.html?_=1655687113322&CODE_STATE=getMsg HTTP/1.1" 200 27
114.95.43.0 - - [20/Jun/2022:09:05:12 +0800] "GET /xingrg/check_reg.html?_=1655687113323 HTTP/1.1" 200 22
218.81.223.53 - - [20/Jun/2022:09:05:28 +0800] "GET /xingrg/all/function/internal_message.html?_=1655687128938&CODE_STATE=getMsg HTTP/1.1" 200 27
180.156.212.250 - - [20/Jun/2022:09:05:30 +0800] "GET /xingrg/kc/buy/cgsh_order_operate.html?command=get_materiel&rest_code=00102&code=00101006240&supplier_code=00100096&order_time=2022-06-20 HTTP/1.1" 200 422
114.88.162.248 - - [20/Jun/2022:09:05:41 +0800] "GET /xingrg/all/function/internal_message.html?_=1655687140812&CODE_STATE=getMsg HTTP/1.1" 200 27
114.88.162.248 - - [20/Jun/2022:09:05:41 +0800] "GET /xingrg/kc/buy/cgsh_order_operate.html?command=get_materiel&rest_code=00111&code=00101004063&supplier_code=00100347&order_time=2022-06-20 HTTP/1.1" 200 416
222.69.144.95 - - [20/Jun/2022:09:05:43 +0800] "GET /xingrg/all/function/internal_message.html?_=1655687176348&CODE_STATE=getMsg HTTP/1.1" 200 27
114.95.43.0 - - [20/Jun/2022:09:05:43 +0800] "GET /xingrg/all/function/internal_message.html?_=1655687051617&CODE_STATE=getMsg HTTP/1.1" 200 27
114.88.162.248 - - [20/Jun/2022:09:05:52 +0800] "GET /xingrg/kc/buy/cgsh_order_operate.html?command=get_materiel&rest_code=00111&code=00101004046&supplier_code=00100347&order_time=2022-06-20 HTTP/1.1" 200 417
180.156.212.250 - - [20/Jun/2022:09:05:57 +0800] "POST /xingrg/kc/buy/cgsh_order_operate.html HTTP/1.1" 200 37
180.156.212.250 - - [20/Jun/2022:09:06:00 +0800] "POST /xingrg/kc/buy/cgsh_order_operate.html HTTP/1.1" 200 12
180.156.212.250 - - [20/Jun/2022:09:06:01 +0800] "GET /xingrg/kc/buy/cgsh_order_info.html?code=212022062002308 HTTP/1.1" 200 62629
