58.35.194.53 - - [18/Jun/2022:10:56:50 +0800] "GET /xingrg/javascript/multi_select/jqueryMultiSelect.css HTTP/1.1" 200 951
58.35.194.53 - - [18/Jun/2022:10:56:50 +0800] "GET /xingrg/css/form.css HTTP/1.1" 200 893
58.35.194.53 - - [18/Jun/2022:10:56:50 +0800] "GET /xingrg/javascript/calendar/timePicker.css HTTP/1.1" 200 523
58.35.194.53 - - [18/Jun/2022:10:56:50 +0800] "GET /xingrg/javascript/bigrid/fix.css HTTP/1.1" 200 1702
58.35.194.53 - - [18/Jun/2022:10:56:50 +0800] "GET /xingrg/javascript/jquery_easy_ui/jquery.easyui.min.js HTTP/1.1" 200 213662
58.35.194.53 - - [18/Jun/2022:10:56:50 +0800] "GET /xingrg/dwr/interface/AjaxReportQueryService.js HTTP/1.1" 200 13203
58.35.194.53 - - [18/Jun/2022:10:56:50 +0800] "GET /xingrg/javascript/jquery.utils.js HTTP/1.1" 200 11805
58.35.194.53 - - [18/Jun/2022:10:56:50 +0800] "GET /xingrg/javascript/calendar/jquery.timePicker.min.js HTTP/1.1" 200 2997
58.35.194.53 - - [18/Jun/2022:10:56:50 +0800] "GET /xingrg/javascript/jqueryMultiSelect.js HTTP/1.1" 200 11866
58.35.194.53 - - [18/Jun/2022:10:56:50 +0800] "GET /xingrg/dwr/util.js HTTP/1.1" 200 35990
58.35.194.53 - - [18/Jun/2022:10:56:50 +0800] "GET /xingrg/dwr/engine.js HTTP/1.1" 200 43631
58.35.194.53 - - [18/Jun/2022:10:56:50 +0800] "GET /xingrg/javascript/bigrid/fix.js HTTP/1.1" 200 6439
58.35.194.53 - - [18/Jun/2022:10:56:50 +0800] "GET /xingrg/javascript/Calendar.js HTTP/1.1" 200 31561
58.35.194.53 - - [18/Jun/2022:10:56:50 +0800] "GET /xingrg/images/control/loading.gif HTTP/1.1" 200 13463
58.35.194.53 - - [18/Jun/2022:10:56:50 +0800] "POST /xingrg/dwr/call/plaincall/AjaxReportQueryService.getFixDate.dwr HTTP/1.1" 200 111
58.35.194.53 - - [18/Jun/2022:10:56:50 +0800] "POST /xingrg/all/common/load_tree.html?tree=supplier_tree_json&manage=1 HTTP/1.1" 200 67779
58.35.194.53 - - [18/Jun/2022:10:56:51 +0800] "POST /xingrg/all/common/load_tree.html?tree=materiel_sort_tree_json HTTP/1.1" 200 9388
58.35.194.53 - - [18/Jun/2022:10:56:52 +0800] "POST /xingrg/dwr/call/plaincall/AjaxReportQueryService.getInitString.dwr HTTP/1.1" 200 1062
58.35.194.53 - - [18/Jun/2022:10:56:52 +0800] "GET /xingrg/javascript/multi_select/dropdown.gif HTTP/1.1" 200 61
218.81.223.53 - - [18/Jun/2022:10:56:52 +0800] "GET /xingrg/all/function/internal_message.html?_=1655521019908&CODE_STATE=getMsg HTTP/1.1" 302 -
222.69.144.95 - - [18/Jun/2022:10:57:06 +0800] "GET /xingrg/all/function/internal_message.html?_=1655521055010&CODE_STATE=getMsg HTTP/1.1" 200 27
61.170.232.109 - - [18/Jun/2022:10:57:07 +0800] "GET /xingrg/kc/buy/cgsh_order_operate.html?command=get_materiel&rest_code=00106&code=00101004067&supplier_code=00100545&order_time=2022-06-18 HTTP/1.1" 200 429
101.85.54.219 - - [18/Jun/2022:10:57:11 +0800] "GET /xingrg/all/function/internal_message.html?_=1655521018461&CODE_STATE=getMsg HTTP/1.1" 200 27
58.35.194.53 - - [18/Jun/2022:10:57:16 +0800] "POST /xingrg/dwr/call/plaincall/AjaxReportQueryService.refreshCache.dwr HTTP/1.1" 200 78
58.35.194.53 - - [18/Jun/2022:10:57:18 +0800] "POST /xingrg/all/report/load_report_page.html HTTP/1.1" 200 100477
58.35.194.53 - - [18/Jun/2022:10:57:18 +0800] "GET /xingrg/servlets/image?cache=0.17750503062618228&image=px HTTP/1.1" 200 807
114.95.43.0 - - [18/Jun/2022:10:57:19 +0800] "GET /xingrg/all/function/internal_message.html?_=1655521036422&CODE_STATE=getMsg HTTP/1.1" 200 27
116.230.110.173 - - [18/Jun/2022:10:57:21 +0800] "GET /xingrg/all/function/internal_message.html?_=1655521033506&CODE_STATE=getMsg HTTP/1.1" 200 27
116.228.172.94 - - [18/Jun/2022:10:57:21 +0800] "GET /xingrg/all/function/internal_message.html?_=1655520898376&CODE_STATE=getMsg HTTP/1.1" 200 27
61.170.232.109 - - [18/Jun/2022:10:57:24 +0800] "GET /xingrg/kc/buy/cgsh_order_operate.html?command=get_materiel&rest_code=00106&code=00101004071&supplier_code=00100545&order_time=2022-06-18 HTTP/1.1" 200 425
114.95.43.0 - - [18/Jun/2022:10:57:24 +0800] "GET /xingrg/check_reg.html?_=1655521041442 HTTP/1.1" 200 22
180.169.147.146 - - [18/Jun/2022:10:57:28 +0800] "GET /xingrg/all/function/internal_message.html?_=1655521044350&CODE_STATE=getMsg HTTP/1.1" 302 -
58.35.194.53 - - [18/Jun/2022:10:57:29 +0800] "GET /xingrg/all/function/internal_message.html?_=1655521045221&CODE_STATE=getMsg HTTP/1.1" 200 27
101.83.223.227 - - [18/Jun/2022:10:57:31 +0800] "GET /xingrg/all/function/internal_message.html?_=1655521009908&CODE_STATE=getMsg HTTP/1.1" 200 27
180.156.212.250 - - [18/Jun/2022:10:57:35 +0800] "GET /xingrg/all/function/internal_message.html?_=1655521080304&CODE_STATE=getMsg HTTP/1.1" 200 27
180.156.212.250 - - [18/Jun/2022:10:57:35 +0800] "GET /xingrg/check_reg.html?_=1655521080309 HTTP/1.1" 200 22
61.170.232.109 - - [18/Jun/2022:10:57:42 +0800] "GET /xingrg/kc/buy/cgsh_order_operate.html?command=get_materiel&rest_code=00106&code=00101004030&supplier_code=00100545&order_time=2022-06-18 HTTP/1.1" 200 424
114.95.43.0 - - [18/Jun/2022:10:57:44 +0800] "GET /xingrg/all/function/internal_message.html?_=1655520970883&CODE_STATE=getMsg HTTP/1.1" 200 27
218.81.223.53 - - [18/Jun/2022:10:57:47 +0800] "GET /xingrg/all/function/internal_message.html?_=1655521077192&CODE_STATE=getMsg HTTP/1.1" 200 27
114.95.43.0 - - [18/Jun/2022:10:57:48 +0800] "GET /xingrg/check_reg.html?_=1655520974443 HTTP/1.1" 200 22
61.170.232.109 - - [18/Jun/2022:10:57:49 +0800] "GET /xingrg/all/function/internal_message.html?_=1655521069454&CODE_STATE=getMsg HTTP/1.1" 200 27
218.81.223.53 - - [18/Jun/2022:10:57:50 +0800] "GET /xingrg/check_reg.html?_=1655521078190 HTTP/1.1" 302 -
218.81.223.53 - - [18/Jun/2022:10:57:52 +0800] "GET /xingrg/all/function/internal_message.html?_=1655521079922&CODE_STATE=getMsg HTTP/1.1" 302 -
222.69.144.95 - - [18/Jun/2022:10:58:06 +0800] "GET /xingrg/all/function/internal_message.html?_=1655521114989&CODE_STATE=getMsg HTTP/1.1" 200 27
61.170.232.109 - - [18/Jun/2022:10:58:07 +0800] "GET /xingrg/kc/buy/cgsh_order_operate.html?command=get_materiel&rest_code=00106&code=00101002027&supplier_code=00100545&order_time=2022-06-18 HTTP/1.1" 200 429
222.69.144.95 - - [18/Jun/2022:10:58:07 +0800] "GET /xingrg/check_reg.html?_=1655521116208 HTTP/1.1" 200 22
101.85.54.219 - - [18/Jun/2022:10:58:11 +0800] "GET /xingrg/all/function/internal_message.html?_=1655521078467&CODE_STATE=getMsg HTTP/1.1" 200 27
114.95.43.0 - - [18/Jun/2022:10:58:19 +0800] "GET /xingrg/all/function/internal_message.html?_=1655521096397&CODE_STATE=getMsg HTTP/1.1" 200 27
116.230.110.173 - - [18/Jun/2022:10:58:21 +0800] "GET /xingrg/all/function/internal_message.html?_=1655521093503&CODE_STATE=getMsg HTTP/1.1" 200 27
116.228.172.94 - - [18/Jun/2022:10:58:21 +0800] "GET /xingrg/all/function/internal_message.html?_=1655520958378&CODE_STATE=getMsg HTTP/1.1" 200 27
180.169.147.146 - - [18/Jun/2022:10:58:28 +0800] "GET /xingrg/all/function/internal_message.html?_=1655521104334&CODE_STATE=getMsg HTTP/1.1" 302 -
58.35.194.53 - - [18/Jun/2022:10:58:29 +0800] "GET /xingrg/all/function/internal_message.html?_=1655521105201&CODE_STATE=getMsg HTTP/1.1" 200 27
114.95.43.0 - - [18/Jun/2022:10:58:29 +0800] "POST /xingrg/kc/buy/cgsh_list_operate.html HTTP/1.1" 200 562
101.83.223.227 - - [18/Jun/2022:10:58:31 +0800] "GET /xingrg/check_reg.html?_=1655521069681 HTTP/1.1" 200 22
101.83.223.227 - - [18/Jun/2022:10:58:31 +0800] "GET /xingrg/all/function/internal_message.html?_=1655521069922&CODE_STATE=getMsg HTTP/1.1" 200 27
180.156.212.250 - - [18/Jun/2022:10:58:35 +0800] "GET /xingrg/all/function/internal_message.html?_=1655521140302&CODE_STATE=getMsg HTTP/1.1" 200 27
218.81.223.53 - - [18/Jun/2022:10:58:44 +0800] "GET /xingrg/check_reg.html?_=1655521134316 HTTP/1.1" 200 22
114.95.43.0 - - [18/Jun/2022:10:58:44 +0800] "GET /xingrg/all/function/internal_message.html?_=1655521030865&CODE_STATE=getMsg HTTP/1.1" 200 27
218.81.223.53 - - [18/Jun/2022:10:58:47 +0800] "GET /xingrg/all/function/internal_message.html?_=1655521137205&CODE_STATE=getMsg HTTP/1.1" 200 27
61.170.232.109 - - [18/Jun/2022:10:58:49 +0800] "GET /xingrg/all/function/internal_message.html?_=1655521129436&CODE_STATE=getMsg HTTP/1.1" 200 27
58.40.7.146 - - [18/Jun/2022:10:58:50 +0800] "POST /xingrg/services/DataTransmitService HTTP/1.1" 200 524
61.170.232.109 - - [18/Jun/2022:10:58:52 +0800] "GET /xingrg/kc/buy/cgsh_order_operate.html?command=get_materiel&rest_code=00106&code=00101003006&supplier_code=00100545&order_time=2022-06-18 HTTP/1.1" 200 434
218.81.223.53 - - [18/Jun/2022:10:58:52 +0800] "GET /xingrg/all/function/internal_message.html?_=1655521139944&CODE_STATE=getMsg HTTP/1.1" 302 -
222.69.144.95 - - [18/Jun/2022:10:59:06 +0800] "GET /xingrg/all/function/internal_message.html?_=1655521174969&CODE_STATE=getMsg HTTP/1.1" 200 27
101.85.54.219 - - [18/Jun/2022:10:59:11 +0800] "GET /xingrg/all/function/internal_message.html?_=1655521138452&CODE_STATE=getMsg HTTP/1.1" 200 27
180.156.212.250 - - [18/Jun/2022:10:59:16 +0800] "GET /xingrg/kc/buy/cgsh_order_list.html HTTP/1.1" 200 51962
180.156.212.250 - - [18/Jun/2022:10:59:17 +0800] "POST /xingrg/kc/buy/cgsh_list_operate.html HTTP/1.1" 200 693
120.253.135.82 - - [18/Jun/2022:10:59:18 +0800] "GET /xingrg/check_reg.html?_=1655520964485 HTTP/1.1" 200 22
114.95.43.0 - - [18/Jun/2022:10:59:19 +0800] "GET /xingrg/all/function/internal_message.html?_=1655521156376&CODE_STATE=getMsg HTTP/1.1" 200 27
180.156.212.250 - - [18/Jun/2022:10:59:20 +0800] "GET /xingrg/kc/buy/cgsh_order_add.html HTTP/1.1" 200 67744
180.156.212.250 - - [18/Jun/2022:10:59:20 +0800] "POST /xingrg/kc/buy/cgsh_order_operate.html HTTP/1.1" 200 8245
180.156.212.250 - - [18/Jun/2022:10:59:20 +0800] "GET /xingrg/javascript/easyui/themes/default/validatebox.css HTTP/1.1" 404 1104
61.170.232.109 - - [18/Jun/2022:10:59:20 +0800] "GET /xingrg/kc/buy/cgsh_order_operate.html?command=get_materiel&rest_code=00106&code=00101004063&supplier_code=00100545&order_time=2022-06-18 HTTP/1.1" 200 416
116.230.110.173 - - [18/Jun/2022:10:59:21 +0800] "GET /xingrg/all/function/internal_message.html?_=1655521153518&CODE_STATE=getMsg HTTP/1.1" 200 27
116.230.110.173 - - [18/Jun/2022:10:59:21 +0800] "GET /xingrg/check_reg.html?_=1655521153520 HTTP/1.1" 200 22
116.228.172.94 - - [18/Jun/2022:10:59:21 +0800] "GET /xingrg/all/function/internal_message.html?_=1655521018363&CODE_STATE=getMsg HTTP/1.1" 200 27
180.169.147.146 - - [18/Jun/2022:10:59:28 +0800] "GET /xingrg/all/function/internal_message.html?_=1655521164318&CODE_STATE=getMsg HTTP/1.1" 302 -
58.35.194.53 - - [18/Jun/2022:10:59:29 +0800] "GET /xingrg/all/function/internal_message.html?_=1655521165196&CODE_STATE=getMsg HTTP/1.1" 200 27
101.83.223.227 - - [18/Jun/2022:10:59:31 +0800] "GET /xingrg/all/function/internal_message.html?_=1655521129936&CODE_STATE=getMsg HTTP/1.1" 200 27
180.156.212.250 - - [18/Jun/2022:10:59:35 +0800] "GET /xingrg/all/function/internal_message.html?_=1655521200310&CODE_STATE=getMsg HTTP/1.1" 200 27
180.156.212.250 - - [18/Jun/2022:10:59:36 +0800] "GET /xingrg/kc/buy/cgsh_order_operate.html?command=get_materiel&rest_code=00102&code=00101008257&supplier_code=00100007&order_time=2022-06-18 HTTP/1.1" 200 434
114.95.43.0 - - [18/Jun/2022:10:59:44 +0800] "GET /xingrg/all/function/internal_message.html?_=1655521090836&CODE_STATE=getMsg HTTP/1.1" 200 27
218.81.223.53 - - [18/Jun/2022:10:59:47 +0800] "GET /xingrg/all/function/internal_message.html?_=1655521197218&CODE_STATE=getMsg HTTP/1.1" 200 27
180.156.212.250 - - [18/Jun/2022:10:59:47 +0800] "GET /xingrg/kc/buy/cgsh_order_operate.html?command=get_materiel&rest_code=00102&code=00101008096&supplier_code=00100007&order_time=2022-06-18 HTTP/1.1" 200 413
61.170.232.109 - - [18/Jun/2022:10:59:49 +0800] "GET /xingrg/all/function/internal_message.html?_=1655521189424&CODE_STATE=getMsg HTTP/1.1" 200 27
218.81.223.53 - - [18/Jun/2022:10:59:52 +0800] "GET /xingrg/all/function/internal_message.html?_=1655521199949&CODE_STATE=getMsg HTTP/1.1" 302 -
222.69.144.95 - - [18/Jun/2022:11:00:06 +0800] "GET /xingrg/all/function/internal_message.html?_=1655521234950&CODE_STATE=getMsg HTTP/1.1" 200 27
101.85.54.219 - - [18/Jun/2022:11:00:11 +0800] "GET /xingrg/all/function/internal_message.html?_=1655521198460&CODE_STATE=getMsg HTTP/1.1" 200 27
114.95.43.0 - - [18/Jun/2022:11:00:19 +0800] "GET /xingrg/all/function/internal_message.html?_=1655521216371&CODE_STATE=getMsg HTTP/1.1" 200 27
116.230.110.173 - - [18/Jun/2022:11:00:21 +0800] "GET /xingrg/all/function/internal_message.html?_=1655521213505&CODE_STATE=getMsg HTTP/1.1" 200 27
116.228.172.94 - - [18/Jun/2022:11:00:21 +0800] "GET /xingrg/check_reg.html?_=1655521078355 HTTP/1.1" 200 22
116.228.172.94 - - [18/Jun/2022:11:00:21 +0800] "GET /xingrg/all/function/internal_message.html?_=1655521078358&CODE_STATE=getMsg HTTP/1.1" 200 27
180.169.147.146 - - [18/Jun/2022:11:00:28 +0800] "GET /xingrg/all/function/internal_message.html?_=1655521224301&CODE_STATE=getMsg HTTP/1.1" 302 -
180.169.147.146 - - [18/Jun/2022:11:00:29 +0800] "GET /xingrg/check_reg.html?_=1655521224568 HTTP/1.1" 302 -
58.35.194.53 - - [18/Jun/2022:11:00:29 +0800] "GET /xingrg/all/function/internal_message.html?_=1655521225170&CODE_STATE=getMsg HTTP/1.1" 200 27
101.83.223.227 - - [18/Jun/2022:11:00:31 +0800] "GET /xingrg/all/function/internal_message.html?_=1655521189949&CODE_STATE=getMsg HTTP/1.1" 200 27
180.156.212.250 - - [18/Jun/2022:11:00:35 +0800] "GET /xingrg/all/function/internal_message.html?_=1655521260308&CODE_STATE=getMsg HTTP/1.1" 200 27
114.84.82.172 - - [18/Jun/2022:11:00:44 +0800] "GET /xingrg/check_reg.html?_=1655521241544 HTTP/1.1" 200 22
114.95.43.0 - - [18/Jun/2022:11:00:44 +0800] "GET /xingrg/all/function/internal_message.html?_=1655521150823&CODE_STATE=getMsg HTTP/1.1" 200 27
218.81.223.53 - - [18/Jun/2022:11:00:47 +0800] "GET /xingrg/all/function/internal_message.html?_=1655521257231&CODE_STATE=getMsg HTTP/1.1" 200 27
61.170.232.109 - - [18/Jun/2022:11:00:49 +0800] "GET /xingrg/all/function/internal_message.html?_=1655521249389&CODE_STATE=getMsg HTTP/1.1" 200 27
61.170.232.109 - - [18/Jun/2022:11:00:49 +0800] "GET /xingrg/check_reg.html?_=1655521249483 HTTP/1.1" 200 22
58.35.194.53 - - [18/Jun/2022:11:00:50 +0800] "GET /xingrg/check_reg.html?_=1655521245842 HTTP/1.1" 200 22
218.81.223.53 - - [18/Jun/2022:11:00:52 +0800] "GET /xingrg/all/function/internal_message.html?_=1655521259970&CODE_STATE=getMsg HTTP/1.1" 302 -
222.69.144.95 - - [18/Jun/2022:11:01:06 +0800] "GET /xingrg/all/function/internal_message.html?_=1655521294927&CODE_STATE=getMsg HTTP/1.1" 200 27
101.85.54.219 - - [18/Jun/2022:11:01:11 +0800] "GET /xingrg/check_reg.html?_=1655521258445 HTTP/1.1" 200 22
101.85.54.219 - - [18/Jun/2022:11:01:11 +0800] "GET /xingrg/all/function/internal_message.html?_=1655521258448&CODE_STATE=getMsg HTTP/1.1" 200 27
114.95.43.0 - - [18/Jun/2022:11:01:19 +0800] "GET /xingrg/all/function/internal_message.html?_=1655521276345&CODE_STATE=getMsg HTTP/1.1" 200 27
116.230.110.173 - - [18/Jun/2022:11:01:21 +0800] "GET /xingrg/all/function/internal_message.html?_=1655521273507&CODE_STATE=getMsg HTTP/1.1" 200 27
116.228.172.94 - - [18/Jun/2022:11:01:21 +0800] "GET /xingrg/all/function/internal_message.html?_=1655521138371&CODE_STATE=getMsg HTTP/1.1" 200 27
180.169.147.146 - - [18/Jun/2022:11:01:28 +0800] "GET /xingrg/all/function/internal_message.html?_=1655521284271&CODE_STATE=getMsg HTTP/1.1" 302 -
58.35.194.53 - - [18/Jun/2022:11:01:29 +0800] "GET /xingrg/all/function/internal_message.html?_=1655521285139&CODE_STATE=getMsg HTTP/1.1" 200 27
101.83.223.227 - - [18/Jun/2022:11:01:31 +0800] "GET /xingrg/all/function/internal_message.html?_=1655521249972&CODE_STATE=getMsg HTTP/1.1" 200 27
180.156.212.250 - - [18/Jun/2022:11:01:35 +0800] "GET /xingrg/all/function/internal_message.html?_=1655521320312&CODE_STATE=getMsg HTTP/1.1" 200 27
114.95.43.0 - - [18/Jun/2022:11:01:44 +0800] "GET /xingrg/all/function/internal_message.html?_=1655521210792&CODE_STATE=getMsg HTTP/1.1" 200 27
218.81.223.53 - - [18/Jun/2022:11:01:47 +0800] "GET /xingrg/all/function/internal_message.html?_=1655521317357&CODE_STATE=getMsg HTTP/1.1" 200 27
61.170.232.109 - - [18/Jun/2022:11:01:49 +0800] "GET /xingrg/all/function/internal_message.html?_=1655521309396&CODE_STATE=getMsg HTTP/1.1" 200 27
218.81.223.53 - - [18/Jun/2022:11:01:52 +0800] "GET /xingrg/all/function/internal_message.html?_=1655521319976&CODE_STATE=getMsg HTTP/1.1" 302 -
222.69.144.95 - - [18/Jun/2022:11:02:06 +0800] "GET /xingrg/all/function/internal_message.html?_=1655521354913&CODE_STATE=getMsg HTTP/1.1" 200 27
101.85.54.219 - - [18/Jun/2022:11:02:11 +0800] "GET /xingrg/all/function/internal_message.html?_=1655521318455&CODE_STATE=getMsg HTTP/1.1" 200 27
114.95.43.0 - - [18/Jun/2022:11:02:19 +0800] "GET /xingrg/all/function/internal_message.html?_=1655521336316&CODE_STATE=getMsg HTTP/1.1" 200 27
116.230.110.173 - - [18/Jun/2022:11:02:21 +0800] "GET /xingrg/all/function/internal_message.html?_=1655521333507&CODE_STATE=getMsg HTTP/1.1" 200 27
116.228.172.94 - - [18/Jun/2022:11:02:21 +0800] "GET /xingrg/all/function/internal_message.html?_=1655521198361&CODE_STATE=getMsg HTTP/1.1" 200 27
114.95.43.0 - - [18/Jun/2022:11:02:24 +0800] "GET /xingrg/check_reg.html?_=1655521341445 HTTP/1.1" 200 22
180.169.147.146 - - [18/Jun/2022:11:02:28 +0800] "GET /xingrg/all/function/internal_message.html?_=1655521344257&CODE_STATE=getMsg HTTP/1.1" 302 -
58.35.194.53 - - [18/Jun/2022:11:02:29 +0800] "GET /xingrg/all/function/internal_message.html?_=1655521345125&CODE_STATE=getMsg HTTP/1.1" 200 27
101.83.223.227 - - [18/Jun/2022:11:02:31 +0800] "GET /xingrg/all/function/internal_message.html?_=1655521309976&CODE_STATE=getMsg HTTP/1.1" 200 27
180.156.212.250 - - [18/Jun/2022:11:02:35 +0800] "GET /xingrg/check_reg.html?_=1655521380313 HTTP/1.1" 200 22
180.156.212.250 - - [18/Jun/2022:11:02:35 +0800] "GET /xingrg/all/function/internal_message.html?_=1655521380317&CODE_STATE=getMsg HTTP/1.1" 200 27
114.95.43.0 - - [18/Jun/2022:11:02:44 +0800] "GET /xingrg/all/function/internal_message.html?_=1655521270763&CODE_STATE=getMsg HTTP/1.1" 200 27
218.81.223.53 - - [18/Jun/2022:11:02:47 +0800] "GET /xingrg/all/function/internal_message.html?_=1655521377369&CODE_STATE=getMsg HTTP/1.1" 200 27
114.95.43.0 - - [18/Jun/2022:11:02:48 +0800] "GET /xingrg/check_reg.html?_=1655521274447 HTTP/1.1" 200 22
61.170.232.109 - - [18/Jun/2022:11:02:49 +0800] "GET /xingrg/all/function/internal_message.html?_=1655521369375&CODE_STATE=getMsg HTTP/1.1" 200 27
218.81.223.53 - - [18/Jun/2022:11:02:50 +0800] "GET /xingrg/check_reg.html?_=1655521378200 HTTP/1.1" 302 -
218.81.223.53 - - [18/Jun/2022:11:02:52 +0800] "GET /xingrg/all/function/internal_message.html?_=1655521379990&CODE_STATE=getMsg HTTP/1.1" 302 -
222.69.144.95 - - [18/Jun/2022:11:03:06 +0800] "GET /xingrg/all/function/internal_message.html?_=1655521414899&CODE_STATE=getMsg HTTP/1.1" 200 27
61.170.232.109 - - [18/Jun/2022:11:03:07 +0800] "POST /xingrg/kc/buy/cgsh_order_operate.html HTTP/1.1" 200 37
222.69.144.95 - - [18/Jun/2022:11:03:07 +0800] "GET /xingrg/check_reg.html?_=1655521416192 HTTP/1.1" 200 22
61.170.232.109 - - [18/Jun/2022:11:03:08 +0800] "POST /xingrg/kc/buy/cgsh_order_operate.html HTTP/1.1" 200 6824
101.85.54.219 - - [18/Jun/2022:11:03:11 +0800] "GET /xingrg/all/function/internal_message.html?_=1655521378455&CODE_STATE=getMsg HTTP/1.1" 200 27
114.95.43.0 - - [18/Jun/2022:11:03:19 +0800] "GET /xingrg/all/function/internal_message.html?_=1655521396290&CODE_STATE=getMsg HTTP/1.1" 200 27
116.230.110.173 - - [18/Jun/2022:11:03:21 +0800] "GET /xingrg/all/function/internal_message.html?_=1655521393505&CODE_STATE=getMsg HTTP/1.1" 200 27
116.228.172.94 - - [18/Jun/2022:11:03:21 +0800] "GET /xingrg/all/function/internal_message.html?_=1655521258367&CODE_STATE=getMsg HTTP/1.1" 200 27
180.169.147.146 - - [18/Jun/2022:11:03:28 +0800] "GET /xingrg/all/function/internal_message.html?_=1655521404225&CODE_STATE=getMsg HTTP/1.1" 302 -
58.35.194.53 - - [18/Jun/2022:11:03:29 +0800] "GET /xingrg/all/function/internal_message.html?_=1655521405111&CODE_STATE=getMsg HTTP/1.1" 200 27
101.83.223.227 - - [18/Jun/2022:11:03:31 +0800] "GET /xingrg/check_reg.html?_=1655521369678 HTTP/1.1" 200 22
101.83.223.227 - - [18/Jun/2022:11:03:31 +0800] "GET /xingrg/all/function/internal_message.html?_=1655521369999&CODE_STATE=getMsg HTTP/1.1" 200 27
180.156.212.250 - - [18/Jun/2022:11:03:35 +0800] "GET /xingrg/all/function/internal_message.html?_=1655521440312&CODE_STATE=getMsg HTTP/1.1" 200 27
61.170.232.109 - - [18/Jun/2022:11:03:41 +0800] "GET /xingrg/kc/buy/cgsh_order_add.html HTTP/1.1" 200 67779
61.170.232.109 - - [18/Jun/2022:11:03:42 +0800] "POST /xingrg/kc/buy/cgsh_order_operate.html HTTP/1.1" 200 8245
61.170.232.109 - - [18/Jun/2022:11:03:42 +0800] "GET /xingrg/javascript/easyui/themes/default/validatebox.css HTTP/1.1" 404 1104
61.170.232.109 - - [18/Jun/2022:11:03:43 +0800] "GET /xingrg/javascript/easyui/themes/default/tree.css HTTP/1.1" 404 1090
61.170.232.109 - - [18/Jun/2022:11:03:43 +0800] "POST /xingrg/all/common/load_tree.html?tree=supplier_tree_json&isDelete=1 HTTP/1.1" 200 66572
218.81.223.53 - - [18/Jun/2022:11:03:44 +0800] "GET /xingrg/check_reg.html?_=1655521434407 HTTP/1.1" 200 22
114.95.43.0 - - [18/Jun/2022:11:03:44 +0800] "GET /xingrg/all/function/internal_message.html?_=1655521330736&CODE_STATE=getMsg HTTP/1.1" 200 27
218.81.223.53 - - [18/Jun/2022:11:03:47 +0800] "GET /xingrg/all/function/internal_message.html?_=1655521437381&CODE_STATE=getMsg HTTP/1.1" 200 27
61.170.232.109 - - [18/Jun/2022:11:03:49 +0800] "GET /xingrg/all/function/internal_message.html?_=1655521429349&CODE_STATE=getMsg HTTP/1.1" 200 27
218.81.223.53 - - [18/Jun/2022:11:03:52 +0800] "GET /xingrg/all/function/internal_message.html?_=1655521440013&CODE_STATE=getMsg HTTP/1.1" 302 -
222.69.144.95 - - [18/Jun/2022:11:04:06 +0800] "GET /xingrg/all/function/internal_message.html?_=1655521474892&CODE_STATE=getMsg HTTP/1.1" 200 27
101.85.54.219 - - [18/Jun/2022:11:04:11 +0800] "GET /xingrg/all/function/internal_message.html?_=1655521438458&CODE_STATE=getMsg HTTP/1.1" 200 27
120.253.135.82 - - [18/Jun/2022:11:04:18 +0800] "GET /xingrg/check_reg.html?_=1655521264493 HTTP/1.1" 200 22
114.95.43.0 - - [18/Jun/2022:11:04:19 +0800] "GET /xingrg/all/function/internal_message.html?_=1655521456266&CODE_STATE=getMsg HTTP/1.1" 200 27
61.170.232.109 - - [18/Jun/2022:11:04:21 +0800] "GET /xingrg/kc/buy/cgsh_order_operate.html?command=get_materiel&rest_code=00106&code=00101001037&supplier_code=00100090&order_time=2022-06-18 HTTP/1.1" 200 418
116.230.110.173 - - [18/Jun/2022:11:04:21 +0800] "GET /xingrg/all/function/internal_message.html?_=1655521453517&CODE_STATE=getMsg HTTP/1.1" 200 27
116.230.110.173 - - [18/Jun/2022:11:04:21 +0800] "GET /xingrg/check_reg.html?_=1655521453518 HTTP/1.1" 200 22
116.228.172.94 - - [18/Jun/2022:11:04:21 +0800] "GET /xingrg/all/function/internal_message.html?_=1655521318371&CODE_STATE=getMsg HTTP/1.1" 200 27
180.169.147.146 - - [18/Jun/2022:11:04:28 +0800] "GET /xingrg/all/function/internal_message.html?_=1655521464209&CODE_STATE=getMsg HTTP/1.1" 302 -
58.35.194.53 - - [18/Jun/2022:11:04:29 +0800] "GET /xingrg/all/function/internal_message.html?_=1655521465096&CODE_STATE=getMsg HTTP/1.1" 200 27
101.83.223.227 - - [18/Jun/2022:11:04:31 +0800] "GET /xingrg/all/function/internal_message.html?_=1655521430003&CODE_STATE=getMsg HTTP/1.1" 200 27
180.156.212.250 - - [18/Jun/2022:11:04:35 +0800] "GET /xingrg/all/function/internal_message.html?_=1655521500306&CODE_STATE=getMsg HTTP/1.1" 200 27
114.95.43.0 - - [18/Jun/2022:11:04:44 +0800] "GET /xingrg/all/function/internal_message.html?_=1655521390706&CODE_STATE=getMsg HTTP/1.1" 200 27
218.81.223.53 - - [18/Jun/2022:11:04:47 +0800] "GET /xingrg/all/function/internal_message.html?_=1655521497396&CODE_STATE=getMsg HTTP/1.1" 200 27
61.170.232.109 - - [18/Jun/2022:11:04:49 +0800] "GET /xingrg/all/function/internal_message.html?_=1655521489327&CODE_STATE=getMsg HTTP/1.1" 200 27
218.81.223.53 - - [18/Jun/2022:11:04:52 +0800] "GET /xingrg/all/function/internal_message.html?_=1655521500017&CODE_STATE=getMsg HTTP/1.1" 302 -
222.69.144.95 - - [18/Jun/2022:11:05:06 +0800] "GET /xingrg/all/function/internal_message.html?_=1655521534887&CODE_STATE=getMsg HTTP/1.1" 200 27
61.170.232.109 - - [18/Jun/2022:11:05:10 +0800] "GET /xingrg/kc/buy/cgsh_order_operate.html?command=get_materiel&rest_code=00106&code=00101001125&supplier_code=00100090&order_time=2022-06-18 HTTP/1.1" 200 417
101.85.54.219 - - [18/Jun/2022:11:05:11 +0800] "GET /xingrg/all/function/internal_message.html?_=1655521498458&CODE_STATE=getMsg HTTP/1.1" 200 27
114.95.43.0 - - [18/Jun/2022:11:05:19 +0800] "GET /xingrg/all/function/internal_message.html?_=1655521516246&CODE_STATE=getMsg HTTP/1.1" 200 27
116.230.110.173 - - [18/Jun/2022:11:05:21 +0800] "GET /xingrg/all/function/internal_message.html?_=1655521513514&CODE_STATE=getMsg HTTP/1.1" 200 27
116.228.172.94 - - [18/Jun/2022:11:05:21 +0800] "GET /xingrg/check_reg.html?_=1655521378369 HTTP/1.1" 200 22
116.228.172.94 - - [18/Jun/2022:11:05:21 +0800] "GET /xingrg/all/function/internal_message.html?_=1655521378378&CODE_STATE=getMsg HTTP/1.1" 200 27
180.169.147.146 - - [18/Jun/2022:11:05:28 +0800] "GET /xingrg/all/function/internal_message.html?_=1655521524191&CODE_STATE=getMsg HTTP/1.1" 302 -
180.169.147.146 - - [18/Jun/2022:11:05:29 +0800] "GET /xingrg/check_reg.html?_=1655521524550 HTTP/1.1" 302 -
58.35.194.53 - - [18/Jun/2022:11:05:29 +0800] "GET /xingrg/all/function/internal_message.html?_=1655521525066&CODE_STATE=getMsg HTTP/1.1" 200 27
101.83.223.227 - - [18/Jun/2022:11:05:31 +0800] "GET /xingrg/all/function/internal_message.html?_=1655521490017&CODE_STATE=getMsg HTTP/1.1" 200 27
180.156.212.250 - - [18/Jun/2022:11:05:35 +0800] "GET /xingrg/all/function/internal_message.html?_=1655521560308&CODE_STATE=getMsg HTTP/1.1" 200 27
114.95.43.0 - - [18/Jun/2022:11:05:44 +0800] "GET /xingrg/all/function/internal_message.html?_=1655521450677&CODE_STATE=getMsg HTTP/1.1" 200 27
114.84.82.172 - - [18/Jun/2022:11:05:44 +0800] "GET /xingrg/check_reg.html?_=1655521541548 HTTP/1.1" 200 22
61.170.232.109 - - [18/Jun/2022:11:05:45 +0800] "GET /xingrg/kc/buy/cgsh_order_operate.html?command=get_materiel&rest_code=00106&code=00101005088&supplier_code=00100090&order_time=2022-06-18 HTTP/1.1" 200 415
218.81.223.53 - - [18/Jun/2022:11:05:47 +0800] "GET /xingrg/all/function/internal_message.html?_=1655521557409&CODE_STATE=getMsg HTTP/1.1" 200 27
61.170.232.109 - - [18/Jun/2022:11:05:49 +0800] "GET /xingrg/all/function/internal_message.html?_=1655521549306&CODE_STATE=getMsg HTTP/1.1" 200 27
61.170.232.109 - - [18/Jun/2022:11:05:50 +0800] "GET /xingrg/check_reg.html?_=1655521549496 HTTP/1.1" 200 22
58.35.194.53 - - [18/Jun/2022:11:05:50 +0800] "GET /xingrg/check_reg.html?_=1655521545831 HTTP/1.1" 200 22
218.81.223.53 - - [18/Jun/2022:11:05:52 +0800] "GET /xingrg/all/function/internal_message.html?_=1655521560037&CODE_STATE=getMsg HTTP/1.1" 302 -
222.69.144.95 - - [18/Jun/2022:11:06:06 +0800] "GET /xingrg/all/function/internal_message.html?_=1655521594863&CODE_STATE=getMsg HTTP/1.1" 200 27
101.85.54.219 - - [18/Jun/2022:11:06:11 +0800] "GET /xingrg/check_reg.html?_=1655521558458 HTTP/1.1" 200 22
101.85.54.219 - - [18/Jun/2022:11:06:11 +0800] "GET /xingrg/all/function/internal_message.html?_=1655521558461&CODE_STATE=getMsg HTTP/1.1" 200 27
114.95.43.0 - - [18/Jun/2022:11:06:19 +0800] "GET /xingrg/all/function/internal_message.html?_=1655521576215&CODE_STATE=getMsg HTTP/1.1" 200 27
180.156.212.250 - - [18/Jun/2022:11:06:19 +0800] "GET /xingrg/kc/buy/cgsh_order_operate.html?command=get_materiel&rest_code=00102&code=00101008038&supplier_code=00100007&order_time=2022-06-18 HTTP/1.1" 200 413
116.230.110.173 - - [18/Jun/2022:11:06:21 +0800] "GET /xingrg/all/function/internal_message.html?_=1655521573518&CODE_STATE=getMsg HTTP/1.1" 200 27
116.228.172.94 - - [18/Jun/2022:11:06:21 +0800] "GET /xingrg/all/function/internal_message.html?_=1655521438370&CODE_STATE=getMsg HTTP/1.1" 200 27
180.169.147.146 - - [18/Jun/2022:11:06:28 +0800] "GET /xingrg/all/function/internal_message.html?_=1655521584175&CODE_STATE=getMsg HTTP/1.1" 302 -
180.156.212.250 - - [18/Jun/2022:11:06:28 +0800] "GET /xingrg/kc/buy/cgsh_order_operate.html?command=get_materiel&rest_code=00102&code=00101008355&supplier_code=00100007&order_time=2022-06-18 HTTP/1.1" 200 408
58.35.194.53 - - [18/Jun/2022:11:06:29 +0800] "GET /xingrg/all/function/internal_message.html?_=1655521585036&CODE_STATE=getMsg HTTP/1.1" 200 27
101.83.223.227 - - [18/Jun/2022:11:06:31 +0800] "GET /xingrg/all/function/internal_message.html?_=1655521550037&CODE_STATE=getMsg HTTP/1.1" 200 27
61.170.232.109 - - [18/Jun/2022:11:06:33 +0800] "POST /xingrg/kc/buy/cgsh_order_operate.html HTTP/1.1" 200 37
180.156.212.250 - - [18/Jun/2022:11:06:35 +0800] "GET /xingrg/all/function/internal_message.html?_=1655521620313&CODE_STATE=getMsg HTTP/1.1" 200 27
61.170.232.109 - - [18/Jun/2022:11:06:35 +0800] "POST /xingrg/kc/buy/cgsh_order_operate.html HTTP/1.1" 200 3861
180.156.212.250 - - [18/Jun/2022:11:06:35 +0800] "GET /xingrg/kc/buy/cgsh_order_operate.html?command=get_materiel&rest_code=00102&code=00101008144&supplier_code=00100007&order_time=2022-06-18 HTTP/1.1" 200 412
61.170.232.109 - - [18/Jun/2022:11:06:37 +0800] "GET /xingrg/kc/buy/cgsh_order_add.html HTTP/1.1" 200 67779
61.170.232.109 - - [18/Jun/2022:11:06:37 +0800] "POST /xingrg/kc/buy/cgsh_order_operate.html HTTP/1.1" 200 8245
61.170.232.109 - - [18/Jun/2022:11:06:37 +0800] "GET /xingrg/javascript/easyui/themes/default/validatebox.css HTTP/1.1" 404 1104
180.156.212.250 - - [18/Jun/2022:11:06:43 +0800] "GET /xingrg/kc/buy/cgsh_order_operate.html?command=get_materiel&rest_code=00102&code=00101008264&supplier_code=00100007&order_time=2022-06-18 HTTP/1.1" 200 412
114.95.43.0 - - [18/Jun/2022:11:06:44 +0800] "GET /xingrg/all/function/internal_message.html?_=1655521510663&CODE_STATE=getMsg HTTP/1.1" 200 27
218.81.223.53 - - [18/Jun/2022:11:06:47 +0800] "GET /xingrg/all/function/internal_message.html?_=1655521617530&CODE_STATE=getMsg HTTP/1.1" 200 27
61.170.232.109 - - [18/Jun/2022:11:06:49 +0800] "GET /xingrg/all/function/internal_message.html?_=1655521609289&CODE_STATE=getMsg HTTP/1.1" 200 27
180.156.212.250 - - [18/Jun/2022:11:06:50 +0800] "GET /xingrg/kc/buy/cgsh_order_operate.html?command=get_materiel&rest_code=00102&code=00101008356&supplier_code=00100007&order_time=2022-06-18 HTTP/1.1" 200 409
218.81.223.53 - - [18/Jun/2022:11:06:52 +0800] "GET /xingrg/all/function/internal_message.html?_=1655521620044&CODE_STATE=getMsg HTTP/1.1" 302 -
180.156.212.250 - - [18/Jun/2022:11:07:01 +0800] "GET /xingrg/kc/buy/cgsh_order_operate.html?command=get_materiel&rest_code=00102&code=00101008077&supplier_code=00100007&order_time=2022-06-18 HTTP/1.1" 200 416
222.69.144.95 - - [18/Jun/2022:11:07:06 +0800] "GET /xingrg/all/function/internal_message.html?_=1655521654853&CODE_STATE=getMsg HTTP/1.1" 200 27
101.85.54.219 - - [18/Jun/2022:11:07:11 +0800] "GET /xingrg/all/function/internal_message.html?_=1655521618463&CODE_STATE=getMsg HTTP/1.1" 200 27
180.156.212.250 - - [18/Jun/2022:11:07:14 +0800] "GET /xingrg/kc/buy/cgsh_order_operate.html?command=get_materiel&rest_code=00102&code=00101008036&supplier_code=00100007&order_time=2022-06-18 HTTP/1.1" 200 423
114.95.43.0 - - [18/Jun/2022:11:07:19 +0800] "GET /xingrg/all/function/internal_message.html?_=1655521636183&CODE_STATE=getMsg HTTP/1.1" 200 27
180.156.212.250 - - [18/Jun/2022:11:07:19 +0800] "GET /xingrg/kc/buy/cgsh_order_operate.html?command=get_materiel&rest_code=00102&code=00101008131&supplier_code=00100007&order_time=2022-06-18 HTTP/1.1" 200 408
116.230.110.173 - - [18/Jun/2022:11:07:21 +0800] "GET /xingrg/all/function/internal_message.html?_=1655521633518&CODE_STATE=getMsg HTTP/1.1" 200 27
116.228.172.94 - - [18/Jun/2022:11:07:21 +0800] "GET /xingrg/all/function/internal_message.html?_=1655521498363&CODE_STATE=getMsg HTTP/1.1" 200 27
114.95.43.0 - - [18/Jun/2022:11:07:24 +0800] "GET /xingrg/check_reg.html?_=1655521641416 HTTP/1.1" 200 22
180.156.212.250 - - [18/Jun/2022:11:07:25 +0800] "GET /xingrg/kc/buy/cgsh_order_operate.html?command=get_materiel&rest_code=00102&code=00101008296&supplier_code=00100007&order_time=2022-06-18 HTTP/1.1" 200 416
180.169.147.146 - - [18/Jun/2022:11:07:28 +0800] "GET /xingrg/all/function/internal_message.html?_=1655521644159&CODE_STATE=getMsg HTTP/1.1" 302 -
58.35.194.53 - - [18/Jun/2022:11:07:29 +0800] "GET /xingrg/all/function/internal_message.html?_=1655521645020&CODE_STATE=getMsg HTTP/1.1" 200 27
101.83.223.227 - - [18/Jun/2022:11:07:31 +0800] "GET /xingrg/all/function/internal_message.html?_=1655521610044&CODE_STATE=getMsg HTTP/1.1" 200 27
180.156.212.250 - - [18/Jun/2022:11:07:31 +0800] "GET /xingrg/kc/buy/cgsh_order_operate.html?command=get_materiel&rest_code=00102&code=00101008005&supplier_code=00100007&order_time=2022-06-18 HTTP/1.1" 200 412
180.156.212.250 - - [18/Jun/2022:11:07:35 +0800] "GET /xingrg/check_reg.html?_=1655521680299 HTTP/1.1" 200 22
180.156.212.250 - - [18/Jun/2022:11:07:35 +0800] "GET /xingrg/all/function/internal_message.html?_=1655521680303&CODE_STATE=getMsg HTTP/1.1" 200 27
180.156.212.250 - - [18/Jun/2022:11:07:38 +0800] "GET /xingrg/kc/buy/cgsh_order_operate.html?command=get_materiel&rest_code=00102&code=00101008353&supplier_code=00100007&order_time=2022-06-18 HTTP/1.1" 200 424
58.35.194.53 - - [18/Jun/2022:11:07:38 +0800] "GET /xingrg/all/report/report_query.html?isQuery=1&fileName=kc/buy/wlcg_cate_hz.xml&queryString=(CONVERT(char(10)%252Ca.order_time%252C%2520120)%253E%253D'2022-03-01')%2520and%2520(CONVERT(char(10)%252Ca.order_time%252C%2520120)%253C%253D'2022-03-31')%2520and%2520(a.number%253E0%2520and%2520a.supplier_code%253D'00100012')&queryText=%25E3%2580%2590%25E9%2587%2587%25E8%25B4%25AD%25E6%2597%25A5%25E6%259C%259F%253A2022-03-01%2520%25E8%2587%25B3%25202022-03-31%25E3%2580%2591%2520%25E5%25B9%25B6%25E4%25B8%2594%2520%25E3%2580%2590%25E4%25BE%259B%25E5%25BA%2594%25E5%2595%2586%253D%25E7%258C%25AA%25E8%2582%2589%25EF%25BC%2588%25E6%259D%258E%25E8%25B4%25BB%25E5%258D%258E%25EF%25BC%2589%25E3%2580%2591 HTTP/1.1" 200 54374
58.35.194.53 - - [18/Jun/2022:11:07:38 +0800] "GET /xingrg/dwr/interface/AjaxReportQueryService.js HTTP/1.1" 200 13203
58.35.194.53 - - [18/Jun/2022:11:07:38 +0800] "GET /xingrg/dwr/engine.js HTTP/1.1" 200 43631
58.35.194.53 - - [18/Jun/2022:11:07:40 +0800] "POST /xingrg/all/report/load_report_page.html HTTP/1.1" 200 8721
58.35.194.53 - - [18/Jun/2022:11:07:40 +0800] "GET /xingrg/servlets/image?cache=0.49533456898325057&image=px HTTP/1.1" 200 807
58.35.194.53 - - [18/Jun/2022:11:07:42 +0800] "GET /xingrg/all/report/report_query.html?isQuery=1&fileName=kc/buy/wlcg_cate_small_hz.xml&queryString=(CONVERT(char(10)%2Ca.order_time%2C%20120)%3E%3D'2022-03-01')%20and%20(CONVERT(char(10)%2Ca.order_time%2C%20120)%3C%3D'2022-03-31')%20and%20(a.number%3E0%20and%20a.supplier_code%3D'00100012')%20and%20(a.big_sort%3D'00101')&queryText=%E3%80%90%E9%87%87%E8%B4%AD%E6%97%A5%E6%9C%9F%3A2022-03-01%20%E8%87%B3%202022-03-31%E3%80%91%20%E5%B9%B6%E4%B8%94%20%E3%80%90%E4%BE%9B%E5%BA%94%E5%95%86%3D%E7%8C%AA%E8%82%89%EF%BC%88%E6%9D%8E%E8%B4%BB%E5%8D%8E%EF%BC%89%E3%80%91%20%E5%B9%B6%E4%B8%94%20%E3%80%90%E6%9D%90%E6%96%99%E5%A4%A7%E7%B1%BB%20%3D%20%E6%88%90%E6%9C%AC%E7%B1%BB%E3%80%91&rand=0.6019122684318792 HTTP/1.1" 200 16411
58.35.194.53 - - [18/Jun/2022:11:07:42 +0800] "GET /xingrg/all/report/report_query.html?isQuery=1&fileName=kc/buy/wlcg_cate_small_hz.xml&queryString=(CONVERT(char(10)%2Ca.order_time%2C%20120)%3E%3D'2022-03-01')%20and%20(CONVERT(char(10)%2Ca.order_time%2C%20120)%3C%3D'2022-03-31')%20and%20(a.number%3E0%20and%20a.supplier_code%3D'00100012')%20and%20(a.big_sort%3D'00101')&queryText=%E3%80%90%E9%87%87%E8%B4%AD%E6%97%A5%E6%9C%9F%3A2022-03-01%20%E8%87%B3%202022-03-31%E3%80%91%20%E5%B9%B6%E4%B8%94%20%E3%80%90%E4%BE%9B%E5%BA%94%E5%95%86%3D%E7%8C%AA%E8%82%89%EF%BC%88%E6%9D%8E%E8%B4%BB%E5%8D%8E%EF%BC%89%E3%80%91%20%E5%B9%B6%E4%B8%94%20%E3%80%90%E6%9D%90%E6%96%99%E5%A4%A7%E7%B1%BB%20%3D%20%E6%88%90%E6%9C%AC%E7%B1%BB%E3%80%91&rand=0.6019122684318792 HTTP/1.1" 200 52654
58.35.194.53 - - [18/Jun/2022:11:07:42 +0800] "GET /xingrg/dwr/engine.js HTTP/1.1" 200 43631
114.95.43.0 - - [18/Jun/2022:11:07:44 +0800] "GET /xingrg/all/function/internal_message.html?_=1655521570632&CODE_STATE=getMsg HTTP/1.1" 200 27
58.35.194.53 - - [18/Jun/2022:11:07:44 +0800] "POST /xingrg/all/report/load_report_page.html HTTP/1.1" 200 24077
58.35.194.53 - - [18/Jun/2022:11:07:44 +0800] "GET /xingrg/servlets/image?cache=0.5507538653268292&image=px HTTP/1.1" 200 807
180.156.212.250 - - [18/Jun/2022:11:07:45 +0800] "GET /xingrg/kc/buy/cgsh_order_operate.html?command=get_materiel&rest_code=00102&code=00101008312&supplier_code=00100007&order_time=2022-06-18 HTTP/1.1" 200 428
218.81.223.53 - - [18/Jun/2022:11:07:47 +0800] "GET /xingrg/all/function/internal_message.html?_=1655521677546&CODE_STATE=getMsg HTTP/1.1" 200 27
114.95.43.0 - - [18/Jun/2022:11:07:48 +0800] "GET /xingrg/check_reg.html?_=1655521574441 HTTP/1.1" 200 22
58.35.194.53 - - [18/Jun/2022:11:07:49 +0800] "GET /xingrg/all/report/report_query.html?isQuery=1&fileName=kc/buy/wlcg_cate_hz.xml&queryString=(CONVERT(char(10)%252Ca.order_time%252C%2520120)%253E%253D'2022-03-01')%2520and%2520(CONVERT(char(10)%252Ca.order_time%252C%2520120)%253C%253D'2022-03-31')%2520and%2520(a.number%253E0%2520and%2520a.supplier_code%253D'00100012')&queryText=%25E3%2580%2590%25E9%2587%2587%25E8%25B4%25AD%25E6%2597%25A5%25E6%259C%259F%253A2022-03-01%2520%25E8%2587%25B3%25202022-03-31%25E3%2580%2591%2520%25E5%25B9%25B6%25E4%25B8%2594%2520%25E3%2580%2590%25E4%25BE%259B%25E5%25BA%2594%25E5%2595%2586%253D%25E7%258C%25AA%25E8%2582%2589%25EF%25BC%2588%25E6%259D%258E%25E8%25B4%25BB%25E5%258D%258E%25EF%25BC%2589%25E3%2580%2591 HTTP/1.1" 200 54374
58.35.194.53 - - [18/Jun/2022:11:07:49 +0800] "GET /xingrg/dwr/interface/AjaxReportQueryService.js HTTP/1.1" 200 13203
58.35.194.53 - - [18/Jun/2022:11:07:49 +0800] "GET /xingrg/dwr/engine.js HTTP/1.1" 200 43631
61.170.232.109 - - [18/Jun/2022:11:07:49 +0800] "GET /xingrg/all/function/internal_message.html?_=1655521669268&CODE_STATE=getMsg HTTP/1.1" 200 27
218.81.223.53 - - [18/Jun/2022:11:07:50 +0800] "GET /xingrg/check_reg.html?_=1655521678201 HTTP/1.1" 302 -
58.35.194.53 - - [18/Jun/2022:11:07:51 +0800] "POST /xingrg/all/report/load_report_page.html HTTP/1.1" 200 8713
58.35.194.53 - - [18/Jun/2022:11:07:51 +0800] "GET /xingrg/servlets/image?cache=0.9972197083467873&image=px HTTP/1.1" 200 807
180.156.212.250 - - [18/Jun/2022:11:07:52 +0800] "GET /xingrg/kc/buy/cgsh_order_operate.html?command=get_materiel&rest_code=00102&code=00101008017&supplier_code=00100007&order_time=2022-06-18 HTTP/1.1" 200 416
218.81.223.53 - - [18/Jun/2022:11:07:52 +0800] "GET /xingrg/all/function/internal_message.html?_=1655521680058&CODE_STATE=getMsg HTTP/1.1" 302 -
58.35.194.53 - - [18/Jun/2022:11:07:52 +0800] "POST /xingrg/all/report/load_report_page.html HTTP/1.1" 200 100610
58.35.194.53 - - [18/Jun/2022:11:07:53 +0800] "GET /xingrg/servlets/image?cache=0.7047919102986218&image=px HTTP/1.1" 200 807
58.35.194.53 - - [18/Jun/2022:11:07:58 +0800] "POST /xingrg/all/report/report_print.html HTTP/1.1" 302 -
58.35.194.53 - - [18/Jun/2022:11:07:58 +0800] "GET /xingrg/servlets/pdf?sysBaseUrl=http%3A%2F%2F180.169.147.146%3A18081%2Fxingrg%2F&costTime=404×tamp=1655521678184 HTTP/1.1" 200 12870
180.156.212.250 - - [18/Jun/2022:11:08:00 +0800] "GET /xingrg/kc/buy/cgsh_order_operate.html?command=get_materiel&rest_code=00102&code=00101008236&supplier_code=00100007&order_time=2022-06-18 HTTP/1.1" 200 432
222.69.144.95 - - [18/Jun/2022:11:08:06 +0800] "GET /xingrg/all/function/internal_message.html?_=1655521714840&CODE_STATE=getMsg HTTP/1.1" 200 27
180.156.212.250 - - [18/Jun/2022:11:08:07 +0800] "GET /xingrg/kc/buy/cgsh_order_operate.html?command=get_materiel&rest_code=00102&code=00101020152&supplier_code=00100007&order_time=2022-06-18 HTTP/1.1" 200 416
222.69.144.95 - - [18/Jun/2022:11:08:07 +0800] "GET /xingrg/check_reg.html?_=1655521716185 HTTP/1.1" 200 22
101.85.54.219 - - [18/Jun/2022:11:08:11 +0800] "GET /xingrg/all/function/internal_message.html?_=1655521678462&CODE_STATE=getMsg HTTP/1.1" 200 27
114.95.43.0 - - [18/Jun/2022:11:08:19 +0800] "GET /xingrg/all/function/internal_message.html?_=1655521696155&CODE_STATE=getMsg HTTP/1.1" 200 27
116.230.110.173 - - [18/Jun/2022:11:08:21 +0800] "GET /xingrg/all/function/internal_message.html?_=1655521693520&CODE_STATE=getMsg HTTP/1.1" 200 27
116.228.172.94 - - [18/Jun/2022:11:08:21 +0800] "GET /xingrg/all/function/internal_message.html?_=1655521558351&CODE_STATE=getMsg HTTP/1.1" 200 27
180.156.212.250 - - [18/Jun/2022:11:08:23 +0800] "GET /xingrg/kc/buy/cgsh_order_operate.html?command=get_materiel&rest_code=00102&code=00101008223&supplier_code=00100007&order_time=2022-06-18 HTTP/1.1" 200 412
180.169.147.146 - - [18/Jun/2022:11:08:28 +0800] "GET /xingrg/all/function/internal_message.html?_=1655521704142&CODE_STATE=getMsg HTTP/1.1" 302 -
58.35.194.53 - - [18/Jun/2022:11:08:29 +0800] "GET /xingrg/all/function/internal_message.html?_=1655521705003&CODE_STATE=getMsg HTTP/1.1" 200 27
101.83.223.227 - - [18/Jun/2022:11:08:31 +0800] "GET /xingrg/check_reg.html?_=1655521669687 HTTP/1.1" 200 22
101.83.223.227 - - [18/Jun/2022:11:08:31 +0800] "GET /xingrg/all/function/internal_message.html?_=1655521670057&CODE_STATE=getMsg HTTP/1.1" 200 27
180.156.212.250 - - [18/Jun/2022:11:08:35 +0800] "GET /xingrg/all/function/internal_message.html?_=1655521740305&CODE_STATE=getMsg HTTP/1.1" 200 27
114.95.43.0 - - [18/Jun/2022:11:08:44 +0800] "GET /xingrg/all/function/internal_message.html?_=1655521630606&CODE_STATE=getMsg HTTP/1.1" 200 27
218.81.223.53 - - [18/Jun/2022:11:08:44 +0800] "GET /xingrg/check_reg.html?_=1655521734522 HTTP/1.1" 200 22
218.81.223.53 - - [18/Jun/2022:11:08:47 +0800] "GET /xingrg/all/function/internal_message.html?_=1655521737639&CODE_STATE=getMsg HTTP/1.1" 200 27
61.170.232.109 - - [18/Jun/2022:11:08:49 +0800] "GET /xingrg/all/function/internal_message.html?_=1655521729243&CODE_STATE=getMsg HTTP/1.1" 200 27
218.81.223.53 - - [18/Jun/2022:11:08:52 +0800] "GET /xingrg/all/function/internal_message.html?_=1655521740077&CODE_STATE=getMsg HTTP/1.1" 302 -
222.69.144.95 - - [18/Jun/2022:11:09:06 +0800] "GET /xingrg/all/function/internal_message.html?_=1655521774820&CODE_STATE=getMsg HTTP/1.1" 200 27
101.85.54.219 - - [18/Jun/2022:11:09:11 +0800] "GET /xingrg/all/function/internal_message.html?_=1655521738463&CODE_STATE=getMsg HTTP/1.1" 200 27
120.253.135.82 - - [18/Jun/2022:11:09:18 +0800] "GET /xingrg/check_reg.html?_=1655521564497 HTTP/1.1" 200 22
114.95.43.0 - - [18/Jun/2022:11:09:19 +0800] "GET /xingrg/all/function/internal_message.html?_=1655521756134&CODE_STATE=getMsg HTTP/1.1" 200 27
116.230.110.173 - - [18/Jun/2022:11:09:21 +0800] "GET /xingrg/check_reg.html?_=1655521753517 HTTP/1.1" 200 22
116.230.110.173 - - [18/Jun/2022:11:09:21 +0800] "GET /xingrg/all/function/internal_message.html?_=1655521753523&CODE_STATE=getMsg HTTP/1.1" 200 27
116.228.172.94 - - [18/Jun/2022:11:09:21 +0800] "GET /xingrg/all/function/internal_message.html?_=1655521618368&CODE_STATE=getMsg HTTP/1.1" 200 27
180.169.147.146 - - [18/Jun/2022:11:09:28 +0800] "GET /xingrg/all/function/internal_message.html?_=1655521764126&CODE_STATE=getMsg HTTP/1.1" 302 -
58.35.194.53 - - [18/Jun/2022:11:09:29 +0800] "GET /xingrg/all/function/internal_message.html?_=1655521764972&CODE_STATE=getMsg HTTP/1.1" 200 27
101.83.223.227 - - [18/Jun/2022:11:09:31 +0800] "GET /xingrg/all/function/internal_message.html?_=1655521730072&CODE_STATE=getMsg HTTP/1.1" 200 27
180.156.212.250 - - [18/Jun/2022:11:09:35 +0800] "GET /xingrg/all/function/internal_message.html?_=1655521800301&CODE_STATE=getMsg HTTP/1.1" 200 27
114.95.43.0 - - [18/Jun/2022:11:09:44 +0800] "GET /xingrg/all/function/internal_message.html?_=1655521690592&CODE_STATE=getMsg HTTP/1.1" 200 27
218.81.223.53 - - [18/Jun/2022:11:09:47 +0800] "GET /xingrg/all/function/internal_message.html?_=1655521797650&CODE_STATE=getMsg HTTP/1.1" 200 27
61.170.232.109 - - [18/Jun/2022:11:09:49 +0800] "GET /xingrg/all/function/internal_message.html?_=1655521789226&CODE_STATE=getMsg HTTP/1.1" 200 27
218.81.223.53 - - [18/Jun/2022:11:09:52 +0800] "GET /xingrg/all/function/internal_message.html?_=1655521800085&CODE_STATE=getMsg HTTP/1.1" 302 -
222.69.144.95 - - [18/Jun/2022:11:10:06 +0800] "GET /xingrg/all/function/internal_message.html?_=1655521834819&CODE_STATE=getMsg HTTP/1.1" 200 27
114.95.43.0 - - [18/Jun/2022:11:10:19 +0800] "GET /xingrg/all/function/internal_message.html?_=1655521816104&CODE_STATE=getMsg HTTP/1.1" 200 27
116.230.110.173 - - [18/Jun/2022:11:10:21 +0800] "GET /xingrg/all/function/internal_message.html?_=1655521813520&CODE_STATE=getMsg HTTP/1.1" 200 27
116.228.172.94 - - [18/Jun/2022:11:10:21 +0800] "GET /xingrg/check_reg.html?_=1655521678363 HTTP/1.1" 200 22
116.228.172.94 - - [18/Jun/2022:11:10:21 +0800] "GET /xingrg/all/function/internal_message.html?_=1655521678367&CODE_STATE=getMsg HTTP/1.1" 200 27
180.169.147.146 - - [18/Jun/2022:11:10:28 +0800] "GET /xingrg/all/function/internal_message.html?_=1655521824109&CODE_STATE=getMsg HTTP/1.1" 302 -
180.169.147.146 - - [18/Jun/2022:11:10:29 +0800] "GET /xingrg/check_reg.html?_=1655521824531 HTTP/1.1" 302 -
58.35.194.53 - - [18/Jun/2022:11:10:29 +0800] "GET /xingrg/all/function/internal_message.html?_=1655521824958&CODE_STATE=getMsg HTTP/1.1" 200 27
101.83.223.227 - - [18/Jun/2022:11:10:31 +0800] "GET /xingrg/all/function/internal_message.html?_=1655521790085&CODE_STATE=getMsg HTTP/1.1" 200 27
180.156.212.250 - - [18/Jun/2022:11:10:35 +0800] "GET /xingrg/all/function/internal_message.html?_=1655521860314&CODE_STATE=getMsg HTTP/1.1" 200 27
114.95.43.0 - - [18/Jun/2022:11:10:44 +0800] "GET /xingrg/all/function/internal_message.html?_=1655521750561&CODE_STATE=getMsg HTTP/1.1" 200 27
114.84.82.172 - - [18/Jun/2022:11:10:44 +0800] "GET /xingrg/check_reg.html?_=1655521841525 HTTP/1.1" 200 22
218.81.223.53 - - [18/Jun/2022:11:10:47 +0800] "GET /xingrg/all/function/internal_message.html?_=1655521857772&CODE_STATE=getMsg HTTP/1.1" 200 27
61.170.232.109 - - [18/Jun/2022:11:10:49 +0800] "GET /xingrg/all/function/internal_message.html?_=1655521849200&CODE_STATE=getMsg HTTP/1.1" 200 27
61.170.232.109 - - [18/Jun/2022:11:10:50 +0800] "GET /xingrg/check_reg.html?_=1655521849499 HTTP/1.1" 200 22
58.35.194.53 - - [18/Jun/2022:11:10:50 +0800] "GET /xingrg/check_reg.html?_=1655521845835 HTTP/1.1" 200 22
218.81.223.53 - - [18/Jun/2022:11:10:52 +0800] "GET /xingrg/all/function/internal_message.html?_=1655521860105&CODE_STATE=getMsg HTTP/1.1" 302 -
222.69.144.95 - - [18/Jun/2022:11:11:06 +0800] "GET /xingrg/all/function/internal_message.html?_=1655521894792&CODE_STATE=getMsg HTTP/1.1" 200 27
180.156.212.250 - - [18/Jun/2022:11:11:17 +0800] "POST /xingrg/kc/buy/cgsh_order_operate.html HTTP/1.1" 200 2065
114.95.43.0 - - [18/Jun/2022:11:11:19 +0800] "GET /xingrg/all/function/internal_message.html?_=1655521876078&CODE_STATE=getMsg HTTP/1.1" 200 27
116.230.110.173 - - [18/Jun/2022:11:11:21 +0800] "GET /xingrg/all/function/internal_message.html?_=1655521873521&CODE_STATE=getMsg HTTP/1.1" 200 27
116.228.172.94 - - [18/Jun/2022:11:11:21 +0800] "GET /xingrg/all/function/internal_message.html?_=1655521738360&CODE_STATE=getMsg HTTP/1.1" 200 27
180.169.147.146 - - [18/Jun/2022:11:11:28 +0800] "GET /xingrg/all/function/internal_message.html?_=1655521884093&CODE_STATE=getMsg HTTP/1.1" 302 -
58.35.194.53 - - [18/Jun/2022:11:11:29 +0800] "GET /xingrg/all/function/internal_message.html?_=1655521884930&CODE_STATE=getMsg HTTP/1.1" 200 27
101.83.223.227 - - [18/Jun/2022:11:11:31 +0800] "GET /xingrg/all/function/internal_message.html?_=1655521850098&CODE_STATE=getMsg HTTP/1.1" 200 27
180.156.212.250 - - [18/Jun/2022:11:11:35 +0800] "GET /xingrg/all/function/internal_message.html?_=1655521920303&CODE_STATE=getMsg HTTP/1.1" 200 27
114.95.43.0 - - [18/Jun/2022:11:11:44 +0800] "GET /xingrg/all/function/internal_message.html?_=1655521810547&CODE_STATE=getMsg HTTP/1.1" 200 27
218.81.223.53 - - [18/Jun/2022:11:11:47 +0800] "GET /xingrg/all/function/internal_message.html?_=1655521917786&CODE_STATE=getMsg HTTP/1.1" 200 27
120.253.135.82 - - [18/Jun/2022:11:11:48 +0800] "GET /xingrg/kc/guide/show_order.html?code=312022052700835&type=31 HTTP/1.1" 302 -
120.253.135.82 - - [18/Jun/2022:11:11:48 +0800] "GET /xingrg/kc/pszx/mdps_order_info.html?code=312022052700835&sysBaseUrl=http%3A%2F%2F180.169.147.146%3A18081%2Fxingrg%2F&costTime=0×tamp=1655521908697 HTTP/1.1" 200 19639
120.253.135.82 - - [18/Jun/2022:11:11:49 +0800] "GET /favicon.ico HTTP/1.1" 404 -
120.253.135.82 - - [18/Jun/2022:11:11:49 +0800] "POST /xingrg/kc/pszx/mdps_order_operate.html HTTP/1.1" 200 524
61.170.232.109 - - [18/Jun/2022:11:11:49 +0800] "GET /xingrg/all/function/internal_message.html?_=1655521909175&CODE_STATE=getMsg HTTP/1.1" 200 27
120.253.135.82 - - [18/Jun/2022:11:11:49 +0800] "GET /xingrg/javascript/easyui/themes/default/validatebox.css HTTP/1.1" 404 1104
218.81.223.53 - - [18/Jun/2022:11:11:52 +0800] "GET /xingrg/all/function/internal_message.html?_=1655521920112&CODE_STATE=getMsg HTTP/1.1" 302 -
180.156.212.250 - - [18/Jun/2022:11:11:54 +0800] "GET /xingrg/kc/buy/cgsh_order_operate.html?command=get_materiel&rest_code=00102&code=00101008168&supplier_code=00100007&order_time=2022-06-18 HTTP/1.1" 200 413
180.156.212.250 - - [18/Jun/2022:11:12:00 +0800] "GET /xingrg/kc/buy/cgsh_order_operate.html?command=get_materiel&rest_code=00102&code=00101008010&supplier_code=00100007&order_time=2022-06-18 HTTP/1.1" 200 428
222.69.144.95 - - [18/Jun/2022:11:12:06 +0800] "GET /xingrg/all/function/internal_message.html?_=1655521954776&CODE_STATE=getMsg HTTP/1.1" 200 27
180.156.212.250 - - [18/Jun/2022:11:12:14 +0800] "GET /xingrg/kc/buy/cgsh_order_operate.html?command=get_materiel&rest_code=00102&code=00101009016&supplier_code=00100007&order_time=2022-06-18 HTTP/1.1" 200 412
