114.86.224.81 - - [18/Jun/2022:12:06:49 +0800] "GET /xingrg/kc/buy/cgsh_order_operate.html?command=get_materiel&rest_code=00109&code=00102026001&supplier_code=00100313&order_time=2022-06-18 HTTP/1.1" 200 409
218.81.223.53 - - [18/Jun/2022:12:06:50 +0800] "GET /xingrg/all/function/internal_message.html?_=1655525220640&CODE_STATE=getMsg HTTP/1.1" 200 27
218.81.223.53 - - [18/Jun/2022:12:06:53 +0800] "GET /xingrg/all/function/internal_message.html?_=1655525220859&CODE_STATE=getMsg HTTP/1.1" 302 -
101.85.120.86 - - [18/Jun/2022:12:06:54 +0800] "GET /xingrg/all/function/internal_message.html?_=1655525203243&CODE_STATE=getMsg HTTP/1.1" 200 27
101.83.223.227 - - [18/Jun/2022:12:06:55 +0800] "GET /xingrg/all/function/internal_message.html?_=1655525173840&CODE_STATE=getMsg HTTP/1.1" 200 27
117.143.48.115 - - [18/Jun/2022:12:06:57 +0800] "GET /xingrg/check_reg.html?_=1655525214277 HTTP/1.1" 302 -
61.170.232.109 - - [18/Jun/2022:12:06:58 +0800] "GET /xingrg/kc/buy/cgsh_order_operate.html?command=get_materiel&rest_code=00106&code=00101008264&supplier_code=00100007&order_time=2022-06-18 HTTP/1.1" 200 412
114.86.224.81 - - [18/Jun/2022:12:07:03 +0800] "POST /xingrg/kc/buy/cgsh_order_operate.html HTTP/1.1" 200 37
114.86.224.81 - - [18/Jun/2022:12:07:04 +0800] "POST /xingrg/kc/buy/cgsh_order_operate.html HTTP/1.1" 200 6227
114.86.224.81 - - [18/Jun/2022:12:07:05 +0800] "GET /xingrg/kc/print/load_config.html?kc_code=cgsh HTTP/1.1" 200 1943
114.86.224.81 - - [18/Jun/2022:12:07:05 +0800] "GET /xingrg/kc/print/load_data.html?order_code=212022061802013&kc_code=cgsh&condition= HTTP/1.1" 200 2031
222.69.144.95 - - [18/Jun/2022:12:07:05 +0800] "GET /xingrg/all/function/internal_message.html?_=1655525253949&CODE_STATE=getMsg HTTP/1.1" 200 27
114.86.224.81 - - [18/Jun/2022:12:07:09 +0800] "GET /xingrg/kc/buy/cgsh_order_add.html HTTP/1.1" 200 67820
114.86.224.81 - - [18/Jun/2022:12:07:09 +0800] "POST /xingrg/kc/buy/cgsh_order_operate.html HTTP/1.1" 200 8245
114.86.224.81 - - [18/Jun/2022:12:07:09 +0800] "GET /xingrg/all/common/auto_word.html?type=employee&rest_code=00109 HTTP/1.1" 200 255
114.86.224.81 - - [18/Jun/2022:12:07:09 +0800] "GET /xingrg/all/common/auto_word.html?type=employee&rest_code=00109 HTTP/1.1" 200 255
114.86.224.81 - - [18/Jun/2022:12:07:09 +0800] "GET /xingrg/javascript/easyui/themes/default/validatebox.css HTTP/1.1" 404 1104
114.86.224.81 - - [18/Jun/2022:12:07:13 +0800] "GET /xingrg/javascript/jquery_tools/images/prev.gif HTTP/1.1" 404 1086
114.86.224.81 - - [18/Jun/2022:12:07:13 +0800] "GET /xingrg/javascript/jquery_tools/images/next.gif HTTP/1.1" 404 1086
180.169.147.146 - - [18/Jun/2022:12:07:13 +0800] "GET /xingrg/all/function/internal_message.html?_=1655525229306&CODE_STATE=getMsg HTTP/1.1" 200 27
114.95.43.0 - - [18/Jun/2022:12:07:17 +0800] "GET /xingrg/all/function/internal_message.html?_=1655525234748&CODE_STATE=getMsg HTTP/1.1" 200 27
61.170.232.109 - - [18/Jun/2022:12:07:17 +0800] "GET /xingrg/kc/buy/cgsh_order_operate.html?command=get_materiel&rest_code=00106&code=00101008356&supplier_code=00100007&order_time=2022-06-18 HTTP/1.1" 200 410
116.230.110.173 - - [18/Jun/2022:12:07:21 +0800] "GET /xingrg/all/function/internal_message.html?_=1655525233511&CODE_STATE=getMsg HTTP/1.1" 200 27
116.228.172.94 - - [18/Jun/2022:12:07:21 +0800] "GET /xingrg/all/function/internal_message.html?_=1655525098363&CODE_STATE=getMsg HTTP/1.1" 200 27
116.235.92.88 - - [18/Jun/2022:12:07:22 +0800] "GET /xingrg/check_reg.html?_=1655525418762 HTTP/1.1" 200 22
116.235.92.88 - - [18/Jun/2022:12:07:22 +0800] "GET /xingrg/all/function/internal_message.html?_=1655525418763&CODE_STATE=getMsg HTTP/1.1" 200 27
114.95.43.0 - - [18/Jun/2022:12:07:24 +0800] "GET /xingrg/check_reg.html?_=1655525241220 HTTP/1.1" 200 22
58.35.194.53 - - [18/Jun/2022:12:07:28 +0800] "GET /xingrg/all/function/internal_message.html?_=1655525243968&CODE_STATE=getMsg HTTP/1.1" 200 27
180.156.212.250 - - [18/Jun/2022:12:07:33 +0800] "GET /xingrg/all/function/internal_message.html?_=1655525279181&CODE_STATE=getMsg HTTP/1.1" 200 27
114.86.224.81 - - [18/Jun/2022:12:07:33 +0800] "GET /xingrg/kc/buy/cgsh_order_operate.html?command=get_materiel&rest_code=00109&code=00101007027&supplier_code=00100547&order_time=2022-06-17 HTTP/1.1" 200 421
58.40.7.146 - - [18/Jun/2022:12:07:34 +0800] "GET /xingrg/all/function/internal_message.html?_=1655525273890&CODE_STATE=getMsg HTTP/1.1" 200 27
114.86.224.81 - - [18/Jun/2022:12:07:35 +0800] "GET /xingrg/all/function/internal_message.html?_=1655525252379&CODE_STATE=getMsg HTTP/1.1" 200 27
61.170.232.109 - - [18/Jun/2022:12:07:40 +0800] "GET /xingrg/kc/buy/cgsh_order_operate.html?command=get_materiel&rest_code=00106&code=00101008300&supplier_code=00100007&order_time=2022-06-18 HTTP/1.1" 200 412
114.95.43.0 - - [18/Jun/2022:12:07:43 +0800] "GET /xingrg/all/function/internal_message.html?_=1655525169340&CODE_STATE=getMsg HTTP/1.1" 200 27
114.86.224.81 - - [18/Jun/2022:12:07:48 +0800] "POST /xingrg/kc/buy/cgsh_order_operate.html HTTP/1.1" 200 37
114.95.43.0 - - [18/Jun/2022:12:07:48 +0800] "GET /xingrg/check_reg.html?_=1655525174491 HTTP/1.1" 200 22
61.170.232.109 - - [18/Jun/2022:12:07:48 +0800] "GET /xingrg/all/function/internal_message.html?_=1655525268284&CODE_STATE=getMsg HTTP/1.1" 200 27
114.88.162.248 - - [18/Jun/2022:12:07:49 +0800] "GET /xingrg/check_reg.html?_=1655525261851 HTTP/1.1" 200 22
114.88.162.248 - - [18/Jun/2022:12:07:49 +0800] "GET /xingrg/all/function/internal_message.html?_=1655525261850&CODE_STATE=getMsg HTTP/1.1" 200 27
114.86.224.81 - - [18/Jun/2022:12:07:49 +0800] "POST /xingrg/kc/buy/cgsh_order_operate.html HTTP/1.1" 200 2666
114.86.224.81 - - [18/Jun/2022:12:07:50 +0800] "GET /xingrg/kc/print/load_config.html?kc_code=cgsh HTTP/1.1" 200 1943
218.81.223.53 - - [18/Jun/2022:12:07:50 +0800] "GET /xingrg/all/function/internal_message.html?_=1655525280748&CODE_STATE=getMsg HTTP/1.1" 200 27
218.81.223.53 - - [18/Jun/2022:12:07:50 +0800] "GET /xingrg/check_reg.html?_=1655525278308 HTTP/1.1" 302 -
114.86.224.81 - - [18/Jun/2022:12:07:50 +0800] "GET /xingrg/kc/print/load_data.html?order_code=212022061802014&kc_code=cgsh&condition= HTTP/1.1" 200 643
218.81.223.53 - - [18/Jun/2022:12:07:53 +0800] "GET /xingrg/all/function/internal_message.html?_=1655525280874&CODE_STATE=getMsg HTTP/1.1" 302 -
101.85.120.86 - - [18/Jun/2022:12:07:54 +0800] "GET /xingrg/all/function/internal_message.html?_=1655525263244&CODE_STATE=getMsg HTTP/1.1" 200 27
114.86.224.81 - - [18/Jun/2022:12:07:54 +0800] "GET /xingrg/kc/buy/cgsh_order_add.html HTTP/1.1" 200 67820
114.86.224.81 - - [18/Jun/2022:12:07:54 +0800] "POST /xingrg/kc/buy/cgsh_order_operate.html HTTP/1.1" 200 8245
114.86.224.81 - - [18/Jun/2022:12:07:54 +0800] "GET /xingrg/all/common/auto_word.html?type=employee&rest_code=00109 HTTP/1.1" 200 255
114.86.224.81 - - [18/Jun/2022:12:07:54 +0800] "GET /xingrg/all/common/auto_word.html?type=employee&rest_code=00109 HTTP/1.1" 200 255
114.86.224.81 - - [18/Jun/2022:12:07:54 +0800] "GET /xingrg/javascript/easyui/themes/default/validatebox.css HTTP/1.1" 404 1104
101.83.223.227 - - [18/Jun/2022:12:07:55 +0800] "GET /xingrg/check_reg.html?_=1655525233803 HTTP/1.1" 200 22
101.83.223.227 - - [18/Jun/2022:12:07:55 +0800] "GET /xingrg/all/function/internal_message.html?_=1655525233854&CODE_STATE=getMsg HTTP/1.1" 200 27
114.86.224.81 - - [18/Jun/2022:12:07:59 +0800] "GET /xingrg/javascript/jquery_tools/images/next.gif HTTP/1.1" 404 1086
114.86.224.81 - - [18/Jun/2022:12:07:59 +0800] "GET /xingrg/javascript/jquery_tools/images/prev.gif HTTP/1.1" 404 1086
222.69.144.95 - - [18/Jun/2022:12:08:05 +0800] "GET /xingrg/all/function/internal_message.html?_=1655525313931&CODE_STATE=getMsg HTTP/1.1" 200 27
114.86.224.81 - - [18/Jun/2022:12:08:05 +0800] "GET /xingrg/kc/buy/cgsh_order_operate.html?command=get_materiel&rest_code=00109&code=00101001040&supplier_code=00100090&order_time=2022-06-18 HTTP/1.1" 200 437
222.69.144.95 - - [18/Jun/2022:12:08:07 +0800] "GET /xingrg/check_reg.html?_=1655525316003 HTTP/1.1" 200 22
61.170.232.109 - - [18/Jun/2022:12:08:08 +0800] "GET /xingrg/kc/buy/cgsh_order_operate.html?command=get_materiel&rest_code=00106&code=00101008286&supplier_code=00100007&order_time=2022-06-18 HTTP/1.1" 200 408
114.86.224.81 - - [18/Jun/2022:12:08:12 +0800] "GET /xingrg/kc/buy/cgsh_order_operate.html?command=get_materiel&rest_code=00109&code=00101001140&supplier_code=00100090&order_time=2022-06-18 HTTP/1.1" 200 431
180.169.147.146 - - [18/Jun/2022:12:08:13 +0800] "GET /xingrg/all/function/internal_message.html?_=1655525289305&CODE_STATE=getMsg HTTP/1.1" 200 27
114.95.43.0 - - [18/Jun/2022:12:08:17 +0800] "GET /xingrg/all/function/internal_message.html?_=1655525294717&CODE_STATE=getMsg HTTP/1.1" 200 27
114.86.224.81 - - [18/Jun/2022:12:08:19 +0800] "GET /xingrg/kc/buy/cgsh_order_operate.html?command=get_materiel&rest_code=00109&code=00101001125&supplier_code=00100090&order_time=2022-06-18 HTTP/1.1" 200 415
116.230.110.173 - - [18/Jun/2022:12:08:21 +0800] "GET /xingrg/all/function/internal_message.html?_=1655525293512&CODE_STATE=getMsg HTTP/1.1" 200 27
116.228.172.94 - - [18/Jun/2022:12:08:21 +0800] "GET /xingrg/all/function/internal_message.html?_=1655525158382&CODE_STATE=getMsg HTTP/1.1" 200 27
116.235.92.88 - - [18/Jun/2022:12:08:22 +0800] "GET /xingrg/all/function/internal_message.html?_=1655525478761&CODE_STATE=getMsg HTTP/1.1" 200 27
61.170.232.109 - - [18/Jun/2022:12:08:28 +0800] "GET /xingrg/kc/buy/cgsh_order_operate.html?command=get_materiel&rest_code=00106&code=00101008036&supplier_code=00100007&order_time=2022-06-18 HTTP/1.1" 200 423
58.35.194.53 - - [18/Jun/2022:12:08:28 +0800] "GET /xingrg/all/function/internal_message.html?_=1655525303954&CODE_STATE=getMsg HTTP/1.1" 200 27
114.86.224.81 - - [18/Jun/2022:12:08:28 +0800] "GET /xingrg/kc/buy/cgsh_order_operate.html?command=get_materiel&rest_code=00109&code=00101004065&supplier_code=00100090&order_time=2022-06-18 HTTP/1.1" 200 429
180.156.212.250 - - [18/Jun/2022:12:08:33 +0800] "GET /xingrg/all/function/internal_message.html?_=1655525339183&CODE_STATE=getMsg HTTP/1.1" 200 27
58.40.7.146 - - [18/Jun/2022:12:08:34 +0800] "GET /xingrg/all/function/internal_message.html?_=1655525333892&CODE_STATE=getMsg HTTP/1.1" 200 27
114.86.224.81 - - [18/Jun/2022:12:08:34 +0800] "GET /xingrg/kc/buy/cgsh_order_operate.html?command=get_materiel&rest_code=00109&code=00101001037&supplier_code=00100090&order_time=2022-06-18 HTTP/1.1" 200 417
114.86.224.81 - - [18/Jun/2022:12:08:35 +0800] "GET /xingrg/all/function/internal_message.html?_=1655525312378&CODE_STATE=getMsg HTTP/1.1" 200 27
114.86.224.81 - - [18/Jun/2022:12:08:35 +0800] "GET /xingrg/check_reg.html?_=1655525312380 HTTP/1.1" 200 22
114.95.43.0 - - [18/Jun/2022:12:08:43 +0800] "GET /xingrg/all/function/internal_message.html?_=1655525229313&CODE_STATE=getMsg HTTP/1.1" 200 27
218.81.223.53 - - [18/Jun/2022:12:08:44 +0800] "GET /xingrg/check_reg.html?_=1655525334587 HTTP/1.1" 200 22
61.170.232.109 - - [18/Jun/2022:12:08:48 +0800] "GET /xingrg/all/function/internal_message.html?_=1655525328261&CODE_STATE=getMsg HTTP/1.1" 200 27
114.88.162.248 - - [18/Jun/2022:12:08:49 +0800] "GET /xingrg/all/function/internal_message.html?_=1655525321849&CODE_STATE=getMsg HTTP/1.1" 200 27
218.81.223.53 - - [18/Jun/2022:12:08:50 +0800] "GET /xingrg/all/function/internal_message.html?_=1655525340760&CODE_STATE=getMsg HTTP/1.1" 200 27
114.86.224.81 - - [18/Jun/2022:12:08:51 +0800] "POST /xingrg/kc/buy/cgsh_order_operate.html HTTP/1.1" 200 37
114.86.224.81 - - [18/Jun/2022:12:08:52 +0800] "POST /xingrg/kc/buy/cgsh_order_operate.html HTTP/1.1" 200 5054
61.170.232.109 - - [18/Jun/2022:12:08:53 +0800] "GET /xingrg/kc/buy/cgsh_order_operate.html?command=get_materiel&rest_code=00106&code=00101008152&supplier_code=00100007&order_time=2022-06-18 HTTP/1.1" 200 408
218.81.223.53 - - [18/Jun/2022:12:08:53 +0800] "GET /xingrg/all/function/internal_message.html?_=1655525340893&CODE_STATE=getMsg HTTP/1.1" 302 -
114.86.224.81 - - [18/Jun/2022:12:08:53 +0800] "GET /xingrg/kc/print/load_config.html?kc_code=cgsh HTTP/1.1" 200 1943
114.86.224.81 - - [18/Jun/2022:12:08:53 +0800] "GET /xingrg/kc/print/load_data.html?order_code=212022061802015&kc_code=cgsh&condition= HTTP/1.1" 200 1661
101.85.120.86 - - [18/Jun/2022:12:08:54 +0800] "GET /xingrg/all/function/internal_message.html?_=1655525323247&CODE_STATE=getMsg HTTP/1.1" 200 27
101.83.223.227 - - [18/Jun/2022:12:08:55 +0800] "GET /xingrg/all/function/internal_message.html?_=1655525293867&CODE_STATE=getMsg HTTP/1.1" 200 27
222.69.144.95 - - [18/Jun/2022:12:09:05 +0800] "GET /xingrg/all/function/internal_message.html?_=1655525373916&CODE_STATE=getMsg HTTP/1.1" 200 27
180.169.147.146 - - [18/Jun/2022:12:09:13 +0800] "GET /xingrg/all/function/internal_message.html?_=1655525349303&CODE_STATE=getMsg HTTP/1.1" 200 27
61.170.232.109 - - [18/Jun/2022:12:09:15 +0800] "GET /xingrg/kc/buy/cgsh_order_operate.html?command=get_materiel&rest_code=00106&code=00101008233&supplier_code=00100007&order_time=2022-06-18 HTTP/1.1" 200 408
114.95.43.0 - - [18/Jun/2022:12:09:17 +0800] "GET /xingrg/all/function/internal_message.html?_=1655525354691&CODE_STATE=getMsg HTTP/1.1" 200 27
116.230.110.173 - - [18/Jun/2022:12:09:21 +0800] "GET /xingrg/check_reg.html?_=1655525353504 HTTP/1.1" 200 22
116.230.110.173 - - [18/Jun/2022:12:09:21 +0800] "GET /xingrg/all/function/internal_message.html?_=1655525353507&CODE_STATE=getMsg HTTP/1.1" 200 27
116.228.172.94 - - [18/Jun/2022:12:09:21 +0800] "GET /xingrg/all/function/internal_message.html?_=1655525218364&CODE_STATE=getMsg HTTP/1.1" 200 27
116.235.92.88 - - [18/Jun/2022:12:09:22 +0800] "GET /xingrg/all/function/internal_message.html?_=1655525538759&CODE_STATE=getMsg HTTP/1.1" 200 27
58.35.194.53 - - [18/Jun/2022:12:09:28 +0800] "GET /xingrg/all/function/internal_message.html?_=1655525363924&CODE_STATE=getMsg HTTP/1.1" 200 27
180.156.212.250 - - [18/Jun/2022:12:09:33 +0800] "GET /xingrg/all/function/internal_message.html?_=1655525399185&CODE_STATE=getMsg HTTP/1.1" 200 27
58.40.7.146 - - [18/Jun/2022:12:09:34 +0800] "GET /xingrg/all/function/internal_message.html?_=1655525393897&CODE_STATE=getMsg HTTP/1.1" 200 27
58.40.7.146 - - [18/Jun/2022:12:09:34 +0800] "GET /xingrg/check_reg.html?_=1655525393898 HTTP/1.1" 200 22
114.86.224.81 - - [18/Jun/2022:12:09:35 +0800] "GET /xingrg/all/function/internal_message.html?_=1655525372380&CODE_STATE=getMsg HTTP/1.1" 200 27
61.170.232.109 - - [18/Jun/2022:12:09:36 +0800] "GET /xingrg/kc/buy/cgsh_order_operate.html?command=get_materiel&rest_code=00106&code=00101008318&supplier_code=00100007&order_time=2022-06-18 HTTP/1.1" 200 408
114.95.43.0 - - [18/Jun/2022:12:09:43 +0800] "GET /xingrg/all/function/internal_message.html?_=1655525289282&CODE_STATE=getMsg HTTP/1.1" 200 27
61.170.232.109 - - [18/Jun/2022:12:09:48 +0800] "GET /xingrg/all/function/internal_message.html?_=1655525388240&CODE_STATE=getMsg HTTP/1.1" 200 27
114.88.162.248 - - [18/Jun/2022:12:09:49 +0800] "GET /xingrg/all/function/internal_message.html?_=1655525381849&CODE_STATE=getMsg HTTP/1.1" 200 27
61.170.232.109 - - [18/Jun/2022:12:09:49 +0800] "GET /xingrg/kc/buy/cgsh_order_operate.html?command=get_materiel&rest_code=00106&code=00101008352&supplier_code=00100007&order_time=2022-06-18 HTTP/1.1" 200 414
218.81.223.53 - - [18/Jun/2022:12:09:50 +0800] "GET /xingrg/all/function/internal_message.html?_=1655525400774&CODE_STATE=getMsg HTTP/1.1" 200 27
218.81.223.53 - - [18/Jun/2022:12:09:53 +0800] "GET /xingrg/all/function/internal_message.html?_=1655525400900&CODE_STATE=getMsg HTTP/1.1" 302 -
101.85.120.86 - - [18/Jun/2022:12:09:54 +0800] "GET /xingrg/all/function/internal_message.html?_=1655525383249&CODE_STATE=getMsg HTTP/1.1" 200 27
101.83.223.227 - - [18/Jun/2022:12:09:55 +0800] "GET /xingrg/all/function/internal_message.html?_=1655525353882&CODE_STATE=getMsg HTTP/1.1" 200 27
222.69.144.95 - - [18/Jun/2022:12:10:05 +0800] "GET /xingrg/all/function/internal_message.html?_=1655525433890&CODE_STATE=getMsg HTTP/1.1" 200 27
180.169.147.146 - - [18/Jun/2022:12:10:13 +0800] "GET /xingrg/all/function/internal_message.html?_=1655525409302&CODE_STATE=getMsg HTTP/1.1" 200 27
180.169.147.146 - - [18/Jun/2022:12:10:13 +0800] "GET /xingrg/check_reg.html?_=1655525409303 HTTP/1.1" 200 22
61.170.232.109 - - [18/Jun/2022:12:10:13 +0800] "GET /xingrg/kc/buy/cgsh_order_operate.html?command=get_materiel&rest_code=00106&code=00101008098&supplier_code=00100007&order_time=2022-06-18 HTTP/1.1" 200 412
114.95.43.0 - - [18/Jun/2022:12:10:17 +0800] "GET /xingrg/all/function/internal_message.html?_=1655525414668&CODE_STATE=getMsg HTTP/1.1" 200 27
116.230.110.173 - - [18/Jun/2022:12:10:21 +0800] "GET /xingrg/all/function/internal_message.html?_=1655525413497&CODE_STATE=getMsg HTTP/1.1" 200 27
116.228.172.94 - - [18/Jun/2022:12:10:21 +0800] "GET /xingrg/check_reg.html?_=1655525278357 HTTP/1.1" 200 22
116.228.172.94 - - [18/Jun/2022:12:10:21 +0800] "GET /xingrg/all/function/internal_message.html?_=1655525278358&CODE_STATE=getMsg HTTP/1.1" 200 27
116.235.92.88 - - [18/Jun/2022:12:10:22 +0800] "GET /xingrg/all/function/internal_message.html?_=1655525598763&CODE_STATE=getMsg HTTP/1.1" 200 27
58.35.194.53 - - [18/Jun/2022:12:10:28 +0800] "GET /xingrg/all/function/internal_message.html?_=1655525423894&CODE_STATE=getMsg HTTP/1.1" 200 27
61.170.232.109 - - [18/Jun/2022:12:10:32 +0800] "GET /xingrg/kc/buy/cgsh_order_operate.html?command=get_materiel&rest_code=00106&code=00101008283&supplier_code=00100007&order_time=2022-06-18 HTTP/1.1" 200 408
101.83.223.227 - - [18/Jun/2022:12:10:32 +0800] "GET /xingrg/check_reg.html?_=1655525428646 HTTP/1.1" 302 -
101.83.223.227 - - [18/Jun/2022:12:10:32 +0800] "GET /xingrg/login.html HTTP/1.1" 200 7641
180.156.212.250 - - [18/Jun/2022:12:10:33 +0800] "GET /xingrg/all/function/internal_message.html?_=1655525459186&CODE_STATE=getMsg HTTP/1.1" 200 27
58.40.7.146 - - [18/Jun/2022:12:10:34 +0800] "GET /xingrg/all/function/internal_message.html?_=1655525453914&CODE_STATE=getMsg HTTP/1.1" 200 27
114.86.224.81 - - [18/Jun/2022:12:10:35 +0800] "GET /xingrg/all/function/internal_message.html?_=1655525432382&CODE_STATE=getMsg HTTP/1.1" 200 27
114.95.43.0 - - [18/Jun/2022:12:10:43 +0800] "GET /xingrg/all/function/internal_message.html?_=1655525349267&CODE_STATE=getMsg HTTP/1.1" 200 27
114.84.82.172 - - [18/Jun/2022:12:10:44 +0800] "GET /xingrg/check_reg.html?_=1655525441363 HTTP/1.1" 200 22
61.170.232.109 - - [18/Jun/2022:12:10:44 +0800] "GET /xingrg/kc/buy/cgsh_order_operate.html?command=get_materiel&rest_code=00106&code=00101008182&supplier_code=00100007&order_time=2022-06-18 HTTP/1.1" 200 413
61.170.232.109 - - [18/Jun/2022:12:10:48 +0800] "GET /xingrg/all/function/internal_message.html?_=1655525448218&CODE_STATE=getMsg HTTP/1.1" 200 27
114.88.162.248 - - [18/Jun/2022:12:10:49 +0800] "GET /xingrg/all/function/internal_message.html?_=1655525441848&CODE_STATE=getMsg HTTP/1.1" 200 27
61.170.232.109 - - [18/Jun/2022:12:10:49 +0800] "GET /xingrg/check_reg.html?_=1655525449393 HTTP/1.1" 200 22
58.35.194.53 - - [18/Jun/2022:12:10:50 +0800] "GET /xingrg/check_reg.html?_=1655525445832 HTTP/1.1" 200 22
218.81.223.53 - - [18/Jun/2022:12:10:50 +0800] "GET /xingrg/all/function/internal_message.html?_=1655525460887&CODE_STATE=getMsg HTTP/1.1" 200 27
218.81.223.53 - - [18/Jun/2022:12:10:53 +0800] "GET /xingrg/all/function/internal_message.html?_=1655525460920&CODE_STATE=getMsg HTTP/1.1" 302 -
101.85.120.86 - - [18/Jun/2022:12:10:54 +0800] "GET /xingrg/check_reg.html?_=1655525443236 HTTP/1.1" 200 22
101.85.120.86 - - [18/Jun/2022:12:10:54 +0800] "GET /xingrg/all/function/internal_message.html?_=1655525443240&CODE_STATE=getMsg HTTP/1.1" 200 27
101.83.223.227 - - [18/Jun/2022:12:10:55 +0800] "GET /xingrg/all/function/internal_message.html?_=1655525413904&CODE_STATE=getMsg HTTP/1.1" 200 27
222.69.144.95 - - [18/Jun/2022:12:11:05 +0800] "GET /xingrg/all/function/internal_message.html?_=1655525493879&CODE_STATE=getMsg HTTP/1.1" 200 27
61.170.232.109 - - [18/Jun/2022:12:11:11 +0800] "GET /xingrg/kc/buy/cgsh_order_operate.html?command=get_materiel&rest_code=00106&code=00101008312&supplier_code=00100007&order_time=2022-06-18 HTTP/1.1" 200 428
180.169.147.146 - - [18/Jun/2022:12:11:13 +0800] "GET /xingrg/all/function/internal_message.html?_=1655525469302&CODE_STATE=getMsg HTTP/1.1" 200 27
114.95.43.0 - - [18/Jun/2022:12:11:17 +0800] "GET /xingrg/all/function/internal_message.html?_=1655525474650&CODE_STATE=getMsg HTTP/1.1" 200 27
61.170.232.109 - - [18/Jun/2022:12:11:18 +0800] "POST /xingrg/kc/buy/cgsh_order_operate.html HTTP/1.1" 200 2065
116.230.110.173 - - [18/Jun/2022:12:11:21 +0800] "GET /xingrg/all/function/internal_message.html?_=1655525473509&CODE_STATE=getMsg HTTP/1.1" 200 27
116.228.172.94 - - [18/Jun/2022:12:11:21 +0800] "GET /xingrg/all/function/internal_message.html?_=1655525338371&CODE_STATE=getMsg HTTP/1.1" 200 27
116.235.92.88 - - [18/Jun/2022:12:11:22 +0800] "GET /xingrg/all/function/internal_message.html?_=1655525658762&CODE_STATE=getMsg HTTP/1.1" 200 27
58.35.194.53 - - [18/Jun/2022:12:11:28 +0800] "GET /xingrg/all/function/internal_message.html?_=1655525483864&CODE_STATE=getMsg HTTP/1.1" 200 27
61.170.232.109 - - [18/Jun/2022:12:11:30 +0800] "GET /xingrg/kc/buy/cgsh_order_operate.html?command=get_materiel&rest_code=00106&code=00101008010&supplier_code=00100007&order_time=2022-06-18 HTTP/1.1" 200 428
180.156.212.250 - - [18/Jun/2022:12:11:33 +0800] "GET /xingrg/check_reg.html?_=1655525519187 HTTP/1.1" 200 22
180.156.212.250 - - [18/Jun/2022:12:11:33 +0800] "GET /xingrg/all/function/internal_message.html?_=1655525519191&CODE_STATE=getMsg HTTP/1.1" 200 27
58.40.7.146 - - [18/Jun/2022:12:11:34 +0800] "GET /xingrg/all/function/internal_message.html?_=1655525513913&CODE_STATE=getMsg HTTP/1.1" 200 27
114.86.224.81 - - [18/Jun/2022:12:11:35 +0800] "GET /xingrg/all/function/internal_message.html?_=1655525492384&CODE_STATE=getMsg HTTP/1.1" 200 27
114.95.43.0 - - [18/Jun/2022:12:11:43 +0800] "GET /xingrg/all/function/internal_message.html?_=1655525409253&CODE_STATE=getMsg HTTP/1.1" 200 27
61.170.232.109 - - [18/Jun/2022:12:11:48 +0800] "GET /xingrg/all/function/internal_message.html?_=1655525508224&CODE_STATE=getMsg HTTP/1.1" 200 27
114.88.162.248 - - [18/Jun/2022:12:11:49 +0800] "GET /xingrg/all/function/internal_message.html?_=1655525501848&CODE_STATE=getMsg HTTP/1.1" 200 27
218.81.223.53 - - [18/Jun/2022:12:11:50 +0800] "GET /xingrg/all/function/internal_message.html?_=1655525520895&CODE_STATE=getMsg HTTP/1.1" 200 27
218.81.223.53 - - [18/Jun/2022:12:11:53 +0800] "GET /xingrg/all/function/internal_message.html?_=1655525520927&CODE_STATE=getMsg HTTP/1.1" 302 -
101.85.120.86 - - [18/Jun/2022:12:11:54 +0800] "GET /xingrg/all/function/internal_message.html?_=1655525503239&CODE_STATE=getMsg HTTP/1.1" 200 27
101.83.223.227 - - [18/Jun/2022:12:11:55 +0800] "GET /xingrg/all/function/internal_message.html?_=1655525473908&CODE_STATE=getMsg HTTP/1.1" 200 27
222.69.144.95 - - [18/Jun/2022:12:12:05 +0800] "GET /xingrg/all/function/internal_message.html?_=1655525553854&CODE_STATE=getMsg HTTP/1.1" 200 27
180.169.147.146 - - [18/Jun/2022:12:12:13 +0800] "GET /xingrg/all/function/internal_message.html?_=1655525529301&CODE_STATE=getMsg HTTP/1.1" 200 27
114.95.43.0 - - [18/Jun/2022:12:12:17 +0800] "GET /xingrg/all/function/internal_message.html?_=1655525534650&CODE_STATE=getMsg HTTP/1.1" 200 27
116.230.110.173 - - [18/Jun/2022:12:12:21 +0800] "GET /xingrg/all/function/internal_message.html?_=1655525533497&CODE_STATE=getMsg HTTP/1.1" 200 27
116.228.172.94 - - [18/Jun/2022:12:12:21 +0800] "GET /xingrg/all/function/internal_message.html?_=1655525398373&CODE_STATE=getMsg HTTP/1.1" 200 27
116.235.92.88 - - [18/Jun/2022:12:12:22 +0800] "GET /xingrg/check_reg.html?_=1655525718761 HTTP/1.1" 200 22
116.235.92.88 - - [18/Jun/2022:12:12:22 +0800] "GET /xingrg/all/function/internal_message.html?_=1655525718762&CODE_STATE=getMsg HTTP/1.1" 200 27
114.95.43.0 - - [18/Jun/2022:12:12:24 +0800] "GET /xingrg/check_reg.html?_=1655525541189 HTTP/1.1" 200 22
58.35.194.53 - - [18/Jun/2022:12:12:28 +0800] "GET /xingrg/all/function/internal_message.html?_=1655525543851&CODE_STATE=getMsg HTTP/1.1" 200 27
180.156.212.250 - - [18/Jun/2022:12:12:33 +0800] "GET /xingrg/all/function/internal_message.html?_=1655525579178&CODE_STATE=getMsg HTTP/1.1" 200 27
58.40.7.146 - - [18/Jun/2022:12:12:34 +0800] "GET /xingrg/all/function/internal_message.html?_=1655525573912&CODE_STATE=getMsg HTTP/1.1" 200 27
114.86.224.81 - - [18/Jun/2022:12:12:35 +0800] "GET /xingrg/all/function/internal_message.html?_=1655525552386&CODE_STATE=getMsg HTTP/1.1" 200 27
116.230.110.173 - - [18/Jun/2022:12:12:41 +0800] "POST /xingrg/services/DataTransmitService HTTP/1.1" 200 524
116.230.110.173 - - [18/Jun/2022:12:12:41 +0800] "POST /xingrg/services/DataTransmitService HTTP/1.1" 200 412
114.95.43.0 - - [18/Jun/2022:12:12:42 +0800] "GET /xingrg/all/function/internal_message.html?_=1655525469223&CODE_STATE=getMsg HTTP/1.1" 200 27
114.95.43.0 - - [18/Jun/2022:12:12:48 +0800] "GET /xingrg/check_reg.html?_=1655525474500 HTTP/1.1" 200 22
61.170.232.109 - - [18/Jun/2022:12:12:48 +0800] "GET /xingrg/all/function/internal_message.html?_=1655525568204&CODE_STATE=getMsg HTTP/1.1" 200 27
114.88.162.248 - - [18/Jun/2022:12:12:49 +0800] "GET /xingrg/all/function/internal_message.html?_=1655525561874&CODE_STATE=getMsg HTTP/1.1" 200 27
114.88.162.248 - - [18/Jun/2022:12:12:49 +0800] "GET /xingrg/check_reg.html?_=1655525561875 HTTP/1.1" 200 22
218.81.223.53 - - [18/Jun/2022:12:12:50 +0800] "GET /xingrg/check_reg.html?_=1655525578324 HTTP/1.1" 302 -
218.81.223.53 - - [18/Jun/2022:12:12:50 +0800] "GET /xingrg/all/function/internal_message.html?_=1655525581017&CODE_STATE=getMsg HTTP/1.1" 200 27
218.81.223.53 - - [18/Jun/2022:12:12:53 +0800] "GET /xingrg/all/function/internal_message.html?_=1655525580941&CODE_STATE=getMsg HTTP/1.1" 302 -
101.85.120.86 - - [18/Jun/2022:12:12:54 +0800] "GET /xingrg/all/function/internal_message.html?_=1655525563247&CODE_STATE=getMsg HTTP/1.1" 200 27
101.83.223.227 - - [18/Jun/2022:12:12:55 +0800] "GET /xingrg/check_reg.html?_=1655525533808 HTTP/1.1" 200 22
101.83.223.227 - - [18/Jun/2022:12:12:55 +0800] "GET /xingrg/all/function/internal_message.html?_=1655525533921&CODE_STATE=getMsg HTTP/1.1" 200 27
222.69.144.95 - - [18/Jun/2022:12:13:05 +0800] "GET /xingrg/all/function/internal_message.html?_=1655525613831&CODE_STATE=getMsg HTTP/1.1" 200 27
222.69.144.95 - - [18/Jun/2022:12:13:07 +0800] "GET /xingrg/check_reg.html?_=1655525615986 HTTP/1.1" 200 22
61.170.232.109 - - [18/Jun/2022:12:13:08 +0800] "GET /xingrg/kc/buy/cgsh_order_operate.html?command=get_materiel&rest_code=00106&code=00101011005&supplier_code=00100007&order_time=2022-06-18 HTTP/1.1" 200 408
180.169.147.146 - - [18/Jun/2022:12:13:13 +0800] "GET /xingrg/all/function/internal_message.html?_=1655525589304&CODE_STATE=getMsg HTTP/1.1" 200 27
114.95.43.0 - - [18/Jun/2022:12:13:17 +0800] "GET /xingrg/all/function/internal_message.html?_=1655525594589&CODE_STATE=getMsg HTTP/1.1" 200 27
116.230.110.173 - - [18/Jun/2022:12:13:21 +0800] "GET /xingrg/all/function/internal_message.html?_=1655525593512&CODE_STATE=getMsg HTTP/1.1" 200 27
116.228.172.94 - - [18/Jun/2022:12:13:21 +0800] "GET /xingrg/all/function/internal_message.html?_=1655525458363&CODE_STATE=getMsg HTTP/1.1" 200 27
116.235.92.88 - - [18/Jun/2022:12:13:22 +0800] "GET /xingrg/all/function/internal_message.html?_=1655525778761&CODE_STATE=getMsg HTTP/1.1" 200 27
58.35.194.53 - - [18/Jun/2022:12:13:28 +0800] "GET /xingrg/all/function/internal_message.html?_=1655525603836&CODE_STATE=getMsg HTTP/1.1" 200 27
180.156.212.250 - - [18/Jun/2022:12:13:33 +0800] "GET /xingrg/all/function/internal_message.html?_=1655525639189&CODE_STATE=getMsg HTTP/1.1" 200 27
58.40.7.146 - - [18/Jun/2022:12:13:34 +0800] "GET /xingrg/all/function/internal_message.html?_=1655525633899&CODE_STATE=getMsg HTTP/1.1" 200 27
114.86.224.81 - - [18/Jun/2022:12:13:35 +0800] "GET /xingrg/all/function/internal_message.html?_=1655525612389&CODE_STATE=getMsg HTTP/1.1" 200 27
114.86.224.81 - - [18/Jun/2022:12:13:35 +0800] "GET /xingrg/check_reg.html?_=1655525612390 HTTP/1.1" 200 22
114.95.43.0 - - [18/Jun/2022:12:13:42 +0800] "GET /xingrg/all/function/internal_message.html?_=1655525529197&CODE_STATE=getMsg HTTP/1.1" 200 27
218.81.223.53 - - [18/Jun/2022:12:13:44 +0800] "GET /xingrg/check_reg.html?_=1655525634594 HTTP/1.1" 200 22
61.170.232.109 - - [18/Jun/2022:12:13:48 +0800] "GET /xingrg/all/function/internal_message.html?_=1655525628176&CODE_STATE=getMsg HTTP/1.1" 200 27
114.88.162.248 - - [18/Jun/2022:12:13:49 +0800] "GET /xingrg/all/function/internal_message.html?_=1655525621873&CODE_STATE=getMsg HTTP/1.1" 200 27
218.81.223.53 - - [18/Jun/2022:12:13:50 +0800] "GET /xingrg/all/function/internal_message.html?_=1655525641031&CODE_STATE=getMsg HTTP/1.1" 200 27
218.81.223.53 - - [18/Jun/2022:12:13:53 +0800] "GET /xingrg/all/function/internal_message.html?_=1655525640963&CODE_STATE=getMsg HTTP/1.1" 302 -
101.85.120.86 - - [18/Jun/2022:12:13:54 +0800] "GET /xingrg/all/function/internal_message.html?_=1655525623237&CODE_STATE=getMsg HTTP/1.1" 200 27
101.83.223.227 - - [18/Jun/2022:12:13:55 +0800] "GET /xingrg/all/function/internal_message.html?_=1655525593936&CODE_STATE=getMsg HTTP/1.1" 200 27
222.69.144.95 - - [18/Jun/2022:12:14:05 +0800] "GET /xingrg/all/function/internal_message.html?_=1655525673820&CODE_STATE=getMsg HTTP/1.1" 200 27
180.169.147.146 - - [18/Jun/2022:12:14:13 +0800] "GET /xingrg/all/function/internal_message.html?_=1655525649302&CODE_STATE=getMsg HTTP/1.1" 200 27
114.95.43.0 - - [18/Jun/2022:12:14:17 +0800] "GET /xingrg/all/function/internal_message.html?_=1655525654565&CODE_STATE=getMsg HTTP/1.1" 200 27
116.230.110.173 - - [18/Jun/2022:12:14:21 +0800] "GET /xingrg/check_reg.html?_=1655525653513 HTTP/1.1" 200 22
116.230.110.173 - - [18/Jun/2022:12:14:21 +0800] "GET /xingrg/all/function/internal_message.html?_=1655525653514&CODE_STATE=getMsg HTTP/1.1" 200 27
116.228.172.94 - - [18/Jun/2022:12:14:21 +0800] "GET /xingrg/all/function/internal_message.html?_=1655525518358&CODE_STATE=getMsg HTTP/1.1" 200 27
116.235.92.88 - - [18/Jun/2022:12:14:22 +0800] "GET /xingrg/all/function/internal_message.html?_=1655525838760&CODE_STATE=getMsg HTTP/1.1" 200 27
58.35.194.53 - - [18/Jun/2022:12:14:28 +0800] "GET /xingrg/all/function/internal_message.html?_=1655525663821&CODE_STATE=getMsg HTTP/1.1" 200 27
180.156.212.250 - - [18/Jun/2022:12:14:33 +0800] "GET /xingrg/all/function/internal_message.html?_=1655525699191&CODE_STATE=getMsg HTTP/1.1" 200 27
114.84.147.169 - - [18/Jun/2022:12:14:33 +0800] "POST /xingrg/services/DataTransmitService HTTP/1.1" 200 524
58.40.7.146 - - [18/Jun/2022:12:14:34 +0800] "GET /xingrg/check_reg.html?_=1655525693901 HTTP/1.1" 200 22
58.40.7.146 - - [18/Jun/2022:12:14:34 +0800] "GET /xingrg/all/function/internal_message.html?_=1655525693902&CODE_STATE=getMsg HTTP/1.1" 200 27
114.84.147.169 - - [18/Jun/2022:12:14:34 +0800] "POST /xingrg/services/DataTransmitService HTTP/1.1" 200 412
114.86.224.81 - - [18/Jun/2022:12:14:35 +0800] "GET /xingrg/all/function/internal_message.html?_=1655525672391&CODE_STATE=getMsg HTTP/1.1" 200 27
114.86.224.81 - - [18/Jun/2022:12:14:36 +0800] "GET /xingrg/kc/buy/cgsh_order_add.html HTTP/1.1" 200 67820
114.86.224.81 - - [18/Jun/2022:12:14:37 +0800] "POST /xingrg/kc/buy/cgsh_order_operate.html HTTP/1.1" 200 8245
114.86.224.81 - - [18/Jun/2022:12:14:37 +0800] "GET /xingrg/all/common/auto_word.html?type=employee&rest_code=00109 HTTP/1.1" 200 255
114.86.224.81 - - [18/Jun/2022:12:14:37 +0800] "GET /xingrg/all/common/auto_word.html?type=employee&rest_code=00109 HTTP/1.1" 200 255
114.86.224.81 - - [18/Jun/2022:12:14:37 +0800] "GET /xingrg/javascript/easyui/themes/default/validatebox.css HTTP/1.1" 404 1104
114.86.224.81 - - [18/Jun/2022:12:14:39 +0800] "GET /xingrg/javascript/jquery_tools/images/next.gif HTTP/1.1" 404 1086
114.86.224.81 - - [18/Jun/2022:12:14:39 +0800] "GET /xingrg/javascript/jquery_tools/images/prev.gif HTTP/1.1" 404 1086
114.95.43.0 - - [18/Jun/2022:12:14:42 +0800] "GET /xingrg/all/function/internal_message.html?_=1655525589183&CODE_STATE=getMsg HTTP/1.1" 200 27
61.170.232.109 - - [18/Jun/2022:12:14:48 +0800] "GET /xingrg/all/function/internal_message.html?_=1655525688151&CODE_STATE=getMsg HTTP/1.1" 200 27
114.88.162.248 - - [18/Jun/2022:12:14:49 +0800] "GET /xingrg/all/function/internal_message.html?_=1655525681872&CODE_STATE=getMsg HTTP/1.1" 200 27
218.81.223.53 - - [18/Jun/2022:12:14:50 +0800] "GET /xingrg/all/function/internal_message.html?_=1655525701045&CODE_STATE=getMsg HTTP/1.1" 200 27
218.81.223.53 - - [18/Jun/2022:12:14:53 +0800] "GET /xingrg/all/function/internal_message.html?_=1655525700968&CODE_STATE=getMsg HTTP/1.1" 302 -
101.85.120.86 - - [18/Jun/2022:12:14:54 +0800] "GET /xingrg/all/function/internal_message.html?_=1655525683270&CODE_STATE=getMsg HTTP/1.1" 200 27
101.83.223.227 - - [18/Jun/2022:12:14:55 +0800] "GET /xingrg/all/function/internal_message.html?_=1655525653950&CODE_STATE=getMsg HTTP/1.1" 200 27
222.69.144.95 - - [18/Jun/2022:12:15:05 +0800] "GET /xingrg/all/function/internal_message.html?_=1655525733817&CODE_STATE=getMsg HTTP/1.1" 200 27
180.169.147.146 - - [18/Jun/2022:12:15:13 +0800] "GET /xingrg/check_reg.html?_=1655525709306 HTTP/1.1" 200 22
180.169.147.146 - - [18/Jun/2022:12:15:13 +0800] "GET /xingrg/all/function/internal_message.html?_=1655525709302&CODE_STATE=getMsg HTTP/1.1" 200 27
114.95.43.0 - - [18/Jun/2022:12:15:17 +0800] "GET /xingrg/all/function/internal_message.html?_=1655525714566&CODE_STATE=getMsg HTTP/1.1" 200 27
116.230.110.173 - - [18/Jun/2022:12:15:21 +0800] "GET /xingrg/all/function/internal_message.html?_=1655525713506&CODE_STATE=getMsg HTTP/1.1" 200 27
116.228.172.94 - - [18/Jun/2022:12:15:21 +0800] "GET /xingrg/check_reg.html?_=1655525578368 HTTP/1.1" 200 22
116.228.172.94 - - [18/Jun/2022:12:15:21 +0800] "GET /xingrg/all/function/internal_message.html?_=1655525578370&CODE_STATE=getMsg HTTP/1.1" 200 27
116.235.92.88 - - [18/Jun/2022:12:15:22 +0800] "GET /xingrg/all/function/internal_message.html?_=1655525898761&CODE_STATE=getMsg HTTP/1.1" 200 27
58.35.194.53 - - [18/Jun/2022:12:15:28 +0800] "GET /xingrg/all/function/internal_message.html?_=1655525723795&CODE_STATE=getMsg HTTP/1.1" 200 27
101.83.223.227 - - [18/Jun/2022:12:15:32 +0800] "GET /xingrg/check_reg.html?_=1655525728631 HTTP/1.1" 302 -
180.156.212.250 - - [18/Jun/2022:12:15:33 +0800] "GET /xingrg/all/function/internal_message.html?_=1655525759179&CODE_STATE=getMsg HTTP/1.1" 200 27
58.40.7.146 - - [18/Jun/2022:12:15:34 +0800] "GET /xingrg/all/function/internal_message.html?_=1655525753888&CODE_STATE=getMsg HTTP/1.1" 200 27
114.86.224.81 - - [18/Jun/2022:12:15:35 +0800] "GET /xingrg/all/function/internal_message.html?_=1655525732393&CODE_STATE=getMsg HTTP/1.1" 200 27
114.95.43.0 - - [18/Jun/2022:12:15:42 +0800] "GET /xingrg/all/function/internal_message.html?_=1655525649152&CODE_STATE=getMsg HTTP/1.1" 200 27
114.84.82.172 - - [18/Jun/2022:12:15:44 +0800] "GET /xingrg/check_reg.html?_=1655525741338 HTTP/1.1" 200 22
61.170.232.109 - - [18/Jun/2022:12:15:48 +0800] "GET /xingrg/all/function/internal_message.html?_=1655525748123&CODE_STATE=getMsg HTTP/1.1" 200 27
114.88.162.248 - - [18/Jun/2022:12:15:49 +0800] "GET /xingrg/all/function/internal_message.html?_=1655525741871&CODE_STATE=getMsg HTTP/1.1" 200 27
61.170.232.109 - - [18/Jun/2022:12:15:49 +0800] "GET /xingrg/check_reg.html?_=1655525749374 HTTP/1.1" 200 22
58.35.194.53 - - [18/Jun/2022:12:15:50 +0800] "GET /xingrg/check_reg.html?_=1655525745842 HTTP/1.1" 200 22
218.81.223.53 - - [18/Jun/2022:12:15:51 +0800] "GET /xingrg/all/function/internal_message.html?_=1655525761162&CODE_STATE=getMsg HTTP/1.1" 200 27
114.86.224.81 - - [18/Jun/2022:12:15:53 +0800] "GET /xingrg/kc/buy/cgsh_order_operate.html?command=get_materiel&rest_code=00109&code=00101009007&supplier_code=00100022&order_time=2022-06-18 HTTP/1.1" 200 423
218.81.223.53 - - [18/Jun/2022:12:15:53 +0800] "GET /xingrg/all/function/internal_message.html?_=1655525760989&CODE_STATE=getMsg HTTP/1.1" 302 -
101.85.120.86 - - [18/Jun/2022:12:15:54 +0800] "GET /xingrg/check_reg.html?_=1655525743270 HTTP/1.1" 200 22
101.85.120.86 - - [18/Jun/2022:12:15:54 +0800] "GET /xingrg/all/function/internal_message.html?_=1655525743277&CODE_STATE=getMsg HTTP/1.1" 200 27
101.83.223.227 - - [18/Jun/2022:12:15:55 +0800] "GET /xingrg/all/function/internal_message.html?_=1655525713970&CODE_STATE=getMsg HTTP/1.1" 200 27
222.69.144.95 - - [18/Jun/2022:12:16:05 +0800] "GET /xingrg/all/function/internal_message.html?_=1655525793799&CODE_STATE=getMsg HTTP/1.1" 200 27
180.169.147.146 - - [18/Jun/2022:12:16:13 +0800] "GET /xingrg/all/function/internal_message.html?_=1655525769320&CODE_STATE=getMsg HTTP/1.1" 200 27
114.86.224.81 - - [18/Jun/2022:12:16:15 +0800] "GET /xingrg/kc/buy/cgsh_order_operate.html?command=get_materiel&rest_code=00109&code=00101009013&supplier_code=00100022&order_time=2022-06-18 HTTP/1.1" 200 420
180.169.147.146 - - [18/Jun/2022:12:16:16 +0800] "GET /xingrg/kc/buy/buy_main.html HTTP/1.1" 200 12412
180.169.147.146 - - [18/Jun/2022:12:16:16 +0800] "GET /xingrg/css/new_ie.css HTTP/1.1" 404 1036
180.169.147.146 - - [18/Jun/2022:12:16:16 +0800] "GET /xingrg/images/yd/bt.gif HTTP/1.1" 404 1040
180.169.147.146 - - [18/Jun/2022:12:16:17 +0800] "GET /xingrg/kc/buy/cgsh_order_list.html HTTP/1.1" 200 51968
114.95.43.0 - - [18/Jun/2022:12:16:17 +0800] "GET /xingrg/all/function/internal_message.html?_=1655525774534&CODE_STATE=getMsg HTTP/1.1" 200 27
180.169.147.146 - - [18/Jun/2022:12:16:18 +0800] "POST /xingrg/kc/buy/cgsh_list_operate.html HTTP/1.1" 200 693
116.230.110.173 - - [18/Jun/2022:12:16:21 +0800] "GET /xingrg/all/function/internal_message.html?_=1655525773515&CODE_STATE=getMsg HTTP/1.1" 200 27
116.228.172.94 - - [18/Jun/2022:12:16:21 +0800] "GET /xingrg/all/function/internal_message.html?_=1655525638363&CODE_STATE=getMsg HTTP/1.1" 200 27
116.235.92.88 - - [18/Jun/2022:12:16:22 +0800] "GET /xingrg/all/function/internal_message.html?_=1655525958760&CODE_STATE=getMsg HTTP/1.1" 200 27
58.35.194.53 - - [18/Jun/2022:12:16:28 +0800] "GET /xingrg/all/function/internal_message.html?_=1655525783782&CODE_STATE=getMsg HTTP/1.1" 200 27
180.156.212.250 - - [18/Jun/2022:12:16:33 +0800] "GET /xingrg/all/function/internal_message.html?_=1655525819179&CODE_STATE=getMsg HTTP/1.1" 200 27
180.156.212.250 - - [18/Jun/2022:12:16:33 +0800] "GET /xingrg/check_reg.html?_=1655525819184 HTTP/1.1" 200 22
58.40.7.146 - - [18/Jun/2022:12:16:34 +0800] "GET /xingrg/all/function/internal_message.html?_=1655525813890&CODE_STATE=getMsg HTTP/1.1" 200 27
114.86.224.81 - - [18/Jun/2022:12:16:34 +0800] "GET /xingrg/kc/buy/cgsh_order_operate.html?command=get_materiel&rest_code=00109&code=00101009063&supplier_code=00100022&order_time=2022-06-18 HTTP/1.1" 200 410
114.86.224.81 - - [18/Jun/2022:12:16:35 +0800] "GET /xingrg/all/function/internal_message.html?_=1655525792407&CODE_STATE=getMsg HTTP/1.1" 200 27
114.95.43.0 - - [18/Jun/2022:12:16:42 +0800] "GET /xingrg/all/function/internal_message.html?_=1655525709138&CODE_STATE=getMsg HTTP/1.1" 200 27
114.86.224.81 - - [18/Jun/2022:12:16:46 +0800] "GET /xingrg/kc/buy/cgsh_order_operate.html?command=get_materiel&rest_code=00109&code=00101009107&supplier_code=00100022&order_time=2022-06-18 HTTP/1.1" 200 410
61.170.232.109 - - [18/Jun/2022:12:16:48 +0800] "GET /xingrg/all/function/internal_message.html?_=1655525808094&CODE_STATE=getMsg HTTP/1.1" 200 27
114.88.162.248 - - [18/Jun/2022:12:16:49 +0800] "GET /xingrg/all/function/internal_message.html?_=1655525801871&CODE_STATE=getMsg HTTP/1.1" 200 27
218.81.223.53 - - [18/Jun/2022:12:16:51 +0800] "GET /xingrg/all/function/internal_message.html?_=1655525821165&CODE_STATE=getMsg HTTP/1.1" 200 27
218.81.223.53 - - [18/Jun/2022:12:16:53 +0800] "GET /xingrg/all/function/internal_message.html?_=1655525820995&CODE_STATE=getMsg HTTP/1.1" 302 -
101.85.120.86 - - [18/Jun/2022:12:16:54 +0800] "GET /xingrg/all/function/internal_message.html?_=1655525803262&CODE_STATE=getMsg HTTP/1.1" 200 27
114.86.224.81 - - [18/Jun/2022:12:16:54 +0800] "GET /xingrg/kc/buy/cgsh_order_operate.html?command=get_materiel&rest_code=00109&code=00101009112&supplier_code=00100022&order_time=2022-06-18 HTTP/1.1" 200 425
101.83.223.227 - - [18/Jun/2022:12:16:55 +0800] "GET /xingrg/all/function/internal_message.html?_=1655525773976&CODE_STATE=getMsg HTTP/1.1" 200 27
114.86.224.81 - - [18/Jun/2022:12:17:00 +0800] "GET /xingrg/javascript/auto/indicator.gif HTTP/1.1" 404 1066
222.69.144.95 - - [18/Jun/2022:12:17:05 +0800] "GET /xingrg/all/function/internal_message.html?_=1655525853769&CODE_STATE=getMsg HTTP/1.1" 200 27
180.169.147.146 - - [18/Jun/2022:12:17:13 +0800] "GET /xingrg/all/function/internal_message.html?_=1655525829327&CODE_STATE=getMsg HTTP/1.1" 200 27
180.156.212.250 - - [18/Jun/2022:12:17:13 +0800] "GET /xingrg/kc/mdqp/pssh_order_list.html HTTP/1.1" 200 17823
180.156.212.250 - - [18/Jun/2022:12:17:14 +0800] "POST /xingrg/kc/mdqp/pssh_list_operate.html HTTP/1.1" 200 5380
114.86.224.81 - - [18/Jun/2022:12:17:15 +0800] "GET /xingrg/kc/buy/cgsh_order_operate.html?command=get_materiel&rest_code=00109&code=00101009118&supplier_code=00100022&order_time=2022-06-18 HTTP/1.1" 200 420
114.95.43.0 - - [18/Jun/2022:12:17:17 +0800] "GET /xingrg/all/function/internal_message.html?_=1655525834510&CODE_STATE=getMsg HTTP/1.1" 200 27
116.230.110.173 - - [18/Jun/2022:12:17:21 +0800] "GET /xingrg/all/function/internal_message.html?_=1655525833515&CODE_STATE=getMsg HTTP/1.1" 200 27
116.228.172.94 - - [18/Jun/2022:12:17:21 +0800] "GET /xingrg/all/function/internal_message.html?_=1655525698368&CODE_STATE=getMsg HTTP/1.1" 200 27
114.86.224.81 - - [18/Jun/2022:12:17:22 +0800] "GET /xingrg/kc/buy/cgsh_order_operate.html?command=get_materiel&rest_code=00109&code=00101009124&supplier_code=00100022&order_time=2022-06-18 HTTP/1.1" 200 416
116.235.92.88 - - [18/Jun/2022:12:17:22 +0800] "GET /xingrg/check_reg.html?_=1655526018759 HTTP/1.1" 200 22
116.235.92.88 - - [18/Jun/2022:12:17:22 +0800] "GET /xingrg/all/function/internal_message.html?_=1655526018758&CODE_STATE=getMsg HTTP/1.1" 200 27
114.95.43.0 - - [18/Jun/2022:12:17:24 +0800] "GET /xingrg/check_reg.html?_=1655525841189 HTTP/1.1" 200 22
58.35.194.53 - - [18/Jun/2022:12:17:28 +0800] "GET /xingrg/all/function/internal_message.html?_=1655525843767&CODE_STATE=getMsg HTTP/1.1" 200 27
114.86.224.81 - - [18/Jun/2022:12:17:30 +0800] "GET /xingrg/kc/buy/cgsh_order_operate.html?command=get_materiel&rest_code=00109&code=00101009051&supplier_code=00100022&order_time=2022-06-18 HTTP/1.1" 200 424
180.156.212.250 - - [18/Jun/2022:12:17:33 +0800] "GET /xingrg/all/function/internal_message.html?_=1655525879192&CODE_STATE=getMsg HTTP/1.1" 200 27
58.40.7.146 - - [18/Jun/2022:12:17:34 +0800] "GET /xingrg/all/function/internal_message.html?_=1655525873895&CODE_STATE=getMsg HTTP/1.1" 200 27
114.86.224.81 - - [18/Jun/2022:12:17:35 +0800] "GET /xingrg/all/function/internal_message.html?_=1655525852398&CODE_STATE=getMsg HTTP/1.1" 200 27
114.95.43.0 - - [18/Jun/2022:12:17:42 +0800] "GET /xingrg/all/function/internal_message.html?_=1655525769123&CODE_STATE=getMsg HTTP/1.1" 200 27
114.86.224.81 - - [18/Jun/2022:12:17:45 +0800] "POST /xingrg/kc/buy/cgsh_order_operate.html HTTP/1.1" 200 37
114.86.224.81 - - [18/Jun/2022:12:17:47 +0800] "POST /xingrg/kc/buy/cgsh_order_operate.html HTTP/1.1" 200 6210
114.86.224.81 - - [18/Jun/2022:12:17:48 +0800] "GET /xingrg/kc/print/load_config.html?kc_code=cgsh HTTP/1.1" 200 1943
114.86.224.81 - - [18/Jun/2022:12:17:48 +0800] "GET /xingrg/kc/print/load_data.html?order_code=212022061802016&kc_code=cgsh&condition= HTTP/1.1" 200 2045
114.95.43.0 - - [18/Jun/2022:12:17:48 +0800] "GET /xingrg/check_reg.html?_=1655525774492 HTTP/1.1" 200 22
61.170.232.109 - - [18/Jun/2022:12:17:48 +0800] "GET /xingrg/all/function/internal_message.html?_=1655525868065&CODE_STATE=getMsg HTTP/1.1" 200 27
114.88.162.248 - - [18/Jun/2022:12:17:49 +0800] "GET /xingrg/check_reg.html?_=1655525861874 HTTP/1.1" 200 22
114.88.162.248 - - [18/Jun/2022:12:17:49 +0800] "GET /xingrg/all/function/internal_message.html?_=1655525861871&CODE_STATE=getMsg HTTP/1.1" 200 27
218.81.223.53 - - [18/Jun/2022:12:17:50 +0800] "GET /xingrg/check_reg.html?_=1655525878326 HTTP/1.1" 302 -
218.81.223.53 - - [18/Jun/2022:12:17:51 +0800] "GET /xingrg/all/function/internal_message.html?_=1655525881279&CODE_STATE=getMsg HTTP/1.1" 200 27
218.81.223.53 - - [18/Jun/2022:12:17:53 +0800] "GET /xingrg/all/function/internal_message.html?_=1655525881012&CODE_STATE=getMsg HTTP/1.1" 302 -
101.85.120.86 - - [18/Jun/2022:12:17:54 +0800] "GET /xingrg/all/function/internal_message.html?_=1655525863266&CODE_STATE=getMsg HTTP/1.1" 200 27
101.83.223.227 - - [18/Jun/2022:12:17:55 +0800] "GET /xingrg/check_reg.html?_=1655525833814 HTTP/1.1" 200 22
101.83.223.227 - - [18/Jun/2022:12:17:55 +0800] "GET /xingrg/all/function/internal_message.html?_=1655525833989&CODE_STATE=getMsg HTTP/1.1" 200 27
222.69.144.95 - - [18/Jun/2022:12:18:05 +0800] "GET /xingrg/all/function/internal_message.html?_=1655525913770&CODE_STATE=getMsg HTTP/1.1" 200 27
222.69.144.95 - - [18/Jun/2022:12:18:07 +0800] "GET /xingrg/check_reg.html?_=1655525915972 HTTP/1.1" 200 22
180.169.147.146 - - [18/Jun/2022:12:18:13 +0800] "GET /xingrg/all/function/internal_message.html?_=1655525889325&CODE_STATE=getMsg HTTP/1.1" 200 27
114.95.43.0 - - [18/Jun/2022:12:18:17 +0800] "GET /xingrg/all/function/internal_message.html?_=1655525894480&CODE_STATE=getMsg HTTP/1.1" 200 27
116.230.110.173 - - [18/Jun/2022:12:18:21 +0800] "GET /xingrg/all/function/internal_message.html?_=1655525893503&CODE_STATE=getMsg HTTP/1.1" 200 27
116.228.172.94 - - [18/Jun/2022:12:18:21 +0800] "GET /xingrg/all/function/internal_message.html?_=1655525758360&CODE_STATE=getMsg HTTP/1.1" 200 27
116.235.92.88 - - [18/Jun/2022:12:18:22 +0800] "GET /xingrg/all/function/internal_message.html?_=1655526078757&CODE_STATE=getMsg HTTP/1.1" 200 27
58.35.194.53 - - [18/Jun/2022:12:18:28 +0800] "GET /xingrg/all/function/internal_message.html?_=1655525903752&CODE_STATE=getMsg HTTP/1.1" 200 27
180.156.212.250 - - [18/Jun/2022:12:18:33 +0800] "GET /xingrg/all/function/internal_message.html?_=1655525939194&CODE_STATE=getMsg HTTP/1.1" 200 27
58.40.7.146 - - [18/Jun/2022:12:18:34 +0800] "GET /xingrg/all/function/internal_message.html?_=1655525933898&CODE_STATE=getMsg HTTP/1.1" 200 27
114.86.224.81 - - [18/Jun/2022:12:18:35 +0800] "GET /xingrg/all/function/internal_message.html?_=1655525912400&CODE_STATE=getMsg HTTP/1.1" 200 27
114.86.224.81 - - [18/Jun/2022:12:18:35 +0800] "GET /xingrg/check_reg.html?_=1655525912402 HTTP/1.1" 200 22
114.95.43.0 - - [18/Jun/2022:12:18:42 +0800] "GET /xingrg/all/function/internal_message.html?_=1655525829095&CODE_STATE=getMsg HTTP/1.1" 200 27
218.81.223.53 - - [18/Jun/2022:12:18:44 +0800] "GET /xingrg/check_reg.html?_=1655525934595 HTTP/1.1" 200 22
61.170.232.109 - - [18/Jun/2022:12:18:48 +0800] "GET /xingrg/all/function/internal_message.html?_=1655525928044&CODE_STATE=getMsg HTTP/1.1" 200 27
114.88.162.248 - - [18/Jun/2022:12:18:49 +0800] "GET /xingrg/all/function/internal_message.html?_=1655525921874&CODE_STATE=getMsg HTTP/1.1" 200 27
218.81.223.53 - - [18/Jun/2022:12:18:51 +0800] "GET /xingrg/all/function/internal_message.html?_=1655525941287&CODE_STATE=getMsg HTTP/1.1" 200 27
218.81.223.53 - - [18/Jun/2022:12:18:53 +0800] "GET /xingrg/all/function/internal_message.html?_=1655525941029&CODE_STATE=getMsg HTTP/1.1" 302 -
101.85.120.86 - - [18/Jun/2022:12:18:54 +0800] "GET /xingrg/all/function/internal_message.html?_=1655525923269&CODE_STATE=getMsg HTTP/1.1" 200 27
101.83.223.227 - - [18/Jun/2022:12:18:55 +0800] "GET /xingrg/all/function/internal_message.html?_=1655525894004&CODE_STATE=getMsg HTTP/1.1" 200 27
222.69.144.95 - - [18/Jun/2022:12:19:05 +0800] "GET /xingrg/all/function/internal_message.html?_=1655525973742&CODE_STATE=getMsg HTTP/1.1" 200 27
180.169.147.146 - - [18/Jun/2022:12:19:13 +0800] "GET /xingrg/all/function/internal_message.html?_=1655525949324&CODE_STATE=getMsg HTTP/1.1" 200 27
180.156.212.250 - - [18/Jun/2022:12:19:15 +0800] "GET /xingrg/kc/buy/cgsh_order_list.html HTTP/1.1" 200 51962
180.156.212.250 - - [18/Jun/2022:12:19:16 +0800] "POST /xingrg/kc/buy/cgsh_list_operate.html HTTP/1.1" 200 693
114.95.43.0 - - [18/Jun/2022:12:19:17 +0800] "GET /xingrg/all/function/internal_message.html?_=1655525954449&CODE_STATE=getMsg HTTP/1.1" 200 27
180.156.212.250 - - [18/Jun/2022:12:19:18 +0800] "GET /xingrg/kc/buy/cgsh_order_add.html HTTP/1.1" 200 67744
180.156.212.250 - - [18/Jun/2022:12:19:19 +0800] "GET /xingrg/all/common/auto_word.html?type=employee&rest_code=00102 HTTP/1.1" 200 189
180.156.212.250 - - [18/Jun/2022:12:19:19 +0800] "POST /xingrg/kc/buy/cgsh_order_operate.html HTTP/1.1" 200 8245
180.156.212.250 - - [18/Jun/2022:12:19:19 +0800] "GET /xingrg/all/common/auto_word.html?type=employee&rest_code=00102 HTTP/1.1" 200 189
180.156.212.250 - - [18/Jun/2022:12:19:19 +0800] "GET /xingrg/javascript/easyui/themes/default/validatebox.css HTTP/1.1" 404 1104
116.230.110.173 - - [18/Jun/2022:12:19:21 +0800] "GET /xingrg/all/function/internal_message.html?_=1655525953507&CODE_STATE=getMsg HTTP/1.1" 200 27
116.230.110.173 - - [18/Jun/2022:12:19:21 +0800] "GET /xingrg/check_reg.html?_=1655525953513 HTTP/1.1" 200 22
116.228.172.94 - - [18/Jun/2022:12:19:21 +0800] "GET /xingrg/all/function/internal_message.html?_=1655525818370&CODE_STATE=getMsg HTTP/1.1" 200 27
180.156.212.250 - - [18/Jun/2022:12:19:21 +0800] "GET /xingrg/javascript/auto/indicator.gif HTTP/1.1" 404 1066
180.156.212.250 - - [18/Jun/2022:12:19:22 +0800] "GET /xingrg/javascript/jquery_tools/images/prev.gif HTTP/1.1" 404 1086
180.156.212.250 - - [18/Jun/2022:12:19:22 +0800] "GET /xingrg/javascript/jquery_tools/images/next.gif HTTP/1.1" 404 1086
