218.81.223.53 - - [18/Jun/2022:10:42:46 +0800] "GET /xingrg/all/function/internal_message.html?_=1655520176706&CODE_STATE=getMsg HTTP/1.1" 200 27
114.95.43.0 - - [18/Jun/2022:10:42:48 +0800] "GET /xingrg/check_reg.html?_=1655520074424 HTTP/1.1" 200 22
218.81.223.53 - - [18/Jun/2022:10:42:50 +0800] "GET /xingrg/check_reg.html?_=1655520178178 HTTP/1.1" 302 -
218.81.223.53 - - [18/Jun/2022:10:42:52 +0800] "GET /xingrg/all/function/internal_message.html?_=1655520179718&CODE_STATE=getMsg HTTP/1.1" 302 -
61.170.232.109 - - [18/Jun/2022:10:42:52 +0800] "POST /xingrg/kc/buy/cgsh_order_operate.html HTTP/1.1" 200 37
61.170.232.109 - - [18/Jun/2022:10:43:03 +0800] "POST /xingrg/kc/buy/cgsh_order_operate.html HTTP/1.1" 200 12
61.170.232.109 - - [18/Jun/2022:10:43:04 +0800] "GET /xingrg/kc/buy/cgsh_order_info.html?code=212022061801991 HTTP/1.1" 200 62684
61.170.232.109 - - [18/Jun/2022:10:43:04 +0800] "GET /xingrg/javascript/easyui/themes/default/validatebox.css HTTP/1.1" 404 1104
61.170.232.109 - - [18/Jun/2022:10:43:05 +0800] "POST /xingrg/kc/buy/cgsh_order_operate.html HTTP/1.1" 200 1777
222.69.144.95 - - [18/Jun/2022:10:43:06 +0800] "GET /xingrg/all/function/internal_message.html?_=1655520215213&CODE_STATE=getMsg HTTP/1.1" 200 27
222.69.144.95 - - [18/Jun/2022:10:43:07 +0800] "GET /xingrg/check_reg.html?_=1655520216235 HTTP/1.1" 200 22
101.85.54.219 - - [18/Jun/2022:10:43:11 +0800] "GET /xingrg/all/function/internal_message.html?_=1655520178460&CODE_STATE=getMsg HTTP/1.1" 200 27
114.84.147.169 - - [18/Jun/2022:10:43:11 +0800] "GET /xingrg/check_reg.html?_=1655519905325 HTTP/1.1" 302 -
114.95.43.0 - - [18/Jun/2022:10:43:19 +0800] "GET /xingrg/all/function/internal_message.html?_=1655520196741&CODE_STATE=getMsg HTTP/1.1" 200 27
116.230.110.173 - - [18/Jun/2022:10:43:21 +0800] "GET /xingrg/all/function/internal_message.html?_=1655520193506&CODE_STATE=getMsg HTTP/1.1" 200 27
116.228.172.94 - - [18/Jun/2022:10:43:21 +0800] "GET /xingrg/all/function/internal_message.html?_=1655520058351&CODE_STATE=getMsg HTTP/1.1" 200 27
101.85.54.219 - - [18/Jun/2022:10:43:28 +0800] "POST /xingrg/kc/buy/cgsh_list_operate.html HTTP/1.1" 200 271
180.169.147.146 - - [18/Jun/2022:10:43:29 +0800] "GET /xingrg/all/function/internal_message.html?_=1655520204576&CODE_STATE=getMsg HTTP/1.1" 302 -
58.35.194.53 - - [18/Jun/2022:10:43:29 +0800] "GET /xingrg/all/function/internal_message.html?_=1655520205490&CODE_STATE=getMsg HTTP/1.1" 200 27
101.85.54.219 - - [18/Jun/2022:10:43:30 +0800] "POST /xingrg/kc/buy/cgsh_list_operate.html HTTP/1.1" 200 199
61.170.232.109 - - [18/Jun/2022:10:43:30 +0800] "GET /xingrg/kc/print/load_data.html?order_code=212022061801991&kc_code=cgsh&condition= HTTP/1.1" 200 1155
101.83.223.227 - - [18/Jun/2022:10:43:31 +0800] "GET /xingrg/check_reg.html?_=1655520169655 HTTP/1.1" 200 22
101.83.223.227 - - [18/Jun/2022:10:43:31 +0800] "GET /xingrg/all/function/internal_message.html?_=1655520169719&CODE_STATE=getMsg HTTP/1.1" 200 27
180.156.212.250 - - [18/Jun/2022:10:43:35 +0800] "GET /xingrg/all/function/internal_message.html?_=1655520240290&CODE_STATE=getMsg HTTP/1.1" 200 27
61.170.232.109 - - [18/Jun/2022:10:43:36 +0800] "GET /xingrg/kc/buy/cgsh_order_add.html HTTP/1.1" 200 67779
61.170.232.109 - - [18/Jun/2022:10:43:36 +0800] "POST /xingrg/kc/buy/cgsh_order_operate.html HTTP/1.1" 200 8245
61.170.232.109 - - [18/Jun/2022:10:43:36 +0800] "GET /xingrg/javascript/easyui/themes/default/validatebox.css HTTP/1.1" 404 1104
58.221.95.50 - - [18/Jun/2022:10:43:40 +0800] "GET /xingrg/all/function/internal_message.html?_=1655520217518&CODE_STATE=getMsg HTTP/1.1" 200 27
61.170.232.109 - - [18/Jun/2022:10:43:43 +0800] "GET /xingrg/javascript/easyui/themes/default/tree.css HTTP/1.1" 404 1090
61.170.232.109 - - [18/Jun/2022:10:43:43 +0800] "POST /xingrg/all/common/load_tree.html?tree=supplier_tree_json&isDelete=1 HTTP/1.1" 200 66572
218.81.223.53 - - [18/Jun/2022:10:43:44 +0800] "GET /xingrg/check_reg.html?_=1655520234019 HTTP/1.1" 200 22
114.95.43.0 - - [18/Jun/2022:10:43:44 +0800] "GET /xingrg/all/function/internal_message.html?_=1655520131195&CODE_STATE=getMsg HTTP/1.1" 200 27
218.81.223.53 - - [18/Jun/2022:10:43:46 +0800] "GET /xingrg/all/function/internal_message.html?_=1655520236720&CODE_STATE=getMsg HTTP/1.1" 200 27
61.170.232.109 - - [18/Jun/2022:10:43:49 +0800] "GET /xingrg/all/function/internal_message.html?_=1655520229058&CODE_STATE=getMsg HTTP/1.1" 200 27
218.81.223.53 - - [18/Jun/2022:10:43:52 +0800] "GET /xingrg/all/function/internal_message.html?_=1655520239739&CODE_STATE=getMsg HTTP/1.1" 302 -
101.85.54.219 - - [18/Jun/2022:10:44:01 +0800] "POST /xingrg/kc/buy/cgsh_list_operate.html HTTP/1.1" 200 7724
61.170.232.109 - - [18/Jun/2022:10:44:01 +0800] "GET /xingrg/kc/buy/cgsh_order_operate.html?command=get_materiel&rest_code=00106&code=00101006195&supplier_code=00100015&order_time=2022-06-18 HTTP/1.1" 200 427
101.85.54.219 - - [18/Jun/2022:10:44:04 +0800] "POST /xingrg/kc/buy/cgsh_list_operate.html HTTP/1.1" 200 199
222.69.144.95 - - [18/Jun/2022:10:44:06 +0800] "GET /xingrg/all/function/internal_message.html?_=1655520275206&CODE_STATE=getMsg HTTP/1.1" 200 27
101.85.54.219 - - [18/Jun/2022:10:44:11 +0800] "GET /xingrg/all/function/internal_message.html?_=1655520238451&CODE_STATE=getMsg HTTP/1.1" 200 27
120.253.135.82 - - [18/Jun/2022:10:44:18 +0800] "GET /xingrg/check_reg.html?_=1655520064469 HTTP/1.1" 200 22
114.95.43.0 - - [18/Jun/2022:10:44:19 +0800] "GET /xingrg/all/function/internal_message.html?_=1655520256716&CODE_STATE=getMsg HTTP/1.1" 200 27
116.230.110.173 - - [18/Jun/2022:10:44:21 +0800] "GET /xingrg/check_reg.html?_=1655520253504 HTTP/1.1" 200 22
116.230.110.173 - - [18/Jun/2022:10:44:21 +0800] "GET /xingrg/all/function/internal_message.html?_=1655520253507&CODE_STATE=getMsg HTTP/1.1" 200 27
116.228.172.94 - - [18/Jun/2022:10:44:21 +0800] "GET /xingrg/all/function/internal_message.html?_=1655520118360&CODE_STATE=getMsg HTTP/1.1" 200 27
101.85.54.219 - - [18/Jun/2022:10:44:23 +0800] "POST /xingrg/kc/buy/cgsh_list_operate.html HTTP/1.1" 200 199
180.169.147.146 - - [18/Jun/2022:10:44:29 +0800] "GET /xingrg/all/function/internal_message.html?_=1655520264560&CODE_STATE=getMsg HTTP/1.1" 302 -
58.35.194.53 - - [18/Jun/2022:10:44:29 +0800] "GET /xingrg/all/function/internal_message.html?_=1655520265475&CODE_STATE=getMsg HTTP/1.1" 200 27
101.83.223.227 - - [18/Jun/2022:10:44:31 +0800] "GET /xingrg/all/function/internal_message.html?_=1655520229732&CODE_STATE=getMsg HTTP/1.1" 200 27
114.84.147.169 - - [18/Jun/2022:10:44:32 +0800] "POST /xingrg/services/DataTransmitService HTTP/1.1" 200 524
114.84.147.169 - - [18/Jun/2022:10:44:33 +0800] "POST /xingrg/services/DataTransmitService HTTP/1.1" 200 412
61.170.232.109 - - [18/Jun/2022:10:44:34 +0800] "GET /xingrg/kc/buy/cgsh_order_operate.html?command=get_materiel&rest_code=00106&code=00101006109&supplier_code=00100015&order_time=2022-06-18 HTTP/1.1" 200 430
180.156.212.250 - - [18/Jun/2022:10:44:35 +0800] "GET /xingrg/all/function/internal_message.html?_=1655520300288&CODE_STATE=getMsg HTTP/1.1" 200 27
114.95.43.0 - - [18/Jun/2022:10:44:44 +0800] "GET /xingrg/all/function/internal_message.html?_=1655520191165&CODE_STATE=getMsg HTTP/1.1" 200 27
218.81.223.53 - - [18/Jun/2022:10:44:46 +0800] "GET /xingrg/all/function/internal_message.html?_=1655520296734&CODE_STATE=getMsg HTTP/1.1" 200 27
61.170.232.109 - - [18/Jun/2022:10:44:49 +0800] "GET /xingrg/all/function/internal_message.html?_=1655520289042&CODE_STATE=getMsg HTTP/1.1" 200 27
218.81.223.53 - - [18/Jun/2022:10:44:52 +0800] "GET /xingrg/all/function/internal_message.html?_=1655520299745&CODE_STATE=getMsg HTTP/1.1" 302 -
101.85.54.219 - - [18/Jun/2022:10:45:01 +0800] "POST /xingrg/kc/buy/cgsh_list_operate.html HTTP/1.1" 200 199
222.69.144.95 - - [18/Jun/2022:10:45:06 +0800] "GET /xingrg/all/function/internal_message.html?_=1655520335191&CODE_STATE=getMsg HTTP/1.1" 200 27
61.170.232.109 - - [18/Jun/2022:10:45:10 +0800] "GET /xingrg/kc/buy/cgsh_order_operate.html?command=get_materiel&rest_code=00106&code=00101006006&supplier_code=00100015&order_time=2022-06-18 HTTP/1.1" 200 409
101.85.54.219 - - [18/Jun/2022:10:45:11 +0800] "GET /xingrg/all/function/internal_message.html?_=1655520298443&CODE_STATE=getMsg HTTP/1.1" 200 27
114.95.43.0 - - [18/Jun/2022:10:45:19 +0800] "GET /xingrg/all/function/internal_message.html?_=1655520316717&CODE_STATE=getMsg HTTP/1.1" 200 27
116.230.110.173 - - [18/Jun/2022:10:45:21 +0800] "GET /xingrg/all/function/internal_message.html?_=1655520313522&CODE_STATE=getMsg HTTP/1.1" 200 27
116.228.172.94 - - [18/Jun/2022:10:45:21 +0800] "GET /xingrg/all/function/internal_message.html?_=1655520178375&CODE_STATE=getMsg HTTP/1.1" 200 27
116.228.172.94 - - [18/Jun/2022:10:45:21 +0800] "GET /xingrg/check_reg.html?_=1655520178377 HTTP/1.1" 200 22
180.169.147.146 - - [18/Jun/2022:10:45:29 +0800] "GET /xingrg/all/function/internal_message.html?_=1655520324544&CODE_STATE=getMsg HTTP/1.1" 302 -
180.169.147.146 - - [18/Jun/2022:10:45:29 +0800] "GET /xingrg/check_reg.html?_=1655520324623 HTTP/1.1" 302 -
58.35.194.53 - - [18/Jun/2022:10:45:29 +0800] "GET /xingrg/all/function/internal_message.html?_=1655520325460&CODE_STATE=getMsg HTTP/1.1" 200 27
101.83.223.227 - - [18/Jun/2022:10:45:31 +0800] "GET /xingrg/all/function/internal_message.html?_=1655520289745&CODE_STATE=getMsg HTTP/1.1" 200 27
180.156.212.250 - - [18/Jun/2022:10:45:35 +0800] "GET /xingrg/all/function/internal_message.html?_=1655520360290&CODE_STATE=getMsg HTTP/1.1" 200 27
61.170.232.109 - - [18/Jun/2022:10:45:36 +0800] "POST /xingrg/kc/buy/cgsh_order_operate.html HTTP/1.1" 200 37
61.170.232.109 - - [18/Jun/2022:10:45:39 +0800] "POST /xingrg/kc/buy/cgsh_order_operate.html HTTP/1.1" 200 12
61.170.232.109 - - [18/Jun/2022:10:45:42 +0800] "GET /xingrg/kc/buy/cgsh_order_info.html?code=212022061801992 HTTP/1.1" 200 62682
61.170.232.109 - - [18/Jun/2022:10:45:42 +0800] "GET /xingrg/javascript/easyui/themes/default/validatebox.css HTTP/1.1" 404 1104
61.170.232.109 - - [18/Jun/2022:10:45:43 +0800] "POST /xingrg/kc/buy/cgsh_order_operate.html HTTP/1.1" 200 1784
114.84.82.172 - - [18/Jun/2022:10:45:44 +0800] "GET /xingrg/check_reg.html?_=1655520341590 HTTP/1.1" 200 22
114.95.43.0 - - [18/Jun/2022:10:45:44 +0800] "GET /xingrg/all/function/internal_message.html?_=1655520251136&CODE_STATE=getMsg HTTP/1.1" 200 27
61.170.232.109 - - [18/Jun/2022:10:45:45 +0800] "GET /xingrg/kc/print/load_data.html?order_code=212022061801992&kc_code=cgsh&condition= HTTP/1.1" 200 1226
101.85.54.219 - - [18/Jun/2022:10:45:45 +0800] "POST /xingrg/kc/buy/cgsh_list_operate.html HTTP/1.1" 200 199
218.81.223.53 - - [18/Jun/2022:10:45:46 +0800] "GET /xingrg/all/function/internal_message.html?_=1655520356749&CODE_STATE=getMsg HTTP/1.1" 200 27
61.170.232.109 - - [18/Jun/2022:10:45:49 +0800] "GET /xingrg/all/function/internal_message.html?_=1655520349025&CODE_STATE=getMsg HTTP/1.1" 200 27
61.170.232.109 - - [18/Jun/2022:10:45:49 +0800] "GET /xingrg/check_reg.html?_=1655520349060 HTTP/1.1" 200 22
58.35.194.53 - - [18/Jun/2022:10:45:50 +0800] "GET /xingrg/check_reg.html?_=1655520345837 HTTP/1.1" 200 22
218.81.223.53 - - [18/Jun/2022:10:45:52 +0800] "GET /xingrg/all/function/internal_message.html?_=1655520359767&CODE_STATE=getMsg HTTP/1.1" 302 -
101.85.54.219 - - [18/Jun/2022:10:46:02 +0800] "POST /xingrg/kc/buy/cgsh_list_operate.html HTTP/1.1" 200 270
222.69.144.95 - - [18/Jun/2022:10:46:06 +0800] "GET /xingrg/all/function/internal_message.html?_=1655520395175&CODE_STATE=getMsg HTTP/1.1" 200 27
101.85.54.219 - - [18/Jun/2022:10:46:11 +0800] "GET /xingrg/all/function/internal_message.html?_=1655520358449&CODE_STATE=getMsg HTTP/1.1" 200 27
101.85.54.219 - - [18/Jun/2022:10:46:11 +0800] "GET /xingrg/check_reg.html?_=1655520358450 HTTP/1.1" 200 22
114.95.43.0 - - [18/Jun/2022:10:46:19 +0800] "GET /xingrg/all/function/internal_message.html?_=1655520376698&CODE_STATE=getMsg HTTP/1.1" 200 27
116.230.110.173 - - [18/Jun/2022:10:46:21 +0800] "GET /xingrg/all/function/internal_message.html?_=1655520373517&CODE_STATE=getMsg HTTP/1.1" 200 27
116.228.172.94 - - [18/Jun/2022:10:46:21 +0800] "GET /xingrg/all/function/internal_message.html?_=1655520238370&CODE_STATE=getMsg HTTP/1.1" 200 27
180.169.147.146 - - [18/Jun/2022:10:46:29 +0800] "GET /xingrg/all/function/internal_message.html?_=1655520384528&CODE_STATE=getMsg HTTP/1.1" 302 -
58.35.194.53 - - [18/Jun/2022:10:46:29 +0800] "GET /xingrg/all/function/internal_message.html?_=1655520385431&CODE_STATE=getMsg HTTP/1.1" 200 27
101.83.223.227 - - [18/Jun/2022:10:46:31 +0800] "GET /xingrg/all/function/internal_message.html?_=1655520349767&CODE_STATE=getMsg HTTP/1.1" 200 27
180.156.212.250 - - [18/Jun/2022:10:46:35 +0800] "GET /xingrg/all/function/internal_message.html?_=1655520420291&CODE_STATE=getMsg HTTP/1.1" 200 27
114.95.43.0 - - [18/Jun/2022:10:46:44 +0800] "GET /xingrg/all/function/internal_message.html?_=1655520311121&CODE_STATE=getMsg HTTP/1.1" 200 27
218.81.223.53 - - [18/Jun/2022:10:46:46 +0800] "GET /xingrg/all/function/internal_message.html?_=1655520416868&CODE_STATE=getMsg HTTP/1.1" 200 27
61.170.232.109 - - [18/Jun/2022:10:46:49 +0800] "GET /xingrg/all/function/internal_message.html?_=1655520409007&CODE_STATE=getMsg HTTP/1.1" 200 27
218.81.223.53 - - [18/Jun/2022:10:46:52 +0800] "GET /xingrg/all/function/internal_message.html?_=1655520419773&CODE_STATE=getMsg HTTP/1.1" 302 -
222.69.144.95 - - [18/Jun/2022:10:47:06 +0800] "GET /xingrg/all/function/internal_message.html?_=1655520455162&CODE_STATE=getMsg HTTP/1.1" 200 27
101.85.54.219 - - [18/Jun/2022:10:47:11 +0800] "GET /xingrg/all/function/internal_message.html?_=1655520418437&CODE_STATE=getMsg HTTP/1.1" 200 27
114.95.43.0 - - [18/Jun/2022:10:47:19 +0800] "GET /xingrg/all/function/internal_message.html?_=1655520436669&CODE_STATE=getMsg HTTP/1.1" 200 27
116.230.110.173 - - [18/Jun/2022:10:47:21 +0800] "GET /xingrg/all/function/internal_message.html?_=1655520433512&CODE_STATE=getMsg HTTP/1.1" 200 27
116.228.172.94 - - [18/Jun/2022:10:47:21 +0800] "GET /xingrg/all/function/internal_message.html?_=1655520298368&CODE_STATE=getMsg HTTP/1.1" 200 27
114.95.43.0 - - [18/Jun/2022:10:47:24 +0800] "GET /xingrg/check_reg.html?_=1655520441494 HTTP/1.1" 200 22
101.85.54.219 - - [18/Jun/2022:10:47:28 +0800] "POST /xingrg/kc/buy/cgsh_list_operate.html HTTP/1.1" 200 199
180.169.147.146 - - [18/Jun/2022:10:47:28 +0800] "GET /xingrg/all/function/internal_message.html?_=1655520444512&CODE_STATE=getMsg HTTP/1.1" 302 -
58.35.194.53 - - [18/Jun/2022:10:47:29 +0800] "GET /xingrg/all/function/internal_message.html?_=1655520445417&CODE_STATE=getMsg HTTP/1.1" 200 27
101.83.223.227 - - [18/Jun/2022:10:47:31 +0800] "GET /xingrg/all/function/internal_message.html?_=1655520409773&CODE_STATE=getMsg HTTP/1.1" 200 27
180.156.212.250 - - [18/Jun/2022:10:47:35 +0800] "GET /xingrg/all/function/internal_message.html?_=1655520480293&CODE_STATE=getMsg HTTP/1.1" 200 27
180.156.212.250 - - [18/Jun/2022:10:47:35 +0800] "GET /xingrg/check_reg.html?_=1655520480297 HTTP/1.1" 200 22
114.95.43.0 - - [18/Jun/2022:10:47:44 +0800] "GET /xingrg/all/function/internal_message.html?_=1655520371091&CODE_STATE=getMsg HTTP/1.1" 200 27
218.81.223.53 - - [18/Jun/2022:10:47:46 +0800] "GET /xingrg/all/function/internal_message.html?_=1655520476870&CODE_STATE=getMsg HTTP/1.1" 200 27
114.95.43.0 - - [18/Jun/2022:10:47:48 +0800] "GET /xingrg/check_reg.html?_=1655520374432 HTTP/1.1" 200 22
61.170.232.109 - - [18/Jun/2022:10:47:49 +0800] "GET /xingrg/all/function/internal_message.html?_=1655520468992&CODE_STATE=getMsg HTTP/1.1" 200 27
218.81.223.53 - - [18/Jun/2022:10:47:50 +0800] "GET /xingrg/check_reg.html?_=1655520478179 HTTP/1.1" 302 -
218.81.223.53 - - [18/Jun/2022:10:47:52 +0800] "GET /xingrg/all/function/internal_message.html?_=1655520479786&CODE_STATE=getMsg HTTP/1.1" 302 -
101.85.54.219 - - [18/Jun/2022:10:48:02 +0800] "POST /xingrg/kc/buy/cgsh_list_operate.html HTTP/1.1" 200 271
222.69.144.95 - - [18/Jun/2022:10:48:06 +0800] "GET /xingrg/all/function/internal_message.html?_=1655520515151&CODE_STATE=getMsg HTTP/1.1" 200 27
101.85.54.219 - - [18/Jun/2022:10:48:06 +0800] "POST /xingrg/kc/buy/cgsh_list_operate.html HTTP/1.1" 200 271
222.69.144.95 - - [18/Jun/2022:10:48:07 +0800] "GET /xingrg/check_reg.html?_=1655520516220 HTTP/1.1" 200 22
101.85.54.219 - - [18/Jun/2022:10:48:11 +0800] "GET /xingrg/all/function/internal_message.html?_=1655520478451&CODE_STATE=getMsg HTTP/1.1" 200 27
114.84.147.169 - - [18/Jun/2022:10:48:11 +0800] "GET /xingrg/check_reg.html?_=1655520205330 HTTP/1.1" 302 -
101.85.54.219 - - [18/Jun/2022:10:48:13 +0800] "POST /xingrg/kc/buy/cgsh_list_operate.html HTTP/1.1" 200 271
114.95.43.0 - - [18/Jun/2022:10:48:19 +0800] "GET /xingrg/all/function/internal_message.html?_=1655520496650&CODE_STATE=getMsg HTTP/1.1" 200 27
116.230.110.173 - - [18/Jun/2022:10:48:21 +0800] "GET /xingrg/all/function/internal_message.html?_=1655520493506&CODE_STATE=getMsg HTTP/1.1" 200 27
116.228.172.94 - - [18/Jun/2022:10:48:21 +0800] "GET /xingrg/all/function/internal_message.html?_=1655520358366&CODE_STATE=getMsg HTTP/1.1" 200 27
101.85.54.219 - - [18/Jun/2022:10:48:25 +0800] "POST /xingrg/kc/buy/cgsh_list_operate.html HTTP/1.1" 200 199
180.169.147.146 - - [18/Jun/2022:10:48:28 +0800] "GET /xingrg/all/function/internal_message.html?_=1655520504496&CODE_STATE=getMsg HTTP/1.1" 302 -
58.35.194.53 - - [18/Jun/2022:10:48:29 +0800] "GET /xingrg/all/function/internal_message.html?_=1655520505402&CODE_STATE=getMsg HTTP/1.1" 200 27
101.83.223.227 - - [18/Jun/2022:10:48:31 +0800] "GET /xingrg/check_reg.html?_=1655520469669 HTTP/1.1" 200 22
101.83.223.227 - - [18/Jun/2022:10:48:31 +0800] "GET /xingrg/all/function/internal_message.html?_=1655520469787&CODE_STATE=getMsg HTTP/1.1" 200 27
180.156.212.250 - - [18/Jun/2022:10:48:35 +0800] "GET /xingrg/all/function/internal_message.html?_=1655520540298&CODE_STATE=getMsg HTTP/1.1" 200 27
218.81.223.53 - - [18/Jun/2022:10:48:44 +0800] "GET /xingrg/check_reg.html?_=1655520534111 HTTP/1.1" 200 22
114.95.43.0 - - [18/Jun/2022:10:48:44 +0800] "GET /xingrg/all/function/internal_message.html?_=1655520431065&CODE_STATE=getMsg HTTP/1.1" 200 27
218.81.223.53 - - [18/Jun/2022:10:48:46 +0800] "GET /xingrg/all/function/internal_message.html?_=1655520536883&CODE_STATE=getMsg HTTP/1.1" 200 27
61.170.232.109 - - [18/Jun/2022:10:48:49 +0800] "GET /xingrg/all/function/internal_message.html?_=1655520528977&CODE_STATE=getMsg HTTP/1.1" 200 27
218.81.223.53 - - [18/Jun/2022:10:48:52 +0800] "GET /xingrg/all/function/internal_message.html?_=1655520539806&CODE_STATE=getMsg HTTP/1.1" 302 -
222.69.144.95 - - [18/Jun/2022:10:49:06 +0800] "GET /xingrg/all/function/internal_message.html?_=1655520575136&CODE_STATE=getMsg HTTP/1.1" 200 27
101.85.54.219 - - [18/Jun/2022:10:49:11 +0800] "GET /xingrg/all/function/internal_message.html?_=1655520538437&CODE_STATE=getMsg HTTP/1.1" 200 27
120.253.135.82 - - [18/Jun/2022:10:49:18 +0800] "GET /xingrg/check_reg.html?_=1655520364475 HTTP/1.1" 200 22
114.95.43.0 - - [18/Jun/2022:10:49:19 +0800] "GET /xingrg/all/function/internal_message.html?_=1655520556628&CODE_STATE=getMsg HTTP/1.1" 200 27
116.230.110.173 - - [18/Jun/2022:10:49:21 +0800] "GET /xingrg/check_reg.html?_=1655520553510 HTTP/1.1" 200 22
116.230.110.173 - - [18/Jun/2022:10:49:21 +0800] "GET /xingrg/all/function/internal_message.html?_=1655520553517&CODE_STATE=getMsg HTTP/1.1" 200 27
116.228.172.94 - - [18/Jun/2022:10:49:21 +0800] "GET /xingrg/all/function/internal_message.html?_=1655520418358&CODE_STATE=getMsg HTTP/1.1" 200 27
180.169.147.146 - - [18/Jun/2022:10:49:28 +0800] "GET /xingrg/all/function/internal_message.html?_=1655520564479&CODE_STATE=getMsg HTTP/1.1" 302 -
58.35.194.53 - - [18/Jun/2022:10:49:29 +0800] "GET /xingrg/all/function/internal_message.html?_=1655520565388&CODE_STATE=getMsg HTTP/1.1" 200 27
101.83.223.227 - - [18/Jun/2022:10:49:31 +0800] "GET /xingrg/all/function/internal_message.html?_=1655520529799&CODE_STATE=getMsg HTTP/1.1" 200 27
180.156.212.250 - - [18/Jun/2022:10:49:35 +0800] "GET /xingrg/all/function/internal_message.html?_=1655520600299&CODE_STATE=getMsg HTTP/1.1" 200 27
120.253.135.82 - - [18/Jun/2022:10:49:39 +0800] "GET /xingrg/kc/guide/show_order.html?code=312022052400639&type=31 HTTP/1.1" 302 -
120.253.135.82 - - [18/Jun/2022:10:49:39 +0800] "GET /xingrg/kc/pszx/mdps_order_info.html?code=312022052400639&sysBaseUrl=http%3A%2F%2F180.169.147.146%3A18081%2Fxingrg%2F&costTime=1×tamp=1655520579202 HTTP/1.1" 200 19647
120.253.135.82 - - [18/Jun/2022:10:49:39 +0800] "GET /favicon.ico HTTP/1.1" 404 -
120.253.135.82 - - [18/Jun/2022:10:49:40 +0800] "POST /xingrg/kc/pszx/mdps_order_operate.html HTTP/1.1" 200 1515
120.253.135.82 - - [18/Jun/2022:10:49:40 +0800] "GET /xingrg/javascript/easyui/themes/default/validatebox.css HTTP/1.1" 404 1104
114.95.43.0 - - [18/Jun/2022:10:49:44 +0800] "GET /xingrg/all/function/internal_message.html?_=1655520491050&CODE_STATE=getMsg HTTP/1.1" 200 27
218.81.223.53 - - [18/Jun/2022:10:49:46 +0800] "GET /xingrg/all/function/internal_message.html?_=1655520596896&CODE_STATE=getMsg HTTP/1.1" 200 27
61.170.232.109 - - [18/Jun/2022:10:49:49 +0800] "GET /xingrg/all/function/internal_message.html?_=1655520588963&CODE_STATE=getMsg HTTP/1.1" 200 27
218.81.223.53 - - [18/Jun/2022:10:49:52 +0800] "GET /xingrg/all/function/internal_message.html?_=1655520599813&CODE_STATE=getMsg HTTP/1.1" 302 -
180.156.212.250 - - [18/Jun/2022:10:50:05 +0800] "GET /xingrg/kc/buy/cgsh_order_operate.html?command=get_materiel&rest_code=00102&code=00101008168&supplier_code=&order_time=2022-06-18 HTTP/1.1" 200 413
222.69.144.95 - - [18/Jun/2022:10:50:06 +0800] "GET /xingrg/all/function/internal_message.html?_=1655520635115&CODE_STATE=getMsg HTTP/1.1" 200 27
101.85.54.219 - - [18/Jun/2022:10:50:11 +0800] "GET /xingrg/all/function/internal_message.html?_=1655520598448&CODE_STATE=getMsg HTTP/1.1" 200 27
114.95.43.0 - - [18/Jun/2022:10:50:19 +0800] "GET /xingrg/all/function/internal_message.html?_=1655520616606&CODE_STATE=getMsg HTTP/1.1" 200 27
116.230.110.173 - - [18/Jun/2022:10:50:21 +0800] "GET /xingrg/all/function/internal_message.html?_=1655520613506&CODE_STATE=getMsg HTTP/1.1" 200 27
116.228.172.94 - - [18/Jun/2022:10:50:21 +0800] "GET /xingrg/all/function/internal_message.html?_=1655520478368&CODE_STATE=getMsg HTTP/1.1" 200 27
116.228.172.94 - - [18/Jun/2022:10:50:21 +0800] "GET /xingrg/check_reg.html?_=1655520478372 HTTP/1.1" 200 22
180.169.147.146 - - [18/Jun/2022:10:50:28 +0800] "GET /xingrg/all/function/internal_message.html?_=1655520624463&CODE_STATE=getMsg HTTP/1.1" 302 -
180.169.147.146 - - [18/Jun/2022:10:50:29 +0800] "GET /xingrg/check_reg.html?_=1655520624605 HTTP/1.1" 302 -
58.35.194.53 - - [18/Jun/2022:10:50:29 +0800] "GET /xingrg/all/function/internal_message.html?_=1655520625369&CODE_STATE=getMsg HTTP/1.1" 200 27
101.83.223.227 - - [18/Jun/2022:10:50:31 +0800] "GET /xingrg/all/function/internal_message.html?_=1655520589813&CODE_STATE=getMsg HTTP/1.1" 200 27
180.156.212.250 - - [18/Jun/2022:10:50:35 +0800] "GET /xingrg/all/function/internal_message.html?_=1655520660286&CODE_STATE=getMsg HTTP/1.1" 200 27
61.170.232.109 - - [18/Jun/2022:10:50:37 +0800] "GET /xingrg/kc/buy/cgsh_order_add.html HTTP/1.1" 200 67779
61.170.232.109 - - [18/Jun/2022:10:50:38 +0800] "POST /xingrg/kc/buy/cgsh_order_operate.html HTTP/1.1" 200 8245
61.170.232.109 - - [18/Jun/2022:10:50:38 +0800] "GET /xingrg/javascript/easyui/themes/default/validatebox.css HTTP/1.1" 404 1104
61.170.232.109 - - [18/Jun/2022:10:50:40 +0800] "GET /xingrg/javascript/easyui/themes/default/tree.css HTTP/1.1" 404 1090
61.170.232.109 - - [18/Jun/2022:10:50:40 +0800] "POST /xingrg/all/common/load_tree.html?tree=supplier_tree_json&isDelete=1 HTTP/1.1" 200 66572
114.84.82.172 - - [18/Jun/2022:10:50:44 +0800] "GET /xingrg/check_reg.html?_=1655520641595 HTTP/1.1" 200 22
114.95.43.0 - - [18/Jun/2022:10:50:44 +0800] "GET /xingrg/all/function/internal_message.html?_=1655520551020&CODE_STATE=getMsg HTTP/1.1" 200 27
218.81.223.53 - - [18/Jun/2022:10:50:46 +0800] "GET /xingrg/all/function/internal_message.html?_=1655520656909&CODE_STATE=getMsg HTTP/1.1" 200 27
61.170.232.109 - - [18/Jun/2022:10:50:49 +0800] "GET /xingrg/all/function/internal_message.html?_=1655520648977&CODE_STATE=getMsg HTTP/1.1" 200 27
61.170.232.109 - - [18/Jun/2022:10:50:49 +0800] "GET /xingrg/check_reg.html?_=1655520649076 HTTP/1.1" 200 22
58.35.194.53 - - [18/Jun/2022:10:50:50 +0800] "GET /xingrg/check_reg.html?_=1655520645838 HTTP/1.1" 200 22
218.81.223.53 - - [18/Jun/2022:10:50:52 +0800] "GET /xingrg/all/function/internal_message.html?_=1655520659835&CODE_STATE=getMsg HTTP/1.1" 302 -
180.156.212.250 - - [18/Jun/2022:10:51:06 +0800] "GET /xingrg/kc/buy/cgsh_order_list.html HTTP/1.1" 200 51962
222.69.144.95 - - [18/Jun/2022:10:51:06 +0800] "GET /xingrg/all/function/internal_message.html?_=1655520695101&CODE_STATE=getMsg HTTP/1.1" 200 27
180.156.212.250 - - [18/Jun/2022:10:51:07 +0800] "POST /xingrg/kc/buy/cgsh_list_operate.html HTTP/1.1" 200 693
101.85.54.219 - - [18/Jun/2022:10:51:11 +0800] "GET /xingrg/all/function/internal_message.html?_=1655520658449&CODE_STATE=getMsg HTTP/1.1" 200 27
101.85.54.219 - - [18/Jun/2022:10:51:11 +0800] "GET /xingrg/check_reg.html?_=1655520658459 HTTP/1.1" 200 22
61.170.232.109 - - [18/Jun/2022:10:51:14 +0800] "GET /xingrg/kc/buy/cgsh_order_operate.html?command=get_materiel&rest_code=00106&code=00101008195&supplier_code=00100313&order_time=2022-06-18 HTTP/1.1" 200 424
180.156.212.250 - - [18/Jun/2022:10:51:15 +0800] "POST /xingrg/kc/buy/cgsh_list_operate.html HTTP/1.1" 200 4363
180.156.212.250 - - [18/Jun/2022:10:51:17 +0800] "POST /xingrg/kc/buy/cgsh_list_operate.html HTTP/1.1" 200 572
180.156.212.250 - - [18/Jun/2022:10:51:18 +0800] "GET /xingrg/kc/buy/cgsh_order_info.html?code=212022061701903 HTTP/1.1" 200 62639
180.156.212.250 - - [18/Jun/2022:10:51:19 +0800] "GET /xingrg/javascript/easyui/themes/default/validatebox.css HTTP/1.1" 404 1104
114.95.43.0 - - [18/Jun/2022:10:51:19 +0800] "GET /xingrg/all/function/internal_message.html?_=1655520676586&CODE_STATE=getMsg HTTP/1.1" 200 27
180.156.212.250 - - [18/Jun/2022:10:51:20 +0800] "POST /xingrg/kc/buy/cgsh_order_operate.html HTTP/1.1" 200 14807
116.230.110.173 - - [18/Jun/2022:10:51:21 +0800] "GET /xingrg/all/function/internal_message.html?_=1655520673497&CODE_STATE=getMsg HTTP/1.1" 200 27
116.228.172.94 - - [18/Jun/2022:10:51:21 +0800] "GET /xingrg/all/function/internal_message.html?_=1655520538365&CODE_STATE=getMsg HTTP/1.1" 200 27
180.169.147.146 - - [18/Jun/2022:10:51:28 +0800] "GET /xingrg/all/function/internal_message.html?_=1655520684446&CODE_STATE=getMsg HTTP/1.1" 302 -
58.35.194.53 - - [18/Jun/2022:10:51:29 +0800] "GET /xingrg/all/function/internal_message.html?_=1655520685338&CODE_STATE=getMsg HTTP/1.1" 200 27
101.83.223.227 - - [18/Jun/2022:10:51:31 +0800] "GET /xingrg/all/function/internal_message.html?_=1655520649835&CODE_STATE=getMsg HTTP/1.1" 200 27
180.156.212.250 - - [18/Jun/2022:10:51:35 +0800] "GET /xingrg/all/function/internal_message.html?_=1655520720306&CODE_STATE=getMsg HTTP/1.1" 200 27
61.170.232.109 - - [18/Jun/2022:10:51:42 +0800] "GET /xingrg/kc/buy/cgsh_order_operate.html?command=get_materiel&rest_code=00106&code=00101006199&supplier_code=00100313&order_time=2022-06-18 HTTP/1.1" 200 414
180.156.212.250 - - [18/Jun/2022:10:51:44 +0800] "POST /xingrg/kc/buy/cgsh_list_operate.html HTTP/1.1" 200 4363
114.95.43.0 - - [18/Jun/2022:10:51:44 +0800] "GET /xingrg/all/function/internal_message.html?_=1655520611006&CODE_STATE=getMsg HTTP/1.1" 200 27
218.81.223.53 - - [18/Jun/2022:10:51:47 +0800] "GET /xingrg/all/function/internal_message.html?_=1655520717027&CODE_STATE=getMsg HTTP/1.1" 200 27
61.170.232.109 - - [18/Jun/2022:10:51:49 +0800] "GET /xingrg/all/function/internal_message.html?_=1655520708949&CODE_STATE=getMsg HTTP/1.1" 200 27
218.81.223.53 - - [18/Jun/2022:10:51:52 +0800] "GET /xingrg/all/function/internal_message.html?_=1655520719841&CODE_STATE=getMsg HTTP/1.1" 302 -
180.156.212.250 - - [18/Jun/2022:10:51:58 +0800] "POST /xingrg/kc/buy/cgsh_list_operate.html HTTP/1.1" 200 4379
180.156.212.250 - - [18/Jun/2022:10:52:02 +0800] "POST /xingrg/kc/buy/cgsh_list_operate.html HTTP/1.1" 200 561
180.156.212.250 - - [18/Jun/2022:10:52:03 +0800] "GET /xingrg/kc/buy/cgsh_order_info.html?code=212022061601780 HTTP/1.1" 200 62639
180.156.212.250 - - [18/Jun/2022:10:52:03 +0800] "GET /xingrg/javascript/easyui/themes/default/validatebox.css HTTP/1.1" 404 1104
180.156.212.250 - - [18/Jun/2022:10:52:04 +0800] "POST /xingrg/kc/buy/cgsh_order_operate.html HTTP/1.1" 200 17190
222.69.144.95 - - [18/Jun/2022:10:52:06 +0800] "GET /xingrg/all/function/internal_message.html?_=1655520755100&CODE_STATE=getMsg HTTP/1.1" 200 27
61.170.232.109 - - [18/Jun/2022:10:52:09 +0800] "GET /xingrg/kc/buy/cgsh_order_operate.html?command=get_materiel&rest_code=00106&code=00101001060&supplier_code=00100313&order_time=2022-06-18 HTTP/1.1" 200 420
101.85.54.219 - - [18/Jun/2022:10:52:11 +0800] "GET /xingrg/all/function/internal_message.html?_=1655520718462&CODE_STATE=getMsg HTTP/1.1" 200 27
114.95.43.0 - - [18/Jun/2022:10:52:19 +0800] "GET /xingrg/all/function/internal_message.html?_=1655520736558&CODE_STATE=getMsg HTTP/1.1" 200 27
116.230.110.173 - - [18/Jun/2022:10:52:21 +0800] "GET /xingrg/all/function/internal_message.html?_=1655520733512&CODE_STATE=getMsg HTTP/1.1" 200 27
116.228.172.94 - - [18/Jun/2022:10:52:21 +0800] "GET /xingrg/all/function/internal_message.html?_=1655520598354&CODE_STATE=getMsg HTTP/1.1" 200 27
114.95.43.0 - - [18/Jun/2022:10:52:24 +0800] "GET /xingrg/check_reg.html?_=1655520741463 HTTP/1.1" 200 22
180.169.147.146 - - [18/Jun/2022:10:52:28 +0800] "GET /xingrg/all/function/internal_message.html?_=1655520744430&CODE_STATE=getMsg HTTP/1.1" 302 -
180.156.212.250 - - [18/Jun/2022:10:52:29 +0800] "POST /xingrg/kc/buy/cgsh_list_operate.html HTTP/1.1" 200 4379
61.170.232.109 - - [18/Jun/2022:10:52:29 +0800] "GET /xingrg/kc/buy/cgsh_order_operate.html?command=get_materiel&rest_code=00106&code=00101001096&supplier_code=00100313&order_time=2022-06-18 HTTP/1.1" 200 429
58.35.194.53 - - [18/Jun/2022:10:52:29 +0800] "GET /xingrg/all/function/internal_message.html?_=1655520745325&CODE_STATE=getMsg HTTP/1.1" 200 27
180.156.212.250 - - [18/Jun/2022:10:52:30 +0800] "POST /xingrg/kc/buy/cgsh_list_operate.html HTTP/1.1" 200 584
180.156.212.250 - - [18/Jun/2022:10:52:30 +0800] "GET /xingrg/kc/buy/cgsh_order_info.html?code=212022061601778 HTTP/1.1" 200 62639
180.156.212.250 - - [18/Jun/2022:10:52:31 +0800] "GET /xingrg/javascript/easyui/themes/default/validatebox.css HTTP/1.1" 404 1104
101.83.223.227 - - [18/Jun/2022:10:52:31 +0800] "GET /xingrg/all/function/internal_message.html?_=1655520709841&CODE_STATE=getMsg HTTP/1.1" 200 27
180.156.212.250 - - [18/Jun/2022:10:52:31 +0800] "POST /xingrg/kc/buy/cgsh_order_operate.html HTTP/1.1" 200 5338
180.156.212.250 - - [18/Jun/2022:10:52:35 +0800] "GET /xingrg/check_reg.html?_=1655520780308 HTTP/1.1" 200 22
180.156.212.250 - - [18/Jun/2022:10:52:35 +0800] "GET /xingrg/all/function/internal_message.html?_=1655520780313&CODE_STATE=getMsg HTTP/1.1" 200 27
114.95.43.0 - - [18/Jun/2022:10:52:44 +0800] "GET /xingrg/all/function/internal_message.html?_=1655520670991&CODE_STATE=getMsg HTTP/1.1" 200 27
218.81.223.53 - - [18/Jun/2022:10:52:47 +0800] "GET /xingrg/all/function/internal_message.html?_=1655520777030&CODE_STATE=getMsg HTTP/1.1" 200 27
180.156.212.250 - - [18/Jun/2022:10:52:47 +0800] "POST /xingrg/kc/buy/cgsh_list_operate.html HTTP/1.1" 200 4379
120.253.135.82 - - [18/Jun/2022:10:52:47 +0800] "GET /xingrg/kc/guide/show_order.html?code=312022052700840&type=31 HTTP/1.1" 302 -
120.253.135.82 - - [18/Jun/2022:10:52:47 +0800] "GET /xingrg/kc/pszx/mdps_order_info.html?code=312022052700840&sysBaseUrl=http%3A%2F%2F180.169.147.146%3A18081%2Fxingrg%2F&costTime=1×tamp=1655520767454 HTTP/1.1" 200 19643
180.156.212.250 - - [18/Jun/2022:10:52:47 +0800] "POST /xingrg/kc/buy/cgsh_list_operate.html HTTP/1.1" 200 572
120.253.135.82 - - [18/Jun/2022:10:52:47 +0800] "GET /favicon.ico HTTP/1.1" 404 -
114.95.43.0 - - [18/Jun/2022:10:52:48 +0800] "GET /xingrg/check_reg.html?_=1655520674427 HTTP/1.1" 200 22
120.253.135.82 - - [18/Jun/2022:10:52:48 +0800] "POST /xingrg/kc/pszx/mdps_order_operate.html HTTP/1.1" 200 524
120.253.135.82 - - [18/Jun/2022:10:52:48 +0800] "GET /xingrg/javascript/easyui/themes/default/validatebox.css HTTP/1.1" 404 1104
61.170.232.109 - - [18/Jun/2022:10:52:49 +0800] "GET /xingrg/all/function/internal_message.html?_=1655520768922&CODE_STATE=getMsg HTTP/1.1" 200 27
180.156.212.250 - - [18/Jun/2022:10:52:49 +0800] "GET /xingrg/kc/buy/cgsh_order_info.html?code=212022061701903 HTTP/1.1" 200 62639
180.156.212.250 - - [18/Jun/2022:10:52:49 +0800] "GET /xingrg/javascript/easyui/themes/default/validatebox.css HTTP/1.1" 404 1104
180.156.212.250 - - [18/Jun/2022:10:52:50 +0800] "POST /xingrg/kc/buy/cgsh_order_operate.html HTTP/1.1" 200 14807
218.81.223.53 - - [18/Jun/2022:10:52:50 +0800] "GET /xingrg/check_reg.html?_=1655520778185 HTTP/1.1" 302 -
218.81.223.53 - - [18/Jun/2022:10:52:52 +0800] "GET /xingrg/all/function/internal_message.html?_=1655520779854&CODE_STATE=getMsg HTTP/1.1" 302 -
120.253.135.82 - - [18/Jun/2022:10:52:56 +0800] "GET /xingrg/kc/guide/show_order.html?code=312022052700835&type=31 HTTP/1.1" 302 -
120.253.135.82 - - [18/Jun/2022:10:52:56 +0800] "GET /xingrg/kc/pszx/mdps_order_info.html?code=312022052700835&sysBaseUrl=http%3A%2F%2F180.169.147.146%3A18081%2Fxingrg%2F&costTime=1×tamp=1655520776900 HTTP/1.1" 200 19639
120.253.135.82 - - [18/Jun/2022:10:52:57 +0800] "GET /favicon.ico HTTP/1.1" 404 -
120.253.135.82 - - [18/Jun/2022:10:52:57 +0800] "POST /xingrg/kc/pszx/mdps_order_operate.html HTTP/1.1" 200 524
120.253.135.82 - - [18/Jun/2022:10:52:57 +0800] "GET /xingrg/javascript/easyui/themes/default/validatebox.css HTTP/1.1" 404 1104
61.170.232.109 - - [18/Jun/2022:10:53:01 +0800] "GET /xingrg/kc/buy/cgsh_order_operate.html?command=get_materiel&rest_code=00106&code=00101001016&supplier_code=00100313&order_time=2022-06-18 HTTP/1.1" 200 433
222.69.144.95 - - [18/Jun/2022:10:53:06 +0800] "GET /xingrg/all/function/internal_message.html?_=1655520815085&CODE_STATE=getMsg HTTP/1.1" 200 27
222.69.144.95 - - [18/Jun/2022:10:53:07 +0800] "GET /xingrg/check_reg.html?_=1655520816211 HTTP/1.1" 200 22
120.253.135.82 - - [18/Jun/2022:10:53:07 +0800] "GET /xingrg/kc/guide/show_order.html?code=312022052700832&type=31 HTTP/1.1" 302 -
120.253.135.82 - - [18/Jun/2022:10:53:07 +0800] "GET /xingrg/kc/pszx/mdps_order_info.html?code=312022052700832&sysBaseUrl=http%3A%2F%2F180.169.147.146%3A18081%2Fxingrg%2F&costTime=1×tamp=1655520787834 HTTP/1.1" 200 19639
120.253.135.82 - - [18/Jun/2022:10:53:08 +0800] "GET /favicon.ico HTTP/1.1" 404 -
120.253.135.82 - - [18/Jun/2022:10:53:08 +0800] "POST /xingrg/kc/pszx/mdps_order_operate.html HTTP/1.1" 200 524
120.253.135.82 - - [18/Jun/2022:10:53:08 +0800] "GET /xingrg/javascript/easyui/themes/default/validatebox.css HTTP/1.1" 404 1104
101.85.54.219 - - [18/Jun/2022:10:53:11 +0800] "GET /xingrg/all/function/internal_message.html?_=1655520778447&CODE_STATE=getMsg HTTP/1.1" 200 27
114.84.147.169 - - [18/Jun/2022:10:53:11 +0800] "GET /xingrg/check_reg.html?_=1655520505299 HTTP/1.1" 302 -
116.235.92.88 - - [18/Jun/2022:10:53:12 +0800] "POST /xingrg/services/DataTransmitService HTTP/1.1" 200 524
61.170.232.109 - - [18/Jun/2022:10:53:17 +0800] "GET /xingrg/kc/buy/cgsh_order_operate.html?command=get_materiel&rest_code=00106&code=00101004038&supplier_code=00100313&order_time=2022-06-18 HTTP/1.1" 200 409
114.95.43.0 - - [18/Jun/2022:10:53:19 +0800] "GET /xingrg/all/function/internal_message.html?_=1655520796530&CODE_STATE=getMsg HTTP/1.1" 200 27
116.230.110.173 - - [18/Jun/2022:10:53:21 +0800] "GET /xingrg/all/function/internal_message.html?_=1655520793505&CODE_STATE=getMsg HTTP/1.1" 200 27
116.228.172.94 - - [18/Jun/2022:10:53:21 +0800] "GET /xingrg/all/function/internal_message.html?_=1655520658369&CODE_STATE=getMsg HTTP/1.1" 200 27
61.170.232.109 - - [18/Jun/2022:10:53:26 +0800] "GET /xingrg/kc/buy/cgsh_order_operate.html?command=get_materiel&rest_code=00106&code=00102026001&supplier_code=00100313&order_time=2022-06-18 HTTP/1.1" 200 409
180.169.147.146 - - [18/Jun/2022:10:53:28 +0800] "GET /xingrg/all/function/internal_message.html?_=1655520804414&CODE_STATE=getMsg HTTP/1.1" 302 -
58.35.194.53 - - [18/Jun/2022:10:53:29 +0800] "GET /xingrg/all/function/internal_message.html?_=1655520805296&CODE_STATE=getMsg HTTP/1.1" 200 27
101.83.223.227 - - [18/Jun/2022:10:53:31 +0800] "GET /xingrg/check_reg.html?_=1655520769676 HTTP/1.1" 200 22
101.83.223.227 - - [18/Jun/2022:10:53:31 +0800] "GET /xingrg/all/function/internal_message.html?_=1655520769855&CODE_STATE=getMsg HTTP/1.1" 200 27
180.156.212.250 - - [18/Jun/2022:10:53:35 +0800] "GET /xingrg/all/function/internal_message.html?_=1655520840304&CODE_STATE=getMsg HTTP/1.1" 200 27
218.81.223.53 - - [18/Jun/2022:10:53:44 +0800] "GET /xingrg/check_reg.html?_=1655520834213 HTTP/1.1" 200 22
114.95.43.0 - - [18/Jun/2022:10:53:44 +0800] "GET /xingrg/all/function/internal_message.html?_=1655520730965&CODE_STATE=getMsg HTTP/1.1" 200 27
218.81.223.53 - - [18/Jun/2022:10:53:47 +0800] "GET /xingrg/all/function/internal_message.html?_=1655520837043&CODE_STATE=getMsg HTTP/1.1" 200 27
61.170.232.109 - - [18/Jun/2022:10:53:49 +0800] "GET /xingrg/all/function/internal_message.html?_=1655520828901&CODE_STATE=getMsg HTTP/1.1" 200 27
218.81.223.53 - - [18/Jun/2022:10:53:52 +0800] "GET /xingrg/all/function/internal_message.html?_=1655520839876&CODE_STATE=getMsg HTTP/1.1" 302 -
61.170.232.109 - - [18/Jun/2022:10:53:58 +0800] "POST /xingrg/kc/buy/cgsh_order_operate.html HTTP/1.1" 200 37
61.170.232.109 - - [18/Jun/2022:10:54:00 +0800] "POST /xingrg/kc/buy/cgsh_order_operate.html HTTP/1.1" 200 6238
61.170.232.109 - - [18/Jun/2022:10:54:02 +0800] "GET /xingrg/kc/buy/cgsh_order_add.html HTTP/1.1" 200 67779
61.170.232.109 - - [18/Jun/2022:10:54:02 +0800] "POST /xingrg/kc/buy/cgsh_order_operate.html HTTP/1.1" 200 8245
61.170.232.109 - - [18/Jun/2022:10:54:02 +0800] "GET /xingrg/javascript/easyui/themes/default/validatebox.css HTTP/1.1" 404 1104
222.69.144.95 - - [18/Jun/2022:10:54:06 +0800] "GET /xingrg/all/function/internal_message.html?_=1655520875057&CODE_STATE=getMsg HTTP/1.1" 200 27
101.85.54.219 - - [18/Jun/2022:10:54:11 +0800] "GET /xingrg/all/function/internal_message.html?_=1655520838459&CODE_STATE=getMsg HTTP/1.1" 200 27
114.95.43.0 - - [18/Jun/2022:10:54:15 +0800] "GET /xingrg/kc/buy/buy_main.html HTTP/1.1" 200 12412
114.95.43.0 - - [18/Jun/2022:10:54:15 +0800] "GET /xingrg/css/new_ie.css HTTP/1.1" 404 1036
180.156.212.250 - - [18/Jun/2022:10:54:17 +0800] "GET /xingrg/kc/buy/cgsh_order_list.html HTTP/1.1" 200 51962
114.95.43.0 - - [18/Jun/2022:10:54:17 +0800] "GET /xingrg/kc/buy/cgsh_order_list.html HTTP/1.1" 200 51962
120.253.135.82 - - [18/Jun/2022:10:54:18 +0800] "GET /xingrg/check_reg.html?_=1655520664480 HTTP/1.1" 200 22
180.156.212.250 - - [18/Jun/2022:10:54:18 +0800] "POST /xingrg/kc/buy/cgsh_list_operate.html HTTP/1.1" 200 693
180.156.212.250 - - [18/Jun/2022:10:54:19 +0800] "GET /xingrg/kc/buy/cgsh_order_add.html HTTP/1.1" 200 67744
180.156.212.250 - - [18/Jun/2022:10:54:19 +0800] "POST /xingrg/kc/buy/cgsh_order_operate.html HTTP/1.1" 200 8245
114.95.43.0 - - [18/Jun/2022:10:54:19 +0800] "GET /xingrg/all/function/internal_message.html?_=1655520856504&CODE_STATE=getMsg HTTP/1.1" 200 27
180.156.212.250 - - [18/Jun/2022:10:54:19 +0800] "GET /xingrg/javascript/easyui/themes/default/validatebox.css HTTP/1.1" 404 1104
114.95.43.0 - - [18/Jun/2022:10:54:19 +0800] "POST /xingrg/kc/buy/cgsh_list_operate.html HTTP/1.1" 200 2350
116.230.110.173 - - [18/Jun/2022:10:54:21 +0800] "GET /xingrg/all/function/internal_message.html?_=1655520853503&CODE_STATE=getMsg HTTP/1.1" 200 27
116.230.110.173 - - [18/Jun/2022:10:54:21 +0800] "GET /xingrg/check_reg.html?_=1655520853504 HTTP/1.1" 200 22
116.228.172.94 - - [18/Jun/2022:10:54:21 +0800] "GET /xingrg/all/function/internal_message.html?_=1655520718363&CODE_STATE=getMsg HTTP/1.1" 200 27
114.95.43.0 - - [18/Jun/2022:10:54:24 +0800] "GET /xingrg/kc/buy/cgsh_order_add.html HTTP/1.1" 200 67826
114.95.43.0 - - [18/Jun/2022:10:54:24 +0800] "GET /xingrg/words/20220617171407_words.js HTTP/1.1" 304 -
114.95.43.0 - - [18/Jun/2022:10:54:24 +0800] "POST /xingrg/kc/buy/cgsh_order_operate.html HTTP/1.1" 200 8245
114.95.43.0 - - [18/Jun/2022:10:54:24 +0800] "GET /xingrg/javascript/easyui/themes/default/validatebox.css HTTP/1.1" 404 1104
180.169.147.146 - - [18/Jun/2022:10:54:28 +0800] "GET /xingrg/all/function/internal_message.html?_=1655520864397&CODE_STATE=getMsg HTTP/1.1" 302 -
58.35.194.53 - - [18/Jun/2022:10:54:29 +0800] "GET /xingrg/all/function/internal_message.html?_=1655520865282&CODE_STATE=getMsg HTTP/1.1" 200 27
180.156.212.250 - - [18/Jun/2022:10:54:30 +0800] "GET /xingrg/kc/buy/cgsh_order_operate.html?command=get_materiel&rest_code=00102&code=00101009066&supplier_code=&order_time=2022-06-18 HTTP/1.1" 200 417
101.83.223.227 - - [18/Jun/2022:10:54:31 +0800] "GET /xingrg/all/function/internal_message.html?_=1655520829868&CODE_STATE=getMsg HTTP/1.1" 200 27
180.156.212.250 - - [18/Jun/2022:10:54:35 +0800] "GET /xingrg/all/function/internal_message.html?_=1655520900305&CODE_STATE=getMsg HTTP/1.1" 200 27
114.95.43.0 - - [18/Jun/2022:10:54:44 +0800] "GET /xingrg/all/function/internal_message.html?_=1655520790975&CODE_STATE=getMsg HTTP/1.1" 200 27
218.81.223.53 - - [18/Jun/2022:10:54:47 +0800] "GET /xingrg/all/function/internal_message.html?_=1655520897057&CODE_STATE=getMsg HTTP/1.1" 200 27
61.170.232.109 - - [18/Jun/2022:10:54:49 +0800] "GET /xingrg/all/function/internal_message.html?_=1655520888888&CODE_STATE=getMsg HTTP/1.1" 200 27
218.81.223.53 - - [18/Jun/2022:10:54:52 +0800] "GET /xingrg/all/function/internal_message.html?_=1655520899881&CODE_STATE=getMsg HTTP/1.1" 302 -
61.170.232.109 - - [18/Jun/2022:10:54:59 +0800] "POST /xingrg/services/DataTransmitService HTTP/1.1" 200 524
61.170.232.109 - - [18/Jun/2022:10:55:00 +0800] "POST /xingrg/services/DataTransmitService HTTP/1.1" 200 501
61.170.232.109 - - [18/Jun/2022:10:55:00 +0800] "POST /xingrg/services/DataTransmitService HTTP/1.1" 200 501
61.170.232.109 - - [18/Jun/2022:10:55:01 +0800] "POST /xingrg/services/DataTransmitService HTTP/1.1" 200 501
61.170.232.109 - - [18/Jun/2022:10:55:01 +0800] "POST /xingrg/services/DataTransmitService HTTP/1.1" 200 501
61.170.232.109 - - [18/Jun/2022:10:55:01 +0800] "POST /xingrg/services/DataTransmitService HTTP/1.1" 200 501
61.170.232.109 - - [18/Jun/2022:10:55:02 +0800] "POST /xingrg/services/DataTransmitService HTTP/1.1" 200 501
61.170.232.109 - - [18/Jun/2022:10:55:03 +0800] "POST /xingrg/services/DataTransmitService HTTP/1.1" 200 412
222.69.144.95 - - [18/Jun/2022:10:55:06 +0800] "GET /xingrg/all/function/internal_message.html?_=1655520935053&CODE_STATE=getMsg HTTP/1.1" 200 27
101.85.54.219 - - [18/Jun/2022:10:55:11 +0800] "GET /xingrg/all/function/internal_message.html?_=1655520898464&CODE_STATE=getMsg HTTP/1.1" 200 27
114.95.43.0 - - [18/Jun/2022:10:55:19 +0800] "GET /xingrg/all/function/internal_message.html?_=1655520916479&CODE_STATE=getMsg HTTP/1.1" 200 27
58.35.194.53 - - [18/Jun/2022:10:55:20 +0800] "GET /xingrg/javascript/jquery_easy_ui/themes/default/images/tabs_active.png HTTP/1.1" 200 2894
114.95.43.0 - - [18/Jun/2022:10:55:20 +0800] "GET /xingrg/kc/buy/cgsh_order_operate.html?command=get_materiel&rest_code=00105&code=00101011007&supplier_code=00100052&order_time=2022-06-18 HTTP/1.1" 200 414
116.230.110.173 - - [18/Jun/2022:10:55:21 +0800] "GET /xingrg/all/function/internal_message.html?_=1655520913514&CODE_STATE=getMsg HTTP/1.1" 200 27
116.228.172.94 - - [18/Jun/2022:10:55:21 +0800] "GET /xingrg/all/function/internal_message.html?_=1655520778355&CODE_STATE=getMsg HTTP/1.1" 200 27
116.228.172.94 - - [18/Jun/2022:10:55:21 +0800] "GET /xingrg/check_reg.html?_=1655520778360 HTTP/1.1" 200 22
180.169.147.146 - - [18/Jun/2022:10:55:28 +0800] "GET /xingrg/all/function/internal_message.html?_=1655520924382&CODE_STATE=getMsg HTTP/1.1" 302 -
180.169.147.146 - - [18/Jun/2022:10:55:29 +0800] "GET /xingrg/check_reg.html?_=1655520924586 HTTP/1.1" 302 -
58.35.194.53 - - [18/Jun/2022:10:55:29 +0800] "GET /xingrg/all/function/internal_message.html?_=1655520925267&CODE_STATE=getMsg HTTP/1.1" 200 27
58.35.194.53 - - [18/Jun/2022:10:55:29 +0800] "POST /xingrg/kc/buy/cgsh_list_operate.html HTTP/1.1" 200 3066
101.83.223.227 - - [18/Jun/2022:10:55:31 +0800] "GET /xingrg/all/function/internal_message.html?_=1655520889881&CODE_STATE=getMsg HTTP/1.1" 200 27
180.156.212.250 - - [18/Jun/2022:10:55:35 +0800] "GET /xingrg/all/function/internal_message.html?_=1655520960302&CODE_STATE=getMsg HTTP/1.1" 200 27
114.95.43.0 - - [18/Jun/2022:10:55:44 +0800] "GET /xingrg/kc/buy/cgsh_order_operate.html?command=get_materiel&rest_code=00105&code=00101011005&supplier_code=00100052&order_time=2022-06-18 HTTP/1.1" 200 408
114.84.82.172 - - [18/Jun/2022:10:55:44 +0800] "GET /xingrg/check_reg.html?_=1655520941570 HTTP/1.1" 200 22
114.95.43.0 - - [18/Jun/2022:10:55:44 +0800] "GET /xingrg/all/function/internal_message.html?_=1655520850934&CODE_STATE=getMsg HTTP/1.1" 200 27
218.81.223.53 - - [18/Jun/2022:10:55:47 +0800] "GET /xingrg/all/function/internal_message.html?_=1655520957072&CODE_STATE=getMsg HTTP/1.1" 200 27
61.170.232.109 - - [18/Jun/2022:10:55:48 +0800] "GET /xingrg/javascript/easyui/themes/default/tree.css HTTP/1.1" 404 1090
61.170.232.109 - - [18/Jun/2022:10:55:48 +0800] "POST /xingrg/all/common/load_tree.html?tree=supplier_tree_json&isDelete=1 HTTP/1.1" 200 66572
61.170.232.109 - - [18/Jun/2022:10:55:49 +0800] "GET /xingrg/all/function/internal_message.html?_=1655520949507&CODE_STATE=getMsg HTTP/1.1" 200 27
61.170.232.109 - - [18/Jun/2022:10:55:50 +0800] "GET /xingrg/check_reg.html?_=1655520949511 HTTP/1.1" 200 22
58.35.194.53 - - [18/Jun/2022:10:55:50 +0800] "GET /xingrg/check_reg.html?_=1655520945835 HTTP/1.1" 200 22
218.81.223.53 - - [18/Jun/2022:10:55:52 +0800] "GET /xingrg/all/function/internal_message.html?_=1655520959901&CODE_STATE=getMsg HTTP/1.1" 302 -
114.95.43.0 - - [18/Jun/2022:10:55:58 +0800] "POST /xingrg/kc/buy/cgsh_order_operate.html HTTP/1.1" 200 37
114.95.43.0 - - [18/Jun/2022:10:56:00 +0800] "POST /xingrg/kc/buy/cgsh_order_operate.html HTTP/1.1" 200 3258
114.95.43.0 - - [18/Jun/2022:10:56:05 +0800] "GET /xingrg/kc/print/load_data.html?order_code=212022061801994&kc_code=cgsh&condition= HTTP/1.1" 200 952
222.69.144.95 - - [18/Jun/2022:10:56:06 +0800] "GET /xingrg/all/function/internal_message.html?_=1655520995037&CODE_STATE=getMsg HTTP/1.1" 200 27
61.170.232.109 - - [18/Jun/2022:10:56:10 +0800] "GET /xingrg/kc/buy/cgsh_order_operate.html?command=get_materiel&rest_code=00106&code=00101004051&supplier_code=00100545&order_time=2022-06-18 HTTP/1.1" 200 408
101.85.54.219 - - [18/Jun/2022:10:56:11 +0800] "GET /xingrg/check_reg.html?_=1655520958455 HTTP/1.1" 200 22
101.85.54.219 - - [18/Jun/2022:10:56:11 +0800] "GET /xingrg/all/function/internal_message.html?_=1655520958459&CODE_STATE=getMsg HTTP/1.1" 200 27
114.95.43.0 - - [18/Jun/2022:10:56:19 +0800] "GET /xingrg/all/function/internal_message.html?_=1655520976452&CODE_STATE=getMsg HTTP/1.1" 200 27
116.230.110.173 - - [18/Jun/2022:10:56:21 +0800] "GET /xingrg/all/function/internal_message.html?_=1655520973519&CODE_STATE=getMsg HTTP/1.1" 200 27
116.228.172.94 - - [18/Jun/2022:10:56:21 +0800] "GET /xingrg/all/function/internal_message.html?_=1655520838377&CODE_STATE=getMsg HTTP/1.1" 200 27
180.169.147.146 - - [18/Jun/2022:10:56:28 +0800] "GET /xingrg/all/function/internal_message.html?_=1655520984367&CODE_STATE=getMsg HTTP/1.1" 302 -
58.35.194.53 - - [18/Jun/2022:10:56:29 +0800] "GET /xingrg/all/function/internal_message.html?_=1655520985242&CODE_STATE=getMsg HTTP/1.1" 200 27
101.83.223.227 - - [18/Jun/2022:10:56:31 +0800] "GET /xingrg/all/function/internal_message.html?_=1655520949903&CODE_STATE=getMsg HTTP/1.1" 200 27
180.156.212.250 - - [18/Jun/2022:10:56:35 +0800] "GET /xingrg/all/function/internal_message.html?_=1655521020303&CODE_STATE=getMsg HTTP/1.1" 200 27
61.170.232.109 - - [18/Jun/2022:10:56:38 +0800] "GET /xingrg/kc/buy/cgsh_order_operate.html?command=get_materiel&rest_code=00106&code=00101004046&supplier_code=00100545&order_time=2022-06-18 HTTP/1.1" 200 417
114.95.43.0 - - [18/Jun/2022:10:56:44 +0800] "GET /xingrg/all/function/internal_message.html?_=1655520910912&CODE_STATE=getMsg HTTP/1.1" 200 27
218.81.223.53 - - [18/Jun/2022:10:56:47 +0800] "GET /xingrg/all/function/internal_message.html?_=1655521017185&CODE_STATE=getMsg HTTP/1.1" 200 27
58.35.194.53 - - [18/Jun/2022:10:56:49 +0800] "GET /xingrg/kc/report/report_main.html HTTP/1.1" 200 7340
58.35.194.53 - - [18/Jun/2022:10:56:49 +0800] "GET /xingrg/css/blue.css HTTP/1.1" 200 15949
58.35.194.53 - - [18/Jun/2022:10:56:49 +0800] "GET /xingrg/javascript/jquery_easy_ui/themes/default/easyui.css HTTP/1.1" 200 26500
58.35.194.53 - - [18/Jun/2022:10:56:49 +0800] "GET /xingrg/javascript/jquery_easy_ui/themes/icon.css HTTP/1.1" 200 3949
58.35.194.53 - - [18/Jun/2022:10:56:49 +0800] "GET /xingrg/javascript/pic_change.js HTTP/1.1" 200 4739
58.35.194.53 - - [18/Jun/2022:10:56:49 +0800] "GET /xingrg/javascript/jquery_ui/themes/humanity/humanity.css HTTP/1.1" 200 27801
58.35.194.53 - - [18/Jun/2022:10:56:49 +0800] "GET /xingrg/javascript/myfunction.js HTTP/1.1" 200 24559
58.35.194.53 - - [18/Jun/2022:10:56:49 +0800] "GET /xingrg/javascript/jquery-1.4.2.min.js HTTP/1.1" 200 72205
58.35.194.53 - - [18/Jun/2022:10:56:49 +0800] "GET /xingrg/javascript/json2.js HTTP/1.1" 200 11259
61.170.232.109 - - [18/Jun/2022:10:56:49 +0800] "GET /xingrg/all/function/internal_message.html?_=1655521009480&CODE_STATE=getMsg HTTP/1.1" 200 27
58.35.194.53 - - [18/Jun/2022:10:56:50 +0800] "GET /xingrg/all/report/report_query.html?fileName=kc/buy/gys_amount.xml&rh=99999 HTTP/1.1" 200 52006
