61.170.232.109 - - [18/Jun/2022:11:30:49 +0800] "GET /xingrg/all/function/internal_message.html?_=1655523048813&CODE_STATE=getMsg HTTP/1.1" 200 27
61.170.232.109 - - [18/Jun/2022:11:30:49 +0800] "GET /xingrg/check_reg.html?_=1655523049455 HTTP/1.1" 200 22
58.35.194.53 - - [18/Jun/2022:11:30:50 +0800] "GET /xingrg/check_reg.html?_=1655523045835 HTTP/1.1" 200 22
218.81.223.53 - - [18/Jun/2022:11:30:52 +0800] "GET /xingrg/all/function/internal_message.html?_=1655523060376&CODE_STATE=getMsg HTTP/1.1" 302 -
222.69.144.95 - - [18/Jun/2022:11:31:06 +0800] "GET /xingrg/all/function/internal_message.html?_=1655523094490&CODE_STATE=getMsg HTTP/1.1" 200 27
180.156.212.250 - - [18/Jun/2022:11:31:09 +0800] "POST /xingrg/kc/buy/cgsh_list_operate.html HTTP/1.1" 200 5100
180.156.212.250 - - [18/Jun/2022:11:31:13 +0800] "POST /xingrg/kc/buy/cgsh_list_operate.html HTTP/1.1" 200 202
180.156.212.250 - - [18/Jun/2022:11:31:14 +0800] "GET /xingrg/kc/buy/cgsh_order_info.html?code=212022061701909 HTTP/1.1" 200 62641
180.156.212.250 - - [18/Jun/2022:11:31:15 +0800] "GET /xingrg/javascript/easyui/themes/default/validatebox.css HTTP/1.1" 404 1104
180.156.212.250 - - [18/Jun/2022:11:31:15 +0800] "POST /xingrg/kc/buy/cgsh_order_operate.html HTTP/1.1" 200 608
180.156.212.250 - - [18/Jun/2022:11:31:16 +0800] "POST /xingrg/kc/buy/cgsh_list_operate.html HTTP/1.1" 200 5100
114.95.43.0 - - [18/Jun/2022:11:31:18 +0800] "GET /xingrg/all/function/internal_message.html?_=1655523075641&CODE_STATE=getMsg HTTP/1.1" 200 27
116.230.110.173 - - [18/Jun/2022:11:31:21 +0800] "GET /xingrg/all/function/internal_message.html?_=1655523073507&CODE_STATE=getMsg HTTP/1.1" 200 27
116.228.172.94 - - [18/Jun/2022:11:31:21 +0800] "GET /xingrg/all/function/internal_message.html?_=1655522938374&CODE_STATE=getMsg HTTP/1.1" 200 27
180.169.147.146 - - [18/Jun/2022:11:31:28 +0800] "GET /xingrg/all/function/internal_message.html?_=1655523083767&CODE_STATE=getMsg HTTP/1.1" 302 -
58.35.194.53 - - [18/Jun/2022:11:31:29 +0800] "GET /xingrg/all/function/internal_message.html?_=1655523084633&CODE_STATE=getMsg HTTP/1.1" 200 27
101.83.223.227 - - [18/Jun/2022:11:31:31 +0800] "GET /xingrg/all/function/internal_message.html?_=1655523050379&CODE_STATE=getMsg HTTP/1.1" 200 27
180.156.212.250 - - [18/Jun/2022:11:31:32 +0800] "GET /xingrg/login.html HTTP/1.1" 200 7641
180.156.212.250 - - [18/Jun/2022:11:31:32 +0800] "GET /favicon.ico HTTP/1.1" 404 -
180.156.212.250 - - [18/Jun/2022:11:31:33 +0800] "POST /xingrg/login.do HTTP/1.1" 302 -
180.156.212.250 - - [18/Jun/2022:11:31:33 +0800] "GET /xingrg/index.html?sysBaseUrl=http%3A%2F%2F180.169.147.146%3A18081%2Fxingrg%2F&costTime=38×tamp=1655523093439 HTTP/1.1" 200 17173
180.156.212.250 - - [18/Jun/2022:11:31:33 +0800] "GET /favicon.ico HTTP/1.1" 404 -
180.156.212.250 - - [18/Jun/2022:11:31:33 +0800] "POST /xingrg/all/common/load_tree.html?tree=area_rest_tree_json&manage=1 HTTP/1.1" 200 342
180.156.212.250 - - [18/Jun/2022:11:31:33 +0800] "GET /xingrg/all/function/internal_message.html?_=1655523119146&CODE_STATE=count HTTP/1.1" 200 11
180.156.212.250 - - [18/Jun/2022:11:31:33 +0800] "POST /xingrg/load_menu.html HTTP/1.1" 200 5138
180.156.212.250 - - [18/Jun/2022:11:31:33 +0800] "GET /xingrg/check_reg.html?_=1655523119149 HTTP/1.1" 200 22
180.156.212.250 - - [18/Jun/2022:11:31:37 +0800] "GET /xingrg/kc/buy/cgsh_order_list.html HTTP/1.1" 200 51962
180.156.212.250 - - [18/Jun/2022:11:31:38 +0800] "POST /xingrg/kc/buy/cgsh_list_operate.html HTTP/1.1" 200 693
114.95.43.0 - - [18/Jun/2022:11:31:43 +0800] "GET /xingrg/all/function/internal_message.html?_=1655523010104&CODE_STATE=getMsg HTTP/1.1" 200 27
218.81.223.53 - - [18/Jun/2022:11:31:48 +0800] "GET /xingrg/all/function/internal_message.html?_=1655523118855&CODE_STATE=getMsg HTTP/1.1" 200 27
61.170.232.109 - - [18/Jun/2022:11:31:49 +0800] "GET /xingrg/all/function/internal_message.html?_=1655523108784&CODE_STATE=getMsg HTTP/1.1" 200 27
218.81.223.53 - - [18/Jun/2022:11:31:52 +0800] "GET /xingrg/all/function/internal_message.html?_=1655523120384&CODE_STATE=getMsg HTTP/1.1" 302 -
120.253.135.82 - - [18/Jun/2022:11:32:00 +0800] "POST /xingrg/kc/pszx/mdps_list_operate.html HTTP/1.1" 200 2046
120.253.135.82 - - [18/Jun/2022:11:32:00 +0800] "POST /xingrg/kc/pszx/mdps_list_operate.html HTTP/1.1" 200 2046
222.69.144.95 - - [18/Jun/2022:11:32:06 +0800] "GET /xingrg/all/function/internal_message.html?_=1655523154473&CODE_STATE=getMsg HTTP/1.1" 200 27
120.253.135.82 - - [18/Jun/2022:11:32:06 +0800] "GET /xingrg/kc/pszx/mdqp_order_list.html?state=10 HTTP/1.1" 200 10217
120.253.135.82 - - [18/Jun/2022:11:32:06 +0800] "GET /xingrg/dwr/interface/AjaxQqpsService.js HTTP/1.1" 200 16326
120.253.135.82 - - [18/Jun/2022:11:32:06 +0800] "GET /xingrg/dwr/interface/AjaxReportQueryService.js HTTP/1.1" 200 13203
120.253.135.82 - - [18/Jun/2022:11:32:06 +0800] "GET /xingrg/dwr/engine.js HTTP/1.1" 200 43631
120.253.135.82 - - [18/Jun/2022:11:32:08 +0800] "GET /xingrg/kc/pszx/mdps_order_list.html?orderType=0 HTTP/1.1" 200 21007
120.253.135.82 - - [18/Jun/2022:11:32:08 +0800] "POST /xingrg/kc/pszx/mdps_list_operate.html HTTP/1.1" 200 5328
120.253.135.82 - - [18/Jun/2022:11:32:14 +0800] "POST /xingrg/kc/pszx/mdps_list_operate.html HTTP/1.1" 200 2417
120.253.135.82 - - [18/Jun/2022:11:32:16 +0800] "POST /xingrg/kc/pszx/mdps_list_operate.html HTTP/1.1" 200 207
120.253.135.82 - - [18/Jun/2022:11:32:18 +0800] "POST /xingrg/kc/pszx/mdps_list_operate.html HTTP/1.1" 200 642
114.95.43.0 - - [18/Jun/2022:11:32:18 +0800] "GET /xingrg/all/function/internal_message.html?_=1655523135623&CODE_STATE=getMsg HTTP/1.1" 200 27
116.230.110.173 - - [18/Jun/2022:11:32:21 +0800] "GET /xingrg/all/function/internal_message.html?_=1655523133502&CODE_STATE=getMsg HTTP/1.1" 200 27
120.253.135.82 - - [18/Jun/2022:11:32:21 +0800] "POST /xingrg/kc/pszx/mdps_list_operate.html HTTP/1.1" 200 369
116.228.172.94 - - [18/Jun/2022:11:32:21 +0800] "GET /xingrg/all/function/internal_message.html?_=1655522998369&CODE_STATE=getMsg HTTP/1.1" 200 27
120.253.135.82 - - [18/Jun/2022:11:32:23 +0800] "GET /xingrg/kc/pszx/mdps_order_info.html?code=312022061800310 HTTP/1.1" 200 23972
114.95.43.0 - - [18/Jun/2022:11:32:24 +0800] "GET /xingrg/check_reg.html?_=1655523141346 HTTP/1.1" 200 22
120.253.135.82 - - [18/Jun/2022:11:32:24 +0800] "GET /xingrg/javascript/easyui/themes/default/validatebox.css HTTP/1.1" 404 1104
120.253.135.82 - - [18/Jun/2022:11:32:24 +0800] "POST /xingrg/kc/pszx/mdps_order_operate.html HTTP/1.1" 200 3291
180.169.147.146 - - [18/Jun/2022:11:32:28 +0800] "GET /xingrg/all/function/internal_message.html?_=1655523143751&CODE_STATE=getMsg HTTP/1.1" 302 -
58.35.194.53 - - [18/Jun/2022:11:32:29 +0800] "GET /xingrg/all/function/internal_message.html?_=1655523144618&CODE_STATE=getMsg HTTP/1.1" 200 27
101.83.223.227 - - [18/Jun/2022:11:32:31 +0800] "GET /xingrg/all/function/internal_message.html?_=1655523110384&CODE_STATE=getMsg HTTP/1.1" 200 27
180.156.212.250 - - [18/Jun/2022:11:32:33 +0800] "GET /xingrg/all/function/internal_message.html?_=1655523179160&CODE_STATE=getMsg HTTP/1.1" 200 27
61.170.232.109 - - [18/Jun/2022:11:32:36 +0800] "POST /xingrg/kc/buy/cgsh_list_operate.html HTTP/1.1" 200 2069
61.170.232.109 - - [18/Jun/2022:11:32:37 +0800] "GET /xingrg/kc/buy/buy_main.html HTTP/1.1" 200 12412
61.170.232.109 - - [18/Jun/2022:11:32:37 +0800] "GET /xingrg/css/new_ie.css HTTP/1.1" 404 1036
61.170.232.109 - - [18/Jun/2022:11:32:43 +0800] "GET /xingrg/images/yd/bt.gif HTTP/1.1" 404 1040
61.170.232.109 - - [18/Jun/2022:11:32:43 +0800] "GET /xingrg/kc/buy/cgsh_order_list.html HTTP/1.1" 200 51962
114.95.43.0 - - [18/Jun/2022:11:32:43 +0800] "GET /xingrg/all/function/internal_message.html?_=1655523070090&CODE_STATE=getMsg HTTP/1.1" 200 27
61.170.232.109 - - [18/Jun/2022:11:32:45 +0800] "POST /xingrg/kc/buy/cgsh_list_operate.html HTTP/1.1" 200 2069
114.95.43.0 - - [18/Jun/2022:11:32:48 +0800] "GET /xingrg/check_reg.html?_=1655523074478 HTTP/1.1" 200 22
218.81.223.53 - - [18/Jun/2022:11:32:48 +0800] "GET /xingrg/all/function/internal_message.html?_=1655523178972&CODE_STATE=getMsg HTTP/1.1" 200 27
61.170.232.109 - - [18/Jun/2022:11:32:49 +0800] "GET /xingrg/all/function/internal_message.html?_=1655523168768&CODE_STATE=getMsg HTTP/1.1" 200 27
218.81.223.53 - - [18/Jun/2022:11:32:50 +0800] "GET /xingrg/check_reg.html?_=1655523178260 HTTP/1.1" 302 -
218.81.223.53 - - [18/Jun/2022:11:32:52 +0800] "GET /xingrg/all/function/internal_message.html?_=1655523180398&CODE_STATE=getMsg HTTP/1.1" 302 -
222.69.144.95 - - [18/Jun/2022:11:33:06 +0800] "GET /xingrg/all/function/internal_message.html?_=1655523214460&CODE_STATE=getMsg HTTP/1.1" 200 27
101.83.240.230 - - [18/Jun/2022:11:33:06 +0800] "POST /xingrg/services/DataTransmitService HTTP/1.1" 200 524
101.83.240.230 - - [18/Jun/2022:11:33:07 +0800] "POST /xingrg/services/DataTransmitService HTTP/1.1" 200 412
222.69.144.95 - - [18/Jun/2022:11:33:07 +0800] "GET /xingrg/check_reg.html?_=1655523216107 HTTP/1.1" 200 22
120.253.135.82 - - [18/Jun/2022:11:33:14 +0800] "POST /xingrg/kc/pszx/mdps_list_operate.html HTTP/1.1" 200 3178
120.253.135.82 - - [18/Jun/2022:11:33:15 +0800] "POST /xingrg/kc/pszx/mdps_list_operate.html HTTP/1.1" 200 207
120.253.135.82 - - [18/Jun/2022:11:33:17 +0800] "POST /xingrg/kc/pszx/mdps_list_operate.html HTTP/1.1" 200 203
114.95.43.0 - - [18/Jun/2022:11:33:18 +0800] "GET /xingrg/all/function/internal_message.html?_=1655523195592&CODE_STATE=getMsg HTTP/1.1" 200 27
120.253.135.82 - - [18/Jun/2022:11:33:20 +0800] "GET /xingrg/kc/pszx/mdps_order_info.html?code=312022061700291 HTTP/1.1" 200 23984
120.253.135.82 - - [18/Jun/2022:11:33:20 +0800] "GET /xingrg/javascript/easyui/themes/default/validatebox.css HTTP/1.1" 404 1104
120.253.135.82 - - [18/Jun/2022:11:33:20 +0800] "POST /xingrg/kc/pszx/mdps_order_operate.html HTTP/1.1" 200 2282
116.230.110.173 - - [18/Jun/2022:11:33:21 +0800] "GET /xingrg/all/function/internal_message.html?_=1655523193517&CODE_STATE=getMsg HTTP/1.1" 200 27
116.228.172.94 - - [18/Jun/2022:11:33:21 +0800] "GET /xingrg/all/function/internal_message.html?_=1655523058360&CODE_STATE=getMsg HTTP/1.1" 200 27
120.253.135.82 - - [18/Jun/2022:11:33:23 +0800] "POST /xingrg/kc/pszx/mdps_list_operate.html HTTP/1.1" 200 3178
120.253.135.82 - - [18/Jun/2022:11:33:26 +0800] "GET /xingrg/kc/pszx/mdqp_order_list.html?state=10 HTTP/1.1" 200 10217
120.253.135.82 - - [18/Jun/2022:11:33:26 +0800] "GET /xingrg/dwr/interface/AjaxQqpsService.js HTTP/1.1" 200 16326
120.253.135.82 - - [18/Jun/2022:11:33:26 +0800] "GET /xingrg/dwr/interface/AjaxReportQueryService.js HTTP/1.1" 200 13203
120.253.135.82 - - [18/Jun/2022:11:33:26 +0800] "GET /xingrg/dwr/engine.js HTTP/1.1" 200 43631
180.169.147.146 - - [18/Jun/2022:11:33:28 +0800] "GET /xingrg/all/function/internal_message.html?_=1655523203735&CODE_STATE=getMsg HTTP/1.1" 302 -
58.35.194.53 - - [18/Jun/2022:11:33:29 +0800] "GET /xingrg/all/function/internal_message.html?_=1655523204604&CODE_STATE=getMsg HTTP/1.1" 200 27
101.83.223.227 - - [18/Jun/2022:11:33:31 +0800] "GET /xingrg/check_reg.html?_=1655523169736 HTTP/1.1" 200 22
101.83.223.227 - - [18/Jun/2022:11:33:31 +0800] "GET /xingrg/all/function/internal_message.html?_=1655523170397&CODE_STATE=getMsg HTTP/1.1" 200 27
180.156.212.250 - - [18/Jun/2022:11:33:33 +0800] "GET /xingrg/all/function/internal_message.html?_=1655523239164&CODE_STATE=getMsg HTTP/1.1" 200 27
114.95.43.0 - - [18/Jun/2022:11:33:43 +0800] "GET /xingrg/all/function/internal_message.html?_=1655523130063&CODE_STATE=getMsg HTTP/1.1" 200 27
218.81.223.53 - - [18/Jun/2022:11:33:44 +0800] "GET /xingrg/check_reg.html?_=1655523234544 HTTP/1.1" 200 22
218.81.223.53 - - [18/Jun/2022:11:33:48 +0800] "GET /xingrg/all/function/internal_message.html?_=1655523238975&CODE_STATE=getMsg HTTP/1.1" 200 27
61.170.232.109 - - [18/Jun/2022:11:33:49 +0800] "GET /xingrg/all/function/internal_message.html?_=1655523228753&CODE_STATE=getMsg HTTP/1.1" 200 27
218.81.223.53 - - [18/Jun/2022:11:33:52 +0800] "GET /xingrg/all/function/internal_message.html?_=1655523240418&CODE_STATE=getMsg HTTP/1.1" 302 -
222.69.144.95 - - [18/Jun/2022:11:34:06 +0800] "GET /xingrg/all/function/internal_message.html?_=1655523274445&CODE_STATE=getMsg HTTP/1.1" 200 27
114.95.43.0 - - [18/Jun/2022:11:34:18 +0800] "GET /xingrg/all/function/internal_message.html?_=1655523255565&CODE_STATE=getMsg HTTP/1.1" 200 27
116.230.110.173 - - [18/Jun/2022:11:34:21 +0800] "GET /xingrg/all/function/internal_message.html?_=1655523253509&CODE_STATE=getMsg HTTP/1.1" 200 27
116.230.110.173 - - [18/Jun/2022:11:34:21 +0800] "GET /xingrg/check_reg.html?_=1655523253510 HTTP/1.1" 200 22
116.228.172.94 - - [18/Jun/2022:11:34:21 +0800] "GET /xingrg/all/function/internal_message.html?_=1655523118368&CODE_STATE=getMsg HTTP/1.1" 200 27
180.169.147.146 - - [18/Jun/2022:11:34:28 +0800] "GET /xingrg/all/function/internal_message.html?_=1655523263718&CODE_STATE=getMsg HTTP/1.1" 302 -
58.35.194.53 - - [18/Jun/2022:11:34:28 +0800] "GET /xingrg/all/function/internal_message.html?_=1655523264588&CODE_STATE=getMsg HTTP/1.1" 200 27
101.83.223.227 - - [18/Jun/2022:11:34:31 +0800] "GET /xingrg/all/function/internal_message.html?_=1655523230411&CODE_STATE=getMsg HTTP/1.1" 200 27
120.253.135.82 - - [18/Jun/2022:11:34:32 +0800] "GET /xingrg/check_reg.html?_=1655523078614 HTTP/1.1" 200 22
180.156.212.250 - - [18/Jun/2022:11:34:33 +0800] "GET /xingrg/all/function/internal_message.html?_=1655523299165&CODE_STATE=getMsg HTTP/1.1" 200 27
114.95.43.0 - - [18/Jun/2022:11:34:43 +0800] "GET /xingrg/all/function/internal_message.html?_=1655523190048&CODE_STATE=getMsg HTTP/1.1" 200 27
218.81.223.53 - - [18/Jun/2022:11:34:48 +0800] "GET /xingrg/all/function/internal_message.html?_=1655523298989&CODE_STATE=getMsg HTTP/1.1" 200 27
61.170.232.109 - - [18/Jun/2022:11:34:49 +0800] "GET /xingrg/all/function/internal_message.html?_=1655523288732&CODE_STATE=getMsg HTTP/1.1" 200 27
218.81.223.53 - - [18/Jun/2022:11:34:52 +0800] "GET /xingrg/all/function/internal_message.html?_=1655523300425&CODE_STATE=getMsg HTTP/1.1" 302 -
222.69.144.95 - - [18/Jun/2022:11:35:06 +0800] "GET /xingrg/all/function/internal_message.html?_=1655523334430&CODE_STATE=getMsg HTTP/1.1" 200 27
114.95.43.0 - - [18/Jun/2022:11:35:18 +0800] "GET /xingrg/all/function/internal_message.html?_=1655523315541&CODE_STATE=getMsg HTTP/1.1" 200 27
116.230.110.173 - - [18/Jun/2022:11:35:21 +0800] "GET /xingrg/all/function/internal_message.html?_=1655523313507&CODE_STATE=getMsg HTTP/1.1" 200 27
116.228.172.94 - - [18/Jun/2022:11:35:21 +0800] "GET /xingrg/check_reg.html?_=1655523178369 HTTP/1.1" 200 22
116.228.172.94 - - [18/Jun/2022:11:35:21 +0800] "GET /xingrg/all/function/internal_message.html?_=1655523178372&CODE_STATE=getMsg HTTP/1.1" 200 27
180.169.147.146 - - [18/Jun/2022:11:35:28 +0800] "GET /xingrg/all/function/internal_message.html?_=1655523323702&CODE_STATE=getMsg HTTP/1.1" 302 -
180.169.147.146 - - [18/Jun/2022:11:35:28 +0800] "GET /xingrg/check_reg.html?_=1655523324468 HTTP/1.1" 302 -
58.35.194.53 - - [18/Jun/2022:11:35:28 +0800] "GET /xingrg/all/function/internal_message.html?_=1655523324573&CODE_STATE=getMsg HTTP/1.1" 200 27
101.83.223.227 - - [18/Jun/2022:11:35:31 +0800] "GET /xingrg/all/function/internal_message.html?_=1655523290425&CODE_STATE=getMsg HTTP/1.1" 200 27
180.156.212.250 - - [18/Jun/2022:11:35:33 +0800] "GET /xingrg/all/function/internal_message.html?_=1655523359154&CODE_STATE=getMsg HTTP/1.1" 200 27
114.95.43.0 - - [18/Jun/2022:11:35:43 +0800] "GET /xingrg/all/function/internal_message.html?_=1655523250033&CODE_STATE=getMsg HTTP/1.1" 200 27
114.84.82.172 - - [18/Jun/2022:11:35:44 +0800] "GET /xingrg/check_reg.html?_=1655523341480 HTTP/1.1" 200 22
218.81.223.53 - - [18/Jun/2022:11:35:49 +0800] "GET /xingrg/all/function/internal_message.html?_=1655523359099&CODE_STATE=getMsg HTTP/1.1" 200 27
61.170.232.109 - - [18/Jun/2022:11:35:49 +0800] "GET /xingrg/all/function/internal_message.html?_=1655523348718&CODE_STATE=getMsg HTTP/1.1" 200 27
61.170.232.109 - - [18/Jun/2022:11:35:49 +0800] "GET /xingrg/check_reg.html?_=1655523349438 HTTP/1.1" 200 22
58.35.194.53 - - [18/Jun/2022:11:35:50 +0800] "GET /xingrg/check_reg.html?_=1655523345839 HTTP/1.1" 200 22
218.81.223.53 - - [18/Jun/2022:11:35:52 +0800] "GET /xingrg/all/function/internal_message.html?_=1655523360444&CODE_STATE=getMsg HTTP/1.1" 302 -
222.69.144.95 - - [18/Jun/2022:11:36:06 +0800] "GET /xingrg/all/function/internal_message.html?_=1655523394428&CODE_STATE=getMsg HTTP/1.1" 200 27
114.95.43.0 - - [18/Jun/2022:11:36:18 +0800] "GET /xingrg/all/function/internal_message.html?_=1655523375517&CODE_STATE=getMsg HTTP/1.1" 200 27
116.230.110.173 - - [18/Jun/2022:11:36:21 +0800] "GET /xingrg/all/function/internal_message.html?_=1655523373518&CODE_STATE=getMsg HTTP/1.1" 200 27
116.228.172.94 - - [18/Jun/2022:11:36:21 +0800] "GET /xingrg/all/function/internal_message.html?_=1655523238362&CODE_STATE=getMsg HTTP/1.1" 200 27
58.35.194.53 - - [18/Jun/2022:11:36:27 +0800] "GET /xingrg/kc/report/report_main.html HTTP/1.1" 200 7340
180.169.147.146 - - [18/Jun/2022:11:36:28 +0800] "GET /xingrg/all/function/internal_message.html?_=1655523383687&CODE_STATE=getMsg HTTP/1.1" 302 -
58.35.194.53 - - [18/Jun/2022:11:36:28 +0800] "GET /xingrg/all/function/internal_message.html?_=1655523384559&CODE_STATE=getMsg HTTP/1.1" 200 27
58.35.194.53 - - [18/Jun/2022:11:36:30 +0800] "GET /xingrg/all/report/report_query.html?fileName=kc/buy/gys_amount.xml&rh=99999 HTTP/1.1" 200 52006
58.35.194.53 - - [18/Jun/2022:11:36:30 +0800] "GET /xingrg/dwr/interface/AjaxReportQueryService.js HTTP/1.1" 200 13203
58.35.194.53 - - [18/Jun/2022:11:36:30 +0800] "GET /xingrg/dwr/engine.js HTTP/1.1" 200 43631
58.35.194.53 - - [18/Jun/2022:11:36:30 +0800] "POST /xingrg/dwr/call/plaincall/AjaxReportQueryService.getFixDate.dwr HTTP/1.1" 200 111
58.35.194.53 - - [18/Jun/2022:11:36:30 +0800] "POST /xingrg/all/common/load_tree.html?tree=supplier_tree_json&manage=1 HTTP/1.1" 200 67779
58.35.194.53 - - [18/Jun/2022:11:36:31 +0800] "POST /xingrg/all/common/load_tree.html?tree=materiel_sort_tree_json HTTP/1.1" 200 9388
58.35.194.53 - - [18/Jun/2022:11:36:31 +0800] "POST /xingrg/dwr/call/plaincall/AjaxReportQueryService.getInitString.dwr HTTP/1.1" 200 1062
101.83.223.227 - - [18/Jun/2022:11:36:31 +0800] "GET /xingrg/all/function/internal_message.html?_=1655523350445&CODE_STATE=getMsg HTTP/1.1" 200 27
180.156.212.250 - - [18/Jun/2022:11:36:33 +0800] "GET /xingrg/check_reg.html?_=1655523419156 HTTP/1.1" 200 22
180.156.212.250 - - [18/Jun/2022:11:36:33 +0800] "GET /xingrg/all/function/internal_message.html?_=1655523419160&CODE_STATE=getMsg HTTP/1.1" 200 27
58.35.210.91 - - [18/Jun/2022:11:36:38 +0800] "POST /xingrg/services/DataTransmitService HTTP/1.1" 200 524
58.35.194.53 - - [18/Jun/2022:11:36:42 +0800] "POST /xingrg/dwr/call/plaincall/AjaxReportQueryService.refreshCache.dwr HTTP/1.1" 200 78
114.95.43.0 - - [18/Jun/2022:11:36:43 +0800] "GET /xingrg/all/function/internal_message.html?_=1655523310018&CODE_STATE=getMsg HTTP/1.1" 200 27
58.35.194.53 - - [18/Jun/2022:11:36:44 +0800] "POST /xingrg/all/report/load_report_page.html HTTP/1.1" 200 107522
58.35.194.53 - - [18/Jun/2022:11:36:45 +0800] "GET /xingrg/servlets/image?cache=0.7732730768998866&image=px HTTP/1.1" 200 807
58.35.194.53 - - [18/Jun/2022:11:36:48 +0800] "GET /xingrg/all/report/report_query.html?isQuery=1&fileName=kc/buy/wlcg_cate_hz.xml&queryString=(CONVERT(char(10)%252Ca.order_time%252C%2520120)%253E%253D'2022-02-01')%2520and%2520(CONVERT(char(10)%252Ca.order_time%252C%2520120)%253C%253D'2022-02-28')%2520and%2520(a.number%253E0%2520and%2520a.supplier_code%253D'00100012')&queryText=%25E3%2580%2590%25E9%2587%2587%25E8%25B4%25AD%25E6%2597%25A5%25E6%259C%259F%253A2022-02-01%2520%25E8%2587%25B3%25202022-02-28%25E3%2580%2591%2520%25E5%25B9%25B6%25E4%25B8%2594%2520%25E3%2580%2590%25E4%25BE%259B%25E5%25BA%2594%25E5%2595%2586%253D%25E7%258C%25AA%25E8%2582%2589%25EF%25BC%2588%25E6%259D%258E%25E8%25B4%25BB%25E5%258D%258E%25EF%25BC%2589%25E3%2580%2591 HTTP/1.1" 200 54374
58.35.194.53 - - [18/Jun/2022:11:36:48 +0800] "GET /xingrg/dwr/interface/AjaxReportQueryService.js HTTP/1.1" 200 13203
58.35.194.53 - - [18/Jun/2022:11:36:48 +0800] "GET /xingrg/dwr/engine.js HTTP/1.1" 200 43631
218.81.223.53 - - [18/Jun/2022:11:36:49 +0800] "GET /xingrg/all/function/internal_message.html?_=1655523419109&CODE_STATE=getMsg HTTP/1.1" 200 27
61.170.232.109 - - [18/Jun/2022:11:36:49 +0800] "GET /xingrg/all/function/internal_message.html?_=1655523408689&CODE_STATE=getMsg HTTP/1.1" 200 27
58.35.194.53 - - [18/Jun/2022:11:36:49 +0800] "POST /xingrg/all/report/load_report_page.html HTTP/1.1" 200 8717
58.35.194.53 - - [18/Jun/2022:11:36:49 +0800] "GET /xingrg/servlets/image?cache=0.4680579074416311&image=px HTTP/1.1" 200 807
218.81.223.53 - - [18/Jun/2022:11:36:52 +0800] "GET /xingrg/all/function/internal_message.html?_=1655523420452&CODE_STATE=getMsg HTTP/1.1" 302 -
58.35.194.53 - - [18/Jun/2022:11:36:53 +0800] "POST /xingrg/all/report/load_report_page.html HTTP/1.1" 200 106851
58.35.194.53 - - [18/Jun/2022:11:36:53 +0800] "GET /xingrg/images/blue/button/back2.gif HTTP/1.1" 200 1339
58.35.194.53 - - [18/Jun/2022:11:36:53 +0800] "GET /xingrg/images/blue/button/back.gif HTTP/1.1" 200 1352
58.35.194.53 - - [18/Jun/2022:11:36:53 +0800] "GET /xingrg/servlets/image?cache=0.9963006400108965&image=px HTTP/1.1" 200 807
58.35.194.53 - - [18/Jun/2022:11:36:56 +0800] "POST /xingrg/all/report/report_print.html HTTP/1.1" 302 -
58.35.194.53 - - [18/Jun/2022:11:36:56 +0800] "GET /xingrg/servlets/pdf?sysBaseUrl=http%3A%2F%2F180.169.147.146%3A18081%2Fxingrg%2F&costTime=377×tamp=1655523416474 HTTP/1.1" 200 16468
222.69.144.95 - - [18/Jun/2022:11:37:05 +0800] "GET /xingrg/all/function/internal_message.html?_=1655523454405&CODE_STATE=getMsg HTTP/1.1" 200 27
114.95.43.0 - - [18/Jun/2022:11:37:18 +0800] "GET /xingrg/all/function/internal_message.html?_=1655523435493&CODE_STATE=getMsg HTTP/1.1" 200 27
116.230.110.173 - - [18/Jun/2022:11:37:21 +0800] "GET /xingrg/all/function/internal_message.html?_=1655523433506&CODE_STATE=getMsg HTTP/1.1" 200 27
116.228.172.94 - - [18/Jun/2022:11:37:21 +0800] "GET /xingrg/all/function/internal_message.html?_=1655523298360&CODE_STATE=getMsg HTTP/1.1" 200 27
114.95.43.0 - - [18/Jun/2022:11:37:24 +0800] "GET /xingrg/check_reg.html?_=1655523441327 HTTP/1.1" 200 22
114.88.162.248 - - [18/Jun/2022:11:37:26 +0800] "GET /xingrg/login.html HTTP/1.1" 200 7641
114.88.162.248 - - [18/Jun/2022:11:37:26 +0800] "GET /favicon.ico HTTP/1.1" 404 -
180.169.147.146 - - [18/Jun/2022:11:37:28 +0800] "GET /xingrg/all/function/internal_message.html?_=1655523443670&CODE_STATE=getMsg HTTP/1.1" 302 -
114.88.162.248 - - [18/Jun/2022:11:37:28 +0800] "POST /xingrg/login.do HTTP/1.1" 302 -
114.88.162.248 - - [18/Jun/2022:11:37:28 +0800] "GET /xingrg/index.html?sysBaseUrl=http%3A%2F%2F180.169.147.146%3A18081%2Fxingrg%2F&costTime=40×tamp=1655523448641 HTTP/1.1" 200 17173
114.88.162.248 - - [18/Jun/2022:11:37:28 +0800] "GET /favicon.ico HTTP/1.1" 404 -
114.88.162.248 - - [18/Jun/2022:11:37:28 +0800] "POST /xingrg/all/common/load_tree.html?tree=area_rest_tree_json&manage=1 HTTP/1.1" 200 342
58.35.194.53 - - [18/Jun/2022:11:37:28 +0800] "GET /xingrg/all/function/internal_message.html?_=1655523444534&CODE_STATE=getMsg HTTP/1.1" 200 27
114.88.162.248 - - [18/Jun/2022:11:37:28 +0800] "GET /xingrg/all/function/internal_message.html?_=1655523441835&CODE_STATE=count HTTP/1.1" 200 11
114.88.162.248 - - [18/Jun/2022:11:37:28 +0800] "POST /xingrg/load_menu.html HTTP/1.1" 200 5138
114.88.162.248 - - [18/Jun/2022:11:37:29 +0800] "GET /xingrg/check_reg.html?_=1655523441836 HTTP/1.1" 200 22
101.83.223.227 - - [18/Jun/2022:11:37:31 +0800] "GET /xingrg/all/function/internal_message.html?_=1655523410452&CODE_STATE=getMsg HTTP/1.1" 200 27
180.156.212.250 - - [18/Jun/2022:11:37:33 +0800] "GET /xingrg/all/function/internal_message.html?_=1655523479161&CODE_STATE=getMsg HTTP/1.1" 200 27
114.95.43.0 - - [18/Jun/2022:11:37:43 +0800] "GET /xingrg/all/function/internal_message.html?_=1655523370004&CODE_STATE=getMsg HTTP/1.1" 200 27
114.95.43.0 - - [18/Jun/2022:11:37:48 +0800] "GET /xingrg/check_reg.html?_=1655523374469 HTTP/1.1" 200 22
218.81.223.53 - - [18/Jun/2022:11:37:49 +0800] "GET /xingrg/all/function/internal_message.html?_=1655523479218&CODE_STATE=getMsg HTTP/1.1" 200 27
61.170.232.109 - - [18/Jun/2022:11:37:49 +0800] "GET /xingrg/all/function/internal_message.html?_=1655523468671&CODE_STATE=getMsg HTTP/1.1" 200 27
218.81.223.53 - - [18/Jun/2022:11:37:50 +0800] "GET /xingrg/check_reg.html?_=1655523478270 HTTP/1.1" 302 -
218.81.223.53 - - [18/Jun/2022:11:37:52 +0800] "GET /xingrg/all/function/internal_message.html?_=1655523480466&CODE_STATE=getMsg HTTP/1.1" 302 -
114.88.162.248 - - [18/Jun/2022:11:38:03 +0800] "GET /xingrg/kc/buy/cgsh_order_list.html HTTP/1.1" 200 51962
114.88.162.248 - - [18/Jun/2022:11:38:05 +0800] "POST /xingrg/kc/buy/cgsh_list_operate.html HTTP/1.1" 200 693
222.69.144.95 - - [18/Jun/2022:11:38:05 +0800] "GET /xingrg/all/function/internal_message.html?_=1655523514384&CODE_STATE=getMsg HTTP/1.1" 200 27
222.69.144.95 - - [18/Jun/2022:11:38:07 +0800] "GET /xingrg/check_reg.html?_=1655523516097 HTTP/1.1" 200 22
114.88.162.248 - - [18/Jun/2022:11:38:08 +0800] "GET /xingrg/kc/buy/cgsh_order_add.html HTTP/1.1" 200 67700
114.88.162.248 - - [18/Jun/2022:11:38:08 +0800] "GET /xingrg/words/20220617171407_words.js HTTP/1.1" 200 901586
114.88.162.248 - - [18/Jun/2022:11:38:09 +0800] "GET /xingrg/all/common/auto_word.html?type=employee&rest_code=00111 HTTP/1.1" 200 155
114.88.162.248 - - [18/Jun/2022:11:38:09 +0800] "GET /xingrg/all/common/auto_word.html?type=employee&rest_code=00111 HTTP/1.1" 200 155
114.88.162.248 - - [18/Jun/2022:11:38:09 +0800] "POST /xingrg/kc/buy/cgsh_order_operate.html HTTP/1.1" 200 8245
114.88.162.248 - - [18/Jun/2022:11:38:09 +0800] "GET /xingrg/javascript/easyui/themes/default/validatebox.css HTTP/1.1" 404 1104
114.88.162.248 - - [18/Jun/2022:11:38:10 +0800] "GET /xingrg/javascript/auto/indicator.gif HTTP/1.1" 404 1066
114.88.162.248 - - [18/Jun/2022:11:38:17 +0800] "GET /xingrg/javascript/jquery_tools/images/prev.gif HTTP/1.1" 404 1086
114.88.162.248 - - [18/Jun/2022:11:38:17 +0800] "GET /xingrg/javascript/jquery_tools/images/next.gif HTTP/1.1" 404 1086
114.95.43.0 - - [18/Jun/2022:11:38:18 +0800] "GET /xingrg/all/function/internal_message.html?_=1655523495463&CODE_STATE=getMsg HTTP/1.1" 200 27
116.230.110.173 - - [18/Jun/2022:11:38:21 +0800] "GET /xingrg/all/function/internal_message.html?_=1655523493500&CODE_STATE=getMsg HTTP/1.1" 200 27
116.228.172.94 - - [18/Jun/2022:11:38:21 +0800] "GET /xingrg/all/function/internal_message.html?_=1655523358376&CODE_STATE=getMsg HTTP/1.1" 200 27
114.88.162.248 - - [18/Jun/2022:11:38:27 +0800] "GET /xingrg/kc/buy/cgsh_order_operate.html?command=get_materiel&rest_code=00111&code=00102001088&supplier_code=00100151&order_time=2022-06-18 HTTP/1.1" 200 409
180.169.147.146 - - [18/Jun/2022:11:38:28 +0800] "GET /xingrg/all/function/internal_message.html?_=1655523503654&CODE_STATE=getMsg HTTP/1.1" 302 -
58.35.194.53 - - [18/Jun/2022:11:38:28 +0800] "GET /xingrg/all/function/internal_message.html?_=1655523504508&CODE_STATE=getMsg HTTP/1.1" 200 27
114.88.162.248 - - [18/Jun/2022:11:38:28 +0800] "GET /xingrg/all/function/internal_message.html?_=1655523501837&CODE_STATE=getMsg HTTP/1.1" 200 27
101.83.223.227 - - [18/Jun/2022:11:38:31 +0800] "GET /xingrg/check_reg.html?_=1655523469740 HTTP/1.1" 200 22
101.83.223.227 - - [18/Jun/2022:11:38:31 +0800] "GET /xingrg/all/function/internal_message.html?_=1655523470465&CODE_STATE=getMsg HTTP/1.1" 200 27
180.156.212.250 - - [18/Jun/2022:11:38:33 +0800] "GET /xingrg/all/function/internal_message.html?_=1655523539163&CODE_STATE=getMsg HTTP/1.1" 200 27
222.70.180.114 - - [18/Jun/2022:11:38:37 +0800] "POST /xingrg/services/DataTransmitService HTTP/1.1" 200 524
114.95.43.0 - - [18/Jun/2022:11:38:43 +0800] "GET /xingrg/all/function/internal_message.html?_=1655523429977&CODE_STATE=getMsg HTTP/1.1" 200 27
218.81.223.53 - - [18/Jun/2022:11:38:44 +0800] "GET /xingrg/check_reg.html?_=1655523534554 HTTP/1.1" 200 22
218.81.223.53 - - [18/Jun/2022:11:38:49 +0800] "GET /xingrg/all/function/internal_message.html?_=1655523539231&CODE_STATE=getMsg HTTP/1.1" 200 27
61.170.232.109 - - [18/Jun/2022:11:38:49 +0800] "GET /xingrg/all/function/internal_message.html?_=1655523528656&CODE_STATE=getMsg HTTP/1.1" 200 27
218.81.223.53 - - [18/Jun/2022:11:38:52 +0800] "GET /xingrg/all/function/internal_message.html?_=1655523540484&CODE_STATE=getMsg HTTP/1.1" 302 -
222.69.144.95 - - [18/Jun/2022:11:39:05 +0800] "GET /xingrg/all/function/internal_message.html?_=1655523574367&CODE_STATE=getMsg HTTP/1.1" 200 27
114.95.43.0 - - [18/Jun/2022:11:39:18 +0800] "GET /xingrg/all/function/internal_message.html?_=1655523555432&CODE_STATE=getMsg HTTP/1.1" 200 27
116.230.110.173 - - [18/Jun/2022:11:39:21 +0800] "GET /xingrg/all/function/internal_message.html?_=1655523553511&CODE_STATE=getMsg HTTP/1.1" 200 27
116.230.110.173 - - [18/Jun/2022:11:39:21 +0800] "GET /xingrg/check_reg.html?_=1655523553514 HTTP/1.1" 200 22
116.228.172.94 - - [18/Jun/2022:11:39:21 +0800] "GET /xingrg/all/function/internal_message.html?_=1655523418379&CODE_STATE=getMsg HTTP/1.1" 200 27
180.169.147.146 - - [18/Jun/2022:11:39:28 +0800] "GET /xingrg/all/function/internal_message.html?_=1655523563638&CODE_STATE=getMsg HTTP/1.1" 302 -
58.35.194.53 - - [18/Jun/2022:11:39:28 +0800] "GET /xingrg/all/function/internal_message.html?_=1655523564493&CODE_STATE=getMsg HTTP/1.1" 200 27
114.88.162.248 - - [18/Jun/2022:11:39:28 +0800] "GET /xingrg/all/function/internal_message.html?_=1655523561844&CODE_STATE=getMsg HTTP/1.1" 200 27
101.83.223.227 - - [18/Jun/2022:11:39:31 +0800] "GET /xingrg/all/function/internal_message.html?_=1655523530479&CODE_STATE=getMsg HTTP/1.1" 200 27
120.253.135.82 - - [18/Jun/2022:11:39:32 +0800] "GET /xingrg/check_reg.html?_=1655523378616 HTTP/1.1" 200 22
180.156.212.250 - - [18/Jun/2022:11:39:33 +0800] "GET /xingrg/all/function/internal_message.html?_=1655523599165&CODE_STATE=getMsg HTTP/1.1" 200 27
114.95.43.0 - - [18/Jun/2022:11:39:43 +0800] "GET /xingrg/all/function/internal_message.html?_=1655523489962&CODE_STATE=getMsg HTTP/1.1" 200 27
218.81.223.53 - - [18/Jun/2022:11:39:49 +0800] "GET /xingrg/all/function/internal_message.html?_=1655523599244&CODE_STATE=getMsg HTTP/1.1" 200 27
61.170.232.109 - - [18/Jun/2022:11:39:49 +0800] "GET /xingrg/all/function/internal_message.html?_=1655523588641&CODE_STATE=getMsg HTTP/1.1" 200 27
218.81.223.53 - - [18/Jun/2022:11:39:52 +0800] "GET /xingrg/all/function/internal_message.html?_=1655523600493&CODE_STATE=getMsg HTTP/1.1" 302 -
114.88.162.248 - - [18/Jun/2022:11:39:58 +0800] "POST /xingrg/kc/buy/cgsh_order_operate.html HTTP/1.1" 200 37
114.88.162.248 - - [18/Jun/2022:11:40:05 +0800] "POST /xingrg/kc/buy/cgsh_order_operate.html HTTP/1.1" 200 2652
222.69.144.95 - - [18/Jun/2022:11:40:05 +0800] "GET /xingrg/all/function/internal_message.html?_=1655523634353&CODE_STATE=getMsg HTTP/1.1" 200 27
114.88.162.248 - - [18/Jun/2022:11:40:06 +0800] "GET /xingrg/kc/print/load_config.html?kc_code=cgsh HTTP/1.1" 200 1943
114.88.162.248 - - [18/Jun/2022:11:40:06 +0800] "GET /xingrg/kc/print/load_data.html?order_code=212022061802002&kc_code=cgsh&condition= HTTP/1.1" 200 637
114.95.43.0 - - [18/Jun/2022:11:40:18 +0800] "GET /xingrg/all/function/internal_message.html?_=1655523615400&CODE_STATE=getMsg HTTP/1.1" 200 27
116.230.110.173 - - [18/Jun/2022:11:40:21 +0800] "GET /xingrg/all/function/internal_message.html?_=1655523613516&CODE_STATE=getMsg HTTP/1.1" 200 27
116.228.172.94 - - [18/Jun/2022:11:40:21 +0800] "GET /xingrg/check_reg.html?_=1655523478361 HTTP/1.1" 200 22
116.228.172.94 - - [18/Jun/2022:11:40:21 +0800] "GET /xingrg/all/function/internal_message.html?_=1655523478364&CODE_STATE=getMsg HTTP/1.1" 200 27
180.169.147.146 - - [18/Jun/2022:11:40:28 +0800] "GET /xingrg/all/function/internal_message.html?_=1655523623621&CODE_STATE=getMsg HTTP/1.1" 302 -
58.35.194.53 - - [18/Jun/2022:11:40:28 +0800] "GET /xingrg/all/function/internal_message.html?_=1655523624481&CODE_STATE=getMsg HTTP/1.1" 200 27
180.169.147.146 - - [18/Jun/2022:11:40:28 +0800] "GET /xingrg/check_reg.html?_=1655523624448 HTTP/1.1" 302 -
114.88.162.248 - - [18/Jun/2022:11:40:28 +0800] "GET /xingrg/all/function/internal_message.html?_=1655523621854&CODE_STATE=getMsg HTTP/1.1" 200 27
101.83.223.227 - - [18/Jun/2022:11:40:31 +0800] "GET /xingrg/all/function/internal_message.html?_=1655523590493&CODE_STATE=getMsg HTTP/1.1" 200 27
180.156.212.250 - - [18/Jun/2022:11:40:33 +0800] "GET /xingrg/all/function/internal_message.html?_=1655523659151&CODE_STATE=getMsg HTTP/1.1" 200 27
114.95.43.0 - - [18/Jun/2022:11:40:43 +0800] "GET /xingrg/all/function/internal_message.html?_=1655523549948&CODE_STATE=getMsg HTTP/1.1" 200 27
114.84.82.172 - - [18/Jun/2022:11:40:44 +0800] "GET /xingrg/check_reg.html?_=1655523641456 HTTP/1.1" 200 22
61.170.232.109 - - [18/Jun/2022:11:40:49 +0800] "GET /xingrg/all/function/internal_message.html?_=1655523648652&CODE_STATE=getMsg HTTP/1.1" 200 27
218.81.223.53 - - [18/Jun/2022:11:40:49 +0800] "GET /xingrg/all/function/internal_message.html?_=1655523659347&CODE_STATE=getMsg HTTP/1.1" 200 27
61.170.232.109 - - [18/Jun/2022:11:40:49 +0800] "GET /xingrg/check_reg.html?_=1655523649434 HTTP/1.1" 200 22
58.35.194.53 - - [18/Jun/2022:11:40:50 +0800] "GET /xingrg/check_reg.html?_=1655523645841 HTTP/1.1" 200 22
218.81.223.53 - - [18/Jun/2022:11:40:53 +0800] "GET /xingrg/all/function/internal_message.html?_=1655523660514&CODE_STATE=getMsg HTTP/1.1" 302 -
222.69.144.95 - - [18/Jun/2022:11:41:05 +0800] "GET /xingrg/all/function/internal_message.html?_=1655523694347&CODE_STATE=getMsg HTTP/1.1" 200 27
114.95.43.0 - - [18/Jun/2022:11:41:18 +0800] "GET /xingrg/all/function/internal_message.html?_=1655523675376&CODE_STATE=getMsg HTTP/1.1" 200 27
116.230.110.173 - - [18/Jun/2022:11:41:21 +0800] "GET /xingrg/all/function/internal_message.html?_=1655523673503&CODE_STATE=getMsg HTTP/1.1" 200 27
116.228.172.94 - - [18/Jun/2022:11:41:21 +0800] "GET /xingrg/all/function/internal_message.html?_=1655523538355&CODE_STATE=getMsg HTTP/1.1" 200 27
58.35.194.53 - - [18/Jun/2022:11:41:28 +0800] "GET /xingrg/all/function/internal_message.html?_=1655523684452&CODE_STATE=getMsg HTTP/1.1" 200 27
114.88.162.248 - - [18/Jun/2022:11:41:28 +0800] "GET /xingrg/all/function/internal_message.html?_=1655523681850&CODE_STATE=getMsg HTTP/1.1" 200 27
101.83.223.227 - - [18/Jun/2022:11:41:31 +0800] "GET /xingrg/all/function/internal_message.html?_=1655523650513&CODE_STATE=getMsg HTTP/1.1" 200 27
180.156.212.250 - - [18/Jun/2022:11:41:33 +0800] "GET /xingrg/all/function/internal_message.html?_=1655523719152&CODE_STATE=getMsg HTTP/1.1" 200 27
180.156.212.250 - - [18/Jun/2022:11:41:33 +0800] "GET /xingrg/check_reg.html?_=1655523719158 HTTP/1.1" 200 22
114.95.43.0 - - [18/Jun/2022:11:41:43 +0800] "GET /xingrg/all/function/internal_message.html?_=1655523609918&CODE_STATE=getMsg HTTP/1.1" 200 27
61.170.232.109 - - [18/Jun/2022:11:41:49 +0800] "GET /xingrg/all/function/internal_message.html?_=1655523708624&CODE_STATE=getMsg HTTP/1.1" 200 27
218.81.223.53 - - [18/Jun/2022:11:41:49 +0800] "GET /xingrg/all/function/internal_message.html?_=1655523719348&CODE_STATE=getMsg HTTP/1.1" 200 27
218.81.223.53 - - [18/Jun/2022:11:41:52 +0800] "GET /xingrg/all/function/internal_message.html?_=1655523720520&CODE_STATE=getMsg HTTP/1.1" 302 -
114.88.162.248 - - [18/Jun/2022:11:42:02 +0800] "GET /xingrg/login.html HTTP/1.1" 200 7641
114.88.162.248 - - [18/Jun/2022:11:42:03 +0800] "GET /favicon.ico HTTP/1.1" 404 -
222.69.144.95 - - [18/Jun/2022:11:42:05 +0800] "GET /xingrg/all/function/internal_message.html?_=1655523754349&CODE_STATE=getMsg HTTP/1.1" 200 27
114.88.162.248 - - [18/Jun/2022:11:42:10 +0800] "POST /xingrg/login.do HTTP/1.1" 302 -
114.88.162.248 - - [18/Jun/2022:11:42:10 +0800] "GET /xingrg/index.html?sysBaseUrl=http%3A%2F%2F180.169.147.146%3A18081%2Fxingrg%2F&costTime=41×tamp=1655523730570 HTTP/1.1" 200 17173
114.88.162.248 - - [18/Jun/2022:11:42:10 +0800] "GET /favicon.ico HTTP/1.1" 404 -
114.88.162.248 - - [18/Jun/2022:11:42:10 +0800] "POST /xingrg/all/common/load_tree.html?tree=area_rest_tree_json&manage=1 HTTP/1.1" 200 342
114.88.162.248 - - [18/Jun/2022:11:42:10 +0800] "GET /xingrg/all/function/internal_message.html?_=1655523723744&CODE_STATE=count HTTP/1.1" 200 11
114.88.162.248 - - [18/Jun/2022:11:42:10 +0800] "POST /xingrg/load_menu.html HTTP/1.1" 200 5138
114.88.162.248 - - [18/Jun/2022:11:42:10 +0800] "GET /xingrg/check_reg.html?_=1655523723745 HTTP/1.1" 200 22
114.88.162.248 - - [18/Jun/2022:11:42:15 +0800] "GET /xingrg/kc/buy/cgsh_order_list.html HTTP/1.1" 200 51962
114.95.43.0 - - [18/Jun/2022:11:42:18 +0800] "GET /xingrg/all/function/internal_message.html?_=1655523735358&CODE_STATE=getMsg HTTP/1.1" 200 27
114.88.162.248 - - [18/Jun/2022:11:42:18 +0800] "POST /xingrg/kc/buy/cgsh_list_operate.html HTTP/1.1" 200 1434
116.230.110.173 - - [18/Jun/2022:11:42:21 +0800] "GET /xingrg/all/function/internal_message.html?_=1655523733512&CODE_STATE=getMsg HTTP/1.1" 200 27
116.228.172.94 - - [18/Jun/2022:11:42:21 +0800] "GET /xingrg/all/function/internal_message.html?_=1655523598368&CODE_STATE=getMsg HTTP/1.1" 200 27
114.95.43.0 - - [18/Jun/2022:11:42:24 +0800] "GET /xingrg/check_reg.html?_=1655523741309 HTTP/1.1" 200 22
114.88.162.248 - - [18/Jun/2022:11:42:25 +0800] "POST /xingrg/kc/buy/cgsh_list_operate.html HTTP/1.1" 200 4
114.88.162.248 - - [18/Jun/2022:11:42:27 +0800] "POST /xingrg/kc/buy/cgsh_list_operate.html HTTP/1.1" 200 693
58.35.194.53 - - [18/Jun/2022:11:42:28 +0800] "GET /xingrg/all/function/internal_message.html?_=1655523744437&CODE_STATE=getMsg HTTP/1.1" 200 27
101.83.223.227 - - [18/Jun/2022:11:42:31 +0800] "GET /xingrg/all/function/internal_message.html?_=1655523710519&CODE_STATE=getMsg HTTP/1.1" 200 27
180.156.212.250 - - [18/Jun/2022:11:42:33 +0800] "GET /xingrg/all/function/internal_message.html?_=1655523779160&CODE_STATE=getMsg HTTP/1.1" 200 27
114.86.224.81 - - [18/Jun/2022:11:42:37 +0800] "GET /favicon.ico HTTP/1.1" 404 -
114.95.43.0 - - [18/Jun/2022:11:42:43 +0800] "GET /xingrg/all/function/internal_message.html?_=1655523669890&CODE_STATE=getMsg HTTP/1.1" 200 27
114.95.43.0 - - [18/Jun/2022:11:42:48 +0800] "GET /xingrg/check_reg.html?_=1655523674463 HTTP/1.1" 200 22
61.170.232.109 - - [18/Jun/2022:11:42:49 +0800] "GET /xingrg/all/function/internal_message.html?_=1655523768610&CODE_STATE=getMsg HTTP/1.1" 200 27
218.81.223.53 - - [18/Jun/2022:11:42:49 +0800] "GET /xingrg/all/function/internal_message.html?_=1655523779463&CODE_STATE=getMsg HTTP/1.1" 200 27
218.81.223.53 - - [18/Jun/2022:11:42:50 +0800] "GET /xingrg/check_reg.html?_=1655523778271 HTTP/1.1" 302 -
218.81.223.53 - - [18/Jun/2022:11:42:52 +0800] "GET /xingrg/all/function/internal_message.html?_=1655523780533&CODE_STATE=getMsg HTTP/1.1" 302 -
61.170.232.109 - - [18/Jun/2022:11:42:58 +0800] "GET /xingrg/kc/report/report_main.html HTTP/1.1" 200 7340
222.69.144.95 - - [18/Jun/2022:11:43:05 +0800] "GET /xingrg/all/function/internal_message.html?_=1655523814339&CODE_STATE=getMsg HTTP/1.1" 200 27
222.69.144.95 - - [18/Jun/2022:11:43:07 +0800] "GET /xingrg/check_reg.html?_=1655523816085 HTTP/1.1" 200 22
61.170.232.109 - - [18/Jun/2022:11:43:09 +0800] "GET /xingrg/all/report/report_query.html?fileName=kc/buy/gys_amount.xml&rh=99999 HTTP/1.1" 200 52006
61.170.232.109 - - [18/Jun/2022:11:43:09 +0800] "GET /xingrg/dwr/interface/AjaxReportQueryService.js HTTP/1.1" 200 13203
61.170.232.109 - - [18/Jun/2022:11:43:09 +0800] "GET /xingrg/dwr/util.js HTTP/1.1" 304 -
61.170.232.109 - - [18/Jun/2022:11:43:09 +0800] "GET /xingrg/dwr/engine.js HTTP/1.1" 200 43631
61.170.232.109 - - [18/Jun/2022:11:43:09 +0800] "POST /xingrg/dwr/call/plaincall/AjaxReportQueryService.getFixDate.dwr HTTP/1.1" 200 111
61.170.232.109 - - [18/Jun/2022:11:43:09 +0800] "POST /xingrg/all/common/load_tree.html?tree=supplier_tree_json&manage=1 HTTP/1.1" 200 67779
114.88.162.248 - - [18/Jun/2022:11:43:10 +0800] "GET /xingrg/all/function/internal_message.html?_=1655523783755&CODE_STATE=getMsg HTTP/1.1" 200 27
61.170.232.109 - - [18/Jun/2022:11:43:11 +0800] "POST /xingrg/all/common/load_tree.html?tree=materiel_sort_tree_json HTTP/1.1" 200 9388
61.170.232.109 - - [18/Jun/2022:11:43:11 +0800] "POST /xingrg/dwr/call/plaincall/AjaxReportQueryService.getInitString.dwr HTTP/1.1" 200 1023
114.95.43.0 - - [18/Jun/2022:11:43:18 +0800] "GET /xingrg/all/function/internal_message.html?_=1655523795330&CODE_STATE=getMsg HTTP/1.1" 200 27
116.230.110.173 - - [18/Jun/2022:11:43:21 +0800] "GET /xingrg/all/function/internal_message.html?_=1655523793502&CODE_STATE=getMsg HTTP/1.1" 200 27
116.228.172.94 - - [18/Jun/2022:11:43:21 +0800] "GET /xingrg/all/function/internal_message.html?_=1655523658365&CODE_STATE=getMsg HTTP/1.1" 200 27
58.35.194.53 - - [18/Jun/2022:11:43:28 +0800] "GET /xingrg/all/function/internal_message.html?_=1655523804406&CODE_STATE=getMsg HTTP/1.1" 200 27
101.83.223.227 - - [18/Jun/2022:11:43:31 +0800] "GET /xingrg/check_reg.html?_=1655523769746 HTTP/1.1" 200 22
101.83.223.227 - - [18/Jun/2022:11:43:31 +0800] "GET /xingrg/all/function/internal_message.html?_=1655523770534&CODE_STATE=getMsg HTTP/1.1" 200 27
180.156.212.250 - - [18/Jun/2022:11:43:33 +0800] "GET /xingrg/all/function/internal_message.html?_=1655523839161&CODE_STATE=getMsg HTTP/1.1" 200 27
61.170.232.109 - - [18/Jun/2022:11:43:37 +0800] "POST /xingrg/dwr/call/plaincall/AjaxReportQueryService.refreshCache.dwr HTTP/1.1" 200 78
61.170.232.109 - - [18/Jun/2022:11:43:38 +0800] "POST /xingrg/all/report/load_report_page.html HTTP/1.1" 200 8920
61.170.232.109 - - [18/Jun/2022:11:43:38 +0800] "GET /xingrg/servlets/image?cache=0.8082816126091424&image=px HTTP/1.1" 200 807
114.95.43.0 - - [18/Jun/2022:11:43:43 +0800] "GET /xingrg/all/function/internal_message.html?_=1655523729863&CODE_STATE=getMsg HTTP/1.1" 200 27
218.81.223.53 - - [18/Jun/2022:11:43:44 +0800] "GET /xingrg/check_reg.html?_=1655523834558 HTTP/1.1" 200 22
61.170.232.109 - - [18/Jun/2022:11:43:49 +0800] "GET /xingrg/all/function/internal_message.html?_=1655523828598&CODE_STATE=getMsg HTTP/1.1" 200 27
218.81.223.53 - - [18/Jun/2022:11:43:49 +0800] "GET /xingrg/all/function/internal_message.html?_=1655523839470&CODE_STATE=getMsg HTTP/1.1" 200 27
218.81.223.53 - - [18/Jun/2022:11:43:53 +0800] "GET /xingrg/all/function/internal_message.html?_=1655523840553&CODE_STATE=getMsg HTTP/1.1" 302 -
222.69.144.95 - - [18/Jun/2022:11:44:05 +0800] "GET /xingrg/all/function/internal_message.html?_=1655523874332&CODE_STATE=getMsg HTTP/1.1" 200 27
114.88.162.248 - - [18/Jun/2022:11:44:10 +0800] "GET /xingrg/all/function/internal_message.html?_=1655523843758&CODE_STATE=getMsg HTTP/1.1" 200 27
114.95.43.0 - - [18/Jun/2022:11:44:18 +0800] "GET /xingrg/all/function/internal_message.html?_=1655523855306&CODE_STATE=getMsg HTTP/1.1" 200 27
116.230.110.173 - - [18/Jun/2022:11:44:21 +0800] "GET /xingrg/all/function/internal_message.html?_=1655523853514&CODE_STATE=getMsg HTTP/1.1" 200 27
116.230.110.173 - - [18/Jun/2022:11:44:21 +0800] "GET /xingrg/check_reg.html?_=1655523853516 HTTP/1.1" 200 22
116.228.172.94 - - [18/Jun/2022:11:44:21 +0800] "GET /xingrg/all/function/internal_message.html?_=1655523718362&CODE_STATE=getMsg HTTP/1.1" 200 27
58.35.194.53 - - [18/Jun/2022:11:44:28 +0800] "GET /xingrg/all/function/internal_message.html?_=1655523864392&CODE_STATE=getMsg HTTP/1.1" 200 27
101.83.223.227 - - [18/Jun/2022:11:44:32 +0800] "GET /xingrg/all/function/internal_message.html?_=1655523830547&CODE_STATE=getMsg HTTP/1.1" 200 27
180.156.212.250 - - [18/Jun/2022:11:44:33 +0800] "GET /xingrg/all/function/internal_message.html?_=1655523899163&CODE_STATE=getMsg HTTP/1.1" 200 27
120.253.135.82 - - [18/Jun/2022:11:44:35 +0800] "GET /xingrg/check_reg.html?_=1655523678627 HTTP/1.1" 200 22
114.95.43.0 - - [18/Jun/2022:11:44:43 +0800] "GET /xingrg/all/function/internal_message.html?_=1655523789832&CODE_STATE=getMsg HTTP/1.1" 200 27
61.170.232.109 - - [18/Jun/2022:11:44:49 +0800] "GET /xingrg/all/function/internal_message.html?_=1655523888579&CODE_STATE=getMsg HTTP/1.1" 200 27
218.81.223.53 - - [18/Jun/2022:11:44:49 +0800] "GET /xingrg/all/function/internal_message.html?_=1655523899484&CODE_STATE=getMsg HTTP/1.1" 200 27
218.81.223.53 - - [18/Jun/2022:11:44:53 +0800] "GET /xingrg/all/function/internal_message.html?_=1655523900561&CODE_STATE=getMsg HTTP/1.1" 302 -
222.69.144.95 - - [18/Jun/2022:11:45:05 +0800] "GET /xingrg/all/function/internal_message.html?_=1655523934309&CODE_STATE=getMsg HTTP/1.1" 200 27
114.88.162.248 - - [18/Jun/2022:11:45:10 +0800] "GET /xingrg/all/function/internal_message.html?_=1655523903766&CODE_STATE=getMsg HTTP/1.1" 200 27
180.169.147.146 - - [18/Jun/2022:11:45:12 +0800] "GET /xingrg/kc/buy/buy_main.html HTTP/1.1" 302 -
180.169.147.146 - - [18/Jun/2022:11:45:12 +0800] "GET /xingrg/login.html HTTP/1.1" 200 7641
180.169.147.146 - - [18/Jun/2022:11:45:12 +0800] "GET /xingrg/login.html HTTP/1.1" 200 7641
180.169.147.146 - - [18/Jun/2022:11:45:12 +0800] "GET /favicon.ico HTTP/1.1" 404 -
180.169.147.146 - - [18/Jun/2022:11:45:13 +0800] "POST /xingrg/login.do HTTP/1.1" 302 -
180.169.147.146 - - [18/Jun/2022:11:45:13 +0800] "GET /xingrg/index.html?sysBaseUrl=http%3A%2F%2F180.169.147.146%3A18081%2Fxingrg%2F&costTime=49×tamp=1655523913419 HTTP/1.1" 200 17179
180.169.147.146 - - [18/Jun/2022:11:45:13 +0800] "GET /favicon.ico HTTP/1.1" 404 -
180.169.147.146 - - [18/Jun/2022:11:45:13 +0800] "POST /xingrg/all/common/load_tree.html?tree=area_rest_tree_json&manage=1 HTTP/1.1" 200 351
180.169.147.146 - - [18/Jun/2022:11:45:13 +0800] "GET /xingrg/all/function/internal_message.html?_=1655523909293&CODE_STATE=count HTTP/1.1" 200 11
180.169.147.146 - - [18/Jun/2022:11:45:13 +0800] "POST /xingrg/load_menu.html HTTP/1.1" 200 5138
180.169.147.146 - - [18/Jun/2022:11:45:13 +0800] "GET /xingrg/check_reg.html?_=1655523909294 HTTP/1.1" 200 22
180.169.147.146 - - [18/Jun/2022:11:45:14 +0800] "GET /xingrg/kc/buy/buy_main.html HTTP/1.1" 200 12412
180.169.147.146 - - [18/Jun/2022:11:45:14 +0800] "GET /xingrg/css/new_ie.css HTTP/1.1" 404 1036
180.169.147.146 - - [18/Jun/2022:11:45:15 +0800] "GET /xingrg/images/yd/bt.gif HTTP/1.1" 404 1040
180.169.147.146 - - [18/Jun/2022:11:45:15 +0800] "GET /xingrg/kc/buy/cgsh_order_list.html HTTP/1.1" 200 51968
180.169.147.146 - - [18/Jun/2022:11:45:17 +0800] "POST /xingrg/kc/buy/cgsh_list_operate.html HTTP/1.1" 200 4490
114.95.43.0 - - [18/Jun/2022:11:45:18 +0800] "GET /xingrg/all/function/internal_message.html?_=1655523915313&CODE_STATE=getMsg HTTP/1.1" 200 27
116.230.110.173 - - [18/Jun/2022:11:45:21 +0800] "GET /xingrg/all/function/internal_message.html?_=1655523913509&CODE_STATE=getMsg HTTP/1.1" 200 27
116.228.172.94 - - [18/Jun/2022:11:45:21 +0800] "GET /xingrg/check_reg.html?_=1655523778368 HTTP/1.1" 200 22
116.228.172.94 - - [18/Jun/2022:11:45:21 +0800] "GET /xingrg/all/function/internal_message.html?_=1655523778372&CODE_STATE=getMsg HTTP/1.1" 200 27
58.35.194.53 - - [18/Jun/2022:11:45:28 +0800] "GET /xingrg/all/function/internal_message.html?_=1655523924378&CODE_STATE=getMsg HTTP/1.1" 200 27
101.83.223.227 - - [18/Jun/2022:11:45:32 +0800] "GET /xingrg/all/function/internal_message.html?_=1655523890560&CODE_STATE=getMsg HTTP/1.1" 200 27
180.156.212.250 - - [18/Jun/2022:11:45:33 +0800] "GET /xingrg/all/function/internal_message.html?_=1655523959164&CODE_STATE=getMsg HTTP/1.1" 200 27
114.95.43.0 - - [18/Jun/2022:11:45:43 +0800] "GET /xingrg/all/function/internal_message.html?_=1655523849818&CODE_STATE=getMsg HTTP/1.1" 200 27
61.170.232.109 - - [18/Jun/2022:11:45:44 +0800] "POST /xingrg/dwr/call/plaincall/AjaxReportQueryService.refreshCache.dwr HTTP/1.1" 200 78
114.84.82.172 - - [18/Jun/2022:11:45:44 +0800] "GET /xingrg/check_reg.html?_=1655523941429 HTTP/1.1" 200 22
61.170.232.109 - - [18/Jun/2022:11:45:46 +0800] "POST /xingrg/all/report/load_report_page.html HTTP/1.1" 200 8920
61.170.232.109 - - [18/Jun/2022:11:45:46 +0800] "GET /xingrg/servlets/image?cache=0.6615165242241174&image=px HTTP/1.1" 200 807
61.170.232.109 - - [18/Jun/2022:11:45:49 +0800] "GET /xingrg/all/function/internal_message.html?_=1655523948563&CODE_STATE=getMsg HTTP/1.1" 200 27
218.81.223.53 - - [18/Jun/2022:11:45:49 +0800] "GET /xingrg/all/function/internal_message.html?_=1655523959597&CODE_STATE=getMsg HTTP/1.1" 200 27
61.170.232.109 - - [18/Jun/2022:11:45:49 +0800] "GET /xingrg/check_reg.html?_=1655523949424 HTTP/1.1" 200 22
58.35.194.53 - - [18/Jun/2022:11:45:50 +0800] "GET /xingrg/check_reg.html?_=1655523945833 HTTP/1.1" 200 22
180.169.147.146 - - [18/Jun/2022:11:45:52 +0800] "POST /xingrg/kc/buy/cgsh_list_operate.html HTTP/1.1" 200 4
218.81.223.53 - - [18/Jun/2022:11:45:53 +0800] "GET /xingrg/all/function/internal_message.html?_=1655523960582&CODE_STATE=getMsg HTTP/1.1" 302 -
180.169.147.146 - - [18/Jun/2022:11:45:57 +0800] "POST /xingrg/kc/buy/cgsh_list_operate.html HTTP/1.1" 200 3698
