218.81.223.53 - - [18/Jun/2022:08:44:08 +0800] "GET /xingrg/kc/buy/cgsh_order_operate.html?command=get_materiel&rest_code=00146&code=00101001037&supplier_code=00100090&order_time=2022-06-17 HTTP/1.1" 200 416
116.230.110.173 - - [18/Jun/2022:08:44:20 +0800] "GET /xingrg/check_reg.html?_=1655513053502 HTTP/1.1" 200 22
116.230.110.173 - - [18/Jun/2022:08:44:20 +0800] "GET /xingrg/all/function/internal_message.html?_=1655513053510&CODE_STATE=getMsg HTTP/1.1" 200 27
114.95.43.0 - - [18/Jun/2022:08:44:22 +0800] "GET /xingrg/all/function/internal_message.html?_=1655513059580&CODE_STATE=getMsg HTTP/1.1" 200 27
58.35.194.53 - - [18/Jun/2022:08:44:32 +0800] "GET /xingrg/all/function/internal_message.html?_=1655513067840&CODE_STATE=getMsg HTTP/1.1" 200 27
58.221.95.50 - - [18/Jun/2022:08:44:35 +0800] "GET /xingrg/all/function/internal_message.html?_=1655513071700&CODE_STATE=getMsg HTTP/1.1" 200 27
218.81.223.53 - - [18/Jun/2022:08:44:38 +0800] "GET /xingrg/kc/buy/cgsh_order_operate.html?command=get_materiel&rest_code=00146&code=00101001140&supplier_code=00100090&order_time=2022-06-17 HTTP/1.1" 200 433
218.81.223.53 - - [18/Jun/2022:08:44:42 +0800] "GET /xingrg/all/function/internal_message.html?_=1655513092639&CODE_STATE=getMsg HTTP/1.1" 200 27
114.95.43.0 - - [18/Jun/2022:08:44:47 +0800] "GET /xingrg/all/function/internal_message.html?_=1655512993766&CODE_STATE=getMsg HTTP/1.1" 200 27
218.81.223.53 - - [18/Jun/2022:08:44:50 +0800] "GET /xingrg/all/function/internal_message.html?_=1655513098115&CODE_STATE=getMsg HTTP/1.1" 302 -
218.81.223.53 - - [18/Jun/2022:08:44:51 +0800] "GET /xingrg/kc/buy/cgsh_order_operate.html?command=get_materiel&rest_code=00146&code=00101001125&supplier_code=00100090&order_time=2022-06-17 HTTP/1.1" 200 417
218.81.223.53 - - [18/Jun/2022:08:45:08 +0800] "POST /xingrg/kc/buy/cgsh_order_operate.html HTTP/1.1" 200 37
218.81.223.53 - - [18/Jun/2022:08:45:10 +0800] "POST /xingrg/kc/buy/cgsh_order_operate.html HTTP/1.1" 200 3861
218.81.223.53 - - [18/Jun/2022:08:45:13 +0800] "GET /xingrg/kc/print/load_config.html?kc_code=cgsh HTTP/1.1" 200 1943
218.81.223.53 - - [18/Jun/2022:08:45:13 +0800] "GET /xingrg/kc/print/load_data.html?order_code=212022061801963&kc_code=cgsh&condition= HTTP/1.1" 200 1221
116.230.110.173 - - [18/Jun/2022:08:45:20 +0800] "GET /xingrg/all/function/internal_message.html?_=1655513113501&CODE_STATE=getMsg HTTP/1.1" 200 27
114.95.43.0 - - [18/Jun/2022:08:45:22 +0800] "GET /xingrg/all/function/internal_message.html?_=1655513119552&CODE_STATE=getMsg HTTP/1.1" 200 27
218.81.223.53 - - [18/Jun/2022:08:45:23 +0800] "GET /xingrg/kc/buy/cgsh_order_add.html HTTP/1.1" 200 67706
218.81.223.53 - - [18/Jun/2022:08:45:23 +0800] "GET /xingrg/javascript/jquery_easy_ui/themes/icons/area.png HTTP/1.1" 304 -
218.81.223.53 - - [18/Jun/2022:08:45:23 +0800] "GET /xingrg/javascript/jquery_easy_ui/themes/icons/rest.png HTTP/1.1" 304 -
218.81.223.53 - - [18/Jun/2022:08:45:23 +0800] "GET /xingrg/javascript/easyui/themes/default/validatebox.css HTTP/1.1" 404 1104
218.81.223.53 - - [18/Jun/2022:08:45:24 +0800] "POST /xingrg/kc/buy/cgsh_order_operate.html HTTP/1.1" 200 8245
58.35.194.53 - - [18/Jun/2022:08:45:32 +0800] "GET /xingrg/all/function/internal_message.html?_=1655513127809&CODE_STATE=getMsg HTTP/1.1" 200 27
58.221.95.50 - - [18/Jun/2022:08:45:35 +0800] "GET /xingrg/all/function/internal_message.html?_=1655513131674&CODE_STATE=getMsg HTTP/1.1" 200 27
218.81.223.53 - - [18/Jun/2022:08:45:43 +0800] "GET /xingrg/all/function/internal_message.html?_=1655513152714&CODE_STATE=getMsg HTTP/1.1" 200 27
114.84.82.172 - - [18/Jun/2022:08:45:44 +0800] "GET /xingrg/check_reg.html?_=1655513141930 HTTP/1.1" 200 22
222.70.180.114 - - [18/Jun/2022:08:45:45 +0800] "POST /xingrg/services/DataTransmitService HTTP/1.1" 200 524
218.81.223.53 - - [18/Jun/2022:08:45:45 +0800] "GET /xingrg/kc/buy/cgsh_order_operate.html?command=get_materiel&rest_code=00146&code=00101001016&supplier_code=00100313&order_time=2022-06-17 HTTP/1.1" 200 433
114.95.43.0 - - [18/Jun/2022:08:45:47 +0800] "GET /xingrg/all/function/internal_message.html?_=1655513053736&CODE_STATE=getMsg HTTP/1.1" 200 27
58.35.194.53 - - [18/Jun/2022:08:45:50 +0800] "GET /xingrg/check_reg.html?_=1655513145842 HTTP/1.1" 200 22
218.81.223.53 - - [18/Jun/2022:08:45:50 +0800] "GET /xingrg/all/function/internal_message.html?_=1655513158133&CODE_STATE=getMsg HTTP/1.1" 302 -
218.81.223.53 - - [18/Jun/2022:08:46:07 +0800] "GET /xingrg/kc/buy/cgsh_order_operate.html?command=get_materiel&rest_code=00146&code=00101001138&supplier_code=00100313&order_time=2022-06-17 HTTP/1.1" 200 435
116.230.110.173 - - [18/Jun/2022:08:46:20 +0800] "GET /xingrg/all/function/internal_message.html?_=1655513173513&CODE_STATE=getMsg HTTP/1.1" 200 27
114.95.43.0 - - [18/Jun/2022:08:46:22 +0800] "GET /xingrg/all/function/internal_message.html?_=1655513179526&CODE_STATE=getMsg HTTP/1.1" 200 27
218.81.223.53 - - [18/Jun/2022:08:46:24 +0800] "GET /xingrg/kc/buy/cgsh_order_operate.html?command=get_materiel&rest_code=00146&code=00101001096&supplier_code=00100313&order_time=2022-06-17 HTTP/1.1" 200 429
58.35.194.53 - - [18/Jun/2022:08:46:32 +0800] "GET /xingrg/all/function/internal_message.html?_=1655513187782&CODE_STATE=getMsg HTTP/1.1" 200 27
58.221.95.50 - - [18/Jun/2022:08:46:35 +0800] "GET /xingrg/all/function/internal_message.html?_=1655513191646&CODE_STATE=getMsg HTTP/1.1" 200 27
218.81.223.53 - - [18/Jun/2022:08:46:43 +0800] "GET /xingrg/all/function/internal_message.html?_=1655513212728&CODE_STATE=getMsg HTTP/1.1" 200 27
218.81.223.53 - - [18/Jun/2022:08:46:45 +0800] "GET /xingrg/kc/buy/cgsh_order_operate.html?command=get_materiel&rest_code=00146&code=00101005024&supplier_code=00100313&order_time=2022-06-17 HTTP/1.1" 200 409
114.95.43.0 - - [18/Jun/2022:08:46:47 +0800] "GET /xingrg/all/function/internal_message.html?_=1655513113706&CODE_STATE=getMsg HTTP/1.1" 200 27
218.81.223.53 - - [18/Jun/2022:08:46:50 +0800] "GET /xingrg/all/function/internal_message.html?_=1655513218142&CODE_STATE=getMsg HTTP/1.1" 302 -
218.81.223.53 - - [18/Jun/2022:08:46:57 +0800] "GET /xingrg/kc/buy/cgsh_order_operate.html?command=get_materiel&rest_code=00146&code=00101004010&supplier_code=00100313&order_time=2022-06-17 HTTP/1.1" 200 426
218.81.223.53 - - [18/Jun/2022:08:47:12 +0800] "GET /xingrg/kc/buy/cgsh_order_operate.html?command=get_materiel&rest_code=00146&code=00101004060&supplier_code=00100313&order_time=2022-06-17 HTTP/1.1" 200 415
116.230.110.173 - - [18/Jun/2022:08:47:20 +0800] "GET /xingrg/all/function/internal_message.html?_=1655513233505&CODE_STATE=getMsg HTTP/1.1" 200 27
114.95.43.0 - - [18/Jun/2022:08:47:22 +0800] "GET /xingrg/all/function/internal_message.html?_=1655513239507&CODE_STATE=getMsg HTTP/1.1" 200 27
218.81.223.53 - - [18/Jun/2022:08:47:24 +0800] "GET /xingrg/kc/buy/cgsh_order_operate.html?command=get_materiel&rest_code=00146&code=00102026001&supplier_code=00100313&order_time=2022-06-17 HTTP/1.1" 200 411
114.95.43.0 - - [18/Jun/2022:08:47:24 +0800] "GET /xingrg/check_reg.html?_=1655513241862 HTTP/1.1" 200 22
58.35.194.53 - - [18/Jun/2022:08:47:32 +0800] "GET /xingrg/all/function/internal_message.html?_=1655513247767&CODE_STATE=getMsg HTTP/1.1" 200 27
58.221.95.50 - - [18/Jun/2022:08:47:34 +0800] "GET /xingrg/all/function/internal_message.html?_=1655513251617&CODE_STATE=getMsg HTTP/1.1" 200 27
218.81.223.53 - - [18/Jun/2022:08:47:43 +0800] "GET /xingrg/all/function/internal_message.html?_=1655513272777&CODE_STATE=getMsg HTTP/1.1" 200 27
114.95.43.0 - - [18/Jun/2022:08:47:47 +0800] "GET /xingrg/all/function/internal_message.html?_=1655513173692&CODE_STATE=getMsg HTTP/1.1" 200 27
114.95.43.0 - - [18/Jun/2022:08:47:47 +0800] "GET /xingrg/check_reg.html?_=1655513174320 HTTP/1.1" 200 22
218.81.223.53 - - [18/Jun/2022:08:47:48 +0800] "POST /xingrg/kc/buy/cgsh_order_operate.html HTTP/1.1" 200 37
218.81.223.53 - - [18/Jun/2022:08:47:50 +0800] "POST /xingrg/kc/buy/cgsh_order_operate.html HTTP/1.1" 200 6223
218.81.223.53 - - [18/Jun/2022:08:47:50 +0800] "GET /xingrg/check_reg.html?_=1655513278035 HTTP/1.1" 302 -
218.81.223.53 - - [18/Jun/2022:08:47:50 +0800] "GET /xingrg/all/function/internal_message.html?_=1655513278156&CODE_STATE=getMsg HTTP/1.1" 302 -
218.81.223.53 - - [18/Jun/2022:08:47:53 +0800] "GET /xingrg/kc/print/load_data.html?order_code=212022061801964&kc_code=cgsh&condition= HTTP/1.1" 200 2042
58.221.95.50 - - [18/Jun/2022:08:47:54 +0800] "GET /xingrg/check_reg.html?_=1655513271554 HTTP/1.1" 200 22
222.69.144.95 - - [18/Jun/2022:08:48:05 +0800] "GET /xingrg/login.html HTTP/1.1" 200 7641
222.69.144.95 - - [18/Jun/2022:08:48:06 +0800] "GET /favicon.ico HTTP/1.1" 404 -
222.69.144.95 - - [18/Jun/2022:08:48:07 +0800] "POST /xingrg/login.do HTTP/1.1" 302 -
222.69.144.95 - - [18/Jun/2022:08:48:07 +0800] "GET /xingrg/index.html?sysBaseUrl=http%3A%2F%2F180.169.147.146%3A18081%2Fxingrg%2F&costTime=42×tamp=1655513287833 HTTP/1.1" 200 17179
222.69.144.95 - - [18/Jun/2022:08:48:07 +0800] "GET /favicon.ico HTTP/1.1" 404 -
222.69.144.95 - - [18/Jun/2022:08:48:08 +0800] "POST /xingrg/all/common/load_tree.html?tree=area_rest_tree_json&manage=1 HTTP/1.1" 200 351
222.69.144.95 - - [18/Jun/2022:08:48:08 +0800] "GET /xingrg/all/function/internal_message.html?_=1655513316417&CODE_STATE=count HTTP/1.1" 200 11
222.69.144.95 - - [18/Jun/2022:08:48:08 +0800] "POST /xingrg/load_menu.html HTTP/1.1" 200 5138
222.69.144.95 - - [18/Jun/2022:08:48:08 +0800] "GET /xingrg/check_reg.html?_=1655513316418 HTTP/1.1" 200 22
222.69.144.95 - - [18/Jun/2022:08:48:11 +0800] "GET /xingrg/kc/buy/cgsh_order_list.html HTTP/1.1" 200 51968
222.69.144.95 - - [18/Jun/2022:08:48:12 +0800] "GET /xingrg/javascript/easyui/themes/icons/cance_new.png HTTP/1.1" 200 3986
222.69.144.95 - - [18/Jun/2022:08:48:12 +0800] "GET /xingrg/javascript/easyui/themes/icons/check_new.png HTTP/1.1" 200 3224
222.69.144.95 - - [18/Jun/2022:08:48:14 +0800] "POST /xingrg/kc/buy/cgsh_list_operate.html HTTP/1.1" 200 1444
222.69.144.95 - - [18/Jun/2022:08:48:15 +0800] "GET /xingrg/kc/buy/cgsh_order_add.html HTTP/1.1" 200 66907
222.69.144.95 - - [18/Jun/2022:08:48:15 +0800] "GET /xingrg/javascript/convert.js HTTP/1.1" 200 1239
222.69.144.95 - - [18/Jun/2022:08:48:15 +0800] "GET /xingrg/javascript/jquery_tools/order_manager.js HTTP/1.1" 200 11183
222.69.144.95 - - [18/Jun/2022:08:48:15 +0800] "GET /xingrg/javascript/json2.js HTTP/1.1" 200 11259
222.69.144.95 - - [18/Jun/2022:08:48:15 +0800] "GET /xingrg/javascript/print/kc_print.js HTTP/1.1" 200 11415
222.69.144.95 - - [18/Jun/2022:08:48:15 +0800] "GET /xingrg/words/20220617171407_words.js HTTP/1.1" 200 901586
222.69.144.95 - - [18/Jun/2022:08:48:15 +0800] "GET /xingrg/javascript/easyui/themes/icons/copy_new.png HTTP/1.1" 200 815
222.69.144.95 - - [18/Jun/2022:08:48:15 +0800] "GET /xingrg/javascript/easyui/themes/icons/template_new.png HTTP/1.1" 200 3956
222.69.144.95 - - [18/Jun/2022:08:48:15 +0800] "GET /xingrg/javascript/easyui/themes/icons/ok.png HTTP/1.1" 200 883
222.69.144.95 - - [18/Jun/2022:08:48:15 +0800] "GET /xingrg/javascript/easyui/themes/icons/print.png HTTP/1.1" 200 1057
222.69.144.95 - - [18/Jun/2022:08:48:15 +0800] "GET /xingrg/javascript/easyui/themes/icons/cancel.png HTTP/1.1" 200 1133
222.69.144.95 - - [18/Jun/2022:08:48:15 +0800] "GET /xingrg/javascript/easyui/themes/default/images/menu_downarrow.png HTTP/1.1" 200 173
222.69.144.95 - - [18/Jun/2022:08:48:16 +0800] "POST /xingrg/kc/buy/cgsh_order_operate.html HTTP/1.1" 200 8245
222.69.144.95 - - [18/Jun/2022:08:48:16 +0800] "GET /xingrg/all/common/auto_word.html?type=employee&rest_code=00154 HTTP/1.1" 200 101
222.69.144.95 - - [18/Jun/2022:08:48:16 +0800] "GET /xingrg/javascript/easyui/themes/default/validatebox.css HTTP/1.1" 404 1104
222.69.144.95 - - [18/Jun/2022:08:48:16 +0800] "GET /xingrg/all/common/auto_word.html?type=employee&rest_code=00154 HTTP/1.1" 200 101
222.69.144.95 - - [18/Jun/2022:08:48:16 +0800] "GET /xingrg/javascript/easyui/plugins/jquery.validatebox.js HTTP/1.1" 200 6103
222.69.144.95 - - [18/Jun/2022:08:48:16 +0800] "GET /xingrg/javascript/easyui/plugins/jquery.numberbox.js HTTP/1.1" 200 5213
222.69.144.95 - - [18/Jun/2022:08:48:16 +0800] "GET /xingrg/javascript/easyui/themes/icons/edit_remove.png HTTP/1.1" 200 625
116.230.110.173 - - [18/Jun/2022:08:48:20 +0800] "GET /xingrg/all/function/internal_message.html?_=1655513293510&CODE_STATE=getMsg HTTP/1.1" 200 27
222.69.144.95 - - [18/Jun/2022:08:48:20 +0800] "POST /xingrg/kc/buy/cgsh_list_operate.html HTTP/1.1" 200 201
222.69.144.95 - - [18/Jun/2022:08:48:22 +0800] "GET /xingrg/kc/buy/cgsh_order_info.html?code=212022061501661 HTTP/1.1" 200 66906
222.69.144.95 - - [18/Jun/2022:08:48:22 +0800] "GET /xingrg/javascript/easyui/themes/default/validatebox.css HTTP/1.1" 404 1104
114.95.43.0 - - [18/Jun/2022:08:48:22 +0800] "GET /xingrg/all/function/internal_message.html?_=1655513299483&CODE_STATE=getMsg HTTP/1.1" 200 27
222.69.144.95 - - [18/Jun/2022:08:48:22 +0800] "POST /xingrg/kc/buy/cgsh_order_operate.html HTTP/1.1" 200 2660
218.81.223.53 - - [18/Jun/2022:08:48:29 +0800] "GET /xingrg/kc/buy/cgsh_order_add.html HTTP/1.1" 200 67706
218.81.223.53 - - [18/Jun/2022:08:48:29 +0800] "GET /xingrg/javascript/easyui/themes/default/validatebox.css HTTP/1.1" 404 1104
218.81.223.53 - - [18/Jun/2022:08:48:29 +0800] "POST /xingrg/kc/buy/cgsh_order_operate.html HTTP/1.1" 200 8245
58.35.194.53 - - [18/Jun/2022:08:48:32 +0800] "GET /xingrg/all/function/internal_message.html?_=1655513307753&CODE_STATE=getMsg HTTP/1.1" 200 27
58.221.95.50 - - [18/Jun/2022:08:48:34 +0800] "GET /xingrg/all/function/internal_message.html?_=1655513311589&CODE_STATE=getMsg HTTP/1.1" 200 27
218.81.223.53 - - [18/Jun/2022:08:48:42 +0800] "GET /xingrg/check_reg.html?_=1655513332632 HTTP/1.1" 200 22
218.81.223.53 - - [18/Jun/2022:08:48:43 +0800] "GET /xingrg/all/function/internal_message.html?_=1655513332786&CODE_STATE=getMsg HTTP/1.1" 200 27
114.95.43.0 - - [18/Jun/2022:08:48:47 +0800] "GET /xingrg/all/function/internal_message.html?_=1655513233664&CODE_STATE=getMsg HTTP/1.1" 200 27
218.81.223.53 - - [18/Jun/2022:08:48:51 +0800] "GET /xingrg/all/function/internal_message.html?_=1655513338173&CODE_STATE=getMsg HTTP/1.1" 302 -
222.69.144.95 - - [18/Jun/2022:08:49:08 +0800] "GET /xingrg/all/function/internal_message.html?_=1655513376431&CODE_STATE=getMsg HTTP/1.1" 200 27
218.81.223.53 - - [18/Jun/2022:08:49:08 +0800] "GET /xingrg/kc/buy/cgsh_order_operate.html?command=get_materiel&rest_code=00146&code=00101004063&supplier_code=00100151&order_time=2022-06-17 HTTP/1.1" 200 416
222.69.144.95 - - [18/Jun/2022:08:49:15 +0800] "GET /xingrg/javascript/auto/indicator.gif HTTP/1.1" 404 1066
222.69.144.95 - - [18/Jun/2022:08:49:19 +0800] "GET /xingrg/kc/buy/cgsh_order_operate.html?command=get_materiel&rest_code=00154&code=00101010161&supplier_code=00100151&order_time=2022-06-15 HTTP/1.1" 200 411
116.230.110.173 - - [18/Jun/2022:08:49:20 +0800] "GET /xingrg/check_reg.html?_=1655513353502 HTTP/1.1" 200 22
116.230.110.173 - - [18/Jun/2022:08:49:20 +0800] "GET /xingrg/all/function/internal_message.html?_=1655513353509&CODE_STATE=getMsg HTTP/1.1" 200 27
114.95.43.0 - - [18/Jun/2022:08:49:22 +0800] "GET /xingrg/all/function/internal_message.html?_=1655513359463&CODE_STATE=getMsg HTTP/1.1" 200 27
58.35.194.53 - - [18/Jun/2022:08:49:32 +0800] "GET /xingrg/all/function/internal_message.html?_=1655513367738&CODE_STATE=getMsg HTTP/1.1" 200 27
58.221.95.50 - - [18/Jun/2022:08:49:34 +0800] "GET /xingrg/all/function/internal_message.html?_=1655513371560&CODE_STATE=getMsg HTTP/1.1" 200 27
218.81.223.53 - - [18/Jun/2022:08:49:43 +0800] "GET /xingrg/all/function/internal_message.html?_=1655513392813&CODE_STATE=getMsg HTTP/1.1" 200 27
222.69.144.95 - - [18/Jun/2022:08:49:45 +0800] "GET /xingrg/kc/buy/cgsh_order_operate.html?command=get_materiel&rest_code=00154&code=00101006193&supplier_code=00100151&order_time=2022-06-15 HTTP/1.1" 200 411
114.95.43.0 - - [18/Jun/2022:08:49:47 +0800] "GET /xingrg/all/function/internal_message.html?_=1655513293650&CODE_STATE=getMsg HTTP/1.1" 200 27
218.81.223.53 - - [18/Jun/2022:08:49:50 +0800] "GET /xingrg/all/function/internal_message.html?_=1655513398183&CODE_STATE=getMsg HTTP/1.1" 302 -
218.81.223.53 - - [18/Jun/2022:08:49:56 +0800] "GET /xingrg/kc/buy/cgsh_order_operate.html?command=get_materiel&rest_code=00146&code=00101004067&supplier_code=00100151&order_time=2022-06-17 HTTP/1.1" 200 429
222.69.144.95 - - [18/Jun/2022:08:50:08 +0800] "GET /xingrg/all/function/internal_message.html?_=1655513436426&CODE_STATE=getMsg HTTP/1.1" 200 27
114.95.43.0 - - [18/Jun/2022:08:50:10 +0800] "POST /xingrg/services/DataTransmitService HTTP/1.1" 200 524
218.81.223.53 - - [18/Jun/2022:08:50:13 +0800] "GET /xingrg/kc/buy/cgsh_order_operate.html?command=get_materiel&rest_code=00146&code=00101002038&supplier_code=00100151&order_time=2022-06-17 HTTP/1.1" 200 416
116.230.110.173 - - [18/Jun/2022:08:50:20 +0800] "GET /xingrg/all/function/internal_message.html?_=1655513413496&CODE_STATE=getMsg HTTP/1.1" 200 27
114.95.43.0 - - [18/Jun/2022:08:50:22 +0800] "GET /xingrg/all/function/internal_message.html?_=1655513419434&CODE_STATE=getMsg HTTP/1.1" 200 27
58.35.194.53 - - [18/Jun/2022:08:50:32 +0800] "GET /xingrg/all/function/internal_message.html?_=1655513427725&CODE_STATE=getMsg HTTP/1.1" 200 27
120.253.135.82 - - [18/Jun/2022:08:50:34 +0800] "POST /xingrg/kc/pszx/mdps_list_operate.html HTTP/1.1" 200 2809
58.221.95.50 - - [18/Jun/2022:08:50:34 +0800] "GET /xingrg/all/function/internal_message.html?_=1655513431544&CODE_STATE=getMsg HTTP/1.1" 200 27
218.81.223.53 - - [18/Jun/2022:08:50:43 +0800] "GET /xingrg/all/function/internal_message.html?_=1655513452814&CODE_STATE=getMsg HTTP/1.1" 200 27
218.81.223.53 - - [18/Jun/2022:08:50:44 +0800] "POST /xingrg/kc/buy/cgsh_order_operate.html HTTP/1.1" 200 37
114.84.82.172 - - [18/Jun/2022:08:50:44 +0800] "GET /xingrg/check_reg.html?_=1655513441936 HTTP/1.1" 200 22
218.81.223.53 - - [18/Jun/2022:08:50:45 +0800] "POST /xingrg/kc/buy/cgsh_order_operate.html HTTP/1.1" 200 3858
114.95.43.0 - - [18/Jun/2022:08:50:47 +0800] "GET /xingrg/all/function/internal_message.html?_=1655513353636&CODE_STATE=getMsg HTTP/1.1" 200 27
218.81.223.53 - - [18/Jun/2022:08:50:48 +0800] "GET /xingrg/kc/print/load_data.html?order_code=212022061801965&kc_code=cgsh&condition= HTTP/1.1" 200 1132
58.35.194.53 - - [18/Jun/2022:08:50:50 +0800] "GET /xingrg/check_reg.html?_=1655513445835 HTTP/1.1" 200 22
218.81.223.53 - - [18/Jun/2022:08:50:51 +0800] "GET /xingrg/all/function/internal_message.html?_=1655513458201&CODE_STATE=getMsg HTTP/1.1" 302 -
222.69.144.95 - - [18/Jun/2022:08:50:58 +0800] "GET /xingrg/kc/buy/cgsh_order_operate.html?command=get_materiel&rest_code=00154&code=00101041006&supplier_code=00100151&order_time=2022-06-15 HTTP/1.1" 200 430
218.81.223.53 - - [18/Jun/2022:08:51:00 +0800] "GET /xingrg/kc/buy/cgsh_order_add.html HTTP/1.1" 200 67706
218.81.223.53 - - [18/Jun/2022:08:51:00 +0800] "POST /xingrg/kc/buy/cgsh_order_operate.html HTTP/1.1" 200 8245
218.81.223.53 - - [18/Jun/2022:08:51:00 +0800] "GET /xingrg/javascript/easyui/themes/default/validatebox.css HTTP/1.1" 404 1104
222.69.144.95 - - [18/Jun/2022:08:51:08 +0800] "GET /xingrg/all/function/internal_message.html?_=1655513496435&CODE_STATE=getMsg HTTP/1.1" 200 27
116.230.110.173 - - [18/Jun/2022:08:51:20 +0800] "GET /xingrg/all/function/internal_message.html?_=1655513473501&CODE_STATE=getMsg HTTP/1.1" 200 27
114.95.43.0 - - [18/Jun/2022:08:51:22 +0800] "GET /xingrg/all/function/internal_message.html?_=1655513479403&CODE_STATE=getMsg HTTP/1.1" 200 27
58.35.194.53 - - [18/Jun/2022:08:51:31 +0800] "GET /xingrg/all/function/internal_message.html?_=1655513487696&CODE_STATE=getMsg HTTP/1.1" 200 27
58.221.95.50 - - [18/Jun/2022:08:51:34 +0800] "GET /xingrg/all/function/internal_message.html?_=1655513491519&CODE_STATE=getMsg HTTP/1.1" 200 27
218.81.223.53 - - [18/Jun/2022:08:51:43 +0800] "GET /xingrg/all/function/internal_message.html?_=1655513512827&CODE_STATE=getMsg HTTP/1.1" 200 27
114.95.43.0 - - [18/Jun/2022:08:51:47 +0800] "GET /xingrg/all/function/internal_message.html?_=1655513413605&CODE_STATE=getMsg HTTP/1.1" 200 27
218.81.223.53 - - [18/Jun/2022:08:51:50 +0800] "GET /xingrg/all/function/internal_message.html?_=1655513518210&CODE_STATE=getMsg HTTP/1.1" 302 -
222.69.144.95 - - [18/Jun/2022:08:52:08 +0800] "GET /xingrg/all/function/internal_message.html?_=1655513556423&CODE_STATE=getMsg HTTP/1.1" 200 27
218.81.223.53 - - [18/Jun/2022:08:52:15 +0800] "GET /xingrg/kc/buy/cgsh_order_operate.html?command=get_materiel&rest_code=00146&code=00102016360&supplier_code=00100075&order_time=2022-06-17 HTTP/1.1" 200 412
116.230.110.173 - - [18/Jun/2022:08:52:20 +0800] "GET /xingrg/all/function/internal_message.html?_=1655513533509&CODE_STATE=getMsg HTTP/1.1" 200 27
114.95.43.0 - - [18/Jun/2022:08:52:22 +0800] "GET /xingrg/all/function/internal_message.html?_=1655513539400&CODE_STATE=getMsg HTTP/1.1" 200 27
114.95.43.0 - - [18/Jun/2022:08:52:24 +0800] "GET /xingrg/check_reg.html?_=1655513541839 HTTP/1.1" 200 22
58.35.194.53 - - [18/Jun/2022:08:52:31 +0800] "GET /xingrg/all/function/internal_message.html?_=1655513547682&CODE_STATE=getMsg HTTP/1.1" 200 27
58.221.95.50 - - [18/Jun/2022:08:52:34 +0800] "GET /xingrg/all/function/internal_message.html?_=1655513551515&CODE_STATE=getMsg HTTP/1.1" 200 27
218.81.223.53 - - [18/Jun/2022:08:52:43 +0800] "GET /xingrg/all/function/internal_message.html?_=1655513572842&CODE_STATE=getMsg HTTP/1.1" 200 27
222.69.144.95 - - [18/Jun/2022:08:52:46 +0800] "GET /xingrg/kc/buy/cgsh_order_operate.html?command=get_materiel&rest_code=00154&code=00101020149&supplier_code=00100151&order_time=2022-06-15 HTTP/1.1" 200 409
114.95.43.0 - - [18/Jun/2022:08:52:47 +0800] "GET /xingrg/all/function/internal_message.html?_=1655513473617&CODE_STATE=getMsg HTTP/1.1" 200 27
114.95.43.0 - - [18/Jun/2022:08:52:47 +0800] "GET /xingrg/check_reg.html?_=1655513474354 HTTP/1.1" 200 22
218.81.223.53 - - [18/Jun/2022:08:52:50 +0800] "GET /xingrg/check_reg.html?_=1655513578039 HTTP/1.1" 302 -
218.81.223.53 - - [18/Jun/2022:08:52:51 +0800] "GET /xingrg/all/function/internal_message.html?_=1655513578224&CODE_STATE=getMsg HTTP/1.1" 302 -
58.221.95.50 - - [18/Jun/2022:08:52:54 +0800] "GET /xingrg/check_reg.html?_=1655513571567 HTTP/1.1" 200 22
222.69.144.95 - - [18/Jun/2022:08:53:08 +0800] "GET /xingrg/check_reg.html?_=1655513616431 HTTP/1.1" 200 22
222.69.144.95 - - [18/Jun/2022:08:53:08 +0800] "GET /xingrg/all/function/internal_message.html?_=1655513616436&CODE_STATE=getMsg HTTP/1.1" 200 27
222.69.144.95 - - [18/Jun/2022:08:53:19 +0800] "POST /xingrg/kc/buy/cgsh_order_operate.html HTTP/1.1" 200 37
116.230.110.173 - - [18/Jun/2022:08:53:20 +0800] "GET /xingrg/all/function/internal_message.html?_=1655513593509&CODE_STATE=getMsg HTTP/1.1" 200 27
180.171.135.243 - - [18/Jun/2022:08:53:21 +0800] "POST /xingrg/services/DataTransmitService HTTP/1.1" 200 524
114.95.43.0 - - [18/Jun/2022:08:53:22 +0800] "GET /xingrg/all/function/internal_message.html?_=1655513599351&CODE_STATE=getMsg HTTP/1.1" 200 27
222.69.144.95 - - [18/Jun/2022:08:53:27 +0800] "POST /xingrg/kc/buy/cgsh_order_operate.html HTTP/1.1" 200 5638
180.156.212.250 - - [18/Jun/2022:08:53:29 +0800] "POST /xingrg/kc/buy/cgsh_list_operate.html HTTP/1.1" 302 -
180.156.212.250 - - [18/Jun/2022:08:53:29 +0800] "GET /xingrg/login.html HTTP/1.1" 200 7641
180.156.212.250 - - [18/Jun/2022:08:53:29 +0800] "GET /xingrg/kc/buy/images/blue/login_bg.png HTTP/1.1" 404 1070
180.156.212.250 - - [18/Jun/2022:08:53:29 +0800] "GET /xingrg/kc/buy/images/blue/hj.png HTTP/1.1" 404 1058
180.156.212.250 - - [18/Jun/2022:08:53:29 +0800] "GET /xingrg/kc/buy/images/blue/srbg.png HTTP/1.1" 404 1062
180.156.212.250 - - [18/Jun/2022:08:53:29 +0800] "GET /xingrg/kc/buy/cgsh_order_list.html HTTP/1.1" 302 -
180.156.212.250 - - [18/Jun/2022:08:53:29 +0800] "GET /xingrg/login.html HTTP/1.1" 200 7641
180.156.212.250 - - [18/Jun/2022:08:53:29 +0800] "GET /xingrg/login.html HTTP/1.1" 200 7641
180.156.212.250 - - [18/Jun/2022:08:53:30 +0800] "GET /favicon.ico HTTP/1.1" 404 -
180.156.212.250 - - [18/Jun/2022:08:53:31 +0800] "POST /xingrg/login.do HTTP/1.1" 302 -
180.156.212.250 - - [18/Jun/2022:08:53:31 +0800] "GET /xingrg/index.html?sysBaseUrl=http%3A%2F%2F180.169.147.146%3A18081%2Fxingrg%2F&costTime=39×tamp=1655513611360 HTTP/1.1" 200 17173
180.156.212.250 - - [18/Jun/2022:08:53:31 +0800] "GET /favicon.ico HTTP/1.1" 404 -
180.156.212.250 - - [18/Jun/2022:08:53:31 +0800] "POST /xingrg/all/common/load_tree.html?tree=area_rest_tree_json&manage=1 HTTP/1.1" 200 342
180.156.212.250 - - [18/Jun/2022:08:53:31 +0800] "GET /xingrg/all/function/internal_message.html?_=1655513636531&CODE_STATE=count HTTP/1.1" 200 11
180.156.212.250 - - [18/Jun/2022:08:53:31 +0800] "GET /xingrg/check_reg.html?_=1655513636533 HTTP/1.1" 200 22
180.156.212.250 - - [18/Jun/2022:08:53:31 +0800] "POST /xingrg/load_menu.html HTTP/1.1" 200 5138
58.35.194.53 - - [18/Jun/2022:08:53:31 +0800] "GET /xingrg/all/function/internal_message.html?_=1655513607667&CODE_STATE=getMsg HTTP/1.1" 200 27
222.69.144.95 - - [18/Jun/2022:08:53:33 +0800] "GET /xingrg/kc/buy/cgsh_order_add.html HTTP/1.1" 200 66907
222.69.144.95 - - [18/Jun/2022:08:53:34 +0800] "POST /xingrg/kc/buy/cgsh_order_operate.html HTTP/1.1" 200 8245
222.69.144.95 - - [18/Jun/2022:08:53:34 +0800] "GET /xingrg/javascript/easyui/themes/default/validatebox.css HTTP/1.1" 404 1104
58.221.95.50 - - [18/Jun/2022:08:53:34 +0800] "GET /xingrg/all/function/internal_message.html?_=1655513611491&CODE_STATE=getMsg HTTP/1.1" 200 27
180.156.212.250 - - [18/Jun/2022:08:53:35 +0800] "GET /xingrg/kc/buy/cgsh_order_list.html HTTP/1.1" 200 51962
180.156.212.250 - - [18/Jun/2022:08:53:36 +0800] "POST /xingrg/kc/buy/cgsh_list_operate.html HTTP/1.1" 200 693
218.81.223.53 - - [18/Jun/2022:08:53:42 +0800] "GET /xingrg/check_reg.html?_=1655513632640 HTTP/1.1" 200 22
218.81.223.53 - - [18/Jun/2022:08:53:43 +0800] "GET /xingrg/all/function/internal_message.html?_=1655513632855&CODE_STATE=getMsg HTTP/1.1" 200 27
218.81.223.53 - - [18/Jun/2022:08:53:44 +0800] "GET /xingrg/kc/buy/cgsh_order_operate.html?command=get_materiel&rest_code=00146&code=00102001005&supplier_code=00100075&order_time=2022-06-17 HTTP/1.1" 200 408
218.81.223.53 - - [18/Jun/2022:08:53:44 +0800] "POST /xingrg/services/DataTransmitService HTTP/1.1" 200 524
218.81.223.53 - - [18/Jun/2022:08:53:45 +0800] "POST /xingrg/services/DataTransmitService HTTP/1.1" 200 412
114.95.43.0 - - [18/Jun/2022:08:53:47 +0800] "GET /xingrg/all/function/internal_message.html?_=1655513533590&CODE_STATE=getMsg HTTP/1.1" 200 27
120.253.135.82 - - [18/Jun/2022:08:53:47 +0800] "GET /xingrg/check_reg.html?_=1655513433850 HTTP/1.1" 200 22
218.81.223.53 - - [18/Jun/2022:08:53:51 +0800] "GET /xingrg/all/function/internal_message.html?_=1655513638241&CODE_STATE=getMsg HTTP/1.1" 302 -
222.69.144.95 - - [18/Jun/2022:08:53:55 +0800] "GET /xingrg/kc/buy/cgsh_order_operate.html?command=get_materiel&rest_code=00154&code=00102002327&supplier_code=00100151&order_time=2022-06-18 HTTP/1.1" 200 428
222.69.144.95 - - [18/Jun/2022:08:54:08 +0800] "GET /xingrg/all/function/internal_message.html?_=1655513676425&CODE_STATE=getMsg HTTP/1.1" 200 27
218.81.223.53 - - [18/Jun/2022:08:54:13 +0800] "GET /xingrg/kc/buy/cgsh_order_operate.html?command=get_materiel&rest_code=00146&code=00102003284&supplier_code=00100075&order_time=2022-06-17 HTTP/1.1" 200 408
116.230.110.173 - - [18/Jun/2022:08:54:20 +0800] "GET /xingrg/check_reg.html?_=1655513653513 HTTP/1.1" 200 22
116.230.110.173 - - [18/Jun/2022:08:54:20 +0800] "GET /xingrg/all/function/internal_message.html?_=1655513653514&CODE_STATE=getMsg HTTP/1.1" 200 27
114.95.43.0 - - [18/Jun/2022:08:54:22 +0800] "GET /xingrg/all/function/internal_message.html?_=1655513659319&CODE_STATE=getMsg HTTP/1.1" 200 27
180.156.212.250 - - [18/Jun/2022:08:54:31 +0800] "GET /xingrg/all/function/internal_message.html?_=1655513696546&CODE_STATE=getMsg HTTP/1.1" 200 27
58.35.194.53 - - [18/Jun/2022:08:54:31 +0800] "GET /xingrg/all/function/internal_message.html?_=1655513667652&CODE_STATE=getMsg HTTP/1.1" 200 27
222.69.144.95 - - [18/Jun/2022:08:54:33 +0800] "GET /xingrg/kc/buy/cgsh_order_operate.html?command=get_materiel&rest_code=00154&code=00102002616&supplier_code=00100151&order_time=2022-06-18 HTTP/1.1" 200 434
58.221.95.50 - - [18/Jun/2022:08:54:34 +0800] "GET /xingrg/all/function/internal_message.html?_=1655513671462&CODE_STATE=getMsg HTTP/1.1" 200 27
218.81.223.53 - - [18/Jun/2022:08:54:43 +0800] "GET /xingrg/all/function/internal_message.html?_=1655513692869&CODE_STATE=getMsg HTTP/1.1" 200 27
114.95.43.0 - - [18/Jun/2022:08:54:47 +0800] "GET /xingrg/all/function/internal_message.html?_=1655513593575&CODE_STATE=getMsg HTTP/1.1" 200 27
218.81.223.53 - - [18/Jun/2022:08:54:51 +0800] "GET /xingrg/all/function/internal_message.html?_=1655513698251&CODE_STATE=getMsg HTTP/1.1" 302 -
218.81.223.53 - - [18/Jun/2022:08:55:03 +0800] "GET /xingrg/kc/buy/cgsh_order_operate.html?command=get_materiel&rest_code=00146&code=00102001177&supplier_code=00100075&order_time=2022-06-17 HTTP/1.1" 200 409
222.69.144.95 - - [18/Jun/2022:08:55:08 +0800] "GET /xingrg/all/function/internal_message.html?_=1655513736442&CODE_STATE=getMsg HTTP/1.1" 200 27
120.253.135.82 - - [18/Jun/2022:08:55:20 +0800] "POST /xingrg/kc/pszx/mdps_list_operate.html HTTP/1.1" 200 3179
116.230.110.173 - - [18/Jun/2022:08:55:20 +0800] "GET /xingrg/all/function/internal_message.html?_=1655513713507&CODE_STATE=getMsg HTTP/1.1" 200 27
120.253.135.82 - - [18/Jun/2022:08:55:22 +0800] "POST /xingrg/kc/pszx/mdps_list_operate.html HTTP/1.1" 200 350
114.95.43.0 - - [18/Jun/2022:08:55:22 +0800] "GET /xingrg/all/function/internal_message.html?_=1655513719287&CODE_STATE=getMsg HTTP/1.1" 200 27
120.253.135.82 - - [18/Jun/2022:08:55:23 +0800] "POST /xingrg/kc/pszx/mdps_list_operate.html HTTP/1.1" 200 306
120.253.135.82 - - [18/Jun/2022:08:55:26 +0800] "POST /xingrg/kc/pszx/mdps_list_operate.html HTTP/1.1" 200 206
218.81.223.53 - - [18/Jun/2022:08:55:27 +0800] "GET /xingrg/kc/buy/cgsh_order_operate.html?command=get_materiel&rest_code=00146&code=00102003086&supplier_code=00100075&order_time=2022-06-17 HTTP/1.1" 200 409
180.156.212.250 - - [18/Jun/2022:08:55:31 +0800] "GET /xingrg/all/function/internal_message.html?_=1655513756543&CODE_STATE=getMsg HTTP/1.1" 200 27
58.35.194.53 - - [18/Jun/2022:08:55:31 +0800] "GET /xingrg/all/function/internal_message.html?_=1655513727638&CODE_STATE=getMsg HTTP/1.1" 200 27
58.221.95.50 - - [18/Jun/2022:08:55:34 +0800] "GET /xingrg/all/function/internal_message.html?_=1655513731448&CODE_STATE=getMsg HTTP/1.1" 200 27
120.253.135.82 - - [18/Jun/2022:08:55:36 +0800] "GET /xingrg/kc/pszx/mdps_order_add.html HTTP/1.1" 200 29076
120.253.135.82 - - [18/Jun/2022:08:55:37 +0800] "POST /xingrg/kc/pszx/mdps_order_operate.html HTTP/1.1" 200 7126
120.253.135.82 - - [18/Jun/2022:08:55:37 +0800] "GET /xingrg/javascript/easyui/themes/default/validatebox.css HTTP/1.1" 404 1104
218.81.223.53 - - [18/Jun/2022:08:55:43 +0800] "GET /xingrg/all/function/internal_message.html?_=1655513752881&CODE_STATE=getMsg HTTP/1.1" 200 27
114.84.82.172 - - [18/Jun/2022:08:55:44 +0800] "GET /xingrg/check_reg.html?_=1655513741913 HTTP/1.1" 200 22
114.95.43.0 - - [18/Jun/2022:08:55:47 +0800] "GET /xingrg/all/function/internal_message.html?_=1655513653560&CODE_STATE=getMsg HTTP/1.1" 200 27
120.253.135.82 - - [18/Jun/2022:08:55:49 +0800] "GET /xingrg/css/images/panel_loading.gif HTTP/1.1" 200 1737
120.253.135.82 - - [18/Jun/2022:08:55:49 +0800] "POST /xingrg/all/common/load_combo.html?type=base HTTP/1.1" 200 1169
58.35.194.53 - - [18/Jun/2022:08:55:50 +0800] "GET /xingrg/check_reg.html?_=1655513745844 HTTP/1.1" 200 22
218.81.223.53 - - [18/Jun/2022:08:55:51 +0800] "GET /xingrg/kc/buy/cgsh_order_operate.html?command=get_materiel&rest_code=00146&code=00102013003&supplier_code=00100075&order_time=2022-06-17 HTTP/1.1" 200 409
218.81.223.53 - - [18/Jun/2022:08:55:51 +0800] "GET /xingrg/all/function/internal_message.html?_=1655513758270&CODE_STATE=getMsg HTTP/1.1" 302 -
120.253.135.82 - - [18/Jun/2022:08:55:57 +0800] "GET /xingrg/kc/pszx/mdps_order_operate.html?command=get_materiel&pszx_code=00101&rest_code=00156&base_code=0010246&code=00101010054 HTTP/1.1" 200 436
218.81.223.53 - - [18/Jun/2022:08:56:06 +0800] "POST /xingrg/kc/buy/cgsh_order_operate.html HTTP/1.1" 200 37
218.81.223.53 - - [18/Jun/2022:08:56:07 +0800] "POST /xingrg/kc/buy/cgsh_order_operate.html HTTP/1.1" 200 5003
222.69.144.95 - - [18/Jun/2022:08:56:08 +0800] "GET /xingrg/all/function/internal_message.html?_=1655513796428&CODE_STATE=getMsg HTTP/1.1" 200 27
120.253.135.82 - - [18/Jun/2022:08:56:11 +0800] "POST /xingrg/kc/pszx/mdps_order_operate.html HTTP/1.1" 200 37
120.253.135.82 - - [18/Jun/2022:08:56:20 +0800] "GET /xingrg/kc/pszx/mdps_order_info.html?code=312022061800313 HTTP/1.1" 200 23978
116.230.110.173 - - [18/Jun/2022:08:56:20 +0800] "GET /xingrg/all/function/internal_message.html?_=1655513773504&CODE_STATE=getMsg HTTP/1.1" 200 27
218.81.223.53 - - [18/Jun/2022:08:56:20 +0800] "POST /xingrg/kc/buy/cgsh_order_operate.html HTTP/1.1" 200 37
120.253.135.82 - - [18/Jun/2022:08:56:20 +0800] "GET /xingrg/javascript/easyui/themes/default/validatebox.css HTTP/1.1" 404 1104
120.253.135.82 - - [18/Jun/2022:08:56:20 +0800] "POST /xingrg/kc/pszx/mdps_order_operate.html HTTP/1.1" 200 2278
114.95.43.0 - - [18/Jun/2022:08:56:22 +0800] "GET /xingrg/all/function/internal_message.html?_=1655513779262&CODE_STATE=getMsg HTTP/1.1" 200 27
218.81.223.53 - - [18/Jun/2022:08:56:22 +0800] "POST /xingrg/kc/buy/cgsh_order_operate.html HTTP/1.1" 200 5003
120.253.135.82 - - [18/Jun/2022:08:56:23 +0800] "GET /xingrg/kc/print/load_data.html?order_code=312022061800313&kc_code=mdps&condition= HTTP/1.1" 200 684
218.81.223.53 - - [18/Jun/2022:08:56:25 +0800] "GET /xingrg/kc/print/load_data.html?order_code=212022061801966&kc_code=cgsh&condition= HTTP/1.1" 200 1573
180.156.212.250 - - [18/Jun/2022:08:56:31 +0800] "GET /xingrg/all/function/internal_message.html?_=1655513816557&CODE_STATE=getMsg HTTP/1.1" 200 27
58.35.194.53 - - [18/Jun/2022:08:56:31 +0800] "GET /xingrg/all/function/internal_message.html?_=1655513787611&CODE_STATE=getMsg HTTP/1.1" 200 27
58.221.95.50 - - [18/Jun/2022:08:56:34 +0800] "GET /xingrg/all/function/internal_message.html?_=1655513791420&CODE_STATE=getMsg HTTP/1.1" 200 27
101.83.223.227 - - [18/Jun/2022:08:56:40 +0800] "POST /xingrg/services/DataTransmitService HTTP/1.1" 200 524
218.81.223.53 - - [18/Jun/2022:08:56:43 +0800] "GET /xingrg/all/function/internal_message.html?_=1655513812961&CODE_STATE=getMsg HTTP/1.1" 200 27
114.95.43.0 - - [18/Jun/2022:08:56:47 +0800] "GET /xingrg/all/function/internal_message.html?_=1655513713530&CODE_STATE=getMsg HTTP/1.1" 200 27
218.81.223.53 - - [18/Jun/2022:08:56:51 +0800] "GET /xingrg/all/function/internal_message.html?_=1655513818278&CODE_STATE=getMsg HTTP/1.1" 302 -
218.81.223.53 - - [18/Jun/2022:08:57:07 +0800] "GET /xingrg/kc/buy/cgsh_order_add.html HTTP/1.1" 200 67706
218.81.223.53 - - [18/Jun/2022:08:57:07 +0800] "POST /xingrg/kc/buy/cgsh_order_operate.html HTTP/1.1" 200 8245
218.81.223.53 - - [18/Jun/2022:08:57:07 +0800] "GET /xingrg/javascript/easyui/themes/default/validatebox.css HTTP/1.1" 404 1104
222.69.144.95 - - [18/Jun/2022:08:57:08 +0800] "GET /xingrg/all/function/internal_message.html?_=1655513856420&CODE_STATE=getMsg HTTP/1.1" 200 27
116.230.110.173 - - [18/Jun/2022:08:57:20 +0800] "GET /xingrg/all/function/internal_message.html?_=1655513833521&CODE_STATE=getMsg HTTP/1.1" 200 27
114.95.43.0 - - [18/Jun/2022:08:57:22 +0800] "GET /xingrg/all/function/internal_message.html?_=1655513839241&CODE_STATE=getMsg HTTP/1.1" 200 27
114.95.43.0 - - [18/Jun/2022:08:57:24 +0800] "GET /xingrg/check_reg.html?_=1655513841821 HTTP/1.1" 200 22
180.156.212.250 - - [18/Jun/2022:08:57:31 +0800] "GET /xingrg/all/function/internal_message.html?_=1655513876556&CODE_STATE=getMsg HTTP/1.1" 200 27
58.35.194.53 - - [18/Jun/2022:08:57:31 +0800] "GET /xingrg/all/function/internal_message.html?_=1655513847597&CODE_STATE=getMsg HTTP/1.1" 200 27
58.221.95.50 - - [18/Jun/2022:08:57:34 +0800] "GET /xingrg/all/function/internal_message.html?_=1655513851391&CODE_STATE=getMsg HTTP/1.1" 200 27
218.81.223.53 - - [18/Jun/2022:08:57:43 +0800] "GET /xingrg/all/function/internal_message.html?_=1655513872971&CODE_STATE=getMsg HTTP/1.1" 200 27
180.156.212.250 - - [18/Jun/2022:08:57:43 +0800] "GET /xingrg/kc/mdqp/pssh_order_list.html HTTP/1.1" 200 17823
180.156.212.250 - - [18/Jun/2022:08:57:43 +0800] "POST /xingrg/kc/mdqp/pssh_list_operate.html HTTP/1.1" 200 5380
180.156.212.250 - - [18/Jun/2022:08:57:45 +0800] "POST /xingrg/kc/mdqp/pssh_list_operate.html HTTP/1.1" 200 261
180.156.212.250 - - [18/Jun/2022:08:57:46 +0800] "POST /xingrg/kc/mdqp/pssh_list_operate.html HTTP/1.1" 200 261
114.95.43.0 - - [18/Jun/2022:08:57:47 +0800] "GET /xingrg/all/function/internal_message.html?_=1655513773501&CODE_STATE=getMsg HTTP/1.1" 200 27
114.95.43.0 - - [18/Jun/2022:08:57:47 +0800] "GET /xingrg/check_reg.html?_=1655513774347 HTTP/1.1" 200 22
180.156.212.250 - - [18/Jun/2022:08:57:50 +0800] "GET /xingrg/kc/mdqp/pssh_order_info.html?code=312022061700281 HTTP/1.1" 200 17250
180.156.212.250 - - [18/Jun/2022:08:57:50 +0800] "GET /xingrg/javascript/jquery_tools/jquery-1.4.2.min.js HTTP/1.1" 404 1094
218.81.223.53 - - [18/Jun/2022:08:57:50 +0800] "GET /xingrg/check_reg.html?_=1655513878043 HTTP/1.1" 302 -
180.156.212.250 - - [18/Jun/2022:08:57:50 +0800] "GET /xingrg/words/20220617171407_words.js HTTP/1.1" 200 901586
180.156.212.250 - - [18/Jun/2022:08:57:50 +0800] "GET /xingrg/javascript/easyui/themes/icons/back_new.png HTTP/1.1" 304 -
218.81.223.53 - - [18/Jun/2022:08:57:51 +0800] "GET /xingrg/all/function/internal_message.html?_=1655513878292&CODE_STATE=getMsg HTTP/1.1" 302 -
180.156.212.250 - - [18/Jun/2022:08:57:51 +0800] "POST /xingrg/kc/mdqp/pssh_order_operate.html HTTP/1.1" 200 530
180.156.212.250 - - [18/Jun/2022:08:57:51 +0800] "GET /xingrg/all/common/auto_word.html?type=base&rest_code=00102&rest_code=00102 HTTP/1.1" 200 1807
180.156.212.250 - - [18/Jun/2022:08:57:51 +0800] "GET /xingrg/all/common/auto_word.html?type=employee&rest_code=00102 HTTP/1.1" 200 189
180.156.212.250 - - [18/Jun/2022:08:57:51 +0800] "GET /xingrg/javascript/easyui/themes/default/validatebox.css HTTP/1.1" 404 1104
58.221.95.50 - - [18/Jun/2022:08:57:54 +0800] "GET /xingrg/check_reg.html?_=1655513871549 HTTP/1.1" 200 22
180.156.212.250 - - [18/Jun/2022:08:57:55 +0800] "GET /xingrg/kc/mdqp/pssh_order_info.html?code=312022061500240 HTTP/1.1" 200 17266
180.156.212.250 - - [18/Jun/2022:08:57:55 +0800] "GET /xingrg/javascript/jquery_tools/jquery-1.4.2.min.js HTTP/1.1" 404 1094
180.156.212.250 - - [18/Jun/2022:08:57:56 +0800] "POST /xingrg/kc/mdqp/pssh_order_operate.html HTTP/1.1" 200 530
180.156.212.250 - - [18/Jun/2022:08:57:56 +0800] "GET /xingrg/javascript/easyui/themes/default/validatebox.css HTTP/1.1" 404 1104
180.156.212.250 - - [18/Jun/2022:08:57:57 +0800] "POST /xingrg/kc/mdqp/pssh_list_operate.html HTTP/1.1" 200 1583
180.156.212.250 - - [18/Jun/2022:08:57:59 +0800] "GET /xingrg/kc/mdqp/pssh_order_list.html HTTP/1.1" 200 17823
180.156.212.250 - - [18/Jun/2022:08:57:59 +0800] "POST /xingrg/kc/mdqp/pssh_list_operate.html HTTP/1.1" 200 5380
222.69.144.95 - - [18/Jun/2022:08:58:04 +0800] "GET /xingrg/kc/buy/cgsh_order_operate.html?command=get_materiel&rest_code=00154&code=00102006403&supplier_code=00100151&order_time=2022-06-18 HTTP/1.1" 200 420
222.69.144.95 - - [18/Jun/2022:08:58:08 +0800] "GET /xingrg/all/function/internal_message.html?_=1655513916432&CODE_STATE=getMsg HTTP/1.1" 200 27
222.69.144.95 - - [18/Jun/2022:08:58:08 +0800] "GET /xingrg/check_reg.html?_=1655513916437 HTTP/1.1" 200 22
116.230.110.173 - - [18/Jun/2022:08:58:20 +0800] "GET /xingrg/all/function/internal_message.html?_=1655513893500&CODE_STATE=getMsg HTTP/1.1" 200 27
114.95.43.0 - - [18/Jun/2022:08:58:22 +0800] "GET /xingrg/all/function/internal_message.html?_=1655513899215&CODE_STATE=getMsg HTTP/1.1" 200 27
180.156.212.250 - - [18/Jun/2022:08:58:31 +0800] "GET /xingrg/check_reg.html?_=1655513936545 HTTP/1.1" 200 22
180.156.212.250 - - [18/Jun/2022:08:58:31 +0800] "GET /xingrg/all/function/internal_message.html?_=1655513936549&CODE_STATE=getMsg HTTP/1.1" 200 27
58.35.194.53 - - [18/Jun/2022:08:58:31 +0800] "GET /xingrg/all/function/internal_message.html?_=1655513907582&CODE_STATE=getMsg HTTP/1.1" 200 27
58.221.95.50 - - [18/Jun/2022:08:58:34 +0800] "GET /xingrg/all/function/internal_message.html?_=1655513911363&CODE_STATE=getMsg HTTP/1.1" 200 27
218.81.223.53 - - [18/Jun/2022:08:58:42 +0800] "GET /xingrg/check_reg.html?_=1655513932644 HTTP/1.1" 200 22
218.81.223.53 - - [18/Jun/2022:08:58:43 +0800] "GET /xingrg/all/function/internal_message.html?_=1655513932984&CODE_STATE=getMsg HTTP/1.1" 200 27
114.95.43.0 - - [18/Jun/2022:08:58:47 +0800] "GET /xingrg/all/function/internal_message.html?_=1655513833474&CODE_STATE=getMsg HTTP/1.1" 200 27
120.253.135.82 - - [18/Jun/2022:08:58:47 +0800] "GET /xingrg/check_reg.html?_=1655513733871 HTTP/1.1" 200 22
218.81.223.53 - - [18/Jun/2022:08:58:51 +0800] "GET /xingrg/all/function/internal_message.html?_=1655513938309&CODE_STATE=getMsg HTTP/1.1" 302 -
222.69.144.95 - - [18/Jun/2022:08:59:08 +0800] "GET /xingrg/all/function/internal_message.html?_=1655513976423&CODE_STATE=getMsg HTTP/1.1" 200 27
222.69.144.95 - - [18/Jun/2022:08:59:09 +0800] "GET /xingrg/kc/buy/cgsh_order_operate.html?command=get_materiel&rest_code=00154&code=00102003596&supplier_code=00100151&order_time=2022-06-18 HTTP/1.1" 200 423
180.156.212.250 - - [18/Jun/2022:08:59:17 +0800] "POST /xingrg/kc/mdqp/pssh_list_operate.html HTTP/1.1" 200 261
180.156.212.250 - - [18/Jun/2022:08:59:20 +0800] "POST /xingrg/kc/mdqp/pssh_list_operate.html HTTP/1.1" 200 261
116.230.110.173 - - [18/Jun/2022:08:59:20 +0800] "GET /xingrg/all/function/internal_message.html?_=1655513953505&CODE_STATE=getMsg HTTP/1.1" 200 27
116.230.110.173 - - [18/Jun/2022:08:59:20 +0800] "GET /xingrg/check_reg.html?_=1655513953507 HTTP/1.1" 200 22
114.95.43.0 - - [18/Jun/2022:08:59:22 +0800] "GET /xingrg/all/function/internal_message.html?_=1655513959213&CODE_STATE=getMsg HTTP/1.1" 200 27
58.35.194.53 - - [18/Jun/2022:08:59:31 +0800] "GET /xingrg/all/function/internal_message.html?_=1655513967567&CODE_STATE=getMsg HTTP/1.1" 200 27
58.221.95.50 - - [18/Jun/2022:08:59:34 +0800] "GET /xingrg/all/function/internal_message.html?_=1655513971349&CODE_STATE=getMsg HTTP/1.1" 200 27
218.81.223.53 - - [18/Jun/2022:08:59:43 +0800] "GET /xingrg/all/function/internal_message.html?_=1655513992998&CODE_STATE=getMsg HTTP/1.1" 200 27
222.69.144.95 - - [18/Jun/2022:08:59:43 +0800] "POST /xingrg/kc/buy/cgsh_order_operate.html HTTP/1.1" 200 37
114.95.43.0 - - [18/Jun/2022:08:59:47 +0800] "GET /xingrg/all/function/internal_message.html?_=1655513893444&CODE_STATE=getMsg HTTP/1.1" 200 27
218.81.223.53 - - [18/Jun/2022:08:59:51 +0800] "GET /xingrg/all/function/internal_message.html?_=1655513998319&CODE_STATE=getMsg HTTP/1.1" 302 -
114.86.224.81 - - [18/Jun/2022:09:00:00 +0800] "POST /xingrg/services/DataTransmitService HTTP/1.1" 200 524
114.86.224.81 - - [18/Jun/2022:09:00:00 +0800] "POST /xingrg/services/DataTransmitService HTTP/1.1" 200 501
222.69.144.95 - - [18/Jun/2022:09:00:02 +0800] "POST /xingrg/kc/buy/cgsh_order_operate.html HTTP/1.1" 200 5099
222.69.144.95 - - [18/Jun/2022:09:00:08 +0800] "GET /xingrg/all/function/internal_message.html?_=1655514036441&CODE_STATE=getMsg HTTP/1.1" 200 27
222.69.144.95 - - [18/Jun/2022:09:00:12 +0800] "GET /xingrg/kc/buy/cgsh_order_add.html HTTP/1.1" 200 66907
222.69.144.95 - - [18/Jun/2022:09:00:12 +0800] "POST /xingrg/kc/buy/cgsh_order_operate.html HTTP/1.1" 200 8245
222.69.144.95 - - [18/Jun/2022:09:00:12 +0800] "GET /xingrg/javascript/easyui/themes/default/validatebox.css HTTP/1.1" 404 1104
114.84.82.172 - - [18/Jun/2022:09:00:18 +0800] "POST /xingrg/services/DataTransmitService HTTP/1.1" 200 524
116.230.110.173 - - [18/Jun/2022:09:00:20 +0800] "GET /xingrg/all/function/internal_message.html?_=1655514013507&CODE_STATE=getMsg HTTP/1.1" 200 27
114.95.43.0 - - [18/Jun/2022:09:00:22 +0800] "GET /xingrg/all/function/internal_message.html?_=1655514019187&CODE_STATE=getMsg HTTP/1.1" 200 27
58.35.194.53 - - [18/Jun/2022:09:00:31 +0800] "GET /xingrg/all/function/internal_message.html?_=1655514027552&CODE_STATE=getMsg HTTP/1.1" 200 27
58.221.95.50 - - [18/Jun/2022:09:00:34 +0800] "GET /xingrg/all/function/internal_message.html?_=1655514031345&CODE_STATE=getMsg HTTP/1.1" 200 27
222.69.144.95 - - [18/Jun/2022:09:00:35 +0800] "GET /xingrg/kc/buy/cgsh_order_operate.html?command=get_materiel&rest_code=00154&code=00101006193&supplier_code=00100466&order_time=2022-06-18 HTTP/1.1" 200 411
218.81.223.53 - - [18/Jun/2022:09:00:43 +0800] "GET /xingrg/all/function/internal_message.html?_=1655514053012&CODE_STATE=getMsg HTTP/1.1" 200 27
114.84.82.172 - - [18/Jun/2022:09:00:44 +0800] "GET /xingrg/check_reg.html?_=1655514041891 HTTP/1.1" 200 22
114.95.43.0 - - [18/Jun/2022:09:00:47 +0800] "GET /xingrg/all/function/internal_message.html?_=1655513953430&CODE_STATE=getMsg HTTP/1.1" 200 27
58.35.194.53 - - [18/Jun/2022:09:00:50 +0800] "GET /xingrg/check_reg.html?_=1655514045835 HTTP/1.1" 200 22
218.81.223.53 - - [18/Jun/2022:09:00:51 +0800] "GET /xingrg/all/function/internal_message.html?_=1655514058336&CODE_STATE=getMsg HTTP/1.1" 302 -
222.69.144.95 - - [18/Jun/2022:09:01:08 +0800] "GET /xingrg/all/function/internal_message.html?_=1655514096443&CODE_STATE=getMsg HTTP/1.1" 200 27
222.69.144.95 - - [18/Jun/2022:09:01:11 +0800] "GET /xingrg/kc/buy/cgsh_order_operate.html?command=get_materiel&rest_code=00154&code=00101008155&supplier_code=00100466&order_time=2022-06-18 HTTP/1.1" 200 408
116.230.110.173 - - [18/Jun/2022:09:01:20 +0800] "GET /xingrg/all/function/internal_message.html?_=1655514073501&CODE_STATE=getMsg HTTP/1.1" 200 27
114.95.43.0 - - [18/Jun/2022:09:01:22 +0800] "GET /xingrg/all/function/internal_message.html?_=1655514079156&CODE_STATE=getMsg HTTP/1.1" 200 27
58.35.194.53 - - [18/Jun/2022:09:01:31 +0800] "GET /xingrg/all/function/internal_message.html?_=1655514087523&CODE_STATE=getMsg HTTP/1.1" 200 27
222.69.144.95 - - [18/Jun/2022:09:01:32 +0800] "GET /xingrg/kc/buy/cgsh_order_operate.html?command=get_materiel&rest_code=00154&code=00101007048&supplier_code=00100466&order_time=2022-06-18 HTTP/1.1" 200 410
58.221.95.50 - - [18/Jun/2022:09:01:34 +0800] "GET /xingrg/all/function/internal_message.html?_=1655514091318&CODE_STATE=getMsg HTTP/1.1" 200 27
218.81.223.53 - - [18/Jun/2022:09:01:43 +0800] "GET /xingrg/all/function/internal_message.html?_=1655514113103&CODE_STATE=getMsg HTTP/1.1" 200 27
114.95.43.0 - - [18/Jun/2022:09:01:47 +0800] "GET /xingrg/all/function/internal_message.html?_=1655514013415&CODE_STATE=getMsg HTTP/1.1" 200 27
218.81.223.53 - - [18/Jun/2022:09:01:51 +0800] "GET /xingrg/all/function/internal_message.html?_=1655514118346&CODE_STATE=getMsg HTTP/1.1" 302 -
222.69.144.95 - - [18/Jun/2022:09:01:59 +0800] "GET /xingrg/kc/buy/cgsh_order_operate.html?command=get_materiel&rest_code=00154&code=00101010237&supplier_code=00100466&order_time=2022-06-18 HTTP/1.1" 200 430
222.69.144.95 - - [18/Jun/2022:09:02:04 +0800] "POST /xingrg/all/common/load_select.html HTTP/1.1" 200 12
222.69.144.95 - - [18/Jun/2022:09:02:08 +0800] "GET /xingrg/all/function/internal_message.html?_=1655514156436&CODE_STATE=getMsg HTTP/1.1" 200 27
222.69.144.95 - - [18/Jun/2022:09:02:08 +0800] "GET /xingrg/kc/buy/cgsh_order_operate.html?command=get_materiel_price&rest_code=00154&code=00101010237&unit_code=00100004&supplier_code=00100466&order_time=2022-06-18 HTTP/1.1" 200 29
116.230.110.173 - - [18/Jun/2022:09:02:20 +0800] "GET /xingrg/all/function/internal_message.html?_=1655514133526&CODE_STATE=getMsg HTTP/1.1" 200 27
114.95.43.0 - - [18/Jun/2022:09:02:22 +0800] "GET /xingrg/all/function/internal_message.html?_=1655514139154&CODE_STATE=getMsg HTTP/1.1" 200 27
114.95.43.0 - - [18/Jun/2022:09:02:24 +0800] "GET /xingrg/check_reg.html?_=1655514141823 HTTP/1.1" 200 22
58.35.194.53 - - [18/Jun/2022:09:02:31 +0800] "GET /xingrg/all/function/internal_message.html?_=1655514147508&CODE_STATE=getMsg HTTP/1.1" 200 27
58.221.95.50 - - [18/Jun/2022:09:02:34 +0800] "GET /xingrg/all/function/internal_message.html?_=1655514151304&CODE_STATE=getMsg HTTP/1.1" 200 27
114.95.43.0 - - [18/Jun/2022:09:02:35 +0800] "GET /xingrg/kc/buy/cgsh_order_operate.html?command=get_materiel&rest_code=00105&code=00101009150&supplier_code=&order_time=2022-06-18 HTTP/1.1" 200 414
218.81.223.53 - - [18/Jun/2022:09:02:43 +0800] "GET /xingrg/all/function/internal_message.html?_=1655514173186&CODE_STATE=getMsg HTTP/1.1" 200 27
114.95.43.0 - - [18/Jun/2022:09:02:46 +0800] "GET /xingrg/all/function/internal_message.html?_=1655514073385&CODE_STATE=getMsg HTTP/1.1" 200 27
114.95.43.0 - - [18/Jun/2022:09:02:47 +0800] "GET /xingrg/check_reg.html?_=1655514074355 HTTP/1.1" 200 22
218.81.223.53 - - [18/Jun/2022:09:02:50 +0800] "GET /xingrg/check_reg.html?_=1655514178048 HTTP/1.1" 302 -
218.81.223.53 - - [18/Jun/2022:09:02:51 +0800] "GET /xingrg/all/function/internal_message.html?_=1655514178360&CODE_STATE=getMsg HTTP/1.1" 302 -
58.221.95.50 - - [18/Jun/2022:09:02:54 +0800] "GET /xingrg/check_reg.html?_=1655514171556 HTTP/1.1" 200 22
222.69.144.95 - - [18/Jun/2022:09:03:08 +0800] "GET /xingrg/all/function/internal_message.html?_=1655514216429&CODE_STATE=getMsg HTTP/1.1" 200 27
222.69.144.95 - - [18/Jun/2022:09:03:08 +0800] "GET /xingrg/check_reg.html?_=1655514216433 HTTP/1.1" 200 22
116.230.110.173 - - [18/Jun/2022:09:03:20 +0800] "GET /xingrg/all/function/internal_message.html?_=1655514193500&CODE_STATE=getMsg HTTP/1.1" 200 27
114.95.43.0 - - [18/Jun/2022:09:03:22 +0800] "GET /xingrg/all/function/internal_message.html?_=1655514199117&CODE_STATE=getMsg HTTP/1.1" 200 27
