116.228.172.94 - - [17/Jun/2022:12:06:26 +0800] "GET /xingrg/all/function/internal_message.html?_=1655438646701&CODE_STATE=getMsg HTTP/1.1" 200 27
58.35.194.53 - - [17/Jun/2022:12:06:33 +0800] "GET /xingrg/kc/base/yddb_order_info.html?code=482022061700155 HTTP/1.1" 200 29628
58.35.194.53 - - [17/Jun/2022:12:06:33 +0800] "GET /xingrg/dwr/interface/AjaxComOrderService.js HTTP/1.1" 200 18264
58.35.194.53 - - [17/Jun/2022:12:06:33 +0800] "GET /xingrg/dwr/interface/AjaxYddbService.js HTTP/1.1" 200 13201
58.35.194.53 - - [17/Jun/2022:12:06:33 +0800] "GET /xingrg/dwr/engine.js HTTP/1.1" 200 43631
58.35.194.53 - - [17/Jun/2022:12:06:33 +0800] "POST /xingrg/dwr/call/plaincall/AjaxYddbService.loadMaterielItems.dwr HTTP/1.1" 200 393
101.83.223.227 - - [17/Jun/2022:12:06:35 +0800] "GET /xingrg/all/function/internal_message.html?_=1655438792265&CODE_STATE=getMsg HTTP/1.1" 200 27
180.156.212.250 - - [17/Jun/2022:12:06:37 +0800] "GET /xingrg/check_reg.html?_=1655438865084 HTTP/1.1" 200 22
180.169.147.146 - - [17/Jun/2022:12:06:41 +0800] "GET /xingrg/kc/buy/cgsh_order_operate.html?command=get_materiel&rest_code=00147&code=00101007061&supplier_code=00100004&order_time=2022-06-17 HTTP/1.1" 200 424
101.83.240.230 - - [17/Jun/2022:12:06:51 +0800] "GET /xingrg/all/function/internal_message.html?_=1655438806236&CODE_STATE=getMsg HTTP/1.1" 200 27
58.221.95.50 - - [17/Jun/2022:12:06:55 +0800] "GET /xingrg/all/function/internal_message.html?_=1655438813299&CODE_STATE=getMsg HTTP/1.1" 200 27
180.169.147.146 - - [17/Jun/2022:12:07:02 +0800] "GET /xingrg/all/function/internal_message.html?_=1655438819839&CODE_STATE=getMsg HTTP/1.1" 200 27
101.85.120.86 - - [17/Jun/2022:12:07:04 +0800] "GET /xingrg/all/function/internal_message.html?_=1655438816046&CODE_STATE=getMsg HTTP/1.1" 200 27
58.35.194.53 - - [17/Jun/2022:12:07:06 +0800] "GET /xingrg/kc/base/yddb_order_list.html?isBack=1 HTTP/1.1" 200 16754
58.35.194.53 - - [17/Jun/2022:12:07:06 +0800] "POST /xingrg/kc/base/yddb_list_operate.html HTTP/1.1" 200 1342
58.35.194.53 - - [17/Jun/2022:12:07:10 +0800] "GET /xingrg/all/function/internal_message.html?_=1655438826584&CODE_STATE=getMsg HTTP/1.1" 200 27
180.156.212.250 - - [17/Jun/2022:12:07:12 +0800] "GET /xingrg/all/function/internal_message.html?_=1655438854498&CODE_STATE=getMsg HTTP/1.1" 200 27
114.95.43.0 - - [17/Jun/2022:12:07:12 +0800] "GET /xingrg/all/function/internal_message.html?_=1655438740288&CODE_STATE=getMsg HTTP/1.1" 200 27
116.233.75.50 - - [17/Jun/2022:12:07:14 +0800] "GET /xingrg/all/function/internal_message.html?_=1655438834559&CODE_STATE=getMsg HTTP/1.1" 200 27
218.81.223.53 - - [17/Jun/2022:12:07:16 +0800] "GET /xingrg/all/function/internal_message.html?_=1655438842714&CODE_STATE=getMsg HTTP/1.1" 200 27
114.84.147.169 - - [17/Jun/2022:12:07:17 +0800] "GET /xingrg/check_reg.html?_=1655438552047 HTTP/1.1" 302 -
101.85.120.86 - - [17/Jun/2022:12:07:17 +0800] "POST /xingrg/kc/base/yddb_list_operate.html HTTP/1.1" 200 4375
116.230.110.173 - - [17/Jun/2022:12:07:18 +0800] "GET /xingrg/all/function/internal_message.html?_=1655438833500&CODE_STATE=getMsg HTTP/1.1" 200 27
101.85.120.86 - - [17/Jun/2022:12:07:20 +0800] "GET /xingrg/javascript/jquery_easy_ui/themes/default/images/tabs_active.png HTTP/1.1" 304 -
180.156.212.250 - - [17/Jun/2022:12:07:21 +0800] "GET /xingrg/all/function/internal_message.html?_=1655438908295&CODE_STATE=getMsg HTTP/1.1" 200 27
101.85.120.86 - - [17/Jun/2022:12:07:22 +0800] "GET /xingrg/kc/buy/cgsh_order_list.html HTTP/1.1" 200 51968
101.85.120.86 - - [17/Jun/2022:12:07:22 +0800] "GET /xingrg/javascript/easyui/themes/icons/check_new.png HTTP/1.1" 304 -
101.85.120.86 - - [17/Jun/2022:12:07:22 +0800] "GET /xingrg/javascript/easyui/themes/icons/cance_new.png HTTP/1.1" 304 -
114.95.43.0 - - [17/Jun/2022:12:07:24 +0800] "GET /xingrg/all/function/internal_message.html?_=1655438844046&CODE_STATE=getMsg HTTP/1.1" 200 27
101.85.120.86 - - [17/Jun/2022:12:07:24 +0800] "POST /xingrg/kc/buy/cgsh_list_operate.html HTTP/1.1" 200 4443
124.78.156.126 - - [17/Jun/2022:12:07:25 +0800] "GET /xingrg/all/function/internal_message.html?_=1655438844875&CODE_STATE=getMsg HTTP/1.1" 200 27
116.228.172.94 - - [17/Jun/2022:12:07:26 +0800] "GET /xingrg/check_reg.html?_=1655438706693 HTTP/1.1" 200 22
116.228.172.94 - - [17/Jun/2022:12:07:26 +0800] "GET /xingrg/all/function/internal_message.html?_=1655438706697&CODE_STATE=getMsg HTTP/1.1" 200 27
101.85.120.86 - - [17/Jun/2022:12:07:30 +0800] "GET /xingrg/javascript/easyui/themes/default/images/button_plain_hover.png HTTP/1.1" 304 -
101.85.120.86 - - [17/Jun/2022:12:07:31 +0800] "GET /xingrg/javascript/pic_change.js HTTP/1.1" 304 -
101.85.120.86 - - [17/Jun/2022:12:07:31 +0800] "GET /xingrg/kc/buy/cgsh_order_add.html HTTP/1.1" 200 66863
101.85.120.86 - - [17/Jun/2022:12:07:31 +0800] "GET /xingrg/javascript/jquery_tools/order_manager.js HTTP/1.1" 304 -
101.85.120.86 - - [17/Jun/2022:12:07:31 +0800] "GET /xingrg/javascript/json2.js HTTP/1.1" 304 -
101.85.120.86 - - [17/Jun/2022:12:07:31 +0800] "GET /xingrg/javascript/convert.js HTTP/1.1" 304 -
101.85.120.86 - - [17/Jun/2022:12:07:31 +0800] "GET /xingrg/javascript/print/kc_print.js HTTP/1.1" 304 -
101.85.120.86 - - [17/Jun/2022:12:07:31 +0800] "GET /xingrg/words/20220617103145_words.js HTTP/1.1" 200 901415
101.85.120.86 - - [17/Jun/2022:12:07:31 +0800] "GET /xingrg/javascript/easyui/themes/icons/copy_new.png HTTP/1.1" 304 -
101.85.120.86 - - [17/Jun/2022:12:07:31 +0800] "GET /xingrg/javascript/easyui/themes/icons/template_new.png HTTP/1.1" 304 -
101.85.120.86 - - [17/Jun/2022:12:07:31 +0800] "GET /xingrg/javascript/easyui/themes/icons/ok.png HTTP/1.1" 304 -
101.85.120.86 - - [17/Jun/2022:12:07:31 +0800] "GET /xingrg/javascript/easyui/themes/icons/print.png HTTP/1.1" 304 -
101.85.120.86 - - [17/Jun/2022:12:07:31 +0800] "GET /xingrg/javascript/easyui/themes/default/images/menu_downarrow.png HTTP/1.1" 304 -
101.85.120.86 - - [17/Jun/2022:12:07:31 +0800] "GET /xingrg/javascript/easyui/themes/icons/cancel.png HTTP/1.1" 304 -
101.85.120.86 - - [17/Jun/2022:12:07:32 +0800] "POST /xingrg/kc/buy/cgsh_order_operate.html HTTP/1.1" 200 8245
101.85.120.86 - - [17/Jun/2022:12:07:32 +0800] "GET /xingrg/javascript/easyui/themes/default/validatebox.css HTTP/1.1" 404 1104
101.85.120.86 - - [17/Jun/2022:12:07:32 +0800] "GET /xingrg/javascript/easyui/plugins/jquery.validatebox.js HTTP/1.1" 304 -
101.85.120.86 - - [17/Jun/2022:12:07:32 +0800] "GET /xingrg/all/common/auto_word.html?type=employee&rest_code=00142 HTTP/1.1" 200 105
101.85.120.86 - - [17/Jun/2022:12:07:32 +0800] "GET /xingrg/all/common/auto_word.html?type=employee&rest_code=00142 HTTP/1.1" 200 105
101.85.120.86 - - [17/Jun/2022:12:07:32 +0800] "GET /xingrg/javascript/easyui/themes/icons/edit_remove.png HTTP/1.1" 304 -
101.85.120.86 - - [17/Jun/2022:12:07:32 +0800] "GET /xingrg/javascript/easyui/plugins/jquery.numberbox.js HTTP/1.1" 304 -
101.85.120.86 - - [17/Jun/2022:12:07:33 +0800] "GET /xingrg/javascript/auto/indicator.gif HTTP/1.1" 404 1066
101.83.223.227 - - [17/Jun/2022:12:07:35 +0800] "GET /xingrg/all/function/internal_message.html?_=1655438852264&CODE_STATE=getMsg HTTP/1.1" 200 27
114.95.43.0 - - [17/Jun/2022:12:07:45 +0800] "GET /xingrg/check_reg.html?_=1655438773348 HTTP/1.1" 200 22
101.83.240.230 - - [17/Jun/2022:12:07:51 +0800] "GET /xingrg/all/function/internal_message.html?_=1655438866219&CODE_STATE=getMsg HTTP/1.1" 200 27
58.221.95.50 - - [17/Jun/2022:12:07:55 +0800] "GET /xingrg/all/function/internal_message.html?_=1655438873284&CODE_STATE=getMsg HTTP/1.1" 200 27
58.221.95.50 - - [17/Jun/2022:12:07:57 +0800] "GET /xingrg/check_reg.html?_=1655438874458 HTTP/1.1" 200 22
180.169.147.146 - - [17/Jun/2022:12:08:02 +0800] "GET /xingrg/all/function/internal_message.html?_=1655438879837&CODE_STATE=getMsg HTTP/1.1" 200 27
58.35.194.53 - - [17/Jun/2022:12:08:02 +0800] "POST /xingrg/kc/base/yddb_list_operate.html HTTP/1.1" 200 -
58.35.194.53 - - [17/Jun/2022:12:08:03 +0800] "GET /xingrg/kc/base/yddb_order_info.html?code=482022061700154 HTTP/1.1" 200 31448
58.35.194.53 - - [17/Jun/2022:12:08:03 +0800] "GET /xingrg/dwr/interface/AjaxComOrderService.js HTTP/1.1" 200 18264
58.35.194.53 - - [17/Jun/2022:12:08:03 +0800] "GET /xingrg/dwr/interface/AjaxYddbService.js HTTP/1.1" 200 13201
58.35.194.53 - - [17/Jun/2022:12:08:03 +0800] "GET /xingrg/dwr/engine.js HTTP/1.1" 200 43631
58.35.194.53 - - [17/Jun/2022:12:08:03 +0800] "POST /xingrg/dwr/call/plaincall/AjaxYddbService.loadMaterielItems.dwr HTTP/1.1" 200 76
101.85.120.86 - - [17/Jun/2022:12:08:04 +0800] "GET /xingrg/all/function/internal_message.html?_=1655438876046&CODE_STATE=getMsg HTTP/1.1" 200 27
58.35.194.53 - - [17/Jun/2022:12:08:07 +0800] "GET /xingrg/kc/base/yddb_order_report.html?fileType=printReport.do&code=482022061700154&reportName=ck_order_report&subName=yddb HTTP/1.1" 302 -
58.35.194.53 - - [17/Jun/2022:12:08:07 +0800] "GET /xingrg/printReport.do?sysBaseUrl=http%3A%2F%2F180.169.147.146%3A18081%2Fxingrg%2F&costTime=84×tamp=1655438887927 HTTP/1.1" 200 1138
58.35.194.53 - - [17/Jun/2022:12:08:07 +0800] "GET /favicon.ico HTTP/1.1" 404 -
58.35.194.53 - - [17/Jun/2022:12:08:09 +0800] "GET /xingrg/applets HTTP/1.1" 302 -
58.35.194.53 - - [17/Jun/2022:12:08:09 +0800] "GET /xingrg/applets/ HTTP/1.1" 404 992
218.81.223.53 - - [17/Jun/2022:12:08:10 +0800] "GET /xingrg/check_reg.html?_=1655438896791 HTTP/1.1" 200 22
58.35.194.53 - - [17/Jun/2022:12:08:10 +0800] "GET /xingrg/all/function/internal_message.html?_=1655438886563&CODE_STATE=getMsg HTTP/1.1" 200 27
101.83.240.230 - - [17/Jun/2022:12:08:11 +0800] "GET /xingrg HTTP/1.1" 302 -
101.83.240.230 - - [17/Jun/2022:12:08:11 +0800] "GET /xingrg/ HTTP/1.1" 200 292
101.83.240.230 - - [17/Jun/2022:12:08:11 +0800] "GET /xingrg/index.html HTTP/1.1" 302 -
101.83.240.230 - - [17/Jun/2022:12:08:11 +0800] "GET /xingrg/login.html HTTP/1.1" 200 2139
101.83.240.230 - - [17/Jun/2022:12:08:11 +0800] "GET /xingrg/javascript/mobile/jquery.mobile-1.3.2.min.css HTTP/1.1" 200 94670
101.83.240.230 - - [17/Jun/2022:12:08:11 +0800] "GET /xingrg/javascript/mobile/jquery-1.8.3.min.js HTTP/1.1" 200 93637
101.83.240.230 - - [17/Jun/2022:12:08:11 +0800] "GET /xingrg/javascript/mobile/jquery.mobile-1.3.2.min.js HTTP/1.1" 200 145396
101.83.240.230 - - [17/Jun/2022:12:08:11 +0800] "GET /xingrg/javascript/mobile/images/ajax-loader.gif HTTP/1.1" 200 7825
101.83.240.230 - - [17/Jun/2022:12:08:11 +0800] "GET /favicon.ico HTTP/1.1" 404 -
58.35.194.53 - - [17/Jun/2022:12:08:12 +0800] "GET /xingrg/kc/base/yddb_order_report.html?fileType=printView.do&code=482022061700154&reportName=ck_order_report&subName=yddb HTTP/1.1" 302 -
58.35.194.53 - - [17/Jun/2022:12:08:12 +0800] "GET /xingrg/printView.do?sysBaseUrl=http%3A%2F%2F180.169.147.146%3A18081%2Fxingrg%2F&costTime=59×tamp=1655438892062 HTTP/1.1" 200 1153
58.35.194.53 - - [17/Jun/2022:12:08:12 +0800] "GET /favicon.ico HTTP/1.1" 404 -
180.156.212.250 - - [17/Jun/2022:12:08:12 +0800] "GET /xingrg/all/function/internal_message.html?_=1655438914480&CODE_STATE=getMsg HTTP/1.1" 200 27
114.95.43.0 - - [17/Jun/2022:12:08:12 +0800] "GET /xingrg/all/function/internal_message.html?_=1655438800262&CODE_STATE=getMsg HTTP/1.1" 200 27
101.83.223.227 - - [17/Jun/2022:12:08:13 +0800] "POST /xingrg/kc/buy/cgsh_order_operate.html HTTP/1.1" 200 37
101.83.240.230 - - [17/Jun/2022:12:08:13 +0800] "POST /xingrg/login.do HTTP/1.1" 302 -
101.83.240.230 - - [17/Jun/2022:12:08:13 +0800] "GET /xingrg/index_mobile.html?sysBaseUrl=http%3A%2F%2F180.169.147.146%3A18081%2Fxingrg%2F&costTime=44×tamp=1655438893652 HTTP/1.1" 200 3182
101.83.240.230 - - [17/Jun/2022:12:08:13 +0800] "GET /xingrg/javascript/mobile/mobile.css HTTP/1.1" 200 347
101.83.240.230 - - [17/Jun/2022:12:08:13 +0800] "GET /xingrg/javascript/convert.js HTTP/1.1" 200 1239
101.83.240.230 - - [17/Jun/2022:12:08:13 +0800] "GET /xingrg/javascript/mobile/mobiscroll/mobiscroll.custom-2.6.2.min.css HTTP/1.1" 200 38004
101.83.240.230 - - [17/Jun/2022:12:08:13 +0800] "GET /xingrg/javascript/mobile/mobiscroll/mobiscroll.custom-2.6.2.min.js HTTP/1.1" 200 43737
101.83.240.230 - - [17/Jun/2022:12:08:13 +0800] "GET /xingrg/javascript/mobile/images/album-k.jpg HTTP/1.1" 200 4120
101.83.240.230 - - [17/Jun/2022:12:08:14 +0800] "GET /xingrg/javascript/mobile/images/icons-36-white.png HTTP/1.1" 200 3861
101.85.120.86 - - [17/Jun/2022:12:08:14 +0800] "GET /xingrg/kc/buy/cgsh_order_operate.html?command=get_materiel&rest_code=00142&code=00101006201&supplier_code=00100190&order_time=2022-06-17 HTTP/1.1" 200 405
101.83.240.230 - - [17/Jun/2022:12:08:14 +0800] "GET /xingrg/dma/mobile/column_pie.html?type=yyfx&title=%D3%AA%D2%B5%B7%D6%CE%F6 HTTP/1.1" 200 10245
116.233.75.50 - - [17/Jun/2022:12:08:14 +0800] "GET /xingrg/all/function/internal_message.html?_=1655438894561&CODE_STATE=getMsg HTTP/1.1" 200 27
101.83.240.230 - - [17/Jun/2022:12:08:15 +0800] "GET /xingrg/javascript/mobile/js/highcharts.js HTTP/1.1" 200 134656
101.83.240.230 - - [17/Jun/2022:12:08:15 +0800] "GET /xingrg/javascript/mobile/js/modules/exporting.js HTTP/1.1" 200 7123
101.83.240.230 - - [17/Jun/2022:12:08:15 +0800] "GET /xingrg/javascript/mobile/mobile-common.js HTTP/1.1" 200 1484
101.83.240.230 - - [17/Jun/2022:12:08:15 +0800] "POST /xingrg/dma/mobile/report_query.html HTTP/1.1" 200 176
218.81.223.53 - - [17/Jun/2022:12:08:15 +0800] "GET /xingrg/all/function/internal_message.html?_=1655438902729&CODE_STATE=getMsg HTTP/1.1" 200 27
58.35.194.53 - - [17/Jun/2022:12:08:16 +0800] "GET /xingrg/applets HTTP/1.1" 302 -
58.35.194.53 - - [17/Jun/2022:12:08:16 +0800] "GET /xingrg/applets/ HTTP/1.1" 404 992
116.230.110.173 - - [17/Jun/2022:12:08:18 +0800] "GET /xingrg/all/function/internal_message.html?_=1655438893514&CODE_STATE=getMsg HTTP/1.1" 200 27
101.83.223.227 - - [17/Jun/2022:12:08:18 +0800] "POST /xingrg/kc/buy/cgsh_order_operate.html HTTP/1.1" 200 12
101.83.240.230 - - [17/Jun/2022:12:08:19 +0800] "POST /xingrg/dma/mobile/report_query.html HTTP/1.1" 200 564
180.156.212.250 - - [17/Jun/2022:12:08:21 +0800] "GET /xingrg/all/function/internal_message.html?_=1655438968310&CODE_STATE=getMsg HTTP/1.1" 200 27
114.95.43.0 - - [17/Jun/2022:12:08:24 +0800] "GET /xingrg/all/function/internal_message.html?_=1655438904028&CODE_STATE=getMsg HTTP/1.1" 200 27
124.78.156.126 - - [17/Jun/2022:12:08:25 +0800] "GET /xingrg/all/function/internal_message.html?_=1655438904908&CODE_STATE=getMsg HTTP/1.1" 200 27
116.228.172.94 - - [17/Jun/2022:12:08:26 +0800] "GET /xingrg/all/function/internal_message.html?_=1655438766688&CODE_STATE=getMsg HTTP/1.1" 200 27
58.35.194.53 - - [17/Jun/2022:12:08:28 +0800] "GET /xingrg/kc/base/yddb_order_report.html?fileType=servlets/pdf&code=482022061700154&reportName=ck_order_report&subName=yddb HTTP/1.1" 302 -
58.35.194.53 - - [17/Jun/2022:12:08:28 +0800] "GET /xingrg/servlets/pdf?sysBaseUrl=http%3A%2F%2F180.169.147.146%3A18081%2Fxingrg%2F&costTime=58×tamp=1655438908484 HTTP/1.1" 200 788
58.35.194.53 - - [17/Jun/2022:12:08:28 +0800] "GET /favicon.ico HTTP/1.1" 404 -
58.35.194.53 - - [17/Jun/2022:12:08:28 +0800] "GET /xingrg/servlets/pdf?sysBaseUrl=http%3A%2F%2F180.169.147.146%3A18081%2Fxingrg%2F&costTime=58×tamp=1655438908484 HTTP/1.1" 200 788
101.83.223.227 - - [17/Jun/2022:12:08:30 +0800] "GET /xingrg/kc/buy/cgsh_order_info.html?code=212022061701875 HTTP/1.1" 200 62557
101.83.223.227 - - [17/Jun/2022:12:08:30 +0800] "GET /xingrg/words/20220617103145_words.js HTTP/1.1" 304 -
101.83.223.227 - - [17/Jun/2022:12:08:30 +0800] "GET /xingrg/javascript/easyui/themes/default/validatebox.css HTTP/1.1" 404 1104
101.83.223.227 - - [17/Jun/2022:12:08:31 +0800] "POST /xingrg/kc/buy/cgsh_order_operate.html HTTP/1.1" 200 607
101.83.223.227 - - [17/Jun/2022:12:08:32 +0800] "GET /xingrg/kc/print/load_data.html?order_code=212022061701875&kc_code=cgsh&condition= HTTP/1.1" 200 687
101.83.223.227 - - [17/Jun/2022:12:08:35 +0800] "GET /xingrg/all/function/internal_message.html?_=1655438912282&CODE_STATE=getMsg HTTP/1.1" 200 27
101.85.120.86 - - [17/Jun/2022:12:08:39 +0800] "GET /xingrg/kc/buy/cgsh_order_operate.html?command=get_materiel&rest_code=00142&code=00101006122&supplier_code=00100190&order_time=2022-06-17 HTTP/1.1" 200 430
180.163.220.66 - - [17/Jun/2022:12:08:40 +0800] "GET /xingrg/index_mobile.html HTTP/1.1" 200 8527
180.163.220.68 - - [17/Jun/2022:12:08:40 +0800] "GET /xingrg/index_mobile.html HTTP/1.1" 200 8527
58.35.194.53 - - [17/Jun/2022:12:08:43 +0800] "POST /xingrg/kc/base/yddb_list_operate.html HTTP/1.1" 200 1342
58.35.194.53 - - [17/Jun/2022:12:08:44 +0800] "POST /xingrg/kc/base/yddb_list_operate.html HTTP/1.1" 200 -
180.163.220.3 - - [17/Jun/2022:12:08:47 +0800] "GET /xingrg/index_mobile.html HTTP/1.1" 200 8527
180.163.220.67 - - [17/Jun/2022:12:08:47 +0800] "GET /xingrg/index_mobile.html HTTP/1.1" 200 8527
58.35.194.53 - - [17/Jun/2022:12:08:48 +0800] "POST /xingrg/kc/base/yddb_list_operate.html HTTP/1.1" 200 -
58.35.194.53 - - [17/Jun/2022:12:08:48 +0800] "GET /xingrg/kc/base/yddb_order_info.html?code=482022061700154 HTTP/1.1" 200 31448
58.35.194.53 - - [17/Jun/2022:12:08:48 +0800] "GET /xingrg/dwr/interface/AjaxYddbService.js HTTP/1.1" 200 13201
58.35.194.53 - - [17/Jun/2022:12:08:48 +0800] "GET /xingrg/dwr/interface/AjaxComOrderService.js HTTP/1.1" 200 18264
58.35.194.53 - - [17/Jun/2022:12:08:48 +0800] "GET /xingrg/dwr/engine.js HTTP/1.1" 200 43631
58.35.194.53 - - [17/Jun/2022:12:08:48 +0800] "POST /xingrg/dwr/call/plaincall/AjaxYddbService.loadMaterielItems.dwr HTTP/1.1" 200 76
101.83.240.230 - - [17/Jun/2022:12:08:51 +0800] "GET /xingrg/all/function/internal_message.html?_=1655438926190&CODE_STATE=getMsg HTTP/1.1" 200 27
101.85.120.86 - - [17/Jun/2022:12:08:51 +0800] "POST /xingrg/kc/buy/cgsh_order_operate.html HTTP/1.1" 200 37
101.85.120.86 - - [17/Jun/2022:12:08:52 +0800] "POST /xingrg/kc/buy/cgsh_order_operate.html HTTP/1.1" 200 3238
180.169.147.146 - - [17/Jun/2022:12:08:53 +0800] "GET /xingrg/kc/buy/cgsh_order_operate.html?command=get_materiel&rest_code=00147&code=00101007072&supplier_code=00100004&order_time=2022-06-17 HTTP/1.1" 200 429
58.35.194.53 - - [17/Jun/2022:12:08:54 +0800] "GET /xingrg/kc/base/yddb_order_report.html?fileType=printView.do&code=482022061700154&reportName=ck_order_report&subName=yddb HTTP/1.1" 302 -
58.35.194.53 - - [17/Jun/2022:12:08:54 +0800] "GET /xingrg/printView.do?sysBaseUrl=http%3A%2F%2F180.169.147.146%3A18081%2Fxingrg%2F&costTime=84×tamp=1655438934265 HTTP/1.1" 200 1153
58.35.194.53 - - [17/Jun/2022:12:08:54 +0800] "GET /xingrg/applets HTTP/1.1" 302 -
58.35.194.53 - - [17/Jun/2022:12:08:54 +0800] "GET /xingrg/applets/ HTTP/1.1" 404 992
58.35.194.53 - - [17/Jun/2022:12:08:54 +0800] "GET /favicon.ico HTTP/1.1" 404 -
58.221.95.50 - - [17/Jun/2022:12:08:55 +0800] "GET /xingrg/all/function/internal_message.html?_=1655438933257&CODE_STATE=getMsg HTTP/1.1" 200 27
180.169.147.146 - - [17/Jun/2022:12:09:02 +0800] "GET /xingrg/all/function/internal_message.html?_=1655438939839&CODE_STATE=getMsg HTTP/1.1" 200 27
101.85.120.86 - - [17/Jun/2022:12:09:04 +0800] "GET /xingrg/all/function/internal_message.html?_=1655438936051&CODE_STATE=getMsg HTTP/1.1" 200 27
58.35.194.53 - - [17/Jun/2022:12:09:10 +0800] "GET /xingrg/all/function/internal_message.html?_=1655438946545&CODE_STATE=getMsg HTTP/1.1" 200 27
180.156.212.250 - - [17/Jun/2022:12:09:11 +0800] "GET /xingrg/check_reg.html?_=1655438972855 HTTP/1.1" 200 22
180.169.147.146 - - [17/Jun/2022:12:09:11 +0800] "GET /xingrg/kc/buy/cgsh_order_operate.html?command=get_materiel&rest_code=00147&code=00101007085&supplier_code=00100004&order_time=2022-06-17 HTTP/1.1" 200 413
180.156.212.250 - - [17/Jun/2022:12:09:12 +0800] "GET /xingrg/all/function/internal_message.html?_=1655438974461&CODE_STATE=getMsg HTTP/1.1" 200 27
114.95.43.0 - - [17/Jun/2022:12:09:12 +0800] "GET /xingrg/all/function/internal_message.html?_=1655438860231&CODE_STATE=getMsg HTTP/1.1" 200 27
116.233.75.50 - - [17/Jun/2022:12:09:14 +0800] "GET /xingrg/all/function/internal_message.html?_=1655438954564&CODE_STATE=getMsg HTTP/1.1" 200 27
218.81.223.53 - - [17/Jun/2022:12:09:16 +0800] "GET /xingrg/all/function/internal_message.html?_=1655438962742&CODE_STATE=getMsg HTTP/1.1" 200 27
116.230.110.173 - - [17/Jun/2022:12:09:18 +0800] "GET /xingrg/all/function/internal_message.html?_=1655438953520&CODE_STATE=getMsg HTTP/1.1" 200 27
116.230.110.173 - - [17/Jun/2022:12:09:18 +0800] "GET /xingrg/check_reg.html?_=1655438953522 HTTP/1.1" 200 22
180.156.212.250 - - [17/Jun/2022:12:09:21 +0800] "GET /xingrg/all/function/internal_message.html?_=1655439028938&CODE_STATE=getMsg HTTP/1.1" 200 27
114.95.43.0 - - [17/Jun/2022:12:09:24 +0800] "GET /xingrg/all/function/internal_message.html?_=1655438963999&CODE_STATE=getMsg HTTP/1.1" 200 27
124.78.156.126 - - [17/Jun/2022:12:09:25 +0800] "GET /xingrg/all/function/internal_message.html?_=1655438964908&CODE_STATE=getMsg HTTP/1.1" 200 27
116.228.172.94 - - [17/Jun/2022:12:09:26 +0800] "GET /xingrg/all/function/internal_message.html?_=1655438826705&CODE_STATE=getMsg HTTP/1.1" 200 27
101.85.120.86 - - [17/Jun/2022:12:09:34 +0800] "POST /xingrg/kc/buy/cgsh_order_operate.html HTTP/1.1" 200 37
101.83.223.227 - - [17/Jun/2022:12:09:35 +0800] "GET /xingrg/all/function/internal_message.html?_=1655438972273&CODE_STATE=getMsg HTTP/1.1" 200 27
101.85.120.86 - - [17/Jun/2022:12:09:36 +0800] "POST /xingrg/kc/buy/cgsh_order_operate.html HTTP/1.1" 200 3238
114.84.82.172 - - [17/Jun/2022:12:09:43 +0800] "GET /xingrg/check_reg.html?_=1655438980909 HTTP/1.1" 200 22
101.83.240.230 - - [17/Jun/2022:12:09:51 +0800] "GET /xingrg/all/function/internal_message.html?_=1655438986175&CODE_STATE=getMsg HTTP/1.1" 200 27
58.221.95.50 - - [17/Jun/2022:12:09:55 +0800] "GET /xingrg/all/function/internal_message.html?_=1655438993242&CODE_STATE=getMsg HTTP/1.1" 200 27
120.253.135.82 - - [17/Jun/2022:12:10:01 +0800] "GET /xingrg/check_reg.html?_=1655438808885 HTTP/1.1" 200 22
180.169.147.146 - - [17/Jun/2022:12:10:02 +0800] "GET /xingrg/check_reg.html?_=1655438999834 HTTP/1.1" 200 22
180.169.147.146 - - [17/Jun/2022:12:10:02 +0800] "GET /xingrg/all/function/internal_message.html?_=1655438999835&CODE_STATE=getMsg HTTP/1.1" 200 27
101.85.120.86 - - [17/Jun/2022:12:10:04 +0800] "GET /xingrg/check_reg.html?_=1655438996048 HTTP/1.1" 200 22
101.85.120.86 - - [17/Jun/2022:12:10:04 +0800] "GET /xingrg/all/function/internal_message.html?_=1655438996053&CODE_STATE=getMsg HTTP/1.1" 200 27
58.35.194.53 - - [17/Jun/2022:12:10:10 +0800] "GET /xingrg/all/function/internal_message.html?_=1655439006527&CODE_STATE=getMsg HTTP/1.1" 200 27
180.156.212.250 - - [17/Jun/2022:12:10:12 +0800] "GET /xingrg/all/function/internal_message.html?_=1655439034460&CODE_STATE=getMsg HTTP/1.1" 200 27
114.95.43.0 - - [17/Jun/2022:12:10:12 +0800] "GET /xingrg/all/function/internal_message.html?_=1655438920243&CODE_STATE=getMsg HTTP/1.1" 200 27
58.35.194.53 - - [17/Jun/2022:12:10:13 +0800] "POST /xingrg/kc/base/yddb_list_operate.html HTTP/1.1" 200 -
58.35.194.53 - - [17/Jun/2022:12:10:13 +0800] "GET /xingrg/kc/base/yddb_order_info.html?code=482022061700154 HTTP/1.1" 200 31448
58.35.194.53 - - [17/Jun/2022:12:10:13 +0800] "GET /xingrg/dwr/interface/AjaxComOrderService.js HTTP/1.1" 200 18264
58.35.194.53 - - [17/Jun/2022:12:10:13 +0800] "GET /xingrg/dwr/interface/AjaxYddbService.js HTTP/1.1" 200 13201
58.35.194.53 - - [17/Jun/2022:12:10:13 +0800] "GET /xingrg/dwr/engine.js HTTP/1.1" 200 43631
58.35.194.53 - - [17/Jun/2022:12:10:13 +0800] "POST /xingrg/dwr/call/plaincall/AjaxYddbService.loadMaterielItems.dwr HTTP/1.1" 200 76
116.233.75.50 - - [17/Jun/2022:12:10:14 +0800] "GET /xingrg/all/function/internal_message.html?_=1655439014565&CODE_STATE=getMsg HTTP/1.1" 200 27
218.81.223.53 - - [17/Jun/2022:12:10:16 +0800] "GET /xingrg/all/function/internal_message.html?_=1655439022836&CODE_STATE=getMsg HTTP/1.1" 200 27
116.230.110.173 - - [17/Jun/2022:12:10:18 +0800] "GET /xingrg/all/function/internal_message.html?_=1655439013518&CODE_STATE=getMsg HTTP/1.1" 200 27
58.35.194.53 - - [17/Jun/2022:12:10:19 +0800] "POST /xingrg/kc/base/yddb_list_operate.html HTTP/1.1" 200 -
58.35.194.53 - - [17/Jun/2022:12:10:20 +0800] "POST /xingrg/kc/base/yddb_list_operate.html HTTP/1.1" 200 -
180.156.212.250 - - [17/Jun/2022:12:10:21 +0800] "GET /xingrg/all/function/internal_message.html?_=1655439088957&CODE_STATE=getMsg HTTP/1.1" 200 27
58.35.194.53 - - [17/Jun/2022:12:10:21 +0800] "POST /xingrg/kc/base/yddb_list_operate.html HTTP/1.1" 200 -
114.95.43.0 - - [17/Jun/2022:12:10:24 +0800] "GET /xingrg/all/function/internal_message.html?_=1655439023977&CODE_STATE=getMsg HTTP/1.1" 200 27
124.78.156.126 - - [17/Jun/2022:12:10:25 +0800] "GET /xingrg/all/function/internal_message.html?_=1655439024908&CODE_STATE=getMsg HTTP/1.1" 200 27
116.228.172.94 - - [17/Jun/2022:12:10:26 +0800] "GET /xingrg/all/function/internal_message.html?_=1655438886693&CODE_STATE=getMsg HTTP/1.1" 200 27
114.95.43.0 - - [17/Jun/2022:12:10:28 +0800] "GET /xingrg/check_reg.html?_=1655439028005 HTTP/1.1" 200 22
58.35.194.53 - - [17/Jun/2022:12:10:29 +0800] "POST /xingrg/kc/base/yddb_list_operate.html HTTP/1.1" 200 1342
58.35.194.53 - - [17/Jun/2022:12:10:31 +0800] "POST /xingrg/kc/base/yddb_list_operate.html HTTP/1.1" 200 -
58.35.194.53 - - [17/Jun/2022:12:10:33 +0800] "POST /xingrg/kc/base/yddb_list_operate.html HTTP/1.1" 200 -
58.35.194.53 - - [17/Jun/2022:12:10:33 +0800] "GET /xingrg/kc/base/yddb_order_info.html?code=482022061700154 HTTP/1.1" 200 31448
58.35.194.53 - - [17/Jun/2022:12:10:33 +0800] "GET /xingrg/dwr/interface/AjaxComOrderService.js HTTP/1.1" 200 18264
58.35.194.53 - - [17/Jun/2022:12:10:33 +0800] "GET /xingrg/dwr/interface/AjaxYddbService.js HTTP/1.1" 200 13201
58.35.194.53 - - [17/Jun/2022:12:10:33 +0800] "GET /xingrg/dwr/engine.js HTTP/1.1" 200 43631
58.35.194.53 - - [17/Jun/2022:12:10:33 +0800] "POST /xingrg/dwr/call/plaincall/AjaxYddbService.loadMaterielItems.dwr HTTP/1.1" 200 76
101.83.223.227 - - [17/Jun/2022:12:10:35 +0800] "GET /xingrg/check_reg.html?_=1655439032273 HTTP/1.1" 200 22
101.83.223.227 - - [17/Jun/2022:12:10:35 +0800] "GET /xingrg/all/function/internal_message.html?_=1655439032275&CODE_STATE=getMsg HTTP/1.1" 200 27
58.35.194.53 - - [17/Jun/2022:12:10:39 +0800] "GET /xingrg/kc/base/yddb_order_add.html HTTP/1.1" 200 29837
58.35.194.53 - - [17/Jun/2022:12:10:39 +0800] "GET /xingrg/dwr/interface/AjaxYddbService.js HTTP/1.1" 200 13201
58.35.194.53 - - [17/Jun/2022:12:10:39 +0800] "GET /xingrg/dwr/interface/AjaxComOrderService.js HTTP/1.1" 200 18264
58.35.194.53 - - [17/Jun/2022:12:10:39 +0800] "GET /xingrg/dwr/engine.js HTTP/1.1" 200 43631
58.35.194.53 - - [17/Jun/2022:12:10:42 +0800] "GET /xingrg/kc/base/yddb_order_list.html?isBack=1 HTTP/1.1" 200 16754
58.35.194.53 - - [17/Jun/2022:12:10:42 +0800] "POST /xingrg/kc/base/yddb_list_operate.html HTTP/1.1" 200 1342
58.35.194.53 - - [17/Jun/2022:12:10:44 +0800] "POST /xingrg/kc/base/yddb_list_operate.html HTTP/1.1" 200 -
58.35.194.53 - - [17/Jun/2022:12:10:46 +0800] "POST /xingrg/kc/base/yddb_list_operate.html HTTP/1.1" 200 -
58.35.194.53 - - [17/Jun/2022:12:10:46 +0800] "GET /xingrg/kc/base/yddb_order_info.html?code=482022061700154 HTTP/1.1" 200 31448
58.35.194.53 - - [17/Jun/2022:12:10:46 +0800] "GET /xingrg/dwr/interface/AjaxYddbService.js HTTP/1.1" 200 13201
58.35.194.53 - - [17/Jun/2022:12:10:46 +0800] "GET /xingrg/dwr/interface/AjaxComOrderService.js HTTP/1.1" 200 18264
58.35.194.53 - - [17/Jun/2022:12:10:46 +0800] "GET /xingrg/dwr/engine.js HTTP/1.1" 200 43631
58.35.194.53 - - [17/Jun/2022:12:10:46 +0800] "POST /xingrg/dwr/call/plaincall/AjaxYddbService.loadMaterielItems.dwr HTTP/1.1" 200 76
101.83.240.230 - - [17/Jun/2022:12:10:51 +0800] "GET /xingrg/all/function/internal_message.html?_=1655439046161&CODE_STATE=getMsg HTTP/1.1" 200 27
101.83.240.230 - - [17/Jun/2022:12:10:54 +0800] "GET /xingrg/check_reg.html?_=1655439049197 HTTP/1.1" 200 22
58.221.95.50 - - [17/Jun/2022:12:10:55 +0800] "GET /xingrg/all/function/internal_message.html?_=1655439053227&CODE_STATE=getMsg HTTP/1.1" 200 27
58.35.194.53 - - [17/Jun/2022:12:10:58 +0800] "POST /xingrg/kc/base/yddb_list_operate.html HTTP/1.1" 200 1342
180.169.147.146 - - [17/Jun/2022:12:11:02 +0800] "GET /xingrg/all/function/internal_message.html?_=1655439059842&CODE_STATE=getMsg HTTP/1.1" 200 27
101.85.120.86 - - [17/Jun/2022:12:11:04 +0800] "GET /xingrg/all/function/internal_message.html?_=1655439056045&CODE_STATE=getMsg HTTP/1.1" 200 27
58.35.194.53 - - [17/Jun/2022:12:11:10 +0800] "GET /xingrg/all/function/internal_message.html?_=1655439066510&CODE_STATE=getMsg HTTP/1.1" 200 27
58.35.194.53 - - [17/Jun/2022:12:11:10 +0800] "GET /xingrg/check_reg.html?_=1655439066599 HTTP/1.1" 200 22
180.156.212.250 - - [17/Jun/2022:12:11:12 +0800] "GET /xingrg/all/function/internal_message.html?_=1655439094442&CODE_STATE=getMsg HTTP/1.1" 200 27
114.95.43.0 - - [17/Jun/2022:12:11:12 +0800] "GET /xingrg/all/function/internal_message.html?_=1655438980228&CODE_STATE=getMsg HTTP/1.1" 200 27
116.228.172.94 - - [17/Jun/2022:12:11:13 +0800] "GET /xingrg/login.html HTTP/1.1" 200 7641
116.228.172.94 - - [17/Jun/2022:12:11:14 +0800] "GET /favicon.ico HTTP/1.1" 404 -
116.233.75.50 - - [17/Jun/2022:12:11:14 +0800] "GET /xingrg/all/function/internal_message.html?_=1655439074568&CODE_STATE=getMsg HTTP/1.1" 200 27
116.233.75.50 - - [17/Jun/2022:12:11:14 +0800] "GET /xingrg/check_reg.html?_=1655439074570 HTTP/1.1" 200 22
218.81.223.53 - - [17/Jun/2022:12:11:16 +0800] "GET /xingrg/all/function/internal_message.html?_=1655439082847&CODE_STATE=getMsg HTTP/1.1" 200 27
116.230.110.173 - - [17/Jun/2022:12:11:18 +0800] "GET /xingrg/all/function/internal_message.html?_=1655439073510&CODE_STATE=getMsg HTTP/1.1" 200 27
180.156.212.250 - - [17/Jun/2022:12:11:22 +0800] "GET /xingrg/all/function/internal_message.html?_=1655439149552&CODE_STATE=getMsg HTTP/1.1" 200 27
114.95.43.0 - - [17/Jun/2022:12:11:24 +0800] "GET /xingrg/all/function/internal_message.html?_=1655439083957&CODE_STATE=getMsg HTTP/1.1" 200 27
124.78.156.126 - - [17/Jun/2022:12:11:25 +0800] "GET /xingrg/check_reg.html?_=1655439084908 HTTP/1.1" 200 22
124.78.156.126 - - [17/Jun/2022:12:11:25 +0800] "GET /xingrg/all/function/internal_message.html?_=1655439084912&CODE_STATE=getMsg HTTP/1.1" 200 27
116.228.172.94 - - [17/Jun/2022:12:11:26 +0800] "GET /xingrg/all/function/internal_message.html?_=1655438946684&CODE_STATE=getMsg HTTP/1.1" 200 27
101.83.223.227 - - [17/Jun/2022:12:11:35 +0800] "GET /xingrg/all/function/internal_message.html?_=1655439092267&CODE_STATE=getMsg HTTP/1.1" 200 27
180.156.212.250 - - [17/Jun/2022:12:11:37 +0800] "GET /xingrg/check_reg.html?_=1655439165098 HTTP/1.1" 200 22
58.35.194.53 - - [17/Jun/2022:12:11:45 +0800] "POST /xingrg/kc/base/yddb_list_operate.html HTTP/1.1" 200 -
101.83.240.230 - - [17/Jun/2022:12:11:50 +0800] "GET /xingrg/all/function/internal_message.html?_=1655439106152&CODE_STATE=getMsg HTTP/1.1" 200 27
58.35.194.53 - - [17/Jun/2022:12:11:52 +0800] "POST /xingrg/kc/base/yddb_list_operate.html HTTP/1.1" 200 -
58.35.194.53 - - [17/Jun/2022:12:11:52 +0800] "GET /xingrg/kc/base/yddb_order_info.html?code=482022061700154 HTTP/1.1" 200 31448
58.35.194.53 - - [17/Jun/2022:12:11:52 +0800] "GET /xingrg/dwr/interface/AjaxComOrderService.js HTTP/1.1" 200 18264
58.35.194.53 - - [17/Jun/2022:12:11:52 +0800] "GET /xingrg/dwr/interface/AjaxYddbService.js HTTP/1.1" 200 13201
58.35.194.53 - - [17/Jun/2022:12:11:52 +0800] "GET /xingrg/dwr/engine.js HTTP/1.1" 200 43631
58.35.194.53 - - [17/Jun/2022:12:11:52 +0800] "POST /xingrg/dwr/call/plaincall/AjaxYddbService.loadMaterielItems.dwr HTTP/1.1" 200 76
58.221.95.50 - - [17/Jun/2022:12:11:55 +0800] "GET /xingrg/all/function/internal_message.html?_=1655439113211&CODE_STATE=getMsg HTTP/1.1" 200 27
58.35.194.53 - - [17/Jun/2022:12:11:57 +0800] "POST /xingrg/dwr/call/plaincall/AjaxYddbService.deleteOrder.dwr HTTP/1.1" 200 78
58.35.194.53 - - [17/Jun/2022:12:11:58 +0800] "GET /xingrg/kc/base/yddb_order_list.html HTTP/1.1" 200 16754
58.35.194.53 - - [17/Jun/2022:12:11:58 +0800] "POST /xingrg/kc/base/yddb_list_operate.html HTTP/1.1" 200 636
58.35.194.53 - - [17/Jun/2022:12:12:01 +0800] "GET /xingrg/kc/base/yddb_order_add.html HTTP/1.1" 200 29837
58.35.194.53 - - [17/Jun/2022:12:12:01 +0800] "GET /xingrg/dwr/interface/AjaxYddbService.js HTTP/1.1" 200 13201
58.35.194.53 - - [17/Jun/2022:12:12:01 +0800] "GET /xingrg/dwr/interface/AjaxComOrderService.js HTTP/1.1" 200 18264
58.35.194.53 - - [17/Jun/2022:12:12:01 +0800] "GET /xingrg/dwr/engine.js HTTP/1.1" 200 43631
180.169.147.146 - - [17/Jun/2022:12:12:02 +0800] "GET /xingrg/all/function/internal_message.html?_=1655439119843&CODE_STATE=getMsg HTTP/1.1" 200 27
101.85.120.86 - - [17/Jun/2022:12:12:04 +0800] "GET /xingrg/all/function/internal_message.html?_=1655439116053&CODE_STATE=getMsg HTTP/1.1" 200 27
58.35.194.53 - - [17/Jun/2022:12:12:05 +0800] "POST /xingrg/dwr/call/plaincall/AjaxYddbService.getRestBases.dwr HTTP/1.1" 200 1094
58.35.194.53 - - [17/Jun/2022:12:12:10 +0800] "GET /xingrg/all/function/internal_message.html?_=1655439126486&CODE_STATE=getMsg HTTP/1.1" 200 27
180.156.212.250 - - [17/Jun/2022:12:12:12 +0800] "GET /xingrg/all/function/internal_message.html?_=1655439154424&CODE_STATE=getMsg HTTP/1.1" 200 27
114.95.43.0 - - [17/Jun/2022:12:12:12 +0800] "GET /xingrg/all/function/internal_message.html?_=1655439040198&CODE_STATE=getMsg HTTP/1.1" 200 27
116.233.75.50 - - [17/Jun/2022:12:12:14 +0800] "GET /xingrg/all/function/internal_message.html?_=1655439134570&CODE_STATE=getMsg HTTP/1.1" 200 27
58.35.194.53 - - [17/Jun/2022:12:12:15 +0800] "POST /xingrg/dwr/call/plaincall/AjaxYddbService.saveOrder.dwr HTTP/1.1" 200 78
58.35.194.53 - - [17/Jun/2022:12:12:16 +0800] "GET /xingrg/images/yd/bt.gif HTTP/1.1" 404 1040
218.81.223.53 - - [17/Jun/2022:12:12:16 +0800] "GET /xingrg/all/function/internal_message.html?_=1655439142941&CODE_STATE=getMsg HTTP/1.1" 200 27
114.84.147.169 - - [17/Jun/2022:12:12:17 +0800] "GET /xingrg/check_reg.html?_=1655438852027 HTTP/1.1" 302 -
58.35.194.53 - - [17/Jun/2022:12:12:18 +0800] "POST /xingrg/dwr/call/plaincall/AjaxComOrderService.getMaterielSearchList.dwr HTTP/1.1" 200 203
116.230.110.173 - - [17/Jun/2022:12:12:18 +0800] "GET /xingrg/all/function/internal_message.html?_=1655439133501&CODE_STATE=getMsg HTTP/1.1" 200 27
58.35.194.53 - - [17/Jun/2022:12:12:18 +0800] "POST /xingrg/dwr/call/plaincall/AjaxComOrderService.getMaterielSearchList.dwr HTTP/1.1" 200 683
58.35.194.53 - - [17/Jun/2022:12:12:20 +0800] "POST /xingrg/dwr/call/plaincall/AjaxYddbService.getMaterielByMap.dwr HTTP/1.1" 200 2823
101.85.120.86 - - [17/Jun/2022:12:12:21 +0800] "POST /xingrg/kc/buy/cgsh_order_operate.html HTTP/1.1" 200 37
180.156.212.250 - - [17/Jun/2022:12:12:22 +0800] "GET /xingrg/all/function/internal_message.html?_=1655439209565&CODE_STATE=getMsg HTTP/1.1" 200 27
58.35.194.53 - - [17/Jun/2022:12:12:23 +0800] "POST /xingrg/dwr/call/plaincall/AjaxYddbService.saveMaterielItem.dwr HTTP/1.1" 200 78
101.85.120.86 - - [17/Jun/2022:12:12:23 +0800] "POST /xingrg/kc/buy/cgsh_order_operate.html HTTP/1.1" 200 3238
58.35.194.53 - - [17/Jun/2022:12:12:23 +0800] "POST /xingrg/dwr/call/plaincall/AjaxComOrderService.getMaterielSearchList.dwr HTTP/1.1" 200 76
114.95.43.0 - - [17/Jun/2022:12:12:24 +0800] "GET /xingrg/all/function/internal_message.html?_=1655439143951&CODE_STATE=getMsg HTTP/1.1" 200 27
124.78.156.126 - - [17/Jun/2022:12:12:25 +0800] "GET /xingrg/all/function/internal_message.html?_=1655439144897&CODE_STATE=getMsg HTTP/1.1" 200 27
116.228.172.94 - - [17/Jun/2022:12:12:26 +0800] "GET /xingrg/all/function/internal_message.html?_=1655439006690&CODE_STATE=getMsg HTTP/1.1" 200 27
116.228.172.94 - - [17/Jun/2022:12:12:26 +0800] "GET /xingrg/check_reg.html?_=1655439006691 HTTP/1.1" 200 22
116.230.110.173 - - [17/Jun/2022:12:12:30 +0800] "POST /xingrg/services/DataTransmitService HTTP/1.1" 200 524
116.230.110.173 - - [17/Jun/2022:12:12:30 +0800] "POST /xingrg/services/DataTransmitService HTTP/1.1" 200 501
101.83.223.227 - - [17/Jun/2022:12:12:35 +0800] "GET /xingrg/all/function/internal_message.html?_=1655439152263&CODE_STATE=getMsg HTTP/1.1" 200 27
180.169.147.146 - - [17/Jun/2022:12:12:45 +0800] "POST /xingrg/kc/buy/cgsh_order_operate.html HTTP/1.1" 200 75
114.95.43.0 - - [17/Jun/2022:12:12:45 +0800] "GET /xingrg/check_reg.html?_=1655439073382 HTTP/1.1" 200 22
101.83.240.230 - - [17/Jun/2022:12:12:50 +0800] "GET /xingrg/all/function/internal_message.html?_=1655439166137&CODE_STATE=getMsg HTTP/1.1" 200 27
58.221.95.50 - - [17/Jun/2022:12:12:55 +0800] "GET /xingrg/all/function/internal_message.html?_=1655439173196&CODE_STATE=getMsg HTTP/1.1" 200 27
58.221.95.50 - - [17/Jun/2022:12:12:57 +0800] "GET /xingrg/check_reg.html?_=1655439174432 HTTP/1.1" 200 22
180.169.147.146 - - [17/Jun/2022:12:12:58 +0800] "POST /xingrg/kc/buy/cgsh_order_operate.html HTTP/1.1" 200 37
101.85.120.86 - - [17/Jun/2022:12:12:59 +0800] "POST /xingrg/kc/buy/cgsh_order_operate.html HTTP/1.1" 200 37
180.169.147.146 - - [17/Jun/2022:12:13:00 +0800] "POST /xingrg/kc/buy/cgsh_order_operate.html HTTP/1.1" 200 3836
180.169.147.146 - - [17/Jun/2022:12:13:02 +0800] "GET /xingrg/all/function/internal_message.html?_=1655439179837&CODE_STATE=getMsg HTTP/1.1" 200 27
101.85.120.86 - - [17/Jun/2022:12:13:02 +0800] "POST /xingrg/kc/buy/cgsh_order_operate.html HTTP/1.1" 200 12
101.85.120.86 - - [17/Jun/2022:12:13:03 +0800] "GET /xingrg/kc/buy/cgsh_order_info.html?code=212022061701876 HTTP/1.1" 200 61764
101.85.120.86 - - [17/Jun/2022:12:13:04 +0800] "GET /xingrg/javascript/easyui/themes/default/validatebox.css HTTP/1.1" 404 1104
101.85.120.86 - - [17/Jun/2022:12:13:04 +0800] "GET /xingrg/all/function/internal_message.html?_=1655439176048&CODE_STATE=getMsg HTTP/1.1" 200 27
101.85.120.86 - - [17/Jun/2022:12:13:04 +0800] "POST /xingrg/kc/buy/cgsh_order_operate.html HTTP/1.1" 200 1188
101.85.120.86 - - [17/Jun/2022:12:13:06 +0800] "GET /xingrg/kc/print/load_config.html?kc_code=cgsh HTTP/1.1" 200 1943
101.85.120.86 - - [17/Jun/2022:12:13:06 +0800] "GET /xingrg/kc/print/load_data.html?order_code=212022061701876&kc_code=cgsh&condition= HTTP/1.1" 200 971
58.35.194.53 - - [17/Jun/2022:12:13:10 +0800] "GET /xingrg/all/function/internal_message.html?_=1655439186472&CODE_STATE=getMsg HTTP/1.1" 200 27
218.81.223.53 - - [17/Jun/2022:12:13:10 +0800] "GET /xingrg/check_reg.html?_=1655439196795 HTTP/1.1" 200 22
180.156.212.250 - - [17/Jun/2022:12:13:12 +0800] "GET /xingrg/all/function/internal_message.html?_=1655439214407&CODE_STATE=getMsg HTTP/1.1" 200 27
114.95.43.0 - - [17/Jun/2022:12:13:12 +0800] "GET /xingrg/all/function/internal_message.html?_=1655439100171&CODE_STATE=getMsg HTTP/1.1" 200 27
180.169.147.146 - - [17/Jun/2022:12:13:14 +0800] "GET /xingrg/kc/base/base_main.html HTTP/1.1" 200 12142
180.169.147.146 - - [17/Jun/2022:12:13:14 +0800] "GET /xingrg/images/blue/button/wlsy.gif HTTP/1.1" 304 -
180.169.147.146 - - [17/Jun/2022:12:13:14 +0800] "GET /xingrg/images/blue/button/ckpd.gif HTTP/1.1" 304 -
180.169.147.146 - - [17/Jun/2022:12:13:14 +0800] "GET /xingrg/images/blue/button/top_left.jpg HTTP/1.1" 304 -
180.169.147.146 - - [17/Jun/2022:12:13:14 +0800] "GET /xingrg/images/blue/button/top_right.jpg HTTP/1.1" 304 -
180.169.147.146 - - [17/Jun/2022:12:13:14 +0800] "GET /xingrg/images/blue/button/left_ah.jpg HTTP/1.1" 304 -
180.169.147.146 - - [17/Jun/2022:12:13:14 +0800] "GET /xingrg/images/blue/button/bottom_left.jpg HTTP/1.1" 304 -
180.169.147.146 - - [17/Jun/2022:12:13:14 +0800] "GET /xingrg/images/blue/button/ckdb.gif HTTP/1.1" 304 -
180.169.147.146 - - [17/Jun/2022:12:13:14 +0800] "GET /xingrg/images/blue/button/yddb.gif HTTP/1.1" 304 -
180.169.147.146 - - [17/Jun/2022:12:13:14 +0800] "GET /xingrg/images/blue/button/down.jpg HTTP/1.1" 304 -
180.169.147.146 - - [17/Jun/2022:12:13:14 +0800] "GET /xingrg/images/blue/button/bottom_right.jpg HTTP/1.1" 304 -
116.233.75.50 - - [17/Jun/2022:12:13:14 +0800] "GET /xingrg/all/function/internal_message.html?_=1655439194572&CODE_STATE=getMsg HTTP/1.1" 200 27
101.85.120.86 - - [17/Jun/2022:12:13:15 +0800] "GET /xingrg/kc/buy/cgsh_order_add.html HTTP/1.1" 200 66863
101.85.120.86 - - [17/Jun/2022:12:13:15 +0800] "POST /xingrg/kc/buy/cgsh_order_operate.html HTTP/1.1" 200 8245
101.85.120.86 - - [17/Jun/2022:12:13:15 +0800] "GET /xingrg/javascript/easyui/themes/default/validatebox.css HTTP/1.1" 404 1104
218.81.223.53 - - [17/Jun/2022:12:13:16 +0800] "GET /xingrg/all/function/internal_message.html?_=1655439202953&CODE_STATE=getMsg HTTP/1.1" 200 27
180.169.147.146 - - [17/Jun/2022:12:13:16 +0800] "GET /xingrg/kc/base/yddb_order_list.html HTTP/1.1" 200 16754
180.169.147.146 - - [17/Jun/2022:12:13:17 +0800] "POST /xingrg/kc/base/yddb_list_operate.html HTTP/1.1" 200 1595
116.230.110.173 - - [17/Jun/2022:12:13:18 +0800] "GET /xingrg/all/function/internal_message.html?_=1655439193520&CODE_STATE=getMsg HTTP/1.1" 200 27
180.169.147.146 - - [17/Jun/2022:12:13:19 +0800] "GET /xingrg/kc/base/yddb_order_add.html HTTP/1.1" 200 29837
180.169.147.146 - - [17/Jun/2022:12:13:19 +0800] "GET /xingrg/dwr/interface/AjaxComOrderService.js HTTP/1.1" 200 18264
180.169.147.146 - - [17/Jun/2022:12:13:19 +0800] "GET /xingrg/dwr/interface/AjaxYddbService.js HTTP/1.1" 200 13201
180.169.147.146 - - [17/Jun/2022:12:13:19 +0800] "GET /xingrg/javascript/Calendar.js HTTP/1.1" 304 -
180.169.147.146 - - [17/Jun/2022:12:13:19 +0800] "GET /xingrg/javascript/checkform.js HTTP/1.1" 304 -
180.169.147.146 - - [17/Jun/2022:12:13:19 +0800] "GET /xingrg/javascript/AjaxInfoList.js HTTP/1.1" 304 -
180.169.147.146 - - [17/Jun/2022:12:13:19 +0800] "GET /xingrg/dwr/util.js HTTP/1.1" 200 35990
180.169.147.146 - - [17/Jun/2022:12:13:19 +0800] "GET /xingrg/dwr/engine.js HTTP/1.1" 200 43631
180.169.147.146 - - [17/Jun/2022:12:13:19 +0800] "GET /xingrg/javascript/Grid.js HTTP/1.1" 304 -
180.169.147.146 - - [17/Jun/2022:12:13:19 +0800] "GET /xingrg/javascript/jquery_easy_ui/themes/icons/edit_add_new.png HTTP/1.1" 304 -
180.169.147.146 - - [17/Jun/2022:12:13:19 +0800] "GET /xingrg/javascript/jquery_easy_ui/themes/icons/check_new.png HTTP/1.1" 304 -
180.169.147.146 - - [17/Jun/2022:12:13:19 +0800] "GET /xingrg/javascript/jquery_easy_ui/themes/icons/print.png HTTP/1.1" 304 -
180.169.147.146 - - [17/Jun/2022:12:13:19 +0800] "GET /xingrg/javascript/jquery_easy_ui/themes/default/images/menu_downarrow.png HTTP/1.1" 304 -
180.169.147.146 - - [17/Jun/2022:12:13:19 +0800] "GET /xingrg/javascript/jquery_easy_ui/themes/icons/cance_new.png HTTP/1.1" 304 -
180.169.147.146 - - [17/Jun/2022:12:13:19 +0800] "GET /xingrg/javascript/jquery_easy_ui/themes/icons/back_new.png HTTP/1.1" 304 -
180.169.147.146 - - [17/Jun/2022:12:13:19 +0800] "GET /xingrg/images/blue/button/kc_tab_add.gif HTTP/1.1" 304 -
180.169.147.146 - - [17/Jun/2022:12:13:19 +0800] "GET /xingrg/images/blue/button/kc_tab_edit.gif HTTP/1.1" 304 -
180.169.147.146 - - [17/Jun/2022:12:13:19 +0800] "GET /xingrg/images/blue/button/kc_tab_save.gif HTTP/1.1" 304 -
180.169.147.146 - - [17/Jun/2022:12:13:19 +0800] "GET /xingrg/images/blue/button/kc_tab_del.gif HTTP/1.1" 304 -
180.169.147.146 - - [17/Jun/2022:12:13:19 +0800] "GET /xingrg/images/blue/kc_tab_left.gif HTTP/1.1" 304 -
180.169.147.146 - - [17/Jun/2022:12:13:19 +0800] "GET /xingrg/images/blue/kc_tab_mid.gif HTTP/1.1" 304 -
180.169.147.146 - - [17/Jun/2022:12:13:19 +0800] "GET /xingrg/images/blue/kc_tab_right.gif HTTP/1.1" 304 -
180.169.147.146 - - [17/Jun/2022:12:13:19 +0800] "GET /xingrg/images/blue/kc_tab2_left.gif HTTP/1.1" 304 -
180.169.147.146 - - [17/Jun/2022:12:13:19 +0800] "GET /xingrg/images/blue/kc_tab2_right.gif HTTP/1.1" 304 -
180.156.212.250 - - [17/Jun/2022:12:13:22 +0800] "GET /xingrg/all/function/internal_message.html?_=1655439269588&CODE_STATE=getMsg HTTP/1.1" 200 27
180.169.147.146 - - [17/Jun/2022:12:13:22 +0800] "GET /xingrg/images/blue/wait.gif HTTP/1.1" 304 -
180.169.147.146 - - [17/Jun/2022:12:13:22 +0800] "POST /xingrg/dwr/call/plaincall/AjaxYddbService.getRestBases.dwr HTTP/1.1" 200 1115
114.95.43.0 - - [17/Jun/2022:12:13:24 +0800] "GET /xingrg/all/function/internal_message.html?_=1655439203933&CODE_STATE=getMsg HTTP/1.1" 200 27
124.78.156.126 - - [17/Jun/2022:12:13:25 +0800] "GET /xingrg/all/function/internal_message.html?_=1655439204898&CODE_STATE=getMsg HTTP/1.1" 200 27
116.228.172.94 - - [17/Jun/2022:12:13:26 +0800] "GET /xingrg/all/function/internal_message.html?_=1655439066709&CODE_STATE=getMsg HTTP/1.1" 200 27
114.95.43.0 - - [17/Jun/2022:12:13:29 +0800] "GET /xingrg/kc/base/wldb_order_list.html HTTP/1.1" 200 19142
114.95.43.0 - - [17/Jun/2022:12:13:29 +0800] "POST /xingrg/kc/base/wldb_list_operate.html HTTP/1.1" 200 4495
114.95.43.0 - - [17/Jun/2022:12:13:30 +0800] "GET /xingrg/kc/base/wldb_order_add.html HTTP/1.1" 200 30356
114.95.43.0 - - [17/Jun/2022:12:13:30 +0800] "GET /xingrg/words/20220617103145_words.js HTTP/1.1" 200 901415
101.85.120.86 - - [17/Jun/2022:12:13:31 +0800] "GET /xingrg/kc/buy/cgsh_order_operate.html?command=get_materiel&rest_code=00142&code=00101008368&supplier_code=00100161&order_time=2022-06-17 HTTP/1.1" 200 408
114.95.43.0 - - [17/Jun/2022:12:13:31 +0800] "POST /xingrg/kc/base/wldb_order_operate.html HTTP/1.1" 200 6806
114.95.43.0 - - [17/Jun/2022:12:13:31 +0800] "GET /xingrg/javascript/easyui/themes/default/validatebox.css HTTP/1.1" 404 1104
114.95.43.0 - - [17/Jun/2022:12:13:31 +0800] "POST /xingrg/all/common/load_combo.html?type=base HTTP/1.1" 200 3409
180.169.147.146 - - [17/Jun/2022:12:13:34 +0800] "POST /xingrg/dwr/call/plaincall/AjaxYddbService.saveOrder.dwr HTTP/1.1" 200 78
101.83.223.227 - - [17/Jun/2022:12:13:35 +0800] "GET /xingrg/all/function/internal_message.html?_=1655439212258&CODE_STATE=getMsg HTTP/1.1" 200 27
180.169.147.146 - - [17/Jun/2022:12:13:35 +0800] "GET /xingrg/images/yd/bt.gif HTTP/1.1" 404 1040
180.169.147.146 - - [17/Jun/2022:12:13:38 +0800] "POST /xingrg/dwr/call/plaincall/AjaxComOrderService.getMaterielSearchList.dwr HTTP/1.1" 200 8435
180.169.147.146 - - [17/Jun/2022:12:13:38 +0800] "POST /xingrg/dwr/call/plaincall/AjaxComOrderService.getMaterielSearchList.dwr HTTP/1.1" 200 683
180.169.147.146 - - [17/Jun/2022:12:13:39 +0800] "POST /xingrg/dwr/call/plaincall/AjaxYddbService.getMaterielByMap.dwr HTTP/1.1" 200 2863
114.95.43.0 - - [17/Jun/2022:12:13:42 +0800] "GET /xingrg/kc/base/wldb_order_operate.html?command=get_materiel&rest_code=00105&base_code=0010508&code=00102002511 HTTP/1.1" 200 435
101.85.120.86 - - [17/Jun/2022:12:13:45 +0800] "GET /xingrg/kc/buy/cgsh_order_operate.html?command=get_materiel&rest_code=00142&code=00101008355&supplier_code=00100161&order_time=2022-06-17 HTTP/1.1" 200 408
114.95.43.0 - - [17/Jun/2022:12:13:50 +0800] "GET /xingrg/kc/base/wldb_order_operate.html?command=get_materiel&rest_code=00105&base_code=0010508&code=00102002685 HTTP/1.1" 200 459
101.83.240.230 - - [17/Jun/2022:12:13:50 +0800] "GET /xingrg/all/function/internal_message.html?_=1655439226124&CODE_STATE=getMsg HTTP/1.1" 200 27
58.35.194.53 - - [17/Jun/2022:12:13:55 +0800] "GET /xingrg/kc/report/report_main.html HTTP/1.1" 200 7340
101.85.120.86 - - [17/Jun/2022:12:13:55 +0800] "GET /xingrg/kc/buy/cgsh_order_operate.html?command=get_materiel&rest_code=00142&code=00101008024&supplier_code=00100161&order_time=2022-06-17 HTTP/1.1" 200 408
58.221.95.50 - - [17/Jun/2022:12:13:55 +0800] "GET /xingrg/all/function/internal_message.html?_=1655439233169&CODE_STATE=getMsg HTTP/1.1" 200 27
114.95.43.0 - - [17/Jun/2022:12:13:56 +0800] "POST /xingrg/all/common/load_select.html HTTP/1.1" 200 25
58.35.194.53 - - [17/Jun/2022:12:13:56 +0800] "GET /xingrg/kc/base/kc_stocks.html HTTP/1.1" 200 16443
58.35.194.53 - - [17/Jun/2022:12:13:56 +0800] "GET /xingrg/javascript/easyui/themes/default/tree.css HTTP/1.1" 404 1090
58.35.194.53 - - [17/Jun/2022:12:13:56 +0800] "POST /xingrg/all/common/load_tree.html?tree=materiel_sort_tree_json HTTP/1.1" 200 9388
114.95.43.0 - - [17/Jun/2022:12:13:58 +0800] "GET /xingrg/kc/base/wldb_order_operate.html?command=get_materiel_price&rest_code=00105&base_code=0010508&code=00102002685&unit_code=00100347 HTTP/1.1" 200 36
114.95.43.0 - - [17/Jun/2022:12:14:02 +0800] "POST /xingrg/kc/base/wldb_order_operate.html HTTP/1.1" 200 37
180.169.147.146 - - [17/Jun/2022:12:14:02 +0800] "GET /xingrg/all/function/internal_message.html?_=1655439239853&CODE_STATE=getMsg HTTP/1.1" 200 27
114.95.43.0 - - [17/Jun/2022:12:14:03 +0800] "POST /xingrg/kc/base/wldb_order_operate.html HTTP/1.1" 200 2673
58.35.194.53 - - [17/Jun/2022:12:14:03 +0800] "POST /xingrg/kc/base/stock_operate.html HTTP/1.1" 200 1459
101.85.120.86 - - [17/Jun/2022:12:14:04 +0800] "GET /xingrg/all/function/internal_message.html?_=1655439236071&CODE_STATE=getMsg HTTP/1.1" 200 27
116.233.75.50 - - [17/Jun/2022:12:14:05 +0800] "GET /xingrg/kc/base/base_main.html HTTP/1.1" 200 12142
116.233.75.50 - - [17/Jun/2022:12:14:05 +0800] "GET /xingrg/images/blue/button/wlsy.gif HTTP/1.1" 200 2536
116.233.75.50 - - [17/Jun/2022:12:14:05 +0800] "GET /xingrg/images/blue/button/yddb.gif HTTP/1.1" 200 2040
116.233.75.50 - - [17/Jun/2022:12:14:05 +0800] "GET /xingrg/images/blue/button/top_left.jpg HTTP/1.1" 200 1632
116.233.75.50 - - [17/Jun/2022:12:14:05 +0800] "GET /xingrg/images/blue/button/top_right.jpg HTTP/1.1" 200 1708
116.233.75.50 - - [17/Jun/2022:12:14:05 +0800] "GET /xingrg/images/blue/button/ckpd.gif HTTP/1.1" 200 2051
116.233.75.50 - - [17/Jun/2022:12:14:05 +0800] "GET /xingrg/images/blue/button/down.jpg HTTP/1.1" 200 1560
116.233.75.50 - - [17/Jun/2022:12:14:05 +0800] "GET /xingrg/images/blue/button/ckdb.gif HTTP/1.1" 200 1950
116.233.75.50 - - [17/Jun/2022:12:14:05 +0800] "GET /xingrg/images/blue/button/left_ah.jpg HTTP/1.1" 200 1643
116.233.75.50 - - [17/Jun/2022:12:14:05 +0800] "GET /xingrg/images/blue/button/bottom_left.jpg HTTP/1.1" 200 1524
116.233.75.50 - - [17/Jun/2022:12:14:05 +0800] "GET /xingrg/images/blue/button/bottom_right.jpg HTTP/1.1" 200 1436
116.233.75.50 - - [17/Jun/2022:12:14:07 +0800] "GET /xingrg/index.html?sysBaseUrl=http%3A%2F%2F180.169.147.146%3A18081%2Fxingrg%2F&costTime=206×tamp=1655437567606 HTTP/1.1" 200 17173
