180.156.212.250 - - [17/Jun/2022:08:56:46 +0800] "GET /xingrg/all/common/auto_word.html?type=employee&rest_code=00102 HTTP/1.1" 200 189
180.156.212.250 - - [17/Jun/2022:08:56:46 +0800] "GET /xingrg/all/common/auto_word.html?type=employee&rest_code=00102 HTTP/1.1" 200 189
180.156.212.250 - - [17/Jun/2022:08:56:46 +0800] "GET /xingrg/javascript/easyui/themes/default/validatebox.css HTTP/1.1" 404 1104
180.156.212.250 - - [17/Jun/2022:08:56:46 +0800] "GET /xingrg/javascript/easyui/plugins/jquery.validatebox.js HTTP/1.1" 304 -
180.156.212.250 - - [17/Jun/2022:08:56:46 +0800] "GET /xingrg/javascript/easyui/plugins/jquery.numberbox.js HTTP/1.1" 304 -
180.156.212.250 - - [17/Jun/2022:08:56:47 +0800] "GET /xingrg/javascript/easyui/plugins/jquery.draggable.js HTTP/1.1" 304 -
180.156.212.250 - - [17/Jun/2022:08:56:47 +0800] "GET /xingrg/css/images/panel_loading.gif HTTP/1.1" 304 -
180.156.212.250 - - [17/Jun/2022:08:56:47 +0800] "GET /xingrg/javascript/easyui/plugins/jquery.droppable.js HTTP/1.1" 304 -
180.156.212.250 - - [17/Jun/2022:08:56:47 +0800] "GET /xingrg/javascript/easyui/themes/default/tree.css HTTP/1.1" 404 1090
180.156.212.250 - - [17/Jun/2022:08:56:47 +0800] "GET /xingrg/javascript/easyui/plugins/jquery.tree.js HTTP/1.1" 304 -
180.156.212.250 - - [17/Jun/2022:08:56:47 +0800] "POST /xingrg/all/common/load_tree.html?tree=supplier_tree_json&isDelete=1 HTTP/1.1" 200 66456
180.156.212.250 - - [17/Jun/2022:08:56:50 +0800] "GET /xingrg/javascript/easyui/themes/default/images/tree_arrows.gif HTTP/1.1" 304 -
180.156.212.250 - - [17/Jun/2022:08:56:50 +0800] "GET /xingrg/javascript/easyui/themes/default/images/tree_folder_open.gif HTTP/1.1" 304 -
180.156.212.250 - - [17/Jun/2022:08:56:50 +0800] "GET /xingrg/javascript/easyui/themes/default/images/tree_folder.gif HTTP/1.1" 304 -
180.156.212.250 - - [17/Jun/2022:08:56:50 +0800] "GET /xingrg/javascript/easyui/themes/default/images/tree_file.gif HTTP/1.1" 304 -
180.169.147.146 - - [17/Jun/2022:08:56:50 +0800] "GET /xingrg/check_reg.html?_=1655427410813 HTTP/1.1" 200 22
101.83.240.230 - - [17/Jun/2022:08:56:53 +0800] "GET /xingrg/all/function/internal_message.html?_=1655427408480&CODE_STATE=getMsg HTTP/1.1" 200 27
101.83.223.227 - - [17/Jun/2022:08:57:02 +0800] "GET /xingrg/all/function/internal_message.html?_=1655427383412&CODE_STATE=getMsg HTTP/1.1" 200 27
120.253.135.82 - - [17/Jun/2022:08:57:03 +0800] "GET /xingrg/all/function/internal_message.html?_=1655427566268&CODE_STATE=getMsg HTTP/1.1" 200 27
101.83.240.230 - - [17/Jun/2022:08:57:04 +0800] "GET /xingrg/kc/buy/cgsh_order_operate.html?command=get_materiel&rest_code=00149&code=00101006057&supplier_code=00100012&order_time=2022-06-16 HTTP/1.1" 200 413
218.81.223.53 - - [17/Jun/2022:08:57:09 +0800] "GET /xingrg/all/function/internal_message.html?_=1655427436187&CODE_STATE=getMsg HTTP/1.1" 200 27
58.35.194.53 - - [17/Jun/2022:08:57:09 +0800] "GET /xingrg/all/function/internal_message.html?_=1655427426588&CODE_STATE=getMsg HTTP/1.1" 200 27
101.83.223.227 - - [17/Jun/2022:08:57:10 +0800] "GET /xingrg/all/function/internal_message.html?_=1655427427994&CODE_STATE=getMsg HTTP/1.1" 200 27
120.253.135.82 - - [17/Jun/2022:08:57:10 +0800] "GET /xingrg/check_reg.html?_=1655427237765 HTTP/1.1" 200 22
120.253.135.82 - - [17/Jun/2022:08:57:11 +0800] "GET /xingrg/all/function/internal_message.html?_=1655427238913&CODE_STATE=getMsg HTTP/1.1" 200 27
114.95.43.0 - - [17/Jun/2022:08:57:16 +0800] "GET /xingrg/all/function/internal_message.html?_=1655427344226&CODE_STATE=getMsg HTTP/1.1" 200 27
116.230.110.173 - - [17/Jun/2022:08:57:18 +0800] "GET /xingrg/all/function/internal_message.html?_=1655427433497&CODE_STATE=getMsg HTTP/1.1" 200 27
101.83.240.230 - - [17/Jun/2022:08:57:18 +0800] "GET /xingrg/kc/buy/cgsh_order_operate.html?command=get_materiel&rest_code=00149&code=00101006006&supplier_code=00100012&order_time=2022-06-16 HTTP/1.1" 200 410
114.95.43.0 - - [17/Jun/2022:08:57:27 +0800] "GET /xingrg/all/function/internal_message.html?_=1655427447694&CODE_STATE=getMsg HTTP/1.1" 200 27
101.83.240.230 - - [17/Jun/2022:08:57:34 +0800] "GET /xingrg/kc/buy/cgsh_order_operate.html?command=get_materiel&rest_code=00149&code=00101006130&supplier_code=00100012&order_time=2022-06-16 HTTP/1.1" 200 448
180.156.212.250 - - [17/Jun/2022:08:57:34 +0800] "GET /xingrg/all/function/internal_message.html?_=1655427521236&CODE_STATE=getMsg HTTP/1.1" 200 27
180.156.212.250 - - [17/Jun/2022:08:57:43 +0800] "GET /xingrg/javascript/auto/indicator.gif HTTP/1.1" 404 1066
114.95.43.0 - - [17/Jun/2022:08:57:45 +0800] "GET /xingrg/check_reg.html?_=1655427373213 HTTP/1.1" 200 22
180.156.212.250 - - [17/Jun/2022:08:57:48 +0800] "GET /xingrg/kc/buy/cgsh_order_operate.html?command=get_materiel&rest_code=00102&code=00101029085&supplier_code=00100406&order_time=2022-06-17 HTTP/1.1" 200 447
101.83.240.230 - - [17/Jun/2022:08:57:53 +0800] "GET /xingrg/all/function/internal_message.html?_=1655427468478&CODE_STATE=getMsg HTTP/1.1" 200 27
180.156.212.250 - - [17/Jun/2022:08:57:54 +0800] "GET /xingrg/javascript/jquery_easy_ui/themes/icons/rest.png HTTP/1.1" 304 -
180.156.212.250 - - [17/Jun/2022:08:57:54 +0800] "GET /xingrg/javascript/jquery_easy_ui/themes/icons/area.png HTTP/1.1" 304 -
180.156.212.250 - - [17/Jun/2022:08:57:59 +0800] "POST /xingrg/kc/buy/cgsh_order_operate.html HTTP/1.1" 200 37
180.156.212.250 - - [17/Jun/2022:08:58:02 +0800] "POST /xingrg/kc/buy/cgsh_order_operate.html HTTP/1.1" 200 12
120.253.135.82 - - [17/Jun/2022:08:58:02 +0800] "GET /xingrg/check_reg.html?_=1655427625647 HTTP/1.1" 200 22
101.83.223.227 - - [17/Jun/2022:08:58:02 +0800] "GET /xingrg/all/function/internal_message.html?_=1655427443426&CODE_STATE=getMsg HTTP/1.1" 200 27
120.253.135.82 - - [17/Jun/2022:08:58:03 +0800] "GET /xingrg/all/function/internal_message.html?_=1655427626281&CODE_STATE=getMsg HTTP/1.1" 200 27
218.81.223.53 - - [17/Jun/2022:08:58:08 +0800] "GET /xingrg/check_reg.html?_=1655427494576 HTTP/1.1" 200 22
218.81.223.53 - - [17/Jun/2022:08:58:09 +0800] "GET /xingrg/all/function/internal_message.html?_=1655427496201&CODE_STATE=getMsg HTTP/1.1" 200 27
58.35.194.53 - - [17/Jun/2022:08:58:09 +0800] "GET /xingrg/all/function/internal_message.html?_=1655427486581&CODE_STATE=getMsg HTTP/1.1" 200 27
101.83.223.227 - - [17/Jun/2022:08:58:10 +0800] "GET /xingrg/all/function/internal_message.html?_=1655427487996&CODE_STATE=getMsg HTTP/1.1" 200 27
120.253.135.82 - - [17/Jun/2022:08:58:11 +0800] "GET /xingrg/all/function/internal_message.html?_=1655427298928&CODE_STATE=getMsg HTTP/1.1" 200 27
101.83.240.230 - - [17/Jun/2022:08:58:12 +0800] "POST /xingrg/kc/buy/cgsh_order_operate.html HTTP/1.1" 200 37
180.156.212.250 - - [17/Jun/2022:08:58:13 +0800] "GET /xingrg/kc/buy/cgsh_order_info.html?code=212022061701823 HTTP/1.1" 200 62589
180.156.212.250 - - [17/Jun/2022:08:58:14 +0800] "GET /xingrg/javascript/easyui/themes/default/validatebox.css HTTP/1.1" 404 1104
180.156.212.250 - - [17/Jun/2022:08:58:14 +0800] "POST /xingrg/kc/buy/cgsh_order_operate.html HTTP/1.1" 200 636
180.156.212.250 - - [17/Jun/2022:08:58:16 +0800] "GET /xingrg/kc/print/load_config.html?kc_code=cgsh HTTP/1.1" 200 1943
180.156.212.250 - - [17/Jun/2022:08:58:16 +0800] "GET /xingrg/kc/print/load_data.html?order_code=212022061701823&kc_code=cgsh&condition= HTTP/1.1" 200 716
114.95.43.0 - - [17/Jun/2022:08:58:16 +0800] "GET /xingrg/all/function/internal_message.html?_=1655427404197&CODE_STATE=getMsg HTTP/1.1" 200 27
101.83.240.230 - - [17/Jun/2022:08:58:16 +0800] "POST /xingrg/kc/buy/cgsh_order_operate.html HTTP/1.1" 200 12
116.230.110.173 - - [17/Jun/2022:08:58:18 +0800] "GET /xingrg/all/function/internal_message.html?_=1655427493502&CODE_STATE=getMsg HTTP/1.1" 200 27
180.156.212.250 - - [17/Jun/2022:08:58:25 +0800] "GET /xingrg/kc/buy/cgsh_order_add.html HTTP/1.1" 200 67682
180.156.212.250 - - [17/Jun/2022:08:58:26 +0800] "POST /xingrg/kc/buy/cgsh_order_operate.html HTTP/1.1" 200 8245
180.156.212.250 - - [17/Jun/2022:08:58:26 +0800] "GET /xingrg/javascript/easyui/themes/default/validatebox.css HTTP/1.1" 404 1104
114.95.43.0 - - [17/Jun/2022:08:58:27 +0800] "GET /xingrg/all/function/internal_message.html?_=1655427507694&CODE_STATE=getMsg HTTP/1.1" 200 27
180.156.212.250 - - [17/Jun/2022:08:58:32 +0800] "GET /xingrg/javascript/easyui/themes/default/tree.css HTTP/1.1" 404 1090
180.156.212.250 - - [17/Jun/2022:08:58:32 +0800] "POST /xingrg/all/common/load_tree.html?tree=supplier_tree_json&isDelete=1 HTTP/1.1" 200 66456
101.83.240.230 - - [17/Jun/2022:08:58:34 +0800] "GET /xingrg/kc/buy/cgsh_order_info.html?code=212022061701824 HTTP/1.1" 200 62679
101.83.240.230 - - [17/Jun/2022:08:58:34 +0800] "GET /xingrg/javascript/easyui/themes/default/validatebox.css HTTP/1.1" 404 1104
101.83.240.230 - - [17/Jun/2022:08:58:34 +0800] "POST /xingrg/kc/buy/cgsh_order_operate.html HTTP/1.1" 200 2395
180.156.212.250 - - [17/Jun/2022:08:58:35 +0800] "GET /xingrg/all/function/internal_message.html?_=1655427582239&CODE_STATE=getMsg HTTP/1.1" 200 27
101.83.240.230 - - [17/Jun/2022:08:58:44 +0800] "GET /xingrg/kc/print/load_data.html?order_code=212022061701824&kc_code=cgsh&condition= HTTP/1.1" 200 1493
101.83.240.230 - - [17/Jun/2022:08:58:53 +0800] "GET /xingrg/all/function/internal_message.html?_=1655427528490&CODE_STATE=getMsg HTTP/1.1" 200 27
180.156.212.250 - - [17/Jun/2022:08:58:56 +0800] "GET /xingrg/kc/buy/cgsh_order_operate.html?command=get_materiel&rest_code=00102&code=00101001037&supplier_code=00100090&order_time=2022-06-17 HTTP/1.1" 200 416
101.83.223.227 - - [17/Jun/2022:08:59:03 +0800] "GET /xingrg/all/function/internal_message.html?_=1655427503479&CODE_STATE=getMsg HTTP/1.1" 200 27
120.253.135.82 - - [17/Jun/2022:08:59:03 +0800] "GET /xingrg/all/function/internal_message.html?_=1655427686294&CODE_STATE=getMsg HTTP/1.1" 200 27
218.81.223.53 - - [17/Jun/2022:08:59:09 +0800] "GET /xingrg/all/function/internal_message.html?_=1655427556215&CODE_STATE=getMsg HTTP/1.1" 200 27
58.35.194.53 - - [17/Jun/2022:08:59:09 +0800] "GET /xingrg/all/function/internal_message.html?_=1655427546582&CODE_STATE=getMsg HTTP/1.1" 200 27
101.83.223.227 - - [17/Jun/2022:08:59:10 +0800] "GET /xingrg/check_reg.html?_=1655427548002 HTTP/1.1" 200 22
101.83.223.227 - - [17/Jun/2022:08:59:11 +0800] "GET /xingrg/all/function/internal_message.html?_=1655427548005&CODE_STATE=getMsg HTTP/1.1" 200 27
120.253.135.82 - - [17/Jun/2022:08:59:12 +0800] "GET /xingrg/all/function/internal_message.html?_=1655427358941&CODE_STATE=getMsg HTTP/1.1" 200 27
180.156.212.250 - - [17/Jun/2022:08:59:13 +0800] "GET /xingrg/kc/buy/cgsh_order_operate.html?command=get_materiel&rest_code=00102&code=00101001140&supplier_code=00100090&order_time=2022-06-17 HTTP/1.1" 200 431
114.95.43.0 - - [17/Jun/2022:08:59:16 +0800] "GET /xingrg/all/function/internal_message.html?_=1655427464167&CODE_STATE=getMsg HTTP/1.1" 200 27
116.230.110.173 - - [17/Jun/2022:08:59:18 +0800] "GET /xingrg/check_reg.html?_=1655427553513 HTTP/1.1" 200 22
116.230.110.173 - - [17/Jun/2022:08:59:18 +0800] "GET /xingrg/all/function/internal_message.html?_=1655427553516&CODE_STATE=getMsg HTTP/1.1" 200 27
180.156.212.250 - - [17/Jun/2022:08:59:22 +0800] "GET /xingrg/kc/buy/cgsh_order_operate.html?command=get_materiel&rest_code=00102&code=00101001125&supplier_code=00100090&order_time=2022-06-17 HTTP/1.1" 200 416
114.95.43.0 - - [17/Jun/2022:08:59:27 +0800] "GET /xingrg/all/function/internal_message.html?_=1655427567693&CODE_STATE=getMsg HTTP/1.1" 200 27
58.221.95.50 - - [17/Jun/2022:08:59:52 +0800] "POST /xingrg/kc/buy/cgsh_order_operate.html HTTP/1.1" 302 -
58.221.95.50 - - [17/Jun/2022:08:59:52 +0800] "GET /xingrg/login.html HTTP/1.1" 200 7641
101.83.240.230 - - [17/Jun/2022:08:59:53 +0800] "GET /xingrg/all/function/internal_message.html?_=1655427588487&CODE_STATE=getMsg HTTP/1.1" 200 27
114.84.82.172 - - [17/Jun/2022:08:59:57 +0800] "POST /xingrg/services/DataTransmitService HTTP/1.1" 200 524
101.83.223.227 - - [17/Jun/2022:09:00:03 +0800] "GET /xingrg/all/function/internal_message.html?_=1655427563484&CODE_STATE=getMsg HTTP/1.1" 200 27
120.253.135.82 - - [17/Jun/2022:09:00:03 +0800] "GET /xingrg/all/function/internal_message.html?_=1655427746308&CODE_STATE=getMsg HTTP/1.1" 200 27
218.81.223.53 - - [17/Jun/2022:09:00:09 +0800] "GET /xingrg/all/function/internal_message.html?_=1655427616228&CODE_STATE=getMsg HTTP/1.1" 200 27
58.35.194.53 - - [17/Jun/2022:09:00:09 +0800] "GET /xingrg/all/function/internal_message.html?_=1655427606584&CODE_STATE=getMsg HTTP/1.1" 200 27
101.83.223.227 - - [17/Jun/2022:09:00:10 +0800] "GET /xingrg/all/function/internal_message.html?_=1655427608005&CODE_STATE=getMsg HTTP/1.1" 200 27
120.253.135.82 - - [17/Jun/2022:09:00:12 +0800] "GET /xingrg/all/function/internal_message.html?_=1655427419029&CODE_STATE=getMsg HTTP/1.1" 200 27
114.95.43.0 - - [17/Jun/2022:09:00:16 +0800] "GET /xingrg/all/function/internal_message.html?_=1655427524153&CODE_STATE=getMsg HTTP/1.1" 200 27
116.230.110.173 - - [17/Jun/2022:09:00:18 +0800] "GET /xingrg/all/function/internal_message.html?_=1655427613511&CODE_STATE=getMsg HTTP/1.1" 200 27
180.156.212.250 - - [17/Jun/2022:09:00:18 +0800] "GET /xingrg/kc/buy/cgsh_order_operate.html?command=get_materiel&rest_code=00102&code=00101001169&supplier_code=00100090&order_time=2022-06-17 HTTP/1.1" 200 417
58.221.95.50 - - [17/Jun/2022:09:00:18 +0800] "GET /xingrg/all/function/internal_message.html?_=1655427615762&CODE_STATE=getMsg HTTP/1.1" 302 -
58.221.95.50 - - [17/Jun/2022:09:00:18 +0800] "GET /xingrg/login.html HTTP/1.1" 200 7641
58.221.95.50 - - [17/Jun/2022:09:00:18 +0800] "GET /xingrg/check_reg.html?_=1655427615888 HTTP/1.1" 302 -
114.95.43.0 - - [17/Jun/2022:09:00:22 +0800] "GET /xingrg/kc/base/base_main.html HTTP/1.1" 200 12142
114.95.43.0 - - [17/Jun/2022:09:00:24 +0800] "GET /xingrg/kc/base/wldb_order_list.html HTTP/1.1" 200 19142
114.95.43.0 - - [17/Jun/2022:09:00:24 +0800] "POST /xingrg/kc/base/wldb_list_operate.html HTTP/1.1" 200 928
114.95.43.0 - - [17/Jun/2022:09:00:27 +0800] "GET /xingrg/kc/base/wldb_order_add.html HTTP/1.1" 200 30356
114.95.43.0 - - [17/Jun/2022:09:00:27 +0800] "GET /xingrg/words/20220615165019_words.js HTTP/1.1" 304 -
114.95.43.0 - - [17/Jun/2022:09:00:27 +0800] "POST /xingrg/kc/base/wldb_order_operate.html HTTP/1.1" 200 6806
114.95.43.0 - - [17/Jun/2022:09:00:27 +0800] "GET /xingrg/all/common/auto_word.html?type=base&rest_code=00105 HTTP/1.1" 200 1907
114.95.43.0 - - [17/Jun/2022:09:00:27 +0800] "GET /xingrg/all/common/auto_word.html?type=base&rest_code=00105 HTTP/1.1" 200 1907
114.95.43.0 - - [17/Jun/2022:09:00:27 +0800] "GET /xingrg/javascript/easyui/themes/default/validatebox.css HTTP/1.1" 404 1104
114.95.43.0 - - [17/Jun/2022:09:00:27 +0800] "GET /xingrg/check_reg.html?_=1655427627695 HTTP/1.1" 200 22
114.95.43.0 - - [17/Jun/2022:09:00:28 +0800] "GET /xingrg/all/function/internal_message.html?_=1655427627698&CODE_STATE=getMsg HTTP/1.1" 200 27
180.156.212.250 - - [17/Jun/2022:09:00:31 +0800] "GET /xingrg/kc/buy/cgsh_order_operate.html?command=get_materiel&rest_code=00102&code=00101004065&supplier_code=00100090&order_time=2022-06-17 HTTP/1.1" 200 429
180.156.212.250 - - [17/Jun/2022:09:00:35 +0800] "GET /xingrg/all/function/internal_message.html?_=1655427702348&CODE_STATE=getMsg HTTP/1.1" 200 27
180.156.212.250 - - [17/Jun/2022:09:00:49 +0800] "POST /xingrg/kc/buy/cgsh_order_operate.html HTTP/1.1" 200 37
180.156.212.250 - - [17/Jun/2022:09:00:52 +0800] "POST /xingrg/kc/buy/cgsh_order_operate.html HTTP/1.1" 200 12
101.83.240.230 - - [17/Jun/2022:09:00:53 +0800] "GET /xingrg/check_reg.html?_=1655427648486 HTTP/1.1" 200 22
101.83.240.230 - - [17/Jun/2022:09:00:53 +0800] "GET /xingrg/all/function/internal_message.html?_=1655427648494&CODE_STATE=getMsg HTTP/1.1" 200 27
180.156.212.250 - - [17/Jun/2022:09:00:58 +0800] "GET /xingrg/kc/buy/cgsh_order_info.html?code=212022061701825 HTTP/1.1" 200 62587
180.156.212.250 - - [17/Jun/2022:09:00:59 +0800] "GET /xingrg/javascript/easyui/themes/default/validatebox.css HTTP/1.1" 404 1104
180.156.212.250 - - [17/Jun/2022:09:01:00 +0800] "POST /xingrg/kc/buy/cgsh_order_operate.html HTTP/1.1" 200 3005
101.83.223.227 - - [17/Jun/2022:09:01:03 +0800] "GET /xingrg/all/function/internal_message.html?_=1655427623539&CODE_STATE=getMsg HTTP/1.1" 200 27
120.253.135.82 - - [17/Jun/2022:09:01:03 +0800] "GET /xingrg/all/function/internal_message.html?_=1655427806344&CODE_STATE=getMsg HTTP/1.1" 200 27
180.156.212.250 - - [17/Jun/2022:09:01:04 +0800] "GET /xingrg/kc/print/load_data.html?order_code=212022061701825&kc_code=cgsh&condition= HTTP/1.1" 200 1685
58.35.194.53 - - [17/Jun/2022:09:01:09 +0800] "GET /xingrg/all/function/internal_message.html?_=1655427666585&CODE_STATE=getMsg HTTP/1.1" 200 27
58.35.194.53 - - [17/Jun/2022:09:01:10 +0800] "GET /xingrg/check_reg.html?_=1655427666586 HTTP/1.1" 200 22
218.81.223.53 - - [17/Jun/2022:09:01:10 +0800] "GET /xingrg/all/function/internal_message.html?_=1655427676322&CODE_STATE=getMsg HTTP/1.1" 200 27
101.83.223.227 - - [17/Jun/2022:09:01:10 +0800] "GET /xingrg/all/function/internal_message.html?_=1655427668006&CODE_STATE=getMsg HTTP/1.1" 200 27
120.253.135.82 - - [17/Jun/2022:09:01:12 +0800] "GET /xingrg/all/function/internal_message.html?_=1655427479031&CODE_STATE=getMsg HTTP/1.1" 200 27
114.95.43.0 - - [17/Jun/2022:09:01:16 +0800] "GET /xingrg/all/function/internal_message.html?_=1655427584153&CODE_STATE=getMsg HTTP/1.1" 200 27
116.230.110.173 - - [17/Jun/2022:09:01:18 +0800] "GET /xingrg/all/function/internal_message.html?_=1655427673514&CODE_STATE=getMsg HTTP/1.1" 200 27
58.221.95.50 - - [17/Jun/2022:09:01:18 +0800] "GET /xingrg/all/function/internal_message.html?_=1655427675744&CODE_STATE=getMsg HTTP/1.1" 302 -
114.95.43.0 - - [17/Jun/2022:09:01:27 +0800] "GET /xingrg/all/function/internal_message.html?_=1655427687698&CODE_STATE=getMsg HTTP/1.1" 200 27
180.156.212.250 - - [17/Jun/2022:09:01:34 +0800] "GET /xingrg/check_reg.html?_=1655427761229 HTTP/1.1" 200 22
180.156.212.250 - - [17/Jun/2022:09:01:35 +0800] "GET /xingrg/all/function/internal_message.html?_=1655427762352&CODE_STATE=getMsg HTTP/1.1" 200 27
101.83.223.227 - - [17/Jun/2022:09:01:43 +0800] "GET /xingrg/check_reg.html?_=1655427663778 HTTP/1.1" 200 22
180.169.147.146 - - [17/Jun/2022:09:01:50 +0800] "GET /xingrg/check_reg.html?_=1655427710788 HTTP/1.1" 200 22
101.83.240.230 - - [17/Jun/2022:09:01:53 +0800] "GET /xingrg/all/function/internal_message.html?_=1655427708492&CODE_STATE=getMsg HTTP/1.1" 200 27
101.83.223.227 - - [17/Jun/2022:09:02:03 +0800] "GET /xingrg/all/function/internal_message.html?_=1655427683543&CODE_STATE=getMsg HTTP/1.1" 200 27
120.253.135.82 - - [17/Jun/2022:09:02:03 +0800] "GET /xingrg/all/function/internal_message.html?_=1655427866351&CODE_STATE=getMsg HTTP/1.1" 200 27
58.35.194.53 - - [17/Jun/2022:09:02:09 +0800] "GET /xingrg/all/function/internal_message.html?_=1655427726587&CODE_STATE=getMsg HTTP/1.1" 200 27
218.81.223.53 - - [17/Jun/2022:09:02:10 +0800] "GET /xingrg/all/function/internal_message.html?_=1655427736333&CODE_STATE=getMsg HTTP/1.1" 200 27
101.83.223.227 - - [17/Jun/2022:09:02:10 +0800] "GET /xingrg/all/function/internal_message.html?_=1655427728006&CODE_STATE=getMsg HTTP/1.1" 200 27
120.253.135.82 - - [17/Jun/2022:09:02:10 +0800] "GET /xingrg/check_reg.html?_=1655427537856 HTTP/1.1" 200 22
120.253.135.82 - - [17/Jun/2022:09:02:12 +0800] "GET /xingrg/all/function/internal_message.html?_=1655427539044&CODE_STATE=getMsg HTTP/1.1" 200 27
114.95.43.0 - - [17/Jun/2022:09:02:16 +0800] "GET /xingrg/all/function/internal_message.html?_=1655427644144&CODE_STATE=getMsg HTTP/1.1" 200 27
116.230.110.173 - - [17/Jun/2022:09:02:18 +0800] "GET /xingrg/all/function/internal_message.html?_=1655427733509&CODE_STATE=getMsg HTTP/1.1" 200 27
58.221.95.50 - - [17/Jun/2022:09:02:18 +0800] "GET /xingrg/all/function/internal_message.html?_=1655427735726&CODE_STATE=getMsg HTTP/1.1" 302 -
114.95.43.0 - - [17/Jun/2022:09:02:27 +0800] "GET /xingrg/all/function/internal_message.html?_=1655427747697&CODE_STATE=getMsg HTTP/1.1" 200 27
180.156.212.250 - - [17/Jun/2022:09:02:35 +0800] "GET /xingrg/all/function/internal_message.html?_=1655427822366&CODE_STATE=getMsg HTTP/1.1" 200 27
114.95.43.0 - - [17/Jun/2022:09:02:45 +0800] "GET /xingrg/check_reg.html?_=1655427673226 HTTP/1.1" 200 22
101.83.240.230 - - [17/Jun/2022:09:02:53 +0800] "GET /xingrg/all/function/internal_message.html?_=1655427768491&CODE_STATE=getMsg HTTP/1.1" 200 27
58.221.95.50 - - [17/Jun/2022:09:02:55 +0800] "GET /xingrg/index.html?sysBaseUrl=http%3A%2F%2F180.169.147.146%3A18081%2Fxingrg%2F&costTime=43×tamp=1605075543692 HTTP/1.1" 302 -
58.221.95.50 - - [17/Jun/2022:09:02:55 +0800] "GET /xingrg/login.html HTTP/1.1" 200 7641
58.221.95.50 - - [17/Jun/2022:09:02:55 +0800] "GET /favicon.ico HTTP/1.1" 404 -
58.221.95.50 - - [17/Jun/2022:09:02:56 +0800] "POST /xingrg/login.do HTTP/1.1" 302 -
58.221.95.50 - - [17/Jun/2022:09:02:56 +0800] "GET /xingrg/index.html?sysBaseUrl=http%3A%2F%2F180.169.147.146%3A18081%2Fxingrg%2F&costTime=43×tamp=1655427776892 HTTP/1.1" 200 17417
58.221.95.50 - - [17/Jun/2022:09:02:56 +0800] "GET /favicon.ico HTTP/1.1" 404 -
58.221.95.50 - - [17/Jun/2022:09:02:57 +0800] "POST /xingrg/all/common/load_tree.html?tree=area_rest_tree_json&manage=1 HTTP/1.1" 200 3472
58.221.95.50 - - [17/Jun/2022:09:02:57 +0800] "GET /xingrg/all/function/internal_message.html?_=1655427774416&CODE_STATE=count HTTP/1.1" 200 11
58.221.95.50 - - [17/Jun/2022:09:02:57 +0800] "GET /xingrg/check_reg.html?_=1655427774416 HTTP/1.1" 200 22
58.221.95.50 - - [17/Jun/2022:09:02:57 +0800] "POST /xingrg/load_menu.html HTTP/1.1" 200 9959
120.253.135.82 - - [17/Jun/2022:09:03:02 +0800] "GET /xingrg/check_reg.html?_=1655427925675 HTTP/1.1" 200 22
101.83.223.227 - - [17/Jun/2022:09:03:03 +0800] "GET /xingrg/all/function/internal_message.html?_=1655427743556&CODE_STATE=getMsg HTTP/1.1" 200 27
120.253.135.82 - - [17/Jun/2022:09:03:03 +0800] "GET /xingrg/all/function/internal_message.html?_=1655427926364&CODE_STATE=getMsg HTTP/1.1" 200 27
218.81.223.53 - - [17/Jun/2022:09:03:08 +0800] "GET /xingrg/check_reg.html?_=1655427794654 HTTP/1.1" 200 22
58.35.194.53 - - [17/Jun/2022:09:03:09 +0800] "GET /xingrg/all/function/internal_message.html?_=1655427786589&CODE_STATE=getMsg HTTP/1.1" 200 27
218.81.223.53 - - [17/Jun/2022:09:03:10 +0800] "GET /xingrg/all/function/internal_message.html?_=1655427796346&CODE_STATE=getMsg HTTP/1.1" 200 27
101.83.223.227 - - [17/Jun/2022:09:03:10 +0800] "GET /xingrg/all/function/internal_message.html?_=1655427788010&CODE_STATE=getMsg HTTP/1.1" 200 27
120.253.135.82 - - [17/Jun/2022:09:03:12 +0800] "GET /xingrg/all/function/internal_message.html?_=1655427599058&CODE_STATE=getMsg HTTP/1.1" 200 27
114.95.43.0 - - [17/Jun/2022:09:03:16 +0800] "GET /xingrg/all/function/internal_message.html?_=1655427704114&CODE_STATE=getMsg HTTP/1.1" 200 27
116.230.110.173 - - [17/Jun/2022:09:03:18 +0800] "GET /xingrg/all/function/internal_message.html?_=1655427793498&CODE_STATE=getMsg HTTP/1.1" 200 27
114.95.43.0 - - [17/Jun/2022:09:03:27 +0800] "GET /xingrg/all/function/internal_message.html?_=1655427807698&CODE_STATE=getMsg HTTP/1.1" 200 27
180.156.212.250 - - [17/Jun/2022:09:03:35 +0800] "GET /xingrg/all/function/internal_message.html?_=1655427882378&CODE_STATE=getMsg HTTP/1.1" 200 27
101.83.240.230 - - [17/Jun/2022:09:03:53 +0800] "GET /xingrg/all/function/internal_message.html?_=1655427828505&CODE_STATE=getMsg HTTP/1.1" 200 27
58.221.95.50 - - [17/Jun/2022:09:03:57 +0800] "GET /xingrg/all/function/internal_message.html?_=1655427834481&CODE_STATE=getMsg HTTP/1.1" 200 27
101.83.223.227 - - [17/Jun/2022:09:04:03 +0800] "GET /xingrg/all/function/internal_message.html?_=1655427803595&CODE_STATE=getMsg HTTP/1.1" 200 27
120.253.135.82 - - [17/Jun/2022:09:04:03 +0800] "GET /xingrg/all/function/internal_message.html?_=1655427986379&CODE_STATE=getMsg HTTP/1.1" 200 27
58.35.194.53 - - [17/Jun/2022:09:04:09 +0800] "GET /xingrg/all/function/internal_message.html?_=1655427846574&CODE_STATE=getMsg HTTP/1.1" 200 27
218.81.223.53 - - [17/Jun/2022:09:04:10 +0800] "GET /xingrg/all/function/internal_message.html?_=1655427856360&CODE_STATE=getMsg HTTP/1.1" 200 27
101.83.223.227 - - [17/Jun/2022:09:04:10 +0800] "GET /xingrg/check_reg.html?_=1655427848010 HTTP/1.1" 200 22
101.83.223.227 - - [17/Jun/2022:09:04:10 +0800] "GET /xingrg/all/function/internal_message.html?_=1655427848012&CODE_STATE=getMsg HTTP/1.1" 200 27
120.253.135.82 - - [17/Jun/2022:09:04:12 +0800] "GET /xingrg/all/function/internal_message.html?_=1655427659071&CODE_STATE=getMsg HTTP/1.1" 200 27
114.95.43.0 - - [17/Jun/2022:09:04:16 +0800] "GET /xingrg/all/function/internal_message.html?_=1655427764089&CODE_STATE=getMsg HTTP/1.1" 200 27
116.230.110.173 - - [17/Jun/2022:09:04:18 +0800] "GET /xingrg/all/function/internal_message.html?_=1655427853509&CODE_STATE=getMsg HTTP/1.1" 200 27
116.230.110.173 - - [17/Jun/2022:09:04:18 +0800] "GET /xingrg/check_reg.html?_=1655427853510 HTTP/1.1" 200 22
114.95.43.0 - - [17/Jun/2022:09:04:27 +0800] "GET /xingrg/all/function/internal_message.html?_=1655427867698&CODE_STATE=getMsg HTTP/1.1" 200 27
180.156.212.250 - - [17/Jun/2022:09:04:35 +0800] "GET /xingrg/all/function/internal_message.html?_=1655427942519&CODE_STATE=getMsg HTTP/1.1" 200 27
101.83.240.230 - - [17/Jun/2022:09:04:53 +0800] "GET /xingrg/all/function/internal_message.html?_=1655427888509&CODE_STATE=getMsg HTTP/1.1" 200 27
180.156.212.250 - - [17/Jun/2022:09:04:54 +0800] "GET /xingrg/kc/buy/cgsh_order_add.html HTTP/1.1" 200 67682
180.156.212.250 - - [17/Jun/2022:09:04:55 +0800] "POST /xingrg/kc/buy/cgsh_order_operate.html HTTP/1.1" 200 8245
180.156.212.250 - - [17/Jun/2022:09:04:56 +0800] "GET /xingrg/javascript/easyui/themes/default/validatebox.css HTTP/1.1" 404 1104
58.221.95.50 - - [17/Jun/2022:09:04:57 +0800] "GET /xingrg/all/function/internal_message.html?_=1655427894425&CODE_STATE=getMsg HTTP/1.1" 200 27
180.156.212.250 - - [17/Jun/2022:09:04:57 +0800] "GET /xingrg/javascript/easyui/themes/default/tree.css HTTP/1.1" 404 1090
180.156.212.250 - - [17/Jun/2022:09:04:57 +0800] "POST /xingrg/all/common/load_tree.html?tree=supplier_tree_json&isDelete=1 HTTP/1.1" 200 66456
58.221.95.50 - - [17/Jun/2022:09:04:59 +0800] "GET /xingrg/kc/buy/cgsh_order_list.html HTTP/1.1" 200 51910
58.221.95.50 - - [17/Jun/2022:09:05:02 +0800] "POST /xingrg/kc/buy/cgsh_list_operate.html HTTP/1.1" 200 1443
101.83.223.227 - - [17/Jun/2022:09:05:03 +0800] "GET /xingrg/all/function/internal_message.html?_=1655427863599&CODE_STATE=getMsg HTTP/1.1" 200 27
120.253.135.82 - - [17/Jun/2022:09:05:03 +0800] "GET /xingrg/all/function/internal_message.html?_=1655428046392&CODE_STATE=getMsg HTTP/1.1" 200 27
58.221.95.50 - - [17/Jun/2022:09:05:06 +0800] "POST /xingrg/kc/buy/cgsh_list_operate.html HTTP/1.1" 200 4796
58.35.194.53 - - [17/Jun/2022:09:05:09 +0800] "GET /xingrg/all/function/internal_message.html?_=1655427906576&CODE_STATE=getMsg HTTP/1.1" 200 27
218.81.223.53 - - [17/Jun/2022:09:05:10 +0800] "GET /xingrg/all/function/internal_message.html?_=1655427916374&CODE_STATE=getMsg HTTP/1.1" 200 27
101.83.223.227 - - [17/Jun/2022:09:05:10 +0800] "GET /xingrg/all/function/internal_message.html?_=1655427908011&CODE_STATE=getMsg HTTP/1.1" 200 27
58.221.95.50 - - [17/Jun/2022:09:05:10 +0800] "POST /xingrg/kc/buy/cgsh_list_operate.html HTTP/1.1" 200 599
120.253.135.82 - - [17/Jun/2022:09:05:12 +0800] "GET /xingrg/all/function/internal_message.html?_=1655427719164&CODE_STATE=getMsg HTTP/1.1" 200 27
58.221.95.50 - - [17/Jun/2022:09:05:15 +0800] "POST /xingrg/kc/buy/cgsh_list_operate.html HTTP/1.1" 200 4
114.95.43.0 - - [17/Jun/2022:09:05:16 +0800] "GET /xingrg/all/function/internal_message.html?_=1655427824062&CODE_STATE=getMsg HTTP/1.1" 200 27
116.230.110.173 - - [17/Jun/2022:09:05:18 +0800] "GET /xingrg/all/function/internal_message.html?_=1655427913501&CODE_STATE=getMsg HTTP/1.1" 200 27
114.95.43.0 - - [17/Jun/2022:09:05:27 +0800] "GET /xingrg/check_reg.html?_=1655427927698 HTTP/1.1" 200 22
114.95.43.0 - - [17/Jun/2022:09:05:27 +0800] "GET /xingrg/all/function/internal_message.html?_=1655427927701&CODE_STATE=getMsg HTTP/1.1" 200 27
120.253.135.82 - - [17/Jun/2022:09:05:29 +0800] "GET /xingrg/kc/pszx/mdqp_order_list.html?state=10 HTTP/1.1" 200 10217
120.253.135.82 - - [17/Jun/2022:09:05:29 +0800] "GET /xingrg/dwr/interface/AjaxQqpsService.js HTTP/1.1" 200 16326
120.253.135.82 - - [17/Jun/2022:09:05:29 +0800] "GET /xingrg/dwr/interface/AjaxReportQueryService.js HTTP/1.1" 200 13203
120.253.135.82 - - [17/Jun/2022:09:05:29 +0800] "GET /xingrg/dwr/engine.js HTTP/1.1" 200 43631
120.253.135.82 - - [17/Jun/2022:09:05:33 +0800] "GET /xingrg/kc/pszx/mdqp_order_list.html?state=10 HTTP/1.1" 200 10217
120.253.135.82 - - [17/Jun/2022:09:05:33 +0800] "GET /xingrg/dwr/interface/AjaxReportQueryService.js HTTP/1.1" 200 13203
120.253.135.82 - - [17/Jun/2022:09:05:33 +0800] "GET /xingrg/dwr/interface/AjaxQqpsService.js HTTP/1.1" 200 16326
120.253.135.82 - - [17/Jun/2022:09:05:33 +0800] "GET /xingrg/dwr/engine.js HTTP/1.1" 200 43631
180.156.212.250 - - [17/Jun/2022:09:05:35 +0800] "GET /xingrg/all/function/internal_message.html?_=1655428002530&CODE_STATE=getMsg HTTP/1.1" 200 27
120.253.135.82 - - [17/Jun/2022:09:05:35 +0800] "GET /xingrg/kc/pszx/mdps_order_list.html?orderType=0 HTTP/1.1" 200 21007
120.253.135.82 - - [17/Jun/2022:09:05:35 +0800] "POST /xingrg/kc/pszx/mdps_list_operate.html HTTP/1.1" 200 5326
120.253.135.82 - - [17/Jun/2022:09:05:40 +0800] "GET /xingrg/kc/pszx/mdth_order_list.html HTTP/1.1" 200 18431
120.253.135.82 - - [17/Jun/2022:09:05:40 +0800] "POST /xingrg/kc/pszx/mdth_order_new_list.html HTTP/1.1" 200 4841
120.253.135.82 - - [17/Jun/2022:09:05:42 +0800] "POST /xingrg/kc/pszx/mdth_order_new_list.html HTTP/1.1" 200 540
101.83.240.230 - - [17/Jun/2022:09:05:53 +0800] "GET /xingrg/check_reg.html?_=1655427948504 HTTP/1.1" 200 22
101.83.240.230 - - [17/Jun/2022:09:05:53 +0800] "GET /xingrg/all/function/internal_message.html?_=1655427948506&CODE_STATE=getMsg HTTP/1.1" 200 27
120.253.135.82 - - [17/Jun/2022:09:05:54 +0800] "GET /xingrg/kc/pszx/mdth_order_info.html?code=322022061600030 HTTP/1.1" 200 22179
120.253.135.82 - - [17/Jun/2022:09:05:55 +0800] "GET /xingrg/javascript/easyui/themes/default/validatebox.css HTTP/1.1" 404 1104
120.253.135.82 - - [17/Jun/2022:09:05:55 +0800] "POST /xingrg/kc/pszx/mdth_order_new_info.html HTTP/1.1" 200 1392
58.221.95.50 - - [17/Jun/2022:09:05:57 +0800] "GET /xingrg/all/function/internal_message.html?_=1655427954424&CODE_STATE=getMsg HTTP/1.1" 200 27
58.221.95.50 - - [17/Jun/2022:09:05:57 +0800] "POST /xingrg/kc/buy/cgsh_list_operate.html HTTP/1.1" 200 4796
101.83.223.227 - - [17/Jun/2022:09:06:03 +0800] "GET /xingrg/all/function/internal_message.html?_=1655427923637&CODE_STATE=getMsg HTTP/1.1" 200 27
120.253.135.82 - - [17/Jun/2022:09:06:03 +0800] "GET /xingrg/all/function/internal_message.html?_=1655428106422&CODE_STATE=getMsg HTTP/1.1" 200 27
180.156.212.250 - - [17/Jun/2022:09:06:04 +0800] "GET /xingrg/kc/buy/cgsh_order_operate.html?command=get_materiel&rest_code=00102&code=00101004063&supplier_code=00100347&order_time=2022-06-17 HTTP/1.1" 200 416
58.35.194.53 - - [17/Jun/2022:09:06:09 +0800] "GET /xingrg/all/function/internal_message.html?_=1655427966578&CODE_STATE=getMsg HTTP/1.1" 200 27
58.35.194.53 - - [17/Jun/2022:09:06:10 +0800] "GET /xingrg/check_reg.html?_=1655427966579 HTTP/1.1" 200 22
218.81.223.53 - - [17/Jun/2022:09:06:10 +0800] "GET /xingrg/all/function/internal_message.html?_=1655427976457&CODE_STATE=getMsg HTTP/1.1" 200 27
101.83.223.227 - - [17/Jun/2022:09:06:10 +0800] "GET /xingrg/all/function/internal_message.html?_=1655427968010&CODE_STATE=getMsg HTTP/1.1" 200 27
101.83.240.230 - - [17/Jun/2022:09:06:11 +0800] "GET /xingrg/kc/buy/cgsh_order_add.html HTTP/1.1" 200 67776
101.83.240.230 - - [17/Jun/2022:09:06:11 +0800] "POST /xingrg/kc/buy/cgsh_order_operate.html HTTP/1.1" 200 8245
101.83.240.230 - - [17/Jun/2022:09:06:11 +0800] "GET /xingrg/javascript/easyui/themes/default/validatebox.css HTTP/1.1" 404 1104
120.253.135.82 - - [17/Jun/2022:09:06:12 +0800] "GET /xingrg/all/function/internal_message.html?_=1655427779177&CODE_STATE=getMsg HTTP/1.1" 200 27
114.95.43.0 - - [17/Jun/2022:09:06:16 +0800] "GET /xingrg/all/function/internal_message.html?_=1655427884035&CODE_STATE=getMsg HTTP/1.1" 200 27
116.230.110.173 - - [17/Jun/2022:09:06:18 +0800] "GET /xingrg/all/function/internal_message.html?_=1655427973506&CODE_STATE=getMsg HTTP/1.1" 200 27
101.83.240.230 - - [17/Jun/2022:09:06:24 +0800] "GET /xingrg/kc/buy/cgsh_order_operate.html?command=get_materiel&rest_code=00149&code=00101007085&supplier_code=00100205&order_time=2022-06-16 HTTP/1.1" 200 413
180.156.212.250 - - [17/Jun/2022:09:06:25 +0800] "GET /xingrg/kc/buy/cgsh_order_operate.html?command=get_materiel&rest_code=00102&code=00101004051&supplier_code=00100347&order_time=2022-06-17 HTTP/1.1" 200 408
114.95.43.0 - - [17/Jun/2022:09:06:27 +0800] "GET /xingrg/all/function/internal_message.html?_=1655427987699&CODE_STATE=getMsg HTTP/1.1" 200 27
180.156.212.250 - - [17/Jun/2022:09:06:34 +0800] "GET /xingrg/check_reg.html?_=1655428061236 HTTP/1.1" 200 22
101.83.240.230 - - [17/Jun/2022:09:06:34 +0800] "POST /xingrg/kc/buy/cgsh_order_operate.html HTTP/1.1" 200 37
180.156.212.250 - - [17/Jun/2022:09:06:35 +0800] "GET /xingrg/all/function/internal_message.html?_=1655428062544&CODE_STATE=getMsg HTTP/1.1" 200 27
180.156.212.250 - - [17/Jun/2022:09:06:39 +0800] "GET /xingrg/kc/buy/cgsh_order_operate.html?command=get_materiel&rest_code=00102&code=00101004046&supplier_code=00100347&order_time=2022-06-17 HTTP/1.1" 200 417
101.83.240.230 - - [17/Jun/2022:09:06:40 +0800] "POST /xingrg/kc/buy/cgsh_order_operate.html HTTP/1.1" 200 12
101.83.240.230 - - [17/Jun/2022:09:06:42 +0800] "GET /xingrg/kc/buy/cgsh_order_info.html?code=212022061701826 HTTP/1.1" 200 62677
101.83.240.230 - - [17/Jun/2022:09:06:42 +0800] "GET /xingrg/javascript/easyui/themes/default/validatebox.css HTTP/1.1" 404 1104
101.83.223.227 - - [17/Jun/2022:09:06:43 +0800] "GET /xingrg/check_reg.html?_=1655427963788 HTTP/1.1" 200 22
101.83.240.230 - - [17/Jun/2022:09:06:43 +0800] "POST /xingrg/kc/buy/cgsh_order_operate.html HTTP/1.1" 200 607
101.83.240.230 - - [17/Jun/2022:09:06:44 +0800] "GET /xingrg/kc/print/load_data.html?order_code=212022061701826&kc_code=cgsh&condition= HTTP/1.1" 200 696
180.169.147.146 - - [17/Jun/2022:09:06:50 +0800] "GET /xingrg/check_reg.html?_=1655428010789 HTTP/1.1" 200 22
101.83.240.230 - - [17/Jun/2022:09:06:53 +0800] "GET /xingrg/all/function/internal_message.html?_=1655428008512&CODE_STATE=getMsg HTTP/1.1" 200 27
101.83.240.230 - - [17/Jun/2022:09:06:54 +0800] "GET /xingrg/kc/buy/cgsh_order_add.html HTTP/1.1" 200 67776
101.83.240.230 - - [17/Jun/2022:09:06:54 +0800] "GET /xingrg/javascript/easyui/themes/default/validatebox.css HTTP/1.1" 404 1104
101.83.240.230 - - [17/Jun/2022:09:06:55 +0800] "POST /xingrg/kc/buy/cgsh_order_operate.html HTTP/1.1" 200 8245
58.221.95.50 - - [17/Jun/2022:09:06:57 +0800] "GET /xingrg/all/function/internal_message.html?_=1655428014426&CODE_STATE=getMsg HTTP/1.1" 200 27
101.83.223.227 - - [17/Jun/2022:09:07:03 +0800] "GET /xingrg/all/function/internal_message.html?_=1655427983641&CODE_STATE=getMsg HTTP/1.1" 200 27
120.253.135.82 - - [17/Jun/2022:09:07:03 +0800] "GET /xingrg/all/function/internal_message.html?_=1655428166434&CODE_STATE=getMsg HTTP/1.1" 200 27
58.35.194.53 - - [17/Jun/2022:09:07:09 +0800] "GET /xingrg/all/function/internal_message.html?_=1655428026580&CODE_STATE=getMsg HTTP/1.1" 200 27
218.81.223.53 - - [17/Jun/2022:09:07:10 +0800] "GET /xingrg/all/function/internal_message.html?_=1655428036463&CODE_STATE=getMsg HTTP/1.1" 200 27
101.83.223.227 - - [17/Jun/2022:09:07:10 +0800] "GET /xingrg/all/function/internal_message.html?_=1655428028009&CODE_STATE=getMsg HTTP/1.1" 200 27
120.253.135.82 - - [17/Jun/2022:09:07:10 +0800] "GET /xingrg/check_reg.html?_=1655427837863 HTTP/1.1" 200 22
120.253.135.82 - - [17/Jun/2022:09:07:12 +0800] "GET /xingrg/all/function/internal_message.html?_=1655427839189&CODE_STATE=getMsg HTTP/1.1" 200 27
180.156.212.250 - - [17/Jun/2022:09:07:13 +0800] "GET /xingrg/kc/buy/cgsh_order_operate.html?command=get_materiel&rest_code=00102&code=00101004074&supplier_code=00100347&order_time=2022-06-17 HTTP/1.1" 200 406
114.95.43.0 - - [17/Jun/2022:09:07:16 +0800] "GET /xingrg/all/function/internal_message.html?_=1655427944015&CODE_STATE=getMsg HTTP/1.1" 200 27
116.230.110.173 - - [17/Jun/2022:09:07:18 +0800] "GET /xingrg/all/function/internal_message.html?_=1655428033504&CODE_STATE=getMsg HTTP/1.1" 200 27
114.95.43.0 - - [17/Jun/2022:09:07:27 +0800] "GET /xingrg/all/function/internal_message.html?_=1655428047699&CODE_STATE=getMsg HTTP/1.1" 200 27
180.156.212.250 - - [17/Jun/2022:09:07:33 +0800] "GET /xingrg/kc/buy/cgsh_order_operate.html?command=get_materiel&rest_code=00102&code=00101004067&supplier_code=00100347&order_time=2022-06-17 HTTP/1.1" 200 429
180.156.212.250 - - [17/Jun/2022:09:07:35 +0800] "GET /xingrg/all/function/internal_message.html?_=1655428122559&CODE_STATE=getMsg HTTP/1.1" 200 27
180.156.212.250 - - [17/Jun/2022:09:07:42 +0800] "GET /xingrg/kc/buy/cgsh_order_operate.html?command=get_materiel&rest_code=00102&code=00101004050&supplier_code=00100347&order_time=2022-06-17 HTTP/1.1" 200 409
114.95.43.0 - - [17/Jun/2022:09:07:45 +0800] "GET /xingrg/check_reg.html?_=1655427973222 HTTP/1.1" 200 22
101.83.240.230 - - [17/Jun/2022:09:07:53 +0800] "GET /xingrg/all/function/internal_message.html?_=1655428068515&CODE_STATE=getMsg HTTP/1.1" 200 27
180.156.212.250 - - [17/Jun/2022:09:07:54 +0800] "GET /xingrg/kc/buy/cgsh_order_operate.html?command=get_materiel&rest_code=00102&code=00101004014&supplier_code=00100347&order_time=2022-06-17 HTTP/1.1" 200 423
58.221.95.50 - - [17/Jun/2022:09:07:57 +0800] "GET /xingrg/check_reg.html?_=1655428074425 HTTP/1.1" 200 22
58.221.95.50 - - [17/Jun/2022:09:07:57 +0800] "GET /xingrg/all/function/internal_message.html?_=1655428074427&CODE_STATE=getMsg HTTP/1.1" 200 27
120.253.135.82 - - [17/Jun/2022:09:08:02 +0800] "GET /xingrg/check_reg.html?_=1655428225696 HTTP/1.1" 200 22
101.83.223.227 - - [17/Jun/2022:09:08:03 +0800] "GET /xingrg/all/function/internal_message.html?_=1655428043655&CODE_STATE=getMsg HTTP/1.1" 200 27
120.253.135.82 - - [17/Jun/2022:09:08:03 +0800] "GET /xingrg/all/function/internal_message.html?_=1655428226448&CODE_STATE=getMsg HTTP/1.1" 200 27
218.81.223.53 - - [17/Jun/2022:09:08:08 +0800] "GET /xingrg/check_reg.html?_=1655428094733 HTTP/1.1" 200 22
58.35.194.53 - - [17/Jun/2022:09:08:09 +0800] "GET /xingrg/all/function/internal_message.html?_=1655428086581&CODE_STATE=getMsg HTTP/1.1" 200 27
218.81.223.53 - - [17/Jun/2022:09:08:10 +0800] "GET /xingrg/all/function/internal_message.html?_=1655428096477&CODE_STATE=getMsg HTTP/1.1" 200 27
101.83.223.227 - - [17/Jun/2022:09:08:10 +0800] "GET /xingrg/all/function/internal_message.html?_=1655428088015&CODE_STATE=getMsg HTTP/1.1" 200 27
120.253.135.82 - - [17/Jun/2022:09:08:12 +0800] "GET /xingrg/all/function/internal_message.html?_=1655427899203&CODE_STATE=getMsg HTTP/1.1" 200 27
114.95.43.0 - - [17/Jun/2022:09:08:16 +0800] "GET /xingrg/all/function/internal_message.html?_=1655428003993&CODE_STATE=getMsg HTTP/1.1" 200 27
116.230.110.173 - - [17/Jun/2022:09:08:18 +0800] "GET /xingrg/all/function/internal_message.html?_=1655428093514&CODE_STATE=getMsg HTTP/1.1" 200 27
114.95.43.0 - - [17/Jun/2022:09:08:27 +0800] "GET /xingrg/all/function/internal_message.html?_=1655428107698&CODE_STATE=getMsg HTTP/1.1" 200 27
180.156.212.250 - - [17/Jun/2022:09:08:35 +0800] "GET /xingrg/all/function/internal_message.html?_=1655428182672&CODE_STATE=getMsg HTTP/1.1" 200 27
180.156.212.250 - - [17/Jun/2022:09:08:41 +0800] "GET /xingrg/kc/buy/cgsh_order_operate.html?command=get_materiel&rest_code=00102&code=00101003035&supplier_code=00100347&order_time=2022-06-17 HTTP/1.1" 200 428
101.83.240.230 - - [17/Jun/2022:09:08:53 +0800] "GET /xingrg/all/function/internal_message.html?_=1655428128518&CODE_STATE=getMsg HTTP/1.1" 200 27
180.156.212.250 - - [17/Jun/2022:09:08:54 +0800] "GET /xingrg/kc/buy/cgsh_order_operate.html?command=get_materiel&rest_code=00102&code=00101003006&supplier_code=00100347&order_time=2022-06-17 HTTP/1.1" 200 434
58.221.95.50 - - [17/Jun/2022:09:08:57 +0800] "GET /xingrg/all/function/internal_message.html?_=1655428134426&CODE_STATE=getMsg HTTP/1.1" 200 27
114.95.43.0 - - [17/Jun/2022:09:08:58 +0800] "GET /xingrg/kc/base/wldb_order_operate.html?command=get_materiel&rest_code=00105&base_code=0010507&code=00101019290 HTTP/1.1" 200 435
101.83.223.227 - - [17/Jun/2022:09:09:03 +0800] "GET /xingrg/all/function/internal_message.html?_=1655428103706&CODE_STATE=getMsg HTTP/1.1" 200 27
120.253.135.82 - - [17/Jun/2022:09:09:03 +0800] "GET /xingrg/all/function/internal_message.html?_=1655428286462&CODE_STATE=getMsg HTTP/1.1" 200 27
180.156.212.250 - - [17/Jun/2022:09:09:05 +0800] "POST /xingrg/kc/buy/cgsh_order_operate.html HTTP/1.1" 200 37
116.232.33.54 - - [17/Jun/2022:09:09:05 +0800] "POST /xingrg/services/DataTransmitService HTTP/1.1" 200 524
58.35.194.53 - - [17/Jun/2022:09:09:09 +0800] "GET /xingrg/all/function/internal_message.html?_=1655428146583&CODE_STATE=getMsg HTTP/1.1" 200 27
218.81.223.53 - - [17/Jun/2022:09:09:10 +0800] "GET /xingrg/all/function/internal_message.html?_=1655428156490&CODE_STATE=getMsg HTTP/1.1" 200 27
101.83.223.227 - - [17/Jun/2022:09:09:10 +0800] "GET /xingrg/check_reg.html?_=1655428148017 HTTP/1.1" 200 22
101.83.223.227 - - [17/Jun/2022:09:09:10 +0800] "GET /xingrg/all/function/internal_message.html?_=1655428148020&CODE_STATE=getMsg HTTP/1.1" 200 27
120.253.135.82 - - [17/Jun/2022:09:09:12 +0800] "GET /xingrg/all/function/internal_message.html?_=1655427959217&CODE_STATE=getMsg HTTP/1.1" 200 27
116.230.110.173 - - [17/Jun/2022:09:09:18 +0800] "GET /xingrg/check_reg.html?_=1655428153506 HTTP/1.1" 200 22
116.230.110.173 - - [17/Jun/2022:09:09:18 +0800] "GET /xingrg/all/function/internal_message.html?_=1655428153510&CODE_STATE=getMsg HTTP/1.1" 200 27
114.95.43.0 - - [17/Jun/2022:09:09:27 +0800] "GET /xingrg/all/function/internal_message.html?_=1655428167698&CODE_STATE=getMsg HTTP/1.1" 200 27
180.156.212.250 - - [17/Jun/2022:09:09:33 +0800] "POST /xingrg/kc/buy/cgsh_order_operate.html HTTP/1.1" 200 6822
180.156.212.250 - - [17/Jun/2022:09:09:35 +0800] "GET /xingrg/all/function/internal_message.html?_=1655428242695&CODE_STATE=getMsg HTTP/1.1" 200 27
114.95.43.0 - - [17/Jun/2022:09:09:40 +0800] "GET /xingrg/kc/base/wldb_order_operate.html?command=get_materiel&rest_code=00105&base_code=0010507&code=00101019211 HTTP/1.1" 200 445
101.83.240.230 - - [17/Jun/2022:09:09:53 +0800] "GET /xingrg/all/function/internal_message.html?_=1655428188518&CODE_STATE=getMsg HTTP/1.1" 200 27
58.221.95.50 - - [17/Jun/2022:09:09:57 +0800] "GET /xingrg/all/function/internal_message.html?_=1655428194425&CODE_STATE=getMsg HTTP/1.1" 200 27
101.83.223.227 - - [17/Jun/2022:09:10:03 +0800] "GET /xingrg/all/function/internal_message.html?_=1655428163714&CODE_STATE=getMsg HTTP/1.1" 200 27
120.253.135.82 - - [17/Jun/2022:09:10:03 +0800] "GET /xingrg/all/function/internal_message.html?_=1655428346479&CODE_STATE=getMsg HTTP/1.1" 200 27
58.35.194.53 - - [17/Jun/2022:09:10:09 +0800] "GET /xingrg/all/function/internal_message.html?_=1655428206585&CODE_STATE=getMsg HTTP/1.1" 200 27
218.81.223.53 - - [17/Jun/2022:09:10:10 +0800] "GET /xingrg/all/function/internal_message.html?_=1655428216503&CODE_STATE=getMsg HTTP/1.1" 200 27
101.83.223.227 - - [17/Jun/2022:09:10:10 +0800] "GET /xingrg/all/function/internal_message.html?_=1655428208005&CODE_STATE=getMsg HTTP/1.1" 200 27
120.253.135.82 - - [17/Jun/2022:09:10:12 +0800] "GET /xingrg/all/function/internal_message.html?_=1655428019299&CODE_STATE=getMsg HTTP/1.1" 200 27
114.95.43.0 - - [17/Jun/2022:09:10:16 +0800] "GET /xingrg/all/function/internal_message.html?_=1655428124017&CODE_STATE=getMsg HTTP/1.1" 200 27
116.230.110.173 - - [17/Jun/2022:09:10:18 +0800] "GET /xingrg/all/function/internal_message.html?_=1655428213504&CODE_STATE=getMsg HTTP/1.1" 200 27
114.95.43.0 - - [17/Jun/2022:09:10:27 +0800] "GET /xingrg/check_reg.html?_=1655428227725 HTTP/1.1" 200 22
114.95.43.0 - - [17/Jun/2022:09:10:28 +0800] "GET /xingrg/all/function/internal_message.html?_=1655428227729&CODE_STATE=getMsg HTTP/1.1" 200 27
180.156.212.250 - - [17/Jun/2022:09:10:35 +0800] "GET /xingrg/all/function/internal_message.html?_=1655428302720&CODE_STATE=getMsg HTTP/1.1" 200 27
114.95.43.0 - - [17/Jun/2022:09:10:47 +0800] "GET /xingrg/kc/base/wldb_order_operate.html?command=get_materiel&rest_code=00105&base_code=0010507&code=00101019377 HTTP/1.1" 200 463
101.83.240.230 - - [17/Jun/2022:09:10:53 +0800] "GET /xingrg/all/function/internal_message.html?_=1655428248523&CODE_STATE=getMsg HTTP/1.1" 200 27
101.83.240.230 - - [17/Jun/2022:09:10:53 +0800] "GET /xingrg/check_reg.html?_=1655428248523 HTTP/1.1" 200 22
58.221.95.50 - - [17/Jun/2022:09:10:57 +0800] "GET /xingrg/all/function/internal_message.html?_=1655428254425&CODE_STATE=getMsg HTTP/1.1" 200 27
101.83.223.227 - - [17/Jun/2022:09:11:03 +0800] "GET /xingrg/all/function/internal_message.html?_=1655428223766&CODE_STATE=getMsg HTTP/1.1" 200 27
120.253.135.82 - - [17/Jun/2022:09:11:03 +0800] "GET /xingrg/all/function/internal_message.html?_=1655428406512&CODE_STATE=getMsg HTTP/1.1" 200 27
120.253.135.82 - - [17/Jun/2022:09:11:06 +0800] "GET /xingrg/kc/report/report_main.html HTTP/1.1" 200 8599
120.253.135.82 - - [17/Jun/2022:09:11:06 +0800] "GET /xingrg/javascript/jquery_ui/themes/humanity/humanity.css HTTP/1.1" 304 -
120.253.135.82 - - [17/Jun/2022:09:11:07 +0800] "GET /xingrg/kc/base/kc_stocks.html HTTP/1.1" 200 16437
120.253.135.82 - - [17/Jun/2022:09:11:07 +0800] "GET /xingrg/javascript/easyui/themes/sunny/easyui.css HTTP/1.1" 304 -
120.253.135.82 - - [17/Jun/2022:09:11:07 +0800] "GET /xingrg/javascript/easyui/themes/icons/filter_new.png HTTP/1.1" 304 -
120.253.135.82 - - [17/Jun/2022:09:11:07 +0800] "GET /xingrg/javascript/easyui/themes/icons/print_new.png HTTP/1.1" 304 -
120.253.135.82 - - [17/Jun/2022:09:11:07 +0800] "GET /xingrg/javascript/easyui/plugins/jquery.draggable.js HTTP/1.1" 304 -
120.253.135.82 - - [17/Jun/2022:09:11:07 +0800] "GET /xingrg/javascript/easyui/themes/icons/refresh_new.png HTTP/1.1" 304 -
120.253.135.82 - - [17/Jun/2022:09:11:07 +0800] "GET /xingrg/javascript/easyui/plugins/jquery.droppable.js HTTP/1.1" 304 -
120.253.135.82 - - [17/Jun/2022:09:11:07 +0800] "GET /xingrg/javascript/easyui/themes/default/tree.css HTTP/1.1" 404 1090
120.253.135.82 - - [17/Jun/2022:09:11:07 +0800] "GET /xingrg/javascript/easyui/plugins/jquery.tree.js HTTP/1.1" 304 -
120.253.135.82 - - [17/Jun/2022:09:11:07 +0800] "POST /xingrg/all/common/load_tree.html?tree=materiel_sort_tree_json HTTP/1.1" 200 9388
114.95.43.0 - - [17/Jun/2022:09:11:08 +0800] "GET /xingrg/kc/base/wldb_order_operate.html?command=get_materiel&rest_code=00105&base_code=0010507&code=00101019376 HTTP/1.1" 200 476
120.253.135.82 - - [17/Jun/2022:09:11:08 +0800] "GET /xingrg/javascript/easyui/themes/sunny/images/tree_arrows.gif HTTP/1.1" 200 617
120.253.135.82 - - [17/Jun/2022:09:11:08 +0800] "GET /xingrg/javascript/easyui/themes/sunny/images/tree_folder.gif HTTP/1.1" 304 -
120.253.135.82 - - [17/Jun/2022:09:11:08 +0800] "GET /xingrg/javascript/easyui/themes/sunny/images/tree_folder_open.gif HTTP/1.1" 304 -
120.253.135.82 - - [17/Jun/2022:09:11:08 +0800] "GET /xingrg/javascript/easyui/themes/sunny/images/tree_file.gif HTTP/1.1" 304 -
120.253.135.82 - - [17/Jun/2022:09:11:09 +0800] "POST /xingrg/all/common/load_combo.html?type=base HTTP/1.1" 200 1169
58.35.194.53 - - [17/Jun/2022:09:11:09 +0800] "GET /xingrg/check_reg.html?_=1655428266586 HTTP/1.1" 200 22
58.35.194.53 - - [17/Jun/2022:09:11:10 +0800] "GET /xingrg/all/function/internal_message.html?_=1655428266587&CODE_STATE=getMsg HTTP/1.1" 200 27
218.81.223.53 - - [17/Jun/2022:09:11:10 +0800] "GET /xingrg/all/function/internal_message.html?_=1655428276594&CODE_STATE=getMsg HTTP/1.1" 200 27
101.83.223.227 - - [17/Jun/2022:09:11:10 +0800] "GET /xingrg/all/function/internal_message.html?_=1655428268006&CODE_STATE=getMsg HTTP/1.1" 200 27
120.253.135.82 - - [17/Jun/2022:09:11:12 +0800] "GET /xingrg/all/function/internal_message.html?_=1655428079307&CODE_STATE=getMsg HTTP/1.1" 200 27
114.95.43.0 - - [17/Jun/2022:09:11:16 +0800] "GET /xingrg/all/function/internal_message.html?_=1655428183985&CODE_STATE=getMsg HTTP/1.1" 200 27
120.253.135.82 - - [17/Jun/2022:09:11:17 +0800] "POST /xingrg/kc/base/stock_operate.html HTTP/1.1" 200 1718
120.253.135.82 - - [17/Jun/2022:09:11:17 +0800] "GET /xingrg/javascript/jquery_tools/fix_table.js HTTP/1.1" 304 -
116.230.110.173 - - [17/Jun/2022:09:11:18 +0800] "GET /xingrg/all/function/internal_message.html?_=1655428273518&CODE_STATE=getMsg HTTP/1.1" 200 27
114.95.43.0 - - [17/Jun/2022:09:11:27 +0800] "GET /xingrg/all/function/internal_message.html?_=1655428287714&CODE_STATE=getMsg HTTP/1.1" 200 27
180.156.212.250 - - [17/Jun/2022:09:11:34 +0800] "GET /xingrg/check_reg.html?_=1655428361241 HTTP/1.1" 200 22
101.83.240.230 - - [17/Jun/2022:09:11:35 +0800] "GET /xingrg/kc/buy/cgsh_order_operate.html?command=get_materiel&rest_code=00149&code=00101002027&supplier_code=00100039&order_time=2022-06-16 HTTP/1.1" 200 429
180.156.212.250 - - [17/Jun/2022:09:11:35 +0800] "GET /xingrg/all/function/internal_message.html?_=1655428362722&CODE_STATE=getMsg HTTP/1.1" 200 27
101.83.223.227 - - [17/Jun/2022:09:11:43 +0800] "GET /xingrg/check_reg.html?_=1655428263789 HTTP/1.1" 200 22
101.83.240.230 - - [17/Jun/2022:09:11:46 +0800] "GET /xingrg/kc/buy/cgsh_order_operate.html?command=get_materiel&rest_code=00149&code=00101010161&supplier_code=00100039&order_time=2022-06-16 HTTP/1.1" 200 410
180.169.147.146 - - [17/Jun/2022:09:11:50 +0800] "GET /xingrg/check_reg.html?_=1655428310763 HTTP/1.1" 200 22
