116.230.110.173 - - [17/Jun/2022:08:47:18 +0800] "GET /xingrg/all/function/internal_message.html?_=1655426833514&CODE_STATE=getMsg HTTP/1.1" 200 27
120.253.135.82 - - [17/Jun/2022:08:47:19 +0800] "GET /xingrg/javascript/easyui/plugins/jquery.draggable.js HTTP/1.1" 304 -
120.253.135.82 - - [17/Jun/2022:08:47:19 +0800] "GET /xingrg/javascript/easyui/plugins/jquery.droppable.js HTTP/1.1" 304 -
120.253.135.82 - - [17/Jun/2022:08:47:19 +0800] "GET /xingrg/javascript/easyui/themes/default/tree.css HTTP/1.1" 404 1090
120.253.135.82 - - [17/Jun/2022:08:47:19 +0800] "GET /xingrg/javascript/easyui/plugins/jquery.tree.js HTTP/1.1" 304 -
120.253.135.82 - - [17/Jun/2022:08:47:19 +0800] "POST /xingrg/all/common/load_tree.html?tree=area_rest_tree_json&only_rest=1 HTTP/1.1" 200 3351
120.253.135.82 - - [17/Jun/2022:08:47:19 +0800] "GET /xingrg/javascript/easyui/themes/default/images/tree_arrows.gif HTTP/1.1" 304 -
120.253.135.82 - - [17/Jun/2022:08:47:19 +0800] "GET /xingrg/javascript/easyui/themes/default/images/tree_folder_open.gif HTTP/1.1" 304 -
120.253.135.82 - - [17/Jun/2022:08:47:19 +0800] "GET /xingrg/javascript/easyui/themes/icons/area.png HTTP/1.1" 304 -
120.253.135.82 - - [17/Jun/2022:08:47:19 +0800] "GET /xingrg/javascript/easyui/themes/icons/rest.png HTTP/1.1" 304 -
101.83.223.227 - - [17/Jun/2022:08:47:22 +0800] "POST /xingrg/kc/buy/cgsh_order_operate.html HTTP/1.1" 200 37
101.83.223.227 - - [17/Jun/2022:08:47:25 +0800] "POST /xingrg/kc/buy/cgsh_order_operate.html HTTP/1.1" 200 12
101.83.223.227 - - [17/Jun/2022:08:47:26 +0800] "GET /xingrg/kc/buy/cgsh_order_info.html?code=212022061701816 HTTP/1.1" 200 62509
101.83.223.227 - - [17/Jun/2022:08:47:27 +0800] "GET /xingrg/javascript/easyui/themes/default/validatebox.css HTTP/1.1" 404 1104
101.83.223.227 - - [17/Jun/2022:08:47:27 +0800] "POST /xingrg/kc/buy/cgsh_order_operate.html HTTP/1.1" 200 617
114.95.43.0 - - [17/Jun/2022:08:47:27 +0800] "GET /xingrg/all/function/internal_message.html?_=1655426847673&CODE_STATE=getMsg HTTP/1.1" 200 27
101.83.223.227 - - [17/Jun/2022:08:47:29 +0800] "GET /xingrg/kc/print/load_data.html?order_code=212022061701816&kc_code=cgsh&condition= HTTP/1.1" 200 760
120.253.135.82 - - [17/Jun/2022:08:47:29 +0800] "GET /xingrg/javascript/auto/indicator.gif HTTP/1.1" 404 1066
120.253.135.82 - - [17/Jun/2022:08:47:33 +0800] "GET /xingrg/kc/pszx/mdps_order_operate.html?command=get_materiel&pszx_code=00101&rest_code=00155&base_code=0010250&code=00102002426 HTTP/1.1" 200 445
101.83.223.227 - - [17/Jun/2022:08:47:34 +0800] "POST /xingrg/kc/buy/cgsh_order_operate.html HTTP/1.1" 200 37
101.83.240.230 - - [17/Jun/2022:08:47:38 +0800] "POST /xingrg/kc/buy/cgsh_order_operate.html HTTP/1.1" 200 37
101.83.223.227 - - [17/Jun/2022:08:47:40 +0800] "POST /xingrg/kc/buy/cgsh_order_operate.html HTTP/1.1" 200 12
101.83.240.230 - - [17/Jun/2022:08:47:43 +0800] "POST /xingrg/kc/buy/cgsh_order_operate.html HTTP/1.1" 200 12
101.83.240.230 - - [17/Jun/2022:08:47:44 +0800] "GET /xingrg/kc/buy/cgsh_order_info.html?code=212022061701818 HTTP/1.1" 200 62683
114.95.43.0 - - [17/Jun/2022:08:47:45 +0800] "GET /xingrg/check_reg.html?_=1655426773210 HTTP/1.1" 200 22
101.83.240.230 - - [17/Jun/2022:08:47:48 +0800] "GET /xingrg/kc/print/load_data.html?order_code=212022061701818&kc_code=cgsh&condition= HTTP/1.1" 200 779
101.83.240.230 - - [17/Jun/2022:08:47:53 +0800] "GET /xingrg/all/function/internal_message.html?_=1655426868438&CODE_STATE=getMsg HTTP/1.1" 200 27
101.83.240.230 - - [17/Jun/2022:08:47:53 +0800] "GET /xingrg/javascript/easyui/themes/default/validatebox.css HTTP/1.1" 404 1104
101.83.240.230 - - [17/Jun/2022:08:47:53 +0800] "POST /xingrg/kc/buy/cgsh_order_operate.html HTTP/1.1" 200 614
101.83.240.230 - - [17/Jun/2022:08:47:56 +0800] "GET /xingrg/kc/print/load_data.html?order_code=212022061701818&kc_code=cgsh&condition= HTTP/1.1" 200 779
101.83.240.230 - - [17/Jun/2022:08:48:01 +0800] "GET /xingrg/kc/buy/cgsh_order_add.html HTTP/1.1" 200 67776
101.83.240.230 - - [17/Jun/2022:08:48:01 +0800] "GET /xingrg/javascript/easyui/themes/default/validatebox.css HTTP/1.1" 404 1104
101.83.240.230 - - [17/Jun/2022:08:48:01 +0800] "POST /xingrg/kc/buy/cgsh_order_operate.html HTTP/1.1" 200 8245
101.83.223.227 - - [17/Jun/2022:08:48:01 +0800] "GET /xingrg/kc/buy/cgsh_order_info.html?code=212022061701817 HTTP/1.1" 200 62529
101.83.223.227 - - [17/Jun/2022:08:48:02 +0800] "GET /xingrg/javascript/easyui/themes/default/validatebox.css HTTP/1.1" 404 1104
120.253.135.82 - - [17/Jun/2022:08:48:02 +0800] "GET /xingrg/check_reg.html?_=1655427025614 HTTP/1.1" 200 22
101.83.223.227 - - [17/Jun/2022:08:48:02 +0800] "GET /xingrg/all/function/internal_message.html?_=1655426843196&CODE_STATE=getMsg HTTP/1.1" 200 27
120.253.135.82 - - [17/Jun/2022:08:48:02 +0800] "GET /xingrg/all/function/internal_message.html?_=1655427026114&CODE_STATE=getMsg HTTP/1.1" 200 27
101.83.223.227 - - [17/Jun/2022:08:48:02 +0800] "POST /xingrg/kc/buy/cgsh_order_operate.html HTTP/1.1" 200 2998
218.81.223.53 - - [17/Jun/2022:08:48:08 +0800] "GET /xingrg/check_reg.html?_=1655426894421 HTTP/1.1" 200 22
218.81.223.53 - - [17/Jun/2022:08:48:09 +0800] "GET /xingrg/all/function/internal_message.html?_=1655426895924&CODE_STATE=getMsg HTTP/1.1" 200 27
58.35.194.53 - - [17/Jun/2022:08:48:09 +0800] "GET /xingrg/all/function/internal_message.html?_=1655426886600&CODE_STATE=getMsg HTTP/1.1" 200 27
101.83.223.227 - - [17/Jun/2022:08:48:10 +0800] "GET /xingrg/all/function/internal_message.html?_=1655426887982&CODE_STATE=getMsg HTTP/1.1" 200 27
120.253.135.82 - - [17/Jun/2022:08:48:11 +0800] "GET /xingrg/all/function/internal_message.html?_=1655426698620&CODE_STATE=getMsg HTTP/1.1" 200 27
114.95.43.0 - - [17/Jun/2022:08:48:16 +0800] "GET /xingrg/all/function/internal_message.html?_=1655426804398&CODE_STATE=getMsg HTTP/1.1" 200 27
116.230.110.173 - - [17/Jun/2022:08:48:18 +0800] "GET /xingrg/all/function/internal_message.html?_=1655426893509&CODE_STATE=getMsg HTTP/1.1" 200 27
101.83.240.230 - - [17/Jun/2022:08:48:18 +0800] "GET /xingrg/kc/buy/cgsh_order_operate.html?command=get_materiel&rest_code=00149&code=00101004010&supplier_code=00100313&order_time=2022-06-16 HTTP/1.1" 200 431
101.83.240.230 - - [17/Jun/2022:08:48:26 +0800] "GET /xingrg/kc/buy/cgsh_order_operate.html?command=get_materiel&rest_code=00149&code=00102026001&supplier_code=00100313&order_time=2022-06-16 HTTP/1.1" 200 409
114.95.43.0 - - [17/Jun/2022:08:48:27 +0800] "GET /xingrg/all/function/internal_message.html?_=1655426907673&CODE_STATE=getMsg HTTP/1.1" 200 27
101.83.240.230 - - [17/Jun/2022:08:48:36 +0800] "POST /xingrg/kc/buy/cgsh_order_operate.html HTTP/1.1" 200 37
101.83.240.230 - - [17/Jun/2022:08:48:39 +0800] "POST /xingrg/kc/buy/cgsh_order_operate.html HTTP/1.1" 200 12
101.83.240.230 - - [17/Jun/2022:08:48:41 +0800] "GET /xingrg/kc/buy/cgsh_order_info.html?code=212022061701819 HTTP/1.1" 200 62683
101.83.240.230 - - [17/Jun/2022:08:48:42 +0800] "GET /xingrg/javascript/easyui/themes/default/validatebox.css HTTP/1.1" 404 1104
101.83.240.230 - - [17/Jun/2022:08:48:42 +0800] "POST /xingrg/kc/buy/cgsh_order_operate.html HTTP/1.1" 200 1197
101.83.240.230 - - [17/Jun/2022:08:48:43 +0800] "GET /xingrg/kc/print/load_data.html?order_code=212022061701819&kc_code=cgsh&condition= HTTP/1.1" 200 931
114.95.43.0 - - [17/Jun/2022:08:48:45 +0800] "POST /xingrg/services/DataTransmitService HTTP/1.1" 401 565
114.95.43.0 - - [17/Jun/2022:08:48:45 +0800] "POST /xingrg/services/DataTransmitService HTTP/1.1" 200 478
114.95.43.0 - - [17/Jun/2022:08:48:45 +0800] "POST /xingrg/services/DataTransmitService HTTP/1.1" 200 1319
114.95.43.0 - - [17/Jun/2022:08:48:45 +0800] "POST /xingrg/services/DataTransmitService HTTP/1.1" 200 478
114.95.43.0 - - [17/Jun/2022:08:48:45 +0800] "POST /xingrg/services/DataTransmitService HTTP/1.1" 200 1319
114.95.43.0 - - [17/Jun/2022:08:48:45 +0800] "POST /xingrg/services/DataTransmitService HTTP/1.1" 200 524
114.95.43.0 - - [17/Jun/2022:08:48:46 +0800] "POST /xingrg/services/DataTransmitService HTTP/1.1" 200 2407
114.95.43.0 - - [17/Jun/2022:08:48:46 +0800] "POST /xingrg/services/DataTransmitService HTTP/1.1" 200 193056
101.83.240.230 - - [17/Jun/2022:08:48:53 +0800] "GET /xingrg/all/function/internal_message.html?_=1655426928447&CODE_STATE=getMsg HTTP/1.1" 200 27
101.83.223.227 - - [17/Jun/2022:08:49:02 +0800] "GET /xingrg/all/function/internal_message.html?_=1655426903211&CODE_STATE=getMsg HTTP/1.1" 200 27
180.156.212.250 - - [17/Jun/2022:08:49:02 +0800] "GET /favicon.ico HTTP/1.1" 404 -
120.253.135.82 - - [17/Jun/2022:08:49:02 +0800] "GET /xingrg/all/function/internal_message.html?_=1655427086127&CODE_STATE=getMsg HTTP/1.1" 200 27
180.156.212.250 - - [17/Jun/2022:08:49:03 +0800] "GET /favicon.ico HTTP/1.1" 404 -
180.156.212.250 - - [17/Jun/2022:08:49:03 +0800] "GET /favicon.ico HTTP/1.1" 404 -
218.81.223.53 - - [17/Jun/2022:08:49:09 +0800] "GET /xingrg/all/function/internal_message.html?_=1655426955938&CODE_STATE=getMsg HTTP/1.1" 200 27
58.35.194.53 - - [17/Jun/2022:08:49:09 +0800] "GET /xingrg/all/function/internal_message.html?_=1655426946604&CODE_STATE=getMsg HTTP/1.1" 200 27
101.83.223.227 - - [17/Jun/2022:08:49:10 +0800] "GET /xingrg/check_reg.html?_=1655426947995 HTTP/1.1" 200 22
101.83.223.227 - - [17/Jun/2022:08:49:10 +0800] "GET /xingrg/all/function/internal_message.html?_=1655426947998&CODE_STATE=getMsg HTTP/1.1" 200 27
120.253.135.82 - - [17/Jun/2022:08:49:11 +0800] "GET /xingrg/all/function/internal_message.html?_=1655426758681&CODE_STATE=getMsg HTTP/1.1" 200 27
114.95.43.0 - - [17/Jun/2022:08:49:16 +0800] "GET /xingrg/all/function/internal_message.html?_=1655426864384&CODE_STATE=getMsg HTTP/1.1" 200 27
116.230.110.173 - - [17/Jun/2022:08:49:17 +0800] "GET /xingrg/all/function/internal_message.html?_=1655426953499&CODE_STATE=getMsg HTTP/1.1" 200 27
116.230.110.173 - - [17/Jun/2022:08:49:18 +0800] "GET /xingrg/check_reg.html?_=1655426953500 HTTP/1.1" 200 22
114.95.43.0 - - [17/Jun/2022:08:49:27 +0800] "GET /xingrg/all/function/internal_message.html?_=1655426967673&CODE_STATE=getMsg HTTP/1.1" 200 27
114.95.43.0 - - [17/Jun/2022:08:49:33 +0800] "POST /xingrg/services/DataTransmitService HTTP/1.1" 200 45454
114.95.43.0 - - [17/Jun/2022:08:49:33 +0800] "POST /xingrg/services/DataTransmitService HTTP/1.1" 200 19237
101.83.240.230 - - [17/Jun/2022:08:49:36 +0800] "GET /xingrg/kc/buy/cgsh_order_add.html HTTP/1.1" 200 67776
101.83.240.230 - - [17/Jun/2022:08:49:36 +0800] "POST /xingrg/kc/buy/cgsh_order_operate.html HTTP/1.1" 200 8245
101.83.240.230 - - [17/Jun/2022:08:49:36 +0800] "GET /xingrg/javascript/easyui/themes/default/validatebox.css HTTP/1.1" 404 1104
101.83.240.230 - - [17/Jun/2022:08:49:46 +0800] "GET /xingrg/kc/buy/cgsh_order_operate.html?command=get_materiel&rest_code=00149&code=00101001037&supplier_code=00100090&order_time=2022-06-17 HTTP/1.1" 200 416
101.83.240.230 - - [17/Jun/2022:08:49:53 +0800] "GET /xingrg/all/function/internal_message.html?_=1655426988456&CODE_STATE=getMsg HTTP/1.1" 200 27
120.253.135.82 - - [17/Jun/2022:08:49:57 +0800] "POST /xingrg/kc/pszx/mdps_list_operate.html HTTP/1.1" 200 2403
101.83.240.230 - - [17/Jun/2022:08:49:57 +0800] "GET /xingrg/kc/buy/cgsh_order_operate.html?command=get_materiel&rest_code=00149&code=00101001140&supplier_code=00100090&order_time=2022-06-17 HTTP/1.1" 200 433
101.83.223.227 - - [17/Jun/2022:08:50:02 +0800] "GET /xingrg/all/function/internal_message.html?_=1655426963259&CODE_STATE=getMsg HTTP/1.1" 200 27
120.253.135.82 - - [17/Jun/2022:08:50:02 +0800] "GET /xingrg/all/function/internal_message.html?_=1655427146141&CODE_STATE=getMsg HTTP/1.1" 200 27
101.83.240.230 - - [17/Jun/2022:08:50:07 +0800] "GET /xingrg/kc/buy/cgsh_order_operate.html?command=get_materiel&rest_code=00149&code=00101001125&supplier_code=00100090&order_time=2022-06-17 HTTP/1.1" 200 417
120.253.135.82 - - [17/Jun/2022:08:50:07 +0800] "POST /xingrg/kc/pszx/mdps_list_operate.html HTTP/1.1" 200 868
218.81.223.53 - - [17/Jun/2022:08:50:09 +0800] "GET /xingrg/all/function/internal_message.html?_=1655427015951&CODE_STATE=getMsg HTTP/1.1" 200 27
58.35.194.53 - - [17/Jun/2022:08:50:09 +0800] "GET /xingrg/all/function/internal_message.html?_=1655427006608&CODE_STATE=getMsg HTTP/1.1" 200 27
101.83.223.227 - - [17/Jun/2022:08:50:10 +0800] "GET /xingrg/all/function/internal_message.html?_=1655427007998&CODE_STATE=getMsg HTTP/1.1" 200 27
120.253.135.82 - - [17/Jun/2022:08:50:11 +0800] "GET /xingrg/all/function/internal_message.html?_=1655426818694&CODE_STATE=getMsg HTTP/1.1" 200 27
114.95.43.0 - - [17/Jun/2022:08:50:16 +0800] "GET /xingrg/all/function/internal_message.html?_=1655426924354&CODE_STATE=getMsg HTTP/1.1" 200 27
116.230.110.173 - - [17/Jun/2022:08:50:18 +0800] "GET /xingrg/all/function/internal_message.html?_=1655427013506&CODE_STATE=getMsg HTTP/1.1" 200 27
101.83.240.230 - - [17/Jun/2022:08:50:20 +0800] "POST /xingrg/kc/buy/cgsh_order_operate.html HTTP/1.1" 200 37
120.253.135.82 - - [17/Jun/2022:08:50:21 +0800] "POST /xingrg/kc/pszx/mdps_list_operate.html HTTP/1.1" 200 2074
120.253.135.82 - - [17/Jun/2022:08:50:23 +0800] "POST /xingrg/kc/pszx/mdps_list_operate.html HTTP/1.1" 200 295
101.83.240.230 - - [17/Jun/2022:08:50:23 +0800] "POST /xingrg/kc/buy/cgsh_order_operate.html HTTP/1.1" 200 12
101.83.240.230 - - [17/Jun/2022:08:50:25 +0800] "GET /xingrg/kc/buy/cgsh_order_info.html?code=212022061701820 HTTP/1.1" 200 62683
101.83.240.230 - - [17/Jun/2022:08:50:26 +0800] "GET /xingrg/javascript/easyui/themes/default/validatebox.css HTTP/1.1" 404 1104
120.253.135.82 - - [17/Jun/2022:08:50:26 +0800] "POST /xingrg/kc/pszx/mdps_list_operate.html HTTP/1.1" 200 209
101.83.240.230 - - [17/Jun/2022:08:50:26 +0800] "POST /xingrg/kc/buy/cgsh_order_operate.html HTTP/1.1" 200 1811
114.95.43.0 - - [17/Jun/2022:08:50:27 +0800] "GET /xingrg/check_reg.html?_=1655427027660 HTTP/1.1" 200 22
114.95.43.0 - - [17/Jun/2022:08:50:27 +0800] "GET /xingrg/all/function/internal_message.html?_=1655427027664&CODE_STATE=getMsg HTTP/1.1" 200 27
101.83.240.230 - - [17/Jun/2022:08:50:28 +0800] "GET /xingrg/kc/print/load_data.html?order_code=212022061701820&kc_code=cgsh&condition= HTTP/1.1" 200 1250
101.83.240.230 - - [17/Jun/2022:08:50:33 +0800] "GET /xingrg/kc/buy/cgsh_order_add.html HTTP/1.1" 200 67776
101.83.240.230 - - [17/Jun/2022:08:50:33 +0800] "POST /xingrg/kc/buy/cgsh_order_operate.html HTTP/1.1" 200 8245
101.83.240.230 - - [17/Jun/2022:08:50:33 +0800] "GET /xingrg/javascript/easyui/themes/default/validatebox.css HTTP/1.1" 404 1104
58.35.194.53 - - [17/Jun/2022:08:50:40 +0800] "GET /xingrg/kc/report/report_main.html HTTP/1.1" 200 7340
58.35.194.53 - - [17/Jun/2022:08:50:41 +0800] "GET /xingrg/css/blue.css HTTP/1.1" 200 15949
58.35.194.53 - - [17/Jun/2022:08:50:41 +0800] "GET /xingrg/javascript/jquery_easy_ui/themes/default/easyui.css HTTP/1.1" 200 26500
58.35.194.53 - - [17/Jun/2022:08:50:41 +0800] "GET /xingrg/javascript/jquery_easy_ui/themes/icon.css HTTP/1.1" 200 3949
58.35.194.53 - - [17/Jun/2022:08:50:41 +0800] "GET /xingrg/javascript/jquery_easy_ui/themes/default/images/tabs_close.gif HTTP/1.1" 200 829
58.35.194.53 - - [17/Jun/2022:08:50:41 +0800] "GET /xingrg/javascript/json2.js HTTP/1.1" 200 11259
58.35.194.53 - - [17/Jun/2022:08:50:41 +0800] "GET /xingrg/javascript/jquery_ui/themes/humanity/humanity.css HTTP/1.1" 200 27801
58.35.194.53 - - [17/Jun/2022:08:50:41 +0800] "GET /xingrg/javascript/pic_change.js HTTP/1.1" 200 4739
58.35.194.53 - - [17/Jun/2022:08:50:41 +0800] "GET /xingrg/javascript/myfunction.js HTTP/1.1" 200 24559
58.35.194.53 - - [17/Jun/2022:08:50:41 +0800] "GET /xingrg/javascript/jquery-1.4.2.min.js HTTP/1.1" 200 72205
58.35.194.53 - - [17/Jun/2022:08:50:41 +0800] "GET /xingrg/javascript/jquery_easy_ui/themes/icons/back_new.png HTTP/1.1" 200 3414
120.253.135.82 - - [17/Jun/2022:08:50:43 +0800] "GET /xingrg/kc/pszx/mdps_order_info.html?code=312022061300229 HTTP/1.1" 200 23986
58.35.194.53 - - [17/Jun/2022:08:50:43 +0800] "GET /xingrg/kc/base/kc_stocks.html HTTP/1.1" 200 16443
58.35.194.53 - - [17/Jun/2022:08:50:43 +0800] "GET /xingrg/css/base.css HTTP/1.1" 200 2811
58.35.194.53 - - [17/Jun/2022:08:50:43 +0800] "GET /xingrg/css/site.css HTTP/1.1" 200 7541
58.35.194.53 - - [17/Jun/2022:08:50:43 +0800] "GET /xingrg/javascript/jquery_tools/datebox.css HTTP/1.1" 200 2597
58.35.194.53 - - [17/Jun/2022:08:50:43 +0800] "GET /xingrg/javascript/auto/jquery.autocomplete.css HTTP/1.1" 200 587
58.35.194.53 - - [17/Jun/2022:08:50:43 +0800] "GET /xingrg/javascript/easyui/themes/icon.css HTTP/1.1" 200 4483
58.35.194.53 - - [17/Jun/2022:08:50:43 +0800] "GET /xingrg/javascript/jquery_tools/jquery.tools.min.js HTTP/1.1" 200 138801
58.35.194.53 - - [17/Jun/2022:08:50:43 +0800] "GET /xingrg/javascript/jquery_tools/fix.css HTTP/1.1" 200 1702
58.35.194.53 - - [17/Jun/2022:08:50:43 +0800] "GET /xingrg/javascript/jquery_tools/jquery.tools.hotkey.js HTTP/1.1" 200 3242
58.35.194.53 - - [17/Jun/2022:08:50:43 +0800] "GET /xingrg/javascript/jquery_tools/list_manager.js HTTP/1.1" 200 3652
58.35.194.53 - - [17/Jun/2022:08:50:43 +0800] "GET /xingrg/javascript/easyui/themes/sunny/easyui.css HTTP/1.1" 200 34304
58.35.194.53 - - [17/Jun/2022:08:50:43 +0800] "GET /xingrg/javascript/jquery_tools/jquery.tools.extend.js HTTP/1.1" 200 15385
58.35.194.53 - - [17/Jun/2022:08:50:43 +0800] "GET /xingrg/javascript/easyui/easyloader.js HTTP/1.1" 200 5975
58.35.194.53 - - [17/Jun/2022:08:50:43 +0800] "GET /xingrg/javascript/jquery.cookie.js HTTP/1.1" 200 5513
58.35.194.53 - - [17/Jun/2022:08:50:43 +0800] "GET /xingrg/javascript/convert.js HTTP/1.1" 200 1239
58.35.194.53 - - [17/Jun/2022:08:50:43 +0800] "GET /xingrg/javascript/jquery.utils.js HTTP/1.1" 200 11805
58.35.194.53 - - [17/Jun/2022:08:50:43 +0800] "GET /xingrg/javascript/print/LodopFuncs.js HTTP/1.1" 200 5121
58.35.194.53 - - [17/Jun/2022:08:50:43 +0800] "GET /xingrg/javascript/auto/jquery.autocomplete.js HTTP/1.1" 200 21624
120.253.135.82 - - [17/Jun/2022:08:50:43 +0800] "POST /xingrg/kc/pszx/mdps_order_operate.html HTTP/1.1" 200 2292
120.253.135.82 - - [17/Jun/2022:08:50:43 +0800] "GET /xingrg/javascript/easyui/themes/default/validatebox.css HTTP/1.1" 404 1104
58.35.194.53 - - [17/Jun/2022:08:50:43 +0800] "GET /xingrg/javascript/easyui/themes/icons/field_new.png HTTP/1.1" 200 1097
58.35.194.53 - - [17/Jun/2022:08:50:43 +0800] "GET /xingrg/javascript/easyui/themes/icons/filter_new.png HTTP/1.1" 200 795
58.35.194.53 - - [17/Jun/2022:08:50:43 +0800] "GET /xingrg/javascript/easyui/themes/icons/print_new.png HTTP/1.1" 200 3580
58.35.194.53 - - [17/Jun/2022:08:50:43 +0800] "GET /xingrg/javascript/easyui/themes/icons/refresh_new.png HTTP/1.1" 200 685
58.35.194.53 - - [17/Jun/2022:08:50:43 +0800] "GET /xingrg/javascript/easyui/themes/icons/import_new.png HTTP/1.1" 200 1247
58.35.194.53 - - [17/Jun/2022:08:50:43 +0800] "GET /xingrg/javascript/easyui/plugins/jquery.parser.js HTTP/1.1" 200 1142
58.35.194.53 - - [17/Jun/2022:08:50:43 +0800] "GET /xingrg/images/control/ajaxLoader.gif HTTP/1.1" 200 4659
58.35.194.53 - - [17/Jun/2022:08:50:44 +0800] "GET /xingrg/javascript/easyui/plugins/jquery.draggable.js HTTP/1.1" 200 6121
58.35.194.53 - - [17/Jun/2022:08:50:44 +0800] "GET /xingrg/all/common/auto_word.html?type=base&rest_code=00156 HTTP/1.1" 200 1857
58.35.194.53 - - [17/Jun/2022:08:50:44 +0800] "GET /xingrg/javascript/easyui/plugins/jquery.droppable.js HTTP/1.1" 200 1167
58.35.194.53 - - [17/Jun/2022:08:50:44 +0800] "GET /xingrg/javascript/easyui/themes/default/tree.css HTTP/1.1" 404 1090
58.35.194.53 - - [17/Jun/2022:08:50:44 +0800] "GET /xingrg/javascript/easyui/plugins/jquery.tree.js HTTP/1.1" 200 20874
58.35.194.53 - - [17/Jun/2022:08:50:44 +0800] "POST /xingrg/all/common/load_tree.html?tree=materiel_sort_tree_json HTTP/1.1" 200 9388
58.35.194.53 - - [17/Jun/2022:08:50:44 +0800] "GET /xingrg/javascript/easyui/themes/sunny/images/tree_arrows.gif HTTP/1.1" 200 617
58.35.194.53 - - [17/Jun/2022:08:50:44 +0800] "GET /xingrg/javascript/easyui/themes/sunny/images/tree_folder_open.gif HTTP/1.1" 200 956
58.35.194.53 - - [17/Jun/2022:08:50:44 +0800] "GET /xingrg/javascript/easyui/themes/sunny/images/tree_folder.gif HTTP/1.1" 200 952
58.35.194.53 - - [17/Jun/2022:08:50:44 +0800] "GET /xingrg/javascript/easyui/themes/sunny/images/tree_file.gif HTTP/1.1" 200 118
120.253.135.82 - - [17/Jun/2022:08:50:49 +0800] "POST /xingrg/kc/pszx/mdps_list_operate.html HTTP/1.1" 200 2074
101.83.240.230 - - [17/Jun/2022:08:50:52 +0800] "GET /xingrg/kc/buy/cgsh_order_operate.html?command=get_materiel&rest_code=00149&code=00101003006&supplier_code=00100347&order_time=2022-06-17 HTTP/1.1" 200 434
58.35.194.53 - - [17/Jun/2022:08:50:52 +0800] "POST /xingrg/kc/base/stock_operate.html HTTP/1.1" 200 3918
58.35.194.53 - - [17/Jun/2022:08:50:52 +0800] "GET /xingrg/javascript/jquery_tools/fix_table.js HTTP/1.1" 200 6528
101.83.240.230 - - [17/Jun/2022:08:50:53 +0800] "GET /xingrg/check_reg.html?_=1655427048461 HTTP/1.1" 200 22
101.83.240.230 - - [17/Jun/2022:08:50:53 +0800] "GET /xingrg/all/function/internal_message.html?_=1655427048463&CODE_STATE=getMsg HTTP/1.1" 200 27
114.95.43.0 - - [17/Jun/2022:08:50:56 +0800] "GET /favicon.ico HTTP/1.1" 404 -
101.83.240.230 - - [17/Jun/2022:08:51:00 +0800] "GET /xingrg/kc/buy/cgsh_order_operate.html?command=get_materiel&rest_code=00149&code=00101002006&supplier_code=00100347&order_time=2022-06-17 HTTP/1.1" 200 434
101.83.223.227 - - [17/Jun/2022:08:51:02 +0800] "GET /xingrg/all/function/internal_message.html?_=1655427023270&CODE_STATE=getMsg HTTP/1.1" 200 27
120.253.135.82 - - [17/Jun/2022:08:51:02 +0800] "GET /xingrg/all/function/internal_message.html?_=1655427206173&CODE_STATE=getMsg HTTP/1.1" 200 27
218.81.223.53 - - [17/Jun/2022:08:51:09 +0800] "GET /xingrg/all/function/internal_message.html?_=1655427076045&CODE_STATE=getMsg HTTP/1.1" 200 27
58.35.194.53 - - [17/Jun/2022:08:51:09 +0800] "GET /xingrg/check_reg.html?_=1655427066585 HTTP/1.1" 200 22
58.35.194.53 - - [17/Jun/2022:08:51:09 +0800] "GET /xingrg/all/function/internal_message.html?_=1655427066587&CODE_STATE=getMsg HTTP/1.1" 200 27
101.83.240.230 - - [17/Jun/2022:08:51:10 +0800] "POST /xingrg/kc/buy/cgsh_order_operate.html HTTP/1.1" 200 37
101.83.223.227 - - [17/Jun/2022:08:51:10 +0800] "GET /xingrg/all/function/internal_message.html?_=1655427068000&CODE_STATE=getMsg HTTP/1.1" 200 27
120.253.135.82 - - [17/Jun/2022:08:51:11 +0800] "GET /xingrg/all/function/internal_message.html?_=1655426878708&CODE_STATE=getMsg HTTP/1.1" 200 27
101.83.240.230 - - [17/Jun/2022:08:51:13 +0800] "POST /xingrg/kc/buy/cgsh_order_operate.html HTTP/1.1" 200 12
101.83.240.230 - - [17/Jun/2022:08:51:15 +0800] "GET /xingrg/kc/buy/cgsh_order_info.html?code=212022061701821 HTTP/1.1" 200 62671
101.83.240.230 - - [17/Jun/2022:08:51:15 +0800] "GET /xingrg/javascript/easyui/themes/default/validatebox.css HTTP/1.1" 404 1104
101.83.240.230 - - [17/Jun/2022:08:51:16 +0800] "POST /xingrg/kc/buy/cgsh_order_operate.html HTTP/1.1" 200 1207
114.95.43.0 - - [17/Jun/2022:08:51:16 +0800] "GET /xingrg/all/function/internal_message.html?_=1655426984340&CODE_STATE=getMsg HTTP/1.1" 200 27
116.230.110.173 - - [17/Jun/2022:08:51:18 +0800] "GET /xingrg/all/function/internal_message.html?_=1655427073524&CODE_STATE=getMsg HTTP/1.1" 200 27
58.35.194.53 - - [17/Jun/2022:08:51:18 +0800] "POST /xingrg/kc/base/stock_operate.html HTTP/1.1" 200 1738
120.253.135.82 - - [17/Jun/2022:08:51:18 +0800] "POST /xingrg/kc/pszx/mdps_list_operate.html HTTP/1.1" 200 868
101.83.240.230 - - [17/Jun/2022:08:51:21 +0800] "GET /xingrg/kc/print/load_data.html?order_code=212022061701821&kc_code=cgsh&condition= HTTP/1.1" 200 936
58.35.194.53 - - [17/Jun/2022:08:51:22 +0800] "POST /xingrg/kc/base/stock_operate.html HTTP/1.1" 200 3918
58.35.194.53 - - [17/Jun/2022:08:51:24 +0800] "GET /xingrg/css/images/panel_loading.gif HTTP/1.1" 200 1737
58.35.194.53 - - [17/Jun/2022:08:51:24 +0800] "POST /xingrg/all/common/load_combo.html?type=base HTTP/1.1" 200 3321
120.253.135.82 - - [17/Jun/2022:08:51:26 +0800] "GET /xingrg/kc/pszx/mdps_order_add.html HTTP/1.1" 200 29076
120.253.135.82 - - [17/Jun/2022:08:51:27 +0800] "POST /xingrg/kc/pszx/mdps_order_operate.html HTTP/1.1" 200 7126
120.253.135.82 - - [17/Jun/2022:08:51:27 +0800] "GET /xingrg/javascript/easyui/themes/default/validatebox.css HTTP/1.1" 404 1104
114.95.43.0 - - [17/Jun/2022:08:51:27 +0800] "GET /xingrg/all/function/internal_message.html?_=1655427087663&CODE_STATE=getMsg HTTP/1.1" 200 27
58.35.194.53 - - [17/Jun/2022:08:51:29 +0800] "POST /xingrg/kc/base/stock_operate.html HTTP/1.1" 200 3868
101.83.240.230 - - [17/Jun/2022:08:51:30 +0800] "GET /xingrg/kc/buy/cgsh_order_add.html HTTP/1.1" 200 67776
101.83.240.230 - - [17/Jun/2022:08:51:30 +0800] "POST /xingrg/kc/buy/cgsh_order_operate.html HTTP/1.1" 200 8245
101.83.240.230 - - [17/Jun/2022:08:51:30 +0800] "GET /xingrg/javascript/easyui/themes/default/validatebox.css HTTP/1.1" 404 1104
58.35.194.53 - - [17/Jun/2022:08:51:36 +0800] "POST /xingrg/kc/base/stock_operate.html HTTP/1.1" 200 3906
101.83.223.227 - - [17/Jun/2022:08:51:43 +0800] "GET /xingrg/check_reg.html?_=1655427063775 HTTP/1.1" 200 22
180.169.147.146 - - [17/Jun/2022:08:51:50 +0800] "GET /xingrg/check_reg.html?_=1655427110830 HTTP/1.1" 200 22
120.253.135.82 - - [17/Jun/2022:08:51:51 +0800] "POST /xingrg/all/common/load_combo.html?type=base HTTP/1.1" 200 1169
101.83.240.230 - - [17/Jun/2022:08:51:53 +0800] "GET /xingrg/all/function/internal_message.html?_=1655427108466&CODE_STATE=getMsg HTTP/1.1" 200 27
58.35.194.53 - - [17/Jun/2022:08:51:56 +0800] "POST /xingrg/kc/base/stock_operate.html HTTP/1.1" 200 3868
58.35.194.53 - - [17/Jun/2022:08:52:02 +0800] "GET /xingrg/javascript/jquery_easy_ui/themes/default/images/tabs_active.png HTTP/1.1" 200 2894
101.83.223.227 - - [17/Jun/2022:08:52:02 +0800] "GET /xingrg/all/function/internal_message.html?_=1655427083282&CODE_STATE=getMsg HTTP/1.1" 200 27
58.35.194.53 - - [17/Jun/2022:08:52:02 +0800] "GET /xingrg/javascript/easyui/themes/sunny/images/ui-bg_gloss-wave_60_fece2f_500x100.png HTTP/1.1" 200 3512
120.253.135.82 - - [17/Jun/2022:08:52:02 +0800] "GET /xingrg/all/function/internal_message.html?_=1655427266185&CODE_STATE=getMsg HTTP/1.1" 200 27
120.253.135.82 - - [17/Jun/2022:08:52:03 +0800] "GET /xingrg/kc/pszx/mdps_order_operate.html?command=get_materiel&pszx_code=00101&rest_code=00155&base_code=0010250&code=00102034005 HTTP/1.1" 200 477
120.253.135.82 - - [17/Jun/2022:08:52:05 +0800] "POST /xingrg/all/common/load_select.html HTTP/1.1" 200 25
58.35.194.53 - - [17/Jun/2022:08:52:09 +0800] "POST /xingrg/kc/base/stock_operate.html HTTP/1.1" 200 3868
218.81.223.53 - - [17/Jun/2022:08:52:09 +0800] "GET /xingrg/all/function/internal_message.html?_=1655427136057&CODE_STATE=getMsg HTTP/1.1" 200 27
58.35.194.53 - - [17/Jun/2022:08:52:09 +0800] "GET /xingrg/all/function/internal_message.html?_=1655427126578&CODE_STATE=getMsg HTTP/1.1" 200 27
120.253.135.82 - - [17/Jun/2022:08:52:10 +0800] "GET /xingrg/kc/pszx/mdps_order_operate.html?command=get_materiel_price&pszx_code=00101&rest_code=00155&base_code=0010250&code=00102034005&unit_code=00100600&order_time=2022-06-17 HTTP/1.1" 200 35
101.83.223.227 - - [17/Jun/2022:08:52:10 +0800] "GET /xingrg/all/function/internal_message.html?_=1655427128001&CODE_STATE=getMsg HTTP/1.1" 200 27
120.253.135.82 - - [17/Jun/2022:08:52:10 +0800] "GET /xingrg/check_reg.html?_=1655426937758 HTTP/1.1" 200 22
120.253.135.82 - - [17/Jun/2022:08:52:11 +0800] "GET /xingrg/all/function/internal_message.html?_=1655426938721&CODE_STATE=getMsg HTTP/1.1" 200 27
58.35.194.53 - - [17/Jun/2022:08:52:12 +0800] "POST /xingrg/kc/base/stock_operate.html HTTP/1.1" 200 4281
114.95.43.0 - - [17/Jun/2022:08:52:16 +0800] "GET /xingrg/all/function/internal_message.html?_=1655427044325&CODE_STATE=getMsg HTTP/1.1" 200 27
116.230.110.173 - - [17/Jun/2022:08:52:18 +0800] "GET /xingrg/all/function/internal_message.html?_=1655427133502&CODE_STATE=getMsg HTTP/1.1" 200 27
58.35.194.53 - - [17/Jun/2022:08:52:22 +0800] "POST /xingrg/kc/base/stock_operate.html HTTP/1.1" 200 4132
120.253.135.82 - - [17/Jun/2022:08:52:23 +0800] "GET /xingrg/kc/pszx/mdps_order_operate.html?command=get_materiel&pszx_code=00101&rest_code=00155&base_code=0010250&code=00102034006 HTTP/1.1" 200 477
120.253.135.82 - - [17/Jun/2022:08:52:24 +0800] "POST /xingrg/all/common/load_select.html HTTP/1.1" 200 25
120.253.135.82 - - [17/Jun/2022:08:52:26 +0800] "GET /xingrg/kc/pszx/mdps_order_operate.html?command=get_materiel_price&pszx_code=00101&rest_code=00155&base_code=0010250&code=00102034006&unit_code=00100600&order_time=2022-06-17 HTTP/1.1" 200 35
114.95.43.0 - - [17/Jun/2022:08:52:27 +0800] "GET /xingrg/all/function/internal_message.html?_=1655427147663&CODE_STATE=getMsg HTTP/1.1" 200 27
58.35.194.53 - - [17/Jun/2022:08:52:33 +0800] "POST /xingrg/kc/base/stock_operate.html HTTP/1.1" 200 3868
114.95.43.0 - - [17/Jun/2022:08:52:45 +0800] "GET /xingrg/check_reg.html?_=1655427073221 HTTP/1.1" 200 22
120.253.135.82 - - [17/Jun/2022:08:52:45 +0800] "GET /xingrg/kc/pszx/mdps_order_operate.html?command=get_materiel&pszx_code=00101&rest_code=00155&base_code=0010250&code=00102002426 HTTP/1.1" 200 445
101.83.240.230 - - [17/Jun/2022:08:52:53 +0800] "GET /xingrg/all/function/internal_message.html?_=1655427168452&CODE_STATE=getMsg HTTP/1.1" 200 27
116.232.33.54 - - [17/Jun/2022:08:52:53 +0800] "POST /xingrg/services/DataTransmitService HTTP/1.1" 200 524
120.253.135.82 - - [17/Jun/2022:08:52:54 +0800] "POST /xingrg/kc/pszx/mdps_order_operate.html HTTP/1.1" 200 37
120.253.135.82 - - [17/Jun/2022:08:52:55 +0800] "GET /xingrg/kc/pszx/mdps_order_info.html?code=312022061700280 HTTP/1.1" 200 23978
120.253.135.82 - - [17/Jun/2022:08:52:56 +0800] "POST /xingrg/kc/pszx/mdps_order_operate.html HTTP/1.1" 200 3308
120.253.135.82 - - [17/Jun/2022:08:52:56 +0800] "GET /xingrg/javascript/easyui/themes/default/validatebox.css HTTP/1.1" 404 1104
120.253.135.82 - - [17/Jun/2022:08:52:59 +0800] "GET /xingrg/kc/print/load_data.html?order_code=312022061700280&kc_code=mdps&condition= HTTP/1.1" 200 1170
120.253.135.82 - - [17/Jun/2022:08:53:02 +0800] "GET /xingrg/check_reg.html?_=1655427325627 HTTP/1.1" 200 22
101.83.223.227 - - [17/Jun/2022:08:53:02 +0800] "GET /xingrg/all/function/internal_message.html?_=1655427143295&CODE_STATE=getMsg HTTP/1.1" 200 27
120.253.135.82 - - [17/Jun/2022:08:53:02 +0800] "GET /xingrg/all/function/internal_message.html?_=1655427326198&CODE_STATE=getMsg HTTP/1.1" 200 27
120.253.135.82 - - [17/Jun/2022:08:53:06 +0800] "POST /xingrg/kc/pszx/mdps_list_operate.html HTTP/1.1" 200 1690
120.253.135.82 - - [17/Jun/2022:08:53:07 +0800] "POST /xingrg/kc/pszx/mdps_list_operate.html HTTP/1.1" 200 388
218.81.223.53 - - [17/Jun/2022:08:53:08 +0800] "GET /xingrg/check_reg.html?_=1655427194501 HTTP/1.1" 200 22
218.81.223.53 - - [17/Jun/2022:08:53:09 +0800] "GET /xingrg/all/function/internal_message.html?_=1655427196070&CODE_STATE=getMsg HTTP/1.1" 200 27
58.35.194.53 - - [17/Jun/2022:08:53:09 +0800] "GET /xingrg/all/function/internal_message.html?_=1655427186583&CODE_STATE=getMsg HTTP/1.1" 200 27
101.83.223.227 - - [17/Jun/2022:08:53:10 +0800] "GET /xingrg/all/function/internal_message.html?_=1655427188001&CODE_STATE=getMsg HTTP/1.1" 200 27
120.253.135.82 - - [17/Jun/2022:08:53:11 +0800] "GET /xingrg/all/function/internal_message.html?_=1655426998734&CODE_STATE=getMsg HTTP/1.1" 200 27
120.253.135.82 - - [17/Jun/2022:08:53:13 +0800] "GET /xingrg/kc/pszx/mdqp_order_list.html?state=10 HTTP/1.1" 200 10217
120.253.135.82 - - [17/Jun/2022:08:53:13 +0800] "POST /xingrg/kc/pszx/mdps_list_operate.html HTTP/1.1" 200 1690
120.253.135.82 - - [17/Jun/2022:08:53:13 +0800] "GET /xingrg/dwr/engine.js HTTP/1.1" 200 43631
120.253.135.82 - - [17/Jun/2022:08:53:13 +0800] "GET /xingrg/dwr/interface/AjaxQqpsService.js HTTP/1.1" 200 16326
120.253.135.82 - - [17/Jun/2022:08:53:13 +0800] "GET /xingrg/dwr/interface/AjaxReportQueryService.js HTTP/1.1" 200 13203
114.95.43.0 - - [17/Jun/2022:08:53:16 +0800] "GET /xingrg/all/function/internal_message.html?_=1655427104299&CODE_STATE=getMsg HTTP/1.1" 200 27
116.230.110.173 - - [17/Jun/2022:08:53:18 +0800] "GET /xingrg/all/function/internal_message.html?_=1655427193521&CODE_STATE=getMsg HTTP/1.1" 200 27
114.95.43.0 - - [17/Jun/2022:08:53:27 +0800] "GET /xingrg/all/function/internal_message.html?_=1655427207663&CODE_STATE=getMsg HTTP/1.1" 200 27
120.253.135.82 - - [17/Jun/2022:08:53:46 +0800] "GET /xingrg/kc/pszx/mdqp_order_list.html?state=10 HTTP/1.1" 200 10217
120.253.135.82 - - [17/Jun/2022:08:53:46 +0800] "GET /xingrg/dwr/interface/AjaxQqpsService.js HTTP/1.1" 200 16326
120.253.135.82 - - [17/Jun/2022:08:53:46 +0800] "GET /xingrg/dwr/interface/AjaxReportQueryService.js HTTP/1.1" 200 13203
120.253.135.82 - - [17/Jun/2022:08:53:46 +0800] "GET /xingrg/dwr/engine.js HTTP/1.1" 200 43631
120.253.135.82 - - [17/Jun/2022:08:53:49 +0800] "GET /xingrg/kc/pszx/mdqp_order_list.html?state=10 HTTP/1.1" 200 10217
120.253.135.82 - - [17/Jun/2022:08:53:49 +0800] "GET /xingrg/dwr/interface/AjaxReportQueryService.js HTTP/1.1" 200 13203
120.253.135.82 - - [17/Jun/2022:08:53:49 +0800] "GET /xingrg/dwr/interface/AjaxQqpsService.js HTTP/1.1" 200 16326
120.253.135.82 - - [17/Jun/2022:08:53:49 +0800] "GET /xingrg/dwr/engine.js HTTP/1.1" 200 43631
101.83.240.230 - - [17/Jun/2022:08:53:53 +0800] "GET /xingrg/all/function/internal_message.html?_=1655427228463&CODE_STATE=getMsg HTTP/1.1" 200 27
101.83.240.230 - - [17/Jun/2022:08:53:57 +0800] "GET /xingrg/kc/buy/cgsh_order_operate.html?command=get_materiel&rest_code=00149&code=00101004074&supplier_code=00100083&order_time=2022-06-16 HTTP/1.1" 200 406
101.83.223.227 - - [17/Jun/2022:08:54:02 +0800] "GET /xingrg/all/function/internal_message.html?_=1655427203349&CODE_STATE=getMsg HTTP/1.1" 200 27
120.253.135.82 - - [17/Jun/2022:08:54:03 +0800] "GET /xingrg/all/function/internal_message.html?_=1655427386212&CODE_STATE=getMsg HTTP/1.1" 200 27
101.83.240.230 - - [17/Jun/2022:08:54:08 +0800] "GET /xingrg/kc/buy/cgsh_order_operate.html?command=get_materiel&rest_code=00149&code=00101004103&supplier_code=00100083&order_time=2022-06-16 HTTP/1.1" 200 413
218.81.223.53 - - [17/Jun/2022:08:54:09 +0800] "GET /xingrg/all/function/internal_message.html?_=1655427256084&CODE_STATE=getMsg HTTP/1.1" 200 27
58.35.194.53 - - [17/Jun/2022:08:54:09 +0800] "GET /xingrg/all/function/internal_message.html?_=1655427246587&CODE_STATE=getMsg HTTP/1.1" 200 27
101.83.223.227 - - [17/Jun/2022:08:54:10 +0800] "GET /xingrg/check_reg.html?_=1655427247987 HTTP/1.1" 200 22
101.83.223.227 - - [17/Jun/2022:08:54:10 +0800] "GET /xingrg/all/function/internal_message.html?_=1655427247990&CODE_STATE=getMsg HTTP/1.1" 200 27
120.253.135.82 - - [17/Jun/2022:08:54:11 +0800] "GET /xingrg/all/function/internal_message.html?_=1655427058821&CODE_STATE=getMsg HTTP/1.1" 200 27
114.95.43.0 - - [17/Jun/2022:08:54:16 +0800] "GET /xingrg/all/function/internal_message.html?_=1655427164285&CODE_STATE=getMsg HTTP/1.1" 200 27
116.230.110.173 - - [17/Jun/2022:08:54:18 +0800] "GET /xingrg/check_reg.html?_=1655427253502 HTTP/1.1" 200 22
116.230.110.173 - - [17/Jun/2022:08:54:18 +0800] "GET /xingrg/all/function/internal_message.html?_=1655427253504&CODE_STATE=getMsg HTTP/1.1" 200 27
58.35.194.53 - - [17/Jun/2022:08:54:24 +0800] "GET /xingrg/javascript/easyui/themes/sunny/images/ui-bg_gloss-wave_70_ffdd57_500x100.png HTTP/1.1" 200 3830
114.95.43.0 - - [17/Jun/2022:08:54:27 +0800] "GET /xingrg/all/function/internal_message.html?_=1655427267664&CODE_STATE=getMsg HTTP/1.1" 200 27
101.83.240.230 - - [17/Jun/2022:08:54:28 +0800] "GET /xingrg/kc/buy/cgsh_order_operate.html?command=get_materiel&rest_code=00149&code=00101004030&supplier_code=00100083&order_time=2022-06-16 HTTP/1.1" 200 427
101.83.240.230 - - [17/Jun/2022:08:54:39 +0800] "POST /xingrg/kc/buy/cgsh_order_operate.html HTTP/1.1" 200 37
101.83.240.230 - - [17/Jun/2022:08:54:45 +0800] "POST /xingrg/kc/buy/cgsh_order_operate.html HTTP/1.1" 200 12
101.83.240.230 - - [17/Jun/2022:08:54:47 +0800] "GET /xingrg/kc/buy/cgsh_order_info.html?code=212022061701822 HTTP/1.1" 200 62677
101.83.240.230 - - [17/Jun/2022:08:54:47 +0800] "GET /xingrg/javascript/easyui/themes/default/validatebox.css HTTP/1.1" 404 1104
101.83.240.230 - - [17/Jun/2022:08:54:48 +0800] "POST /xingrg/kc/buy/cgsh_order_operate.html HTTP/1.1" 200 1788
101.83.240.230 - - [17/Jun/2022:08:54:49 +0800] "GET /xingrg/kc/print/load_data.html?order_code=212022061701822&kc_code=cgsh&condition= HTTP/1.1" 200 1166
101.83.240.230 - - [17/Jun/2022:08:54:53 +0800] "GET /xingrg/all/function/internal_message.html?_=1655427288474&CODE_STATE=getMsg HTTP/1.1" 200 27
101.83.223.227 - - [17/Jun/2022:08:55:02 +0800] "GET /xingrg/all/function/internal_message.html?_=1655427263354&CODE_STATE=getMsg HTTP/1.1" 200 27
120.253.135.82 - - [17/Jun/2022:08:55:03 +0800] "GET /xingrg/all/function/internal_message.html?_=1655427446224&CODE_STATE=getMsg HTTP/1.1" 200 27
218.81.223.53 - - [17/Jun/2022:08:55:09 +0800] "GET /xingrg/all/function/internal_message.html?_=1655427316097&CODE_STATE=getMsg HTTP/1.1" 200 27
58.35.194.53 - - [17/Jun/2022:08:55:09 +0800] "GET /xingrg/all/function/internal_message.html?_=1655427306580&CODE_STATE=getMsg HTTP/1.1" 200 27
101.83.223.227 - - [17/Jun/2022:08:55:10 +0800] "GET /xingrg/all/function/internal_message.html?_=1655427307992&CODE_STATE=getMsg HTTP/1.1" 200 27
120.253.135.82 - - [17/Jun/2022:08:55:11 +0800] "GET /xingrg/all/function/internal_message.html?_=1655427118824&CODE_STATE=getMsg HTTP/1.1" 200 27
114.95.43.0 - - [17/Jun/2022:08:55:16 +0800] "GET /xingrg/all/function/internal_message.html?_=1655427224270&CODE_STATE=getMsg HTTP/1.1" 200 27
116.230.110.173 - - [17/Jun/2022:08:55:18 +0800] "GET /xingrg/all/function/internal_message.html?_=1655427313516&CODE_STATE=getMsg HTTP/1.1" 200 27
101.83.240.230 - - [17/Jun/2022:08:55:23 +0800] "GET /xingrg/kc/buy/cgsh_order_add.html HTTP/1.1" 200 67776
101.83.240.230 - - [17/Jun/2022:08:55:23 +0800] "GET /xingrg/javascript/easyui/themes/default/validatebox.css HTTP/1.1" 404 1104
101.83.240.230 - - [17/Jun/2022:08:55:23 +0800] "POST /xingrg/kc/buy/cgsh_order_operate.html HTTP/1.1" 200 8245
114.95.43.0 - - [17/Jun/2022:08:55:27 +0800] "GET /xingrg/check_reg.html?_=1655427327691 HTTP/1.1" 200 22
114.95.43.0 - - [17/Jun/2022:08:55:27 +0800] "GET /xingrg/all/function/internal_message.html?_=1655427327693&CODE_STATE=getMsg HTTP/1.1" 200 27
101.83.240.230 - - [17/Jun/2022:08:55:42 +0800] "GET /xingrg/kc/buy/cgsh_order_operate.html?command=get_materiel&rest_code=00149&code=00101006109&supplier_code=00100012&order_time=2022-06-16 HTTP/1.1" 200 428
101.83.240.230 - - [17/Jun/2022:08:55:53 +0800] "GET /xingrg/check_reg.html?_=1655427348476 HTTP/1.1" 200 22
101.83.240.230 - - [17/Jun/2022:08:55:53 +0800] "GET /xingrg/all/function/internal_message.html?_=1655427348471&CODE_STATE=getMsg HTTP/1.1" 200 27
101.83.223.227 - - [17/Jun/2022:08:56:02 +0800] "GET /xingrg/all/function/internal_message.html?_=1655427323408&CODE_STATE=getMsg HTTP/1.1" 200 27
120.253.135.82 - - [17/Jun/2022:08:56:03 +0800] "GET /xingrg/all/function/internal_message.html?_=1655427506261&CODE_STATE=getMsg HTTP/1.1" 200 27
218.81.223.53 - - [17/Jun/2022:08:56:09 +0800] "GET /xingrg/all/function/internal_message.html?_=1655427376182&CODE_STATE=getMsg HTTP/1.1" 200 27
58.35.194.53 - - [17/Jun/2022:08:56:09 +0800] "GET /xingrg/all/function/internal_message.html?_=1655427366583&CODE_STATE=getMsg HTTP/1.1" 200 27
58.35.194.53 - - [17/Jun/2022:08:56:10 +0800] "GET /xingrg/check_reg.html?_=1655427366587 HTTP/1.1" 200 22
101.83.223.227 - - [17/Jun/2022:08:56:10 +0800] "GET /xingrg/all/function/internal_message.html?_=1655427367994&CODE_STATE=getMsg HTTP/1.1" 200 27
120.253.135.82 - - [17/Jun/2022:08:56:12 +0800] "GET /xingrg/all/function/internal_message.html?_=1655427178911&CODE_STATE=getMsg HTTP/1.1" 200 27
114.95.43.0 - - [17/Jun/2022:08:56:16 +0800] "GET /xingrg/all/function/internal_message.html?_=1655427284240&CODE_STATE=getMsg HTTP/1.1" 200 27
116.230.110.173 - - [17/Jun/2022:08:56:18 +0800] "GET /xingrg/all/function/internal_message.html?_=1655427373508&CODE_STATE=getMsg HTTP/1.1" 200 27
180.156.212.250 - - [17/Jun/2022:08:56:23 +0800] "GET /favicon.ico HTTP/1.1" 404 -
180.156.212.250 - - [17/Jun/2022:08:56:23 +0800] "GET /favicon.ico HTTP/1.1" 404 -
180.156.212.250 - - [17/Jun/2022:08:56:24 +0800] "GET /favicon.ico HTTP/1.1" 404 -
180.156.212.250 - - [17/Jun/2022:08:56:26 +0800] "GET /xingrg/login.html HTTP/1.1" 200 7641
180.156.212.250 - - [17/Jun/2022:08:56:26 +0800] "GET /xingrg/images/blue/jxLogo.png HTTP/1.1" 304 -
180.156.212.250 - - [17/Jun/2022:08:56:27 +0800] "GET /xingrg/images/blue/login_bg.png HTTP/1.1" 304 -
180.156.212.250 - - [17/Jun/2022:08:56:27 +0800] "GET /xingrg/images/blue/srbg.png HTTP/1.1" 304 -
180.156.212.250 - - [17/Jun/2022:08:56:27 +0800] "GET /xingrg/images/blue/hj.png HTTP/1.1" 304 -
114.95.43.0 - - [17/Jun/2022:08:56:27 +0800] "GET /xingrg/all/function/internal_message.html?_=1655427387693&CODE_STATE=getMsg HTTP/1.1" 200 27
180.156.212.250 - - [17/Jun/2022:08:56:28 +0800] "GET /favicon.ico HTTP/1.1" 404 -
101.83.223.227 - - [17/Jun/2022:08:56:30 +0800] "POST /xingrg/services/DataTransmitService HTTP/1.1" 200 524
180.156.212.250 - - [17/Jun/2022:08:56:32 +0800] "POST /xingrg/login.do HTTP/1.1" 302 -
180.156.212.250 - - [17/Jun/2022:08:56:33 +0800] "GET /xingrg/index.html?sysBaseUrl=http%3A%2F%2F180.169.147.146%3A18081%2Fxingrg%2F&costTime=39×tamp=1655427392969 HTTP/1.1" 200 17173
180.156.212.250 - - [17/Jun/2022:08:56:33 +0800] "GET /xingrg/javascript/jquery_easy_ui/themes/default/easyui.css HTTP/1.1" 304 -
180.156.212.250 - - [17/Jun/2022:08:56:33 +0800] "GET /xingrg/javascript/jquery_easy_ui/themes/icon.css HTTP/1.1" 304 -
180.156.212.250 - - [17/Jun/2022:08:56:33 +0800] "GET /xingrg/css/form.css HTTP/1.1" 304 -
180.156.212.250 - - [17/Jun/2022:08:56:33 +0800] "GET /xingrg/javascript/jquery-1.4.2.min.js HTTP/1.1" 304 -
180.156.212.250 - - [17/Jun/2022:08:56:33 +0800] "GET /xingrg/javascript/jquery_easy_ui/jquery.easyui.min.js HTTP/1.1" 304 -
180.156.212.250 - - [17/Jun/2022:08:56:33 +0800] "GET /xingrg/javascript/jquery_easy_ui/easyui-lang-zh_CN.js HTTP/1.1" 304 -
180.156.212.250 - - [17/Jun/2022:08:56:33 +0800] "GET /xingrg/javascript/jquery.form.js HTTP/1.1" 304 -
180.156.212.250 - - [17/Jun/2022:08:56:33 +0800] "GET /xingrg/javascript/jquery.utils.js HTTP/1.1" 304 -
180.156.212.250 - - [17/Jun/2022:08:56:33 +0800] "GET /xingrg/javascript/jquery.timers.js HTTP/1.1" 304 -
180.156.212.250 - - [17/Jun/2022:08:56:33 +0800] "GET /xingrg/images/blue/navBackgound.jpg HTTP/1.1" 304 -
180.156.212.250 - - [17/Jun/2022:08:56:33 +0800] "GET /xingrg/javascript/jquery_easy_ui/themes/icons/settle_new.png HTTP/1.1" 304 -
180.156.212.250 - - [17/Jun/2022:08:56:33 +0800] "GET /xingrg/javascript/jquery_easy_ui/themes/default/images/tabs_rightarrow.png HTTP/1.1" 304 -
180.156.212.250 - - [17/Jun/2022:08:56:33 +0800] "GET /xingrg/images/blue/pingpu.png HTTP/1.1" 304 -
180.156.212.250 - - [17/Jun/2022:08:56:33 +0800] "GET /xingrg/javascript/jquery_easy_ui/themes/default/images/tabs_leftarrow.png HTTP/1.1" 304 -
180.156.212.250 - - [17/Jun/2022:08:56:33 +0800] "POST /xingrg/all/common/load_tree.html?tree=area_rest_tree_json&manage=1 HTTP/1.1" 200 342
180.156.212.250 - - [17/Jun/2022:08:56:33 +0800] "GET /xingrg/javascript/jquery_easy_ui/themes/default/images/panel_tool_collapse.gif HTTP/1.1" 304 -
180.156.212.250 - - [17/Jun/2022:08:56:34 +0800] "GET /xingrg/all/function/internal_message.html?_=1655427461229&CODE_STATE=count HTTP/1.1" 200 11
180.156.212.250 - - [17/Jun/2022:08:56:34 +0800] "GET /xingrg/check_reg.html?_=1655427461230 HTTP/1.1" 200 22
180.156.212.250 - - [17/Jun/2022:08:56:34 +0800] "GET /xingrg/javascript/jquery_easy_ui/themes/default/images/tree_arrows.gif HTTP/1.1" 304 -
180.156.212.250 - - [17/Jun/2022:08:56:34 +0800] "GET /favicon.ico HTTP/1.1" 404 -
180.156.212.250 - - [17/Jun/2022:08:56:34 +0800] "POST /xingrg/load_menu.html HTTP/1.1" 200 5138
180.156.212.250 - - [17/Jun/2022:08:56:34 +0800] "GET /xingrg/javascript/jquery_easy_ui/themes/default/images/tree_folder_open.gif HTTP/1.1" 304 -
180.156.212.250 - - [17/Jun/2022:08:56:34 +0800] "GET /xingrg/javascript/jquery_easy_ui/themes/icons/storage_new.png HTTP/1.1" 304 -
180.156.212.250 - - [17/Jun/2022:08:56:34 +0800] "GET /xingrg/javascript/jquery_easy_ui/themes/icons/search_new.png HTTP/1.1" 304 -
180.156.212.250 - - [17/Jun/2022:08:56:34 +0800] "GET /xingrg/javascript/jquery_easy_ui/themes/icons/forms_new.png HTTP/1.1" 304 -
180.156.212.250 - - [17/Jun/2022:08:56:34 +0800] "GET /xingrg/javascript/jquery_easy_ui/themes/default/images/tree_file.gif HTTP/1.1" 304 -
180.156.212.250 - - [17/Jun/2022:08:56:34 +0800] "GET /xingrg/javascript/jquery_easy_ui/themes/default/images/tree_folder.gif HTTP/1.1" 304 -
180.156.212.250 - - [17/Jun/2022:08:56:41 +0800] "GET /xingrg/javascript/jquery_easy_ui/themes/default/images/tabs_close.gif HTTP/1.1" 304 -
180.156.212.250 - - [17/Jun/2022:08:56:41 +0800] "GET /xingrg/css/base.css HTTP/1.1" 304 -
180.156.212.250 - - [17/Jun/2022:08:56:41 +0800] "GET /xingrg/javascript/jquery_tools/jquery.tools.table.js HTTP/1.1" 304 -
180.156.212.250 - - [17/Jun/2022:08:56:41 +0800] "GET /xingrg/javascript/jquery_tools/list_manager.js HTTP/1.1" 304 -
180.156.212.250 - - [17/Jun/2022:08:56:41 +0800] "GET /xingrg/javascript/jquery_tools/datebox.css HTTP/1.1" 304 -
180.156.212.250 - - [17/Jun/2022:08:56:41 +0800] "GET /xingrg/kc/buy/cgsh_order_list.html HTTP/1.1" 200 51906
180.156.212.250 - - [17/Jun/2022:08:56:41 +0800] "GET /xingrg/javascript/easyui/easyloader.js HTTP/1.1" 304 -
180.156.212.250 - - [17/Jun/2022:08:56:41 +0800] "GET /xingrg/javascript/jquery_tools/jquery.tools.extend.js HTTP/1.1" 304 -
180.156.212.250 - - [17/Jun/2022:08:56:41 +0800] "GET /xingrg/javascript/jquery_tools/jquery.tools.hotkey.js HTTP/1.1" 304 -
180.156.212.250 - - [17/Jun/2022:08:56:41 +0800] "GET /xingrg/javascript/auto/jquery.autocomplete.js HTTP/1.1" 304 -
180.156.212.250 - - [17/Jun/2022:08:56:41 +0800] "GET /xingrg/javascript/jquery.cookie.js HTTP/1.1" 304 -
180.156.212.250 - - [17/Jun/2022:08:56:41 +0800] "GET /xingrg/javascript/print/LodopFuncs.js HTTP/1.1" 304 -
180.156.212.250 - - [17/Jun/2022:08:56:41 +0800] "GET /xingrg/javascript/easyui/themes/default/easyui.css HTTP/1.1" 304 -
180.156.212.250 - - [17/Jun/2022:08:56:41 +0800] "GET /xingrg/javascript/auto/jquery.autocomplete.css HTTP/1.1" 304 -
180.156.212.250 - - [17/Jun/2022:08:56:41 +0800] "GET /xingrg/javascript/easyui/themes/icon.css HTTP/1.1" 304 -
180.156.212.250 - - [17/Jun/2022:08:56:41 +0800] "GET /xingrg/css/site.css HTTP/1.1" 304 -
180.156.212.250 - - [17/Jun/2022:08:56:41 +0800] "GET /xingrg/javascript/jquery_tools/table.css HTTP/1.1" 304 -
180.156.212.250 - - [17/Jun/2022:08:56:41 +0800] "GET /xingrg/javascript/jquery_tools/fix.css HTTP/1.1" 304 -
180.156.212.250 - - [17/Jun/2022:08:56:41 +0800] "GET /xingrg/javascript/jquery_tools/jquery.tools.min.js HTTP/1.1" 304 -
180.156.212.250 - - [17/Jun/2022:08:56:43 +0800] "GET /xingrg/javascript/easyui/themes/icons/edit_add_new.png HTTP/1.1" 304 -
180.156.212.250 - - [17/Jun/2022:08:56:43 +0800] "GET /xingrg/javascript/easyui/themes/icons/cance_new.png HTTP/1.1" 304 -
180.156.212.250 - - [17/Jun/2022:08:56:43 +0800] "GET /xingrg/javascript/easyui/themes/icons/check_new.png HTTP/1.1" 304 -
180.156.212.250 - - [17/Jun/2022:08:56:43 +0800] "GET /xingrg/javascript/easyui/themes/icons/field_new.png HTTP/1.1" 304 -
180.156.212.250 - - [17/Jun/2022:08:56:43 +0800] "GET /xingrg/javascript/easyui/themes/icons/import_new.png HTTP/1.1" 304 -
180.156.212.250 - - [17/Jun/2022:08:56:43 +0800] "GET /xingrg/javascript/easyui/plugins/jquery.parser.js HTTP/1.1" 304 -
180.156.212.250 - - [17/Jun/2022:08:56:43 +0800] "GET /xingrg/images/control/ajaxLoader.gif HTTP/1.1" 304 -
101.83.223.227 - - [17/Jun/2022:08:56:43 +0800] "GET /xingrg/check_reg.html?_=1655427363772 HTTP/1.1" 200 22
180.156.212.250 - - [17/Jun/2022:08:56:44 +0800] "POST /xingrg/kc/buy/cgsh_list_operate.html HTTP/1.1" 200 693
180.156.212.250 - - [17/Jun/2022:08:56:44 +0800] "GET /xingrg/javascript/easyui/themes/default/images/button_plain_hover.png HTTP/1.1" 304 -
180.156.212.250 - - [17/Jun/2022:08:56:44 +0800] "GET /xingrg/javascript/easyui/themes/default/images/button_plain_hover.png HTTP/1.1" 304 -
180.156.212.250 - - [17/Jun/2022:08:56:45 +0800] "GET /xingrg/javascript/pic_change.js HTTP/1.1" 304 -
180.156.212.250 - - [17/Jun/2022:08:56:45 +0800] "GET /xingrg/javascript/convert.js HTTP/1.1" 304 -
180.156.212.250 - - [17/Jun/2022:08:56:45 +0800] "GET /xingrg/javascript/json2.js HTTP/1.1" 304 -
180.156.212.250 - - [17/Jun/2022:08:56:45 +0800] "GET /xingrg/javascript/print/kc_print.js HTTP/1.1" 304 -
180.156.212.250 - - [17/Jun/2022:08:56:45 +0800] "GET /xingrg/javascript/jquery_tools/order_manager.js HTTP/1.1" 304 -
180.156.212.250 - - [17/Jun/2022:08:56:45 +0800] "GET /xingrg/kc/buy/cgsh_order_add.html HTTP/1.1" 200 67682
180.156.212.250 - - [17/Jun/2022:08:56:45 +0800] "GET /xingrg/words/20220615165019_words.js HTTP/1.1" 304 -
180.156.212.250 - - [17/Jun/2022:08:56:45 +0800] "GET /xingrg/javascript/easyui/themes/icons/copy_new.png HTTP/1.1" 304 -
180.156.212.250 - - [17/Jun/2022:08:56:45 +0800] "GET /xingrg/javascript/easyui/themes/icons/template_new.png HTTP/1.1" 304 -
180.156.212.250 - - [17/Jun/2022:08:56:45 +0800] "GET /xingrg/javascript/easyui/themes/icons/ok.png HTTP/1.1" 304 -
180.156.212.250 - - [17/Jun/2022:08:56:45 +0800] "GET /xingrg/javascript/easyui/themes/icons/print.png HTTP/1.1" 304 -
180.156.212.250 - - [17/Jun/2022:08:56:45 +0800] "GET /xingrg/javascript/easyui/themes/default/images/menu_downarrow.png HTTP/1.1" 304 -
180.156.212.250 - - [17/Jun/2022:08:56:45 +0800] "GET /xingrg/javascript/easyui/themes/icons/cancel.png HTTP/1.1" 304 -
180.156.212.250 - - [17/Jun/2022:08:56:46 +0800] "POST /xingrg/kc/buy/cgsh_order_operate.html HTTP/1.1" 200 8245
180.156.212.250 - - [17/Jun/2022:08:56:46 +0800] "GET /xingrg/javascript/easyui/themes/icons/edit_remove.png HTTP/1.1" 304 -
