114.84.82.172 - - [16/Jun/2022:11:19:39 +0800] "GET /xingrg/check_reg.html?_=1655349577860 HTTP/1.1" 200 22
114.84.82.172 - - [16/Jun/2022:11:19:39 +0800] "GET /xingrg/all/function/internal_message.html?_=1655349577863&CODE_STATE=getMsg HTTP/1.1" 200 27
114.95.43.0 - - [16/Jun/2022:11:19:42 +0800] "GET /xingrg/all/function/internal_message.html?_=1655349490921&CODE_STATE=getMsg HTTP/1.1" 200 27
120.253.135.82 - - [16/Jun/2022:11:19:42 +0800] "GET /xingrg/all/function/internal_message.html?_=1655349727370&CODE_STATE=getMsg HTTP/1.1" 200 27
180.156.212.250 - - [16/Jun/2022:11:19:43 +0800] "GET /xingrg/kc/buy/cgsh_order_list.html HTTP/1.1" 200 51832
116.228.172.94 - - [16/Jun/2022:11:19:45 +0800] "GET /xingrg/all/function/internal_message.html?_=1655349448830&CODE_STATE=getMsg HTTP/1.1" 200 27
180.156.212.250 - - [16/Jun/2022:11:19:45 +0800] "POST /xingrg/kc/buy/cgsh_list_operate.html HTTP/1.1" 200 1437
180.156.212.250 - - [16/Jun/2022:11:19:47 +0800] "GET /xingrg/kc/buy/cgsh_order_add.html HTTP/1.1" 200 67614
180.156.212.250 - - [16/Jun/2022:11:19:47 +0800] "GET /xingrg/javascript/easyui/themes/default/validatebox.css HTTP/1.1" 404 1104
180.156.212.250 - - [16/Jun/2022:11:19:47 +0800] "POST /xingrg/kc/buy/cgsh_order_operate.html HTTP/1.1" 200 8245
61.170.235.145 - - [16/Jun/2022:11:20:01 +0800] "GET /xingrg/all/function/internal_message.html?_=1655349601530&CODE_STATE=getMsg HTTP/1.1" 200 27
58.35.194.53 - - [16/Jun/2022:11:20:01 +0800] "GET /xingrg/all/function/internal_message.html?_=1655349599632&CODE_STATE=getMsg HTTP/1.1" 200 27
116.235.92.88 - - [16/Jun/2022:11:20:03 +0800] "GET /xingrg/all/function/internal_message.html?_=1655349780855&CODE_STATE=getMsg HTTP/1.1" 200 27
116.235.92.88 - - [16/Jun/2022:11:20:03 +0800] "GET /xingrg/check_reg.html?_=1655349780856 HTTP/1.1" 200 22
180.156.212.250 - - [16/Jun/2022:11:20:03 +0800] "GET /xingrg/all/function/internal_message.html?_=1655349621664&CODE_STATE=getMsg HTTP/1.1" 200 27
101.83.223.227 - - [16/Jun/2022:11:20:06 +0800] "GET /xingrg/all/function/internal_message.html?_=1655349568788&CODE_STATE=getMsg HTTP/1.1" 200 27
101.83.223.227 - - [16/Jun/2022:11:20:07 +0800] "GET /xingrg/check_reg.html?_=1655349605048 HTTP/1.1" 200 22
101.83.223.227 - - [16/Jun/2022:11:20:07 +0800] "GET /xingrg/all/function/internal_message.html?_=1655349605050&CODE_STATE=getMsg HTTP/1.1" 200 27
218.81.223.53 - - [16/Jun/2022:11:20:09 +0800] "GET /xingrg/all/function/internal_message.html?_=1655349613184&CODE_STATE=getMsg HTTP/1.1" 200 27
101.83.223.227 - - [16/Jun/2022:11:20:14 +0800] "GET /xingrg/check_reg.html?_=1655349576213 HTTP/1.1" 200 22
114.95.43.0 - - [16/Jun/2022:11:20:14 +0800] "GET /xingrg/all/function/internal_message.html?_=1655349614377&CODE_STATE=getMsg HTTP/1.1" 200 27
116.230.110.173 - - [16/Jun/2022:11:20:15 +0800] "GET /xingrg/all/function/internal_message.html?_=1655349611387&CODE_STATE=getMsg HTTP/1.1" 200 27
222.69.144.95 - - [16/Jun/2022:11:20:17 +0800] "GET /xingrg/all/function/internal_message.html?_=1655349646125&CODE_STATE=getMsg HTTP/1.1" 200 27
101.83.223.227 - - [16/Jun/2022:11:20:22 +0800] "GET /xingrg/all/function/internal_message.html?_=1655349584076&CODE_STATE=getMsg HTTP/1.1" 200 27
180.156.212.250 - - [16/Jun/2022:11:20:23 +0800] "GET /xingrg/all/function/internal_message.html?_=1655349691891&CODE_STATE=getMsg HTTP/1.1" 200 27
58.40.7.146 - - [16/Jun/2022:11:20:33 +0800] "GET /xingrg/all/function/internal_message.html?_=1655349630951&CODE_STATE=getMsg HTTP/1.1" 200 27
114.84.82.172 - - [16/Jun/2022:11:20:39 +0800] "GET /xingrg/all/function/internal_message.html?_=1655349637863&CODE_STATE=getMsg HTTP/1.1" 200 27
114.95.43.0 - - [16/Jun/2022:11:20:42 +0800] "GET /xingrg/all/function/internal_message.html?_=1655349550907&CODE_STATE=getMsg HTTP/1.1" 200 27
120.253.135.82 - - [16/Jun/2022:11:20:42 +0800] "GET /xingrg/all/function/internal_message.html?_=1655349787383&CODE_STATE=getMsg HTTP/1.1" 200 27
180.156.212.250 - - [16/Jun/2022:11:20:43 +0800] "POST /xingrg/services/DataTransmitService HTTP/1.1" 200 524
116.228.172.94 - - [16/Jun/2022:11:20:45 +0800] "GET /xingrg/all/function/internal_message.html?_=1655349508840&CODE_STATE=getMsg HTTP/1.1" 200 27
180.156.212.250 - - [16/Jun/2022:11:20:49 +0800] "POST /xingrg/services/DataTransmitService HTTP/1.1" 200 501
58.35.194.53 - - [16/Jun/2022:11:20:52 +0800] "POST /xingrg/kc/buy/cgsh_list_operate.html HTTP/1.1" 200 2415
58.35.194.53 - - [16/Jun/2022:11:20:55 +0800] "POST /xingrg/kc/buy/cgsh_list_operate.html HTTP/1.1" 200 460
61.170.235.145 - - [16/Jun/2022:11:21:01 +0800] "GET /xingrg/all/function/internal_message.html?_=1655349661530&CODE_STATE=getMsg HTTP/1.1" 200 27
58.35.194.53 - - [16/Jun/2022:11:21:01 +0800] "GET /xingrg/all/function/internal_message.html?_=1655349659609&CODE_STATE=getMsg HTTP/1.1" 200 27
116.235.92.88 - - [16/Jun/2022:11:21:03 +0800] "GET /xingrg/all/function/internal_message.html?_=1655349840854&CODE_STATE=getMsg HTTP/1.1" 200 27
180.156.212.250 - - [16/Jun/2022:11:21:03 +0800] "GET /xingrg/check_reg.html?_=1655349681655 HTTP/1.1" 200 22
180.156.212.250 - - [16/Jun/2022:11:21:03 +0800] "GET /xingrg/all/function/internal_message.html?_=1655349681659&CODE_STATE=getMsg HTTP/1.1" 200 27
180.156.212.250 - - [16/Jun/2022:11:21:03 +0800] "GET /xingrg/kc/buy/cgsh_order_operate.html?command=get_materiel&rest_code=00102&code=00101021022&supplier_code=00100322&order_time=2022-06-16 HTTP/1.1" 200 410
101.83.223.227 - - [16/Jun/2022:11:21:06 +0800] "GET /xingrg/all/function/internal_message.html?_=1655349628819&CODE_STATE=getMsg HTTP/1.1" 200 27
101.83.223.227 - - [16/Jun/2022:11:21:07 +0800] "GET /xingrg/all/function/internal_message.html?_=1655349665047&CODE_STATE=getMsg HTTP/1.1" 200 27
218.81.223.53 - - [16/Jun/2022:11:21:09 +0800] "GET /xingrg/all/function/internal_message.html?_=1655349673209&CODE_STATE=getMsg HTTP/1.1" 200 27
114.95.43.0 - - [16/Jun/2022:11:21:14 +0800] "GET /xingrg/all/function/internal_message.html?_=1655349674357&CODE_STATE=getMsg HTTP/1.1" 200 27
116.230.110.173 - - [16/Jun/2022:11:21:15 +0800] "GET /xingrg/all/function/internal_message.html?_=1655349671369&CODE_STATE=getMsg HTTP/1.1" 200 27
222.69.144.95 - - [16/Jun/2022:11:21:17 +0800] "GET /xingrg/all/function/internal_message.html?_=1655349706118&CODE_STATE=getMsg HTTP/1.1" 200 27
58.35.194.53 - - [16/Jun/2022:11:21:18 +0800] "GET /xingrg/kc/buy/cgsh_order_info.html?code=212022061601693 HTTP/1.1" 200 67668
58.35.194.53 - - [16/Jun/2022:11:21:19 +0800] "GET /xingrg/javascript/easyui/themes/default/validatebox.css HTTP/1.1" 404 1104
58.35.194.53 - - [16/Jun/2022:11:21:19 +0800] "POST /xingrg/kc/buy/cgsh_order_operate.html HTTP/1.1" 200 4515
101.83.223.227 - - [16/Jun/2022:11:21:22 +0800] "GET /xingrg/all/function/internal_message.html?_=1655349644089&CODE_STATE=getMsg HTTP/1.1" 200 27
180.156.212.250 - - [16/Jun/2022:11:21:23 +0800] "GET /xingrg/all/function/internal_message.html?_=1655349751907&CODE_STATE=getMsg HTTP/1.1" 200 27
58.35.194.53 - - [16/Jun/2022:11:21:25 +0800] "POST /xingrg/all/common/load_select.html HTTP/1.1" 200 12
180.156.212.250 - - [16/Jun/2022:11:21:26 +0800] "GET /xingrg/kc/buy/cgsh_order_operate.html?command=get_materiel&rest_code=00102&code=00101001099&supplier_code=00100322&order_time=2022-06-16 HTTP/1.1" 200 409
58.35.194.53 - - [16/Jun/2022:11:21:27 +0800] "GET /xingrg/kc/buy/cgsh_order_operate.html?command=get_materiel_price&rest_code=00156&code=00101034139&unit_code=00100012&supplier_code=00100530&order_time=2022-04-14 HTTP/1.1" 200 27
58.40.7.146 - - [16/Jun/2022:11:21:33 +0800] "GET /xingrg/all/function/internal_message.html?_=1655349690937&CODE_STATE=getMsg HTTP/1.1" 200 27
180.156.212.250 - - [16/Jun/2022:11:21:33 +0800] "GET /xingrg/kc/buy/cgsh_order_operate.html?command=get_materiel&rest_code=00102&code=00101010854&supplier_code=00100322&order_time=2022-06-16 HTTP/1.1" 200 435
58.35.194.53 - - [16/Jun/2022:11:21:37 +0800] "POST /xingrg/kc/buy/cgsh_order_operate.html HTTP/1.1" 200 37
114.95.43.0 - - [16/Jun/2022:11:21:38 +0800] "GET /xingrg/check_reg.html?_=1655349698695 HTTP/1.1" 200 22
58.35.194.53 - - [16/Jun/2022:11:21:39 +0800] "POST /xingrg/kc/buy/cgsh_order_operate.html HTTP/1.1" 200 3290
114.84.82.172 - - [16/Jun/2022:11:21:39 +0800] "GET /xingrg/all/function/internal_message.html?_=1655349697864&CODE_STATE=getMsg HTTP/1.1" 200 27
114.95.43.0 - - [16/Jun/2022:11:21:42 +0800] "GET /xingrg/all/function/internal_message.html?_=1655349610893&CODE_STATE=getMsg HTTP/1.1" 200 27
120.253.135.82 - - [16/Jun/2022:11:21:42 +0800] "GET /xingrg/all/function/internal_message.html?_=1655349847397&CODE_STATE=getMsg HTTP/1.1" 200 27
101.83.223.227 - - [16/Jun/2022:11:21:45 +0800] "GET /xingrg/check_reg.html?_=1655349667149 HTTP/1.1" 200 22
116.228.172.94 - - [16/Jun/2022:11:21:45 +0800] "GET /xingrg/all/function/internal_message.html?_=1655349568831&CODE_STATE=getMsg HTTP/1.1" 200 27
180.156.212.250 - - [16/Jun/2022:11:21:50 +0800] "GET /xingrg/kc/buy/cgsh_order_operate.html?command=get_materiel&rest_code=00102&code=00101010335&supplier_code=00100322&order_time=2022-06-16 HTTP/1.1" 200 452
180.169.147.146 - - [16/Jun/2022:11:21:56 +0800] "GET /xingrg/check_reg.html?_=1655349716544 HTTP/1.1" 200 22
58.35.194.53 - - [16/Jun/2022:11:22:01 +0800] "GET /xingrg/all/function/internal_message.html?_=1655349719586&CODE_STATE=getMsg HTTP/1.1" 200 27
61.170.235.145 - - [16/Jun/2022:11:22:01 +0800] "GET /xingrg/all/function/internal_message.html?_=1655349721531&CODE_STATE=getMsg HTTP/1.1" 200 27
116.235.92.88 - - [16/Jun/2022:11:22:03 +0800] "GET /xingrg/all/function/internal_message.html?_=1655349900853&CODE_STATE=getMsg HTTP/1.1" 200 27
180.156.212.250 - - [16/Jun/2022:11:22:03 +0800] "GET /xingrg/all/function/internal_message.html?_=1655349741658&CODE_STATE=getMsg HTTP/1.1" 200 27
58.35.194.53 - - [16/Jun/2022:11:22:04 +0800] "GET /xingrg/check_reg.html?_=1655349722102 HTTP/1.1" 200 22
101.83.223.227 - - [16/Jun/2022:11:22:06 +0800] "GET /xingrg/all/function/internal_message.html?_=1655349688831&CODE_STATE=getMsg HTTP/1.1" 200 27
180.156.212.250 - - [16/Jun/2022:11:22:06 +0800] "GET /xingrg/kc/buy/cgsh_order_operate.html?command=get_materiel&rest_code=00102&code=00101001256&supplier_code=00100322&order_time=2022-05-31 HTTP/1.1" 200 418
101.83.223.227 - - [16/Jun/2022:11:22:07 +0800] "GET /xingrg/all/function/internal_message.html?_=1655349725050&CODE_STATE=getMsg HTTP/1.1" 200 27
218.81.223.53 - - [16/Jun/2022:11:22:09 +0800] "GET /xingrg/all/function/internal_message.html?_=1655349733212&CODE_STATE=getMsg HTTP/1.1" 200 27
114.95.43.0 - - [16/Jun/2022:11:22:14 +0800] "GET /xingrg/all/function/internal_message.html?_=1655349734326&CODE_STATE=getMsg HTTP/1.1" 200 27
116.230.110.173 - - [16/Jun/2022:11:22:15 +0800] "GET /xingrg/all/function/internal_message.html?_=1655349731365&CODE_STATE=getMsg HTTP/1.1" 200 27
222.69.144.95 - - [16/Jun/2022:11:22:17 +0800] "GET /xingrg/all/function/internal_message.html?_=1655349766108&CODE_STATE=getMsg HTTP/1.1" 200 27
222.69.144.95 - - [16/Jun/2022:11:22:17 +0800] "GET /xingrg/check_reg.html?_=1655349766112 HTTP/1.1" 200 22
101.83.223.227 - - [16/Jun/2022:11:22:22 +0800] "GET /xingrg/all/function/internal_message.html?_=1655349704277&CODE_STATE=getMsg HTTP/1.1" 200 27
180.156.212.250 - - [16/Jun/2022:11:22:24 +0800] "GET /xingrg/all/function/internal_message.html?_=1655349812190&CODE_STATE=getMsg HTTP/1.1" 200 27
58.40.7.146 - - [16/Jun/2022:11:22:32 +0800] "GET /xingrg/all/function/internal_message.html?_=1655349750908&CODE_STATE=getMsg HTTP/1.1" 200 27
101.85.120.86 - - [16/Jun/2022:11:22:34 +0800] "GET /favicon.ico HTTP/1.1" 404 -
101.85.120.86 - - [16/Jun/2022:11:22:35 +0800] "GET /xingrg/login.html HTTP/1.1" 200 7641
101.85.120.86 - - [16/Jun/2022:11:22:35 +0800] "GET /xingrg/images/blue/jxLogo.png HTTP/1.1" 304 -
101.85.120.86 - - [16/Jun/2022:11:22:35 +0800] "GET /xingrg/images/blue/login_bg.png HTTP/1.1" 304 -
101.85.120.86 - - [16/Jun/2022:11:22:35 +0800] "GET /favicon.ico HTTP/1.1" 404 -
101.85.120.86 - - [16/Jun/2022:11:22:35 +0800] "GET /xingrg/images/blue/hj.png HTTP/1.1" 304 -
101.85.120.86 - - [16/Jun/2022:11:22:35 +0800] "GET /xingrg/images/blue/srbg.png HTTP/1.1" 304 -
180.156.212.250 - - [16/Jun/2022:11:22:39 +0800] "GET /xingrg/kc/buy/cgsh_order_operate.html?command=get_materiel&rest_code=00102&code=00101010855&supplier_code=00100322&order_time=2022-05-31 HTTP/1.1" 200 446
114.84.82.172 - - [16/Jun/2022:11:22:39 +0800] "GET /xingrg/all/function/internal_message.html?_=1655349757850&CODE_STATE=getMsg HTTP/1.1" 200 27
114.95.43.0 - - [16/Jun/2022:11:22:42 +0800] "GET /xingrg/all/function/internal_message.html?_=1655349670877&CODE_STATE=getMsg HTTP/1.1" 200 27
120.253.135.82 - - [16/Jun/2022:11:22:42 +0800] "GET /xingrg/all/function/internal_message.html?_=1655349907441&CODE_STATE=getMsg HTTP/1.1" 200 27
114.95.43.0 - - [16/Jun/2022:11:22:43 +0800] "GET /xingrg/check_reg.html?_=1655349672190 HTTP/1.1" 200 22
58.40.7.146 - - [16/Jun/2022:11:22:44 +0800] "GET /xingrg/check_reg.html?_=1655349762532 HTTP/1.1" 200 22
116.228.172.94 - - [16/Jun/2022:11:22:45 +0800] "GET /xingrg/all/function/internal_message.html?_=1655349628836&CODE_STATE=getMsg HTTP/1.1" 200 27
101.85.120.86 - - [16/Jun/2022:11:22:46 +0800] "POST /xingrg/login.do HTTP/1.1" 302 -
101.85.120.86 - - [16/Jun/2022:11:22:46 +0800] "GET /xingrg/javascript/jquery_easy_ui/themes/default/easyui.css HTTP/1.1" 304 -
101.85.120.86 - - [16/Jun/2022:11:22:46 +0800] "GET /xingrg/index.html?sysBaseUrl=http%3A%2F%2F180.169.147.146%3A18081%2Fxingrg%2F&costTime=39×tamp=1655349766631 HTTP/1.1" 200 17179
101.85.120.86 - - [16/Jun/2022:11:22:46 +0800] "GET /xingrg/javascript/jquery_easy_ui/themes/icon.css HTTP/1.1" 304 -
101.85.120.86 - - [16/Jun/2022:11:22:46 +0800] "GET /xingrg/css/form.css HTTP/1.1" 304 -
101.85.120.86 - - [16/Jun/2022:11:22:46 +0800] "GET /xingrg/javascript/jquery.form.js HTTP/1.1" 304 -
101.85.120.86 - - [16/Jun/2022:11:22:46 +0800] "GET /xingrg/javascript/jquery_easy_ui/easyui-lang-zh_CN.js HTTP/1.1" 304 -
101.85.120.86 - - [16/Jun/2022:11:22:46 +0800] "GET /xingrg/javascript/jquery.utils.js HTTP/1.1" 304 -
101.85.120.86 - - [16/Jun/2022:11:22:46 +0800] "GET /xingrg/javascript/jquery.timers.js HTTP/1.1" 304 -
101.85.120.86 - - [16/Jun/2022:11:22:46 +0800] "GET /xingrg/javascript/jquery_easy_ui/jquery.easyui.min.js HTTP/1.1" 304 -
101.85.120.86 - - [16/Jun/2022:11:22:46 +0800] "GET /xingrg/javascript/jquery-1.4.2.min.js HTTP/1.1" 304 -
101.85.120.86 - - [16/Jun/2022:11:22:46 +0800] "GET /favicon.ico HTTP/1.1" 404 -
101.85.120.86 - - [16/Jun/2022:11:22:47 +0800] "GET /xingrg/javascript/jquery_easy_ui/themes/icons/settle_new.png HTTP/1.1" 304 -
101.85.120.86 - - [16/Jun/2022:11:22:47 +0800] "GET /xingrg/images/blue/navBackgound.jpg HTTP/1.1" 304 -
101.85.120.86 - - [16/Jun/2022:11:22:47 +0800] "POST /xingrg/all/common/load_tree.html?tree=area_rest_tree_json&manage=1 HTTP/1.1" 200 351
101.85.120.86 - - [16/Jun/2022:11:22:47 +0800] "GET /xingrg/all/function/internal_message.html?_=1655349760354&CODE_STATE=count HTTP/1.1" 200 11
101.85.120.86 - - [16/Jun/2022:11:22:47 +0800] "GET /xingrg/check_reg.html?_=1655349760356 HTTP/1.1" 200 22
101.85.120.86 - - [16/Jun/2022:11:22:47 +0800] "GET /xingrg/images/blue/pingpu.png HTTP/1.1" 304 -
101.85.120.86 - - [16/Jun/2022:11:22:47 +0800] "GET /xingrg/javascript/jquery_easy_ui/themes/default/images/tabs_leftarrow.png HTTP/1.1" 304 -
101.85.120.86 - - [16/Jun/2022:11:22:47 +0800] "GET /xingrg/javascript/jquery_easy_ui/themes/default/images/tabs_rightarrow.png HTTP/1.1" 304 -
101.85.120.86 - - [16/Jun/2022:11:22:47 +0800] "GET /xingrg/javascript/jquery_easy_ui/themes/default/images/panel_tool_collapse.gif HTTP/1.1" 304 -
101.85.120.86 - - [16/Jun/2022:11:22:47 +0800] "POST /xingrg/load_menu.html HTTP/1.1" 200 5138
101.85.120.86 - - [16/Jun/2022:11:22:47 +0800] "GET /xingrg/javascript/jquery_easy_ui/themes/default/images/tree_folder_open.gif HTTP/1.1" 304 -
101.85.120.86 - - [16/Jun/2022:11:22:47 +0800] "GET /xingrg/javascript/jquery_easy_ui/themes/default/images/tree_arrows.gif HTTP/1.1" 304 -
101.85.120.86 - - [16/Jun/2022:11:22:47 +0800] "GET /xingrg/javascript/jquery_easy_ui/themes/icons/search_new.png HTTP/1.1" 304 -
101.85.120.86 - - [16/Jun/2022:11:22:47 +0800] "GET /xingrg/javascript/jquery_easy_ui/themes/icons/storage_new.png HTTP/1.1" 304 -
101.85.120.86 - - [16/Jun/2022:11:22:47 +0800] "GET /xingrg/javascript/jquery_easy_ui/themes/default/images/tree_folder.gif HTTP/1.1" 304 -
101.85.120.86 - - [16/Jun/2022:11:22:47 +0800] "GET /xingrg/javascript/jquery_easy_ui/themes/icons/forms_new.png HTTP/1.1" 304 -
101.85.120.86 - - [16/Jun/2022:11:22:47 +0800] "GET /xingrg/javascript/jquery_easy_ui/themes/default/images/tree_file.gif HTTP/1.1" 304 -
101.85.120.86 - - [16/Jun/2022:11:22:51 +0800] "GET /xingrg/javascript/jquery_easy_ui/themes/icons/area.png HTTP/1.1" 304 -
101.85.120.86 - - [16/Jun/2022:11:22:51 +0800] "GET /xingrg/javascript/jquery_easy_ui/themes/icons/rest.png HTTP/1.1" 304 -
101.85.120.86 - - [16/Jun/2022:11:22:57 +0800] "GET /xingrg/javascript/jquery_easy_ui/themes/default/images/tabs_close.gif HTTP/1.1" 304 -
101.85.120.86 - - [16/Jun/2022:11:22:57 +0800] "GET /xingrg/css/base.css HTTP/1.1" 304 -
101.85.120.86 - - [16/Jun/2022:11:22:57 +0800] "GET /xingrg/css/site.css HTTP/1.1" 304 -
101.85.120.86 - - [16/Jun/2022:11:22:57 +0800] "GET /xingrg/javascript/jquery_tools/datebox.css HTTP/1.1" 304 -
101.85.120.86 - - [16/Jun/2022:11:22:57 +0800] "GET /xingrg/javascript/easyui/themes/icon.css HTTP/1.1" 304 -
101.85.120.86 - - [16/Jun/2022:11:22:57 +0800] "GET /xingrg/javascript/easyui/themes/default/easyui.css HTTP/1.1" 304 -
101.85.120.86 - - [16/Jun/2022:11:22:57 +0800] "GET /xingrg/javascript/auto/jquery.autocomplete.css HTTP/1.1" 304 -
101.85.120.86 - - [16/Jun/2022:11:22:57 +0800] "GET /xingrg/javascript/jquery_tools/fix.css HTTP/1.1" 304 -
101.85.120.86 - - [16/Jun/2022:11:22:57 +0800] "GET /xingrg/javascript/jquery_tools/table.css HTTP/1.1" 304 -
101.85.120.86 - - [16/Jun/2022:11:22:57 +0800] "GET /xingrg/javascript/jquery_tools/jquery.tools.min.js HTTP/1.1" 304 -
101.85.120.86 - - [16/Jun/2022:11:22:57 +0800] "GET /xingrg/javascript/jquery_tools/jquery.tools.extend.js HTTP/1.1" 304 -
101.85.120.86 - - [16/Jun/2022:11:22:57 +0800] "GET /xingrg/javascript/jquery_tools/jquery.tools.hotkey.js HTTP/1.1" 304 -
101.85.120.86 - - [16/Jun/2022:11:22:57 +0800] "GET /xingrg/javascript/jquery_tools/jquery.tools.table.js HTTP/1.1" 304 -
101.85.120.86 - - [16/Jun/2022:11:22:57 +0800] "GET /xingrg/javascript/jquery_tools/list_manager.js HTTP/1.1" 304 -
101.85.120.86 - - [16/Jun/2022:11:22:57 +0800] "GET /xingrg/javascript/auto/jquery.autocomplete.js HTTP/1.1" 304 -
101.85.120.86 - - [16/Jun/2022:11:22:57 +0800] "GET /xingrg/javascript/jquery.cookie.js HTTP/1.1" 304 -
101.85.120.86 - - [16/Jun/2022:11:22:57 +0800] "GET /xingrg/kc/buy/cgsh_order_list.html HTTP/1.1" 200 51838
101.85.120.86 - - [16/Jun/2022:11:22:57 +0800] "GET /xingrg/javascript/easyui/easyloader.js HTTP/1.1" 304 -
101.85.120.86 - - [16/Jun/2022:11:22:57 +0800] "GET /xingrg/javascript/print/LodopFuncs.js HTTP/1.1" 304 -
101.85.120.86 - - [16/Jun/2022:11:22:58 +0800] "GET /xingrg/javascript/easyui/themes/icons/edit_add_new.png HTTP/1.1" 304 -
101.85.120.86 - - [16/Jun/2022:11:22:58 +0800] "GET /xingrg/javascript/easyui/themes/icons/cance_new.png HTTP/1.1" 304 -
101.85.120.86 - - [16/Jun/2022:11:22:58 +0800] "GET /xingrg/javascript/easyui/themes/icons/check_new.png HTTP/1.1" 304 -
101.85.120.86 - - [16/Jun/2022:11:22:58 +0800] "GET /xingrg/javascript/easyui/themes/icons/field_new.png HTTP/1.1" 304 -
101.85.120.86 - - [16/Jun/2022:11:22:58 +0800] "GET /xingrg/javascript/easyui/themes/icons/import_new.png HTTP/1.1" 304 -
101.85.120.86 - - [16/Jun/2022:11:22:58 +0800] "GET /xingrg/javascript/easyui/plugins/jquery.parser.js HTTP/1.1" 304 -
101.85.120.86 - - [16/Jun/2022:11:22:58 +0800] "GET /xingrg/images/control/ajaxLoader.gif HTTP/1.1" 304 -
101.85.120.86 - - [16/Jun/2022:11:23:00 +0800] "POST /xingrg/kc/buy/cgsh_list_operate.html HTTP/1.1" 200 4443
58.35.194.53 - - [16/Jun/2022:11:23:01 +0800] "GET /xingrg/all/function/internal_message.html?_=1655349779558&CODE_STATE=getMsg HTTP/1.1" 200 27
61.170.235.145 - - [16/Jun/2022:11:23:01 +0800] "GET /xingrg/all/function/internal_message.html?_=1655349781533&CODE_STATE=getMsg HTTP/1.1" 200 27
116.235.92.88 - - [16/Jun/2022:11:23:03 +0800] "GET /xingrg/all/function/internal_message.html?_=1655349960850&CODE_STATE=getMsg HTTP/1.1" 200 27
180.156.212.250 - - [16/Jun/2022:11:23:03 +0800] "GET /xingrg/all/function/internal_message.html?_=1655349801661&CODE_STATE=getMsg HTTP/1.1" 200 27
101.83.223.227 - - [16/Jun/2022:11:23:06 +0800] "GET /xingrg/all/function/internal_message.html?_=1655349748843&CODE_STATE=getMsg HTTP/1.1" 200 27
101.83.223.227 - - [16/Jun/2022:11:23:07 +0800] "GET /xingrg/all/function/internal_message.html?_=1655349785047&CODE_STATE=getMsg HTTP/1.1" 200 27
218.81.223.53 - - [16/Jun/2022:11:23:07 +0800] "GET /xingrg/check_reg.html?_=1655349790710 HTTP/1.1" 200 22
218.81.223.53 - - [16/Jun/2022:11:23:10 +0800] "GET /xingrg/all/function/internal_message.html?_=1655349793225&CODE_STATE=getMsg HTTP/1.1" 200 27
114.95.43.0 - - [16/Jun/2022:11:23:14 +0800] "GET /xingrg/all/function/internal_message.html?_=1655349794296&CODE_STATE=getMsg HTTP/1.1" 200 27
116.230.110.173 - - [16/Jun/2022:11:23:15 +0800] "GET /xingrg/all/function/internal_message.html?_=1655349791382&CODE_STATE=getMsg HTTP/1.1" 200 27
58.35.194.53 - - [16/Jun/2022:11:23:16 +0800] "GET /xingrg/kc/buy/cgsh_order_add.html HTTP/1.1" 200 67661
58.35.194.53 - - [16/Jun/2022:11:23:16 +0800] "POST /xingrg/kc/buy/cgsh_order_operate.html HTTP/1.1" 200 8245
58.35.194.53 - - [16/Jun/2022:11:23:16 +0800] "GET /xingrg/javascript/easyui/themes/default/validatebox.css HTTP/1.1" 404 1104
222.69.144.95 - - [16/Jun/2022:11:23:17 +0800] "GET /xingrg/all/function/internal_message.html?_=1655349826121&CODE_STATE=getMsg HTTP/1.1" 200 27
101.83.223.227 - - [16/Jun/2022:11:23:22 +0800] "GET /xingrg/all/function/internal_message.html?_=1655349764288&CODE_STATE=getMsg HTTP/1.1" 200 27
120.253.135.82 - - [16/Jun/2022:11:23:22 +0800] "GET /xingrg/check_reg.html?_=1655349947112 HTTP/1.1" 200 22
180.156.212.250 - - [16/Jun/2022:11:23:24 +0800] "GET /xingrg/all/function/internal_message.html?_=1655349872502&CODE_STATE=getMsg HTTP/1.1" 200 27
101.85.120.86 - - [16/Jun/2022:11:23:24 +0800] "GET /xingrg/javascript/easyui/themes/default/images/button_plain_hover.png HTTP/1.1" 304 -
101.85.120.86 - - [16/Jun/2022:11:23:25 +0800] "GET /xingrg/javascript/pic_change.js HTTP/1.1" 304 -
101.85.120.86 - - [16/Jun/2022:11:23:25 +0800] "GET /xingrg/javascript/convert.js HTTP/1.1" 304 -
101.85.120.86 - - [16/Jun/2022:11:23:25 +0800] "GET /xingrg/javascript/jquery_tools/order_manager.js HTTP/1.1" 304 -
101.85.120.86 - - [16/Jun/2022:11:23:25 +0800] "GET /xingrg/javascript/json2.js HTTP/1.1" 304 -
101.85.120.86 - - [16/Jun/2022:11:23:25 +0800] "GET /xingrg/javascript/print/kc_print.js HTTP/1.1" 304 -
101.85.120.86 - - [16/Jun/2022:11:23:25 +0800] "GET /xingrg/kc/buy/cgsh_order_add.html HTTP/1.1" 200 66733
101.85.120.86 - - [16/Jun/2022:11:23:25 +0800] "GET /xingrg/words/20220615165019_words.js HTTP/1.1" 200 901301
101.85.120.86 - - [16/Jun/2022:11:23:25 +0800] "GET /xingrg/javascript/easyui/themes/icons/copy_new.png HTTP/1.1" 304 -
101.85.120.86 - - [16/Jun/2022:11:23:25 +0800] "GET /xingrg/javascript/easyui/themes/icons/template_new.png HTTP/1.1" 304 -
101.85.120.86 - - [16/Jun/2022:11:23:25 +0800] "GET /xingrg/javascript/easyui/themes/icons/ok.png HTTP/1.1" 304 -
101.85.120.86 - - [16/Jun/2022:11:23:25 +0800] "GET /xingrg/javascript/easyui/themes/default/images/menu_downarrow.png HTTP/1.1" 304 -
101.85.120.86 - - [16/Jun/2022:11:23:25 +0800] "GET /xingrg/javascript/easyui/themes/icons/print.png HTTP/1.1" 304 -
101.85.120.86 - - [16/Jun/2022:11:23:25 +0800] "GET /xingrg/javascript/easyui/themes/icons/cancel.png HTTP/1.1" 304 -
101.85.120.86 - - [16/Jun/2022:11:23:26 +0800] "POST /xingrg/kc/buy/cgsh_order_operate.html HTTP/1.1" 200 8245
101.85.120.86 - - [16/Jun/2022:11:23:26 +0800] "GET /xingrg/javascript/easyui/themes/default/validatebox.css HTTP/1.1" 404 1104
101.85.120.86 - - [16/Jun/2022:11:23:26 +0800] "GET /xingrg/javascript/easyui/plugins/jquery.validatebox.js HTTP/1.1" 304 -
101.85.120.86 - - [16/Jun/2022:11:23:26 +0800] "GET /xingrg/all/common/auto_word.html?type=employee&rest_code=00142 HTTP/1.1" 200 105
101.85.120.86 - - [16/Jun/2022:11:23:26 +0800] "GET /xingrg/all/common/auto_word.html?type=employee&rest_code=00142 HTTP/1.1" 200 105
101.85.120.86 - - [16/Jun/2022:11:23:26 +0800] "GET /xingrg/javascript/easyui/themes/icons/edit_remove.png HTTP/1.1" 304 -
101.85.120.86 - - [16/Jun/2022:11:23:26 +0800] "GET /xingrg/javascript/easyui/plugins/jquery.numberbox.js HTTP/1.1" 304 -
101.85.120.86 - - [16/Jun/2022:11:23:27 +0800] "GET /xingrg/javascript/auto/indicator.gif HTTP/1.1" 404 1066
58.40.7.146 - - [16/Jun/2022:11:23:32 +0800] "GET /xingrg/all/function/internal_message.html?_=1655349810895&CODE_STATE=getMsg HTTP/1.1" 200 27
101.85.120.86 - - [16/Jun/2022:11:23:35 +0800] "GET /xingrg/javascript/jquery_tools/images/prev.gif HTTP/1.1" 404 1086
101.85.120.86 - - [16/Jun/2022:11:23:35 +0800] "GET /xingrg/javascript/jquery_tools/images/next.gif HTTP/1.1" 404 1086
114.84.82.172 - - [16/Jun/2022:11:23:39 +0800] "GET /xingrg/all/function/internal_message.html?_=1655349817852&CODE_STATE=getMsg HTTP/1.1" 200 27
114.95.43.0 - - [16/Jun/2022:11:23:42 +0800] "GET /xingrg/all/function/internal_message.html?_=1655349730850&CODE_STATE=getMsg HTTP/1.1" 200 27
120.253.135.82 - - [16/Jun/2022:11:23:42 +0800] "GET /xingrg/all/function/internal_message.html?_=1655349967455&CODE_STATE=getMsg HTTP/1.1" 200 27
116.228.172.94 - - [16/Jun/2022:11:23:45 +0800] "GET /xingrg/all/function/internal_message.html?_=1655349688833&CODE_STATE=getMsg HTTP/1.1" 200 27
116.228.172.94 - - [16/Jun/2022:11:23:45 +0800] "GET /xingrg/check_reg.html?_=1655349688837 HTTP/1.1" 200 22
101.85.120.86 - - [16/Jun/2022:11:23:47 +0800] "GET /xingrg/all/function/internal_message.html?_=1655349820373&CODE_STATE=getMsg HTTP/1.1" 200 27
101.83.223.227 - - [16/Jun/2022:11:23:49 +0800] "GET /xingrg/kc/buy/cgsh_order_list.html HTTP/1.1" 200 51838
101.85.120.86 - - [16/Jun/2022:11:23:49 +0800] "GET /xingrg/javascript/jquery_easy_ui/themes/default/images/tabs_active.png HTTP/1.1" 304 -
101.83.223.227 - - [16/Jun/2022:11:23:51 +0800] "POST /xingrg/kc/buy/cgsh_list_operate.html HTTP/1.1" 200 2427
101.85.120.86 - - [16/Jun/2022:11:23:51 +0800] "GET /xingrg/kc/buy/cgsh_order_add.html HTTP/1.1" 200 66733
101.85.120.86 - - [16/Jun/2022:11:23:51 +0800] "POST /xingrg/kc/buy/cgsh_order_operate.html HTTP/1.1" 200 8245
101.85.120.86 - - [16/Jun/2022:11:23:51 +0800] "GET /xingrg/javascript/easyui/themes/default/validatebox.css HTTP/1.1" 404 1104
58.35.194.53 - - [16/Jun/2022:11:24:01 +0800] "GET /xingrg/all/function/internal_message.html?_=1655349839534&CODE_STATE=getMsg HTTP/1.1" 200 27
61.170.235.145 - - [16/Jun/2022:11:24:01 +0800] "GET /xingrg/check_reg.html?_=1655349841533 HTTP/1.1" 200 22
61.170.235.145 - - [16/Jun/2022:11:24:01 +0800] "GET /xingrg/all/function/internal_message.html?_=1655349841536&CODE_STATE=getMsg HTTP/1.1" 200 27
180.156.212.250 - - [16/Jun/2022:11:24:01 +0800] "POST /xingrg/kc/base/wldb_order_operate.html HTTP/1.1" 200 37
116.235.92.88 - - [16/Jun/2022:11:24:03 +0800] "GET /xingrg/all/function/internal_message.html?_=1655350020864&CODE_STATE=getMsg HTTP/1.1" 200 27
180.156.212.250 - - [16/Jun/2022:11:24:03 +0800] "GET /xingrg/all/function/internal_message.html?_=1655349861664&CODE_STATE=getMsg HTTP/1.1" 200 27
180.156.212.250 - - [16/Jun/2022:11:24:03 +0800] "POST /xingrg/kc/base/wldb_order_operate.html HTTP/1.1" 200 12
180.156.212.250 - - [16/Jun/2022:11:24:03 +0800] "POST /xingrg/kc/base/wldb_order_operate.html HTTP/1.1" 200 7691
180.156.212.250 - - [16/Jun/2022:11:24:05 +0800] "GET /xingrg/kc/base/wldb_order_info.html?code=422022061600566 HTTP/1.1" 200 26229
180.156.212.250 - - [16/Jun/2022:11:24:06 +0800] "POST /xingrg/kc/base/wldb_order_operate.html HTTP/1.1" 200 5863
101.83.223.227 - - [16/Jun/2022:11:24:06 +0800] "GET /xingrg/all/function/internal_message.html?_=1655349808880&CODE_STATE=getMsg HTTP/1.1" 200 27
180.156.212.250 - - [16/Jun/2022:11:24:06 +0800] "GET /xingrg/javascript/easyui/themes/default/validatebox.css HTTP/1.1" 404 1104
101.83.223.227 - - [16/Jun/2022:11:24:07 +0800] "GET /xingrg/all/function/internal_message.html?_=1655349845051&CODE_STATE=getMsg HTTP/1.1" 200 27
218.81.223.53 - - [16/Jun/2022:11:24:10 +0800] "GET /xingrg/all/function/internal_message.html?_=1655349853239&CODE_STATE=getMsg HTTP/1.1" 200 27
101.83.223.227 - - [16/Jun/2022:11:24:10 +0800] "POST /xingrg/kc/buy/cgsh_list_operate.html HTTP/1.1" 200 1445
58.35.194.53 - - [16/Jun/2022:11:24:10 +0800] "GET /xingrg/kc/buy/cgsh_order_operate.html?command=get_materiel&rest_code=00156&code=00101001016&supplier_code=00100313&order_time=2022-06-16 HTTP/1.1" 200 435
114.95.43.0 - - [16/Jun/2022:11:24:14 +0800] "GET /xingrg/all/function/internal_message.html?_=1655349854266&CODE_STATE=getMsg HTTP/1.1" 200 27
101.83.223.227 - - [16/Jun/2022:11:24:14 +0800] "POST /xingrg/kc/buy/cgsh_list_operate.html HTTP/1.1" 200 559
180.156.212.250 - - [16/Jun/2022:11:24:15 +0800] "GET /xingrg/kc/buy/cgsh_order_list.html HTTP/1.1" 200 51832
116.230.110.173 - - [16/Jun/2022:11:24:15 +0800] "GET /xingrg/check_reg.html?_=1655349851377 HTTP/1.1" 200 22
116.230.110.173 - - [16/Jun/2022:11:24:15 +0800] "GET /xingrg/all/function/internal_message.html?_=1655349851378&CODE_STATE=getMsg HTTP/1.1" 200 27
101.83.223.227 - - [16/Jun/2022:11:24:16 +0800] "GET /xingrg/kc/buy/cgsh_order_info.html?code=212022030401181 HTTP/1.1" 200 62425
222.69.144.95 - - [16/Jun/2022:11:24:17 +0800] "GET /xingrg/all/function/internal_message.html?_=1655349886110&CODE_STATE=getMsg HTTP/1.1" 200 27
180.156.212.250 - - [16/Jun/2022:11:24:17 +0800] "POST /xingrg/kc/buy/cgsh_list_operate.html HTTP/1.1" 200 1437
101.83.223.227 - - [16/Jun/2022:11:24:17 +0800] "POST /xingrg/kc/buy/cgsh_order_operate.html HTTP/1.1" 200 6516
101.83.223.227 - - [16/Jun/2022:11:24:20 +0800] "GET /xingrg/javascript/easyui/themes/default/validatebox.css HTTP/1.1" 404 1104
180.156.212.250 - - [16/Jun/2022:11:24:20 +0800] "GET /xingrg/kc/buy/cgsh_order_add.html HTTP/1.1" 200 67608
180.156.212.250 - - [16/Jun/2022:11:24:21 +0800] "POST /xingrg/kc/buy/cgsh_order_operate.html HTTP/1.1" 200 8245
180.156.212.250 - - [16/Jun/2022:11:24:21 +0800] "GET /xingrg/javascript/easyui/themes/default/validatebox.css HTTP/1.1" 404 1104
180.156.212.250 - - [16/Jun/2022:11:24:21 +0800] "GET /xingrg/check_reg.html?_=1655349929966 HTTP/1.1" 200 22
101.83.223.227 - - [16/Jun/2022:11:24:22 +0800] "GET /xingrg/all/function/internal_message.html?_=1655349824460&CODE_STATE=getMsg HTTP/1.1" 200 27
180.156.212.250 - - [16/Jun/2022:11:24:22 +0800] "GET /xingrg/javascript/easyui/themes/default/tree.css HTTP/1.1" 404 1090
180.156.212.250 - - [16/Jun/2022:11:24:22 +0800] "POST /xingrg/all/common/load_tree.html?tree=supplier_tree_json&isDelete=1 HTTP/1.1" 200 66322
180.156.212.250 - - [16/Jun/2022:11:24:26 +0800] "GET /xingrg/all/function/internal_message.html?_=1655349934133&CODE_STATE=getMsg HTTP/1.1" 200 27
180.156.212.250 - - [16/Jun/2022:11:24:32 +0800] "GET /xingrg/kc/buy/cgsh_order_operate.html?command=get_materiel&rest_code=00102&code=00101010851&supplier_code=00100479&order_time=2022-05-31 HTTP/1.1" 200 442
58.40.7.146 - - [16/Jun/2022:11:24:32 +0800] "GET /xingrg/all/function/internal_message.html?_=1655349870866&CODE_STATE=getMsg HTTP/1.1" 200 27
58.35.194.53 - - [16/Jun/2022:11:24:34 +0800] "GET /xingrg/kc/buy/cgsh_order_operate.html?command=get_materiel&rest_code=00156&code=00101001096&supplier_code=00100313&order_time=2022-06-16 HTTP/1.1" 200 429
116.230.110.173 - - [16/Jun/2022:11:24:38 +0800] "POST /xingrg/services/DataTransmitService HTTP/1.1" 200 524
116.230.110.173 - - [16/Jun/2022:11:24:39 +0800] "POST /xingrg/services/DataTransmitService HTTP/1.1" 200 2159
114.84.82.172 - - [16/Jun/2022:11:24:39 +0800] "GET /xingrg/all/function/internal_message.html?_=1655349877853&CODE_STATE=getMsg HTTP/1.1" 200 27
116.230.110.173 - - [16/Jun/2022:11:24:39 +0800] "POST /xingrg/services/DataTransmitService HTTP/1.1" 200 168884
114.84.82.172 - - [16/Jun/2022:11:24:39 +0800] "GET /xingrg/check_reg.html?_=1655349877856 HTTP/1.1" 200 22
114.95.43.0 - - [16/Jun/2022:11:24:42 +0800] "GET /xingrg/all/function/internal_message.html?_=1655349790820&CODE_STATE=getMsg HTTP/1.1" 200 27
180.156.212.250 - - [16/Jun/2022:11:24:42 +0800] "GET /xingrg/kc/buy/cgsh_order_operate.html?command=get_materiel&rest_code=00102&code=00101021010&supplier_code=00100479&order_time=2022-05-31 HTTP/1.1" 200 413
120.253.135.82 - - [16/Jun/2022:11:24:42 +0800] "GET /xingrg/all/function/internal_message.html?_=1655350027469&CODE_STATE=getMsg HTTP/1.1" 200 27
116.228.172.94 - - [16/Jun/2022:11:24:45 +0800] "GET /xingrg/all/function/internal_message.html?_=1655349748827&CODE_STATE=getMsg HTTP/1.1" 200 27
101.85.120.86 - - [16/Jun/2022:11:24:47 +0800] "GET /xingrg/all/function/internal_message.html?_=1655349880371&CODE_STATE=getMsg HTTP/1.1" 200 27
101.85.120.86 - - [16/Jun/2022:11:24:52 +0800] "GET /xingrg/kc/buy/cgsh_order_operate.html?command=get_materiel&rest_code=00142&code=00101006204&supplier_code=00100436&order_time=2022-06-16 HTTP/1.1" 200 423
101.85.120.86 - - [16/Jun/2022:11:24:56 +0800] "POST /xingrg/all/common/load_select.html HTTP/1.1" 200 25
101.85.120.86 - - [16/Jun/2022:11:25:01 +0800] "GET /xingrg/kc/buy/cgsh_order_operate.html?command=get_materiel_price&rest_code=00142&code=00101006204&unit_code=00100308&supplier_code=00100436&order_time=2022-06-16 HTTP/1.1" 200 27
58.35.194.53 - - [16/Jun/2022:11:25:01 +0800] "GET /xingrg/all/function/internal_message.html?_=1655349899506&CODE_STATE=getMsg HTTP/1.1" 200 27
61.170.235.145 - - [16/Jun/2022:11:25:01 +0800] "GET /xingrg/all/function/internal_message.html?_=1655349901556&CODE_STATE=getMsg HTTP/1.1" 200 27
116.235.92.88 - - [16/Jun/2022:11:25:03 +0800] "GET /xingrg/check_reg.html?_=1655350080862 HTTP/1.1" 200 22
116.235.92.88 - - [16/Jun/2022:11:25:03 +0800] "GET /xingrg/all/function/internal_message.html?_=1655350080863&CODE_STATE=getMsg HTTP/1.1" 200 27
180.156.212.250 - - [16/Jun/2022:11:25:03 +0800] "GET /xingrg/all/function/internal_message.html?_=1655349921658&CODE_STATE=getMsg HTTP/1.1" 200 27
180.169.147.146 - - [16/Jun/2022:11:25:05 +0800] "GET /xingrg/kc/base/yddb_order_list.html?isBack=1 HTTP/1.1" 200 16754
180.169.147.146 - - [16/Jun/2022:11:25:05 +0800] "POST /xingrg/kc/base/yddb_list_operate.html HTTP/1.1" 200 1337
101.83.223.227 - - [16/Jun/2022:11:25:06 +0800] "GET /xingrg/all/function/internal_message.html?_=1655349868887&CODE_STATE=getMsg HTTP/1.1" 200 27
101.83.223.227 - - [16/Jun/2022:11:25:07 +0800] "GET /xingrg/all/function/internal_message.html?_=1655349905057&CODE_STATE=getMsg HTTP/1.1" 200 27
101.83.223.227 - - [16/Jun/2022:11:25:07 +0800] "GET /xingrg/check_reg.html?_=1655349905060 HTTP/1.1" 200 22
180.169.147.146 - - [16/Jun/2022:11:25:07 +0800] "GET /xingrg/kc/buy/buy_main.html HTTP/1.1" 200 12412
180.169.147.146 - - [16/Jun/2022:11:25:07 +0800] "GET /xingrg/css/new_ie.css HTTP/1.1" 404 1036
180.169.147.146 - - [16/Jun/2022:11:25:08 +0800] "GET /xingrg/images/yd/bt.gif HTTP/1.1" 404 1040
180.169.147.146 - - [16/Jun/2022:11:25:08 +0800] "GET /xingrg/kc/buy/cgsh_order_list.html HTTP/1.1" 200 51838
218.81.223.53 - - [16/Jun/2022:11:25:10 +0800] "GET /xingrg/all/function/internal_message.html?_=1655349913252&CODE_STATE=getMsg HTTP/1.1" 200 27
180.169.147.146 - - [16/Jun/2022:11:25:10 +0800] "POST /xingrg/kc/buy/cgsh_list_operate.html HTTP/1.1" 200 4570
58.35.194.53 - - [16/Jun/2022:11:25:12 +0800] "GET /xingrg/kc/buy/cgsh_order_operate.html?command=get_materiel&rest_code=00156&code=00101002058&supplier_code=00100313&order_time=2022-06-16 HTTP/1.1" 200 410
101.83.223.227 - - [16/Jun/2022:11:25:14 +0800] "GET /xingrg/check_reg.html?_=1655349876224 HTTP/1.1" 200 22
114.95.43.0 - - [16/Jun/2022:11:25:14 +0800] "GET /xingrg/all/function/internal_message.html?_=1655349914235&CODE_STATE=getMsg HTTP/1.1" 200 27
116.230.110.173 - - [16/Jun/2022:11:25:15 +0800] "GET /xingrg/all/function/internal_message.html?_=1655349911379&CODE_STATE=getMsg HTTP/1.1" 200 27
222.69.144.95 - - [16/Jun/2022:11:25:17 +0800] "GET /xingrg/all/function/internal_message.html?_=1655349946119&CODE_STATE=getMsg HTTP/1.1" 200 27
101.83.223.227 - - [16/Jun/2022:11:25:22 +0800] "GET /xingrg/all/function/internal_message.html?_=1655349884471&CODE_STATE=getMsg HTTP/1.1" 200 27
180.156.212.250 - - [16/Jun/2022:11:25:24 +0800] "POST /xingrg/kc/buy/cgsh_order_operate.html HTTP/1.1" 200 37
180.156.212.250 - - [16/Jun/2022:11:25:26 +0800] "GET /xingrg/all/function/internal_message.html?_=1655349994136&CODE_STATE=getMsg HTTP/1.1" 200 27
180.156.212.250 - - [16/Jun/2022:11:25:27 +0800] "POST /xingrg/kc/buy/cgsh_order_operate.html HTTP/1.1" 200 12
180.156.212.250 - - [16/Jun/2022:11:25:28 +0800] "GET /xingrg/kc/buy/cgsh_order_info.html?code=212022061601694 HTTP/1.1" 200 62525
180.156.212.250 - - [16/Jun/2022:11:25:28 +0800] "GET /xingrg/javascript/easyui/themes/default/validatebox.css HTTP/1.1" 404 1104
180.156.212.250 - - [16/Jun/2022:11:25:29 +0800] "POST /xingrg/kc/buy/cgsh_order_operate.html HTTP/1.1" 200 4300
101.85.120.86 - - [16/Jun/2022:11:25:32 +0800] "POST /xingrg/kc/buy/cgsh_order_operate.html HTTP/1.1" 200 37
58.40.7.146 - - [16/Jun/2022:11:25:32 +0800] "GET /xingrg/all/function/internal_message.html?_=1655349930844&CODE_STATE=getMsg HTTP/1.1" 200 27
58.35.194.53 - - [16/Jun/2022:11:25:33 +0800] "GET /xingrg/kc/buy/cgsh_order_operate.html?command=get_materiel&rest_code=00156&code=00101008560&supplier_code=00100313&order_time=2022-06-16 HTTP/1.1" 200 412
101.85.120.86 - - [16/Jun/2022:11:25:34 +0800] "POST /xingrg/kc/buy/cgsh_order_operate.html HTTP/1.1" 200 2662
61.170.235.145 - - [16/Jun/2022:11:25:35 +0800] "GET /xingrg/kc/buy/cgsh_order_operate.html?command=get_materiel&rest_code=00106&code=00101006124&supplier_code=00100015&order_time=2022-06-16 HTTP/1.1" 200 426
114.84.82.172 - - [16/Jun/2022:11:25:39 +0800] "GET /xingrg/all/function/internal_message.html?_=1655349937857&CODE_STATE=getMsg HTTP/1.1" 200 27
180.156.212.250 - - [16/Jun/2022:11:25:41 +0800] "GET /xingrg/kc/buy/cgsh_order_operate.html?command=get_materiel&rest_code=00102&code=00101002027&supplier_code=00100400&order_time=2022-06-16 HTTP/1.1" 200 429
114.95.43.0 - - [16/Jun/2022:11:25:42 +0800] "GET /xingrg/all/function/internal_message.html?_=1655349850789&CODE_STATE=getMsg HTTP/1.1" 200 27
120.253.135.82 - - [16/Jun/2022:11:25:42 +0800] "GET /xingrg/all/function/internal_message.html?_=1655350087529&CODE_STATE=getMsg HTTP/1.1" 200 27
58.35.194.53 - - [16/Jun/2022:11:25:42 +0800] "GET /xingrg/kc/buy/cgsh_order_operate.html?command=get_materiel&rest_code=00156&code=00101008115&supplier_code=00100313&order_time=2022-06-16 HTTP/1.1" 200 412
116.228.172.94 - - [16/Jun/2022:11:25:45 +0800] "GET /xingrg/all/function/internal_message.html?_=1655349808839&CODE_STATE=getMsg HTTP/1.1" 200 27
101.85.120.86 - - [16/Jun/2022:11:25:47 +0800] "GET /xingrg/all/function/internal_message.html?_=1655349940374&CODE_STATE=getMsg HTTP/1.1" 200 27
180.169.147.146 - - [16/Jun/2022:11:25:47 +0800] "POST /xingrg/kc/buy/cgsh_list_operate.html HTTP/1.1" 200 4721
180.169.147.146 - - [16/Jun/2022:11:25:56 +0800] "POST /xingrg/kc/buy/cgsh_list_operate.html HTTP/1.1" 200 4772
58.35.194.53 - - [16/Jun/2022:11:25:58 +0800] "GET /xingrg/kc/buy/cgsh_order_operate.html?command=get_materiel&rest_code=00156&code=00101020162&supplier_code=00100313&order_time=2022-06-16 HTTP/1.1" 200 428
58.35.194.53 - - [16/Jun/2022:11:26:01 +0800] "GET /xingrg/all/function/internal_message.html?_=1655349959478&CODE_STATE=getMsg HTTP/1.1" 200 27
61.170.235.145 - - [16/Jun/2022:11:26:01 +0800] "GET /xingrg/all/function/internal_message.html?_=1655349961554&CODE_STATE=getMsg HTTP/1.1" 200 27
61.170.235.145 - - [16/Jun/2022:11:26:03 +0800] "GET /xingrg/kc/buy/cgsh_order_operate.html?command=get_materiel&rest_code=00106&code=00101006058&supplier_code=00100015&order_time=2022-06-16 HTTP/1.1" 200 413
116.235.92.88 - - [16/Jun/2022:11:26:03 +0800] "GET /xingrg/all/function/internal_message.html?_=1655350140862&CODE_STATE=getMsg HTTP/1.1" 200 27
180.156.212.250 - - [16/Jun/2022:11:26:03 +0800] "GET /xingrg/check_reg.html?_=1655349981675 HTTP/1.1" 200 22
180.156.212.250 - - [16/Jun/2022:11:26:03 +0800] "GET /xingrg/all/function/internal_message.html?_=1655349981679&CODE_STATE=getMsg HTTP/1.1" 200 27
101.83.223.227 - - [16/Jun/2022:11:26:06 +0800] "GET /xingrg/all/function/internal_message.html?_=1655349928927&CODE_STATE=getMsg HTTP/1.1" 200 27
101.83.223.227 - - [16/Jun/2022:11:26:07 +0800] "GET /xingrg/all/function/internal_message.html?_=1655349965060&CODE_STATE=getMsg HTTP/1.1" 200 27
180.169.147.146 - - [16/Jun/2022:11:26:07 +0800] "POST /xingrg/kc/buy/cgsh_list_operate.html HTTP/1.1" 200 2715
180.169.147.146 - - [16/Jun/2022:11:26:09 +0800] "POST /xingrg/kc/buy/cgsh_list_operate.html HTTP/1.1" 200 598
218.81.223.53 - - [16/Jun/2022:11:26:10 +0800] "GET /xingrg/all/function/internal_message.html?_=1655349973278&CODE_STATE=getMsg HTTP/1.1" 200 27
180.169.147.146 - - [16/Jun/2022:11:26:13 +0800] "POST /xingrg/kc/buy/cgsh_list_operate.html HTTP/1.1" 200 4772
58.35.194.53 - - [16/Jun/2022:11:26:14 +0800] "GET /xingrg/kc/buy/cgsh_order_operate.html?command=get_materiel&rest_code=00156&code=00101010033&supplier_code=00100313&order_time=2022-06-16 HTTP/1.1" 200 416
114.95.43.0 - - [16/Jun/2022:11:26:14 +0800] "GET /xingrg/all/function/internal_message.html?_=1655349974206&CODE_STATE=getMsg HTTP/1.1" 200 27
116.230.110.173 - - [16/Jun/2022:11:26:15 +0800] "GET /xingrg/all/function/internal_message.html?_=1655349971366&CODE_STATE=getMsg HTTP/1.1" 200 27
222.69.144.95 - - [16/Jun/2022:11:26:17 +0800] "GET /xingrg/all/function/internal_message.html?_=1655350006121&CODE_STATE=getMsg HTTP/1.1" 200 27
180.169.147.146 - - [16/Jun/2022:11:26:18 +0800] "POST /xingrg/kc/buy/cgsh_list_operate.html HTTP/1.1" 200 200
180.169.147.146 - - [16/Jun/2022:11:26:19 +0800] "GET /xingrg/kc/buy/cgsh_order_info.html?code=212022061401504 HTTP/1.1" 200 67636
180.169.147.146 - - [16/Jun/2022:11:26:19 +0800] "GET /xingrg/words/20220615165019_words.js HTTP/1.1" 304 -
180.169.147.146 - - [16/Jun/2022:11:26:19 +0800] "GET /xingrg/all/common/auto_word.html?type=employee&rest_code=00147 HTTP/1.1" 200 101
180.169.147.146 - - [16/Jun/2022:11:26:19 +0800] "GET /xingrg/all/common/auto_word.html?type=employee&rest_code=00147 HTTP/1.1" 200 101
180.169.147.146 - - [16/Jun/2022:11:26:19 +0800] "GET /xingrg/javascript/easyui/themes/default/validatebox.css HTTP/1.1" 404 1104
180.169.147.146 - - [16/Jun/2022:11:26:20 +0800] "POST /xingrg/kc/buy/cgsh_order_operate.html HTTP/1.1" 200 2661
101.83.223.227 - - [16/Jun/2022:11:26:22 +0800] "GET /xingrg/all/function/internal_message.html?_=1655349944484&CODE_STATE=getMsg HTTP/1.1" 200 27
58.35.194.53 - - [16/Jun/2022:11:26:24 +0800] "GET /xingrg/kc/buy/cgsh_order_operate.html?command=get_materiel&rest_code=00156&code=00101008652&supplier_code=00100313&order_time=2022-06-16 HTTP/1.1" 200 420
180.156.212.250 - - [16/Jun/2022:11:26:26 +0800] "GET /xingrg/all/function/internal_message.html?_=1655350054150&CODE_STATE=getMsg HTTP/1.1" 200 27
180.169.147.146 - - [16/Jun/2022:11:26:27 +0800] "POST /xingrg/kc/buy/cgsh_order_operate.html HTTP/1.1" 200 12
180.169.147.146 - - [16/Jun/2022:11:26:31 +0800] "POST /xingrg/kc/buy/cgsh_list_operate.html HTTP/1.1" 200 4570
58.40.7.146 - - [16/Jun/2022:11:26:32 +0800] "GET /xingrg/all/function/internal_message.html?_=1655349990819&CODE_STATE=getMsg HTTP/1.1" 200 27
61.170.235.145 - - [16/Jun/2022:11:26:33 +0800] "GET /xingrg/kc/buy/cgsh_order_operate.html?command=get_materiel&rest_code=00106&code=00101006194&supplier_code=00100015&order_time=2022-06-16 HTTP/1.1" 200 415
180.169.147.146 - - [16/Jun/2022:11:26:38 +0800] "POST /xingrg/kc/buy/cgsh_list_operate.html HTTP/1.1" 200 2394
114.95.43.0 - - [16/Jun/2022:11:26:38 +0800] "GET /xingrg/check_reg.html?_=1655349998702 HTTP/1.1" 200 22
114.84.82.172 - - [16/Jun/2022:11:26:39 +0800] "GET /xingrg/all/function/internal_message.html?_=1655349997857&CODE_STATE=getMsg HTTP/1.1" 200 27
114.95.43.0 - - [16/Jun/2022:11:26:42 +0800] "GET /xingrg/all/function/internal_message.html?_=1655349910775&CODE_STATE=getMsg HTTP/1.1" 200 27
120.253.135.82 - - [16/Jun/2022:11:26:42 +0800] "GET /xingrg/all/function/internal_message.html?_=1655350147543&CODE_STATE=getMsg HTTP/1.1" 200 27
180.169.147.146 - - [16/Jun/2022:11:26:43 +0800] "POST /xingrg/kc/buy/cgsh_list_operate.html HTTP/1.1" 200 4761
101.83.223.227 - - [16/Jun/2022:11:26:45 +0800] "GET /xingrg/check_reg.html?_=1655349967155 HTTP/1.1" 200 22
116.228.172.94 - - [16/Jun/2022:11:26:45 +0800] "GET /xingrg/all/function/internal_message.html?_=1655349868838&CODE_STATE=getMsg HTTP/1.1" 200 27
180.156.212.250 - - [16/Jun/2022:11:26:45 +0800] "GET /xingrg/kc/buy/cgsh_order_add.html HTTP/1.1" 200 67614
180.156.212.250 - - [16/Jun/2022:11:26:46 +0800] "POST /xingrg/kc/buy/cgsh_order_operate.html HTTP/1.1" 200 8245
180.156.212.250 - - [16/Jun/2022:11:26:46 +0800] "GET /xingrg/javascript/easyui/themes/default/validatebox.css HTTP/1.1" 404 1104
101.85.120.86 - - [16/Jun/2022:11:26:47 +0800] "GET /xingrg/all/function/internal_message.html?_=1655350000375&CODE_STATE=getMsg HTTP/1.1" 200 27
180.169.147.146 - - [16/Jun/2022:11:26:48 +0800] "POST /xingrg/kc/buy/cgsh_list_operate.html HTTP/1.1" 200 598
180.169.147.146 - - [16/Jun/2022:11:26:48 +0800] "GET /xingrg/kc/buy/cgsh_order_info.html?code=212022061301424 HTTP/1.1" 200 67629
180.169.147.146 - - [16/Jun/2022:11:26:49 +0800] "GET /xingrg/javascript/easyui/themes/default/validatebox.css HTTP/1.1" 404 1104
180.169.147.146 - - [16/Jun/2022:11:26:49 +0800] "POST /xingrg/kc/buy/cgsh_order_operate.html HTTP/1.1" 200 6877
61.170.235.145 - - [16/Jun/2022:11:26:50 +0800] "GET /xingrg/kc/buy/cgsh_order_operate.html?command=get_materiel&rest_code=00106&code=00101006065&supplier_code=00100015&order_time=2022-06-16 HTTP/1.1" 200 411
180.156.212.250 - - [16/Jun/2022:11:26:52 +0800] "GET /xingrg/kc/buy/cgsh_order_operate.html?command=get_materiel&rest_code=00102&code=00101004010&supplier_code=00100400&order_time=2022-06-16 HTTP/1.1" 200 424
180.169.147.146 - - [16/Jun/2022:11:26:56 +0800] "GET /xingrg/check_reg.html?_=1655350016546 HTTP/1.1" 200 22
180.169.147.146 - - [16/Jun/2022:11:26:58 +0800] "POST /xingrg/kc/buy/cgsh_order_operate.html HTTP/1.1" 200 37
58.35.194.53 - - [16/Jun/2022:11:27:01 +0800] "GET /xingrg/all/function/internal_message.html?_=1655350019462&CODE_STATE=getMsg HTTP/1.1" 200 27
61.170.235.145 - - [16/Jun/2022:11:27:01 +0800] "GET /xingrg/all/function/internal_message.html?_=1655350021572&CODE_STATE=getMsg HTTP/1.1" 200 27
180.169.147.146 - - [16/Jun/2022:11:27:02 +0800] "POST /xingrg/kc/buy/cgsh_order_operate.html HTTP/1.1" 200 6877
116.235.92.88 - - [16/Jun/2022:11:27:03 +0800] "GET /xingrg/all/function/internal_message.html?_=1655350200861&CODE_STATE=getMsg HTTP/1.1" 200 27
180.156.212.250 - - [16/Jun/2022:11:27:03 +0800] "GET /xingrg/all/function/internal_message.html?_=1655350041659&CODE_STATE=getMsg HTTP/1.1" 200 27
58.35.194.53 - - [16/Jun/2022:11:27:04 +0800] "GET /xingrg/check_reg.html?_=1655350022073 HTTP/1.1" 200 22
61.170.235.145 - - [16/Jun/2022:11:27:04 +0800] "GET /xingrg/kc/buy/cgsh_order_operate.html?command=get_materiel&rest_code=00106&code=00101006062&supplier_code=00100015&order_time=2022-06-16 HTTP/1.1" 200 411
101.83.223.227 - - [16/Jun/2022:11:27:06 +0800] "GET /xingrg/all/function/internal_message.html?_=1655349988929&CODE_STATE=getMsg HTTP/1.1" 200 27
101.83.223.227 - - [16/Jun/2022:11:27:07 +0800] "GET /xingrg/all/function/internal_message.html?_=1655350025067&CODE_STATE=getMsg HTTP/1.1" 200 27
218.81.223.53 - - [16/Jun/2022:11:27:10 +0800] "GET /xingrg/all/function/internal_message.html?_=1655350033296&CODE_STATE=getMsg HTTP/1.1" 200 27
114.95.43.0 - - [16/Jun/2022:11:27:14 +0800] "GET /xingrg/all/function/internal_message.html?_=1655350034187&CODE_STATE=getMsg HTTP/1.1" 200 27
116.230.110.173 - - [16/Jun/2022:11:27:15 +0800] "GET /xingrg/all/function/internal_message.html?_=1655350031386&CODE_STATE=getMsg HTTP/1.1" 200 27
222.69.144.95 - - [16/Jun/2022:11:27:17 +0800] "GET /xingrg/check_reg.html?_=1655350066114 HTTP/1.1" 200 22
222.69.144.95 - - [16/Jun/2022:11:27:17 +0800] "GET /xingrg/all/function/internal_message.html?_=1655350066117&CODE_STATE=getMsg HTTP/1.1" 200 27
61.170.235.145 - - [16/Jun/2022:11:27:19 +0800] "GET /xingrg/kc/buy/cgsh_order_operate.html?command=get_materiel&rest_code=00106&code=00101006055&supplier_code=00100015&order_time=2022-06-16 HTTP/1.1" 200 410
101.83.223.227 - - [16/Jun/2022:11:27:22 +0800] "GET /xingrg/all/function/internal_message.html?_=1655350004666&CODE_STATE=getMsg HTTP/1.1" 200 27
180.156.212.250 - - [16/Jun/2022:11:27:26 +0800] "GET /xingrg/all/function/internal_message.html?_=1655350114163&CODE_STATE=getMsg HTTP/1.1" 200 27
58.40.7.146 - - [16/Jun/2022:11:27:32 +0800] "GET /xingrg/all/function/internal_message.html?_=1655350050792&CODE_STATE=getMsg HTTP/1.1" 200 27
61.170.235.145 - - [16/Jun/2022:11:27:37 +0800] "GET /xingrg/kc/buy/cgsh_order_operate.html?command=get_materiel&rest_code=00106&code=00101006188&supplier_code=00100015&order_time=2022-06-16 HTTP/1.1" 200 411
114.84.82.172 - - [16/Jun/2022:11:27:39 +0800] "GET /xingrg/all/function/internal_message.html?_=1655350057883&CODE_STATE=getMsg HTTP/1.1" 200 27
114.95.43.0 - - [16/Jun/2022:11:27:42 +0800] "GET /xingrg/all/function/internal_message.html?_=1655349970745&CODE_STATE=getMsg HTTP/1.1" 200 27
