180.169.147.146 - - [16/Jun/2022:10:53:03 +0800] "POST /xingrg/kc/base/yddb_list_operate.html HTTP/1.1" 200 636
180.156.212.250 - - [16/Jun/2022:10:53:03 +0800] "GET /xingrg/all/function/internal_message.html?_=1655348001618&CODE_STATE=getMsg HTTP/1.1" 200 27
61.170.235.145 - - [16/Jun/2022:10:53:04 +0800] "GET /xingrg/kc/buy/cgsh_order_operate.html?command=get_materiel&rest_code=00106&code=00101007049&supplier_code=00100002&order_time=2022-06-16 HTTP/1.1" 200 424
180.169.147.146 - - [16/Jun/2022:10:53:04 +0800] "GET /xingrg/kc/base/yddb_order_add.html HTTP/1.1" 200 29837
180.169.147.146 - - [16/Jun/2022:10:53:04 +0800] "GET /xingrg/dwr/interface/AjaxComOrderService.js HTTP/1.1" 200 18264
180.169.147.146 - - [16/Jun/2022:10:53:04 +0800] "GET /xingrg/dwr/engine.js HTTP/1.1" 200 43631
180.169.147.146 - - [16/Jun/2022:10:53:04 +0800] "GET /xingrg/dwr/interface/AjaxYddbService.js HTTP/1.1" 200 13201
180.169.147.146 - - [16/Jun/2022:10:53:04 +0800] "GET /xingrg/dwr/util.js HTTP/1.1" 304 -
101.83.223.227 - - [16/Jun/2022:10:53:06 +0800] "GET /xingrg/all/function/internal_message.html?_=1655347948249&CODE_STATE=getMsg HTTP/1.1" 200 27
101.83.223.227 - - [16/Jun/2022:10:53:07 +0800] "GET /xingrg/all/function/internal_message.html?_=1655347985008&CODE_STATE=getMsg HTTP/1.1" 200 27
218.81.223.53 - - [16/Jun/2022:10:53:07 +0800] "GET /xingrg/check_reg.html?_=1655347990645 HTTP/1.1" 200 22
180.169.147.146 - - [16/Jun/2022:10:53:09 +0800] "POST /xingrg/dwr/call/plaincall/AjaxYddbService.getRestBases.dwr HTTP/1.1" 200 1115
218.81.223.53 - - [16/Jun/2022:10:53:09 +0800] "GET /xingrg/all/function/internal_message.html?_=1655347992788&CODE_STATE=getMsg HTTP/1.1" 200 27
114.95.43.0 - - [16/Jun/2022:10:53:15 +0800] "GET /xingrg/all/function/internal_message.html?_=1655347994978&CODE_STATE=getMsg HTTP/1.1" 200 27
116.230.110.173 - - [16/Jun/2022:10:53:15 +0800] "GET /xingrg/all/function/internal_message.html?_=1655347991379&CODE_STATE=getMsg HTTP/1.1" 200 27
222.69.144.95 - - [16/Jun/2022:10:53:17 +0800] "GET /xingrg/all/function/internal_message.html?_=1655348026121&CODE_STATE=getMsg HTTP/1.1" 200 27
101.83.223.227 - - [16/Jun/2022:10:53:19 +0800] "GET /xingrg/all/function/internal_message.html?_=1655347962024&CODE_STATE=getMsg HTTP/1.1" 200 27
180.156.212.250 - - [16/Jun/2022:10:53:21 +0800] "GET /xingrg/all/function/internal_message.html?_=1655348069567&CODE_STATE=getMsg HTTP/1.1" 200 27
180.169.147.146 - - [16/Jun/2022:10:53:21 +0800] "POST /xingrg/dwr/call/plaincall/AjaxYddbService.saveOrder.dwr HTTP/1.1" 200 78
120.253.135.82 - - [16/Jun/2022:10:53:22 +0800] "GET /xingrg/check_reg.html?_=1655348146946 HTTP/1.1" 200 22
180.169.147.146 - - [16/Jun/2022:10:53:24 +0800] "POST /xingrg/dwr/call/plaincall/AjaxComOrderService.getMaterielSearchList.dwr HTTP/1.1" 200 76
61.170.235.145 - - [16/Jun/2022:10:53:24 +0800] "GET /xingrg/all/function/internal_message.html?_=1655348004951&CODE_STATE=getMsg HTTP/1.1" 200 27
180.169.147.146 - - [16/Jun/2022:10:53:25 +0800] "POST /xingrg/dwr/call/plaincall/AjaxComOrderService.getMaterielSearchList.dwr HTTP/1.1" 200 76
180.169.147.146 - - [16/Jun/2022:10:53:27 +0800] "POST /xingrg/dwr/call/plaincall/AjaxComOrderService.getMaterielSearchList.dwr HTTP/1.1" 200 76
180.169.147.146 - - [16/Jun/2022:10:53:28 +0800] "POST /xingrg/dwr/call/plaincall/AjaxComOrderService.getMaterielSearchList.dwr HTTP/1.1" 200 21360
120.253.135.82 - - [16/Jun/2022:10:53:29 +0800] "GET /xingrg/all/function/internal_message.html?_=1655348154504&CODE_STATE=getMsg HTTP/1.1" 200 27
101.83.223.227 - - [16/Jun/2022:10:53:32 +0800] "GET /xingrg/kc/base/wldb_order_list.html HTTP/1.1" 200 19148
101.83.223.227 - - [16/Jun/2022:10:53:33 +0800] "POST /xingrg/kc/base/wldb_list_operate.html HTTP/1.1" 200 928
61.170.235.145 - - [16/Jun/2022:10:53:33 +0800] "GET /xingrg/kc/buy/cgsh_order_operate.html?command=get_materiel&rest_code=00106&code=00101007188&supplier_code=00100002&order_time=2022-06-16 HTTP/1.1" 200 408
58.40.7.146 - - [16/Jun/2022:10:53:33 +0800] "GET /xingrg/all/function/internal_message.html?_=1655348011561&CODE_STATE=getMsg HTTP/1.1" 200 27
101.83.223.227 - - [16/Jun/2022:10:53:33 +0800] "GET /xingrg/kc/base/wldb_order_add.html HTTP/1.1" 200 30362
180.169.147.146 - - [16/Jun/2022:10:53:34 +0800] "POST /xingrg/dwr/call/plaincall/AjaxYddbService.getMaterielByMap.dwr HTTP/1.1" 200 2860
101.83.223.227 - - [16/Jun/2022:10:53:34 +0800] "GET /xingrg/all/common/auto_word.html?type=base&rest_code=00150 HTTP/1.1" 200 1699
101.83.223.227 - - [16/Jun/2022:10:53:34 +0800] "POST /xingrg/kc/base/wldb_order_operate.html HTTP/1.1" 200 6806
101.83.223.227 - - [16/Jun/2022:10:53:34 +0800] "GET /xingrg/all/common/auto_word.html?type=base&rest_code=00150 HTTP/1.1" 200 1699
101.83.223.227 - - [16/Jun/2022:10:53:34 +0800] "GET /xingrg/javascript/easyui/themes/default/validatebox.css HTTP/1.1" 404 1104
114.84.82.172 - - [16/Jun/2022:10:53:39 +0800] "GET /xingrg/all/function/internal_message.html?_=1655348017783&CODE_STATE=getMsg HTTP/1.1" 200 27
101.83.223.227 - - [16/Jun/2022:10:53:39 +0800] "GET /xingrg/kc/base/wldb_order_operate.html?command=get_materiel&rest_code=00150&base_code=0010445&code=00101019375 HTTP/1.1" 200 464
114.95.43.0 - - [16/Jun/2022:10:53:42 +0800] "GET /xingrg/all/function/internal_message.html?_=1655347931523&CODE_STATE=getMsg HTTP/1.1" 200 27
116.228.172.94 - - [16/Jun/2022:10:53:45 +0800] "GET /xingrg/all/function/internal_message.html?_=1655347888833&CODE_STATE=getMsg HTTP/1.1" 200 27
116.228.172.94 - - [16/Jun/2022:10:53:45 +0800] "GET /xingrg/check_reg.html?_=1655347888834 HTTP/1.1" 200 22
120.253.135.82 - - [16/Jun/2022:10:53:53 +0800] "POST /xingrg/kc/pszx/mdps_list_operate.html HTTP/1.1" 200 5388
120.253.135.82 - - [16/Jun/2022:10:53:53 +0800] "GET /xingrg/kc/buy/cgsh_order_list.html HTTP/1.1" 200 51832
120.253.135.82 - - [16/Jun/2022:10:53:53 +0800] "GET /xingrg/javascript/jquery_tools/table.css HTTP/1.1" 200 1032
120.253.135.82 - - [16/Jun/2022:10:53:53 +0800] "GET /xingrg/javascript/jquery_tools/fix.css HTTP/1.1" 200 1702
120.253.135.82 - - [16/Jun/2022:10:53:53 +0800] "GET /xingrg/javascript/jquery_tools/list_manager.js HTTP/1.1" 200 3652
120.253.135.82 - - [16/Jun/2022:10:53:53 +0800] "GET /xingrg/javascript/jquery_tools/jquery.tools.table.js HTTP/1.1" 200 6994
120.253.135.82 - - [16/Jun/2022:10:53:53 +0800] "GET /xingrg/javascript/jquery.cookie.js HTTP/1.1" 200 5513
120.253.135.82 - - [16/Jun/2022:10:53:54 +0800] "POST /xingrg/kc/buy/cgsh_list_operate.html HTTP/1.1" 200 693
120.253.135.82 - - [16/Jun/2022:10:53:57 +0800] "GET /xingrg/kc/buy/cgsh_order_add.html HTTP/1.1" 200 66672
120.253.135.82 - - [16/Jun/2022:10:53:57 +0800] "GET /xingrg/javascript/easyui/themes/icons/template_new.png HTTP/1.1" 200 3956
120.253.135.82 - - [16/Jun/2022:10:53:57 +0800] "POST /xingrg/kc/buy/cgsh_order_operate.html HTTP/1.1" 200 8245
120.253.135.82 - - [16/Jun/2022:10:53:57 +0800] "GET /xingrg/all/common/auto_word.html?type=employee&rest_code=00101 HTTP/1.1" 200 977
120.253.135.82 - - [16/Jun/2022:10:53:57 +0800] "GET /xingrg/all/common/auto_word.html?type=employee&rest_code=00101 HTTP/1.1" 200 977
120.253.135.82 - - [16/Jun/2022:10:53:58 +0800] "GET /xingrg/javascript/easyui/themes/default/validatebox.css HTTP/1.1" 404 1104
120.253.135.82 - - [16/Jun/2022:10:53:59 +0800] "GET /xingrg/css/images/panel_loading.gif HTTP/1.1" 200 1737
120.253.135.82 - - [16/Jun/2022:10:53:59 +0800] "POST /xingrg/all/common/load_combo.html?type=employee HTTP/1.1" 200 1752
101.83.223.227 - - [16/Jun/2022:10:54:01 +0800] "GET /xingrg/kc/base/wldb_order_operate.html?command=get_materiel&rest_code=00150&base_code=0010445&code=00101019026 HTTP/1.1" 200 480
58.35.194.53 - - [16/Jun/2022:10:54:02 +0800] "GET /xingrg/all/function/internal_message.html?_=1655348040068&CODE_STATE=getMsg HTTP/1.1" 200 27
180.156.212.250 - - [16/Jun/2022:10:54:02 +0800] "POST /xingrg/services/DataTransmitService HTTP/1.1" 200 524
180.156.212.250 - - [16/Jun/2022:10:54:03 +0800] "POST /xingrg/services/DataTransmitService HTTP/1.1" 200 2487
116.235.92.88 - - [16/Jun/2022:10:54:03 +0800] "GET /xingrg/all/function/internal_message.html?_=1655348220803&CODE_STATE=getMsg HTTP/1.1" 200 27
180.156.212.250 - - [16/Jun/2022:10:54:03 +0800] "GET /xingrg/all/function/internal_message.html?_=1655348061619&CODE_STATE=getMsg HTTP/1.1" 200 27
61.170.235.145 - - [16/Jun/2022:10:54:04 +0800] "GET /xingrg/kc/buy/cgsh_order_operate.html?command=get_materiel&rest_code=00106&code=00101007085&supplier_code=00100002&order_time=2022-06-16 HTTP/1.1" 200 412
101.83.223.227 - - [16/Jun/2022:10:54:06 +0800] "GET /xingrg/all/function/internal_message.html?_=1655348008287&CODE_STATE=getMsg HTTP/1.1" 200 27
114.95.43.0 - - [16/Jun/2022:10:54:06 +0800] "GET /xingrg/kc/buy/cgsh_order_operate.html?command=get_materiel&rest_code=00105&code=00101029009&supplier_code=00100151&order_time=2022-06-16 HTTP/1.1" 200 477
101.83.223.227 - - [16/Jun/2022:10:54:07 +0800] "GET /xingrg/all/function/internal_message.html?_=1655348045010&CODE_STATE=getMsg HTTP/1.1" 200 27
218.81.223.53 - - [16/Jun/2022:10:54:09 +0800] "GET /xingrg/all/function/internal_message.html?_=1655348052800&CODE_STATE=getMsg HTTP/1.1" 200 27
180.169.147.146 - - [16/Jun/2022:10:54:12 +0800] "POST /xingrg/dwr/call/plaincall/AjaxYddbService.removeMaterielItem.dwr HTTP/1.1" 200 78
180.156.212.250 - - [16/Jun/2022:10:54:13 +0800] "GET /xingrg/kc/buy/cgsh_order_add.html HTTP/1.1" 200 67608
180.156.212.250 - - [16/Jun/2022:10:54:14 +0800] "POST /xingrg/kc/buy/cgsh_order_operate.html HTTP/1.1" 200 8245
180.156.212.250 - - [16/Jun/2022:10:54:14 +0800] "GET /xingrg/javascript/easyui/themes/default/validatebox.css HTTP/1.1" 404 1104
114.95.43.0 - - [16/Jun/2022:10:54:15 +0800] "GET /xingrg/all/function/internal_message.html?_=1655348054952&CODE_STATE=getMsg HTTP/1.1" 200 27
116.230.110.173 - - [16/Jun/2022:10:54:15 +0800] "GET /xingrg/check_reg.html?_=1655348051379 HTTP/1.1" 200 22
116.230.110.173 - - [16/Jun/2022:10:54:15 +0800] "GET /xingrg/all/function/internal_message.html?_=1655348051380&CODE_STATE=getMsg HTTP/1.1" 200 27
180.169.147.146 - - [16/Jun/2022:10:54:15 +0800] "POST /xingrg/dwr/call/plaincall/AjaxComOrderService.getMaterielSearchList.dwr HTTP/1.1" 200 76
180.169.147.146 - - [16/Jun/2022:10:54:16 +0800] "POST /xingrg/dwr/call/plaincall/AjaxComOrderService.getMaterielSearchList.dwr HTTP/1.1" 200 76
180.156.212.250 - - [16/Jun/2022:10:54:16 +0800] "GET /xingrg/javascript/jquery_tools/images/next.gif HTTP/1.1" 404 1086
180.156.212.250 - - [16/Jun/2022:10:54:16 +0800] "GET /xingrg/javascript/jquery_tools/images/prev.gif HTTP/1.1" 404 1086
180.169.147.146 - - [16/Jun/2022:10:54:16 +0800] "POST /xingrg/dwr/call/plaincall/AjaxComOrderService.getMaterielSearchList.dwr HTTP/1.1" 200 204
120.253.135.82 - - [16/Jun/2022:10:54:17 +0800] "GET /xingrg/kc/buy/cgsh_order_operate.html?command=get_materiel&rest_code=00101&code=00102003603&supplier_code=00100151&order_time=2022-06-16 HTTP/1.1" 200 426
222.69.144.95 - - [16/Jun/2022:10:54:17 +0800] "GET /xingrg/all/function/internal_message.html?_=1655348086110&CODE_STATE=getMsg HTTP/1.1" 200 27
180.169.147.146 - - [16/Jun/2022:10:54:17 +0800] "POST /xingrg/dwr/call/plaincall/AjaxComOrderService.getMaterielSearchList.dwr HTTP/1.1" 200 204
180.169.147.146 - - [16/Jun/2022:10:54:18 +0800] "POST /xingrg/dwr/call/plaincall/AjaxComOrderService.getMaterielSearchList.dwr HTTP/1.1" 200 77
180.156.212.250 - - [16/Jun/2022:10:54:18 +0800] "GET /xingrg/javascript/easyui/themes/default/tree.css HTTP/1.1" 404 1090
180.156.212.250 - - [16/Jun/2022:10:54:18 +0800] "POST /xingrg/all/common/load_tree.html?tree=supplier_tree_json&isDelete=1 HTTP/1.1" 200 66322
180.169.147.146 - - [16/Jun/2022:10:54:19 +0800] "POST /xingrg/dwr/call/plaincall/AjaxComOrderService.getMaterielSearchList.dwr HTTP/1.1" 200 77
180.169.147.146 - - [16/Jun/2022:10:54:19 +0800] "POST /xingrg/dwr/call/plaincall/AjaxComOrderService.getMaterielSearchList.dwr HTTP/1.1" 200 77
101.83.223.227 - - [16/Jun/2022:10:54:20 +0800] "GET /xingrg/all/function/internal_message.html?_=1655348022191&CODE_STATE=getMsg HTTP/1.1" 200 27
180.169.147.146 - - [16/Jun/2022:10:54:20 +0800] "POST /xingrg/dwr/call/plaincall/AjaxComOrderService.getMaterielSearchList.dwr HTTP/1.1" 200 77
180.156.212.250 - - [16/Jun/2022:10:54:21 +0800] "GET /xingrg/check_reg.html?_=1655348129240 HTTP/1.1" 200 22
180.156.212.250 - - [16/Jun/2022:10:54:22 +0800] "GET /xingrg/all/function/internal_message.html?_=1655348130051&CODE_STATE=getMsg HTTP/1.1" 200 27
180.169.147.146 - - [16/Jun/2022:10:54:22 +0800] "POST /xingrg/dwr/call/plaincall/AjaxComOrderService.getMaterielSearchList.dwr HTTP/1.1" 200 77
180.169.147.146 - - [16/Jun/2022:10:54:23 +0800] "POST /xingrg/dwr/call/plaincall/AjaxComOrderService.getMaterielSearchList.dwr HTTP/1.1" 200 77
180.169.147.146 - - [16/Jun/2022:10:54:23 +0800] "POST /xingrg/dwr/call/plaincall/AjaxComOrderService.getMaterielSearchList.dwr HTTP/1.1" 200 77
180.169.147.146 - - [16/Jun/2022:10:54:24 +0800] "POST /xingrg/dwr/call/plaincall/AjaxComOrderService.getMaterielSearchList.dwr HTTP/1.1" 200 77
61.170.235.145 - - [16/Jun/2022:10:54:25 +0800] "GET /xingrg/all/function/internal_message.html?_=1655348064954&CODE_STATE=getMsg HTTP/1.1" 200 27
180.169.147.146 - - [16/Jun/2022:10:54:25 +0800] "POST /xingrg/dwr/call/plaincall/AjaxComOrderService.getMaterielSearchList.dwr HTTP/1.1" 200 77
180.169.147.146 - - [16/Jun/2022:10:54:27 +0800] "POST /xingrg/dwr/call/plaincall/AjaxComOrderService.getMaterielSearchList.dwr HTTP/1.1" 200 77
61.170.235.145 - - [16/Jun/2022:10:54:27 +0800] "GET /xingrg/kc/buy/cgsh_order_operate.html?command=get_materiel&rest_code=00106&code=00101007077&supplier_code=00100002&order_time=2022-06-16 HTTP/1.1" 200 431
180.169.147.146 - - [16/Jun/2022:10:54:28 +0800] "POST /xingrg/dwr/call/plaincall/AjaxComOrderService.getMaterielSearchList.dwr HTTP/1.1" 200 77
180.169.147.146 - - [16/Jun/2022:10:54:29 +0800] "POST /xingrg/dwr/call/plaincall/AjaxComOrderService.getMaterielSearchList.dwr HTTP/1.1" 200 77
120.253.135.82 - - [16/Jun/2022:10:54:29 +0800] "GET /xingrg/all/function/internal_message.html?_=1655348214520&CODE_STATE=getMsg HTTP/1.1" 200 27
180.169.147.146 - - [16/Jun/2022:10:54:33 +0800] "POST /xingrg/dwr/call/plaincall/AjaxComOrderService.getMaterielSearchList.dwr HTTP/1.1" 200 77
58.40.7.146 - - [16/Jun/2022:10:54:33 +0800] "GET /xingrg/all/function/internal_message.html?_=1655348071534&CODE_STATE=getMsg HTTP/1.1" 200 27
180.169.147.146 - - [16/Jun/2022:10:54:34 +0800] "POST /xingrg/dwr/call/plaincall/AjaxComOrderService.getMaterielSearchList.dwr HTTP/1.1" 200 77
180.169.147.146 - - [16/Jun/2022:10:54:35 +0800] "POST /xingrg/dwr/call/plaincall/AjaxComOrderService.getMaterielSearchList.dwr HTTP/1.1" 200 77
180.169.147.146 - - [16/Jun/2022:10:54:36 +0800] "POST /xingrg/dwr/call/plaincall/AjaxComOrderService.getMaterielSearchList.dwr HTTP/1.1" 200 77
180.169.147.146 - - [16/Jun/2022:10:54:36 +0800] "POST /xingrg/dwr/call/plaincall/AjaxComOrderService.getMaterielSearchList.dwr HTTP/1.1" 200 77
180.169.147.146 - - [16/Jun/2022:10:54:37 +0800] "POST /xingrg/dwr/call/plaincall/AjaxComOrderService.getMaterielSearchList.dwr HTTP/1.1" 200 547
114.84.82.172 - - [16/Jun/2022:10:54:39 +0800] "GET /xingrg/all/function/internal_message.html?_=1655348077783&CODE_STATE=getMsg HTTP/1.1" 200 27
114.84.82.172 - - [16/Jun/2022:10:54:39 +0800] "GET /xingrg/check_reg.html?_=1655348077787 HTTP/1.1" 200 22
180.169.147.146 - - [16/Jun/2022:10:54:40 +0800] "POST /xingrg/dwr/call/plaincall/AjaxYddbService.getMaterielByMap.dwr HTTP/1.1" 200 2861
114.95.43.0 - - [16/Jun/2022:10:54:42 +0800] "GET /xingrg/all/function/internal_message.html?_=1655347991493&CODE_STATE=getMsg HTTP/1.1" 200 27
180.169.147.146 - - [16/Jun/2022:10:54:43 +0800] "POST /xingrg/dwr/call/plaincall/AjaxYddbService.saveMaterielItem.dwr HTTP/1.1" 200 79
116.228.172.94 - - [16/Jun/2022:10:54:45 +0800] "GET /xingrg/all/function/internal_message.html?_=1655347948845&CODE_STATE=getMsg HTTP/1.1" 200 27
180.169.147.146 - - [16/Jun/2022:10:54:48 +0800] "GET /xingrg/images/yd/bt.gif HTTP/1.1" 404 1040
61.170.235.145 - - [16/Jun/2022:10:54:48 +0800] "POST /xingrg/kc/buy/cgsh_order_operate.html HTTP/1.1" 200 37
180.156.212.250 - - [16/Jun/2022:10:54:49 +0800] "POST /xingrg/services/DataTransmitService HTTP/1.1" 200 524
180.156.212.250 - - [16/Jun/2022:10:54:50 +0800] "POST /xingrg/services/DataTransmitService HTTP/1.1" 200 2487
180.156.212.250 - - [16/Jun/2022:10:54:51 +0800] "POST /xingrg/services/DataTransmitService HTTP/1.1" 200 524
61.170.235.145 - - [16/Jun/2022:10:54:51 +0800] "POST /xingrg/kc/buy/cgsh_order_operate.html HTTP/1.1" 200 6200
180.156.212.250 - - [16/Jun/2022:10:54:52 +0800] "POST /xingrg/services/DataTransmitService HTTP/1.1" 200 2487
61.170.235.145 - - [16/Jun/2022:10:54:56 +0800] "GET /xingrg/kc/buy/cgsh_order_add.html HTTP/1.1" 200 67649
61.170.235.145 - - [16/Jun/2022:10:54:57 +0800] "GET /xingrg/javascript/easyui/themes/default/validatebox.css HTTP/1.1" 404 1104
61.170.235.145 - - [16/Jun/2022:10:54:57 +0800] "POST /xingrg/kc/buy/cgsh_order_operate.html HTTP/1.1" 200 8245
61.170.235.145 - - [16/Jun/2022:10:54:58 +0800] "GET /xingrg/javascript/easyui/themes/default/tree.css HTTP/1.1" 404 1090
61.170.235.145 - - [16/Jun/2022:10:54:58 +0800] "POST /xingrg/all/common/load_tree.html?tree=supplier_tree_json&isDelete=1 HTTP/1.1" 200 66322
58.35.194.53 - - [16/Jun/2022:10:55:02 +0800] "GET /xingrg/all/function/internal_message.html?_=1655348100039&CODE_STATE=getMsg HTTP/1.1" 200 27
116.235.92.88 - - [16/Jun/2022:10:55:03 +0800] "GET /xingrg/all/function/internal_message.html?_=1655348280801&CODE_STATE=getMsg HTTP/1.1" 200 27
116.235.92.88 - - [16/Jun/2022:10:55:03 +0800] "GET /xingrg/check_reg.html?_=1655348280802 HTTP/1.1" 200 22
180.156.212.250 - - [16/Jun/2022:10:55:03 +0800] "GET /xingrg/all/function/internal_message.html?_=1655348121622&CODE_STATE=getMsg HTTP/1.1" 200 27
101.83.223.227 - - [16/Jun/2022:10:55:06 +0800] "GET /xingrg/all/function/internal_message.html?_=1655348068292&CODE_STATE=getMsg HTTP/1.1" 200 27
101.83.223.227 - - [16/Jun/2022:10:55:07 +0800] "GET /xingrg/check_reg.html?_=1655348105012 HTTP/1.1" 200 22
101.83.223.227 - - [16/Jun/2022:10:55:07 +0800] "GET /xingrg/all/function/internal_message.html?_=1655348105015&CODE_STATE=getMsg HTTP/1.1" 200 27
218.81.223.53 - - [16/Jun/2022:10:55:09 +0800] "GET /xingrg/all/function/internal_message.html?_=1655348112813&CODE_STATE=getMsg HTTP/1.1" 200 27
101.83.223.227 - - [16/Jun/2022:10:55:14 +0800] "GET /xingrg/check_reg.html?_=1655348076194 HTTP/1.1" 200 22
114.95.43.0 - - [16/Jun/2022:10:55:15 +0800] "GET /xingrg/all/function/internal_message.html?_=1655348114934&CODE_STATE=getMsg HTTP/1.1" 200 27
116.230.110.173 - - [16/Jun/2022:10:55:15 +0800] "GET /xingrg/all/function/internal_message.html?_=1655348111370&CODE_STATE=getMsg HTTP/1.1" 200 27
222.69.144.95 - - [16/Jun/2022:10:55:17 +0800] "GET /xingrg/all/function/internal_message.html?_=1655348146118&CODE_STATE=getMsg HTTP/1.1" 200 27
101.83.223.227 - - [16/Jun/2022:10:55:20 +0800] "GET /xingrg/all/function/internal_message.html?_=1655348082191&CODE_STATE=getMsg HTTP/1.1" 200 27
180.156.212.250 - - [16/Jun/2022:10:55:22 +0800] "GET /xingrg/all/function/internal_message.html?_=1655348190187&CODE_STATE=getMsg HTTP/1.1" 200 27
61.170.235.145 - - [16/Jun/2022:10:55:24 +0800] "GET /xingrg/check_reg.html?_=1655348124967 HTTP/1.1" 200 22
61.170.235.145 - - [16/Jun/2022:10:55:25 +0800] "GET /xingrg/all/function/internal_message.html?_=1655348124971&CODE_STATE=getMsg HTTP/1.1" 200 27
61.170.235.145 - - [16/Jun/2022:10:55:27 +0800] "GET /xingrg/kc/buy/cgsh_order_operate.html?command=get_materiel&rest_code=00106&code=00101009039&supplier_code=00100022&order_time=2022-06-16 HTTP/1.1" 200 430
120.253.135.82 - - [16/Jun/2022:10:55:29 +0800] "GET /xingrg/all/function/internal_message.html?_=1655348274532&CODE_STATE=getMsg HTTP/1.1" 200 27
58.40.7.146 - - [16/Jun/2022:10:55:33 +0800] "GET /xingrg/all/function/internal_message.html?_=1655348131521&CODE_STATE=getMsg HTTP/1.1" 200 27
114.84.82.172 - - [16/Jun/2022:10:55:39 +0800] "GET /xingrg/all/function/internal_message.html?_=1655348137812&CODE_STATE=getMsg HTTP/1.1" 200 27
114.95.43.0 - - [16/Jun/2022:10:55:42 +0800] "GET /xingrg/all/function/internal_message.html?_=1655348051464&CODE_STATE=getMsg HTTP/1.1" 200 27
116.228.172.94 - - [16/Jun/2022:10:55:45 +0800] "GET /xingrg/all/function/internal_message.html?_=1655348008839&CODE_STATE=getMsg HTTP/1.1" 200 27
61.170.235.145 - - [16/Jun/2022:10:55:53 +0800] "GET /xingrg/kc/buy/cgsh_order_operate.html?command=get_materiel&rest_code=00106&code=00101009124&supplier_code=00100022&order_time=2022-06-16 HTTP/1.1" 200 416
58.35.194.53 - - [16/Jun/2022:10:56:02 +0800] "GET /xingrg/all/function/internal_message.html?_=1655348160025&CODE_STATE=getMsg HTTP/1.1" 200 27
116.235.92.88 - - [16/Jun/2022:10:56:03 +0800] "GET /xingrg/all/function/internal_message.html?_=1655348340799&CODE_STATE=getMsg HTTP/1.1" 200 27
180.156.212.250 - - [16/Jun/2022:10:56:03 +0800] "GET /xingrg/check_reg.html?_=1655348181621 HTTP/1.1" 200 22
180.156.212.250 - - [16/Jun/2022:10:56:03 +0800] "GET /xingrg/all/function/internal_message.html?_=1655348181624&CODE_STATE=getMsg HTTP/1.1" 200 27
101.83.223.227 - - [16/Jun/2022:10:56:06 +0800] "GET /xingrg/all/function/internal_message.html?_=1655348128333&CODE_STATE=getMsg HTTP/1.1" 200 27
101.83.223.227 - - [16/Jun/2022:10:56:07 +0800] "GET /xingrg/all/function/internal_message.html?_=1655348165005&CODE_STATE=getMsg HTTP/1.1" 200 27
218.81.223.53 - - [16/Jun/2022:10:56:09 +0800] "GET /xingrg/all/function/internal_message.html?_=1655348172839&CODE_STATE=getMsg HTTP/1.1" 200 27
180.156.212.250 - - [16/Jun/2022:10:56:12 +0800] "GET /xingrg/kc/buy/cgsh_order_operate.html?command=get_materiel&rest_code=00102&code=00101012046&supplier_code=00100325&order_time=2022-06-15 HTTP/1.1" 200 417
114.95.43.0 - - [16/Jun/2022:10:56:15 +0800] "GET /xingrg/all/function/internal_message.html?_=1655348174906&CODE_STATE=getMsg HTTP/1.1" 200 27
116.230.110.173 - - [16/Jun/2022:10:56:15 +0800] "GET /xingrg/all/function/internal_message.html?_=1655348171359&CODE_STATE=getMsg HTTP/1.1" 200 27
180.169.147.146 - - [16/Jun/2022:10:56:16 +0800] "GET /favicon.ico HTTP/1.1" 404 -
222.69.144.95 - - [16/Jun/2022:10:56:17 +0800] "GET /xingrg/all/function/internal_message.html?_=1655348206107&CODE_STATE=getMsg HTTP/1.1" 200 27
101.83.223.227 - - [16/Jun/2022:10:56:20 +0800] "GET /xingrg/all/function/internal_message.html?_=1655348142205&CODE_STATE=getMsg HTTP/1.1" 200 27
61.170.235.145 - - [16/Jun/2022:10:56:22 +0800] "GET /xingrg/kc/buy/cgsh_order_operate.html?command=get_materiel&rest_code=00106&code=00101009059&supplier_code=00100022&order_time=2022-06-16 HTTP/1.1" 200 409
180.156.212.250 - - [16/Jun/2022:10:56:22 +0800] "GET /xingrg/all/function/internal_message.html?_=1655348250203&CODE_STATE=getMsg HTTP/1.1" 200 27
180.169.147.146 - - [16/Jun/2022:10:56:22 +0800] "POST /xingrg/dwr/call/plaincall/AjaxComOrderService.getMaterielSearchList.dwr HTTP/1.1" 200 77
180.169.147.146 - - [16/Jun/2022:10:56:23 +0800] "POST /xingrg/dwr/call/plaincall/AjaxComOrderService.getMaterielSearchList.dwr HTTP/1.1" 200 40498
61.170.235.145 - - [16/Jun/2022:10:56:24 +0800] "GET /xingrg/all/function/internal_message.html?_=1655348184969&CODE_STATE=getMsg HTTP/1.1" 200 27
180.156.212.250 - - [16/Jun/2022:10:56:25 +0800] "POST /xingrg/kc/buy/cgsh_order_operate.html HTTP/1.1" 200 37
180.156.212.250 - - [16/Jun/2022:10:56:28 +0800] "POST /xingrg/kc/buy/cgsh_order_operate.html HTTP/1.1" 200 12
180.169.147.146 - - [16/Jun/2022:10:56:29 +0800] "POST /xingrg/dwr/call/plaincall/AjaxYddbService.getMaterielByMap.dwr HTTP/1.1" 200 2856
120.253.135.82 - - [16/Jun/2022:10:56:29 +0800] "GET /xingrg/all/function/internal_message.html?_=1655348334590&CODE_STATE=getMsg HTTP/1.1" 200 27
180.156.212.250 - - [16/Jun/2022:10:56:30 +0800] "GET /xingrg/kc/buy/cgsh_order_info.html?code=212022061601686 HTTP/1.1" 200 62513
180.169.147.146 - - [16/Jun/2022:10:56:31 +0800] "POST /xingrg/dwr/call/plaincall/AjaxYddbService.saveMaterielItem.dwr HTTP/1.1" 200 79
180.156.212.250 - - [16/Jun/2022:10:56:31 +0800] "GET /xingrg/javascript/easyui/themes/default/validatebox.css HTTP/1.1" 404 1104
180.169.147.146 - - [16/Jun/2022:10:56:31 +0800] "POST /xingrg/dwr/call/plaincall/AjaxComOrderService.getMaterielSearchList.dwr HTTP/1.1" 200 77
180.156.212.250 - - [16/Jun/2022:10:56:32 +0800] "POST /xingrg/kc/buy/cgsh_order_operate.html HTTP/1.1" 200 610
58.40.7.146 - - [16/Jun/2022:10:56:33 +0800] "GET /xingrg/all/function/internal_message.html?_=1655348191511&CODE_STATE=getMsg HTTP/1.1" 200 27
180.169.147.146 - - [16/Jun/2022:10:56:35 +0800] "POST /xingrg/dwr/call/plaincall/AjaxComOrderService.getMaterielSearchList.dwr HTTP/1.1" 200 77
180.156.212.250 - - [16/Jun/2022:10:56:35 +0800] "GET /xingrg/kc/print/load_data.html?order_code=212022061601686&kc_code=cgsh&condition= HTTP/1.1" 200 692
180.169.147.146 - - [16/Jun/2022:10:56:36 +0800] "POST /xingrg/dwr/call/plaincall/AjaxComOrderService.getMaterielSearchList.dwr HTTP/1.1" 200 410
180.169.147.146 - - [16/Jun/2022:10:56:37 +0800] "POST /xingrg/dwr/call/plaincall/AjaxComOrderService.getMaterielSearchList.dwr HTTP/1.1" 200 410
180.169.147.146 - - [16/Jun/2022:10:56:37 +0800] "POST /xingrg/dwr/call/plaincall/AjaxYddbService.getMaterielByMap.dwr HTTP/1.1" 200 2863
114.95.43.0 - - [16/Jun/2022:10:56:38 +0800] "GET /xingrg/check_reg.html?_=1655348198636 HTTP/1.1" 200 22
114.84.82.172 - - [16/Jun/2022:10:56:39 +0800] "GET /xingrg/all/function/internal_message.html?_=1655348197812&CODE_STATE=getMsg HTTP/1.1" 200 27
180.169.147.146 - - [16/Jun/2022:10:56:40 +0800] "POST /xingrg/dwr/call/plaincall/AjaxYddbService.saveMaterielItem.dwr HTTP/1.1" 200 79
180.169.147.146 - - [16/Jun/2022:10:56:40 +0800] "POST /xingrg/dwr/call/plaincall/AjaxComOrderService.getMaterielSearchList.dwr HTTP/1.1" 200 77
114.95.43.0 - - [16/Jun/2022:10:56:42 +0800] "GET /xingrg/all/function/internal_message.html?_=1655348111439&CODE_STATE=getMsg HTTP/1.1" 200 27
180.169.147.146 - - [16/Jun/2022:10:56:44 +0800] "POST /xingrg/dwr/call/plaincall/AjaxComOrderService.getMaterielSearchList.dwr HTTP/1.1" 200 77
101.83.223.227 - - [16/Jun/2022:10:56:45 +0800] "GET /xingrg/check_reg.html?_=1655348167118 HTTP/1.1" 200 22
180.169.147.146 - - [16/Jun/2022:10:56:45 +0800] "POST /xingrg/dwr/call/plaincall/AjaxComOrderService.getMaterielSearchList.dwr HTTP/1.1" 200 1384
116.228.172.94 - - [16/Jun/2022:10:56:45 +0800] "GET /xingrg/all/function/internal_message.html?_=1655348068837&CODE_STATE=getMsg HTTP/1.1" 200 27
180.169.147.146 - - [16/Jun/2022:10:56:46 +0800] "POST /xingrg/dwr/call/plaincall/AjaxYddbService.getMaterielByMap.dwr HTTP/1.1" 200 2859
180.169.147.146 - - [16/Jun/2022:10:56:49 +0800] "POST /xingrg/dwr/call/plaincall/AjaxYddbService.saveMaterielItem.dwr HTTP/1.1" 200 79
180.169.147.146 - - [16/Jun/2022:10:56:49 +0800] "POST /xingrg/dwr/call/plaincall/AjaxComOrderService.getMaterielSearchList.dwr HTTP/1.1" 200 77
180.169.147.146 - - [16/Jun/2022:10:56:52 +0800] "POST /xingrg/dwr/call/plaincall/AjaxComOrderService.getMaterielSearchList.dwr HTTP/1.1" 200 27023
180.169.147.146 - - [16/Jun/2022:10:56:53 +0800] "POST /xingrg/dwr/call/plaincall/AjaxComOrderService.getMaterielSearchList.dwr HTTP/1.1" 200 27023
61.170.235.145 - - [16/Jun/2022:10:56:54 +0800] "GET /xingrg/kc/buy/cgsh_order_operate.html?command=get_materiel&rest_code=00106&code=00101010341&supplier_code=00100022&order_time=2022-06-16 HTTP/1.1" 200 413
114.95.43.0 - - [16/Jun/2022:10:56:54 +0800] "GET /xingrg/kc/buy/cgsh_order_operate.html?command=get_materiel&rest_code=00105&code=00101029023&supplier_code=00100151&order_time=2022-06-16 HTTP/1.1" 200 478
180.169.147.146 - - [16/Jun/2022:10:56:54 +0800] "POST /xingrg/dwr/call/plaincall/AjaxYddbService.getMaterielByMap.dwr HTTP/1.1" 200 2855
180.169.147.146 - - [16/Jun/2022:10:56:56 +0800] "GET /xingrg/check_reg.html?_=1655348216664 HTTP/1.1" 200 22
180.169.147.146 - - [16/Jun/2022:10:56:57 +0800] "POST /xingrg/dwr/call/plaincall/AjaxYddbService.saveMaterielItem.dwr HTTP/1.1" 200 79
180.169.147.146 - - [16/Jun/2022:10:56:58 +0800] "POST /xingrg/dwr/call/plaincall/AjaxComOrderService.getMaterielSearchList.dwr HTTP/1.1" 200 77
58.35.194.53 - - [16/Jun/2022:10:57:01 +0800] "GET /xingrg/all/function/internal_message.html?_=1655348220010&CODE_STATE=getMsg HTTP/1.1" 200 27
116.235.92.88 - - [16/Jun/2022:10:57:03 +0800] "GET /xingrg/all/function/internal_message.html?_=1655348400814&CODE_STATE=getMsg HTTP/1.1" 200 27
180.156.212.250 - - [16/Jun/2022:10:57:03 +0800] "GET /xingrg/all/function/internal_message.html?_=1655348241624&CODE_STATE=getMsg HTTP/1.1" 200 27
58.35.194.53 - - [16/Jun/2022:10:57:04 +0800] "GET /xingrg/check_reg.html?_=1655348222090 HTTP/1.1" 200 22
101.83.223.227 - - [16/Jun/2022:10:57:06 +0800] "GET /xingrg/all/function/internal_message.html?_=1655348188334&CODE_STATE=getMsg HTTP/1.1" 200 27
101.83.223.227 - - [16/Jun/2022:10:57:07 +0800] "GET /xingrg/all/function/internal_message.html?_=1655348225004&CODE_STATE=getMsg HTTP/1.1" 200 27
180.169.147.146 - - [16/Jun/2022:10:57:09 +0800] "POST /xingrg/dwr/call/plaincall/AjaxComOrderService.getMaterielSearchList.dwr HTTP/1.1" 200 77
218.81.223.53 - - [16/Jun/2022:10:57:09 +0800] "GET /xingrg/all/function/internal_message.html?_=1655348232856&CODE_STATE=getMsg HTTP/1.1" 200 27
180.169.147.146 - - [16/Jun/2022:10:57:10 +0800] "POST /xingrg/dwr/call/plaincall/AjaxComOrderService.getMaterielSearchList.dwr HTTP/1.1" 200 2769
180.169.147.146 - - [16/Jun/2022:10:57:14 +0800] "POST /xingrg/dwr/call/plaincall/AjaxComOrderService.getMaterielSearchList.dwr HTTP/1.1" 200 77
114.95.43.0 - - [16/Jun/2022:10:57:15 +0800] "GET /xingrg/all/function/internal_message.html?_=1655348234878&CODE_STATE=getMsg HTTP/1.1" 200 27
180.169.147.146 - - [16/Jun/2022:10:57:15 +0800] "POST /xingrg/dwr/call/plaincall/AjaxComOrderService.getMaterielSearchList.dwr HTTP/1.1" 200 77
116.230.110.173 - - [16/Jun/2022:10:57:15 +0800] "GET /xingrg/all/function/internal_message.html?_=1655348231366&CODE_STATE=getMsg HTTP/1.1" 200 27
180.169.147.146 - - [16/Jun/2022:10:57:16 +0800] "POST /xingrg/dwr/call/plaincall/AjaxComOrderService.getMaterielSearchList.dwr HTTP/1.1" 200 27023
222.69.144.95 - - [16/Jun/2022:10:57:17 +0800] "GET /xingrg/all/function/internal_message.html?_=1655348266126&CODE_STATE=getMsg HTTP/1.1" 200 27
180.169.147.146 - - [16/Jun/2022:10:57:17 +0800] "POST /xingrg/dwr/call/plaincall/AjaxComOrderService.getMaterielSearchList.dwr HTTP/1.1" 200 27023
222.69.144.95 - - [16/Jun/2022:10:57:17 +0800] "GET /xingrg/check_reg.html?_=1655348266130 HTTP/1.1" 200 22
101.83.223.227 - - [16/Jun/2022:10:57:20 +0800] "GET /xingrg/all/function/internal_message.html?_=1655348202382&CODE_STATE=getMsg HTTP/1.1" 200 27
180.156.212.250 - - [16/Jun/2022:10:57:22 +0800] "GET /xingrg/all/function/internal_message.html?_=1655348310358&CODE_STATE=getMsg HTTP/1.1" 200 27
180.169.147.146 - - [16/Jun/2022:10:57:24 +0800] "POST /xingrg/dwr/call/plaincall/AjaxYddbService.removeMaterielItem.dwr HTTP/1.1" 200 79
61.170.235.145 - - [16/Jun/2022:10:57:24 +0800] "GET /xingrg/all/function/internal_message.html?_=1655348244968&CODE_STATE=getMsg HTTP/1.1" 200 27
180.169.147.146 - - [16/Jun/2022:10:57:26 +0800] "GET /xingrg/images/yd/bt2.gif HTTP/1.1" 404 1042
120.253.135.82 - - [16/Jun/2022:10:57:29 +0800] "GET /xingrg/all/function/internal_message.html?_=1655348394606&CODE_STATE=getMsg HTTP/1.1" 200 27
114.84.147.169 - - [16/Jun/2022:10:57:31 +0800] "GET /xingrg/check_reg.html?_=1655347967450 HTTP/1.1" 302 -
180.169.147.146 - - [16/Jun/2022:10:57:32 +0800] "POST /xingrg/dwr/call/plaincall/AjaxYddbService.saveMaterielItem.dwr HTTP/1.1" 200 79
58.40.7.146 - - [16/Jun/2022:10:57:33 +0800] "GET /xingrg/all/function/internal_message.html?_=1655348251483&CODE_STATE=getMsg HTTP/1.1" 200 27
180.169.147.146 - - [16/Jun/2022:10:57:35 +0800] "POST /xingrg/dwr/call/plaincall/AjaxComOrderService.getMaterielSearchList.dwr HTTP/1.1" 200 77
180.169.147.146 - - [16/Jun/2022:10:57:36 +0800] "POST /xingrg/dwr/call/plaincall/AjaxComOrderService.getMaterielSearchList.dwr HTTP/1.1" 200 816
180.169.147.146 - - [16/Jun/2022:10:57:37 +0800] "POST /xingrg/dwr/call/plaincall/AjaxYddbService.getMaterielByMap.dwr HTTP/1.1" 200 2861
114.84.82.172 - - [16/Jun/2022:10:57:39 +0800] "GET /xingrg/all/function/internal_message.html?_=1655348257812&CODE_STATE=getMsg HTTP/1.1" 200 27
180.169.147.146 - - [16/Jun/2022:10:57:40 +0800] "POST /xingrg/dwr/call/plaincall/AjaxYddbService.saveMaterielItem.dwr HTTP/1.1" 200 79
180.169.147.146 - - [16/Jun/2022:10:57:41 +0800] "POST /xingrg/dwr/call/plaincall/AjaxComOrderService.getMaterielSearchList.dwr HTTP/1.1" 200 77
114.95.43.0 - - [16/Jun/2022:10:57:42 +0800] "GET /xingrg/all/function/internal_message.html?_=1655348171417&CODE_STATE=getMsg HTTP/1.1" 200 27
114.95.43.0 - - [16/Jun/2022:10:57:43 +0800] "GET /xingrg/check_reg.html?_=1655348172186 HTTP/1.1" 200 22
58.40.7.146 - - [16/Jun/2022:10:57:44 +0800] "GET /xingrg/check_reg.html?_=1655348262625 HTTP/1.1" 200 22
180.169.147.146 - - [16/Jun/2022:10:57:44 +0800] "POST /xingrg/dwr/call/plaincall/AjaxComOrderService.getMaterielSearchList.dwr HTTP/1.1" 200 77
116.228.172.94 - - [16/Jun/2022:10:57:45 +0800] "GET /xingrg/all/function/internal_message.html?_=1655348128835&CODE_STATE=getMsg HTTP/1.1" 200 27
180.169.147.146 - - [16/Jun/2022:10:57:45 +0800] "POST /xingrg/dwr/call/plaincall/AjaxComOrderService.getMaterielSearchList.dwr HTTP/1.1" 200 77
180.169.147.146 - - [16/Jun/2022:10:57:46 +0800] "POST /xingrg/dwr/call/plaincall/AjaxComOrderService.getMaterielSearchList.dwr HTTP/1.1" 200 204
180.169.147.146 - - [16/Jun/2022:10:57:48 +0800] "POST /xingrg/dwr/call/plaincall/AjaxComOrderService.getMaterielSearchList.dwr HTTP/1.1" 200 464414
180.169.147.146 - - [16/Jun/2022:10:57:49 +0800] "POST /xingrg/dwr/call/plaincall/AjaxComOrderService.getMaterielSearchList.dwr HTTP/1.1" 200 77
180.169.147.146 - - [16/Jun/2022:10:57:49 +0800] "POST /xingrg/dwr/call/plaincall/AjaxComOrderService.getMaterielSearchList.dwr HTTP/1.1" 200 77
180.169.147.146 - - [16/Jun/2022:10:57:51 +0800] "POST /xingrg/dwr/call/plaincall/AjaxComOrderService.getMaterielSearchList.dwr HTTP/1.1" 200 22918
180.156.212.250 - - [16/Jun/2022:10:57:52 +0800] "GET /xingrg/kc/buy/cgsh_order_add.html HTTP/1.1" 200 67608
180.156.212.250 - - [16/Jun/2022:10:57:53 +0800] "POST /xingrg/kc/buy/cgsh_order_operate.html HTTP/1.1" 200 8245
180.156.212.250 - - [16/Jun/2022:10:57:53 +0800] "GET /xingrg/javascript/easyui/themes/default/validatebox.css HTTP/1.1" 404 1104
61.170.235.145 - - [16/Jun/2022:10:57:57 +0800] "POST /xingrg/kc/buy/cgsh_order_operate.html HTTP/1.1" 200 37
61.170.235.145 - - [16/Jun/2022:10:57:59 +0800] "POST /xingrg/kc/buy/cgsh_order_operate.html HTTP/1.1" 200 3845
58.35.194.53 - - [16/Jun/2022:10:58:01 +0800] "GET /xingrg/all/function/internal_message.html?_=1655348279982&CODE_STATE=getMsg HTTP/1.1" 200 27
114.95.43.0 - - [16/Jun/2022:10:58:03 +0800] "POST /xingrg/kc/buy/cgsh_order_operate.html HTTP/1.1" 200 37
116.235.92.88 - - [16/Jun/2022:10:58:03 +0800] "GET /xingrg/all/function/internal_message.html?_=1655348460812&CODE_STATE=getMsg HTTP/1.1" 200 27
180.156.212.250 - - [16/Jun/2022:10:58:03 +0800] "GET /xingrg/all/function/internal_message.html?_=1655348301624&CODE_STATE=getMsg HTTP/1.1" 200 27
114.95.43.0 - - [16/Jun/2022:10:58:05 +0800] "POST /xingrg/kc/buy/cgsh_order_operate.html HTTP/1.1" 200 3976
180.156.212.250 - - [16/Jun/2022:10:58:05 +0800] "GET /xingrg/javascript/easyui/themes/default/tree.css HTTP/1.1" 404 1090
180.156.212.250 - - [16/Jun/2022:10:58:05 +0800] "POST /xingrg/all/common/load_tree.html?tree=supplier_tree_json&isDelete=1 HTTP/1.1" 200 66322
101.83.223.227 - - [16/Jun/2022:10:58:06 +0800] "GET /xingrg/all/function/internal_message.html?_=1655348248348&CODE_STATE=getMsg HTTP/1.1" 200 27
101.83.223.227 - - [16/Jun/2022:10:58:07 +0800] "GET /xingrg/all/function/internal_message.html?_=1655348285004&CODE_STATE=getMsg HTTP/1.1" 200 27
180.169.147.146 - - [16/Jun/2022:10:58:07 +0800] "POST /xingrg/dwr/call/plaincall/AjaxComOrderService.getMaterielSearchList.dwr HTTP/1.1" 200 77
218.81.223.53 - - [16/Jun/2022:10:58:07 +0800] "GET /xingrg/check_reg.html?_=1655348290650 HTTP/1.1" 200 22
61.170.235.145 - - [16/Jun/2022:10:58:07 +0800] "GET /xingrg/kc/buy/cgsh_order_add.html HTTP/1.1" 200 67649
180.169.147.146 - - [16/Jun/2022:10:58:07 +0800] "POST /xingrg/dwr/call/plaincall/AjaxComOrderService.getMaterielSearchList.dwr HTTP/1.1" 200 77
61.170.235.145 - - [16/Jun/2022:10:58:08 +0800] "POST /xingrg/kc/buy/cgsh_order_operate.html HTTP/1.1" 200 8245
61.170.235.145 - - [16/Jun/2022:10:58:08 +0800] "GET /xingrg/javascript/easyui/themes/default/validatebox.css HTTP/1.1" 404 1104
180.169.147.146 - - [16/Jun/2022:10:58:08 +0800] "POST /xingrg/dwr/call/plaincall/AjaxComOrderService.getMaterielSearchList.dwr HTTP/1.1" 200 77
180.169.147.146 - - [16/Jun/2022:10:58:09 +0800] "POST /xingrg/dwr/call/plaincall/AjaxComOrderService.getMaterielSearchList.dwr HTTP/1.1" 200 77
218.81.223.53 - - [16/Jun/2022:10:58:09 +0800] "GET /xingrg/all/function/internal_message.html?_=1655348292870&CODE_STATE=getMsg HTTP/1.1" 200 27
180.169.147.146 - - [16/Jun/2022:10:58:09 +0800] "POST /xingrg/dwr/call/plaincall/AjaxComOrderService.getMaterielSearchList.dwr HTTP/1.1" 200 77
61.170.235.145 - - [16/Jun/2022:10:58:10 +0800] "GET /xingrg/javascript/easyui/themes/default/tree.css HTTP/1.1" 404 1090
61.170.235.145 - - [16/Jun/2022:10:58:10 +0800] "POST /xingrg/all/common/load_tree.html?tree=supplier_tree_json&isDelete=1 HTTP/1.1" 200 66322
180.169.147.146 - - [16/Jun/2022:10:58:11 +0800] "POST /xingrg/dwr/call/plaincall/AjaxComOrderService.getMaterielSearchList.dwr HTTP/1.1" 200 77
180.169.147.146 - - [16/Jun/2022:10:58:11 +0800] "POST /xingrg/dwr/call/plaincall/AjaxComOrderService.getMaterielSearchList.dwr HTTP/1.1" 200 1110
114.95.43.0 - - [16/Jun/2022:10:58:15 +0800] "GET /xingrg/all/function/internal_message.html?_=1655348294856&CODE_STATE=getMsg HTTP/1.1" 200 27
114.95.43.0 - - [16/Jun/2022:10:58:15 +0800] "GET /xingrg/kc/print/load_config.html?kc_code=cgsh HTTP/1.1" 200 1943
114.95.43.0 - - [16/Jun/2022:10:58:15 +0800] "GET /xingrg/kc/print/load_data.html?order_code=212022061601688&kc_code=cgsh&condition= HTTP/1.1" 200 1242
116.230.110.173 - - [16/Jun/2022:10:58:15 +0800] "GET /xingrg/all/function/internal_message.html?_=1655348291381&CODE_STATE=getMsg HTTP/1.1" 200 27
222.69.144.95 - - [16/Jun/2022:10:58:17 +0800] "GET /xingrg/all/function/internal_message.html?_=1655348326122&CODE_STATE=getMsg HTTP/1.1" 200 27
180.169.147.146 - - [16/Jun/2022:10:58:19 +0800] "POST /xingrg/dwr/call/plaincall/AjaxYddbService.getMaterielByMap.dwr HTTP/1.1" 200 2872
101.83.223.227 - - [16/Jun/2022:10:58:20 +0800] "GET /xingrg/all/function/internal_message.html?_=1655348262388&CODE_STATE=getMsg HTTP/1.1" 200 27
120.253.135.82 - - [16/Jun/2022:10:58:22 +0800] "GET /xingrg/check_reg.html?_=1655348447038 HTTP/1.1" 200 22
180.156.212.250 - - [16/Jun/2022:10:58:22 +0800] "GET /xingrg/all/function/internal_message.html?_=1655348370518&CODE_STATE=getMsg HTTP/1.1" 200 27
180.169.147.146 - - [16/Jun/2022:10:58:24 +0800] "POST /xingrg/dwr/call/plaincall/AjaxYddbService.removeMaterielItem.dwr HTTP/1.1" 200 79
61.170.235.145 - - [16/Jun/2022:10:58:25 +0800] "GET /xingrg/all/function/internal_message.html?_=1655348304992&CODE_STATE=getMsg HTTP/1.1" 200 27
180.169.147.146 - - [16/Jun/2022:10:58:26 +0800] "POST /xingrg/dwr/call/plaincall/AjaxComOrderService.getMaterielSearchList.dwr HTTP/1.1" 200 77
180.169.147.146 - - [16/Jun/2022:10:58:27 +0800] "POST /xingrg/dwr/call/plaincall/AjaxComOrderService.getMaterielSearchList.dwr HTTP/1.1" 200 77
180.169.147.146 - - [16/Jun/2022:10:58:28 +0800] "POST /xingrg/dwr/call/plaincall/AjaxComOrderService.getMaterielSearchList.dwr HTTP/1.1" 200 1110
120.253.135.82 - - [16/Jun/2022:10:58:29 +0800] "GET /xingrg/all/function/internal_message.html?_=1655348454620&CODE_STATE=getMsg HTTP/1.1" 200 27
58.40.7.146 - - [16/Jun/2022:10:58:33 +0800] "GET /xingrg/all/function/internal_message.html?_=1655348311454&CODE_STATE=getMsg HTTP/1.1" 200 27
180.169.147.146 - - [16/Jun/2022:10:58:34 +0800] "POST /xingrg/dwr/call/plaincall/AjaxYddbService.getMaterielByMap.dwr HTTP/1.1" 200 2854
114.84.82.172 - - [16/Jun/2022:10:58:39 +0800] "GET /xingrg/all/function/internal_message.html?_=1655348317813&CODE_STATE=getMsg HTTP/1.1" 200 27
114.95.43.0 - - [16/Jun/2022:10:58:42 +0800] "GET /xingrg/all/function/internal_message.html?_=1655348231395&CODE_STATE=getMsg HTTP/1.1" 200 27
116.228.172.94 - - [16/Jun/2022:10:58:45 +0800] "GET /xingrg/check_reg.html?_=1655348188834 HTTP/1.1" 200 22
116.228.172.94 - - [16/Jun/2022:10:58:45 +0800] "GET /xingrg/all/function/internal_message.html?_=1655348188837&CODE_STATE=getMsg HTTP/1.1" 200 27
58.40.7.146 - - [16/Jun/2022:10:58:47 +0800] "POST /xingrg/services/DataTransmitService HTTP/1.1" 200 524
180.169.147.146 - - [16/Jun/2022:10:58:52 +0800] "POST /xingrg/dwr/call/plaincall/AjaxYddbService.saveMaterielItem.dwr HTTP/1.1" 200 79
180.169.147.146 - - [16/Jun/2022:10:58:53 +0800] "POST /xingrg/dwr/call/plaincall/AjaxComOrderService.getMaterielSearchList.dwr HTTP/1.1" 200 77
58.35.194.53 - - [16/Jun/2022:10:59:01 +0800] "GET /xingrg/all/function/internal_message.html?_=1655348339967&CODE_STATE=getMsg HTTP/1.1" 200 27
116.235.92.88 - - [16/Jun/2022:10:59:03 +0800] "GET /xingrg/all/function/internal_message.html?_=1655348520810&CODE_STATE=getMsg HTTP/1.1" 200 27
180.169.147.146 - - [16/Jun/2022:10:59:03 +0800] "POST /xingrg/dwr/call/plaincall/AjaxYddbService.saveMaterielItem.dwr HTTP/1.1" 200 79
180.156.212.250 - - [16/Jun/2022:10:59:03 +0800] "GET /xingrg/all/function/internal_message.html?_=1655348361649&CODE_STATE=getMsg HTTP/1.1" 200 27
101.83.223.227 - - [16/Jun/2022:10:59:06 +0800] "GET /xingrg/all/function/internal_message.html?_=1655348308375&CODE_STATE=getMsg HTTP/1.1" 200 27
101.83.223.227 - - [16/Jun/2022:10:59:07 +0800] "GET /xingrg/all/function/internal_message.html?_=1655348345014&CODE_STATE=getMsg HTTP/1.1" 200 27
180.169.147.146 - - [16/Jun/2022:10:59:08 +0800] "POST /xingrg/dwr/call/plaincall/AjaxComOrderService.getMaterielSearchList.dwr HTTP/1.1" 200 77
180.169.147.146 - - [16/Jun/2022:10:59:09 +0800] "POST /xingrg/dwr/call/plaincall/AjaxComOrderService.getMaterielSearchList.dwr HTTP/1.1" 200 12563
218.81.223.53 - - [16/Jun/2022:10:59:09 +0800] "GET /xingrg/all/function/internal_message.html?_=1655348352884&CODE_STATE=getMsg HTTP/1.1" 200 27
180.169.147.146 - - [16/Jun/2022:10:59:10 +0800] "POST /xingrg/dwr/call/plaincall/AjaxYddbService.getMaterielByMap.dwr HTTP/1.1" 200 2856
180.169.147.146 - - [16/Jun/2022:10:59:13 +0800] "POST /xingrg/dwr/call/plaincall/AjaxYddbService.saveMaterielItem.dwr HTTP/1.1" 200 79
180.169.147.146 - - [16/Jun/2022:10:59:14 +0800] "POST /xingrg/dwr/call/plaincall/AjaxComOrderService.getMaterielSearchList.dwr HTTP/1.1" 200 77
114.95.43.0 - - [16/Jun/2022:10:59:15 +0800] "GET /xingrg/all/function/internal_message.html?_=1655348354834&CODE_STATE=getMsg HTTP/1.1" 200 27
116.230.110.173 - - [16/Jun/2022:10:59:15 +0800] "GET /xingrg/check_reg.html?_=1655348351377 HTTP/1.1" 200 22
114.95.43.0 - - [16/Jun/2022:10:59:15 +0800] "GET /xingrg/kc/buy/cgsh_order_add.html HTTP/1.1" 200 67696
116.230.110.173 - - [16/Jun/2022:10:59:15 +0800] "GET /xingrg/all/function/internal_message.html?_=1655348351380&CODE_STATE=getMsg HTTP/1.1" 200 27
114.95.43.0 - - [16/Jun/2022:10:59:15 +0800] "POST /xingrg/kc/buy/cgsh_order_operate.html HTTP/1.1" 200 8245
114.95.43.0 - - [16/Jun/2022:10:59:15 +0800] "GET /xingrg/javascript/easyui/themes/default/validatebox.css HTTP/1.1" 404 1104
180.169.147.146 - - [16/Jun/2022:10:59:16 +0800] "POST /xingrg/dwr/call/plaincall/AjaxComOrderService.getMaterielSearchList.dwr HTTP/1.1" 200 77
222.69.144.95 - - [16/Jun/2022:10:59:17 +0800] "GET /xingrg/all/function/internal_message.html?_=1655348386112&CODE_STATE=getMsg HTTP/1.1" 200 27
180.169.147.146 - - [16/Jun/2022:10:59:17 +0800] "POST /xingrg/dwr/call/plaincall/AjaxComOrderService.getMaterielSearchList.dwr HTTP/1.1" 200 410
180.169.147.146 - - [16/Jun/2022:10:59:18 +0800] "POST /xingrg/dwr/call/plaincall/AjaxYddbService.getMaterielByMap.dwr HTTP/1.1" 200 2860
101.83.223.227 - - [16/Jun/2022:10:59:20 +0800] "GET /xingrg/all/function/internal_message.html?_=1655348322565&CODE_STATE=getMsg HTTP/1.1" 200 27
180.169.147.146 - - [16/Jun/2022:10:59:21 +0800] "POST /xingrg/dwr/call/plaincall/AjaxYddbService.saveMaterielItem.dwr HTTP/1.1" 200 79
180.156.212.250 - - [16/Jun/2022:10:59:21 +0800] "GET /xingrg/check_reg.html?_=1655348429247 HTTP/1.1" 200 22
180.169.147.146 - - [16/Jun/2022:10:59:21 +0800] "POST /xingrg/dwr/call/plaincall/AjaxComOrderService.getMaterielSearchList.dwr HTTP/1.1" 200 77
180.156.212.250 - - [16/Jun/2022:10:59:22 +0800] "GET /xingrg/all/function/internal_message.html?_=1655348430526&CODE_STATE=getMsg HTTP/1.1" 200 27
180.169.147.146 - - [16/Jun/2022:10:59:24 +0800] "POST /xingrg/dwr/call/plaincall/AjaxComOrderService.getMaterielSearchList.dwr HTTP/1.1" 200 77
180.169.147.146 - - [16/Jun/2022:10:59:24 +0800] "POST /xingrg/dwr/call/plaincall/AjaxComOrderService.getMaterielSearchList.dwr HTTP/1.1" 200 19495
61.170.235.145 - - [16/Jun/2022:10:59:25 +0800] "GET /xingrg/all/function/internal_message.html?_=1655348365002&CODE_STATE=getMsg HTTP/1.1" 200 27
180.169.147.146 - - [16/Jun/2022:10:59:26 +0800] "POST /xingrg/dwr/call/plaincall/AjaxYddbService.getMaterielByMap.dwr HTTP/1.1" 200 2855
120.253.135.82 - - [16/Jun/2022:10:59:29 +0800] "POST /xingrg/kc/buy/cgsh_order_operate.html HTTP/1.1" 200 37
180.169.147.146 - - [16/Jun/2022:10:59:29 +0800] "POST /xingrg/dwr/call/plaincall/AjaxYddbService.saveMaterielItem.dwr HTTP/1.1" 200 80
180.169.147.146 - - [16/Jun/2022:10:59:29 +0800] "POST /xingrg/dwr/call/plaincall/AjaxComOrderService.getMaterielSearchList.dwr HTTP/1.1" 200 78
120.253.135.82 - - [16/Jun/2022:10:59:30 +0800] "POST /xingrg/kc/buy/cgsh_order_operate.html HTTP/1.1" 200 2658
180.169.147.146 - - [16/Jun/2022:10:59:32 +0800] "POST /xingrg/dwr/call/plaincall/AjaxComOrderService.getMaterielSearchList.dwr HTTP/1.1" 200 78
180.169.147.146 - - [16/Jun/2022:10:59:32 +0800] "POST /xingrg/dwr/call/plaincall/AjaxComOrderService.getMaterielSearchList.dwr HTTP/1.1" 200 3896
58.40.7.146 - - [16/Jun/2022:10:59:33 +0800] "GET /xingrg/all/function/internal_message.html?_=1655348371442&CODE_STATE=getMsg HTTP/1.1" 200 27
180.169.147.146 - - [16/Jun/2022:10:59:34 +0800] "POST /xingrg/dwr/call/plaincall/AjaxYddbService.getMaterielByMap.dwr HTTP/1.1" 200 2859
180.169.147.146 - - [16/Jun/2022:10:59:36 +0800] "POST /xingrg/dwr/call/plaincall/AjaxYddbService.saveMaterielItem.dwr HTTP/1.1" 200 80
180.169.147.146 - - [16/Jun/2022:10:59:39 +0800] "POST /xingrg/dwr/call/plaincall/AjaxComOrderService.getMaterielSearchList.dwr HTTP/1.1" 200 78
114.84.82.172 - - [16/Jun/2022:10:59:39 +0800] "GET /xingrg/check_reg.html?_=1655348377814 HTTP/1.1" 200 22
180.169.147.146 - - [16/Jun/2022:10:59:39 +0800] "POST /xingrg/dwr/call/plaincall/AjaxComOrderService.getMaterielSearchList.dwr HTTP/1.1" 200 39163
114.84.82.172 - - [16/Jun/2022:10:59:39 +0800] "GET /xingrg/all/function/internal_message.html?_=1655348377817&CODE_STATE=getMsg HTTP/1.1" 200 27
180.169.147.146 - - [16/Jun/2022:10:59:41 +0800] "POST /xingrg/dwr/call/plaincall/AjaxComOrderService.getMaterielSearchList.dwr HTTP/1.1" 200 39163
120.253.135.82 - - [16/Jun/2022:10:59:42 +0800] "GET /xingrg/all/function/internal_message.html?_=1655348526941&CODE_STATE=getMsg HTTP/1.1" 200 27
114.95.43.0 - - [16/Jun/2022:10:59:42 +0800] "GET /xingrg/all/function/internal_message.html?_=1655348291366&CODE_STATE=getMsg HTTP/1.1" 200 27
120.253.135.82 - - [16/Jun/2022:10:59:43 +0800] "POST /xingrg/kc/buy/cgsh_order_operate.html HTTP/1.1" 200 37
120.253.135.82 - - [16/Jun/2022:10:59:44 +0800] "POST /xingrg/kc/buy/cgsh_order_operate.html HTTP/1.1" 200 2658
116.228.172.94 - - [16/Jun/2022:10:59:45 +0800] "GET /xingrg/all/function/internal_message.html?_=1655348248827&CODE_STATE=getMsg HTTP/1.1" 200 27
180.169.147.146 - - [16/Jun/2022:10:59:48 +0800] "POST /xingrg/dwr/call/plaincall/AjaxYddbService.getMaterielByMap.dwr HTTP/1.1" 200 2873
61.170.235.145 - - [16/Jun/2022:10:59:50 +0800] "GET /xingrg/kc/buy/cgsh_order_operate.html?command=get_materiel&rest_code=00106&code=00101006129&supplier_code=00100015&order_time=2022-06-16 HTTP/1.1" 200 448
180.169.147.146 - - [16/Jun/2022:10:59:50 +0800] "POST /xingrg/dwr/call/plaincall/AjaxYddbService.saveMaterielItem.dwr HTTP/1.1" 200 80
180.169.147.146 - - [16/Jun/2022:10:59:51 +0800] "POST /xingrg/dwr/call/plaincall/AjaxComOrderService.getMaterielSearchList.dwr HTTP/1.1" 200 78
180.169.147.146 - - [16/Jun/2022:10:59:53 +0800] "POST /xingrg/dwr/call/plaincall/AjaxComOrderService.getMaterielSearchList.dwr HTTP/1.1" 200 78
180.169.147.146 - - [16/Jun/2022:10:59:55 +0800] "POST /xingrg/dwr/call/plaincall/AjaxComOrderService.getMaterielSearchList.dwr HTTP/1.1" 200 20297
180.169.147.146 - - [16/Jun/2022:10:59:57 +0800] "POST /xingrg/dwr/call/plaincall/AjaxYddbService.getMaterielByMap.dwr HTTP/1.1" 200 2858
180.169.147.146 - - [16/Jun/2022:11:00:00 +0800] "POST /xingrg/dwr/call/plaincall/AjaxYddbService.saveMaterielItem.dwr HTTP/1.1" 200 80
180.169.147.146 - - [16/Jun/2022:11:00:00 +0800] "POST /xingrg/dwr/call/plaincall/AjaxComOrderService.getMaterielSearchList.dwr HTTP/1.1" 200 78
58.35.194.53 - - [16/Jun/2022:11:00:01 +0800] "GET /xingrg/all/function/internal_message.html?_=1655348399953&CODE_STATE=getMsg HTTP/1.1" 200 27
180.169.147.146 - - [16/Jun/2022:11:00:03 +0800] "POST /xingrg/dwr/call/plaincall/AjaxComOrderService.getMaterielSearchList.dwr HTTP/1.1" 200 78
116.235.92.88 - - [16/Jun/2022:11:00:03 +0800] "GET /xingrg/check_reg.html?_=1655348580836 HTTP/1.1" 200 22
