180.169.147.146 - - [16/Jun/2022:10:22:02 +0800] "GET /xingrg/javascript/jqueryMultiSelect.js HTTP/1.1" 200 11866
180.169.147.146 - - [16/Jun/2022:10:22:02 +0800] "GET /xingrg/javascript/calendar/jquery.timePicker.min.js HTTP/1.1" 200 2997
180.169.147.146 - - [16/Jun/2022:10:22:02 +0800] "GET /xingrg/javascript/Calendar.js HTTP/1.1" 200 31561
180.169.147.146 - - [16/Jun/2022:10:22:02 +0800] "GET /xingrg/javascript/bigrid/fix.js HTTP/1.1" 200 6439
180.169.147.146 - - [16/Jun/2022:10:22:02 +0800] "GET /xingrg/images/control/loading.gif HTTP/1.1" 200 13463
180.169.147.146 - - [16/Jun/2022:10:22:02 +0800] "GET /xingrg/images/blue/button/advanceover.gif HTTP/1.1" 200 1347
180.169.147.146 - - [16/Jun/2022:10:22:02 +0800] "GET /xingrg/images/blue/button/advance2over.gif HTTP/1.1" 200 1336
180.169.147.146 - - [16/Jun/2022:10:22:02 +0800] "GET /xingrg/images/blue/button/back2over.gif HTTP/1.1" 200 1335
180.169.147.146 - - [16/Jun/2022:10:22:02 +0800] "GET /xingrg/images/blue/button/backover.gif HTTP/1.1" 200 1348
180.169.147.146 - - [16/Jun/2022:10:22:02 +0800] "GET /xingrg/javascript/jquery_easy_ui/themes/icons/help.png HTTP/1.1" 200 1187
58.35.194.53 - - [16/Jun/2022:10:22:02 +0800] "GET /xingrg/all/function/internal_message.html?_=1655346120793&CODE_STATE=getMsg HTTP/1.1" 200 27
180.169.147.146 - - [16/Jun/2022:10:22:02 +0800] "POST /xingrg/all/report/load_report_page.html HTTP/1.1" 200 64328
180.169.147.146 - - [16/Jun/2022:10:22:02 +0800] "GET /xingrg/servlets/image?cache=0.4271679911440912&image=px HTTP/1.1" 200 807
116.235.92.88 - - [16/Jun/2022:10:22:03 +0800] "GET /xingrg/all/function/internal_message.html?_=1655346300750&CODE_STATE=getMsg HTTP/1.1" 200 27
180.156.212.250 - - [16/Jun/2022:10:22:03 +0800] "GET /xingrg/all/function/internal_message.html?_=1655346141620&CODE_STATE=getMsg HTTP/1.1" 200 27
58.35.194.53 - - [16/Jun/2022:10:22:04 +0800] "GET /xingrg/check_reg.html?_=1655346122091 HTTP/1.1" 200 22
101.83.223.227 - - [16/Jun/2022:10:22:05 +0800] "GET /xingrg/all/function/internal_message.html?_=1655346087640&CODE_STATE=getMsg HTTP/1.1" 200 27
180.169.147.146 - - [16/Jun/2022:10:22:05 +0800] "GET /xingrg/all/function/internal_message.html?_=1655346123621&CODE_STATE=getMsg HTTP/1.1" 200 27
218.81.223.53 - - [16/Jun/2022:10:22:09 +0800] "GET /xingrg/all/function/internal_message.html?_=1655346132334&CODE_STATE=getMsg HTTP/1.1" 200 27
180.156.212.250 - - [16/Jun/2022:10:22:11 +0800] "GET /xingrg/kc/buy/cgsh_order_operate.html?command=get_materiel&rest_code=00102&code=00102008041&supplier_code=00100151&order_time=2022-06-16 HTTP/1.1" 200 410
101.83.223.227 - - [16/Jun/2022:10:22:13 +0800] "GET /xingrg/all/function/internal_message.html?_=1655346131319&CODE_STATE=getMsg HTTP/1.1" 200 27
116.230.110.173 - - [16/Jun/2022:10:22:15 +0800] "GET /xingrg/all/function/internal_message.html?_=1655346131379&CODE_STATE=getMsg HTTP/1.1" 200 27
114.95.43.0 - - [16/Jun/2022:10:22:15 +0800] "GET /xingrg/all/function/internal_message.html?_=1655346135686&CODE_STATE=getMsg HTTP/1.1" 200 27
222.69.144.95 - - [16/Jun/2022:10:22:17 +0800] "GET /xingrg/check_reg.html?_=1655346166133 HTTP/1.1" 200 22
222.69.144.95 - - [16/Jun/2022:10:22:17 +0800] "GET /xingrg/all/function/internal_message.html?_=1655346166134&CODE_STATE=getMsg HTTP/1.1" 200 27
101.83.223.227 - - [16/Jun/2022:10:22:17 +0800] "GET /xingrg/all/function/internal_message.html?_=1655346099726&CODE_STATE=getMsg HTTP/1.1" 200 27
180.156.212.250 - - [16/Jun/2022:10:22:20 +0800] "GET /xingrg/all/function/internal_message.html?_=1655346208627&CODE_STATE=getMsg HTTP/1.1" 200 27
180.156.212.250 - - [16/Jun/2022:10:22:21 +0800] "GET /xingrg/kc/buy/cgsh_order_operate.html?command=get_materiel&rest_code=00102&code=00102008101&supplier_code=00100151&order_time=2022-06-16 HTTP/1.1" 200 414
120.253.135.82 - - [16/Jun/2022:10:22:23 +0800] "GET /xingrg/all/function/internal_message.html?_=1655346288045&CODE_STATE=getMsg HTTP/1.1" 200 27
116.232.33.218 - - [16/Jun/2022:10:22:26 +0800] "POST /xingrg/services/DataTransmitService HTTP/1.1" 200 524
180.156.212.250 - - [16/Jun/2022:10:22:28 +0800] "GET /xingrg/kc/buy/cgsh_order_operate.html?command=get_materiel&rest_code=00102&code=00102009648&supplier_code=00100151&order_time=2022-06-16 HTTP/1.1" 200 412
58.40.7.146 - - [16/Jun/2022:10:22:34 +0800] "GET /xingrg/all/function/internal_message.html?_=1655346152177&CODE_STATE=getMsg HTTP/1.1" 200 27
180.156.212.250 - - [16/Jun/2022:10:22:38 +0800] "GET /xingrg/kc/buy/cgsh_order_operate.html?command=get_materiel&rest_code=00102&code=00102009173&supplier_code=00100151&order_time=2022-06-16 HTTP/1.1" 200 422
114.84.82.172 - - [16/Jun/2022:10:22:39 +0800] "GET /xingrg/all/function/internal_message.html?_=1655346157737&CODE_STATE=getMsg HTTP/1.1" 200 27
114.95.43.0 - - [16/Jun/2022:10:22:43 +0800] "GET /xingrg/all/function/internal_message.html?_=1655346072119&CODE_STATE=getMsg HTTP/1.1" 200 27
114.95.43.0 - - [16/Jun/2022:10:22:43 +0800] "GET /xingrg/check_reg.html?_=1655346072168 HTTP/1.1" 200 22
58.40.7.146 - - [16/Jun/2022:10:22:44 +0800] "GET /xingrg/check_reg.html?_=1655346162727 HTTP/1.1" 200 22
58.35.194.53 - - [16/Jun/2022:10:23:02 +0800] "GET /xingrg/all/function/internal_message.html?_=1655346180765&CODE_STATE=getMsg HTTP/1.1" 200 27
116.235.92.88 - - [16/Jun/2022:10:23:03 +0800] "GET /xingrg/all/function/internal_message.html?_=1655346360749&CODE_STATE=getMsg HTTP/1.1" 200 27
180.156.212.250 - - [16/Jun/2022:10:23:03 +0800] "GET /xingrg/all/function/internal_message.html?_=1655346201629&CODE_STATE=getMsg HTTP/1.1" 200 27
101.83.223.227 - - [16/Jun/2022:10:23:05 +0800] "GET /xingrg/all/function/internal_message.html?_=1655346147655&CODE_STATE=getMsg HTTP/1.1" 200 27
180.169.147.146 - - [16/Jun/2022:10:23:05 +0800] "GET /xingrg/all/function/internal_message.html?_=1655346183629&CODE_STATE=getMsg HTTP/1.1" 200 27
218.81.223.53 - - [16/Jun/2022:10:23:07 +0800] "GET /xingrg/check_reg.html?_=1655346190582 HTTP/1.1" 200 22
218.81.223.53 - - [16/Jun/2022:10:23:09 +0800] "GET /xingrg/all/function/internal_message.html?_=1655346192348&CODE_STATE=getMsg HTTP/1.1" 200 27
101.83.223.227 - - [16/Jun/2022:10:23:09 +0800] "GET /favicon.ico HTTP/1.1" 404 -
180.156.212.250 - - [16/Jun/2022:10:23:12 +0800] "GET /xingrg/kc/buy/cgsh_order_operate.html?command=get_materiel&rest_code=00102&code=00102009147&supplier_code=00100151&order_time=2022-06-16 HTTP/1.1" 200 412
101.83.223.227 - - [16/Jun/2022:10:23:13 +0800] "GET /xingrg/all/function/internal_message.html?_=1655346191321&CODE_STATE=getMsg HTTP/1.1" 200 27
116.230.110.173 - - [16/Jun/2022:10:23:15 +0800] "GET /xingrg/all/function/internal_message.html?_=1655346191368&CODE_STATE=getMsg HTTP/1.1" 200 27
114.95.43.0 - - [16/Jun/2022:10:23:15 +0800] "GET /xingrg/all/function/internal_message.html?_=1655346195659&CODE_STATE=getMsg HTTP/1.1" 200 27
222.69.144.95 - - [16/Jun/2022:10:23:17 +0800] "GET /xingrg/all/function/internal_message.html?_=1655346226136&CODE_STATE=getMsg HTTP/1.1" 200 27
101.83.223.227 - - [16/Jun/2022:10:23:17 +0800] "GET /xingrg/all/function/internal_message.html?_=1655346159729&CODE_STATE=getMsg HTTP/1.1" 200 27
180.156.212.250 - - [16/Jun/2022:10:23:20 +0800] "GET /xingrg/all/function/internal_message.html?_=1655346268644&CODE_STATE=getMsg HTTP/1.1" 200 27
120.253.135.82 - - [16/Jun/2022:10:23:22 +0800] "GET /xingrg/check_reg.html?_=1655346346876 HTTP/1.1" 200 22
180.169.147.146 - - [16/Jun/2022:10:23:22 +0800] "POST /xingrg/kc/base/stock_operate.html HTTP/1.1" 200 3772
120.253.135.82 - - [16/Jun/2022:10:23:23 +0800] "GET /xingrg/all/function/internal_message.html?_=1655346348059&CODE_STATE=getMsg HTTP/1.1" 200 27
180.169.147.146 - - [16/Jun/2022:10:23:24 +0800] "GET /xingrg/kc/base/stock_detail.html?m=00101010310 HTTP/1.1" 200 7404
180.169.147.146 - - [16/Jun/2022:10:23:29 +0800] "GET /xingrg/kc/base/stock_operate.html?_=1655346207386&command=get_report_file&start_day=20220501 HTTP/1.1" 200 53
180.169.147.146 - - [16/Jun/2022:10:23:29 +0800] "GET /xingrg/all/report/report_query.html?isQuery=1&onlyBody=1&rh=2000&fileName=kc/base/kc_stock_detail_new.xml&queryString=(1=1)&queryText=&tableQueryString=init_table$sp1$$sp$crk_table$sp1$order_day%20between%2020220501%20and%2020220630&varString=start_day:20220501,materiel_code:00101010310,cost_id:3697,end_date:20220430 HTTP/1.1" 200 48701
180.169.147.146 - - [16/Jun/2022:10:23:29 +0800] "GET /xingrg/dwr/interface/AjaxReportQueryService.js HTTP/1.1" 200 13203
180.169.147.146 - - [16/Jun/2022:10:23:29 +0800] "GET /xingrg/dwr/engine.js HTTP/1.1" 200 43631
180.169.147.146 - - [16/Jun/2022:10:23:29 +0800] "POST /xingrg/all/report/load_report_page.html HTTP/1.1" 200 20236
180.169.147.146 - - [16/Jun/2022:10:23:30 +0800] "GET /xingrg/servlets/image?cache=0.8734632045093561&image=px HTTP/1.1" 200 807
180.156.212.250 - - [16/Jun/2022:10:23:30 +0800] "GET /xingrg/kc/buy/cgsh_order_operate.html?command=get_materiel&rest_code=00102&code=00102010690&supplier_code=00100151&order_time=2022-06-16 HTTP/1.1" 200 409
58.40.7.146 - - [16/Jun/2022:10:23:34 +0800] "GET /xingrg/all/function/internal_message.html?_=1655346212150&CODE_STATE=getMsg HTTP/1.1" 200 27
114.84.82.172 - - [16/Jun/2022:10:23:39 +0800] "GET /xingrg/all/function/internal_message.html?_=1655346217738&CODE_STATE=getMsg HTTP/1.1" 200 27
114.95.43.0 - - [16/Jun/2022:10:23:43 +0800] "GET /xingrg/all/function/internal_message.html?_=1655346132091&CODE_STATE=getMsg HTTP/1.1" 200 27
58.35.194.53 - - [16/Jun/2022:10:24:02 +0800] "GET /xingrg/all/function/internal_message.html?_=1655346240748&CODE_STATE=getMsg HTTP/1.1" 200 27
116.235.92.88 - - [16/Jun/2022:10:24:03 +0800] "GET /xingrg/all/function/internal_message.html?_=1655346420763&CODE_STATE=getMsg HTTP/1.1" 200 27
180.156.212.250 - - [16/Jun/2022:10:24:03 +0800] "GET /xingrg/all/function/internal_message.html?_=1655346261610&CODE_STATE=getMsg HTTP/1.1" 200 27
180.169.147.146 - - [16/Jun/2022:10:24:05 +0800] "GET /xingrg/check_reg.html?_=1655346243630 HTTP/1.1" 200 22
180.169.147.146 - - [16/Jun/2022:10:24:05 +0800] "GET /xingrg/all/function/internal_message.html?_=1655346243633&CODE_STATE=getMsg HTTP/1.1" 200 27
101.83.223.227 - - [16/Jun/2022:10:24:05 +0800] "GET /xingrg/all/function/internal_message.html?_=1655346207694&CODE_STATE=getMsg HTTP/1.1" 200 27
180.156.212.250 - - [16/Jun/2022:10:24:08 +0800] "GET /xingrg/kc/buy/cgsh_order_operate.html?command=get_materiel&rest_code=00102&code=00102011083&supplier_code=00100151&order_time=2022-06-16 HTTP/1.1" 200 410
218.81.223.53 - - [16/Jun/2022:10:24:09 +0800] "GET /xingrg/all/function/internal_message.html?_=1655346252362&CODE_STATE=getMsg HTTP/1.1" 200 27
120.253.135.82 - - [16/Jun/2022:10:24:12 +0800] "POST /xingrg/kc/pszx/mdps_list_operate.html HTTP/1.1" 200 5209
101.83.223.227 - - [16/Jun/2022:10:24:13 +0800] "GET /xingrg/check_reg.html?_=1655346251320 HTTP/1.1" 200 22
101.83.223.227 - - [16/Jun/2022:10:24:13 +0800] "GET /xingrg/all/function/internal_message.html?_=1655346251323&CODE_STATE=getMsg HTTP/1.1" 200 27
116.230.110.173 - - [16/Jun/2022:10:24:15 +0800] "GET /xingrg/all/function/internal_message.html?_=1655346251382&CODE_STATE=getMsg HTTP/1.1" 200 27
120.253.135.82 - - [16/Jun/2022:10:24:15 +0800] "POST /xingrg/kc/pszx/mdps_list_operate.html HTTP/1.1" 200 678
116.230.110.173 - - [16/Jun/2022:10:24:15 +0800] "GET /xingrg/check_reg.html?_=1655346251384 HTTP/1.1" 200 22
114.95.43.0 - - [16/Jun/2022:10:24:15 +0800] "GET /xingrg/all/function/internal_message.html?_=1655346255626&CODE_STATE=getMsg HTTP/1.1" 200 27
222.69.144.95 - - [16/Jun/2022:10:24:17 +0800] "GET /xingrg/all/function/internal_message.html?_=1655346286122&CODE_STATE=getMsg HTTP/1.1" 200 27
101.83.223.227 - - [16/Jun/2022:10:24:17 +0800] "GET /xingrg/all/function/internal_message.html?_=1655346219903&CODE_STATE=getMsg HTTP/1.1" 200 27
120.253.135.82 - - [16/Jun/2022:10:24:17 +0800] "POST /xingrg/kc/pszx/mdps_list_operate.html HTTP/1.1" 200 459
180.156.212.250 - - [16/Jun/2022:10:24:20 +0800] "GET /xingrg/check_reg.html?_=1655346327914 HTTP/1.1" 200 22
180.156.212.250 - - [16/Jun/2022:10:24:20 +0800] "GET /xingrg/all/function/internal_message.html?_=1655346328658&CODE_STATE=getMsg HTTP/1.1" 200 27
120.253.135.82 - - [16/Jun/2022:10:24:21 +0800] "GET /xingrg/kc/pszx/mdps_order_info.html?code=312022061600248 HTTP/1.1" 200 23976
120.253.135.82 - - [16/Jun/2022:10:24:21 +0800] "GET /xingrg/javascript/easyui/themes/default/validatebox.css HTTP/1.1" 404 1104
120.253.135.82 - - [16/Jun/2022:10:24:21 +0800] "POST /xingrg/kc/pszx/mdps_order_operate.html HTTP/1.1" 200 3806
120.253.135.82 - - [16/Jun/2022:10:24:23 +0800] "GET /xingrg/all/function/internal_message.html?_=1655346408073&CODE_STATE=getMsg HTTP/1.1" 200 27
58.40.7.146 - - [16/Jun/2022:10:24:34 +0800] "GET /xingrg/all/function/internal_message.html?_=1655346272121&CODE_STATE=getMsg HTTP/1.1" 200 27
114.84.82.172 - - [16/Jun/2022:10:24:39 +0800] "GET /xingrg/all/function/internal_message.html?_=1655346277723&CODE_STATE=getMsg HTTP/1.1" 200 27
114.84.82.172 - - [16/Jun/2022:10:24:39 +0800] "GET /xingrg/check_reg.html?_=1655346277882 HTTP/1.1" 200 22
114.95.43.0 - - [16/Jun/2022:10:24:43 +0800] "GET /xingrg/all/function/internal_message.html?_=1655346192076&CODE_STATE=getMsg HTTP/1.1" 200 27
180.156.212.250 - - [16/Jun/2022:10:24:43 +0800] "POST /xingrg/kc/buy/cgsh_order_operate.html HTTP/1.1" 200 37
180.156.212.250 - - [16/Jun/2022:10:24:45 +0800] "POST /xingrg/kc/buy/cgsh_order_operate.html HTTP/1.1" 200 6817
180.169.147.146 - - [16/Jun/2022:10:24:45 +0800] "GET /xingrg/javascript/easyui/themes/sunny/images/ui-bg_gloss-wave_70_ffdd57_500x100.png HTTP/1.1" 200 3830
180.156.212.250 - - [16/Jun/2022:10:24:48 +0800] "GET /xingrg/kc/buy/cgsh_order_add.html HTTP/1.1" 200 67614
58.35.194.53 - - [16/Jun/2022:10:24:48 +0800] "GET /xingrg/all/report/report_query.html?fileName=kc/buy/gys_amount.xml&rh=99999 HTTP/1.1" 200 52006
58.35.194.53 - - [16/Jun/2022:10:24:48 +0800] "GET /xingrg/dwr/interface/AjaxReportQueryService.js HTTP/1.1" 200 13203
58.35.194.53 - - [16/Jun/2022:10:24:48 +0800] "GET /xingrg/dwr/engine.js HTTP/1.1" 200 43631
58.35.194.53 - - [16/Jun/2022:10:24:48 +0800] "POST /xingrg/dwr/call/plaincall/AjaxReportQueryService.getFixDate.dwr HTTP/1.1" 200 111
180.156.212.250 - - [16/Jun/2022:10:24:48 +0800] "POST /xingrg/kc/buy/cgsh_order_operate.html HTTP/1.1" 200 8245
58.35.194.53 - - [16/Jun/2022:10:24:48 +0800] "POST /xingrg/all/common/load_tree.html?tree=supplier_tree_json&manage=1 HTTP/1.1" 200 67529
180.156.212.250 - - [16/Jun/2022:10:24:48 +0800] "GET /xingrg/javascript/easyui/themes/default/validatebox.css HTTP/1.1" 404 1104
58.35.194.53 - - [16/Jun/2022:10:24:49 +0800] "POST /xingrg/all/common/load_tree.html?tree=materiel_sort_tree_json HTTP/1.1" 200 9388
58.35.194.53 - - [16/Jun/2022:10:24:49 +0800] "POST /xingrg/dwr/call/plaincall/AjaxReportQueryService.getInitString.dwr HTTP/1.1" 200 1062
58.35.194.53 - - [16/Jun/2022:10:25:02 +0800] "GET /xingrg/all/function/internal_message.html?_=1655346300851&CODE_STATE=getMsg HTTP/1.1" 200 27
116.235.92.88 - - [16/Jun/2022:10:25:03 +0800] "GET /xingrg/check_reg.html?_=1655346480761 HTTP/1.1" 200 22
116.235.92.88 - - [16/Jun/2022:10:25:03 +0800] "GET /xingrg/all/function/internal_message.html?_=1655346480763&CODE_STATE=getMsg HTTP/1.1" 200 27
180.156.212.250 - - [16/Jun/2022:10:25:03 +0800] "GET /xingrg/all/function/internal_message.html?_=1655346321618&CODE_STATE=getMsg HTTP/1.1" 200 27
101.83.223.227 - - [16/Jun/2022:10:25:05 +0800] "GET /xingrg/all/function/internal_message.html?_=1655346267698&CODE_STATE=getMsg HTTP/1.1" 200 27
180.169.147.146 - - [16/Jun/2022:10:25:05 +0800] "GET /xingrg/all/function/internal_message.html?_=1655346303640&CODE_STATE=getMsg HTTP/1.1" 200 27
218.81.223.53 - - [16/Jun/2022:10:25:09 +0800] "GET /xingrg/all/function/internal_message.html?_=1655346312375&CODE_STATE=getMsg HTTP/1.1" 200 27
101.83.223.227 - - [16/Jun/2022:10:25:13 +0800] "GET /xingrg/all/function/internal_message.html?_=1655346311331&CODE_STATE=getMsg HTTP/1.1" 200 27
101.83.223.227 - - [16/Jun/2022:10:25:14 +0800] "GET /xingrg/check_reg.html?_=1655346276154 HTTP/1.1" 200 22
116.230.110.173 - - [16/Jun/2022:10:25:15 +0800] "GET /xingrg/all/function/internal_message.html?_=1655346311371&CODE_STATE=getMsg HTTP/1.1" 200 27
114.95.43.0 - - [16/Jun/2022:10:25:15 +0800] "GET /xingrg/all/function/internal_message.html?_=1655346315600&CODE_STATE=getMsg HTTP/1.1" 200 27
222.69.144.95 - - [16/Jun/2022:10:25:17 +0800] "GET /xingrg/all/function/internal_message.html?_=1655346346118&CODE_STATE=getMsg HTTP/1.1" 200 27
101.83.223.227 - - [16/Jun/2022:10:25:17 +0800] "GET /xingrg/all/function/internal_message.html?_=1655346279912&CODE_STATE=getMsg HTTP/1.1" 200 27
180.156.212.250 - - [16/Jun/2022:10:25:20 +0800] "GET /xingrg/all/function/internal_message.html?_=1655346388671&CODE_STATE=getMsg HTTP/1.1" 200 27
120.253.135.82 - - [16/Jun/2022:10:25:23 +0800] "GET /xingrg/all/function/internal_message.html?_=1655346468119&CODE_STATE=getMsg HTTP/1.1" 200 27
120.253.135.82 - - [16/Jun/2022:10:25:31 +0800] "POST /xingrg/kc/pszx/mdps_list_operate.html HTTP/1.1" 200 5209
58.40.7.146 - - [16/Jun/2022:10:25:34 +0800] "GET /xingrg/all/function/internal_message.html?_=1655346332094&CODE_STATE=getMsg HTTP/1.1" 200 27
120.253.135.82 - - [16/Jun/2022:10:25:36 +0800] "POST /xingrg/kc/pszx/mdps_list_operate.html HTTP/1.1" 200 214
120.253.135.82 - - [16/Jun/2022:10:25:37 +0800] "GET /xingrg/kc/pszx/mdps_order_info.html?code=312022061500242 HTTP/1.1" 200 23976
120.253.135.82 - - [16/Jun/2022:10:25:38 +0800] "POST /xingrg/kc/pszx/mdps_order_operate.html HTTP/1.1" 200 2303
120.253.135.82 - - [16/Jun/2022:10:25:38 +0800] "GET /xingrg/javascript/easyui/themes/default/validatebox.css HTTP/1.1" 404 1104
114.84.82.172 - - [16/Jun/2022:10:25:39 +0800] "GET /xingrg/all/function/internal_message.html?_=1655346337726&CODE_STATE=getMsg HTTP/1.1" 200 27
120.253.135.82 - - [16/Jun/2022:10:25:41 +0800] "POST /xingrg/kc/pszx/mdps_list_operate.html HTTP/1.1" 200 5209
120.253.135.82 - - [16/Jun/2022:10:25:42 +0800] "POST /xingrg/kc/pszx/mdps_list_operate.html HTTP/1.1" 200 214
120.253.135.82 - - [16/Jun/2022:10:25:42 +0800] "GET /xingrg/kc/pszx/mdps_order_info.html?code=312022061500242 HTTP/1.1" 200 23976
120.253.135.82 - - [16/Jun/2022:10:25:43 +0800] "POST /xingrg/kc/pszx/mdps_order_operate.html HTTP/1.1" 200 2303
120.253.135.82 - - [16/Jun/2022:10:25:43 +0800] "GET /xingrg/javascript/easyui/themes/default/validatebox.css HTTP/1.1" 404 1104
114.95.43.0 - - [16/Jun/2022:10:25:43 +0800] "GET /xingrg/all/function/internal_message.html?_=1655346252061&CODE_STATE=getMsg HTTP/1.1" 200 27
120.253.135.82 - - [16/Jun/2022:10:25:53 +0800] "POST /xingrg/kc/pszx/mdps_list_operate.html HTTP/1.1" 200 5209
120.253.135.82 - - [16/Jun/2022:10:25:54 +0800] "POST /xingrg/kc/pszx/mdps_list_operate.html HTTP/1.1" 200 361
120.253.135.82 - - [16/Jun/2022:10:25:54 +0800] "GET /xingrg/kc/pszx/mdps_order_info.html?code=312022061500243 HTTP/1.1" 200 23976
120.253.135.82 - - [16/Jun/2022:10:25:54 +0800] "POST /xingrg/kc/pszx/mdps_order_operate.html HTTP/1.1" 200 3273
120.253.135.82 - - [16/Jun/2022:10:25:54 +0800] "GET /xingrg/javascript/easyui/themes/default/validatebox.css HTTP/1.1" 404 1104
58.35.194.53 - - [16/Jun/2022:10:26:02 +0800] "GET /xingrg/all/function/internal_message.html?_=1655346360712&CODE_STATE=getMsg HTTP/1.1" 200 27
116.235.92.88 - - [16/Jun/2022:10:26:03 +0800] "GET /xingrg/all/function/internal_message.html?_=1655346540762&CODE_STATE=getMsg HTTP/1.1" 200 27
180.156.212.250 - - [16/Jun/2022:10:26:03 +0800] "GET /xingrg/check_reg.html?_=1655346381619 HTTP/1.1" 200 22
180.156.212.250 - - [16/Jun/2022:10:26:03 +0800] "GET /xingrg/all/function/internal_message.html?_=1655346381622&CODE_STATE=getMsg HTTP/1.1" 200 27
180.169.147.146 - - [16/Jun/2022:10:26:05 +0800] "GET /xingrg/all/function/internal_message.html?_=1655346363642&CODE_STATE=getMsg HTTP/1.1" 200 27
101.83.223.227 - - [16/Jun/2022:10:26:05 +0800] "GET /xingrg/all/function/internal_message.html?_=1655346327724&CODE_STATE=getMsg HTTP/1.1" 200 27
218.81.223.53 - - [16/Jun/2022:10:26:09 +0800] "GET /xingrg/all/function/internal_message.html?_=1655346372401&CODE_STATE=getMsg HTTP/1.1" 200 27
101.83.223.227 - - [16/Jun/2022:10:26:13 +0800] "GET /xingrg/all/function/internal_message.html?_=1655346371337&CODE_STATE=getMsg HTTP/1.1" 200 27
116.230.110.173 - - [16/Jun/2022:10:26:15 +0800] "GET /xingrg/all/function/internal_message.html?_=1655346371378&CODE_STATE=getMsg HTTP/1.1" 200 27
114.95.43.0 - - [16/Jun/2022:10:26:15 +0800] "GET /xingrg/all/function/internal_message.html?_=1655346375581&CODE_STATE=getMsg HTTP/1.1" 200 27
222.69.144.95 - - [16/Jun/2022:10:26:17 +0800] "GET /xingrg/all/function/internal_message.html?_=1655346406116&CODE_STATE=getMsg HTTP/1.1" 200 27
101.83.223.227 - - [16/Jun/2022:10:26:17 +0800] "GET /xingrg/all/function/internal_message.html?_=1655346339925&CODE_STATE=getMsg HTTP/1.1" 200 27
101.83.223.227 - - [16/Jun/2022:10:26:17 +0800] "POST /xingrg/services/DataTransmitService HTTP/1.1" 200 524
180.156.212.250 - - [16/Jun/2022:10:26:20 +0800] "GET /xingrg/all/function/internal_message.html?_=1655346448685&CODE_STATE=getMsg HTTP/1.1" 200 27
120.253.135.82 - - [16/Jun/2022:10:26:23 +0800] "GET /xingrg/all/function/internal_message.html?_=1655346528172&CODE_STATE=getMsg HTTP/1.1" 200 27
58.40.7.146 - - [16/Jun/2022:10:26:34 +0800] "GET /xingrg/all/function/internal_message.html?_=1655346392064&CODE_STATE=getMsg HTTP/1.1" 200 27
114.95.43.0 - - [16/Jun/2022:10:26:38 +0800] "GET /xingrg/check_reg.html?_=1655346398596 HTTP/1.1" 200 22
114.84.82.172 - - [16/Jun/2022:10:26:39 +0800] "GET /xingrg/all/function/internal_message.html?_=1655346397726&CODE_STATE=getMsg HTTP/1.1" 200 27
114.95.43.0 - - [16/Jun/2022:10:26:43 +0800] "GET /xingrg/all/function/internal_message.html?_=1655346312046&CODE_STATE=getMsg HTTP/1.1" 200 27
120.253.135.82 - - [16/Jun/2022:10:26:43 +0800] "POST /xingrg/kc/pszx/mdps_list_operate.html HTTP/1.1" 200 5209
101.83.223.227 - - [16/Jun/2022:10:26:44 +0800] "GET /xingrg/check_reg.html?_=1655346367088 HTTP/1.1" 200 22
180.169.147.146 - - [16/Jun/2022:10:26:56 +0800] "GET /xingrg/check_reg.html?_=1655346416798 HTTP/1.1" 200 22
58.35.194.53 - - [16/Jun/2022:10:27:02 +0800] "GET /xingrg/all/function/internal_message.html?_=1655346420691&CODE_STATE=getMsg HTTP/1.1" 200 27
116.235.92.88 - - [16/Jun/2022:10:27:03 +0800] "GET /xingrg/all/function/internal_message.html?_=1655346600773&CODE_STATE=getMsg HTTP/1.1" 200 27
180.156.212.250 - - [16/Jun/2022:10:27:03 +0800] "GET /xingrg/all/function/internal_message.html?_=1655346441622&CODE_STATE=getMsg HTTP/1.1" 200 27
58.35.194.53 - - [16/Jun/2022:10:27:04 +0800] "GET /xingrg/check_reg.html?_=1655346422098 HTTP/1.1" 200 22
180.169.147.146 - - [16/Jun/2022:10:27:05 +0800] "GET /xingrg/all/function/internal_message.html?_=1655346423631&CODE_STATE=getMsg HTTP/1.1" 200 27
101.83.223.227 - - [16/Jun/2022:10:27:05 +0800] "GET /xingrg/all/function/internal_message.html?_=1655346387725&CODE_STATE=getMsg HTTP/1.1" 200 27
120.253.135.82 - - [16/Jun/2022:10:27:07 +0800] "POST /xingrg/kc/pszx/mdps_list_operate.html HTTP/1.1" 200 4909
218.81.223.53 - - [16/Jun/2022:10:27:09 +0800] "GET /xingrg/all/function/internal_message.html?_=1655346432419&CODE_STATE=getMsg HTTP/1.1" 200 27
120.253.135.82 - - [16/Jun/2022:10:27:11 +0800] "POST /xingrg/kc/pszx/mdps_list_operate.html HTTP/1.1" 200 205
120.253.135.82 - - [16/Jun/2022:10:27:13 +0800] "POST /xingrg/kc/pszx/mdps_list_operate.html HTTP/1.1" 200 201
101.83.223.227 - - [16/Jun/2022:10:27:13 +0800] "GET /xingrg/all/function/internal_message.html?_=1655346431324&CODE_STATE=getMsg HTTP/1.1" 200 27
116.230.110.173 - - [16/Jun/2022:10:27:15 +0800] "GET /xingrg/all/function/internal_message.html?_=1655346431369&CODE_STATE=getMsg HTTP/1.1" 200 27
114.95.43.0 - - [16/Jun/2022:10:27:15 +0800] "GET /xingrg/all/function/internal_message.html?_=1655346435561&CODE_STATE=getMsg HTTP/1.1" 200 27
120.253.135.82 - - [16/Jun/2022:10:27:16 +0800] "POST /xingrg/kc/pszx/mdps_list_operate.html HTTP/1.1" 200 519
222.69.144.95 - - [16/Jun/2022:10:27:17 +0800] "GET /xingrg/all/function/internal_message.html?_=1655346466121&CODE_STATE=getMsg HTTP/1.1" 200 27
222.69.144.95 - - [16/Jun/2022:10:27:17 +0800] "GET /xingrg/check_reg.html?_=1655346466123 HTTP/1.1" 200 22
101.83.223.227 - - [16/Jun/2022:10:27:18 +0800] "GET /xingrg/all/function/internal_message.html?_=1655346400113&CODE_STATE=getMsg HTTP/1.1" 200 27
120.253.135.82 - - [16/Jun/2022:10:27:19 +0800] "GET /xingrg/kc/pszx/mdps_order_info.html?code=312022060600125 HTTP/1.1" 200 23972
120.253.135.82 - - [16/Jun/2022:10:27:19 +0800] "POST /xingrg/kc/pszx/mdps_order_operate.html HTTP/1.1" 200 4229
120.253.135.82 - - [16/Jun/2022:10:27:19 +0800] "GET /xingrg/javascript/easyui/themes/default/validatebox.css HTTP/1.1" 404 1104
180.156.212.250 - - [16/Jun/2022:10:27:20 +0800] "GET /xingrg/all/function/internal_message.html?_=1655346508788&CODE_STATE=getMsg HTTP/1.1" 200 27
120.253.135.82 - - [16/Jun/2022:10:27:28 +0800] "GET /xingrg/all/function/internal_message.html?_=1655346593842&CODE_STATE=getMsg HTTP/1.1" 200 27
120.253.135.82 - - [16/Jun/2022:10:27:29 +0800] "POST /xingrg/kc/pszx/mdps_order_operate.html HTTP/1.1" 200 37
58.40.7.146 - - [16/Jun/2022:10:27:34 +0800] "GET /xingrg/all/function/internal_message.html?_=1655346452053&CODE_STATE=getMsg HTTP/1.1" 200 27
120.253.135.82 - - [16/Jun/2022:10:27:35 +0800] "GET /xingrg/kc/pszx/mdps_order_info.html?code=312022060600125 HTTP/1.1" 200 23972
120.253.135.82 - - [16/Jun/2022:10:27:35 +0800] "POST /xingrg/kc/pszx/mdps_order_operate.html HTTP/1.1" 200 3272
120.253.135.82 - - [16/Jun/2022:10:27:35 +0800] "GET /xingrg/javascript/easyui/themes/default/validatebox.css HTTP/1.1" 404 1104
114.84.82.172 - - [16/Jun/2022:10:27:39 +0800] "GET /xingrg/all/function/internal_message.html?_=1655346457726&CODE_STATE=getMsg HTTP/1.1" 200 27
114.95.43.0 - - [16/Jun/2022:10:27:43 +0800] "GET /xingrg/all/function/internal_message.html?_=1655346372032&CODE_STATE=getMsg HTTP/1.1" 200 27
114.95.43.0 - - [16/Jun/2022:10:27:43 +0800] "GET /xingrg/check_reg.html?_=1655346372159 HTTP/1.1" 200 22
58.40.7.146 - - [16/Jun/2022:10:27:44 +0800] "GET /xingrg/check_reg.html?_=1655346462712 HTTP/1.1" 200 22
120.253.135.82 - - [16/Jun/2022:10:27:49 +0800] "POST /xingrg/kc/pszx/mdps_order_operate.html HTTP/1.1" 200 37
120.253.135.82 - - [16/Jun/2022:10:27:51 +0800] "GET /xingrg/kc/pszx/mdps_order_info.html?code=312022060600125 HTTP/1.1" 200 23972
120.253.135.82 - - [16/Jun/2022:10:27:51 +0800] "POST /xingrg/kc/pszx/mdps_order_operate.html HTTP/1.1" 200 3272
120.253.135.82 - - [16/Jun/2022:10:27:51 +0800] "GET /xingrg/javascript/easyui/themes/default/validatebox.css HTTP/1.1" 404 1104
120.253.135.82 - - [16/Jun/2022:10:27:54 +0800] "POST /xingrg/kc/pszx/mdps_list_operate.html HTTP/1.1" 200 4909
120.253.135.82 - - [16/Jun/2022:10:27:58 +0800] "POST /xingrg/kc/pszx/mdps_list_operate.html HTTP/1.1" 200 451
120.253.135.82 - - [16/Jun/2022:10:28:01 +0800] "POST /xingrg/kc/pszx/mdps_list_operate.html HTTP/1.1" 200 295
58.35.194.53 - - [16/Jun/2022:10:28:02 +0800] "GET /xingrg/all/function/internal_message.html?_=1655346480661&CODE_STATE=getMsg HTTP/1.1" 200 27
120.253.135.82 - - [16/Jun/2022:10:28:03 +0800] "GET /xingrg/kc/pszx/mdps_order_info.html?code=312022061200206 HTTP/1.1" 200 23978
116.235.92.88 - - [16/Jun/2022:10:28:03 +0800] "GET /xingrg/all/function/internal_message.html?_=1655346660788&CODE_STATE=getMsg HTTP/1.1" 200 27
120.253.135.82 - - [16/Jun/2022:10:28:03 +0800] "POST /xingrg/kc/pszx/mdps_order_operate.html HTTP/1.1" 200 2795
120.253.135.82 - - [16/Jun/2022:10:28:03 +0800] "GET /xingrg/javascript/easyui/themes/default/validatebox.css HTTP/1.1" 404 1104
180.156.212.250 - - [16/Jun/2022:10:28:03 +0800] "GET /xingrg/all/function/internal_message.html?_=1655346501621&CODE_STATE=getMsg HTTP/1.1" 200 27
180.169.147.146 - - [16/Jun/2022:10:28:05 +0800] "GET /xingrg/all/function/internal_message.html?_=1655346483632&CODE_STATE=getMsg HTTP/1.1" 200 27
101.83.223.227 - - [16/Jun/2022:10:28:05 +0800] "GET /xingrg/all/function/internal_message.html?_=1655346447738&CODE_STATE=getMsg HTTP/1.1" 200 27
218.81.223.53 - - [16/Jun/2022:10:28:07 +0800] "GET /xingrg/check_reg.html?_=1655346490603 HTTP/1.1" 200 22
218.81.223.53 - - [16/Jun/2022:10:28:09 +0800] "GET /xingrg/all/function/internal_message.html?_=1655346492432&CODE_STATE=getMsg HTTP/1.1" 200 27
101.83.223.227 - - [16/Jun/2022:10:28:13 +0800] "GET /xingrg/all/function/internal_message.html?_=1655346491324&CODE_STATE=getMsg HTTP/1.1" 200 27
116.230.110.173 - - [16/Jun/2022:10:28:15 +0800] "GET /xingrg/all/function/internal_message.html?_=1655346491385&CODE_STATE=getMsg HTTP/1.1" 200 27
114.95.43.0 - - [16/Jun/2022:10:28:15 +0800] "GET /xingrg/all/function/internal_message.html?_=1655346495530&CODE_STATE=getMsg HTTP/1.1" 200 27
222.69.144.95 - - [16/Jun/2022:10:28:17 +0800] "GET /xingrg/all/function/internal_message.html?_=1655346526123&CODE_STATE=getMsg HTTP/1.1" 200 27
101.83.223.227 - - [16/Jun/2022:10:28:18 +0800] "GET /xingrg/all/function/internal_message.html?_=1655346460125&CODE_STATE=getMsg HTTP/1.1" 200 27
180.156.212.250 - - [16/Jun/2022:10:28:20 +0800] "GET /xingrg/all/function/internal_message.html?_=1655346568790&CODE_STATE=getMsg HTTP/1.1" 200 27
120.253.135.82 - - [16/Jun/2022:10:28:22 +0800] "GET /xingrg/check_reg.html?_=1655346646916 HTTP/1.1" 200 22
120.253.135.82 - - [16/Jun/2022:10:28:29 +0800] "GET /xingrg/all/function/internal_message.html?_=1655346653852&CODE_STATE=getMsg HTTP/1.1" 200 27
120.253.135.82 - - [16/Jun/2022:10:28:30 +0800] "POST /xingrg/kc/pszx/mdps_list_operate.html HTTP/1.1" 200 4909
58.40.7.146 - - [16/Jun/2022:10:28:34 +0800] "GET /xingrg/all/function/internal_message.html?_=1655346512027&CODE_STATE=getMsg HTTP/1.1" 200 27
120.253.135.82 - - [16/Jun/2022:10:28:34 +0800] "POST /xingrg/kc/pszx/mdps_list_operate.html HTTP/1.1" 200 209
120.253.135.82 - - [16/Jun/2022:10:28:36 +0800] "POST /xingrg/kc/pszx/mdps_list_operate.html HTTP/1.1" 200 397
120.253.135.82 - - [16/Jun/2022:10:28:38 +0800] "GET /xingrg/kc/pszx/mdps_order_info.html?code=312022061300218 HTTP/1.1" 200 23978
120.253.135.82 - - [16/Jun/2022:10:28:38 +0800] "POST /xingrg/kc/pszx/mdps_order_operate.html HTTP/1.1" 200 3329
120.253.135.82 - - [16/Jun/2022:10:28:38 +0800] "GET /xingrg/javascript/easyui/themes/default/validatebox.css HTTP/1.1" 404 1104
114.84.82.172 - - [16/Jun/2022:10:28:39 +0800] "GET /xingrg/all/function/internal_message.html?_=1655346517726&CODE_STATE=getMsg HTTP/1.1" 200 27
114.95.43.0 - - [16/Jun/2022:10:28:43 +0800] "GET /xingrg/all/function/internal_message.html?_=1655346432003&CODE_STATE=getMsg HTTP/1.1" 200 27
120.253.135.82 - - [16/Jun/2022:10:28:49 +0800] "POST /xingrg/kc/pszx/mdps_order_operate.html HTTP/1.1" 200 37
120.253.135.82 - - [16/Jun/2022:10:28:50 +0800] "GET /xingrg/kc/pszx/mdps_order_info.html?code=312022061300218 HTTP/1.1" 200 23978
120.253.135.82 - - [16/Jun/2022:10:28:50 +0800] "POST /xingrg/kc/pszx/mdps_order_operate.html HTTP/1.1" 200 2811
120.253.135.82 - - [16/Jun/2022:10:28:50 +0800] "GET /xingrg/javascript/easyui/themes/default/validatebox.css HTTP/1.1" 404 1104
120.253.135.82 - - [16/Jun/2022:10:28:54 +0800] "POST /xingrg/kc/pszx/mdps_list_operate.html HTTP/1.1" 200 4909
120.253.135.82 - - [16/Jun/2022:10:28:57 +0800] "POST /xingrg/kc/pszx/mdps_list_operate.html HTTP/1.1" 200 306
58.35.210.91 - - [16/Jun/2022:10:29:01 +0800] "POST /xingrg/services/DataTransmitService HTTP/1.1" 200 524
120.253.135.82 - - [16/Jun/2022:10:29:01 +0800] "GET /xingrg/kc/pszx/mdps_order_info.html?code=312022061300218 HTTP/1.1" 200 23978
120.253.135.82 - - [16/Jun/2022:10:29:01 +0800] "POST /xingrg/kc/pszx/mdps_order_operate.html HTTP/1.1" 200 2811
120.253.135.82 - - [16/Jun/2022:10:29:01 +0800] "GET /xingrg/javascript/easyui/themes/default/validatebox.css HTTP/1.1" 404 1104
58.35.194.53 - - [16/Jun/2022:10:29:02 +0800] "GET /xingrg/all/function/internal_message.html?_=1655346540646&CODE_STATE=getMsg HTTP/1.1" 200 27
116.235.92.88 - - [16/Jun/2022:10:29:03 +0800] "GET /xingrg/all/function/internal_message.html?_=1655346720786&CODE_STATE=getMsg HTTP/1.1" 200 27
180.156.212.250 - - [16/Jun/2022:10:29:03 +0800] "GET /xingrg/all/function/internal_message.html?_=1655346561621&CODE_STATE=getMsg HTTP/1.1" 200 27
180.169.147.146 - - [16/Jun/2022:10:29:05 +0800] "GET /xingrg/all/function/internal_message.html?_=1655346543650&CODE_STATE=getMsg HTTP/1.1" 200 27
180.169.147.146 - - [16/Jun/2022:10:29:05 +0800] "GET /xingrg/check_reg.html?_=1655346543654 HTTP/1.1" 200 22
101.83.223.227 - - [16/Jun/2022:10:29:05 +0800] "GET /xingrg/all/function/internal_message.html?_=1655346507776&CODE_STATE=getMsg HTTP/1.1" 200 27
218.81.223.53 - - [16/Jun/2022:10:29:09 +0800] "GET /xingrg/all/function/internal_message.html?_=1655346552445&CODE_STATE=getMsg HTTP/1.1" 200 27
101.83.223.227 - - [16/Jun/2022:10:29:13 +0800] "GET /xingrg/all/function/internal_message.html?_=1655346551323&CODE_STATE=getMsg HTTP/1.1" 200 27
101.83.223.227 - - [16/Jun/2022:10:29:13 +0800] "GET /xingrg/check_reg.html?_=1655346551326 HTTP/1.1" 200 22
116.230.110.173 - - [16/Jun/2022:10:29:15 +0800] "GET /xingrg/check_reg.html?_=1655346551366 HTTP/1.1" 200 22
116.230.110.173 - - [16/Jun/2022:10:29:15 +0800] "GET /xingrg/all/function/internal_message.html?_=1655346551367&CODE_STATE=getMsg HTTP/1.1" 200 27
114.95.43.0 - - [16/Jun/2022:10:29:15 +0800] "GET /xingrg/all/function/internal_message.html?_=1655346555505&CODE_STATE=getMsg HTTP/1.1" 200 27
222.69.144.95 - - [16/Jun/2022:10:29:17 +0800] "GET /xingrg/all/function/internal_message.html?_=1655346586119&CODE_STATE=getMsg HTTP/1.1" 200 27
101.83.223.227 - - [16/Jun/2022:10:29:18 +0800] "GET /xingrg/all/function/internal_message.html?_=1655346520295&CODE_STATE=getMsg HTTP/1.1" 200 27
120.253.135.82 - - [16/Jun/2022:10:29:18 +0800] "POST /xingrg/kc/pszx/mdps_list_operate.html HTTP/1.1" 200 4909
180.156.212.250 - - [16/Jun/2022:10:29:20 +0800] "GET /xingrg/check_reg.html?_=1655346627997 HTTP/1.1" 200 22
180.156.212.250 - - [16/Jun/2022:10:29:20 +0800] "GET /xingrg/all/function/internal_message.html?_=1655346628804&CODE_STATE=getMsg HTTP/1.1" 200 27
120.253.135.82 - - [16/Jun/2022:10:29:21 +0800] "POST /xingrg/kc/pszx/mdps_list_operate.html HTTP/1.1" 200 209
120.253.135.82 - - [16/Jun/2022:10:29:23 +0800] "GET /xingrg/kc/pszx/mdps_order_info.html?code=312022061300229 HTTP/1.1" 200 23986
120.253.135.82 - - [16/Jun/2022:10:29:23 +0800] "GET /xingrg/javascript/easyui/themes/default/validatebox.css HTTP/1.1" 404 1104
120.253.135.82 - - [16/Jun/2022:10:29:23 +0800] "POST /xingrg/kc/pszx/mdps_order_operate.html HTTP/1.1" 200 2292
120.253.135.82 - - [16/Jun/2022:10:29:26 +0800] "POST /xingrg/kc/pszx/mdps_list_operate.html HTTP/1.1" 200 4909
120.253.135.82 - - [16/Jun/2022:10:29:28 +0800] "GET /xingrg/all/function/internal_message.html?_=1655346713866&CODE_STATE=getMsg HTTP/1.1" 200 27
120.253.135.82 - - [16/Jun/2022:10:29:29 +0800] "POST /xingrg/kc/pszx/mdps_list_operate.html HTTP/1.1" 200 213
120.253.135.82 - - [16/Jun/2022:10:29:29 +0800] "GET /xingrg/kc/pszx/mdps_order_info.html?code=312022061300228 HTTP/1.1" 200 23982
120.253.135.82 - - [16/Jun/2022:10:29:29 +0800] "POST /xingrg/kc/pszx/mdps_order_operate.html HTTP/1.1" 200 2299
120.253.135.82 - - [16/Jun/2022:10:29:29 +0800] "GET /xingrg/javascript/easyui/themes/default/validatebox.css HTTP/1.1" 404 1104
180.169.147.146 - - [16/Jun/2022:10:29:31 +0800] "POST /xingrg/all/user/operate.html HTTP/1.1" 200 36
180.169.147.146 - - [16/Jun/2022:10:29:31 +0800] "GET /xingrg/index.html?sysBaseUrl=http%3A%2F%2F180.169.147.146%3A18081%2Fxingrg%2F&costTime=39×tamp=1655345623800 HTTP/1.1" 200 17503
180.169.147.146 - - [16/Jun/2022:10:29:31 +0800] "GET /xingrg/javascript/jquery_easy_ui/themes/default/easyui.css HTTP/1.1" 304 -
180.169.147.146 - - [16/Jun/2022:10:29:31 +0800] "GET /xingrg/javascript/jquery_easy_ui/themes/icon.css HTTP/1.1" 304 -
180.169.147.146 - - [16/Jun/2022:10:29:31 +0800] "GET /xingrg/css/form.css HTTP/1.1" 304 -
180.169.147.146 - - [16/Jun/2022:10:29:31 +0800] "GET /xingrg/javascript/jquery-1.4.2.min.js HTTP/1.1" 304 -
180.169.147.146 - - [16/Jun/2022:10:29:31 +0800] "GET /xingrg/javascript/jquery_easy_ui/jquery.easyui.min.js HTTP/1.1" 304 -
180.169.147.146 - - [16/Jun/2022:10:29:31 +0800] "GET /xingrg/javascript/jquery_easy_ui/easyui-lang-zh_CN.js HTTP/1.1" 304 -
180.169.147.146 - - [16/Jun/2022:10:29:31 +0800] "GET /xingrg/javascript/jquery.form.js HTTP/1.1" 304 -
180.169.147.146 - - [16/Jun/2022:10:29:31 +0800] "GET /xingrg/javascript/jquery.utils.js HTTP/1.1" 304 -
180.169.147.146 - - [16/Jun/2022:10:29:31 +0800] "GET /xingrg/javascript/jquery.timers.js HTTP/1.1" 304 -
180.169.147.146 - - [16/Jun/2022:10:29:31 +0800] "GET /xingrg/images/blue/jxLogo.png HTTP/1.1" 304 -
180.169.147.146 - - [16/Jun/2022:10:29:31 +0800] "GET /xingrg/javascript/jquery_easy_ui/themes/icons/settle_new.png HTTP/1.1" 304 -
180.169.147.146 - - [16/Jun/2022:10:29:31 +0800] "GET /xingrg/images/blue/navBackgound.jpg HTTP/1.1" 304 -
180.169.147.146 - - [16/Jun/2022:10:29:31 +0800] "POST /xingrg/all/common/load_tree.html?tree=area_rest_tree_json&manage=1 HTTP/1.1" 200 3472
180.169.147.146 - - [16/Jun/2022:10:29:31 +0800] "GET /xingrg/all/function/internal_message.html?_=1655346570016&CODE_STATE=count HTTP/1.1" 200 11
180.169.147.146 - - [16/Jun/2022:10:29:31 +0800] "POST /xingrg/load_menu.html HTTP/1.1" 200 9959
180.169.147.146 - - [16/Jun/2022:10:29:31 +0800] "GET /xingrg/check_reg.html?_=1655346570018 HTTP/1.1" 200 22
180.169.147.146 - - [16/Jun/2022:10:29:32 +0800] "GET /xingrg/javascript/jquery_easy_ui/themes/default/images/tabs_leftarrow.png HTTP/1.1" 304 -
180.169.147.146 - - [16/Jun/2022:10:29:32 +0800] "GET /xingrg/images/blue/pingpu.png HTTP/1.1" 304 -
180.169.147.146 - - [16/Jun/2022:10:29:32 +0800] "GET /xingrg/javascript/jquery_easy_ui/themes/default/images/tabs_rightarrow.png HTTP/1.1" 304 -
180.169.147.146 - - [16/Jun/2022:10:29:32 +0800] "GET /xingrg/javascript/jquery_easy_ui/themes/default/images/panel_tool_expand.gif HTTP/1.1" 304 -
180.169.147.146 - - [16/Jun/2022:10:29:32 +0800] "GET /xingrg/javascript/jquery_easy_ui/themes/default/images/panel_tool_collapse.gif HTTP/1.1" 304 -
180.169.147.146 - - [16/Jun/2022:10:29:32 +0800] "GET /xingrg/javascript/jquery_easy_ui/themes/icons/forms_new.png HTTP/1.1" 304 -
180.169.147.146 - - [16/Jun/2022:10:29:32 +0800] "GET /xingrg/javascript/jquery_easy_ui/themes/icons/storage_new.png HTTP/1.1" 304 -
180.169.147.146 - - [16/Jun/2022:10:29:32 +0800] "GET /xingrg/javascript/jquery_easy_ui/themes/icons/systemset_new.png HTTP/1.1" 304 -
180.169.147.146 - - [16/Jun/2022:10:29:32 +0800] "GET /xingrg/javascript/jquery_easy_ui/themes/icons/checkout_new.png HTTP/1.1" 304 -
180.169.147.146 - - [16/Jun/2022:10:29:32 +0800] "GET /xingrg/javascript/jquery_easy_ui/themes/icons/search_new.png HTTP/1.1" 304 -
180.169.147.146 - - [16/Jun/2022:10:29:32 +0800] "GET /xingrg/javascript/jquery_easy_ui/themes/icons/setting_new.png HTTP/1.1" 304 -
180.169.147.146 - - [16/Jun/2022:10:29:32 +0800] "GET /xingrg/javascript/jquery_easy_ui/themes/default/images/tree_folder.gif HTTP/1.1" 304 -
180.169.147.146 - - [16/Jun/2022:10:29:32 +0800] "GET /xingrg/javascript/jquery_easy_ui/themes/default/images/tree_file.gif HTTP/1.1" 304 -
180.169.147.146 - - [16/Jun/2022:10:29:32 +0800] "GET /xingrg/javascript/jquery_easy_ui/themes/default/images/tree_folder_open.gif HTTP/1.1" 304 -
180.169.147.146 - - [16/Jun/2022:10:29:32 +0800] "GET /xingrg/javascript/jquery_easy_ui/themes/default/images/tree_arrows.gif HTTP/1.1" 304 -
58.40.7.146 - - [16/Jun/2022:10:29:34 +0800] "GET /xingrg/all/function/internal_message.html?_=1655346571999&CODE_STATE=getMsg HTTP/1.1" 200 27
180.169.147.146 - - [16/Jun/2022:10:29:34 +0800] "GET /xingrg/kc/base/check_order_list.html HTTP/1.1" 200 16522
180.169.147.146 - - [16/Jun/2022:10:29:34 +0800] "POST /xingrg/kc/base/check_list_operate.html HTTP/1.1" 200 1557
114.84.82.172 - - [16/Jun/2022:10:29:35 +0800] "POST /xingrg/services/DataTransmitService HTTP/1.1" 200 524
180.169.147.146 - - [16/Jun/2022:10:29:39 +0800] "GET /xingrg/kc/buy/cgsh_order_list.html HTTP/1.1" 200 52087
114.84.82.172 - - [16/Jun/2022:10:29:39 +0800] "GET /xingrg/all/function/internal_message.html?_=1655346577728&CODE_STATE=getMsg HTTP/1.1" 200 27
114.84.82.172 - - [16/Jun/2022:10:29:39 +0800] "GET /xingrg/check_reg.html?_=1655346577856 HTTP/1.1" 200 22
180.169.147.146 - - [16/Jun/2022:10:29:41 +0800] "POST /xingrg/kc/buy/cgsh_list_operate.html HTTP/1.1" 200 1437
114.95.43.0 - - [16/Jun/2022:10:29:43 +0800] "GET /xingrg/all/function/internal_message.html?_=1655346491988&CODE_STATE=getMsg HTTP/1.1" 200 27
120.253.135.82 - - [16/Jun/2022:10:29:46 +0800] "POST /xingrg/kc/pszx/mdps_list_operate.html HTTP/1.1" 200 4909
180.169.147.146 - - [16/Jun/2022:10:29:49 +0800] "POST /xingrg/kc/buy/cgsh_list_operate.html HTTP/1.1" 200 4820
180.169.147.146 - - [16/Jun/2022:10:29:57 +0800] "POST /xingrg/kc/buy/cgsh_list_operate.html HTTP/1.1" 200 4970
58.35.194.53 - - [16/Jun/2022:10:30:02 +0800] "GET /xingrg/all/function/internal_message.html?_=1655346600632&CODE_STATE=getMsg HTTP/1.1" 200 27
116.235.92.88 - - [16/Jun/2022:10:30:03 +0800] "GET /xingrg/all/function/internal_message.html?_=1655346780787&CODE_STATE=getMsg HTTP/1.1" 200 27
116.235.92.88 - - [16/Jun/2022:10:30:03 +0800] "GET /xingrg/check_reg.html?_=1655346780785 HTTP/1.1" 200 22
180.156.212.250 - - [16/Jun/2022:10:30:03 +0800] "GET /xingrg/all/function/internal_message.html?_=1655346621621&CODE_STATE=getMsg HTTP/1.1" 200 27
180.169.147.146 - - [16/Jun/2022:10:30:04 +0800] "POST /xingrg/kc/buy/cgsh_list_operate.html HTTP/1.1" 200 4937
101.83.223.227 - - [16/Jun/2022:10:30:05 +0800] "GET /xingrg/all/function/internal_message.html?_=1655346567780&CODE_STATE=getMsg HTTP/1.1" 200 27
218.81.223.53 - - [16/Jun/2022:10:30:09 +0800] "GET /xingrg/all/function/internal_message.html?_=1655346612458&CODE_STATE=getMsg HTTP/1.1" 200 27
180.169.147.146 - - [16/Jun/2022:10:30:11 +0800] "POST /xingrg/kc/buy/cgsh_list_operate.html HTTP/1.1" 200 4957
101.83.223.227 - - [16/Jun/2022:10:30:13 +0800] "GET /xingrg/all/function/internal_message.html?_=1655346611326&CODE_STATE=getMsg HTTP/1.1" 200 27
101.83.223.227 - - [16/Jun/2022:10:30:14 +0800] "GET /xingrg/check_reg.html?_=1655346576158 HTTP/1.1" 200 22
116.230.110.173 - - [16/Jun/2022:10:30:15 +0800] "GET /xingrg/all/function/internal_message.html?_=1655346611386&CODE_STATE=getMsg HTTP/1.1" 200 27
114.95.43.0 - - [16/Jun/2022:10:30:15 +0800] "GET /xingrg/all/function/internal_message.html?_=1655346615486&CODE_STATE=getMsg HTTP/1.1" 200 27
222.69.144.95 - - [16/Jun/2022:10:30:17 +0800] "GET /xingrg/all/function/internal_message.html?_=1655346646110&CODE_STATE=getMsg HTTP/1.1" 200 27
101.83.223.227 - - [16/Jun/2022:10:30:18 +0800] "GET /xingrg/all/function/internal_message.html?_=1655346580307&CODE_STATE=getMsg HTTP/1.1" 200 27
180.156.212.250 - - [16/Jun/2022:10:30:20 +0800] "GET /xingrg/all/function/internal_message.html?_=1655346688818&CODE_STATE=getMsg HTTP/1.1" 200 27
120.253.135.82 - - [16/Jun/2022:10:30:29 +0800] "GET /xingrg/all/function/internal_message.html?_=1655346773881&CODE_STATE=getMsg HTTP/1.1" 200 27
180.169.147.146 - - [16/Jun/2022:10:30:31 +0800] "GET /xingrg/all/function/internal_message.html?_=1655346630031&CODE_STATE=getMsg HTTP/1.1" 200 27
120.253.135.82 - - [16/Jun/2022:10:30:33 +0800] "POST /xingrg/kc/pszx/mdps_list_operate.html HTTP/1.1" 200 5371
58.40.7.146 - - [16/Jun/2022:10:30:34 +0800] "GET /xingrg/all/function/internal_message.html?_=1655346631971&CODE_STATE=getMsg HTTP/1.1" 200 27
120.253.135.82 - - [16/Jun/2022:10:30:38 +0800] "POST /xingrg/kc/pszx/mdps_list_operate.html HTTP/1.1" 200 297
114.84.82.172 - - [16/Jun/2022:10:30:39 +0800] "GET /xingrg/all/function/internal_message.html?_=1655346637732&CODE_STATE=getMsg HTTP/1.1" 200 27
120.253.135.82 - - [16/Jun/2022:10:30:42 +0800] "GET /xingrg/kc/pszx/mdps_order_info.html?code=312022061300224 HTTP/1.1" 200 23978
120.253.135.82 - - [16/Jun/2022:10:30:42 +0800] "POST /xingrg/kc/pszx/mdps_order_operate.html HTTP/1.1" 200 2823
120.253.135.82 - - [16/Jun/2022:10:30:42 +0800] "GET /xingrg/javascript/easyui/themes/default/validatebox.css HTTP/1.1" 404 1104
114.95.43.0 - - [16/Jun/2022:10:30:43 +0800] "GET /xingrg/all/function/internal_message.html?_=1655346551958&CODE_STATE=getMsg HTTP/1.1" 200 27
58.35.194.53 - - [16/Jun/2022:10:31:02 +0800] "GET /xingrg/all/function/internal_message.html?_=1655346660617&CODE_STATE=getMsg HTTP/1.1" 200 27
116.235.92.88 - - [16/Jun/2022:10:31:03 +0800] "GET /xingrg/all/function/internal_message.html?_=1655346840785&CODE_STATE=getMsg HTTP/1.1" 200 27
180.156.212.250 - - [16/Jun/2022:10:31:03 +0800] "GET /xingrg/check_reg.html?_=1655346681619 HTTP/1.1" 200 22
180.156.212.250 - - [16/Jun/2022:10:31:03 +0800] "GET /xingrg/all/function/internal_message.html?_=1655346681622&CODE_STATE=getMsg HTTP/1.1" 200 27
120.253.135.82 - - [16/Jun/2022:10:31:05 +0800] "POST /xingrg/kc/pszx/mdps_list_operate.html HTTP/1.1" 200 5371
101.83.223.227 - - [16/Jun/2022:10:31:05 +0800] "GET /xingrg/all/function/internal_message.html?_=1655346627818&CODE_STATE=getMsg HTTP/1.1" 200 27
120.253.135.82 - - [16/Jun/2022:10:31:09 +0800] "POST /xingrg/kc/pszx/mdps_list_operate.html HTTP/1.1" 200 210
218.81.223.53 - - [16/Jun/2022:10:31:09 +0800] "GET /xingrg/all/function/internal_message.html?_=1655346672482&CODE_STATE=getMsg HTTP/1.1" 200 27
101.83.223.227 - - [16/Jun/2022:10:31:13 +0800] "GET /xingrg/all/function/internal_message.html?_=1655346671326&CODE_STATE=getMsg HTTP/1.1" 200 27
120.253.135.82 - - [16/Jun/2022:10:31:13 +0800] "POST /xingrg/kc/pszx/mdps_list_operate.html HTTP/1.1" 200 209
58.35.194.53 - - [16/Jun/2022:10:31:15 +0800] "GET /xingrg/kc/mdqp/qp_main.html HTTP/1.1" 200 10633
116.230.110.173 - - [16/Jun/2022:10:31:15 +0800] "GET /xingrg/all/function/internal_message.html?_=1655346671378&CODE_STATE=getMsg HTTP/1.1" 200 27
114.95.43.0 - - [16/Jun/2022:10:31:15 +0800] "GET /xingrg/all/function/internal_message.html?_=1655346675455&CODE_STATE=getMsg HTTP/1.1" 200 27
222.69.144.95 - - [16/Jun/2022:10:31:17 +0800] "GET /xingrg/all/function/internal_message.html?_=1655346706120&CODE_STATE=getMsg HTTP/1.1" 200 27
101.83.223.227 - - [16/Jun/2022:10:31:18 +0800] "GET /xingrg/all/function/internal_message.html?_=1655346640321&CODE_STATE=getMsg HTTP/1.1" 200 27
120.253.135.82 - - [16/Jun/2022:10:31:20 +0800] "POST /xingrg/kc/pszx/mdps_list_operate.html HTTP/1.1" 200 4909
180.156.212.250 - - [16/Jun/2022:10:31:20 +0800] "GET /xingrg/all/function/internal_message.html?_=1655346748832&CODE_STATE=getMsg HTTP/1.1" 200 27
58.35.194.53 - - [16/Jun/2022:10:31:21 +0800] "GET /xingrg/kc/base/wlsy_order_list.html?syType=1 HTTP/1.1" 200 17268
58.35.194.53 - - [16/Jun/2022:10:31:21 +0800] "POST /xingrg/kc/base/wlsy_list_operate.html?syType=1 HTTP/1.1" 200 862
58.35.194.53 - - [16/Jun/2022:10:31:24 +0800] "GET /xingrg/kc/base/wlsy_order_add.html?syType=1 HTTP/1.1" 200 28567
58.35.194.53 - - [16/Jun/2022:10:31:24 +0800] "POST /xingrg/kc/base/wlsy_order_operate.html HTTP/1.1" 200 6806
58.35.194.53 - - [16/Jun/2022:10:31:24 +0800] "GET /xingrg/all/common/auto_word.html?type=base&rest_code=00156 HTTP/1.1" 200 1857
58.35.194.53 - - [16/Jun/2022:10:31:24 +0800] "GET /xingrg/javascript/easyui/themes/default/validatebox.css HTTP/1.1" 404 1104
120.253.135.82 - - [16/Jun/2022:10:31:24 +0800] "POST /xingrg/kc/pszx/mdps_list_operate.html HTTP/1.1" 200 209
58.35.194.53 - - [16/Jun/2022:10:31:26 +0800] "POST /xingrg/all/common/load_combo.html?type=base HTTP/1.1" 200 3321
120.253.135.82 - - [16/Jun/2022:10:31:27 +0800] "POST /xingrg/kc/pszx/mdps_list_operate.html HTTP/1.1" 200 5371
120.253.135.82 - - [16/Jun/2022:10:31:29 +0800] "GET /xingrg/all/function/internal_message.html?_=1655346833893&CODE_STATE=getMsg HTTP/1.1" 200 27
120.253.135.82 - - [16/Jun/2022:10:31:30 +0800] "POST /xingrg/kc/pszx/mdps_list_operate.html HTTP/1.1" 200 209
120.253.135.82 - - [16/Jun/2022:10:31:30 +0800] "GET /xingrg/kc/pszx/mdps_order_info.html?code=312022061400231 HTTP/1.1" 200 23970
120.253.135.82 - - [16/Jun/2022:10:31:31 +0800] "POST /xingrg/kc/pszx/mdps_order_operate.html HTTP/1.1" 200 2291
120.253.135.82 - - [16/Jun/2022:10:31:31 +0800] "GET /xingrg/javascript/easyui/themes/default/validatebox.css HTTP/1.1" 404 1104
180.169.147.146 - - [16/Jun/2022:10:31:31 +0800] "GET /xingrg/all/function/internal_message.html?_=1655346690036&CODE_STATE=getMsg HTTP/1.1" 200 27
58.35.194.53 - - [16/Jun/2022:10:31:32 +0800] "GET /xingrg/javascript/easyui/themes/default/tree.css HTTP/1.1" 404 1090
58.35.194.53 - - [16/Jun/2022:10:31:32 +0800] "POST /xingrg/all/common/load_tree.html?tree=employee_tree_json HTTP/1.1" 200 26082
58.40.7.146 - - [16/Jun/2022:10:31:33 +0800] "GET /xingrg/all/function/internal_message.html?_=1655346691941&CODE_STATE=getMsg HTTP/1.1" 200 27
120.253.135.82 - - [16/Jun/2022:10:31:34 +0800] "POST /xingrg/kc/pszx/mdps_order_operate.html HTTP/1.1" 200 12
120.253.135.82 - - [16/Jun/2022:10:31:35 +0800] "POST /xingrg/kc/pszx/mdps_list_operate.html HTTP/1.1" 200 5388
114.95.43.0 - - [16/Jun/2022:10:31:38 +0800] "GET /xingrg/check_reg.html?_=1655346698596 HTTP/1.1" 200 22
120.253.135.82 - - [16/Jun/2022:10:31:39 +0800] "POST /xingrg/kc/pszx/mdps_list_operate.html HTTP/1.1" 200 210
114.84.82.172 - - [16/Jun/2022:10:31:39 +0800] "GET /xingrg/all/function/internal_message.html?_=1655346697733&CODE_STATE=getMsg HTTP/1.1" 200 27
120.253.135.82 - - [16/Jun/2022:10:31:41 +0800] "POST /xingrg/kc/pszx/mdps_list_operate.html HTTP/1.1" 200 210
114.95.43.0 - - [16/Jun/2022:10:31:43 +0800] "GET /xingrg/all/function/internal_message.html?_=1655346611943&CODE_STATE=getMsg HTTP/1.1" 200 27
101.83.223.227 - - [16/Jun/2022:10:31:44 +0800] "GET /xingrg/check_reg.html?_=1655346667092 HTTP/1.1" 200 22
