101.85.120.86 - - [15/Jun/2022:11:52:25 +0800] "GET /xingrg/check_reg.html?_=1655265141027 HTTP/1.1" 200 22
101.85.120.86 - - [15/Jun/2022:11:52:25 +0800] "GET /xingrg/all/function/internal_message.html?_=1655265141029&CODE_STATE=getMsg HTTP/1.1" 200 27
58.35.194.53 - - [15/Jun/2022:11:52:26 +0800] "GET /xingrg/all/function/internal_message.html?_=1655265145139&CODE_STATE=getMsg HTTP/1.1" 200 27
58.35.194.53 - - [15/Jun/2022:11:52:26 +0800] "GET /xingrg/check_reg.html?_=1655265145139 HTTP/1.1" 200 22
222.70.180.114 - - [15/Jun/2022:11:52:27 +0800] "GET /xingrg/all/function/internal_message.html?_=1655265145429&CODE_STATE=getMsg HTTP/1.1" 200 27
114.95.43.0 - - [15/Jun/2022:11:52:27 +0800] "GET /xingrg/all/function/internal_message.html?_=1655265147642&CODE_STATE=getMsg HTTP/1.1" 200 27
218.81.223.53 - - [15/Jun/2022:11:52:33 +0800] "GET /xingrg/kc/buy/cgsh_order_add.html HTTP/1.1" 200 67576
218.81.223.53 - - [15/Jun/2022:11:52:33 +0800] "GET /xingrg/javascript/easyui/themes/default/validatebox.css HTTP/1.1" 404 1104
218.81.223.53 - - [15/Jun/2022:11:52:33 +0800] "POST /xingrg/kc/buy/cgsh_order_operate.html HTTP/1.1" 200 8245
114.88.162.248 - - [15/Jun/2022:11:52:34 +0800] "GET /xingrg/all/function/internal_message.html?_=1655265151239&CODE_STATE=getMsg HTTP/1.1" 200 27
180.169.147.146 - - [15/Jun/2022:11:52:41 +0800] "GET /xingrg/check_reg.html?_=1655265158333 HTTP/1.1" 200 22
180.169.147.146 - - [15/Jun/2022:11:52:41 +0800] "GET /xingrg/all/function/internal_message.html?_=1655265158332&CODE_STATE=getMsg HTTP/1.1" 200 27
114.95.43.0 - - [15/Jun/2022:11:52:41 +0800] "GET /xingrg/all/function/internal_message.html?_=1655265071097&CODE_STATE=getMsg HTTP/1.1" 200 27
114.95.43.0 - - [15/Jun/2022:11:52:41 +0800] "GET /xingrg/check_reg.html?_=1655265071116 HTTP/1.1" 200 22
114.83.219.74 - - [15/Jun/2022:11:52:49 +0800] "GET /xingrg/all/function/internal_message.html?_=1655265167159&CODE_STATE=getMsg HTTP/1.1" 200 27
180.169.147.146 - - [15/Jun/2022:11:52:52 +0800] "GET /xingrg/all/function/internal_message.html?_=1655265170523&CODE_STATE=getMsg HTTP/1.1" 200 27
180.169.147.146 - - [15/Jun/2022:11:52:53 +0800] "GET /xingrg/all/function/internal_message.html?_=1655265171103&CODE_STATE=getMsg HTTP/1.1" 200 27
116.230.110.173 - - [15/Jun/2022:11:52:54 +0800] "GET /xingrg/all/function/internal_message.html?_=1655265171495&CODE_STATE=getMsg HTTP/1.1" 200 27
180.169.147.146 - - [15/Jun/2022:11:52:59 +0800] "GET /xingrg/check_reg.html?_=1655265177011 HTTP/1.1" 200 22
180.169.147.146 - - [15/Jun/2022:11:52:59 +0800] "GET /xingrg/all/function/internal_message.html?_=1655265177017&CODE_STATE=getMsg HTTP/1.1" 200 27
218.81.223.53 - - [15/Jun/2022:11:53:03 +0800] "GET /xingrg/all/function/internal_message.html?_=1655265183213&CODE_STATE=getMsg HTTP/1.1" 200 27
218.81.223.53 - - [15/Jun/2022:11:53:04 +0800] "GET /xingrg/kc/buy/cgsh_order_operate.html?command=get_materiel&rest_code=00146&code=00101012046&supplier_code=00100325&order_time=2022-06-13 HTTP/1.1" 200 417
222.69.144.95 - - [15/Jun/2022:11:53:13 +0800] "GET /xingrg/all/function/internal_message.html?_=1655265222182&CODE_STATE=getMsg HTTP/1.1" 200 27
218.81.223.53 - - [15/Jun/2022:11:53:17 +0800] "POST /xingrg/kc/buy/cgsh_order_operate.html HTTP/1.1" 200 37
218.81.223.53 - - [15/Jun/2022:11:53:19 +0800] "POST /xingrg/kc/buy/cgsh_order_operate.html HTTP/1.1" 200 2661
218.81.223.53 - - [15/Jun/2022:11:53:23 +0800] "GET /xingrg/kc/print/load_data.html?order_code=212022061501547&kc_code=cgsh&condition= HTTP/1.1" 200 692
120.253.135.82 - - [15/Jun/2022:11:53:24 +0800] "GET /xingrg/login.html HTTP/1.1" 200 7641
120.253.135.82 - - [15/Jun/2022:11:53:24 +0800] "GET /xingrg/images/blue/jxLogo.png HTTP/1.1" 304 -
120.253.135.82 - - [15/Jun/2022:11:53:24 +0800] "GET /xingrg/images/blue/login_bg.png HTTP/1.1" 304 -
120.253.135.82 - - [15/Jun/2022:11:53:24 +0800] "GET /xingrg/images/blue/hj.png HTTP/1.1" 304 -
120.253.135.82 - - [15/Jun/2022:11:53:24 +0800] "GET /xingrg/images/blue/srbg.png HTTP/1.1" 304 -
120.253.135.82 - - [15/Jun/2022:11:53:24 +0800] "GET /favicon.ico HTTP/1.1" 404 -
101.85.120.86 - - [15/Jun/2022:11:53:25 +0800] "GET /xingrg/all/function/internal_message.html?_=1655265201028&CODE_STATE=getMsg HTTP/1.1" 200 27
114.84.147.169 - - [15/Jun/2022:11:53:25 +0800] "GET /xingrg/check_reg.html?_=1655264923473 HTTP/1.1" 302 -
120.253.135.82 - - [15/Jun/2022:11:53:26 +0800] "POST /xingrg/login.do HTTP/1.1" 200 2421
120.253.135.82 - - [15/Jun/2022:11:53:26 +0800] "GET /xingrg/css/blue.css HTTP/1.1" 304 -
120.253.135.82 - - [15/Jun/2022:11:53:26 +0800] "GET /xingrg/javascript/myfunction.js HTTP/1.1" 304 -
58.35.194.53 - - [15/Jun/2022:11:53:26 +0800] "GET /xingrg/all/function/internal_message.html?_=1655265205150&CODE_STATE=getMsg HTTP/1.1" 200 27
120.253.135.82 - - [15/Jun/2022:11:53:26 +0800] "GET /xingrg/images/blue/error_top.gif HTTP/1.1" 304 -
120.253.135.82 - - [15/Jun/2022:11:53:26 +0800] "GET /xingrg/images/blue/error_mid.gif HTTP/1.1" 304 -
120.253.135.82 - - [15/Jun/2022:11:53:26 +0800] "GET /xingrg/images/blue/pic_top.gif HTTP/1.1" 304 -
120.253.135.82 - - [15/Jun/2022:11:53:26 +0800] "GET /xingrg/images/blue/pic_notice.jpg HTTP/1.1" 304 -
120.253.135.82 - - [15/Jun/2022:11:53:26 +0800] "GET /xingrg/images/blue/error_buttom.gif HTTP/1.1" 304 -
120.253.135.82 - - [15/Jun/2022:11:53:26 +0800] "GET /favicon.ico HTTP/1.1" 404 -
222.70.180.114 - - [15/Jun/2022:11:53:27 +0800] "GET /xingrg/all/function/internal_message.html?_=1655265205437&CODE_STATE=getMsg HTTP/1.1" 200 27
120.253.135.82 - - [15/Jun/2022:11:53:27 +0800] "GET /xingrg/login.html HTTP/1.1" 200 7641
120.253.135.82 - - [15/Jun/2022:11:53:27 +0800] "GET /favicon.ico HTTP/1.1" 404 -
114.95.43.0 - - [15/Jun/2022:11:53:27 +0800] "GET /xingrg/all/function/internal_message.html?_=1655265207643&CODE_STATE=getMsg HTTP/1.1" 200 27
120.253.135.82 - - [15/Jun/2022:11:53:28 +0800] "POST /xingrg/login.do HTTP/1.1" 302 -
120.253.135.82 - - [15/Jun/2022:11:53:28 +0800] "GET /xingrg/css/form.css HTTP/1.1" 304 -
120.253.135.82 - - [15/Jun/2022:11:53:28 +0800] "GET /xingrg/javascript/jquery_easy_ui/themes/default/easyui.css HTTP/1.1" 304 -
120.253.135.82 - - [15/Jun/2022:11:53:28 +0800] "GET /xingrg/index.html?sysBaseUrl=http%3A%2F%2F180.169.147.146%3A18081%2Fxingrg%2F&costTime=50×tamp=1655265208543 HTTP/1.1" 200 17173
120.253.135.82 - - [15/Jun/2022:11:53:28 +0800] "GET /xingrg/javascript/jquery_easy_ui/easyui-lang-zh_CN.js HTTP/1.1" 304 -
120.253.135.82 - - [15/Jun/2022:11:53:28 +0800] "GET /favicon.ico HTTP/1.1" 404 -
120.253.135.82 - - [15/Jun/2022:11:53:28 +0800] "GET /xingrg/javascript/jquery_easy_ui/themes/icon.css HTTP/1.1" 304 -
120.253.135.82 - - [15/Jun/2022:11:53:28 +0800] "GET /xingrg/javascript/jquery-1.4.2.min.js HTTP/1.1" 304 -
120.253.135.82 - - [15/Jun/2022:11:53:28 +0800] "GET /xingrg/javascript/jquery.utils.js HTTP/1.1" 304 -
120.253.135.82 - - [15/Jun/2022:11:53:28 +0800] "GET /xingrg/javascript/jquery_easy_ui/jquery.easyui.min.js HTTP/1.1" 304 -
120.253.135.82 - - [15/Jun/2022:11:53:28 +0800] "GET /xingrg/javascript/jquery.form.js HTTP/1.1" 304 -
120.253.135.82 - - [15/Jun/2022:11:53:28 +0800] "GET /xingrg/javascript/jquery.timers.js HTTP/1.1" 304 -
120.253.135.82 - - [15/Jun/2022:11:53:28 +0800] "GET /xingrg/images/blue/navBackgound.jpg HTTP/1.1" 304 -
120.253.135.82 - - [15/Jun/2022:11:53:28 +0800] "GET /xingrg/javascript/jquery_easy_ui/themes/icons/settle_new.png HTTP/1.1" 304 -
120.253.135.82 - - [15/Jun/2022:11:53:28 +0800] "POST /xingrg/all/common/load_tree.html?tree=area_rest_tree_json&manage=1 HTTP/1.1" 200 344
120.253.135.82 - - [15/Jun/2022:11:53:28 +0800] "GET /xingrg/images/blue/pingpu.png HTTP/1.1" 304 -
120.253.135.82 - - [15/Jun/2022:11:53:28 +0800] "GET /xingrg/javascript/jquery_easy_ui/themes/default/images/tabs_leftarrow.png HTTP/1.1" 304 -
120.253.135.82 - - [15/Jun/2022:11:53:28 +0800] "GET /xingrg/javascript/jquery_easy_ui/themes/default/images/tabs_rightarrow.png HTTP/1.1" 304 -
120.253.135.82 - - [15/Jun/2022:11:53:28 +0800] "GET /xingrg/javascript/jquery_easy_ui/themes/default/images/panel_tool_collapse.gif HTTP/1.1" 304 -
120.253.135.82 - - [15/Jun/2022:11:53:29 +0800] "GET /xingrg/all/function/internal_message.html?_=1655265355616&CODE_STATE=count HTTP/1.1" 200 11
120.253.135.82 - - [15/Jun/2022:11:53:29 +0800] "GET /xingrg/check_reg.html?_=1655265355617 HTTP/1.1" 200 22
120.253.135.82 - - [15/Jun/2022:11:53:29 +0800] "GET /xingrg/javascript/jquery_easy_ui/themes/default/images/tree_arrows.gif HTTP/1.1" 304 -
120.253.135.82 - - [15/Jun/2022:11:53:29 +0800] "POST /xingrg/load_menu.html HTTP/1.1" 200 6743
120.253.135.82 - - [15/Jun/2022:11:53:29 +0800] "GET /xingrg/javascript/jquery_easy_ui/themes/default/images/tree_folder_open.gif HTTP/1.1" 304 -
120.253.135.82 - - [15/Jun/2022:11:53:29 +0800] "GET /xingrg/javascript/jquery_easy_ui/themes/icons/search_new.png HTTP/1.1" 304 -
120.253.135.82 - - [15/Jun/2022:11:53:29 +0800] "GET /xingrg/javascript/jquery_easy_ui/themes/icons/delivery_new.png HTTP/1.1" 304 -
120.253.135.82 - - [15/Jun/2022:11:53:29 +0800] "GET /xingrg/javascript/jquery_easy_ui/themes/icons/storage_new.png HTTP/1.1" 304 -
120.253.135.82 - - [15/Jun/2022:11:53:29 +0800] "GET /xingrg/javascript/jquery_easy_ui/themes/icons/forms_new.png HTTP/1.1" 304 -
120.253.135.82 - - [15/Jun/2022:11:53:29 +0800] "GET /xingrg/javascript/jquery_easy_ui/themes/default/images/tree_file.gif HTTP/1.1" 304 -
120.253.135.82 - - [15/Jun/2022:11:53:29 +0800] "GET /xingrg/javascript/jquery_easy_ui/themes/default/images/tree_folder.gif HTTP/1.1" 304 -
120.253.135.82 - - [15/Jun/2022:11:53:29 +0800] "GET /xingrg/javascript/jquery_easy_ui/themes/default/images/tabs_active.png HTTP/1.1" 200 2894
114.88.162.248 - - [15/Jun/2022:11:53:34 +0800] "GET /xingrg/all/function/internal_message.html?_=1655265211238&CODE_STATE=getMsg HTTP/1.1" 200 27
120.253.135.82 - - [15/Jun/2022:11:53:35 +0800] "GET /xingrg/javascript/jquery_easy_ui/themes/default/images/tabs_close.gif HTTP/1.1" 304 -
120.253.135.82 - - [15/Jun/2022:11:53:35 +0800] "GET /xingrg/css/base.css HTTP/1.1" 304 -
120.253.135.82 - - [15/Jun/2022:11:53:35 +0800] "GET /xingrg/kc/pszx/mdps_order_list.html?orderType=0 HTTP/1.1" 200 21007
120.253.135.82 - - [15/Jun/2022:11:53:35 +0800] "GET /xingrg/css/site.css HTTP/1.1" 304 -
120.253.135.82 - - [15/Jun/2022:11:53:35 +0800] "GET /xingrg/javascript/jquery_tools/jquery.tools.hotkey.js HTTP/1.1" 304 -
120.253.135.82 - - [15/Jun/2022:11:53:35 +0800] "GET /xingrg/javascript/jquery_tools/jquery.tools.table.js HTTP/1.1" 304 -
120.253.135.82 - - [15/Jun/2022:11:53:35 +0800] "GET /xingrg/javascript/auto/jquery.autocomplete.js HTTP/1.1" 304 -
120.253.135.82 - - [15/Jun/2022:11:53:35 +0800] "GET /xingrg/javascript/jquery_tools/list_manager.js HTTP/1.1" 304 -
120.253.135.82 - - [15/Jun/2022:11:53:35 +0800] "GET /xingrg/javascript/easyui/easyloader.js HTTP/1.1" 304 -
120.253.135.82 - - [15/Jun/2022:11:53:35 +0800] "GET /xingrg/javascript/jquery_tools/datebox.css HTTP/1.1" 304 -
120.253.135.82 - - [15/Jun/2022:11:53:35 +0800] "GET /xingrg/javascript/jquery.cookie.js HTTP/1.1" 304 -
120.253.135.82 - - [15/Jun/2022:11:53:35 +0800] "GET /xingrg/javascript/print/LodopFuncs.js HTTP/1.1" 304 -
120.253.135.82 - - [15/Jun/2022:11:53:35 +0800] "GET /xingrg/javascript/jquery_tools/jquery.tools.min.js HTTP/1.1" 304 -
120.253.135.82 - - [15/Jun/2022:11:53:35 +0800] "GET /xingrg/javascript/jquery_tools/fix.css HTTP/1.1" 304 -
120.253.135.82 - - [15/Jun/2022:11:53:35 +0800] "GET /xingrg/javascript/jquery_tools/jquery.tools.extend.js HTTP/1.1" 304 -
120.253.135.82 - - [15/Jun/2022:11:53:35 +0800] "GET /xingrg/javascript/easyui/themes/icon.css HTTP/1.1" 304 -
120.253.135.82 - - [15/Jun/2022:11:53:35 +0800] "GET /xingrg/javascript/jquery_tools/table.css HTTP/1.1" 304 -
120.253.135.82 - - [15/Jun/2022:11:53:35 +0800] "GET /xingrg/kc/pszx/mdps_order_list.html?orderType=0 HTTP/1.1" 200 21007
120.253.135.82 - - [15/Jun/2022:11:53:35 +0800] "GET /xingrg/javascript/easyui/themes/default/easyui.css HTTP/1.1" 304 -
120.253.135.82 - - [15/Jun/2022:11:53:35 +0800] "GET /xingrg/javascript/jquery_tools/table.css HTTP/1.1" 304 -
120.253.135.82 - - [15/Jun/2022:11:53:35 +0800] "GET /xingrg/javascript/auto/jquery.autocomplete.css HTTP/1.1" 304 -
120.253.135.82 - - [15/Jun/2022:11:53:36 +0800] "GET /xingrg/javascript/easyui/themes/default/easyui.css HTTP/1.1" 304 -
120.253.135.82 - - [15/Jun/2022:11:53:36 +0800] "GET /xingrg/javascript/auto/jquery.autocomplete.css HTTP/1.1" 304 -
120.253.135.82 - - [15/Jun/2022:11:53:36 +0800] "GET /xingrg/javascript/easyui/themes/icons/cance_new.png HTTP/1.1" 304 -
120.253.135.82 - - [15/Jun/2022:11:53:36 +0800] "GET /xingrg/javascript/easyui/themes/icons/uncheck_new.png HTTP/1.1" 304 -
120.253.135.82 - - [15/Jun/2022:11:53:36 +0800] "GET /xingrg/javascript/easyui/themes/icons/edit_add_new.png HTTP/1.1" 304 -
120.253.135.82 - - [15/Jun/2022:11:53:36 +0800] "GET /xingrg/javascript/easyui/themes/icons/check_new.png HTTP/1.1" 304 -
120.253.135.82 - - [15/Jun/2022:11:53:36 +0800] "GET /xingrg/javascript/easyui/themes/icons/import_new.png HTTP/1.1" 304 -
120.253.135.82 - - [15/Jun/2022:11:53:36 +0800] "GET /xingrg/javascript/easyui/themes/icons/field_new.png HTTP/1.1" 304 -
120.253.135.82 - - [15/Jun/2022:11:53:36 +0800] "GET /xingrg/images/control/ajaxLoader.gif HTTP/1.1" 304 -
120.253.135.82 - - [15/Jun/2022:11:53:36 +0800] "GET /xingrg/javascript/easyui/plugins/jquery.parser.js HTTP/1.1" 304 -
120.253.135.82 - - [15/Jun/2022:11:53:36 +0800] "POST /xingrg/kc/pszx/mdps_list_operate.html HTTP/1.1" 200 5235
218.81.223.53 - - [15/Jun/2022:11:53:37 +0800] "GET /xingrg/kc/buy/cgsh_order_add.html HTTP/1.1" 200 67576
218.81.223.53 - - [15/Jun/2022:11:53:37 +0800] "GET /xingrg/javascript/easyui/themes/default/validatebox.css HTTP/1.1" 404 1104
218.81.223.53 - - [15/Jun/2022:11:53:37 +0800] "POST /xingrg/kc/buy/cgsh_order_operate.html HTTP/1.1" 200 8245
120.253.135.82 - - [15/Jun/2022:11:53:38 +0800] "GET /xingrg/javascript/easyui/themes/default/images/button_plain_hover.png HTTP/1.1" 304 -
120.253.135.82 - - [15/Jun/2022:11:53:40 +0800] "GET /xingrg/javascript/jquery_tools/order_manager.js HTTP/1.1" 304 -
120.253.135.82 - - [15/Jun/2022:11:53:40 +0800] "GET /xingrg/javascript/json2.js HTTP/1.1" 304 -
120.253.135.82 - - [15/Jun/2022:11:53:40 +0800] "GET /xingrg/javascript/pic_change.js HTTP/1.1" 304 -
120.253.135.82 - - [15/Jun/2022:11:53:40 +0800] "GET /xingrg/javascript/convert.js HTTP/1.1" 304 -
120.253.135.82 - - [15/Jun/2022:11:53:40 +0800] "GET /xingrg/javascript/print/kc_print.js HTTP/1.1" 304 -
120.253.135.82 - - [15/Jun/2022:11:53:40 +0800] "GET /xingrg/kc/pszx/mdps_order_add.html HTTP/1.1" 200 29076
120.253.135.82 - - [15/Jun/2022:11:53:40 +0800] "GET /xingrg/words/20220613124541_words.js HTTP/1.1" 304 -
120.253.135.82 - - [15/Jun/2022:11:53:40 +0800] "GET /xingrg/javascript/easyui/themes/icons/ok.png HTTP/1.1" 304 -
120.253.135.82 - - [15/Jun/2022:11:53:40 +0800] "GET /xingrg/javascript/easyui/themes/icons/cancel.png HTTP/1.1" 304 -
120.253.135.82 - - [15/Jun/2022:11:53:40 +0800] "GET /xingrg/javascript/easyui/themes/default/images/menu_downarrow.png HTTP/1.1" 304 -
120.253.135.82 - - [15/Jun/2022:11:53:40 +0800] "GET /xingrg/javascript/easyui/themes/icons/print.png HTTP/1.1" 304 -
120.253.135.82 - - [15/Jun/2022:11:53:40 +0800] "GET /xingrg/javascript/easyui/themes/icons/copy_new.png HTTP/1.1" 304 -
120.253.135.82 - - [15/Jun/2022:11:53:40 +0800] "POST /xingrg/kc/pszx/mdps_order_operate.html HTTP/1.1" 200 7126
120.253.135.82 - - [15/Jun/2022:11:53:40 +0800] "GET /xingrg/all/common/auto_word.html?type=base&rest_code=00101 HTTP/1.1" 200 671
120.253.135.82 - - [15/Jun/2022:11:53:40 +0800] "GET /xingrg/javascript/easyui/themes/icons/edit_remove.png HTTP/1.1" 304 -
120.253.135.82 - - [15/Jun/2022:11:53:40 +0800] "GET /xingrg/javascript/easyui/themes/default/validatebox.css HTTP/1.1" 404 1104
120.253.135.82 - - [15/Jun/2022:11:53:40 +0800] "GET /xingrg/javascript/easyui/plugins/jquery.validatebox.js HTTP/1.1" 304 -
120.253.135.82 - - [15/Jun/2022:11:53:40 +0800] "GET /xingrg/javascript/easyui/plugins/jquery.numberbox.js HTTP/1.1" 304 -
120.253.135.82 - - [15/Jun/2022:11:53:40 +0800] "GET /xingrg/javascript/jquery_easy_ui/themes/icons/manage.png HTTP/1.1" 304 -
120.253.135.82 - - [15/Jun/2022:11:53:40 +0800] "GET /xingrg/javascript/jquery_easy_ui/themes/icons/area.png HTTP/1.1" 304 -
180.169.147.146 - - [15/Jun/2022:11:53:41 +0800] "GET /xingrg/all/function/internal_message.html?_=1655265218331&CODE_STATE=getMsg HTTP/1.1" 200 27
114.95.43.0 - - [15/Jun/2022:11:53:41 +0800] "GET /xingrg/all/function/internal_message.html?_=1655265131101&CODE_STATE=getMsg HTTP/1.1" 200 27
120.253.135.82 - - [15/Jun/2022:11:53:42 +0800] "GET /xingrg/css/images/panel_loading.gif HTTP/1.1" 304 -
120.253.135.82 - - [15/Jun/2022:11:53:42 +0800] "POST /xingrg/all/common/load_combo.html?type=base HTTP/1.1" 200 1169
120.253.135.82 - - [15/Jun/2022:11:53:45 +0800] "GET /xingrg/javascript/easyui/plugins/jquery.draggable.js HTTP/1.1" 304 -
120.253.135.82 - - [15/Jun/2022:11:53:45 +0800] "GET /xingrg/javascript/easyui/plugins/jquery.droppable.js HTTP/1.1" 304 -
120.253.135.82 - - [15/Jun/2022:11:53:45 +0800] "GET /xingrg/javascript/easyui/themes/default/tree.css HTTP/1.1" 404 1090
120.253.135.82 - - [15/Jun/2022:11:53:45 +0800] "GET /xingrg/javascript/easyui/plugins/jquery.tree.js HTTP/1.1" 304 -
120.253.135.82 - - [15/Jun/2022:11:53:45 +0800] "POST /xingrg/all/common/load_tree.html?tree=area_rest_tree_json&only_rest=1 HTTP/1.1" 200 3351
120.253.135.82 - - [15/Jun/2022:11:53:45 +0800] "GET /xingrg/javascript/easyui/themes/default/images/tree_arrows.gif HTTP/1.1" 304 -
120.253.135.82 - - [15/Jun/2022:11:53:45 +0800] "GET /xingrg/javascript/easyui/themes/icons/rest.png HTTP/1.1" 304 -
120.253.135.82 - - [15/Jun/2022:11:53:45 +0800] "GET /xingrg/javascript/easyui/themes/default/images/tree_folder_open.gif HTTP/1.1" 304 -
120.253.135.82 - - [15/Jun/2022:11:53:45 +0800] "GET /xingrg/javascript/easyui/themes/icons/area.png HTTP/1.1" 304 -
114.83.219.74 - - [15/Jun/2022:11:53:49 +0800] "GET /xingrg/all/function/internal_message.html?_=1655265227145&CODE_STATE=getMsg HTTP/1.1" 200 27
114.83.219.74 - - [15/Jun/2022:11:53:51 +0800] "GET /xingrg/check_reg.html?_=1655265228831 HTTP/1.1" 200 22
180.169.147.146 - - [15/Jun/2022:11:53:52 +0800] "GET /xingrg/check_reg.html?_=1655265230533 HTTP/1.1" 200 22
180.169.147.146 - - [15/Jun/2022:11:53:52 +0800] "GET /xingrg/all/function/internal_message.html?_=1655265230535&CODE_STATE=getMsg HTTP/1.1" 200 27
120.253.135.82 - - [15/Jun/2022:11:53:52 +0800] "GET /xingrg/javascript/auto/indicator.gif HTTP/1.1" 404 1066
180.169.147.146 - - [15/Jun/2022:11:53:53 +0800] "GET /xingrg/all/function/internal_message.html?_=1655265231114&CODE_STATE=getMsg HTTP/1.1" 200 27
116.230.110.173 - - [15/Jun/2022:11:53:54 +0800] "GET /xingrg/all/function/internal_message.html?_=1655265231487&CODE_STATE=getMsg HTTP/1.1" 200 27
120.253.135.82 - - [15/Jun/2022:11:53:57 +0800] "GET /xingrg/kc/pszx/mdps_order_operate.html?command=get_materiel&pszx_code=00101&rest_code=00102&base_code=0010250&code=00102001098 HTTP/1.1" 200 439
180.169.147.146 - - [15/Jun/2022:11:53:59 +0800] "GET /xingrg/all/function/internal_message.html?_=1655265237009&CODE_STATE=getMsg HTTP/1.1" 200 27
218.81.223.53 - - [15/Jun/2022:11:54:02 +0800] "GET /xingrg/kc/buy/cgsh_order_operate.html?command=get_materiel&rest_code=00146&code=00101010855&supplier_code=00100323&order_time=2022-06-13 HTTP/1.1" 200 448
218.81.223.53 - - [15/Jun/2022:11:54:03 +0800] "GET /xingrg/all/function/internal_message.html?_=1655265243226&CODE_STATE=getMsg HTTP/1.1" 200 27
120.253.135.82 - - [15/Jun/2022:11:54:07 +0800] "POST /xingrg/kc/pszx/mdps_order_operate.html HTTP/1.1" 200 37
120.253.135.82 - - [15/Jun/2022:11:54:08 +0800] "GET /xingrg/kc/pszx/mdps_order_info.html?code=312022061500240 HTTP/1.1" 200 23970
120.253.135.82 - - [15/Jun/2022:11:54:09 +0800] "GET /xingrg/javascript/easyui/themes/default/validatebox.css HTTP/1.1" 404 1104
120.253.135.82 - - [15/Jun/2022:11:54:09 +0800] "POST /xingrg/kc/pszx/mdps_order_operate.html HTTP/1.1" 200 2281
222.69.144.95 - - [15/Jun/2022:11:54:13 +0800] "GET /xingrg/all/function/internal_message.html?_=1655265282196&CODE_STATE=getMsg HTTP/1.1" 200 27
218.81.223.53 - - [15/Jun/2022:11:54:19 +0800] "GET /xingrg/kc/buy/cgsh_order_operate.html?command=get_materiel&rest_code=00146&code=00101010838&supplier_code=00100323&order_time=2022-06-13 HTTP/1.1" 200 415
101.85.120.86 - - [15/Jun/2022:11:54:25 +0800] "GET /xingrg/all/function/internal_message.html?_=1655265261026&CODE_STATE=getMsg HTTP/1.1" 200 27
58.35.194.53 - - [15/Jun/2022:11:54:26 +0800] "GET /xingrg/all/function/internal_message.html?_=1655265265139&CODE_STATE=getMsg HTTP/1.1" 200 27
222.70.180.114 - - [15/Jun/2022:11:54:27 +0800] "GET /xingrg/all/function/internal_message.html?_=1655265265425&CODE_STATE=getMsg HTTP/1.1" 200 27
114.95.43.0 - - [15/Jun/2022:11:54:27 +0800] "GET /xingrg/all/function/internal_message.html?_=1655265267643&CODE_STATE=getMsg HTTP/1.1" 200 27
120.253.135.82 - - [15/Jun/2022:11:54:29 +0800] "GET /xingrg/all/function/internal_message.html?_=1655265415630&CODE_STATE=getMsg HTTP/1.1" 200 27
120.253.135.82 - - [15/Jun/2022:11:54:33 +0800] "GET /xingrg/kc/pszx/mdps_order_list.html?orderType=0 HTTP/1.1" 200 21007
120.253.135.82 - - [15/Jun/2022:11:54:33 +0800] "POST /xingrg/kc/pszx/mdps_list_operate.html HTTP/1.1" 200 5222
114.88.162.248 - - [15/Jun/2022:11:54:34 +0800] "GET /xingrg/all/function/internal_message.html?_=1655265271237&CODE_STATE=getMsg HTTP/1.1" 200 27
120.253.135.82 - - [15/Jun/2022:11:54:37 +0800] "POST /xingrg/kc/pszx/mdps_list_operate.html HTTP/1.1" 200 207
120.253.135.82 - - [15/Jun/2022:11:54:37 +0800] "GET /xingrg/kc/pszx/mdps_order_info.html?code=312022061500240 HTTP/1.1" 200 23970
218.81.223.53 - - [15/Jun/2022:11:54:37 +0800] "POST /xingrg/kc/buy/cgsh_order_operate.html HTTP/1.1" 200 37
120.253.135.82 - - [15/Jun/2022:11:54:38 +0800] "GET /xingrg/javascript/easyui/themes/default/validatebox.css HTTP/1.1" 404 1104
120.253.135.82 - - [15/Jun/2022:11:54:38 +0800] "POST /xingrg/kc/pszx/mdps_order_operate.html HTTP/1.1" 200 2281
218.81.223.53 - - [15/Jun/2022:11:54:39 +0800] "POST /xingrg/kc/buy/cgsh_order_operate.html HTTP/1.1" 200 3305
120.253.135.82 - - [15/Jun/2022:11:54:40 +0800] "GET /xingrg/kc/print/load_data.html?order_code=312022061500240&kc_code=mdps&condition= HTTP/1.1" 200 669
180.169.147.146 - - [15/Jun/2022:11:54:41 +0800] "GET /xingrg/all/function/internal_message.html?_=1655265278331&CODE_STATE=getMsg HTTP/1.1" 200 27
114.95.43.0 - - [15/Jun/2022:11:54:41 +0800] "GET /xingrg/all/function/internal_message.html?_=1655265191085&CODE_STATE=getMsg HTTP/1.1" 200 27
218.81.223.53 - - [15/Jun/2022:11:54:43 +0800] "GET /xingrg/kc/print/load_data.html?order_code=212022061501548&kc_code=cgsh&condition= HTTP/1.1" 200 966
114.83.219.74 - - [15/Jun/2022:11:54:49 +0800] "GET /xingrg/all/function/internal_message.html?_=1655265287119&CODE_STATE=getMsg HTTP/1.1" 200 27
180.169.147.146 - - [15/Jun/2022:11:54:52 +0800] "GET /xingrg/all/function/internal_message.html?_=1655265290528&CODE_STATE=getMsg HTTP/1.1" 200 27
180.169.147.146 - - [15/Jun/2022:11:54:53 +0800] "GET /xingrg/all/function/internal_message.html?_=1655265291100&CODE_STATE=getMsg HTTP/1.1" 200 27
116.230.110.173 - - [15/Jun/2022:11:54:54 +0800] "GET /xingrg/all/function/internal_message.html?_=1655265291486&CODE_STATE=getMsg HTTP/1.1" 200 27
180.169.147.146 - - [15/Jun/2022:11:54:59 +0800] "GET /xingrg/all/function/internal_message.html?_=1655265297003&CODE_STATE=getMsg HTTP/1.1" 200 27
218.81.223.53 - - [15/Jun/2022:11:55:03 +0800] "GET /xingrg/check_reg.html?_=1655265303116 HTTP/1.1" 200 22
218.81.223.53 - - [15/Jun/2022:11:55:03 +0800] "GET /xingrg/all/function/internal_message.html?_=1655265303240&CODE_STATE=getMsg HTTP/1.1" 200 27
218.81.223.53 - - [15/Jun/2022:11:55:04 +0800] "GET /xingrg/kc/buy/cgsh_order_add.html HTTP/1.1" 200 67576
120.253.135.82 - - [15/Jun/2022:11:55:04 +0800] "POST /xingrg/kc/pszx/mdps_order_operate.html HTTP/1.1" 200 37
218.81.223.53 - - [15/Jun/2022:11:55:04 +0800] "POST /xingrg/kc/buy/cgsh_order_operate.html HTTP/1.1" 200 8245
218.81.223.53 - - [15/Jun/2022:11:55:05 +0800] "GET /xingrg/javascript/easyui/themes/default/validatebox.css HTTP/1.1" 404 1104
58.35.194.53 - - [15/Jun/2022:11:55:05 +0800] "POST /xingrg/dwr/call/plaincall/AjaxQqpsService.saveOrder.dwr HTTP/1.1" 200 79
120.253.135.82 - - [15/Jun/2022:11:55:06 +0800] "POST /xingrg/kc/pszx/mdps_order_operate.html HTTP/1.1" 200 12
120.253.135.82 - - [15/Jun/2022:11:55:07 +0800] "GET /xingrg/kc/pszx/mdps_order_info.html?code=312022061500240 HTTP/1.1" 200 19630
120.253.135.82 - - [15/Jun/2022:11:55:08 +0800] "POST /xingrg/kc/pszx/mdps_order_operate.html HTTP/1.1" 200 503
120.253.135.82 - - [15/Jun/2022:11:55:08 +0800] "GET /xingrg/javascript/easyui/themes/default/validatebox.css HTTP/1.1" 404 1104
114.84.82.172 - - [15/Jun/2022:11:55:09 +0800] "GET /favicon.ico HTTP/1.1" 404 -
222.69.144.95 - - [15/Jun/2022:11:55:13 +0800] "GET /xingrg/all/function/internal_message.html?_=1655265342190&CODE_STATE=getMsg HTTP/1.1" 200 27
222.69.144.95 - - [15/Jun/2022:11:55:13 +0800] "GET /xingrg/check_reg.html?_=1655265342194 HTTP/1.1" 200 22
120.253.135.82 - - [15/Jun/2022:11:55:15 +0800] "GET /xingrg/kc/pszx/mdps_order_list.html?orderType=0 HTTP/1.1" 200 21007
120.253.135.82 - - [15/Jun/2022:11:55:15 +0800] "POST /xingrg/kc/pszx/mdps_list_operate.html HTTP/1.1" 200 5235
120.253.135.82 - - [15/Jun/2022:11:55:15 +0800] "GET /xingrg/kc/pszx/mdps_order_list.html?orderType=0 HTTP/1.1" 200 21007
120.253.135.82 - - [15/Jun/2022:11:55:15 +0800] "POST /xingrg/kc/pszx/mdps_list_operate.html HTTP/1.1" 200 5235
58.35.194.53 - - [15/Jun/2022:11:55:20 +0800] "GET /xingrg/kc/mdqp/qp_main.html HTTP/1.1" 200 10633
58.35.194.53 - - [15/Jun/2022:11:55:21 +0800] "GET /xingrg/kc/report/report_main.html HTTP/1.1" 200 7340
58.35.194.53 - - [15/Jun/2022:11:55:21 +0800] "GET /xingrg/javascript/json2.js HTTP/1.1" 200 11259
101.85.120.86 - - [15/Jun/2022:11:55:25 +0800] "GET /xingrg/all/function/internal_message.html?_=1655265321027&CODE_STATE=getMsg HTTP/1.1" 200 27
58.35.194.53 - - [15/Jun/2022:11:55:26 +0800] "GET /xingrg/kc/base/crk_hz.html HTTP/1.1" 200 11247
58.35.194.53 - - [15/Jun/2022:11:55:26 +0800] "GET /xingrg/javascript/step/step.css HTTP/1.1" 200 999
58.35.194.53 - - [15/Jun/2022:11:55:26 +0800] "GET /xingrg/all/function/internal_message.html?_=1655265325140&CODE_STATE=getMsg HTTP/1.1" 200 27
222.70.180.114 - - [15/Jun/2022:11:55:27 +0800] "GET /xingrg/all/function/internal_message.html?_=1655265325425&CODE_STATE=getMsg HTTP/1.1" 200 27
114.95.43.0 - - [15/Jun/2022:11:55:27 +0800] "GET /xingrg/all/function/internal_message.html?_=1655265327644&CODE_STATE=getMsg HTTP/1.1" 200 27
101.83.223.227 - - [15/Jun/2022:11:55:27 +0800] "POST /xingrg/services/DataTransmitService HTTP/1.1" 401 565
101.83.223.227 - - [15/Jun/2022:11:55:28 +0800] "POST /xingrg/services/DataTransmitService HTTP/1.1" 200 478
58.35.194.53 - - [15/Jun/2022:11:55:28 +0800] "GET /xingrg/css/table.css HTTP/1.1" 200 3684
101.83.223.227 - - [15/Jun/2022:11:55:28 +0800] "POST /xingrg/services/DataTransmitService HTTP/1.1" 200 1319
101.83.223.227 - - [15/Jun/2022:11:55:28 +0800] "POST /xingrg/services/DataTransmitService HTTP/1.1" 200 478
101.83.223.227 - - [15/Jun/2022:11:55:28 +0800] "POST /xingrg/services/DataTransmitService HTTP/1.1" 200 1319
101.83.223.227 - - [15/Jun/2022:11:55:28 +0800] "POST /xingrg/services/DataTransmitService HTTP/1.1" 200 524
58.35.194.53 - - [15/Jun/2022:11:55:28 +0800] "POST /xingrg/kc/cost/cost_operate.html?command=get_base_tree HTTP/1.1" 200 2657
58.35.194.53 - - [15/Jun/2022:11:55:28 +0800] "POST /xingrg/all/common/load_tree.html?tree=materiel_sort_tree_json HTTP/1.1" 200 9388
58.35.194.53 - - [15/Jun/2022:11:55:28 +0800] "GET /xingrg/javascript/jquery_easy_ui/themes/default/images/calendar_prevmonth.gif HTTP/1.1" 200 66
58.35.194.53 - - [15/Jun/2022:11:55:28 +0800] "GET /xingrg/javascript/jquery_easy_ui/themes/default/images/calendar_nextmonth.gif HTTP/1.1" 200 64
58.35.194.53 - - [15/Jun/2022:11:55:28 +0800] "GET /xingrg/javascript/jquery_easy_ui/themes/default/images/calendar_nextyear.gif HTTP/1.1" 200 75
58.35.194.53 - - [15/Jun/2022:11:55:28 +0800] "GET /xingrg/javascript/jquery_easy_ui/themes/default/images/calendar_prevyear.gif HTTP/1.1" 200 76
58.35.194.53 - - [15/Jun/2022:11:55:28 +0800] "GET /xingrg/javascript/jquery_easy_ui/themes/default/images/menu.gif HTTP/1.1" 200 834
58.35.194.53 - - [15/Jun/2022:11:55:28 +0800] "GET /xingrg/javascript/jquery_easy_ui/themes/default/images/button_a_bg.gif HTTP/1.1" 200 1194
58.35.194.53 - - [15/Jun/2022:11:55:28 +0800] "GET /xingrg/javascript/jquery_easy_ui/themes/icons/search.png HTTP/1.1" 200 813
58.35.194.53 - - [15/Jun/2022:11:55:28 +0800] "GET /xingrg/javascript/jquery_easy_ui/themes/default/images/button_span_bg.gif HTTP/1.1" 200 2061
58.35.194.53 - - [15/Jun/2022:11:55:28 +0800] "GET /xingrg/javascript/jquery_easy_ui/themes/default/images/tree_checkbox_0.gif HTTP/1.1" 200 168
101.83.223.227 - - [15/Jun/2022:11:55:28 +0800] "POST /xingrg/services/DataTransmitService HTTP/1.1" 200 2167
120.253.135.82 - - [15/Jun/2022:11:55:29 +0800] "GET /xingrg/all/function/internal_message.html?_=1655265475643&CODE_STATE=getMsg HTTP/1.1" 200 27
101.83.223.227 - - [15/Jun/2022:11:55:29 +0800] "POST /xingrg/services/DataTransmitService HTTP/1.1" 200 127648
180.169.147.146 - - [15/Jun/2022:11:55:30 +0800] "GET /xingrg/kc/buy/cgsh_order_add.html HTTP/1.1" 200 67617
180.169.147.146 - - [15/Jun/2022:11:55:31 +0800] "POST /xingrg/kc/buy/cgsh_order_operate.html HTTP/1.1" 200 8245
180.169.147.146 - - [15/Jun/2022:11:55:31 +0800] "GET /xingrg/javascript/easyui/themes/default/validatebox.css HTTP/1.1" 404 1104
114.88.162.248 - - [15/Jun/2022:11:55:34 +0800] "GET /xingrg/check_reg.html?_=1655265331237 HTTP/1.1" 200 22
114.88.162.248 - - [15/Jun/2022:11:55:34 +0800] "GET /xingrg/all/function/internal_message.html?_=1655265331239&CODE_STATE=getMsg HTTP/1.1" 200 27
58.35.194.53 - - [15/Jun/2022:11:55:38 +0800] "GET /xingrg/javascript/jquery_easy_ui/themes/default/images/tree_checkbox_2.gif HTTP/1.1" 200 181
58.35.194.53 - - [15/Jun/2022:11:55:38 +0800] "GET /xingrg/javascript/jquery_easy_ui/themes/default/images/tree_checkbox_1.gif HTTP/1.1" 200 174
180.169.147.146 - - [15/Jun/2022:11:55:41 +0800] "GET /xingrg/all/function/internal_message.html?_=1655265338332&CODE_STATE=getMsg HTTP/1.1" 200 27
114.95.43.0 - - [15/Jun/2022:11:55:41 +0800] "GET /xingrg/all/function/internal_message.html?_=1655265251088&CODE_STATE=getMsg HTTP/1.1" 200 27
58.35.194.53 - - [15/Jun/2022:11:55:44 +0800] "GET /xingrg/kc/base/crk_hz.html?_=1655265343409&command=get_cost_id&end_date=2022-06-30&start_date=2022-02-01 HTTP/1.1" 200 51
58.35.194.53 - - [15/Jun/2022:11:55:44 +0800] "GET /xingrg/javascript/multi_select/jqueryMultiSelect.css HTTP/1.1" 200 951
58.35.194.53 - - [15/Jun/2022:11:55:44 +0800] "GET /xingrg/javascript/calendar/timePicker.css HTTP/1.1" 200 523
58.35.194.53 - - [15/Jun/2022:11:55:44 +0800] "GET /xingrg/javascript/bigrid/fix.css HTTP/1.1" 200 1702
58.35.194.53 - - [15/Jun/2022:11:55:44 +0800] "GET /xingrg/all/report/report_query.html?isQuery=1&onlyBody=1&rh=99999&rw=1800&varString=start:20220201,cost_id:3513,mid:20220201&fileName=kc/base/crk_hz_type_by_base.xml&queryString=%20a.base_code%20in%20('0010779','0010785')%20%20and%20m.sort_code%20in%20('00101001','00101002','00101003','00101004','00101005','00101006','00101007','00101008','00101009','00101010','00101011','00101012','00101013','00101014','00101015','00101016','00101017','00101018','00101019','00101020','00101021','00101022','00101023','00101024','00101025','00101026','00101027','00101028','00101029','00101030','00101031','00101032','00101033','00101034','00101036','00101037','00101038','00101039','00101040','00101041','00101042')%20&queryText=日期:2022-02-01至2022-06-30%20仓库:食品仓库,粤菜&tableQueryString=materiel_table$sp1$$sp$before_table$sp1$$sp$crk_table$sp1$order_day%20between%2020220201%20and%2020220630 HTTP/1.1" 200 49889
58.35.194.53 - - [15/Jun/2022:11:55:44 +0800] "GET /xingrg/javascript/calendar/jquery.timePicker.min.js HTTP/1.1" 200 2997
58.35.194.53 - - [15/Jun/2022:11:55:44 +0800] "GET /xingrg/javascript/bigrid/fix.js HTTP/1.1" 200 6439
58.35.194.53 - - [15/Jun/2022:11:55:44 +0800] "GET /xingrg/javascript/jqueryMultiSelect.js HTTP/1.1" 200 11866
58.35.194.53 - - [15/Jun/2022:11:55:45 +0800] "GET /xingrg/dwr/interface/AjaxReportQueryService.js HTTP/1.1" 200 13203
58.35.194.53 - - [15/Jun/2022:11:55:45 +0800] "GET /xingrg/dwr/engine.js HTTP/1.1" 200 43631
58.35.194.53 - - [15/Jun/2022:11:55:45 +0800] "GET /xingrg/images/blue/button/advanceover.gif HTTP/1.1" 200 1347
58.35.194.53 - - [15/Jun/2022:11:55:45 +0800] "GET /xingrg/images/blue/button/advance2over.gif HTTP/1.1" 200 1336
58.35.194.53 - - [15/Jun/2022:11:55:45 +0800] "GET /xingrg/images/blue/button/back2over.gif HTTP/1.1" 200 1335
58.35.194.53 - - [15/Jun/2022:11:55:45 +0800] "GET /xingrg/images/blue/button/backover.gif HTTP/1.1" 200 1348
58.35.194.53 - - [15/Jun/2022:11:55:45 +0800] "GET /xingrg/images/control/loading.gif HTTP/1.1" 200 13463
58.35.194.53 - - [15/Jun/2022:11:55:45 +0800] "GET /xingrg/javascript/jquery_easy_ui/themes/icons/help.png HTTP/1.1" 200 1187
58.35.194.53 - - [15/Jun/2022:11:55:46 +0800] "POST /xingrg/all/report/load_report_page.html HTTP/1.1" 200 119599
58.35.194.53 - - [15/Jun/2022:11:55:46 +0800] "GET /xingrg/servlets/image?cache=0.3430103444674465&image=px HTTP/1.1" 200 807
114.83.219.74 - - [15/Jun/2022:11:55:49 +0800] "GET /xingrg/all/function/internal_message.html?_=1655265347104&CODE_STATE=getMsg HTTP/1.1" 200 27
180.169.147.146 - - [15/Jun/2022:11:55:52 +0800] "GET /xingrg/all/function/internal_message.html?_=1655265350526&CODE_STATE=getMsg HTTP/1.1" 200 27
180.169.147.146 - - [15/Jun/2022:11:55:53 +0800] "GET /xingrg/all/function/internal_message.html?_=1655265351119&CODE_STATE=getMsg HTTP/1.1" 200 27
116.230.110.173 - - [15/Jun/2022:11:55:54 +0800] "GET /xingrg/all/function/internal_message.html?_=1655265351503&CODE_STATE=getMsg HTTP/1.1" 200 27
101.83.223.227 - - [15/Jun/2022:11:55:57 +0800] "POST /xingrg/services/DataTransmitService HTTP/1.1" 200 45454
101.83.223.227 - - [15/Jun/2022:11:55:57 +0800] "POST /xingrg/services/DataTransmitService HTTP/1.1" 200 19237
180.169.147.146 - - [15/Jun/2022:11:55:59 +0800] "GET /xingrg/all/function/internal_message.html?_=1655265357016&CODE_STATE=getMsg HTTP/1.1" 200 27
180.169.147.146 - - [15/Jun/2022:11:56:00 +0800] "GET /xingrg/kc/buy/cgsh_order_operate.html?command=get_materiel&rest_code=00147&code=00101008004&supplier_code=00100242&order_time=2022-06-15 HTTP/1.1" 200 416
218.81.223.53 - - [15/Jun/2022:11:56:03 +0800] "GET /xingrg/all/function/internal_message.html?_=1655265363253&CODE_STATE=getMsg HTTP/1.1" 200 27
218.81.223.53 - - [15/Jun/2022:11:56:04 +0800] "GET /xingrg/kc/buy/cgsh_order_operate.html?command=get_materiel&rest_code=00146&code=00101010753&supplier_code=00100329&order_time=2022-06-13 HTTP/1.1" 200 450
58.35.194.53 - - [15/Jun/2022:11:56:07 +0800] "GET /xingrg/kc/base/crk_hz.html?_=1655265365968&command=get_cost_id&end_date=2022-02-28&start_date=2022-02-01 HTTP/1.1" 200 51
58.35.194.53 - - [15/Jun/2022:11:56:07 +0800] "GET /xingrg/all/report/report_query.html?isQuery=1&onlyBody=1&rh=99999&rw=1800&varString=start:20220201,cost_id:3513,mid:20220201&fileName=kc/base/crk_hz_type_by_base.xml&queryString=%20a.base_code%20in%20('0010779','0010785')%20%20and%20m.sort_code%20in%20('00101001','00101002','00101003','00101004','00101005','00101006','00101007','00101008','00101009','00101010','00101011','00101012','00101013','00101014','00101015','00101016','00101017','00101018','00101019','00101020','00101021','00101022','00101023','00101024','00101025','00101026','00101027','00101028','00101029','00101030','00101031','00101032','00101033','00101034','00101036','00101037','00101038','00101039','00101040','00101041','00101042')%20&queryText=日期:2022-02-01至2022-02-28%20仓库:食品仓库,粤菜&tableQueryString=materiel_table$sp1$$sp$before_table$sp1$$sp$crk_table$sp1$order_day%20between%2020220201%20and%2020220228 HTTP/1.1" 200 49889
58.35.194.53 - - [15/Jun/2022:11:56:07 +0800] "GET /xingrg/dwr/interface/AjaxReportQueryService.js HTTP/1.1" 200 13203
58.35.194.53 - - [15/Jun/2022:11:56:07 +0800] "GET /xingrg/dwr/engine.js HTTP/1.1" 200 43631
58.35.194.53 - - [15/Jun/2022:11:56:08 +0800] "POST /xingrg/all/report/load_report_page.html HTTP/1.1" 200 119048
58.35.194.53 - - [15/Jun/2022:11:56:08 +0800] "GET /xingrg/servlets/image?cache=0.8827657877839239&image=px HTTP/1.1" 200 807
58.35.194.53 - - [15/Jun/2022:11:56:10 +0800] "GET /xingrg/all/report/report_query.html?isQuery=1&fileName=kc/base/crk_detail_by_small.xml&rh=99999&queryString=&queryText=%25E3%2580%2590%25E4%25BB%2593%25E5%25BA%2593%25E5%2590%258D%25E7%25A7%25B0%253A%25E9%25A3%259F%25E5%2593%2581%25E4%25BB%2593%25E5%25BA%2593%25E3%2580%2591%25E3%2580%2590%25E4%25B8%259A%25E5%258A%25A1%25E7%25B1%25BB%25E5%259E%258B%25EF%25BC%259A%25E6%2580%25BB%25E9%2583%25A8%25E9%2585%258D%25E9%2580%2581%25E3%2580%2591%2520%253F%253F%253F%253F%253F2022-02-01%253F%253F2022-02-28%2520%253F%253F%253F%253F%253F%253F%253F%253F%252C%253F%253F%253F%253F&tableQueryString=crk_table%2524sp1%2524order_day%2520between%252020220201%2520and%252020220228%2520and%2520(base_code%253D'0010779')%2520and%2520(src_order_type%2520in%2520(31))%2520and%2520(is_rk%2520in%2520(1)) HTTP/1.1" 200 53798
58.35.194.53 - - [15/Jun/2022:11:56:10 +0800] "GET /xingrg/dwr/interface/AjaxReportQueryService.js HTTP/1.1" 200 13203
58.35.194.53 - - [15/Jun/2022:11:56:10 +0800] "GET /xingrg/dwr/engine.js HTTP/1.1" 200 43631
58.35.194.53 - - [15/Jun/2022:11:56:10 +0800] "GET /xingrg/javascript/jquery_easy_ui/themes/icons/pencil.png HTTP/1.1" 200 713
58.35.194.53 - - [15/Jun/2022:11:56:10 +0800] "GET /xingrg/javascript/jquery_easy_ui/themes/default/images/menu_rightarrow.png HTTP/1.1" 200 3617
58.35.194.53 - - [15/Jun/2022:11:56:10 +0800] "POST /xingrg/all/report/load_report_page.html HTTP/1.1" 200 37858
58.35.194.53 - - [15/Jun/2022:11:56:10 +0800] "GET /xingrg/servlets/image?cache=0.699042462487472&image=px HTTP/1.1" 200 807
180.169.147.146 - - [15/Jun/2022:11:56:12 +0800] "GET /xingrg/kc/buy/cgsh_order_operate.html?command=get_materiel&rest_code=00147&code=00101008244&supplier_code=00100242&order_time=2022-06-15 HTTP/1.1" 200 408
222.69.144.95 - - [15/Jun/2022:11:56:13 +0800] "GET /xingrg/all/function/internal_message.html?_=1655265402184&CODE_STATE=getMsg HTTP/1.1" 200 27
114.84.82.172 - - [15/Jun/2022:11:56:14 +0800] "GET /xingrg/login.html HTTP/1.1" 200 7641
114.84.82.172 - - [15/Jun/2022:11:56:16 +0800] "GET /favicon.ico HTTP/1.1" 404 -
114.84.82.172 - - [15/Jun/2022:11:56:17 +0800] "POST /xingrg/login.do HTTP/1.1" 302 -
114.84.82.172 - - [15/Jun/2022:11:56:17 +0800] "GET /xingrg/index.html?sysBaseUrl=http%3A%2F%2F180.169.147.146%3A18081%2Fxingrg%2F&costTime=44×tamp=1655265377825 HTTP/1.1" 200 17419
114.84.82.172 - - [15/Jun/2022:11:56:18 +0800] "GET /favicon.ico HTTP/1.1" 404 -
114.84.82.172 - - [15/Jun/2022:11:56:18 +0800] "POST /xingrg/all/common/load_tree.html?tree=area_rest_tree_json&manage=1 HTTP/1.1" 200 3472
114.84.82.172 - - [15/Jun/2022:11:56:18 +0800] "GET /xingrg/all/function/internal_message.html?_=1655265375735&CODE_STATE=count HTTP/1.1" 200 11
114.84.82.172 - - [15/Jun/2022:11:56:19 +0800] "GET /xingrg/check_reg.html?_=1655265375736 HTTP/1.1" 200 22
114.84.82.172 - - [15/Jun/2022:11:56:19 +0800] "POST /xingrg/load_menu.html HTTP/1.1" 200 9959
218.81.223.53 - - [15/Jun/2022:11:56:20 +0800] "POST /xingrg/kc/buy/cgsh_order_operate.html HTTP/1.1" 200 37
116.230.110.173 - - [15/Jun/2022:11:56:21 +0800] "GET /xingrg/kc/buy/cgsh_order_add.html HTTP/1.1" 200 67576
116.230.110.173 - - [15/Jun/2022:11:56:21 +0800] "GET /xingrg/words/20220613124541_words.js HTTP/1.1" 200 901229
218.81.223.53 - - [15/Jun/2022:11:56:21 +0800] "POST /xingrg/kc/buy/cgsh_order_operate.html HTTP/1.1" 200 2693
116.230.110.173 - - [15/Jun/2022:11:56:22 +0800] "POST /xingrg/kc/buy/cgsh_order_operate.html HTTP/1.1" 200 8245
116.230.110.173 - - [15/Jun/2022:11:56:22 +0800] "GET /xingrg/all/common/auto_word.html?type=employee&rest_code=00155 HTTP/1.1" 200 205
116.230.110.173 - - [15/Jun/2022:11:56:22 +0800] "GET /xingrg/javascript/easyui/themes/default/validatebox.css HTTP/1.1" 404 1104
116.230.110.173 - - [15/Jun/2022:11:56:22 +0800] "GET /xingrg/all/common/auto_word.html?type=employee&rest_code=00155 HTTP/1.1" 200 205
116.230.110.173 - - [15/Jun/2022:11:56:22 +0800] "GET /xingrg/javascript/auto/indicator.gif HTTP/1.1" 404 1066
58.35.194.53 - - [15/Jun/2022:11:56:24 +0800] "GET /xingrg/javascript/jquery_easy_ui/themes/default/images/tabs_active.png HTTP/1.1" 200 2894
101.85.120.86 - - [15/Jun/2022:11:56:25 +0800] "GET /xingrg/all/function/internal_message.html?_=1655265381027&CODE_STATE=getMsg HTTP/1.1" 200 27
58.35.194.53 - - [15/Jun/2022:11:56:26 +0800] "GET /xingrg/all/function/internal_message.html?_=1655265385145&CODE_STATE=getMsg HTTP/1.1" 200 27
218.81.223.53 - - [15/Jun/2022:11:56:26 +0800] "GET /xingrg/kc/print/load_data.html?order_code=212022061501549&kc_code=cgsh&condition= HTTP/1.1" 200 720
222.70.180.114 - - [15/Jun/2022:11:56:27 +0800] "GET /xingrg/all/function/internal_message.html?_=1655265385425&CODE_STATE=getMsg HTTP/1.1" 200 27
222.70.180.114 - - [15/Jun/2022:11:56:27 +0800] "GET /xingrg/check_reg.html?_=1655265385431 HTTP/1.1" 200 22
114.95.43.0 - - [15/Jun/2022:11:56:27 +0800] "GET /xingrg/check_reg.html?_=1655265387644 HTTP/1.1" 200 22
114.95.43.0 - - [15/Jun/2022:11:56:27 +0800] "GET /xingrg/all/function/internal_message.html?_=1655265387648&CODE_STATE=getMsg HTTP/1.1" 200 27
120.253.135.82 - - [15/Jun/2022:11:56:29 +0800] "GET /xingrg/all/function/internal_message.html?_=1655265535677&CODE_STATE=getMsg HTTP/1.1" 200 27
58.35.194.53 - - [15/Jun/2022:11:56:30 +0800] "GET /xingrg/all/report/report_query.html?isQuery=1&fileName=kc/base/crk_detail_by_small.xml&rh=99999&queryString=&queryText=%25E3%2580%2590%25E4%25BB%2593%25E5%25BA%2593%25E5%2590%258D%25E7%25A7%25B0%253A%25E7%25B2%25A4%25E8%258F%259C%25E3%2580%2591%25E3%2580%2590%25E4%25B8%259A%25E5%258A%25A1%25E7%25B1%25BB%25E5%259E%258B%25EF%25BC%259A%25E6%2580%25BB%25E9%2583%25A8%25E9%2585%258D%25E9%2580%2581%25E3%2580%2591%2520%253F%253F%253F%253F%253F2022-02-01%253F%253F2022-02-28%2520%253F%253F%253F%253F%253F%253F%253F%253F%252C%253F%253F%253F%253F&tableQueryString=crk_table%2524sp1%2524order_day%2520between%252020220201%2520and%252020220228%2520and%2520(base_code%253D'0010785')%2520and%2520(src_order_type%2520in%2520(31))%2520and%2520(is_rk%2520in%2520(1)) HTTP/1.1" 200 53790
58.35.194.53 - - [15/Jun/2022:11:56:30 +0800] "GET /xingrg/dwr/interface/AjaxReportQueryService.js HTTP/1.1" 200 13203
58.35.194.53 - - [15/Jun/2022:11:56:30 +0800] "GET /xingrg/dwr/engine.js HTTP/1.1" 200 43631
58.35.194.53 - - [15/Jun/2022:11:56:31 +0800] "POST /xingrg/all/report/load_report_page.html HTTP/1.1" 200 13895
58.35.194.53 - - [15/Jun/2022:11:56:31 +0800] "GET /xingrg/servlets/image?cache=0.6694452327597158&image=px HTTP/1.1" 200 807
114.88.162.248 - - [15/Jun/2022:11:56:34 +0800] "GET /xingrg/all/function/internal_message.html?_=1655265391239&CODE_STATE=getMsg HTTP/1.1" 200 27
58.35.194.53 - - [15/Jun/2022:11:56:38 +0800] "GET /xingrg/all/report/report_query.html?isQuery=1&fileName=kc/base/crk_detail_by_small.xml&rh=99999&queryString=&queryText=%25E3%2580%2590%25E4%25BB%2593%25E5%25BA%2593%25E5%2590%258D%25E7%25A7%25B0%253A%25E9%25A3%259F%25E5%2593%2581%25E4%25BB%2593%25E5%25BA%2593%25E3%2580%2591%25E3%2580%2590%25E4%25B8%259A%25E5%258A%25A1%25E7%25B1%25BB%25E5%259E%258B%25EF%25BC%259A%25E9%2587%2587%25E8%25B4%25AD%25E5%2585%25A5%25E5%25BA%2593%25E3%2580%2591%2520%253F%253F%253F%253F%253F2022-02-01%253F%253F2022-02-28%2520%253F%253F%253F%253F%253F%253F%253F%253F%252C%253F%253F%253F%253F&tableQueryString=crk_table%2524sp1%2524order_day%2520between%252020220201%2520and%252020220228%2520and%2520(base_code%253D'0010779')%2520and%2520(src_order_type%2520in%2520(21))%2520and%2520(is_rk%2520in%2520(1)) HTTP/1.1" 200 53798
58.35.194.53 - - [15/Jun/2022:11:56:38 +0800] "GET /xingrg/dwr/interface/AjaxReportQueryService.js HTTP/1.1" 200 13203
58.35.194.53 - - [15/Jun/2022:11:56:38 +0800] "GET /xingrg/dwr/engine.js HTTP/1.1" 200 43631
58.35.194.53 - - [15/Jun/2022:11:56:38 +0800] "POST /xingrg/all/report/load_report_page.html HTTP/1.1" 200 11729
58.35.194.53 - - [15/Jun/2022:11:56:38 +0800] "GET /xingrg/servlets/image?cache=0.6744339814281665&image=px HTTP/1.1" 200 807
116.230.110.173 - - [15/Jun/2022:11:56:40 +0800] "GET /xingrg/kc/buy/cgsh_order_operate.html?command=get_materiel&rest_code=00155&code=00102002906&supplier_code=00100151&order_time=2022-06-15 HTTP/1.1" 200 422
180.169.147.146 - - [15/Jun/2022:11:56:41 +0800] "GET /xingrg/all/function/internal_message.html?_=1655265398332&CODE_STATE=getMsg HTTP/1.1" 200 27
114.95.43.0 - - [15/Jun/2022:11:56:41 +0800] "GET /xingrg/all/function/internal_message.html?_=1655265311089&CODE_STATE=getMsg HTTP/1.1" 200 27
218.81.223.53 - - [15/Jun/2022:11:56:42 +0800] "GET /xingrg/kc/buy/cgsh_order_add.html HTTP/1.1" 200 67576
218.81.223.53 - - [15/Jun/2022:11:56:42 +0800] "POST /xingrg/kc/buy/cgsh_order_operate.html HTTP/1.1" 200 8245
218.81.223.53 - - [15/Jun/2022:11:56:42 +0800] "GET /xingrg/javascript/easyui/themes/default/validatebox.css HTTP/1.1" 404 1104
58.35.194.53 - - [15/Jun/2022:11:56:42 +0800] "GET /xingrg/all/report/report_query.html?isQuery=1&fileName=kc/base/crk_detail_by_small.xml&rh=99999&queryString=&queryText=%25E3%2580%2590%25E4%25BB%2593%25E5%25BA%2593%25E5%2590%258D%25E7%25A7%25B0%253A%25E9%25A3%259F%25E5%2593%2581%25E4%25BB%2593%25E5%25BA%2593%25E3%2580%2591%25E3%2580%2590%25E4%25B8%259A%25E5%258A%25A1%25E7%25B1%25BB%25E5%259E%258B%25EF%25BC%259A%25E6%2580%25BB%25E9%2583%25A8%25E9%2585%258D%25E9%2580%2581%25E3%2580%2591%2520%253F%253F%253F%253F%253F2022-02-01%253F%253F2022-02-28%2520%253F%253F%253F%253F%253F%253F%253F%253F%252C%253F%253F%253F%253F&tableQueryString=crk_table%2524sp1%2524order_day%2520between%252020220201%2520and%252020220228%2520and%2520(base_code%253D'0010779')%2520and%2520(src_order_type%2520in%2520(31))%2520and%2520(is_rk%2520in%2520(1)) HTTP/1.1" 200 53798
58.35.194.53 - - [15/Jun/2022:11:56:43 +0800] "GET /xingrg/dwr/interface/AjaxReportQueryService.js HTTP/1.1" 200 13203
58.35.194.53 - - [15/Jun/2022:11:56:43 +0800] "GET /xingrg/dwr/engine.js HTTP/1.1" 200 43631
58.35.194.53 - - [15/Jun/2022:11:56:43 +0800] "POST /xingrg/all/report/load_report_page.html HTTP/1.1" 200 37880
58.35.194.53 - - [15/Jun/2022:11:56:43 +0800] "GET /xingrg/servlets/image?cache=0.2263426528928446&image=px HTTP/1.1" 200 807
114.83.219.74 - - [15/Jun/2022:11:56:49 +0800] "GET /xingrg/all/function/internal_message.html?_=1655265407077&CODE_STATE=getMsg HTTP/1.1" 200 27
180.169.147.146 - - [15/Jun/2022:11:56:52 +0800] "GET /xingrg/all/function/internal_message.html?_=1655265410523&CODE_STATE=getMsg HTTP/1.1" 200 27
180.169.147.146 - - [15/Jun/2022:11:56:53 +0800] "GET /xingrg/check_reg.html?_=1655265411106 HTTP/1.1" 200 22
180.169.147.146 - - [15/Jun/2022:11:56:53 +0800] "GET /xingrg/all/function/internal_message.html?_=1655265411113&CODE_STATE=getMsg HTTP/1.1" 200 27
116.230.110.173 - - [15/Jun/2022:11:56:54 +0800] "GET /xingrg/check_reg.html?_=1655265411471 HTTP/1.1" 200 22
116.230.110.173 - - [15/Jun/2022:11:56:54 +0800] "GET /xingrg/all/function/internal_message.html?_=1655265411473&CODE_STATE=getMsg HTTP/1.1" 200 27
180.169.147.146 - - [15/Jun/2022:11:56:55 +0800] "GET /xingrg/kc/buy/cgsh_order_operate.html?command=get_materiel&rest_code=00147&code=00101008182&supplier_code=00100242&order_time=2022-06-15 HTTP/1.1" 200 412
180.169.147.146 - - [15/Jun/2022:11:56:59 +0800] "GET /xingrg/all/function/internal_message.html?_=1655265417018&CODE_STATE=getMsg HTTP/1.1" 200 27
180.169.147.146 - - [15/Jun/2022:11:57:02 +0800] "GET /xingrg/check_reg.html?_=1655265422742 HTTP/1.1" 200 22
218.81.223.53 - - [15/Jun/2022:11:57:03 +0800] "GET /xingrg/all/function/internal_message.html?_=1655265423267&CODE_STATE=getMsg HTTP/1.1" 200 27
218.81.223.53 - - [15/Jun/2022:11:57:03 +0800] "GET /xingrg/kc/buy/cgsh_order_operate.html?command=get_materiel&rest_code=00146&code=00101010632&supplier_code=00100323&order_time=2022-06-14 HTTP/1.1" 200 410
222.69.144.95 - - [15/Jun/2022:11:57:13 +0800] "GET /xingrg/all/function/internal_message.html?_=1655265462187&CODE_STATE=getMsg HTTP/1.1" 200 27
114.84.82.172 - - [15/Jun/2022:11:57:18 +0800] "GET /xingrg/all/function/internal_message.html?_=1655265435746&CODE_STATE=getMsg HTTP/1.1" 200 27
120.253.135.82 - - [15/Jun/2022:11:57:21 +0800] "GET /xingrg/check_reg.html?_=1655265248817 HTTP/1.1" 200 22
116.230.110.173 - - [15/Jun/2022:11:57:24 +0800] "POST /xingrg/kc/buy/cgsh_order_operate.html HTTP/1.1" 200 37
218.81.223.53 - - [15/Jun/2022:11:57:25 +0800] "GET /xingrg/kc/buy/cgsh_order_operate.html?command=get_materiel&rest_code=00146&code=00101010839&supplier_code=00100323&order_time=2022-06-14 HTTP/1.1" 200 411
101.85.120.86 - - [15/Jun/2022:11:57:25 +0800] "GET /xingrg/check_reg.html?_=1655265441053 HTTP/1.1" 200 22
101.85.120.86 - - [15/Jun/2022:11:57:25 +0800] "GET /xingrg/all/function/internal_message.html?_=1655265441055&CODE_STATE=getMsg HTTP/1.1" 200 27
116.230.110.173 - - [15/Jun/2022:11:57:26 +0800] "POST /xingrg/kc/buy/cgsh_order_operate.html HTTP/1.1" 200 2672
180.169.147.146 - - [15/Jun/2022:11:57:26 +0800] "GET /xingrg/kc/buy/cgsh_order_operate.html?command=get_materiel&rest_code=00147&code=00101008079&supplier_code=00100242&order_time=2022-06-15 HTTP/1.1" 200 417
58.35.194.53 - - [15/Jun/2022:11:57:26 +0800] "GET /xingrg/check_reg.html?_=1655265445149 HTTP/1.1" 200 22
