120.253.135.82 - - [15/Jun/2022:12:05:29 +0800] "GET /xingrg/all/function/internal_message.html?_=1655266075827&CODE_STATE=getMsg HTTP/1.1" 200 27
180.169.147.146 - - [15/Jun/2022:12:05:32 +0800] "POST /xingrg/kc/buy/cgsh_order_operate.html HTTP/1.1" 200 2065
114.88.162.248 - - [15/Jun/2022:12:05:34 +0800] "GET /xingrg/check_reg.html?_=1655265931264 HTTP/1.1" 200 22
114.88.162.248 - - [15/Jun/2022:12:05:34 +0800] "GET /xingrg/all/function/internal_message.html?_=1655265931266&CODE_STATE=getMsg HTTP/1.1" 200 27
120.253.135.82 - - [15/Jun/2022:12:05:36 +0800] "GET /xingrg/kc/pszx/mdps_order_list.html?orderType=0 HTTP/1.1" 200 21007
120.253.135.82 - - [15/Jun/2022:12:05:37 +0800] "POST /xingrg/kc/pszx/mdps_list_operate.html HTTP/1.1" 200 5235
180.169.147.146 - - [15/Jun/2022:12:05:39 +0800] "GET /xingrg/kc/buy/cgsh_order_operate.html?command=get_materiel&rest_code=00147&code=00101008236&supplier_code=00100242&order_time=2022-06-15 HTTP/1.1" 200 432
180.169.147.146 - - [15/Jun/2022:12:05:41 +0800] "GET /xingrg/all/function/internal_message.html?_=1655265938329&CODE_STATE=getMsg HTTP/1.1" 200 27
114.95.43.0 - - [15/Jun/2022:12:05:41 +0800] "GET /xingrg/all/function/internal_message.html?_=1655265851125&CODE_STATE=getMsg HTTP/1.1" 200 27
180.169.147.146 - - [15/Jun/2022:12:05:48 +0800] "GET /xingrg/kc/buy/cgsh_order_operate.html?command=get_materiel&rest_code=00147&code=00101020152&supplier_code=00100242&order_time=2022-06-15 HTTP/1.1" 200 416
114.83.219.74 - - [15/Jun/2022:12:05:49 +0800] "GET /xingrg/all/function/internal_message.html?_=1655265946884&CODE_STATE=getMsg HTTP/1.1" 200 27
58.35.194.53 - - [15/Jun/2022:12:05:49 +0800] "POST /xingrg/kc/mdqp/pssh_list_operate.html HTTP/1.1" 200 664
180.169.147.146 - - [15/Jun/2022:12:05:52 +0800] "GET /xingrg/all/function/internal_message.html?_=1655265950533&CODE_STATE=getMsg HTTP/1.1" 200 27
180.169.147.146 - - [15/Jun/2022:12:05:53 +0800] "GET /xingrg/all/function/internal_message.html?_=1655265951234&CODE_STATE=getMsg HTTP/1.1" 200 27
116.230.110.173 - - [15/Jun/2022:12:05:54 +0800] "GET /xingrg/all/function/internal_message.html?_=1655265951511&CODE_STATE=getMsg HTTP/1.1" 200 27
58.35.194.53 - - [15/Jun/2022:12:05:56 +0800] "GET /xingrg/kc/mdqp/qp_main.html HTTP/1.1" 200 10633
58.35.194.53 - - [15/Jun/2022:12:05:57 +0800] "GET /xingrg/images/yd/bt.gif HTTP/1.1" 404 1040
58.35.194.53 - - [15/Jun/2022:12:05:57 +0800] "GET /xingrg/kc/mdqp/qqps_order_list.html HTTP/1.1" 200 9668
58.35.194.53 - - [15/Jun/2022:12:05:57 +0800] "GET /xingrg/dwr/interface/AjaxQqpsService.js HTTP/1.1" 200 16326
58.35.194.53 - - [15/Jun/2022:12:05:58 +0800] "GET /xingrg/dwr/interface/AjaxReportQueryService.js HTTP/1.1" 200 13203
58.35.194.53 - - [15/Jun/2022:12:05:58 +0800] "GET /xingrg/dwr/engine.js HTTP/1.1" 200 43631
180.169.147.146 - - [15/Jun/2022:12:05:59 +0800] "GET /xingrg/all/function/internal_message.html?_=1655265957019&CODE_STATE=getMsg HTTP/1.1" 200 27
218.81.223.53 - - [15/Jun/2022:12:06:03 +0800] "GET /xingrg/all/function/internal_message.html?_=1655265963608&CODE_STATE=getMsg HTTP/1.1" 200 27
222.69.144.95 - - [15/Jun/2022:12:06:13 +0800] "GET /xingrg/all/function/internal_message.html?_=1655266002183&CODE_STATE=getMsg HTTP/1.1" 200 27
58.35.194.53 - - [15/Jun/2022:12:06:18 +0800] "GET /xingrg/kc/mdqp/qqps_order_add.html HTTP/1.1" 200 28155
58.35.194.53 - - [15/Jun/2022:12:06:18 +0800] "GET /xingrg/dwr/interface/AjaxQqpsService.js HTTP/1.1" 200 16326
58.35.194.53 - - [15/Jun/2022:12:06:18 +0800] "GET /xingrg/dwr/interface/AjaxComOrderService.js HTTP/1.1" 200 18264
58.35.194.53 - - [15/Jun/2022:12:06:18 +0800] "GET /xingrg/dwr/engine.js HTTP/1.1" 200 43631
114.84.82.172 - - [15/Jun/2022:12:06:18 +0800] "GET /xingrg/check_reg.html?_=1655265975760 HTTP/1.1" 200 22
114.84.82.172 - - [15/Jun/2022:12:06:19 +0800] "GET /xingrg/all/function/internal_message.html?_=1655265975761&CODE_STATE=getMsg HTTP/1.1" 200 27
58.35.194.53 - - [15/Jun/2022:12:06:23 +0800] "GET /xingrg/kc/mdqp/qqps_order_list.html?isBack=1 HTTP/1.1" 200 9677
58.35.194.53 - - [15/Jun/2022:12:06:23 +0800] "GET /xingrg/dwr/interface/AjaxReportQueryService.js HTTP/1.1" 200 13203
58.35.194.53 - - [15/Jun/2022:12:06:23 +0800] "GET /xingrg/dwr/interface/AjaxQqpsService.js HTTP/1.1" 200 16326
58.35.194.53 - - [15/Jun/2022:12:06:23 +0800] "GET /xingrg/dwr/engine.js HTTP/1.1" 200 43631
58.35.194.53 - - [15/Jun/2022:12:06:25 +0800] "GET /xingrg/kc/buy/buy_main.html HTTP/1.1" 200 12412
58.35.194.53 - - [15/Jun/2022:12:06:25 +0800] "GET /xingrg/css/new_ie.css HTTP/1.1" 404 1036
101.85.120.86 - - [15/Jun/2022:12:06:25 +0800] "GET /xingrg/all/function/internal_message.html?_=1655265981053&CODE_STATE=getMsg HTTP/1.1" 200 27
58.35.194.53 - - [15/Jun/2022:12:06:26 +0800] "GET /xingrg/all/function/internal_message.html?_=1655265985147&CODE_STATE=getMsg HTTP/1.1" 200 27
222.70.180.114 - - [15/Jun/2022:12:06:27 +0800] "GET /xingrg/check_reg.html?_=1655265985435 HTTP/1.1" 200 22
222.70.180.114 - - [15/Jun/2022:12:06:27 +0800] "GET /xingrg/all/function/internal_message.html?_=1655265985436&CODE_STATE=getMsg HTTP/1.1" 200 27
114.95.43.0 - - [15/Jun/2022:12:06:27 +0800] "GET /xingrg/check_reg.html?_=1655265987665 HTTP/1.1" 200 22
114.95.43.0 - - [15/Jun/2022:12:06:27 +0800] "GET /xingrg/all/function/internal_message.html?_=1655265987668&CODE_STATE=getMsg HTTP/1.1" 200 27
58.35.194.53 - - [15/Jun/2022:12:06:29 +0800] "GET /xingrg/kc/mdqp/qp_main.html HTTP/1.1" 200 10633
120.253.135.82 - - [15/Jun/2022:12:06:29 +0800] "GET /xingrg/all/function/internal_message.html?_=1655266135861&CODE_STATE=getMsg HTTP/1.1" 200 27
180.169.147.146 - - [15/Jun/2022:12:06:29 +0800] "GET /xingrg/kc/buy/cgsh_order_operate.html?command=get_materiel&rest_code=00147&code=00101008114&supplier_code=00100242&order_time=2022-06-15 HTTP/1.1" 200 413
58.35.194.53 - - [15/Jun/2022:12:06:31 +0800] "GET /xingrg/kc/guide/model.html?target=qqps HTTP/1.1" 200 10595
58.35.194.53 - - [15/Jun/2022:12:06:31 +0800] "GET /xingrg/javascript/calendar/humanity.datepick.css HTTP/1.1" 200 4337
58.35.194.53 - - [15/Jun/2022:12:06:31 +0800] "GET /xingrg/dwr/interface/AjaxCgydService.js HTTP/1.1" 200 15618
58.35.194.53 - - [15/Jun/2022:12:06:31 +0800] "GET /xingrg/dwr/interface/AjaxCgshService.js HTTP/1.1" 200 16895
58.35.194.53 - - [15/Jun/2022:12:06:31 +0800] "GET /xingrg/javascript/calendar/jquery.datepick-zh-CN.js HTTP/1.1" 200 1638
58.35.194.53 - - [15/Jun/2022:12:06:31 +0800] "GET /xingrg/javascript/calendar/jquery.datepick.pack.js HTTP/1.1" 200 27678
58.35.194.53 - - [15/Jun/2022:12:06:31 +0800] "GET /xingrg/dwr/interface/AjaxQqpsService.js HTTP/1.1" 200 16326
58.35.194.53 - - [15/Jun/2022:12:06:31 +0800] "GET /xingrg/dwr/interface/AjaxCheckService.js HTTP/1.1" 200 14003
58.35.194.53 - - [15/Jun/2022:12:06:31 +0800] "GET /xingrg/dwr/engine.js HTTP/1.1" 200 43631
114.88.162.248 - - [15/Jun/2022:12:06:34 +0800] "GET /xingrg/all/function/internal_message.html?_=1655265991265&CODE_STATE=getMsg HTTP/1.1" 200 27
58.35.194.53 - - [15/Jun/2022:12:06:37 +0800] "GET /xingrg/kc/mdqp/qp_main.html HTTP/1.1" 200 10633
58.35.194.53 - - [15/Jun/2022:12:06:38 +0800] "GET /xingrg/kc/mdqp/pssh_order_list.html HTTP/1.1" 200 17863
58.35.194.53 - - [15/Jun/2022:12:06:38 +0800] "POST /xingrg/kc/mdqp/pssh_list_operate.html HTTP/1.1" 200 5450
180.169.147.146 - - [15/Jun/2022:12:06:39 +0800] "POST /xingrg/kc/buy/cgsh_order_operate.html HTTP/1.1" 200 37
180.169.147.146 - - [15/Jun/2022:12:06:40 +0800] "POST /xingrg/kc/buy/cgsh_order_operate.html HTTP/1.1" 200 26943
180.169.147.146 - - [15/Jun/2022:12:06:41 +0800] "GET /xingrg/all/function/internal_message.html?_=1655265998356&CODE_STATE=getMsg HTTP/1.1" 200 27
114.95.43.0 - - [15/Jun/2022:12:06:41 +0800] "GET /xingrg/all/function/internal_message.html?_=1655265911125&CODE_STATE=getMsg HTTP/1.1" 200 27
180.169.147.146 - - [15/Jun/2022:12:06:42 +0800] "GET /xingrg/kc/print/report_design.html?orderType=cgsh HTTP/1.1" 200 8625
180.169.147.146 - - [15/Jun/2022:12:06:42 +0800] "GET /xingrg/css/design.css HTTP/1.1" 304 -
180.169.147.146 - - [15/Jun/2022:12:06:42 +0800] "GET /xingrg/javascript/easyui/jquery.easyui.min.js HTTP/1.1" 304 -
180.169.147.146 - - [15/Jun/2022:12:06:42 +0800] "GET /xingrg/javascript/easyui/themes/sunny/easyui.css HTTP/1.1" 304 -
180.169.147.146 - - [15/Jun/2022:12:06:42 +0800] "GET /xingrg/javascript/print/report.js HTTP/1.1" 304 -
180.169.147.146 - - [15/Jun/2022:12:06:43 +0800] "GET /xingrg/javascript/print/report.helper.js HTTP/1.1" 304 -
180.169.147.146 - - [15/Jun/2022:12:06:43 +0800] "GET /xingrg/kc/print/design_operate.html?_=1655266003197&command=load_config&code=cgsh HTTP/1.1" 200 2853
180.169.147.146 - - [15/Jun/2022:12:06:43 +0800] "GET /xingrg/javascript/easyui/themes/sunny/images/ui-bg_highlight-soft_100_feeebd_1x100.png HTTP/1.1" 304 -
180.169.147.146 - - [15/Jun/2022:12:06:43 +0800] "GET /xingrg/javascript/easyui/themes/sunny/images/ui-bg_gloss-wave_45_817865_500x100.png HTTP/1.1" 304 -
180.169.147.146 - - [15/Jun/2022:12:06:43 +0800] "GET /xingrg/javascript/easyui/themes/sunny/images/blank.gif HTTP/1.1" 304 -
180.169.147.146 - - [15/Jun/2022:12:06:43 +0800] "GET /favicon.ico HTTP/1.1" 404 -
180.169.147.146 - - [15/Jun/2022:12:06:43 +0800] "GET /xingrg/javascript/easyui/themes/sunny/images/ui-icons_fadc7a_256x240.png HTTP/1.1" 304 -
180.169.147.146 - - [15/Jun/2022:12:06:43 +0800] "GET /xingrg/css/images/background.png HTTP/1.1" 304 -
180.169.147.146 - - [15/Jun/2022:12:06:43 +0800] "GET /xingrg/javascript/easyui/themes/sunny/images/ui-bg_gloss-wave_70_ffdd57_500x100.png HTTP/1.1" 304 -
180.169.147.146 - - [15/Jun/2022:12:06:43 +0800] "GET /xingrg/javascript/easyui/themes/sunny/images/ui-icons_bd7b00_256x240.png HTTP/1.1" 304 -
58.35.194.53 - - [15/Jun/2022:12:06:43 +0800] "POST /xingrg/kc/mdqp/pssh_list_operate.html HTTP/1.1" 200 350
58.35.194.53 - - [15/Jun/2022:12:06:46 +0800] "POST /xingrg/kc/mdqp/pssh_list_operate.html HTTP/1.1" 200 255
180.169.147.146 - - [15/Jun/2022:12:06:46 +0800] "GET /xingrg/kc/print/load_data.html?order_code=212022061501553&kc_code=cgsh&condition= HTTP/1.1" 200 9860
114.83.219.74 - - [15/Jun/2022:12:06:49 +0800] "GET /xingrg/all/function/internal_message.html?_=1655266006855&CODE_STATE=getMsg HTTP/1.1" 200 27
58.35.194.53 - - [15/Jun/2022:12:06:49 +0800] "POST /xingrg/kc/mdqp/pssh_list_operate.html HTTP/1.1" 200 573
58.35.194.53 - - [15/Jun/2022:12:06:51 +0800] "POST /xingrg/kc/mdqp/pssh_list_operate.html HTTP/1.1" 200 664
58.35.194.53 - - [15/Jun/2022:12:06:51 +0800] "GET /xingrg/kc/mdqp/pssh_order_info.html?code=312022061100187 HTTP/1.1" 200 14388
58.35.194.53 - - [15/Jun/2022:12:06:51 +0800] "GET /xingrg/javascript/jquery_tools/jquery-1.4.2.min.js HTTP/1.1" 404 1094
58.35.194.53 - - [15/Jun/2022:12:06:51 +0800] "POST /xingrg/kc/mdqp/pssh_order_operate.html HTTP/1.1" 200 2626
58.35.194.53 - - [15/Jun/2022:12:06:51 +0800] "GET /xingrg/javascript/easyui/themes/default/validatebox.css HTTP/1.1" 404 1104
180.169.147.146 - - [15/Jun/2022:12:06:52 +0800] "GET /xingrg/all/function/internal_message.html?_=1655266010554&CODE_STATE=getMsg HTTP/1.1" 200 27
180.169.147.146 - - [15/Jun/2022:12:06:53 +0800] "GET /xingrg/check_reg.html?_=1655266011142 HTTP/1.1" 200 22
180.169.147.146 - - [15/Jun/2022:12:06:53 +0800] "GET /xingrg/all/function/internal_message.html?_=1655266011211&CODE_STATE=getMsg HTTP/1.1" 200 27
116.230.110.173 - - [15/Jun/2022:12:06:54 +0800] "GET /xingrg/check_reg.html?_=1655266011484 HTTP/1.1" 200 22
116.230.110.173 - - [15/Jun/2022:12:06:54 +0800] "GET /xingrg/all/function/internal_message.html?_=1655266011487&CODE_STATE=getMsg HTTP/1.1" 200 27
180.169.147.146 - - [15/Jun/2022:12:06:59 +0800] "GET /xingrg/all/function/internal_message.html?_=1655266017021&CODE_STATE=getMsg HTTP/1.1" 200 27
58.35.194.53 - - [15/Jun/2022:12:07:01 +0800] "GET /xingrg/kc/base/base_main.html HTTP/1.1" 200 12142
180.169.147.146 - - [15/Jun/2022:12:07:02 +0800] "GET /xingrg/check_reg.html?_=1655266022698 HTTP/1.1" 200 22
58.35.194.53 - - [15/Jun/2022:12:07:03 +0800] "GET /xingrg/kc/mdqp/qp_main.html HTTP/1.1" 200 10633
218.81.223.53 - - [15/Jun/2022:12:07:03 +0800] "GET /xingrg/all/function/internal_message.html?_=1655266023622&CODE_STATE=getMsg HTTP/1.1" 200 27
58.35.194.53 - - [15/Jun/2022:12:07:04 +0800] "GET /xingrg/images/yd/bt.gif HTTP/1.1" 404 1040
222.69.144.95 - - [15/Jun/2022:12:07:13 +0800] "GET /xingrg/all/function/internal_message.html?_=1655266062180&CODE_STATE=getMsg HTTP/1.1" 200 27
114.84.82.172 - - [15/Jun/2022:12:07:18 +0800] "GET /xingrg/all/function/internal_message.html?_=1655266035760&CODE_STATE=getMsg HTTP/1.1" 200 27
120.253.135.82 - - [15/Jun/2022:12:07:21 +0800] "GET /xingrg/check_reg.html?_=1655265848827 HTTP/1.1" 200 22
101.85.120.86 - - [15/Jun/2022:12:07:25 +0800] "GET /xingrg/check_reg.html?_=1655266041052 HTTP/1.1" 200 22
101.85.120.86 - - [15/Jun/2022:12:07:25 +0800] "GET /xingrg/all/function/internal_message.html?_=1655266041054&CODE_STATE=getMsg HTTP/1.1" 200 27
58.35.194.53 - - [15/Jun/2022:12:07:26 +0800] "GET /xingrg/all/function/internal_message.html?_=1655266045140&CODE_STATE=getMsg HTTP/1.1" 200 27
58.35.194.53 - - [15/Jun/2022:12:07:26 +0800] "GET /xingrg/check_reg.html?_=1655266045142 HTTP/1.1" 200 22
222.70.180.114 - - [15/Jun/2022:12:07:27 +0800] "GET /xingrg/all/function/internal_message.html?_=1655266045460&CODE_STATE=getMsg HTTP/1.1" 200 27
114.95.43.0 - - [15/Jun/2022:12:07:27 +0800] "GET /xingrg/all/function/internal_message.html?_=1655266047668&CODE_STATE=getMsg HTTP/1.1" 200 27
58.35.194.53 - - [15/Jun/2022:12:07:29 +0800] "GET /xingrg/kc/mdqp/qp_main.html HTTP/1.1" 200 10633
120.253.135.82 - - [15/Jun/2022:12:07:29 +0800] "GET /xingrg/all/function/internal_message.html?_=1655266195869&CODE_STATE=getMsg HTTP/1.1" 200 27
58.35.194.53 - - [15/Jun/2022:12:07:31 +0800] "GET /xingrg/kc/mdqp/pssh_order_list.html HTTP/1.1" 200 17863
58.35.194.53 - - [15/Jun/2022:12:07:31 +0800] "POST /xingrg/kc/mdqp/pssh_list_operate.html HTTP/1.1" 200 5450
114.88.162.248 - - [15/Jun/2022:12:07:34 +0800] "GET /xingrg/all/function/internal_message.html?_=1655266051264&CODE_STATE=getMsg HTTP/1.1" 200 27
58.35.194.53 - - [15/Jun/2022:12:07:35 +0800] "POST /xingrg/all/common/list_setting.html HTTP/1.1" 200 2618
180.169.147.146 - - [15/Jun/2022:12:07:41 +0800] "GET /xingrg/all/function/internal_message.html?_=1655266058355&CODE_STATE=getMsg HTTP/1.1" 200 27
180.169.147.146 - - [15/Jun/2022:12:07:41 +0800] "GET /xingrg/check_reg.html?_=1655266058357 HTTP/1.1" 200 22
114.95.43.0 - - [15/Jun/2022:12:07:41 +0800] "GET /xingrg/check_reg.html?_=1655265971111 HTTP/1.1" 200 22
114.95.43.0 - - [15/Jun/2022:12:07:41 +0800] "GET /xingrg/all/function/internal_message.html?_=1655265971114&CODE_STATE=getMsg HTTP/1.1" 200 27
114.83.219.74 - - [15/Jun/2022:12:07:49 +0800] "GET /xingrg/all/function/internal_message.html?_=1655266066827&CODE_STATE=getMsg HTTP/1.1" 200 27
180.169.147.146 - - [15/Jun/2022:12:07:52 +0800] "GET /xingrg/all/function/internal_message.html?_=1655266070537&CODE_STATE=getMsg HTTP/1.1" 200 27
180.169.147.146 - - [15/Jun/2022:12:07:53 +0800] "GET /xingrg/all/function/internal_message.html?_=1655266071195&CODE_STATE=getMsg HTTP/1.1" 200 27
116.230.110.173 - - [15/Jun/2022:12:07:54 +0800] "GET /xingrg/all/function/internal_message.html?_=1655266071492&CODE_STATE=getMsg HTTP/1.1" 200 27
58.35.194.53 - - [15/Jun/2022:12:07:55 +0800] "GET /xingrg/kc/mdqp/psth_order_list1.html HTTP/1.1" 200 17927
58.35.194.53 - - [15/Jun/2022:12:07:55 +0800] "POST /xingrg/kc/mdqp/psth_list_operate.html HTTP/1.1" 200 749
58.35.194.53 - - [15/Jun/2022:12:07:57 +0800] "GET /xingrg/kc/mdqp/psth_order_list1.html HTTP/1.1" 200 17927
58.35.194.53 - - [15/Jun/2022:12:07:57 +0800] "POST /xingrg/kc/mdqp/psth_list_operate.html HTTP/1.1" 200 749
180.169.147.146 - - [15/Jun/2022:12:07:59 +0800] "GET /xingrg/check_reg.html?_=1655266077014 HTTP/1.1" 200 22
180.169.147.146 - - [15/Jun/2022:12:07:59 +0800] "GET /xingrg/all/function/internal_message.html?_=1655266077019&CODE_STATE=getMsg HTTP/1.1" 200 27
218.81.223.53 - - [15/Jun/2022:12:08:03 +0800] "GET /xingrg/all/function/internal_message.html?_=1655266083635&CODE_STATE=getMsg HTTP/1.1" 200 27
58.35.194.53 - - [15/Jun/2022:12:08:08 +0800] "GET /xingrg/kc/mdqp/psth_order_add1.html HTTP/1.1" 200 25290
58.35.194.53 - - [15/Jun/2022:12:08:08 +0800] "GET /xingrg/javascript/jquery_tools/jquery-1.4.2.min.js HTTP/1.1" 404 1094
58.35.194.53 - - [15/Jun/2022:12:08:08 +0800] "GET /xingrg/javascript/easyui/themes/icons/cancel.png HTTP/1.1" 200 1133
58.35.194.53 - - [15/Jun/2022:12:08:08 +0800] "GET /xingrg/javascript/easyui/themes/icons/ok.png HTTP/1.1" 200 883
58.35.194.53 - - [15/Jun/2022:12:08:08 +0800] "POST /xingrg/kc/mdqp/psth_order_operate.html HTTP/1.1" 200 6806
58.35.194.53 - - [15/Jun/2022:12:08:08 +0800] "GET /xingrg/all/common/auto_word.html?type=base&rest_code=00156&rest_code=00101 HTTP/1.1" 200 1857
58.35.194.53 - - [15/Jun/2022:12:08:08 +0800] "GET /xingrg/javascript/easyui/themes/default/validatebox.css HTTP/1.1" 404 1104
58.35.194.53 - - [15/Jun/2022:12:08:08 +0800] "GET /xingrg/javascript/easyui/themes/icons/edit_remove.png HTTP/1.1" 200 625
222.69.144.95 - - [15/Jun/2022:12:08:13 +0800] "GET /xingrg/all/function/internal_message.html?_=1655266122187&CODE_STATE=getMsg HTTP/1.1" 200 27
114.84.82.172 - - [15/Jun/2022:12:08:18 +0800] "GET /xingrg/all/function/internal_message.html?_=1655266095758&CODE_STATE=getMsg HTTP/1.1" 200 27
58.35.194.53 - - [15/Jun/2022:12:08:19 +0800] "GET /xingrg/css/images/panel_loading.gif HTTP/1.1" 200 1737
58.35.194.53 - - [15/Jun/2022:12:08:19 +0800] "POST /xingrg/all/common/load_combo.html?type=base&rest_code=00156 HTTP/1.1" 200 3321
114.84.147.169 - - [15/Jun/2022:12:08:25 +0800] "GET /xingrg/check_reg.html?_=1655265823432 HTTP/1.1" 302 -
101.85.120.86 - - [15/Jun/2022:12:08:25 +0800] "GET /xingrg/all/function/internal_message.html?_=1655266101056&CODE_STATE=getMsg HTTP/1.1" 200 27
58.35.194.53 - - [15/Jun/2022:12:08:26 +0800] "GET /xingrg/all/function/internal_message.html?_=1655266105150&CODE_STATE=getMsg HTTP/1.1" 200 27
222.70.180.114 - - [15/Jun/2022:12:08:27 +0800] "GET /xingrg/all/function/internal_message.html?_=1655266105460&CODE_STATE=getMsg HTTP/1.1" 200 27
114.95.43.0 - - [15/Jun/2022:12:08:27 +0800] "GET /xingrg/all/function/internal_message.html?_=1655266107670&CODE_STATE=getMsg HTTP/1.1" 200 27
120.253.135.82 - - [15/Jun/2022:12:08:29 +0800] "GET /xingrg/check_reg.html?_=1655266255670 HTTP/1.1" 200 22
120.253.135.82 - - [15/Jun/2022:12:08:29 +0800] "GET /xingrg/all/function/internal_message.html?_=1655266255882&CODE_STATE=getMsg HTTP/1.1" 200 27
114.88.162.248 - - [15/Jun/2022:12:08:34 +0800] "GET /xingrg/all/function/internal_message.html?_=1655266111264&CODE_STATE=getMsg HTTP/1.1" 200 27
180.169.147.146 - - [15/Jun/2022:12:08:41 +0800] "GET /xingrg/all/function/internal_message.html?_=1655266118356&CODE_STATE=getMsg HTTP/1.1" 200 27
114.95.43.0 - - [15/Jun/2022:12:08:41 +0800] "GET /xingrg/all/function/internal_message.html?_=1655266031114&CODE_STATE=getMsg HTTP/1.1" 200 27
114.83.219.74 - - [15/Jun/2022:12:08:49 +0800] "GET /xingrg/all/function/internal_message.html?_=1655266126812&CODE_STATE=getMsg HTTP/1.1" 200 27
114.83.219.74 - - [15/Jun/2022:12:08:51 +0800] "GET /xingrg/check_reg.html?_=1655266128831 HTTP/1.1" 200 22
180.169.147.146 - - [15/Jun/2022:12:08:52 +0800] "GET /xingrg/check_reg.html?_=1655266130544 HTTP/1.1" 200 22
180.169.147.146 - - [15/Jun/2022:12:08:52 +0800] "GET /xingrg/all/function/internal_message.html?_=1655266130549&CODE_STATE=getMsg HTTP/1.1" 200 27
180.169.147.146 - - [15/Jun/2022:12:08:53 +0800] "GET /xingrg/all/function/internal_message.html?_=1655266131182&CODE_STATE=getMsg HTTP/1.1" 200 27
116.230.110.173 - - [15/Jun/2022:12:08:54 +0800] "GET /xingrg/all/function/internal_message.html?_=1655266131502&CODE_STATE=getMsg HTTP/1.1" 200 27
180.169.147.146 - - [15/Jun/2022:12:08:59 +0800] "GET /xingrg/all/function/internal_message.html?_=1655266137012&CODE_STATE=getMsg HTTP/1.1" 200 27
58.35.194.53 - - [15/Jun/2022:12:09:02 +0800] "GET /xingrg/javascript/auto/indicator.gif HTTP/1.1" 404 1066
218.81.223.53 - - [15/Jun/2022:12:09:03 +0800] "GET /xingrg/all/function/internal_message.html?_=1655266143650&CODE_STATE=getMsg HTTP/1.1" 200 27
180.171.135.180 - - [15/Jun/2022:12:09:09 +0800] "POST /xingrg/services/DataTransmitService HTTP/1.1" 200 524
180.171.135.180 - - [15/Jun/2022:12:09:10 +0800] "POST /xingrg/services/DataTransmitService HTTP/1.1" 200 412
222.69.144.95 - - [15/Jun/2022:12:09:13 +0800] "GET /xingrg/all/function/internal_message.html?_=1655266182191&CODE_STATE=getMsg HTTP/1.1" 200 27
114.84.82.172 - - [15/Jun/2022:12:09:18 +0800] "GET /xingrg/all/function/internal_message.html?_=1655266155756&CODE_STATE=getMsg HTTP/1.1" 200 27
101.85.120.86 - - [15/Jun/2022:12:09:25 +0800] "GET /xingrg/all/function/internal_message.html?_=1655266161055&CODE_STATE=getMsg HTTP/1.1" 200 27
58.35.194.53 - - [15/Jun/2022:12:09:26 +0800] "GET /xingrg/all/function/internal_message.html?_=1655266165158&CODE_STATE=getMsg HTTP/1.1" 200 27
222.70.180.114 - - [15/Jun/2022:12:09:27 +0800] "GET /xingrg/all/function/internal_message.html?_=1655266165460&CODE_STATE=getMsg HTTP/1.1" 200 27
114.95.43.0 - - [15/Jun/2022:12:09:27 +0800] "GET /xingrg/all/function/internal_message.html?_=1655266167669&CODE_STATE=getMsg HTTP/1.1" 200 27
120.253.135.82 - - [15/Jun/2022:12:09:29 +0800] "GET /xingrg/all/function/internal_message.html?_=1655266315896&CODE_STATE=getMsg HTTP/1.1" 200 27
114.88.162.248 - - [15/Jun/2022:12:09:34 +0800] "GET /xingrg/all/function/internal_message.html?_=1655266171263&CODE_STATE=getMsg HTTP/1.1" 200 27
180.169.147.146 - - [15/Jun/2022:12:09:41 +0800] "GET /xingrg/all/function/internal_message.html?_=1655266178365&CODE_STATE=getMsg HTTP/1.1" 200 27
114.95.43.0 - - [15/Jun/2022:12:09:41 +0800] "GET /xingrg/all/function/internal_message.html?_=1655266091114&CODE_STATE=getMsg HTTP/1.1" 200 27
116.235.92.88 - - [15/Jun/2022:12:09:41 +0800] "POST /xingrg/services/DataTransmitService HTTP/1.1" 200 524
114.83.219.74 - - [15/Jun/2022:12:09:49 +0800] "GET /xingrg/all/function/internal_message.html?_=1655266186803&CODE_STATE=getMsg HTTP/1.1" 200 27
180.169.147.146 - - [15/Jun/2022:12:09:52 +0800] "GET /xingrg/all/function/internal_message.html?_=1655266190539&CODE_STATE=getMsg HTTP/1.1" 200 27
180.169.147.146 - - [15/Jun/2022:12:09:53 +0800] "GET /xingrg/all/function/internal_message.html?_=1655266191167&CODE_STATE=getMsg HTTP/1.1" 200 27
116.230.110.173 - - [15/Jun/2022:12:09:54 +0800] "GET /xingrg/all/function/internal_message.html?_=1655266191503&CODE_STATE=getMsg HTTP/1.1" 200 27
180.169.147.146 - - [15/Jun/2022:12:09:59 +0800] "GET /xingrg/all/function/internal_message.html?_=1655266197005&CODE_STATE=getMsg HTTP/1.1" 200 27
218.81.223.53 - - [15/Jun/2022:12:10:03 +0800] "GET /xingrg/check_reg.html?_=1655266203225 HTTP/1.1" 200 22
218.81.223.53 - - [15/Jun/2022:12:10:03 +0800] "GET /xingrg/all/function/internal_message.html?_=1655266203740&CODE_STATE=getMsg HTTP/1.1" 200 27
222.69.144.95 - - [15/Jun/2022:12:10:13 +0800] "GET /xingrg/check_reg.html?_=1655266242190 HTTP/1.1" 200 22
222.69.144.95 - - [15/Jun/2022:12:10:13 +0800] "GET /xingrg/all/function/internal_message.html?_=1655266242194&CODE_STATE=getMsg HTTP/1.1" 200 27
114.84.82.172 - - [15/Jun/2022:12:10:18 +0800] "GET /xingrg/all/function/internal_message.html?_=1655266215754&CODE_STATE=getMsg HTTP/1.1" 200 27
101.85.120.86 - - [15/Jun/2022:12:10:25 +0800] "GET /xingrg/all/function/internal_message.html?_=1655266221056&CODE_STATE=getMsg HTTP/1.1" 200 27
58.35.194.53 - - [15/Jun/2022:12:10:26 +0800] "GET /xingrg/all/function/internal_message.html?_=1655266225146&CODE_STATE=getMsg HTTP/1.1" 200 27
222.70.180.114 - - [15/Jun/2022:12:10:27 +0800] "GET /xingrg/all/function/internal_message.html?_=1655266225459&CODE_STATE=getMsg HTTP/1.1" 200 27
114.95.43.0 - - [15/Jun/2022:12:10:27 +0800] "GET /xingrg/all/function/internal_message.html?_=1655266227669&CODE_STATE=getMsg HTTP/1.1" 200 27
120.253.135.82 - - [15/Jun/2022:12:10:29 +0800] "GET /xingrg/all/function/internal_message.html?_=1655266375909&CODE_STATE=getMsg HTTP/1.1" 200 27
114.88.162.248 - - [15/Jun/2022:12:10:34 +0800] "GET /xingrg/all/function/internal_message.html?_=1655266231262&CODE_STATE=getMsg HTTP/1.1" 200 27
114.88.162.248 - - [15/Jun/2022:12:10:34 +0800] "GET /xingrg/check_reg.html?_=1655266231264 HTTP/1.1" 200 22
180.169.147.146 - - [15/Jun/2022:12:10:41 +0800] "GET /xingrg/all/function/internal_message.html?_=1655266238365&CODE_STATE=getMsg HTTP/1.1" 200 27
114.95.43.0 - - [15/Jun/2022:12:10:41 +0800] "GET /xingrg/all/function/internal_message.html?_=1655266151115&CODE_STATE=getMsg HTTP/1.1" 200 27
58.35.194.53 - - [15/Jun/2022:12:10:47 +0800] "GET /xingrg/kc/base/base_main.html HTTP/1.1" 200 12142
114.83.219.74 - - [15/Jun/2022:12:10:49 +0800] "GET /xingrg/all/function/internal_message.html?_=1655266246789&CODE_STATE=getMsg HTTP/1.1" 200 27
58.35.194.53 - - [15/Jun/2022:12:10:50 +0800] "GET /xingrg/kc/report/report_main.html HTTP/1.1" 200 7340
180.169.147.146 - - [15/Jun/2022:12:10:52 +0800] "GET /xingrg/all/function/internal_message.html?_=1655266250511&CODE_STATE=getMsg HTTP/1.1" 200 27
58.35.194.53 - - [15/Jun/2022:12:10:52 +0800] "GET /xingrg/all/report/report_query.html?fileName=kc/mdqp/qp_report_mdqp_mx_report.xml HTTP/1.1" 200 51153
58.35.194.53 - - [15/Jun/2022:12:10:52 +0800] "GET /xingrg/dwr/interface/AjaxReportQueryService.js HTTP/1.1" 200 13203
58.35.194.53 - - [15/Jun/2022:12:10:52 +0800] "GET /xingrg/dwr/engine.js HTTP/1.1" 200 43631
58.35.194.53 - - [15/Jun/2022:12:10:52 +0800] "POST /xingrg/dwr/call/plaincall/AjaxReportQueryService.getFixDate.dwr HTTP/1.1" 200 111
58.35.194.53 - - [15/Jun/2022:12:10:52 +0800] "POST /xingrg/dwr/call/plaincall/AjaxReportQueryService.getInitString.dwr HTTP/1.1" 200 125
180.169.147.146 - - [15/Jun/2022:12:10:53 +0800] "GET /xingrg/all/function/internal_message.html?_=1655266251158&CODE_STATE=getMsg HTTP/1.1" 200 27
116.230.110.173 - - [15/Jun/2022:12:10:54 +0800] "GET /xingrg/all/function/internal_message.html?_=1655266251516&CODE_STATE=getMsg HTTP/1.1" 200 27
180.169.147.146 - - [15/Jun/2022:12:10:59 +0800] "GET /xingrg/all/function/internal_message.html?_=1655266257022&CODE_STATE=getMsg HTTP/1.1" 200 27
218.81.223.53 - - [15/Jun/2022:12:11:03 +0800] "GET /xingrg/all/function/internal_message.html?_=1655266263832&CODE_STATE=getMsg HTTP/1.1" 200 27
58.35.194.53 - - [15/Jun/2022:12:11:08 +0800] "POST /xingrg/dwr/call/plaincall/AjaxReportQueryService.refreshCache.dwr HTTP/1.1" 200 78
58.35.194.53 - - [15/Jun/2022:12:11:09 +0800] "POST /xingrg/all/report/load_report_page.html HTTP/1.1" 200 89
222.69.144.95 - - [15/Jun/2022:12:11:13 +0800] "GET /xingrg/all/function/internal_message.html?_=1655266302183&CODE_STATE=getMsg HTTP/1.1" 200 27
58.35.194.53 - - [15/Jun/2022:12:11:17 +0800] "POST /xingrg/dwr/call/plaincall/AjaxReportQueryService.refreshCache.dwr HTTP/1.1" 200 78
58.35.194.53 - - [15/Jun/2022:12:11:18 +0800] "POST /xingrg/all/report/load_report_page.html HTTP/1.1" 200 91107
58.35.194.53 - - [15/Jun/2022:12:11:18 +0800] "GET /xingrg/images/blue/button/back2.gif HTTP/1.1" 200 1339
58.35.194.53 - - [15/Jun/2022:12:11:18 +0800] "GET /xingrg/images/blue/button/back.gif HTTP/1.1" 200 1352
58.35.194.53 - - [15/Jun/2022:12:11:18 +0800] "GET /xingrg/servlets/image?cache=0.9285552901319037&image=px HTTP/1.1" 200 807
114.84.82.172 - - [15/Jun/2022:12:11:18 +0800] "GET /xingrg/all/function/internal_message.html?_=1655266275752&CODE_STATE=getMsg HTTP/1.1" 200 27
114.84.82.172 - - [15/Jun/2022:12:11:19 +0800] "GET /xingrg/check_reg.html?_=1655266275753 HTTP/1.1" 200 22
58.35.194.53 - - [15/Jun/2022:12:11:19 +0800] "GET /xingrg/kc/mdqp/qp_main.html HTTP/1.1" 200 10633
58.35.194.53 - - [15/Jun/2022:12:11:20 +0800] "GET /xingrg/kc/report/report_main.html HTTP/1.1" 200 7340
101.85.120.86 - - [15/Jun/2022:12:11:25 +0800] "GET /xingrg/all/function/internal_message.html?_=1655266281056&CODE_STATE=getMsg HTTP/1.1" 200 27
58.35.194.53 - - [15/Jun/2022:12:11:26 +0800] "GET /xingrg/all/function/internal_message.html?_=1655266285136&CODE_STATE=getMsg HTTP/1.1" 200 27
222.70.180.114 - - [15/Jun/2022:12:11:27 +0800] "GET /xingrg/all/function/internal_message.html?_=1655266285457&CODE_STATE=getMsg HTTP/1.1" 200 27
222.70.180.114 - - [15/Jun/2022:12:11:27 +0800] "GET /xingrg/check_reg.html?_=1655266285458 HTTP/1.1" 200 22
114.95.43.0 - - [15/Jun/2022:12:11:27 +0800] "GET /xingrg/check_reg.html?_=1655266287670 HTTP/1.1" 200 22
114.95.43.0 - - [15/Jun/2022:12:11:27 +0800] "GET /xingrg/all/function/internal_message.html?_=1655266287673&CODE_STATE=getMsg HTTP/1.1" 200 27
120.253.135.82 - - [15/Jun/2022:12:11:29 +0800] "GET /xingrg/all/function/internal_message.html?_=1655266435923&CODE_STATE=getMsg HTTP/1.1" 200 27
114.88.162.248 - - [15/Jun/2022:12:11:34 +0800] "GET /xingrg/all/function/internal_message.html?_=1655266291263&CODE_STATE=getMsg HTTP/1.1" 200 27
58.35.194.53 - - [15/Jun/2022:12:11:37 +0800] "GET /xingrg/kc/base/kc_stocks.html HTTP/1.1" 200 16443
58.35.194.53 - - [15/Jun/2022:12:11:37 +0800] "GET /xingrg/javascript/easyui/themes/sunny/easyui.css HTTP/1.1" 200 34304
58.35.194.53 - - [15/Jun/2022:12:11:37 +0800] "GET /xingrg/javascript/easyui/themes/icons/print_new.png HTTP/1.1" 200 3580
58.35.194.53 - - [15/Jun/2022:12:11:37 +0800] "GET /xingrg/javascript/easyui/themes/icons/refresh_new.png HTTP/1.1" 200 685
58.35.194.53 - - [15/Jun/2022:12:11:37 +0800] "GET /xingrg/javascript/easyui/themes/icons/filter_new.png HTTP/1.1" 200 795
58.35.194.53 - - [15/Jun/2022:12:11:37 +0800] "GET /xingrg/javascript/easyui/themes/default/tree.css HTTP/1.1" 404 1090
58.35.194.53 - - [15/Jun/2022:12:11:37 +0800] "GET /xingrg/javascript/easyui/plugins/jquery.tree.js HTTP/1.1" 200 20874
58.35.194.53 - - [15/Jun/2022:12:11:37 +0800] "GET /xingrg/all/common/auto_word.html?type=base&rest_code=00156 HTTP/1.1" 200 1857
58.35.194.53 - - [15/Jun/2022:12:11:37 +0800] "POST /xingrg/all/common/load_tree.html?tree=materiel_sort_tree_json HTTP/1.1" 200 9388
58.35.194.53 - - [15/Jun/2022:12:11:37 +0800] "GET /xingrg/javascript/easyui/themes/sunny/images/tree_folder.gif HTTP/1.1" 200 952
58.35.194.53 - - [15/Jun/2022:12:11:37 +0800] "GET /xingrg/javascript/easyui/themes/sunny/images/tree_arrows.gif HTTP/1.1" 200 617
58.35.194.53 - - [15/Jun/2022:12:11:37 +0800] "GET /xingrg/javascript/easyui/themes/sunny/images/tree_folder_open.gif HTTP/1.1" 200 956
58.35.194.53 - - [15/Jun/2022:12:11:37 +0800] "GET /xingrg/javascript/easyui/themes/sunny/images/tree_file.gif HTTP/1.1" 200 118
58.35.194.53 - - [15/Jun/2022:12:11:38 +0800] "GET /xingrg/javascript/easyui/themes/sunny/images/ui-bg_gloss-wave_60_fece2f_500x100.png HTTP/1.1" 200 3512
58.35.194.53 - - [15/Jun/2022:12:11:39 +0800] "GET /xingrg/javascript/easyui/themes/sunny/images/ui-bg_gloss-wave_70_ffdd57_500x100.png HTTP/1.1" 200 3830
58.35.194.53 - - [15/Jun/2022:12:11:39 +0800] "POST /xingrg/kc/base/stock_operate.html HTTP/1.1" 200 4238
58.35.194.53 - - [15/Jun/2022:12:11:39 +0800] "GET /xingrg/javascript/jquery_tools/fix_table.js HTTP/1.1" 200 6528
180.169.147.146 - - [15/Jun/2022:12:11:41 +0800] "GET /xingrg/all/function/internal_message.html?_=1655266298365&CODE_STATE=getMsg HTTP/1.1" 200 27
114.95.43.0 - - [15/Jun/2022:12:11:41 +0800] "GET /xingrg/all/function/internal_message.html?_=1655266211115&CODE_STATE=getMsg HTTP/1.1" 200 27
58.35.194.53 - - [15/Jun/2022:12:11:42 +0800] "POST /xingrg/all/common/load_combo.html?type=base HTTP/1.1" 200 3321
114.83.219.74 - - [15/Jun/2022:12:11:48 +0800] "GET /xingrg/all/function/internal_message.html?_=1655266306781&CODE_STATE=getMsg HTTP/1.1" 200 27
180.169.147.146 - - [15/Jun/2022:12:11:52 +0800] "GET /xingrg/all/function/internal_message.html?_=1655266310519&CODE_STATE=getMsg HTTP/1.1" 200 27
58.35.194.53 - - [15/Jun/2022:12:11:53 +0800] "POST /xingrg/kc/base/stock_operate.html HTTP/1.1" 200 765
180.169.147.146 - - [15/Jun/2022:12:11:53 +0800] "GET /xingrg/all/function/internal_message.html?_=1655266311147&CODE_STATE=getMsg HTTP/1.1" 200 27
180.169.147.146 - - [15/Jun/2022:12:11:53 +0800] "GET /xingrg/check_reg.html?_=1655266311144 HTTP/1.1" 200 22
116.230.110.173 - - [15/Jun/2022:12:11:54 +0800] "GET /xingrg/check_reg.html?_=1655266311515 HTTP/1.1" 200 22
116.230.110.173 - - [15/Jun/2022:12:11:54 +0800] "GET /xingrg/all/function/internal_message.html?_=1655266311516&CODE_STATE=getMsg HTTP/1.1" 200 27
180.169.147.146 - - [15/Jun/2022:12:11:59 +0800] "GET /xingrg/all/function/internal_message.html?_=1655266317016&CODE_STATE=getMsg HTTP/1.1" 200 27
180.169.147.146 - - [15/Jun/2022:12:12:02 +0800] "GET /xingrg/check_reg.html?_=1655266322672 HTTP/1.1" 200 22
218.81.223.53 - - [15/Jun/2022:12:12:03 +0800] "GET /xingrg/all/function/internal_message.html?_=1655266323846&CODE_STATE=getMsg HTTP/1.1" 200 27
58.35.194.53 - - [15/Jun/2022:12:12:06 +0800] "POST /xingrg/kc/base/stock_operate.html HTTP/1.1" 200 3939
116.230.110.173 - - [15/Jun/2022:12:12:07 +0800] "POST /xingrg/services/DataTransmitService HTTP/1.1" 200 524
222.69.144.95 - - [15/Jun/2022:12:12:13 +0800] "GET /xingrg/all/function/internal_message.html?_=1655266362183&CODE_STATE=getMsg HTTP/1.1" 200 27
114.84.82.172 - - [15/Jun/2022:12:12:19 +0800] "GET /xingrg/all/function/internal_message.html?_=1655266335752&CODE_STATE=getMsg HTTP/1.1" 200 27
120.253.135.82 - - [15/Jun/2022:12:12:21 +0800] "GET /xingrg/check_reg.html?_=1655266148842 HTTP/1.1" 200 22
101.85.120.86 - - [15/Jun/2022:12:12:25 +0800] "GET /xingrg/check_reg.html?_=1655266341075 HTTP/1.1" 200 22
101.85.120.86 - - [15/Jun/2022:12:12:25 +0800] "GET /xingrg/all/function/internal_message.html?_=1655266341078&CODE_STATE=getMsg HTTP/1.1" 200 27
58.35.194.53 - - [15/Jun/2022:12:12:26 +0800] "GET /xingrg/check_reg.html?_=1655266345138 HTTP/1.1" 200 22
58.35.194.53 - - [15/Jun/2022:12:12:26 +0800] "GET /xingrg/all/function/internal_message.html?_=1655266345137&CODE_STATE=getMsg HTTP/1.1" 200 27
222.70.180.114 - - [15/Jun/2022:12:12:27 +0800] "GET /xingrg/all/function/internal_message.html?_=1655266345457&CODE_STATE=getMsg HTTP/1.1" 200 27
114.95.43.0 - - [15/Jun/2022:12:12:27 +0800] "GET /xingrg/all/function/internal_message.html?_=1655266347657&CODE_STATE=getMsg HTTP/1.1" 200 27
120.253.135.82 - - [15/Jun/2022:12:12:29 +0800] "GET /xingrg/all/function/internal_message.html?_=1655266495938&CODE_STATE=getMsg HTTP/1.1" 200 27
114.88.162.248 - - [15/Jun/2022:12:12:34 +0800] "GET /xingrg/all/function/internal_message.html?_=1655266351263&CODE_STATE=getMsg HTTP/1.1" 200 27
180.169.147.146 - - [15/Jun/2022:12:12:41 +0800] "GET /xingrg/check_reg.html?_=1655266358365 HTTP/1.1" 200 22
180.169.147.146 - - [15/Jun/2022:12:12:41 +0800] "GET /xingrg/all/function/internal_message.html?_=1655266358368&CODE_STATE=getMsg HTTP/1.1" 200 27
114.95.43.0 - - [15/Jun/2022:12:12:41 +0800] "GET /xingrg/check_reg.html?_=1655266271115 HTTP/1.1" 200 22
114.95.43.0 - - [15/Jun/2022:12:12:41 +0800] "GET /xingrg/all/function/internal_message.html?_=1655266271118&CODE_STATE=getMsg HTTP/1.1" 200 27
58.35.194.53 - - [15/Jun/2022:12:12:44 +0800] "POST /xingrg/kc/base/stock_operate.html HTTP/1.1" 200 3304
114.83.219.74 - - [15/Jun/2022:12:12:48 +0800] "GET /xingrg/all/function/internal_message.html?_=1655266366770&CODE_STATE=getMsg HTTP/1.1" 200 27
180.169.147.146 - - [15/Jun/2022:12:12:52 +0800] "GET /xingrg/all/function/internal_message.html?_=1655266370516&CODE_STATE=getMsg HTTP/1.1" 200 27
180.169.147.146 - - [15/Jun/2022:12:12:53 +0800] "GET /xingrg/all/function/internal_message.html?_=1655266371149&CODE_STATE=getMsg HTTP/1.1" 200 27
116.230.110.173 - - [15/Jun/2022:12:12:54 +0800] "GET /xingrg/all/function/internal_message.html?_=1655266371516&CODE_STATE=getMsg HTTP/1.1" 200 27
180.169.147.146 - - [15/Jun/2022:12:12:59 +0800] "GET /xingrg/check_reg.html?_=1655266377015 HTTP/1.1" 200 22
180.169.147.146 - - [15/Jun/2022:12:12:59 +0800] "GET /xingrg/all/function/internal_message.html?_=1655266377017&CODE_STATE=getMsg HTTP/1.1" 200 27
218.81.223.53 - - [15/Jun/2022:12:13:03 +0800] "GET /xingrg/all/function/internal_message.html?_=1655266383859&CODE_STATE=getMsg HTTP/1.1" 200 27
58.35.194.53 - - [15/Jun/2022:12:13:13 +0800] "POST /xingrg/kc/base/stock_operate.html HTTP/1.1" 200 1456
222.69.144.95 - - [15/Jun/2022:12:13:13 +0800] "GET /xingrg/all/function/internal_message.html?_=1655266422175&CODE_STATE=getMsg HTTP/1.1" 200 27
114.84.147.169 - - [15/Jun/2022:12:13:15 +0800] "POST /xingrg/services/DataTransmitService HTTP/1.1" 200 524
114.84.147.169 - - [15/Jun/2022:12:13:15 +0800] "POST /xingrg/services/DataTransmitService HTTP/1.1" 200 501
114.84.82.172 - - [15/Jun/2022:12:13:19 +0800] "GET /xingrg/all/function/internal_message.html?_=1655266395750&CODE_STATE=getMsg HTTP/1.1" 200 27
58.35.194.53 - - [15/Jun/2022:12:13:19 +0800] "POST /xingrg/kc/base/stock_operate.html HTTP/1.1" 200 2862
101.85.120.86 - - [15/Jun/2022:12:13:25 +0800] "GET /xingrg/all/function/internal_message.html?_=1655266401077&CODE_STATE=getMsg HTTP/1.1" 200 27
58.35.194.53 - - [15/Jun/2022:12:13:26 +0800] "GET /xingrg/all/function/internal_message.html?_=1655266405149&CODE_STATE=getMsg HTTP/1.1" 200 27
222.70.180.114 - - [15/Jun/2022:12:13:27 +0800] "GET /xingrg/all/function/internal_message.html?_=1655266405457&CODE_STATE=getMsg HTTP/1.1" 200 27
114.95.43.0 - - [15/Jun/2022:12:13:27 +0800] "GET /xingrg/all/function/internal_message.html?_=1655266407683&CODE_STATE=getMsg HTTP/1.1" 200 27
120.253.135.82 - - [15/Jun/2022:12:13:29 +0800] "GET /xingrg/check_reg.html?_=1655266555671 HTTP/1.1" 200 22
120.253.135.82 - - [15/Jun/2022:12:13:29 +0800] "GET /xingrg/all/function/internal_message.html?_=1655266555950&CODE_STATE=getMsg HTTP/1.1" 200 27
114.88.162.248 - - [15/Jun/2022:12:13:34 +0800] "GET /xingrg/all/function/internal_message.html?_=1655266411263&CODE_STATE=getMsg HTTP/1.1" 200 27
180.169.147.146 - - [15/Jun/2022:12:13:41 +0800] "GET /xingrg/all/function/internal_message.html?_=1655266418352&CODE_STATE=getMsg HTTP/1.1" 200 27
114.95.43.0 - - [15/Jun/2022:12:13:41 +0800] "GET /xingrg/all/function/internal_message.html?_=1655266331118&CODE_STATE=getMsg HTTP/1.1" 200 27
114.83.219.74 - - [15/Jun/2022:12:13:48 +0800] "GET /xingrg/all/function/internal_message.html?_=1655266426741&CODE_STATE=getMsg HTTP/1.1" 200 27
114.83.219.74 - - [15/Jun/2022:12:13:51 +0800] "GET /xingrg/check_reg.html?_=1655266428827 HTTP/1.1" 200 22
180.169.147.146 - - [15/Jun/2022:12:13:52 +0800] "GET /xingrg/all/function/internal_message.html?_=1655266430503&CODE_STATE=getMsg HTTP/1.1" 200 27
180.169.147.146 - - [15/Jun/2022:12:13:52 +0800] "GET /xingrg/check_reg.html?_=1655266430506 HTTP/1.1" 200 22
180.169.147.146 - - [15/Jun/2022:12:13:53 +0800] "GET /xingrg/all/function/internal_message.html?_=1655266431147&CODE_STATE=getMsg HTTP/1.1" 200 27
116.230.110.173 - - [15/Jun/2022:12:13:54 +0800] "GET /xingrg/all/function/internal_message.html?_=1655266431521&CODE_STATE=getMsg HTTP/1.1" 200 27
180.169.147.146 - - [15/Jun/2022:12:13:59 +0800] "GET /xingrg/all/function/internal_message.html?_=1655266437009&CODE_STATE=getMsg HTTP/1.1" 200 27
218.81.223.53 - - [15/Jun/2022:12:14:03 +0800] "GET /xingrg/all/function/internal_message.html?_=1655266443872&CODE_STATE=getMsg HTTP/1.1" 200 27
222.69.144.95 - - [15/Jun/2022:12:14:13 +0800] "GET /xingrg/all/function/internal_message.html?_=1655266482189&CODE_STATE=getMsg HTTP/1.1" 200 27
114.84.82.172 - - [15/Jun/2022:12:14:19 +0800] "GET /xingrg/all/function/internal_message.html?_=1655266455791&CODE_STATE=getMsg HTTP/1.1" 200 27
101.85.120.86 - - [15/Jun/2022:12:14:25 +0800] "GET /xingrg/all/function/internal_message.html?_=1655266461078&CODE_STATE=getMsg HTTP/1.1" 200 27
58.35.194.53 - - [15/Jun/2022:12:14:26 +0800] "GET /xingrg/all/function/internal_message.html?_=1655266465138&CODE_STATE=getMsg HTTP/1.1" 200 27
222.70.180.114 - - [15/Jun/2022:12:14:27 +0800] "GET /xingrg/all/function/internal_message.html?_=1655266465449&CODE_STATE=getMsg HTTP/1.1" 200 27
114.95.43.0 - - [15/Jun/2022:12:14:27 +0800] "GET /xingrg/all/function/internal_message.html?_=1655266467683&CODE_STATE=getMsg HTTP/1.1" 200 27
120.253.135.82 - - [15/Jun/2022:12:14:29 +0800] "GET /xingrg/all/function/internal_message.html?_=1655266615964&CODE_STATE=getMsg HTTP/1.1" 200 27
114.88.162.248 - - [15/Jun/2022:12:14:34 +0800] "GET /xingrg/all/function/internal_message.html?_=1655266471261&CODE_STATE=getMsg HTTP/1.1" 200 27
180.169.147.146 - - [15/Jun/2022:12:14:41 +0800] "GET /xingrg/all/function/internal_message.html?_=1655266478352&CODE_STATE=getMsg HTTP/1.1" 200 27
114.95.43.0 - - [15/Jun/2022:12:14:41 +0800] "GET /xingrg/all/function/internal_message.html?_=1655266391118&CODE_STATE=getMsg HTTP/1.1" 200 27
114.83.219.74 - - [15/Jun/2022:12:14:48 +0800] "GET /xingrg/all/function/internal_message.html?_=1655266486724&CODE_STATE=getMsg HTTP/1.1" 200 27
180.169.147.146 - - [15/Jun/2022:12:14:52 +0800] "GET /xingrg/all/function/internal_message.html?_=1655266490522&CODE_STATE=getMsg HTTP/1.1" 200 27
180.169.147.146 - - [15/Jun/2022:12:14:53 +0800] "GET /xingrg/all/function/internal_message.html?_=1655266491155&CODE_STATE=getMsg HTTP/1.1" 200 27
116.230.110.173 - - [15/Jun/2022:12:14:54 +0800] "GET /xingrg/all/function/internal_message.html?_=1655266493115&CODE_STATE=getMsg HTTP/1.1" 200 27
180.169.147.146 - - [15/Jun/2022:12:14:59 +0800] "GET /xingrg/all/function/internal_message.html?_=1655266497011&CODE_STATE=getMsg HTTP/1.1" 200 27
218.81.223.53 - - [15/Jun/2022:12:15:03 +0800] "GET /xingrg/check_reg.html?_=1655266503236 HTTP/1.1" 200 22
218.81.223.53 - - [15/Jun/2022:12:15:03 +0800] "GET /xingrg/all/function/internal_message.html?_=1655266503886&CODE_STATE=getMsg HTTP/1.1" 200 27
222.69.144.95 - - [15/Jun/2022:12:15:13 +0800] "GET /xingrg/all/function/internal_message.html?_=1655266542189&CODE_STATE=getMsg HTTP/1.1" 200 27
222.69.144.95 - - [15/Jun/2022:12:15:13 +0800] "GET /xingrg/check_reg.html?_=1655266542191 HTTP/1.1" 200 22
114.84.82.172 - - [15/Jun/2022:12:15:19 +0800] "GET /xingrg/all/function/internal_message.html?_=1655266515789&CODE_STATE=getMsg HTTP/1.1" 200 27
101.85.120.86 - - [15/Jun/2022:12:15:25 +0800] "GET /xingrg/all/function/internal_message.html?_=1655266521078&CODE_STATE=getMsg HTTP/1.1" 200 27
58.35.194.53 - - [15/Jun/2022:12:15:26 +0800] "GET /xingrg/all/function/internal_message.html?_=1655266525148&CODE_STATE=getMsg HTTP/1.1" 200 27
222.70.180.114 - - [15/Jun/2022:12:15:27 +0800] "GET /xingrg/all/function/internal_message.html?_=1655266525449&CODE_STATE=getMsg HTTP/1.1" 200 27
114.95.43.0 - - [15/Jun/2022:12:15:27 +0800] "GET /xingrg/all/function/internal_message.html?_=1655266527685&CODE_STATE=getMsg HTTP/1.1" 200 27
120.253.135.82 - - [15/Jun/2022:12:15:29 +0800] "GET /xingrg/all/function/internal_message.html?_=1655266675978&CODE_STATE=getMsg HTTP/1.1" 200 27
114.88.162.248 - - [15/Jun/2022:12:15:34 +0800] "GET /xingrg/check_reg.html?_=1655266531278 HTTP/1.1" 200 22
114.88.162.248 - - [15/Jun/2022:12:15:34 +0800] "GET /xingrg/all/function/internal_message.html?_=1655266531275&CODE_STATE=getMsg HTTP/1.1" 200 27
180.169.147.146 - - [15/Jun/2022:12:15:41 +0800] "GET /xingrg/all/function/internal_message.html?_=1655266538352&CODE_STATE=getMsg HTTP/1.1" 200 27
114.95.43.0 - - [15/Jun/2022:12:15:41 +0800] "GET /xingrg/all/function/internal_message.html?_=1655266451118&CODE_STATE=getMsg HTTP/1.1" 200 27
114.83.219.74 - - [15/Jun/2022:12:15:48 +0800] "GET /xingrg/all/function/internal_message.html?_=1655266546694&CODE_STATE=getMsg HTTP/1.1" 200 27
180.169.147.146 - - [15/Jun/2022:12:15:52 +0800] "GET /xingrg/all/function/internal_message.html?_=1655266550516&CODE_STATE=getMsg HTTP/1.1" 200 27
180.169.147.146 - - [15/Jun/2022:12:15:53 +0800] "GET /xingrg/all/function/internal_message.html?_=1655266551155&CODE_STATE=getMsg HTTP/1.1" 200 27
116.230.110.173 - - [15/Jun/2022:12:15:54 +0800] "GET /xingrg/all/function/internal_message.html?_=1655266553099&CODE_STATE=getMsg HTTP/1.1" 200 27
180.169.147.146 - - [15/Jun/2022:12:15:59 +0800] "GET /xingrg/all/function/internal_message.html?_=1655266557005&CODE_STATE=getMsg HTTP/1.1" 200 27
218.81.223.53 - - [15/Jun/2022:12:16:03 +0800] "GET /xingrg/all/function/internal_message.html?_=1655266563899&CODE_STATE=getMsg HTTP/1.1" 200 27
120.253.135.82 - - [15/Jun/2022:12:16:12 +0800] "POST /xingrg/kc/pszx/mdps_list_operate.html HTTP/1.1" 200 361
120.253.135.82 - - [15/Jun/2022:12:16:12 +0800] "GET /xingrg/kc/pszx/mdps_order_info.html?code=312022061400235 HTTP/1.1" 200 23976
120.253.135.82 - - [15/Jun/2022:12:16:13 +0800] "POST /xingrg/kc/pszx/mdps_order_operate.html HTTP/1.1" 200 3273
120.253.135.82 - - [15/Jun/2022:12:16:13 +0800] "GET /xingrg/javascript/easyui/themes/default/validatebox.css HTTP/1.1" 404 1104
222.69.144.95 - - [15/Jun/2022:12:16:13 +0800] "GET /xingrg/all/function/internal_message.html?_=1655266602188&CODE_STATE=getMsg HTTP/1.1" 200 27
114.84.82.172 - - [15/Jun/2022:12:16:19 +0800] "GET /xingrg/check_reg.html?_=1655266575788 HTTP/1.1" 200 22
114.84.82.172 - - [15/Jun/2022:12:16:19 +0800] "GET /xingrg/all/function/internal_message.html?_=1655266575789&CODE_STATE=getMsg HTTP/1.1" 200 27
101.85.120.86 - - [15/Jun/2022:12:16:25 +0800] "GET /xingrg/all/function/internal_message.html?_=1655266581077&CODE_STATE=getMsg HTTP/1.1" 200 27
58.35.194.53 - - [15/Jun/2022:12:16:26 +0800] "GET /xingrg/all/function/internal_message.html?_=1655266585145&CODE_STATE=getMsg HTTP/1.1" 200 27
222.70.180.114 - - [15/Jun/2022:12:16:27 +0800] "GET /xingrg/check_reg.html?_=1655266585450 HTTP/1.1" 200 22
222.70.180.114 - - [15/Jun/2022:12:16:27 +0800] "GET /xingrg/all/function/internal_message.html?_=1655266585449&CODE_STATE=getMsg HTTP/1.1" 200 27
114.95.43.0 - - [15/Jun/2022:12:16:27 +0800] "GET /xingrg/all/function/internal_message.html?_=1655266587685&CODE_STATE=getMsg HTTP/1.1" 200 27
114.95.43.0 - - [15/Jun/2022:12:16:27 +0800] "GET /xingrg/check_reg.html?_=1655266587687 HTTP/1.1" 200 22
120.253.135.82 - - [15/Jun/2022:12:16:29 +0800] "GET /xingrg/all/function/internal_message.html?_=1655266735991&CODE_STATE=getMsg HTTP/1.1" 200 27
114.88.162.248 - - [15/Jun/2022:12:16:34 +0800] "GET /xingrg/all/function/internal_message.html?_=1655266591263&CODE_STATE=getMsg HTTP/1.1" 200 27
124.78.155.52 - - [15/Jun/2022:12:16:37 +0800] "GET /xingrg/login.html?r=1 HTTP/1.1" 200 7641
124.78.155.52 - - [15/Jun/2022:12:16:37 +0800] "GET /favicon.ico HTTP/1.1" 404 -
120.253.135.82 - - [15/Jun/2022:12:16:38 +0800] "POST /xingrg/kc/pszx/mdps_order_operate.html HTTP/1.1" 200 37
124.78.155.52 - - [15/Jun/2022:12:16:38 +0800] "POST /xingrg/login.do HTTP/1.1" 302 -
124.78.155.52 - - [15/Jun/2022:12:16:38 +0800] "GET /xingrg/index.html?sysBaseUrl=http%3A%2F%2F180.169.147.146%3A18081%2Fxingrg%2F&costTime=40×tamp=1655266598812 HTTP/1.1" 200 17173
124.78.155.52 - - [15/Jun/2022:12:16:38 +0800] "GET /favicon.ico HTTP/1.1" 404 -
124.78.155.52 - - [15/Jun/2022:12:16:39 +0800] "POST /xingrg/all/common/load_tree.html?tree=area_rest_tree_json&manage=1 HTTP/1.1" 200 342
124.78.155.52 - - [15/Jun/2022:12:16:39 +0800] "GET /xingrg/all/function/internal_message.html?_=1655266599029&CODE_STATE=count HTTP/1.1" 200 11
124.78.155.52 - - [15/Jun/2022:12:16:39 +0800] "GET /xingrg/check_reg.html?_=1655266599031 HTTP/1.1" 200 22
124.78.155.52 - - [15/Jun/2022:12:16:39 +0800] "POST /xingrg/load_menu.html HTTP/1.1" 200 5138
120.253.135.82 - - [15/Jun/2022:12:16:40 +0800] "POST /xingrg/kc/pszx/mdps_order_operate.html HTTP/1.1" 200 12
124.78.155.52 - - [15/Jun/2022:12:16:40 +0800] "GET /xingrg/kc/buy/buy_main.html HTTP/1.1" 200 12412
124.78.155.52 - - [15/Jun/2022:12:16:40 +0800] "GET /xingrg/css/new_ie.css HTTP/1.1" 404 1036
180.169.147.146 - - [15/Jun/2022:12:16:41 +0800] "GET /xingrg/all/function/internal_message.html?_=1655266598353&CODE_STATE=getMsg HTTP/1.1" 200 27
114.95.43.0 - - [15/Jun/2022:12:16:41 +0800] "GET /xingrg/all/function/internal_message.html?_=1655266511119&CODE_STATE=getMsg HTTP/1.1" 200 27
124.78.155.52 - - [15/Jun/2022:12:16:41 +0800] "GET /xingrg/images/yd/bt.gif HTTP/1.1" 404 1040
124.78.155.52 - - [15/Jun/2022:12:16:42 +0800] "GET /xingrg/kc/buy/cgsh_order_list.html HTTP/1.1" 200 51832
120.253.135.82 - - [15/Jun/2022:12:16:42 +0800] "GET /xingrg/kc/pszx/mdps_order_info.html?code=312022061400235 HTTP/1.1" 200 19634
120.253.135.82 - - [15/Jun/2022:12:16:43 +0800] "POST /xingrg/kc/pszx/mdps_order_operate.html HTTP/1.1" 200 1486
120.253.135.82 - - [15/Jun/2022:12:16:43 +0800] "GET /xingrg/javascript/easyui/themes/default/validatebox.css HTTP/1.1" 404 1104
124.78.155.52 - - [15/Jun/2022:12:16:44 +0800] "POST /xingrg/kc/buy/cgsh_list_operate.html HTTP/1.1" 200 1647
124.78.155.52 - - [15/Jun/2022:12:16:46 +0800] "POST /xingrg/kc/buy/cgsh_list_operate.html HTTP/1.1" 200 573
120.253.135.82 - - [15/Jun/2022:12:16:47 +0800] "POST /xingrg/kc/pszx/mdps_list_operate.html HTTP/1.1" 200 5230
114.83.219.74 - - [15/Jun/2022:12:16:48 +0800] "GET /xingrg/all/function/internal_message.html?_=1655266606687&CODE_STATE=getMsg HTTP/1.1" 200 27
120.253.135.82 - - [15/Jun/2022:12:16:49 +0800] "POST /xingrg/kc/pszx/mdps_list_operate.html HTTP/1.1" 200 634
180.169.147.146 - - [15/Jun/2022:12:16:52 +0800] "GET /xingrg/all/function/internal_message.html?_=1655266610521&CODE_STATE=getMsg HTTP/1.1" 200 27
180.169.147.146 - - [15/Jun/2022:12:16:53 +0800] "GET /xingrg/check_reg.html?_=1655266611155 HTTP/1.1" 200 22
180.169.147.146 - - [15/Jun/2022:12:16:53 +0800] "GET /xingrg/all/function/internal_message.html?_=1655266611157&CODE_STATE=getMsg HTTP/1.1" 200 27
116.230.110.173 - - [15/Jun/2022:12:16:54 +0800] "GET /xingrg/all/function/internal_message.html?_=1655266613099&CODE_STATE=getMsg HTTP/1.1" 200 27
116.230.110.173 - - [15/Jun/2022:12:16:54 +0800] "GET /xingrg/check_reg.html?_=1655266613101 HTTP/1.1" 200 22
124.78.155.52 - - [15/Jun/2022:12:16:56 +0800] "GET /xingrg/kc/buy/cgsh_order_info.html?code=212022061501537 HTTP/1.1" 200 67650
