116.230.110.173 - - [15/Jun/2022:11:33:54 +0800] "GET /xingrg/all/function/internal_message.html?_=1655264031472&CODE_STATE=getMsg HTTP/1.1" 200 27
180.169.147.146 - - [15/Jun/2022:11:33:59 +0800] "GET /xingrg/all/function/internal_message.html?_=1655264037011&CODE_STATE=getMsg HTTP/1.1" 200 27
120.253.135.82 - - [15/Jun/2022:11:34:01 +0800] "GET /xingrg/kc/buy/cgsh_order_operate.html?command=get_materiel&rest_code=00101&code=00101019447&supplier_code=00100106&order_time=2022-06-15 HTTP/1.1" 200 472
114.84.82.172 - - [15/Jun/2022:11:34:03 +0800] "GET /favicon.ico HTTP/1.1" 404 -
180.169.147.146 - - [15/Jun/2022:11:34:03 +0800] "POST /xingrg/kc/buy/cgsh_order_operate.html HTTP/1.1" 200 37
180.169.147.146 - - [15/Jun/2022:11:34:05 +0800] "POST /xingrg/kc/buy/cgsh_order_operate.html HTTP/1.1" 200 30382
124.78.155.52 - - [15/Jun/2022:11:34:08 +0800] "GET /xingrg/all/function/internal_message.html?_=1655264048264&CODE_STATE=getMsg HTTP/1.1" 200 27
124.78.155.52 - - [15/Jun/2022:11:34:09 +0800] "GET /xingrg/check_reg.html?_=1655264049577 HTTP/1.1" 200 22
180.169.147.146 - - [15/Jun/2022:11:34:13 +0800] "GET /xingrg/all/function/internal_message.html?_=1655264053168&CODE_STATE=getMsg HTTP/1.1" 200 27
222.69.144.95 - - [15/Jun/2022:11:34:13 +0800] "GET /xingrg/all/function/internal_message.html?_=1655264082183&CODE_STATE=getMsg HTTP/1.1" 200 27
180.169.147.146 - - [15/Jun/2022:11:34:15 +0800] "GET /xingrg/kc/print/load_data.html?order_code=212022061501539&kc_code=cgsh&condition= HTTP/1.1" 200 11089
120.253.135.82 - - [15/Jun/2022:11:34:16 +0800] "GET /xingrg/all/function/internal_message.html?_=1655264203316&CODE_STATE=getMsg HTTP/1.1" 200 27
180.169.147.146 - - [15/Jun/2022:11:34:20 +0800] "GET /xingrg/kc/buy/cgsh_order_add.html HTTP/1.1" 200 67617
180.169.147.146 - - [15/Jun/2022:11:34:20 +0800] "POST /xingrg/kc/buy/cgsh_order_operate.html HTTP/1.1" 200 8245
180.169.147.146 - - [15/Jun/2022:11:34:21 +0800] "GET /xingrg/javascript/easyui/themes/default/validatebox.css HTTP/1.1" 404 1104
120.253.135.82 - - [15/Jun/2022:11:34:24 +0800] "GET /xingrg/kc/buy/cgsh_order_operate.html?command=get_materiel&rest_code=00101&code=00101013137&supplier_code=00100106&order_time=2022-06-15 HTTP/1.1" 200 433
101.85.120.86 - - [15/Jun/2022:11:34:25 +0800] "GET /xingrg/all/function/internal_message.html?_=1655264061004&CODE_STATE=getMsg HTTP/1.1" 200 27
222.70.180.114 - - [15/Jun/2022:11:34:26 +0800] "GET /xingrg/all/function/internal_message.html?_=1655264065399&CODE_STATE=getMsg HTTP/1.1" 200 27
114.95.43.0 - - [15/Jun/2022:11:34:27 +0800] "GET /xingrg/all/function/internal_message.html?_=1655264067608&CODE_STATE=getMsg HTTP/1.1" 200 27
114.88.162.248 - - [15/Jun/2022:11:34:34 +0800] "GET /xingrg/all/function/internal_message.html?_=1655264071223&CODE_STATE=getMsg HTTP/1.1" 200 27
120.253.135.82 - - [15/Jun/2022:11:34:36 +0800] "GET /xingrg/kc/buy/cgsh_order_operate.html?command=get_materiel&rest_code=00101&code=00101013092&supplier_code=00100106&order_time=2022-06-15 HTTP/1.1" 200 432
180.169.147.146 - - [15/Jun/2022:11:34:41 +0800] "GET /xingrg/all/function/internal_message.html?_=1655264078313&CODE_STATE=getMsg HTTP/1.1" 200 27
114.95.43.0 - - [15/Jun/2022:11:34:41 +0800] "GET /xingrg/all/function/internal_message.html?_=1655263991090&CODE_STATE=getMsg HTTP/1.1" 200 27
114.83.219.74 - - [15/Jun/2022:11:34:49 +0800] "GET /xingrg/all/function/internal_message.html?_=1655264087519&CODE_STATE=getMsg HTTP/1.1" 200 27
120.253.135.82 - - [15/Jun/2022:11:34:49 +0800] "GET /xingrg/kc/buy/cgsh_order_operate.html?command=get_materiel&rest_code=00101&code=00101013115&supplier_code=00100106&order_time=2022-06-15 HTTP/1.1" 200 434
180.169.147.146 - - [15/Jun/2022:11:34:52 +0800] "GET /xingrg/all/function/internal_message.html?_=1655264090510&CODE_STATE=getMsg HTTP/1.1" 200 27
180.169.147.146 - - [15/Jun/2022:11:34:53 +0800] "GET /xingrg/all/function/internal_message.html?_=1655264091069&CODE_STATE=getMsg HTTP/1.1" 200 27
116.230.110.173 - - [15/Jun/2022:11:34:54 +0800] "GET /xingrg/all/function/internal_message.html?_=1655264091472&CODE_STATE=getMsg HTTP/1.1" 200 27
180.169.147.146 - - [15/Jun/2022:11:34:59 +0800] "GET /xingrg/all/function/internal_message.html?_=1655264097024&CODE_STATE=getMsg HTTP/1.1" 200 27
124.78.155.52 - - [15/Jun/2022:11:35:08 +0800] "GET /xingrg/all/function/internal_message.html?_=1655264108236&CODE_STATE=getMsg HTTP/1.1" 200 27
180.169.147.146 - - [15/Jun/2022:11:35:13 +0800] "GET /xingrg/check_reg.html?_=1655264113170 HTTP/1.1" 200 22
180.169.147.146 - - [15/Jun/2022:11:35:13 +0800] "GET /xingrg/all/function/internal_message.html?_=1655264113171&CODE_STATE=getMsg HTTP/1.1" 200 27
222.69.144.95 - - [15/Jun/2022:11:35:13 +0800] "GET /xingrg/all/function/internal_message.html?_=1655264142177&CODE_STATE=getMsg HTTP/1.1" 200 27
222.69.144.95 - - [15/Jun/2022:11:35:13 +0800] "GET /xingrg/check_reg.html?_=1655264142181 HTTP/1.1" 200 22
120.253.135.82 - - [15/Jun/2022:11:35:16 +0800] "GET /xingrg/all/function/internal_message.html?_=1655264263329&CODE_STATE=getMsg HTTP/1.1" 200 27
120.253.135.82 - - [15/Jun/2022:11:35:17 +0800] "POST /xingrg/kc/buy/cgsh_order_operate.html HTTP/1.1" 200 37
120.253.135.82 - - [15/Jun/2022:11:35:19 +0800] "POST /xingrg/kc/buy/cgsh_order_operate.html HTTP/1.1" 200 4498
101.85.120.86 - - [15/Jun/2022:11:35:25 +0800] "GET /xingrg/all/function/internal_message.html?_=1655264121003&CODE_STATE=getMsg HTTP/1.1" 200 27
222.70.180.114 - - [15/Jun/2022:11:35:26 +0800] "GET /xingrg/all/function/internal_message.html?_=1655264125398&CODE_STATE=getMsg HTTP/1.1" 200 27
114.95.43.0 - - [15/Jun/2022:11:35:27 +0800] "GET /xingrg/all/function/internal_message.html?_=1655264127610&CODE_STATE=getMsg HTTP/1.1" 200 27
114.88.162.248 - - [15/Jun/2022:11:35:34 +0800] "GET /xingrg/check_reg.html?_=1655264131224 HTTP/1.1" 200 22
114.88.162.248 - - [15/Jun/2022:11:35:34 +0800] "GET /xingrg/all/function/internal_message.html?_=1655264131226&CODE_STATE=getMsg HTTP/1.1" 200 27
120.253.135.82 - - [15/Jun/2022:11:35:36 +0800] "POST /xingrg/kc/buy/cgsh_order_operate.html HTTP/1.1" 200 37
120.253.135.82 - - [15/Jun/2022:11:35:37 +0800] "POST /xingrg/kc/buy/cgsh_order_operate.html HTTP/1.1" 200 4498
120.253.135.82 - - [15/Jun/2022:11:35:38 +0800] "GET /xingrg/kc/buy/cgsh_order_add.html HTTP/1.1" 200 66672
120.253.135.82 - - [15/Jun/2022:11:35:39 +0800] "POST /xingrg/kc/buy/cgsh_order_operate.html HTTP/1.1" 200 8245
120.253.135.82 - - [15/Jun/2022:11:35:39 +0800] "GET /xingrg/javascript/easyui/themes/default/validatebox.css HTTP/1.1" 404 1104
120.253.135.82 - - [15/Jun/2022:11:35:40 +0800] "POST /xingrg/all/common/load_combo.html?type=employee HTTP/1.1" 200 1752
180.169.147.146 - - [15/Jun/2022:11:35:41 +0800] "GET /xingrg/all/function/internal_message.html?_=1655264138300&CODE_STATE=getMsg HTTP/1.1" 200 27
114.95.43.0 - - [15/Jun/2022:11:35:41 +0800] "GET /xingrg/all/function/internal_message.html?_=1655264051091&CODE_STATE=getMsg HTTP/1.1" 200 27
114.83.219.74 - - [15/Jun/2022:11:35:49 +0800] "GET /xingrg/all/function/internal_message.html?_=1655264147491&CODE_STATE=getMsg HTTP/1.1" 200 27
180.169.147.146 - - [15/Jun/2022:11:35:52 +0800] "GET /xingrg/all/function/internal_message.html?_=1655264150525&CODE_STATE=getMsg HTTP/1.1" 200 27
180.169.147.146 - - [15/Jun/2022:11:35:53 +0800] "GET /xingrg/all/function/internal_message.html?_=1655264151069&CODE_STATE=getMsg HTTP/1.1" 200 27
116.230.110.173 - - [15/Jun/2022:11:35:54 +0800] "GET /xingrg/all/function/internal_message.html?_=1655264151476&CODE_STATE=getMsg HTTP/1.1" 200 27
120.253.135.82 - - [15/Jun/2022:11:35:55 +0800] "GET /xingrg/kc/buy/cgsh_order_operate.html?command=get_materiel&rest_code=00101&code=00101010522&supplier_code=00100100&order_time=2022-06-15 HTTP/1.1" 200 442
120.253.135.82 - - [15/Jun/2022:11:35:56 +0800] "POST /xingrg/all/common/load_select.html HTTP/1.1" 200 25
180.169.147.146 - - [15/Jun/2022:11:35:59 +0800] "GET /xingrg/all/function/internal_message.html?_=1655264157026&CODE_STATE=getMsg HTTP/1.1" 200 27
120.253.135.82 - - [15/Jun/2022:11:36:00 +0800] "GET /xingrg/kc/buy/cgsh_order_operate.html?command=get_materiel_price&rest_code=00101&code=00101010522&unit_code=00100189&supplier_code=00100100&order_time=2022-06-15 HTTP/1.1" 200 29
124.78.155.52 - - [15/Jun/2022:11:36:08 +0800] "GET /xingrg/all/function/internal_message.html?_=1655264168210&CODE_STATE=getMsg HTTP/1.1" 200 27
180.169.147.146 - - [15/Jun/2022:11:36:13 +0800] "GET /xingrg/all/function/internal_message.html?_=1655264173172&CODE_STATE=getMsg HTTP/1.1" 200 27
222.69.144.95 - - [15/Jun/2022:11:36:13 +0800] "GET /xingrg/all/function/internal_message.html?_=1655264202195&CODE_STATE=getMsg HTTP/1.1" 200 27
120.253.135.82 - - [15/Jun/2022:11:36:16 +0800] "GET /xingrg/all/function/internal_message.html?_=1655264323342&CODE_STATE=getMsg HTTP/1.1" 200 27
101.85.120.86 - - [15/Jun/2022:11:36:25 +0800] "POST /xingrg/kc/base/yddb_list_operate.html HTTP/1.1" 200 4375
101.85.120.86 - - [15/Jun/2022:11:36:25 +0800] "GET /xingrg/all/function/internal_message.html?_=1655264181019&CODE_STATE=getMsg HTTP/1.1" 200 27
120.253.135.82 - - [15/Jun/2022:11:36:26 +0800] "POST /xingrg/kc/buy/cgsh_order_operate.html HTTP/1.1" 200 37
222.70.180.114 - - [15/Jun/2022:11:36:26 +0800] "GET /xingrg/all/function/internal_message.html?_=1655264185398&CODE_STATE=getMsg HTTP/1.1" 200 27
222.70.180.114 - - [15/Jun/2022:11:36:27 +0800] "GET /xingrg/check_reg.html?_=1655264185400 HTTP/1.1" 200 22
114.95.43.0 - - [15/Jun/2022:11:36:27 +0800] "GET /xingrg/all/function/internal_message.html?_=1655264187611&CODE_STATE=getMsg HTTP/1.1" 200 27
114.95.43.0 - - [15/Jun/2022:11:36:27 +0800] "GET /xingrg/check_reg.html?_=1655264187615 HTTP/1.1" 200 22
120.253.135.82 - - [15/Jun/2022:11:36:28 +0800] "POST /xingrg/kc/buy/cgsh_order_operate.html HTTP/1.1" 200 2669
114.88.162.248 - - [15/Jun/2022:11:36:34 +0800] "GET /xingrg/all/function/internal_message.html?_=1655264191210&CODE_STATE=getMsg HTTP/1.1" 200 27
180.169.147.146 - - [15/Jun/2022:11:36:41 +0800] "GET /xingrg/all/function/internal_message.html?_=1655264198301&CODE_STATE=getMsg HTTP/1.1" 200 27
114.95.43.0 - - [15/Jun/2022:11:36:41 +0800] "GET /xingrg/all/function/internal_message.html?_=1655264111092&CODE_STATE=getMsg HTTP/1.1" 200 27
114.83.219.74 - - [15/Jun/2022:11:36:49 +0800] "GET /xingrg/all/function/internal_message.html?_=1655264207462&CODE_STATE=getMsg HTTP/1.1" 200 27
180.169.147.146 - - [15/Jun/2022:11:36:52 +0800] "GET /xingrg/all/function/internal_message.html?_=1655264210515&CODE_STATE=getMsg HTTP/1.1" 200 27
180.169.147.146 - - [15/Jun/2022:11:36:53 +0800] "GET /xingrg/all/function/internal_message.html?_=1655264211070&CODE_STATE=getMsg HTTP/1.1" 200 27
180.169.147.146 - - [15/Jun/2022:11:36:53 +0800] "GET /xingrg/check_reg.html?_=1655264211078 HTTP/1.1" 200 22
116.230.110.173 - - [15/Jun/2022:11:36:54 +0800] "GET /xingrg/check_reg.html?_=1655264211478 HTTP/1.1" 200 22
116.230.110.173 - - [15/Jun/2022:11:36:54 +0800] "GET /xingrg/all/function/internal_message.html?_=1655264211479&CODE_STATE=getMsg HTTP/1.1" 200 27
120.253.135.82 - - [15/Jun/2022:11:36:56 +0800] "GET /xingrg/kc/buy/cgsh_order_operate.html?command=get_materiel&rest_code=00101&code=00101019179&supplier_code=00100100&order_time=2022-06-15 HTTP/1.1" 200 431
180.169.147.146 - - [15/Jun/2022:11:36:59 +0800] "GET /xingrg/all/function/internal_message.html?_=1655264217015&CODE_STATE=getMsg HTTP/1.1" 200 27
180.169.147.146 - - [15/Jun/2022:11:37:02 +0800] "GET /xingrg/check_reg.html?_=1655264222815 HTTP/1.1" 200 22
124.78.155.52 - - [15/Jun/2022:11:37:08 +0800] "GET /xingrg/all/function/internal_message.html?_=1655264228195&CODE_STATE=getMsg HTTP/1.1" 200 27
58.35.194.53 - - [15/Jun/2022:11:37:12 +0800] "GET /favicon.ico HTTP/1.1" 404 -
180.169.147.146 - - [15/Jun/2022:11:37:13 +0800] "GET /xingrg/all/function/internal_message.html?_=1655264233157&CODE_STATE=getMsg HTTP/1.1" 200 27
222.69.144.95 - - [15/Jun/2022:11:37:13 +0800] "GET /xingrg/all/function/internal_message.html?_=1655264262189&CODE_STATE=getMsg HTTP/1.1" 200 27
120.253.135.82 - - [15/Jun/2022:11:37:14 +0800] "GET /xingrg/kc/buy/cgsh_order_operate.html?command=get_materiel&rest_code=00101&code=00101019272&supplier_code=00100100&order_time=2022-06-15 HTTP/1.1" 200 485
120.253.135.82 - - [15/Jun/2022:11:37:14 +0800] "POST /xingrg/all/common/load_select.html HTTP/1.1" 200 25
58.35.194.53 - - [15/Jun/2022:11:37:15 +0800] "GET /xingrg/login.html HTTP/1.1" 200 7641
58.35.194.53 - - [15/Jun/2022:11:37:15 +0800] "GET /xingrg/images/blue/jxLogo.png HTTP/1.1" 200 6156
58.35.194.53 - - [15/Jun/2022:11:37:15 +0800] "GET /xingrg/images/blue/login_bg.png HTTP/1.1" 200 22101
58.35.194.53 - - [15/Jun/2022:11:37:15 +0800] "GET /xingrg/images/blue/srbg.png HTTP/1.1" 200 138
58.35.194.53 - - [15/Jun/2022:11:37:15 +0800] "GET /xingrg/images/blue/hj.png HTTP/1.1" 200 1014
58.35.194.53 - - [15/Jun/2022:11:37:15 +0800] "GET /favicon.ico HTTP/1.1" 404 -
120.253.135.82 - - [15/Jun/2022:11:37:16 +0800] "GET /xingrg/all/function/internal_message.html?_=1655264383358&CODE_STATE=getMsg HTTP/1.1" 200 27
120.253.135.82 - - [15/Jun/2022:11:37:18 +0800] "GET /xingrg/kc/buy/cgsh_order_operate.html?command=get_materiel_price&rest_code=00101&code=00101019272&unit_code=00100157&supplier_code=00100100&order_time=2022-06-15 HTTP/1.1" 200 30
114.84.147.169 - - [15/Jun/2022:11:37:19 +0800] "GET /xingrg/check_reg.html?_=1655263957237 HTTP/1.1" 302 -
58.35.194.53 - - [15/Jun/2022:11:37:25 +0800] "POST /xingrg/login.do HTTP/1.1" 302 -
58.35.194.53 - - [15/Jun/2022:11:37:25 +0800] "GET /xingrg/javascript/jquery_easy_ui/themes/icon.css HTTP/1.1" 200 3949
58.35.194.53 - - [15/Jun/2022:11:37:25 +0800] "GET /xingrg/javascript/jquery_easy_ui/easyui-lang-zh_CN.js HTTP/1.1" 200 1900
58.35.194.53 - - [15/Jun/2022:11:37:25 +0800] "GET /xingrg/index.html?sysBaseUrl=http%3A%2F%2F180.169.147.146%3A18081%2Fxingrg%2F&costTime=40×tamp=1655264245108 HTTP/1.1" 200 17179
58.35.194.53 - - [15/Jun/2022:11:37:25 +0800] "GET /xingrg/javascript/jquery-1.4.2.min.js HTTP/1.1" 200 72205
58.35.194.53 - - [15/Jun/2022:11:37:25 +0800] "GET /xingrg/css/form.css HTTP/1.1" 200 893
58.35.194.53 - - [15/Jun/2022:11:37:25 +0800] "GET /xingrg/javascript/jquery.form.js HTTP/1.1" 200 23110
58.35.194.53 - - [15/Jun/2022:11:37:25 +0800] "GET /xingrg/javascript/jquery.utils.js HTTP/1.1" 200 11805
58.35.194.53 - - [15/Jun/2022:11:37:25 +0800] "GET /xingrg/javascript/jquery.timers.js HTTP/1.1" 200 3532
58.35.194.53 - - [15/Jun/2022:11:37:25 +0800] "GET /xingrg/javascript/jquery_easy_ui/themes/default/easyui.css HTTP/1.1" 200 26500
58.35.194.53 - - [15/Jun/2022:11:37:25 +0800] "GET /favicon.ico HTTP/1.1" 404 -
58.35.194.53 - - [15/Jun/2022:11:37:25 +0800] "GET /xingrg/javascript/jquery_easy_ui/jquery.easyui.min.js HTTP/1.1" 200 213662
101.85.120.86 - - [15/Jun/2022:11:37:25 +0800] "GET /xingrg/check_reg.html?_=1655264241010 HTTP/1.1" 200 22
101.85.120.86 - - [15/Jun/2022:11:37:25 +0800] "GET /xingrg/all/function/internal_message.html?_=1655264241013&CODE_STATE=getMsg HTTP/1.1" 200 27
58.35.194.53 - - [15/Jun/2022:11:37:26 +0800] "GET /xingrg/javascript/jquery_easy_ui/themes/icons/settle_new.png HTTP/1.1" 200 826
58.35.194.53 - - [15/Jun/2022:11:37:26 +0800] "POST /xingrg/all/common/load_tree.html?tree=area_rest_tree_json&manage=1 HTTP/1.1" 200 351
58.35.194.53 - - [15/Jun/2022:11:37:26 +0800] "GET /xingrg/images/blue/navBackgound.jpg HTTP/1.1" 200 12378
58.35.194.53 - - [15/Jun/2022:11:37:26 +0800] "GET /xingrg/check_reg.html?_=1655264245137 HTTP/1.1" 200 22
58.35.194.53 - - [15/Jun/2022:11:37:26 +0800] "GET /xingrg/all/function/internal_message.html?_=1655264245136&CODE_STATE=count HTTP/1.1" 200 11
58.35.194.53 - - [15/Jun/2022:11:37:26 +0800] "GET /xingrg/images/blue/pingpu.png HTTP/1.1" 200 231
58.35.194.53 - - [15/Jun/2022:11:37:26 +0800] "GET /xingrg/javascript/jquery_easy_ui/themes/default/images/tabs_leftarrow.png HTTP/1.1" 200 389
58.35.194.53 - - [15/Jun/2022:11:37:26 +0800] "GET /xingrg/javascript/jquery_easy_ui/themes/default/images/tabs_rightarrow.png HTTP/1.1" 200 395
58.35.194.53 - - [15/Jun/2022:11:37:26 +0800] "POST /xingrg/load_menu.html HTTP/1.1" 200 5138
58.35.194.53 - - [15/Jun/2022:11:37:26 +0800] "GET /xingrg/javascript/jquery_easy_ui/themes/default/images/panel_tool_collapse.gif HTTP/1.1" 200 246
58.35.194.53 - - [15/Jun/2022:11:37:26 +0800] "GET /xingrg/javascript/jquery_easy_ui/themes/default/images/tree_arrows.gif HTTP/1.1" 200 1043
58.35.194.53 - - [15/Jun/2022:11:37:26 +0800] "GET /xingrg/javascript/jquery_easy_ui/themes/default/images/tree_folder_open.gif HTTP/1.1" 200 956
58.35.194.53 - - [15/Jun/2022:11:37:26 +0800] "GET /xingrg/javascript/jquery_easy_ui/themes/icons/search_new.png HTTP/1.1" 200 586
58.35.194.53 - - [15/Jun/2022:11:37:26 +0800] "GET /xingrg/javascript/jquery_easy_ui/themes/icons/storage_new.png HTTP/1.1" 200 853
58.35.194.53 - - [15/Jun/2022:11:37:26 +0800] "GET /xingrg/javascript/jquery_easy_ui/themes/default/images/tree_folder.gif HTTP/1.1" 200 952
58.35.194.53 - - [15/Jun/2022:11:37:26 +0800] "GET /xingrg/javascript/jquery_easy_ui/themes/icons/forms_new.png HTTP/1.1" 200 350
58.35.194.53 - - [15/Jun/2022:11:37:26 +0800] "GET /xingrg/javascript/jquery_easy_ui/themes/default/images/tree_file.gif HTTP/1.1" 200 118
222.70.180.114 - - [15/Jun/2022:11:37:26 +0800] "GET /xingrg/all/function/internal_message.html?_=1655264245399&CODE_STATE=getMsg HTTP/1.1" 200 27
114.95.43.0 - - [15/Jun/2022:11:37:27 +0800] "GET /xingrg/all/function/internal_message.html?_=1655264247616&CODE_STATE=getMsg HTTP/1.1" 200 27
180.169.147.146 - - [15/Jun/2022:11:37:32 +0800] "GET /xingrg/kc/buy/cgsh_order_add.html HTTP/1.1" 200 67617
180.169.147.146 - - [15/Jun/2022:11:37:32 +0800] "POST /xingrg/kc/buy/cgsh_order_operate.html HTTP/1.1" 200 8245
180.169.147.146 - - [15/Jun/2022:11:37:32 +0800] "GET /xingrg/javascript/easyui/themes/default/validatebox.css HTTP/1.1" 404 1104
114.88.162.248 - - [15/Jun/2022:11:37:34 +0800] "GET /xingrg/all/function/internal_message.html?_=1655264251209&CODE_STATE=getMsg HTTP/1.1" 200 27
180.169.147.146 - - [15/Jun/2022:11:37:41 +0800] "GET /xingrg/check_reg.html?_=1655264258301 HTTP/1.1" 200 22
180.169.147.146 - - [15/Jun/2022:11:37:41 +0800] "GET /xingrg/all/function/internal_message.html?_=1655264258304&CODE_STATE=getMsg HTTP/1.1" 200 27
114.95.43.0 - - [15/Jun/2022:11:37:41 +0800] "GET /xingrg/all/function/internal_message.html?_=1655264171091&CODE_STATE=getMsg HTTP/1.1" 200 27
114.95.43.0 - - [15/Jun/2022:11:37:41 +0800] "GET /xingrg/check_reg.html?_=1655264171187 HTTP/1.1" 200 22
114.83.219.74 - - [15/Jun/2022:11:37:49 +0800] "GET /xingrg/all/function/internal_message.html?_=1655264267432&CODE_STATE=getMsg HTTP/1.1" 200 27
180.169.147.146 - - [15/Jun/2022:11:37:52 +0800] "GET /xingrg/all/function/internal_message.html?_=1655264270504&CODE_STATE=getMsg HTTP/1.1" 200 27
180.169.147.146 - - [15/Jun/2022:11:37:53 +0800] "GET /xingrg/all/function/internal_message.html?_=1655264271075&CODE_STATE=getMsg HTTP/1.1" 200 27
116.230.110.173 - - [15/Jun/2022:11:37:54 +0800] "GET /xingrg/all/function/internal_message.html?_=1655264271485&CODE_STATE=getMsg HTTP/1.1" 200 27
180.169.147.146 - - [15/Jun/2022:11:37:59 +0800] "GET /xingrg/all/function/internal_message.html?_=1655264277029&CODE_STATE=getMsg HTTP/1.1" 200 27
180.169.147.146 - - [15/Jun/2022:11:37:59 +0800] "GET /xingrg/check_reg.html?_=1655264277034 HTTP/1.1" 200 22
120.253.135.82 - - [15/Jun/2022:11:38:04 +0800] "GET /xingrg/kc/buy/cgsh_order_operate.html?command=get_materiel&rest_code=00101&code=00101019308&supplier_code=00100100&order_time=2022-06-15 HTTP/1.1" 200 458
124.78.155.52 - - [15/Jun/2022:11:38:08 +0800] "GET /xingrg/all/function/internal_message.html?_=1655264288166&CODE_STATE=getMsg HTTP/1.1" 200 27
180.169.147.146 - - [15/Jun/2022:11:38:13 +0800] "GET /xingrg/all/function/internal_message.html?_=1655264293159&CODE_STATE=getMsg HTTP/1.1" 200 27
222.69.144.95 - - [15/Jun/2022:11:38:13 +0800] "GET /xingrg/all/function/internal_message.html?_=1655264322190&CODE_STATE=getMsg HTTP/1.1" 200 27
120.253.135.82 - - [15/Jun/2022:11:38:17 +0800] "GET /xingrg/check_reg.html?_=1655264444430 HTTP/1.1" 200 22
120.253.135.82 - - [15/Jun/2022:11:38:17 +0800] "GET /xingrg/all/function/internal_message.html?_=1655264444433&CODE_STATE=getMsg HTTP/1.1" 200 27
120.253.135.82 - - [15/Jun/2022:11:38:20 +0800] "POST /xingrg/kc/buy/cgsh_order_operate.html HTTP/1.1" 200 37
120.253.135.82 - - [15/Jun/2022:11:38:22 +0800] "POST /xingrg/kc/buy/cgsh_order_operate.html HTTP/1.1" 200 4562
101.85.120.86 - - [15/Jun/2022:11:38:25 +0800] "GET /xingrg/all/function/internal_message.html?_=1655264300997&CODE_STATE=getMsg HTTP/1.1" 200 27
58.35.194.53 - - [15/Jun/2022:11:38:26 +0800] "GET /xingrg/all/function/internal_message.html?_=1655264305142&CODE_STATE=getMsg HTTP/1.1" 200 27
222.70.180.114 - - [15/Jun/2022:11:38:26 +0800] "GET /xingrg/all/function/internal_message.html?_=1655264305403&CODE_STATE=getMsg HTTP/1.1" 200 27
114.95.43.0 - - [15/Jun/2022:11:38:27 +0800] "GET /xingrg/all/function/internal_message.html?_=1655264307617&CODE_STATE=getMsg HTTP/1.1" 200 27
222.70.180.114 - - [15/Jun/2022:11:38:32 +0800] "POST /xingrg/services/DataTransmitService HTTP/1.1" 200 524
114.88.162.248 - - [15/Jun/2022:11:38:34 +0800] "GET /xingrg/all/function/internal_message.html?_=1655264311210&CODE_STATE=getMsg HTTP/1.1" 200 27
120.253.135.82 - - [15/Jun/2022:11:38:36 +0800] "GET /xingrg/kc/buy/cgsh_order_operate.html?command=get_materiel&rest_code=00101&code=00101019379&supplier_code=00100100&order_time=2022-06-15 HTTP/1.1" 200 451
120.253.135.82 - - [15/Jun/2022:11:38:38 +0800] "POST /xingrg/all/common/load_select.html HTTP/1.1" 200 25
180.169.147.146 - - [15/Jun/2022:11:38:41 +0800] "GET /xingrg/all/function/internal_message.html?_=1655264318311&CODE_STATE=getMsg HTTP/1.1" 200 27
114.95.43.0 - - [15/Jun/2022:11:38:41 +0800] "GET /xingrg/all/function/internal_message.html?_=1655264231095&CODE_STATE=getMsg HTTP/1.1" 200 27
120.253.135.82 - - [15/Jun/2022:11:38:42 +0800] "GET /xingrg/kc/buy/cgsh_order_operate.html?command=get_materiel_price&rest_code=00101&code=00101019379&unit_code=00100200&supplier_code=00100100&order_time=2022-06-15 HTTP/1.1" 200 29
114.83.219.74 - - [15/Jun/2022:11:38:49 +0800] "GET /xingrg/all/function/internal_message.html?_=1655264327429&CODE_STATE=getMsg HTTP/1.1" 200 27
114.83.219.74 - - [15/Jun/2022:11:38:51 +0800] "GET /xingrg/check_reg.html?_=1655264328840 HTTP/1.1" 200 22
180.169.147.146 - - [15/Jun/2022:11:38:52 +0800] "GET /xingrg/all/function/internal_message.html?_=1655264330524&CODE_STATE=getMsg HTTP/1.1" 200 27
180.169.147.146 - - [15/Jun/2022:11:38:52 +0800] "GET /xingrg/check_reg.html?_=1655264330525 HTTP/1.1" 200 22
180.169.147.146 - - [15/Jun/2022:11:38:53 +0800] "GET /xingrg/all/function/internal_message.html?_=1655264331078&CODE_STATE=getMsg HTTP/1.1" 200 27
116.230.110.173 - - [15/Jun/2022:11:38:54 +0800] "GET /xingrg/all/function/internal_message.html?_=1655264331488&CODE_STATE=getMsg HTTP/1.1" 200 27
180.169.147.146 - - [15/Jun/2022:11:38:59 +0800] "GET /xingrg/all/function/internal_message.html?_=1655264337010&CODE_STATE=getMsg HTTP/1.1" 200 27
124.78.155.52 - - [15/Jun/2022:11:39:08 +0800] "GET /xingrg/all/function/internal_message.html?_=1655264348179&CODE_STATE=getMsg HTTP/1.1" 200 27
124.78.155.52 - - [15/Jun/2022:11:39:09 +0800] "GET /xingrg/check_reg.html?_=1655264349586 HTTP/1.1" 200 22
180.169.147.146 - - [15/Jun/2022:11:39:13 +0800] "GET /xingrg/all/function/internal_message.html?_=1655264353161&CODE_STATE=getMsg HTTP/1.1" 200 27
222.69.144.95 - - [15/Jun/2022:11:39:13 +0800] "GET /xingrg/all/function/internal_message.html?_=1655264382187&CODE_STATE=getMsg HTTP/1.1" 200 27
120.253.135.82 - - [15/Jun/2022:11:39:17 +0800] "GET /xingrg/all/function/internal_message.html?_=1655264504444&CODE_STATE=getMsg HTTP/1.1" 200 27
180.169.147.146 - - [15/Jun/2022:11:39:19 +0800] "GET /xingrg/kc/buy/cgsh_order_operate.html?command=get_materiel&rest_code=00147&code=00101008040&supplier_code=00100242&order_time=2022-06-15 HTTP/1.1" 200 412
120.253.135.82 - - [15/Jun/2022:11:39:21 +0800] "GET /xingrg/kc/buy/cgsh_order_operate.html?command=get_materiel&rest_code=00101&code=00101019243&supplier_code=00100100&order_time=2022-06-15 HTTP/1.1" 200 465
120.253.135.82 - - [15/Jun/2022:11:39:24 +0800] "POST /xingrg/all/common/load_select.html HTTP/1.1" 200 25
101.85.120.86 - - [15/Jun/2022:11:39:25 +0800] "GET /xingrg/all/function/internal_message.html?_=1655264360998&CODE_STATE=getMsg HTTP/1.1" 200 27
58.35.194.53 - - [15/Jun/2022:11:39:26 +0800] "GET /xingrg/all/function/internal_message.html?_=1655264365144&CODE_STATE=getMsg HTTP/1.1" 200 27
222.70.180.114 - - [15/Jun/2022:11:39:26 +0800] "GET /xingrg/all/function/internal_message.html?_=1655264365402&CODE_STATE=getMsg HTTP/1.1" 200 27
114.95.43.0 - - [15/Jun/2022:11:39:27 +0800] "GET /xingrg/all/function/internal_message.html?_=1655264367619&CODE_STATE=getMsg HTTP/1.1" 200 27
114.88.162.248 - - [15/Jun/2022:11:39:34 +0800] "GET /xingrg/all/function/internal_message.html?_=1655264371225&CODE_STATE=getMsg HTTP/1.1" 200 27
180.169.147.146 - - [15/Jun/2022:11:39:38 +0800] "GET /xingrg/kc/buy/cgsh_order_operate.html?command=get_materiel&rest_code=00147&code=00101008087&supplier_code=00100242&order_time=2022-06-15 HTTP/1.1" 200 412
180.169.147.146 - - [15/Jun/2022:11:39:41 +0800] "GET /xingrg/all/function/internal_message.html?_=1655264378310&CODE_STATE=getMsg HTTP/1.1" 200 27
114.95.43.0 - - [15/Jun/2022:11:39:41 +0800] "GET /xingrg/all/function/internal_message.html?_=1655264291087&CODE_STATE=getMsg HTTP/1.1" 200 27
180.169.147.146 - - [15/Jun/2022:11:39:45 +0800] "GET /xingrg/kc/buy/cgsh_order_operate.html?command=get_materiel&rest_code=00147&code=00101008321&supplier_code=00100242&order_time=2022-06-15 HTTP/1.1" 200 412
114.83.219.74 - - [15/Jun/2022:11:39:49 +0800] "GET /xingrg/all/function/internal_message.html?_=1655264387406&CODE_STATE=getMsg HTTP/1.1" 200 27
180.169.147.146 - - [15/Jun/2022:11:39:52 +0800] "GET /xingrg/all/function/internal_message.html?_=1655264390518&CODE_STATE=getMsg HTTP/1.1" 200 27
180.169.147.146 - - [15/Jun/2022:11:39:53 +0800] "GET /xingrg/all/function/internal_message.html?_=1655264391078&CODE_STATE=getMsg HTTP/1.1" 200 27
116.230.110.173 - - [15/Jun/2022:11:39:54 +0800] "GET /xingrg/all/function/internal_message.html?_=1655264391489&CODE_STATE=getMsg HTTP/1.1" 200 27
120.253.135.82 - - [15/Jun/2022:11:39:56 +0800] "GET /xingrg/kc/buy/cgsh_order_operate.html?command=get_materiel_price&rest_code=00101&code=00101019243&unit_code=00100157&supplier_code=00100100&order_time=2022-06-15 HTTP/1.1" 200 30
180.169.147.146 - - [15/Jun/2022:11:39:56 +0800] "GET /xingrg/kc/buy/cgsh_order_operate.html?command=get_materiel&rest_code=00147&code=00101008024&supplier_code=00100242&order_time=2022-06-15 HTTP/1.1" 200 408
180.169.147.146 - - [15/Jun/2022:11:39:59 +0800] "GET /xingrg/all/function/internal_message.html?_=1655264397024&CODE_STATE=getMsg HTTP/1.1" 200 27
180.169.147.146 - - [15/Jun/2022:11:40:07 +0800] "GET /xingrg/kc/buy/cgsh_order_operate.html?command=get_materiel&rest_code=00147&code=00101008118&supplier_code=00100242&order_time=2022-06-15 HTTP/1.1" 200 418
124.78.155.52 - - [15/Jun/2022:11:40:08 +0800] "GET /xingrg/all/function/internal_message.html?_=1655264408152&CODE_STATE=getMsg HTTP/1.1" 200 27
180.169.147.146 - - [15/Jun/2022:11:40:13 +0800] "GET /xingrg/all/function/internal_message.html?_=1655264413162&CODE_STATE=getMsg HTTP/1.1" 200 27
180.169.147.146 - - [15/Jun/2022:11:40:13 +0800] "GET /xingrg/check_reg.html?_=1655264413164 HTTP/1.1" 200 22
222.69.144.95 - - [15/Jun/2022:11:40:13 +0800] "GET /xingrg/check_reg.html?_=1655264442179 HTTP/1.1" 200 22
222.69.144.95 - - [15/Jun/2022:11:40:13 +0800] "GET /xingrg/all/function/internal_message.html?_=1655264442182&CODE_STATE=getMsg HTTP/1.1" 200 27
120.253.135.82 - - [15/Jun/2022:11:40:17 +0800] "GET /xingrg/all/function/internal_message.html?_=1655264564457&CODE_STATE=getMsg HTTP/1.1" 200 27
120.253.135.82 - - [15/Jun/2022:11:40:18 +0800] "GET /xingrg/kc/buy/cgsh_order_operate.html?command=get_materiel&rest_code=00101&code=00101019536&supplier_code=00100100&order_time=2022-06-15 HTTP/1.1" 200 471
120.253.135.82 - - [15/Jun/2022:11:40:19 +0800] "POST /xingrg/all/common/load_select.html HTTP/1.1" 200 25
120.253.135.82 - - [15/Jun/2022:11:40:23 +0800] "GET /xingrg/kc/buy/cgsh_order_operate.html?command=get_materiel_price&rest_code=00101&code=00101019536&unit_code=00100157&supplier_code=00100100&order_time=2022-06-15 HTTP/1.1" 200 29
101.85.120.86 - - [15/Jun/2022:11:40:25 +0800] "GET /xingrg/all/function/internal_message.html?_=1655264420999&CODE_STATE=getMsg HTTP/1.1" 200 27
58.35.194.53 - - [15/Jun/2022:11:40:26 +0800] "GET /xingrg/all/function/internal_message.html?_=1655264425151&CODE_STATE=getMsg HTTP/1.1" 200 27
222.70.180.114 - - [15/Jun/2022:11:40:26 +0800] "GET /xingrg/all/function/internal_message.html?_=1655264425400&CODE_STATE=getMsg HTTP/1.1" 200 27
114.95.43.0 - - [15/Jun/2022:11:40:27 +0800] "GET /xingrg/all/function/internal_message.html?_=1655264427619&CODE_STATE=getMsg HTTP/1.1" 200 27
114.88.162.248 - - [15/Jun/2022:11:40:34 +0800] "GET /xingrg/check_reg.html?_=1655264431224 HTTP/1.1" 200 22
114.88.162.248 - - [15/Jun/2022:11:40:34 +0800] "GET /xingrg/all/function/internal_message.html?_=1655264431227&CODE_STATE=getMsg HTTP/1.1" 200 27
180.169.147.146 - - [15/Jun/2022:11:40:41 +0800] "GET /xingrg/all/function/internal_message.html?_=1655264438310&CODE_STATE=getMsg HTTP/1.1" 200 27
114.95.43.0 - - [15/Jun/2022:11:40:41 +0800] "GET /xingrg/all/function/internal_message.html?_=1655264351086&CODE_STATE=getMsg HTTP/1.1" 200 27
114.83.219.74 - - [15/Jun/2022:11:40:49 +0800] "GET /xingrg/all/function/internal_message.html?_=1655264447377&CODE_STATE=getMsg HTTP/1.1" 200 27
58.35.194.53 - - [15/Jun/2022:11:40:51 +0800] "GET /xingrg/kc/buy/buy_main.html HTTP/1.1" 200 12412
58.35.194.53 - - [15/Jun/2022:11:40:51 +0800] "GET /xingrg/css/blue.css HTTP/1.1" 200 15949
58.35.194.53 - - [15/Jun/2022:11:40:51 +0800] "GET /xingrg/javascript/myfunction.js HTTP/1.1" 200 24559
58.35.194.53 - - [15/Jun/2022:11:40:51 +0800] "GET /xingrg/javascript/jquery_ui/jquery-ui.min.js HTTP/1.1" 200 186181
58.35.194.53 - - [15/Jun/2022:11:40:51 +0800] "GET /xingrg/javascript/jquery_easy_ui/themes/default/images/tabs_close.gif HTTP/1.1" 200 829
58.35.194.53 - - [15/Jun/2022:11:40:51 +0800] "GET /xingrg/images/blue/button/cgxqd.gif HTTP/1.1" 200 2619
58.35.194.53 - - [15/Jun/2022:11:40:51 +0800] "GET /xingrg/images/blue/button/cgydd.gif HTTP/1.1" 200 2712
58.35.194.53 - - [15/Jun/2022:11:40:51 +0800] "GET /xingrg/images/blue/button/cgshd.gif HTTP/1.1" 200 2618
58.35.194.53 - - [15/Jun/2022:11:40:51 +0800] "GET /xingrg/images/blue/button/cgfkd.gif HTTP/1.1" 200 2075
58.35.194.53 - - [15/Jun/2022:11:40:51 +0800] "GET /xingrg/images/blue/button/kc.gif HTTP/1.1" 200 2160
58.35.194.53 - - [15/Jun/2022:11:40:51 +0800] "GET /xingrg/images/blue/button/ckthd.gif HTTP/1.1" 200 2045
58.35.194.53 - - [15/Jun/2022:11:40:51 +0800] "GET /xingrg/images/blue/pic_form2.gif HTTP/1.1" 200 1853
58.35.194.53 - - [15/Jun/2022:11:40:51 +0800] "GET /xingrg/css/new_ie.css HTTP/1.1" 404 1036
58.35.194.53 - - [15/Jun/2022:11:40:52 +0800] "GET /xingrg/javascript/ToolTips.js HTTP/1.1" 200 5615
180.169.147.146 - - [15/Jun/2022:11:40:52 +0800] "GET /xingrg/all/function/internal_message.html?_=1655264450510&CODE_STATE=getMsg HTTP/1.1" 200 27
58.35.194.53 - - [15/Jun/2022:11:40:52 +0800] "GET /xingrg/javascript/pic_change.js HTTP/1.1" 200 4739
58.35.194.53 - - [15/Jun/2022:11:40:52 +0800] "GET /xingrg/javascript/jquery_ui/themes/humanity/humanity.css HTTP/1.1" 200 27801
58.35.194.53 - - [15/Jun/2022:11:40:52 +0800] "GET /xingrg/images/blue/bg_dotted.jpg HTTP/1.1" 200 319
58.35.194.53 - - [15/Jun/2022:11:40:52 +0800] "GET /xingrg/images/blue/button/right_ah.jpg HTTP/1.1" 200 1744
58.35.194.53 - - [15/Jun/2022:11:40:52 +0800] "GET /xingrg/images/blue/button/down_ah.jpg HTTP/1.1" 200 1732
58.35.194.53 - - [15/Jun/2022:11:40:52 +0800] "GET /xingrg/javascript/jquery_ui/themes/humanity/images/ui-bg_inset-soft_100_f4f0ec_1x100.png HTTP/1.1" 200 141
58.35.194.53 - - [15/Jun/2022:11:40:52 +0800] "GET /xingrg/javascript/jquery_ui/themes/humanity/images/ui-iconsnew.jpg HTTP/1.1" 200 337
58.35.194.53 - - [15/Jun/2022:11:40:52 +0800] "GET /xingrg/javascript/jquery_ui/themes/humanity/images/ui-bg_glass_70_ede4d4_1x400.png HTTP/1.1" 200 161
58.35.194.53 - - [15/Jun/2022:11:40:52 +0800] "GET /xingrg/javascript/jquery_ui/themes/humanity/images/ui-icons_c47a23_256x240.png HTTP/1.1" 200 5355
58.35.194.53 - - [15/Jun/2022:11:40:52 +0800] "GET /xingrg/javascript/jquery_ui/themes/humanity/images/ui-icons_ffffff_256x240.png HTTP/1.1" 200 4369
120.253.135.82 - - [15/Jun/2022:11:40:53 +0800] "GET /xingrg/kc/buy/cgsh_order_operate.html?command=get_materiel&rest_code=00101&code=00101019249&supplier_code=00100100&order_time=2022-06-15 HTTP/1.1" 200 470
58.35.194.53 - - [15/Jun/2022:11:40:53 +0800] "GET /xingrg/images/yd/bt.gif HTTP/1.1" 404 1040
58.35.194.53 - - [15/Jun/2022:11:40:53 +0800] "GET /xingrg/css/base.css HTTP/1.1" 200 2811
58.35.194.53 - - [15/Jun/2022:11:40:53 +0800] "GET /xingrg/javascript/jquery_tools/datebox.css HTTP/1.1" 200 2597
58.35.194.53 - - [15/Jun/2022:11:40:53 +0800] "GET /xingrg/css/site.css HTTP/1.1" 200 7541
58.35.194.53 - - [15/Jun/2022:11:40:53 +0800] "GET /xingrg/javascript/auto/jquery.autocomplete.css HTTP/1.1" 200 587
58.35.194.53 - - [15/Jun/2022:11:40:53 +0800] "GET /xingrg/kc/buy/cgsh_order_list.html HTTP/1.1" 200 51838
58.35.194.53 - - [15/Jun/2022:11:40:53 +0800] "GET /xingrg/javascript/jquery_tools/fix.css HTTP/1.1" 200 1702
58.35.194.53 - - [15/Jun/2022:11:40:53 +0800] "GET /xingrg/javascript/jquery_tools/table.css HTTP/1.1" 200 1032
58.35.194.53 - - [15/Jun/2022:11:40:53 +0800] "GET /xingrg/javascript/easyui/themes/default/easyui.css HTTP/1.1" 200 30432
58.35.194.53 - - [15/Jun/2022:11:40:53 +0800] "GET /xingrg/javascript/jquery_tools/jquery.tools.min.js HTTP/1.1" 200 138801
58.35.194.53 - - [15/Jun/2022:11:40:53 +0800] "GET /xingrg/javascript/jquery_tools/jquery.tools.hotkey.js HTTP/1.1" 200 3242
58.35.194.53 - - [15/Jun/2022:11:40:53 +0800] "GET /xingrg/javascript/jquery_tools/jquery.tools.table.js HTTP/1.1" 200 6994
58.35.194.53 - - [15/Jun/2022:11:40:53 +0800] "GET /xingrg/javascript/jquery_tools/jquery.tools.extend.js HTTP/1.1" 200 15385
58.35.194.53 - - [15/Jun/2022:11:40:53 +0800] "GET /xingrg/javascript/jquery_tools/list_manager.js HTTP/1.1" 200 3652
58.35.194.53 - - [15/Jun/2022:11:40:53 +0800] "GET /xingrg/javascript/easyui/easyloader.js HTTP/1.1" 200 5975
58.35.194.53 - - [15/Jun/2022:11:40:53 +0800] "GET /xingrg/javascript/jquery.cookie.js HTTP/1.1" 200 5513
58.35.194.53 - - [15/Jun/2022:11:40:53 +0800] "GET /xingrg/javascript/auto/jquery.autocomplete.js HTTP/1.1" 200 21624
58.35.194.53 - - [15/Jun/2022:11:40:53 +0800] "GET /xingrg/javascript/print/LodopFuncs.js HTTP/1.1" 200 5121
180.169.147.146 - - [15/Jun/2022:11:40:53 +0800] "GET /xingrg/all/function/internal_message.html?_=1655264451083&CODE_STATE=getMsg HTTP/1.1" 200 27
58.35.194.53 - - [15/Jun/2022:11:40:53 +0800] "GET /xingrg/javascript/easyui/themes/icon.css HTTP/1.1" 200 4483
120.253.135.82 - - [15/Jun/2022:11:40:54 +0800] "POST /xingrg/all/common/load_select.html HTTP/1.1" 200 25
116.230.110.173 - - [15/Jun/2022:11:40:54 +0800] "GET /xingrg/all/function/internal_message.html?_=1655264451471&CODE_STATE=getMsg HTTP/1.1" 200 27
58.35.194.53 - - [15/Jun/2022:11:40:55 +0800] "GET /xingrg/javascript/easyui/themes/icons/import_new.png HTTP/1.1" 200 1247
58.35.194.53 - - [15/Jun/2022:11:40:55 +0800] "GET /xingrg/javascript/easyui/themes/icons/field_new.png HTTP/1.1" 200 1097
58.35.194.53 - - [15/Jun/2022:11:40:55 +0800] "GET /xingrg/javascript/easyui/themes/icons/check_new.png HTTP/1.1" 200 3224
58.35.194.53 - - [15/Jun/2022:11:40:55 +0800] "GET /xingrg/javascript/easyui/themes/icons/edit_add_new.png HTTP/1.1" 200 2997
58.35.194.53 - - [15/Jun/2022:11:40:55 +0800] "GET /xingrg/javascript/easyui/themes/icons/cance_new.png HTTP/1.1" 200 3986
58.35.194.53 - - [15/Jun/2022:11:40:55 +0800] "GET /xingrg/javascript/easyui/plugins/jquery.parser.js HTTP/1.1" 200 1142
58.35.194.53 - - [15/Jun/2022:11:40:55 +0800] "GET /xingrg/images/control/ajaxLoader.gif HTTP/1.1" 200 4659
58.35.194.53 - - [15/Jun/2022:11:40:57 +0800] "POST /xingrg/kc/buy/cgsh_list_operate.html HTTP/1.1" 200 1389
120.253.135.82 - - [15/Jun/2022:11:40:58 +0800] "GET /xingrg/kc/buy/cgsh_order_operate.html?command=get_materiel_price&rest_code=00101&code=00101019249&unit_code=00100179&supplier_code=00100100&order_time=2022-06-15 HTTP/1.1" 200 30
180.169.147.146 - - [15/Jun/2022:11:40:59 +0800] "GET /xingrg/all/function/internal_message.html?_=1655264457005&CODE_STATE=getMsg HTTP/1.1" 200 27
58.35.194.53 - - [15/Jun/2022:11:40:59 +0800] "POST /xingrg/kc/buy/cgsh_list_operate.html HTTP/1.1" 200 602
58.35.194.53 - - [15/Jun/2022:11:41:03 +0800] "GET /xingrg/javascript/easyui/themes/default/images/button_plain_hover.png HTTP/1.1" 200 144
180.169.147.146 - - [15/Jun/2022:11:41:06 +0800] "GET /xingrg/kc/buy/cgsh_order_operate.html?command=get_materiel&rest_code=00147&code=00101008270&supplier_code=00100242&order_time=2022-06-15 HTTP/1.1" 200 412
124.78.155.52 - - [15/Jun/2022:11:41:08 +0800] "GET /xingrg/all/function/internal_message.html?_=1655264468137&CODE_STATE=getMsg HTTP/1.1" 200 27
120.253.135.82 - - [15/Jun/2022:11:41:10 +0800] "POST /xingrg/kc/buy/cgsh_order_operate.html HTTP/1.1" 200 2065
58.35.194.53 - - [15/Jun/2022:11:41:10 +0800] "POST /xingrg/kc/buy/cgsh_list_operate.html HTTP/1.1" 200 4
180.169.147.146 - - [15/Jun/2022:11:41:13 +0800] "GET /xingrg/all/function/internal_message.html?_=1655264473166&CODE_STATE=getMsg HTTP/1.1" 200 27
58.35.194.53 - - [15/Jun/2022:11:41:13 +0800] "POST /xingrg/kc/buy/cgsh_list_operate.html HTTP/1.1" 200 641
222.69.144.95 - - [15/Jun/2022:11:41:13 +0800] "GET /xingrg/all/function/internal_message.html?_=1655264502191&CODE_STATE=getMsg HTTP/1.1" 200 27
120.253.135.82 - - [15/Jun/2022:11:41:17 +0800] "GET /xingrg/all/function/internal_message.html?_=1655264624471&CODE_STATE=getMsg HTTP/1.1" 200 27
120.253.135.82 - - [15/Jun/2022:11:41:25 +0800] "POST /xingrg/kc/buy/cgsh_order_operate.html HTTP/1.1" 200 37
101.85.120.86 - - [15/Jun/2022:11:41:25 +0800] "GET /xingrg/all/function/internal_message.html?_=1655264480999&CODE_STATE=getMsg HTTP/1.1" 200 27
58.35.194.53 - - [15/Jun/2022:11:41:26 +0800] "GET /xingrg/all/function/internal_message.html?_=1655264485148&CODE_STATE=getMsg HTTP/1.1" 200 27
222.70.180.114 - - [15/Jun/2022:11:41:26 +0800] "GET /xingrg/check_reg.html?_=1655264485398 HTTP/1.1" 200 22
222.70.180.114 - - [15/Jun/2022:11:41:27 +0800] "GET /xingrg/all/function/internal_message.html?_=1655264485400&CODE_STATE=getMsg HTTP/1.1" 200 27
120.253.135.82 - - [15/Jun/2022:11:41:27 +0800] "POST /xingrg/kc/buy/cgsh_order_operate.html HTTP/1.1" 200 7081
114.95.43.0 - - [15/Jun/2022:11:41:27 +0800] "GET /xingrg/check_reg.html?_=1655264487619 HTTP/1.1" 200 22
114.95.43.0 - - [15/Jun/2022:11:41:27 +0800] "GET /xingrg/all/function/internal_message.html?_=1655264487622&CODE_STATE=getMsg HTTP/1.1" 200 27
114.88.162.248 - - [15/Jun/2022:11:41:34 +0800] "GET /xingrg/all/function/internal_message.html?_=1655264491211&CODE_STATE=getMsg HTTP/1.1" 200 27
180.169.147.146 - - [15/Jun/2022:11:41:41 +0800] "GET /xingrg/all/function/internal_message.html?_=1655264498308&CODE_STATE=getMsg HTTP/1.1" 200 27
114.95.43.0 - - [15/Jun/2022:11:41:41 +0800] "GET /xingrg/all/function/internal_message.html?_=1655264411087&CODE_STATE=getMsg HTTP/1.1" 200 27
180.169.147.146 - - [15/Jun/2022:11:41:45 +0800] "GET /xingrg/kc/buy/cgsh_order_operate.html?command=get_materiel&rest_code=00147&code=00101008069&supplier_code=00100242&order_time=2022-06-15 HTTP/1.1" 200 428
114.83.219.74 - - [15/Jun/2022:11:41:49 +0800] "GET /xingrg/all/function/internal_message.html?_=1655264507364&CODE_STATE=getMsg HTTP/1.1" 200 27
180.169.147.146 - - [15/Jun/2022:11:41:52 +0800] "GET /xingrg/all/function/internal_message.html?_=1655264510520&CODE_STATE=getMsg HTTP/1.1" 200 27
180.169.147.146 - - [15/Jun/2022:11:41:53 +0800] "GET /xingrg/all/function/internal_message.html?_=1655264511073&CODE_STATE=getMsg HTTP/1.1" 200 27
180.169.147.146 - - [15/Jun/2022:11:41:53 +0800] "GET /xingrg/check_reg.html?_=1655264511076 HTTP/1.1" 200 22
116.230.110.173 - - [15/Jun/2022:11:41:54 +0800] "GET /xingrg/all/function/internal_message.html?_=1655264511487&CODE_STATE=getMsg HTTP/1.1" 200 27
116.230.110.173 - - [15/Jun/2022:11:41:54 +0800] "GET /xingrg/check_reg.html?_=1655264511488 HTTP/1.1" 200 22
180.169.147.146 - - [15/Jun/2022:11:41:59 +0800] "GET /xingrg/all/function/internal_message.html?_=1655264517011&CODE_STATE=getMsg HTTP/1.1" 200 27
180.169.147.146 - - [15/Jun/2022:11:42:02 +0800] "GET /xingrg/check_reg.html?_=1655264522797 HTTP/1.1" 200 22
124.78.155.52 - - [15/Jun/2022:11:42:08 +0800] "GET /xingrg/all/function/internal_message.html?_=1655264528123&CODE_STATE=getMsg HTTP/1.1" 200 27
120.253.135.82 - - [15/Jun/2022:11:42:08 +0800] "POST /xingrg/kc/buy/cgsh_order_operate.html HTTP/1.1" 200 37
120.253.135.82 - - [15/Jun/2022:11:42:10 +0800] "POST /xingrg/kc/buy/cgsh_order_operate.html HTTP/1.1" 200 7083
180.169.147.146 - - [15/Jun/2022:11:42:13 +0800] "GET /xingrg/all/function/internal_message.html?_=1655264533168&CODE_STATE=getMsg HTTP/1.1" 200 27
222.69.144.95 - - [15/Jun/2022:11:42:13 +0800] "GET /xingrg/all/function/internal_message.html?_=1655264562195&CODE_STATE=getMsg HTTP/1.1" 200 27
120.253.135.82 - - [15/Jun/2022:11:42:17 +0800] "GET /xingrg/all/function/internal_message.html?_=1655264684484&CODE_STATE=getMsg HTTP/1.1" 200 27
101.85.120.86 - - [15/Jun/2022:11:42:25 +0800] "GET /xingrg/all/function/internal_message.html?_=1655264541026&CODE_STATE=getMsg HTTP/1.1" 200 27
101.85.120.86 - - [15/Jun/2022:11:42:25 +0800] "GET /xingrg/check_reg.html?_=1655264541028 HTTP/1.1" 200 22
58.35.194.53 - - [15/Jun/2022:11:42:26 +0800] "GET /xingrg/check_reg.html?_=1655264545149 HTTP/1.1" 200 22
58.35.194.53 - - [15/Jun/2022:11:42:26 +0800] "GET /xingrg/all/function/internal_message.html?_=1655264545150&CODE_STATE=getMsg HTTP/1.1" 200 27
222.70.180.114 - - [15/Jun/2022:11:42:26 +0800] "GET /xingrg/all/function/internal_message.html?_=1655264545398&CODE_STATE=getMsg HTTP/1.1" 200 27
114.95.43.0 - - [15/Jun/2022:11:42:27 +0800] "GET /xingrg/all/function/internal_message.html?_=1655264547607&CODE_STATE=getMsg HTTP/1.1" 200 27
114.88.162.248 - - [15/Jun/2022:11:42:34 +0800] "GET /xingrg/all/function/internal_message.html?_=1655264551211&CODE_STATE=getMsg HTTP/1.1" 200 27
180.169.147.146 - - [15/Jun/2022:11:42:41 +0800] "GET /xingrg/check_reg.html?_=1655264558308 HTTP/1.1" 200 22
180.169.147.146 - - [15/Jun/2022:11:42:41 +0800] "GET /xingrg/all/function/internal_message.html?_=1655264558310&CODE_STATE=getMsg HTTP/1.1" 200 27
114.95.43.0 - - [15/Jun/2022:11:42:41 +0800] "GET /xingrg/all/function/internal_message.html?_=1655264471088&CODE_STATE=getMsg HTTP/1.1" 200 27
114.95.43.0 - - [15/Jun/2022:11:42:41 +0800] "GET /xingrg/check_reg.html?_=1655264471169 HTTP/1.1" 200 22
120.253.135.82 - - [15/Jun/2022:11:42:43 +0800] "GET /xingrg/kc/pszx/mdps_order_list.html?orderType=0 HTTP/1.1" 200 21007
120.253.135.82 - - [15/Jun/2022:11:42:43 +0800] "POST /xingrg/kc/pszx/mdps_list_operate.html HTTP/1.1" 200 5235
120.253.135.82 - - [15/Jun/2022:11:42:44 +0800] "GET /xingrg/kc/pszx/mdps_order_list.html?orderType=0 HTTP/1.1" 200 21007
120.253.135.82 - - [15/Jun/2022:11:42:44 +0800] "POST /xingrg/kc/pszx/mdps_list_operate.html HTTP/1.1" 200 5235
120.253.135.82 - - [15/Jun/2022:11:42:44 +0800] "GET /xingrg/kc/pszx/mdps_order_list.html?orderType=0 HTTP/1.1" 200 21007
120.253.135.82 - - [15/Jun/2022:11:42:44 +0800] "POST /xingrg/kc/pszx/mdps_list_operate.html HTTP/1.1" 200 5235
114.83.219.74 - - [15/Jun/2022:11:42:49 +0800] "GET /xingrg/all/function/internal_message.html?_=1655264567336&CODE_STATE=getMsg HTTP/1.1" 200 27
180.169.147.146 - - [15/Jun/2022:11:42:52 +0800] "GET /xingrg/all/function/internal_message.html?_=1655264570519&CODE_STATE=getMsg HTTP/1.1" 200 27
180.169.147.146 - - [15/Jun/2022:11:42:53 +0800] "GET /xingrg/all/function/internal_message.html?_=1655264571078&CODE_STATE=getMsg HTTP/1.1" 200 27
120.253.135.82 - - [15/Jun/2022:11:42:53 +0800] "GET /xingrg/kc/buy/cgsh_order_list.html HTTP/1.1" 200 51832
116.230.110.173 - - [15/Jun/2022:11:42:54 +0800] "GET /xingrg/all/function/internal_message.html?_=1655264571486&CODE_STATE=getMsg HTTP/1.1" 200 27
120.253.135.82 - - [15/Jun/2022:11:42:55 +0800] "GET /xingrg/kc/buy/cgsh_order_list.html HTTP/1.1" 200 55358
120.253.135.82 - - [15/Jun/2022:11:42:56 +0800] "GET /xingrg/kc/buy/cgsh_order_list.html HTTP/1.1" 200 51832
120.253.135.82 - - [15/Jun/2022:11:42:57 +0800] "POST /xingrg/kc/buy/cgsh_list_operate.html HTTP/1.1" 200 1923
180.169.147.146 - - [15/Jun/2022:11:42:59 +0800] "GET /xingrg/all/function/internal_message.html?_=1655264577005&CODE_STATE=getMsg HTTP/1.1" 200 27
120.253.135.82 - - [15/Jun/2022:11:42:59 +0800] "POST /xingrg/kc/buy/cgsh_list_operate.html HTTP/1.1" 200 1923
180.169.147.146 - - [15/Jun/2022:11:42:59 +0800] "GET /xingrg/check_reg.html?_=1655264577010 HTTP/1.1" 200 22
120.253.135.82 - - [15/Jun/2022:11:43:02 +0800] "POST /xingrg/kc/buy/cgsh_list_operate.html HTTP/1.1" 200 443
120.253.135.82 - - [15/Jun/2022:11:43:04 +0800] "GET /xingrg/kc/buy/cgsh_order_info.html?code=212022061501540 HTTP/1.1" 200 66683
120.253.135.82 - - [15/Jun/2022:11:43:04 +0800] "GET /xingrg/javascript/easyui/themes/icons/template_new.png HTTP/1.1" 200 3956
120.253.135.82 - - [15/Jun/2022:11:43:04 +0800] "GET /xingrg/all/common/auto_word.html?type=employee&rest_code=00101 HTTP/1.1" 200 977
120.253.135.82 - - [15/Jun/2022:11:43:04 +0800] "GET /xingrg/all/common/auto_word.html?type=employee&rest_code=00101 HTTP/1.1" 200 977
120.253.135.82 - - [15/Jun/2022:11:43:04 +0800] "GET /xingrg/javascript/easyui/themes/default/validatebox.css HTTP/1.1" 404 1104
120.253.135.82 - - [15/Jun/2022:11:43:05 +0800] "POST /xingrg/kc/buy/cgsh_order_operate.html HTTP/1.1" 200 4498
120.253.135.82 - - [15/Jun/2022:11:43:08 +0800] "GET /xingrg/kc/print/load_config.html?kc_code=cgsh HTTP/1.1" 200 1943
124.78.155.52 - - [15/Jun/2022:11:43:08 +0800] "GET /xingrg/all/function/internal_message.html?_=1655264588108&CODE_STATE=getMsg HTTP/1.1" 200 27
120.253.135.82 - - [15/Jun/2022:11:43:08 +0800] "GET /xingrg/kc/print/load_data.html?order_code=212022061501540&kc_code=cgsh&condition= HTTP/1.1" 200 1480
180.169.147.146 - - [15/Jun/2022:11:43:13 +0800] "GET /xingrg/all/function/internal_message.html?_=1655264593168&CODE_STATE=getMsg HTTP/1.1" 200 27
222.69.144.95 - - [15/Jun/2022:11:43:13 +0800] "GET /xingrg/all/function/internal_message.html?_=1655264622191&CODE_STATE=getMsg HTTP/1.1" 200 27
120.253.135.82 - - [15/Jun/2022:11:43:17 +0800] "GET /xingrg/check_reg.html?_=1655264744436 HTTP/1.1" 200 22
120.253.135.82 - - [15/Jun/2022:11:43:17 +0800] "GET /xingrg/all/function/internal_message.html?_=1655264744499&CODE_STATE=getMsg HTTP/1.1" 200 27
180.169.147.146 - - [15/Jun/2022:11:43:19 +0800] "GET /xingrg/kc/buy/cgsh_order_operate.html?command=get_materiel&rest_code=00147&code=00101008233&supplier_code=00100242&order_time=2022-06-15 HTTP/1.1" 200 408
101.85.120.86 - - [15/Jun/2022:11:43:25 +0800] "GET /xingrg/all/function/internal_message.html?_=1655264601025&CODE_STATE=getMsg HTTP/1.1" 200 27
58.35.194.53 - - [15/Jun/2022:11:43:26 +0800] "GET /xingrg/all/function/internal_message.html?_=1655264605165&CODE_STATE=getMsg HTTP/1.1" 200 27
222.70.180.114 - - [15/Jun/2022:11:43:26 +0800] "GET /xingrg/all/function/internal_message.html?_=1655264605397&CODE_STATE=getMsg HTTP/1.1" 200 27
114.95.43.0 - - [15/Jun/2022:11:43:27 +0800] "GET /xingrg/all/function/internal_message.html?_=1655264607607&CODE_STATE=getMsg HTTP/1.1" 200 27
58.35.194.53 - - [15/Jun/2022:11:43:28 +0800] "GET /xingrg/kc/mdqp/qp_main.html HTTP/1.1" 200 10633
58.35.194.53 - - [15/Jun/2022:11:43:28 +0800] "GET /xingrg/images/blue/button/qqpsd.gif HTTP/1.1" 200 2548
58.35.194.53 - - [15/Jun/2022:11:43:28 +0800] "GET /xingrg/images/blue/button/pszx.gif HTTP/1.1" 200 2648
58.35.194.53 - - [15/Jun/2022:11:43:28 +0800] "GET /xingrg/images/blue/button/psshd.gif HTTP/1.1" 200 2692
120.253.135.82 - - [15/Jun/2022:11:43:28 +0800] "POST /xingrg/kc/buy/cgsh_order_operate.html HTTP/1.1" 200 37
58.35.194.53 - - [15/Jun/2022:11:43:29 +0800] "GET /xingrg/kc/mdqp/qp_main.html HTTP/1.1" 200 10633
58.35.194.53 - - [15/Jun/2022:11:43:29 +0800] "GET /xingrg/kc/mdqp/qp_main.html HTTP/1.1" 200 10633
58.35.194.53 - - [15/Jun/2022:11:43:30 +0800] "GET /xingrg/images/yd/bt.gif HTTP/1.1" 404 1040
58.35.194.53 - - [15/Jun/2022:11:43:31 +0800] "GET /xingrg/kc/mdqp/qqps_order_list.html HTTP/1.1" 200 9222
58.35.194.53 - - [15/Jun/2022:11:43:31 +0800] "GET /xingrg/dwr/interface/AjaxQqpsService.js HTTP/1.1" 200 16326
58.35.194.53 - - [15/Jun/2022:11:43:31 +0800] "GET /xingrg/dwr/interface/AjaxReportQueryService.js HTTP/1.1" 200 13203
58.35.194.53 - - [15/Jun/2022:11:43:31 +0800] "GET /xingrg/dwr/engine.js HTTP/1.1" 200 43631
58.35.194.53 - - [15/Jun/2022:11:43:31 +0800] "GET /xingrg/dwr/util.js HTTP/1.1" 200 35990
58.35.194.53 - - [15/Jun/2022:11:43:31 +0800] "GET /xingrg/javascript/Calendar.js HTTP/1.1" 200 31561
58.35.194.53 - - [15/Jun/2022:11:43:31 +0800] "GET /xingrg/javascript/jquery_easy_ui/themes/icons/edit_add_new.png HTTP/1.1" 200 2997
58.35.194.53 - - [15/Jun/2022:11:43:31 +0800] "GET /xingrg/javascript/jquery_easy_ui/themes/icons/uncheck_new.png HTTP/1.1" 200 3197
58.35.194.53 - - [15/Jun/2022:11:43:31 +0800] "GET /xingrg/javascript/jquery_easy_ui/themes/icons/check_new.png HTTP/1.1" 200 3224
58.35.194.53 - - [15/Jun/2022:11:43:31 +0800] "GET /xingrg/javascript/jquery_easy_ui/themes/icons/cance_new.png HTTP/1.1" 200 3986
