180.169.147.146 - - [15/Jun/2022:13:39:29 +0800] "GET /xingrg/index.html?sysBaseUrl=http%3A%2F%2F180.169.147.146%3A18081%2Fxingrg%2F&costTime=42×tamp=1655271560628 HTTP/1.1" 200 17503
180.169.147.146 - - [15/Jun/2022:13:39:29 +0800] "GET /xingrg/javascript/jquery_easy_ui/themes/default/easyui.css HTTP/1.1" 304 -
180.169.147.146 - - [15/Jun/2022:13:39:29 +0800] "GET /xingrg/javascript/jquery_easy_ui/themes/icon.css HTTP/1.1" 304 -
180.169.147.146 - - [15/Jun/2022:13:39:29 +0800] "GET /xingrg/css/form.css HTTP/1.1" 304 -
180.169.147.146 - - [15/Jun/2022:13:39:29 +0800] "GET /xingrg/javascript/jquery-1.4.2.min.js HTTP/1.1" 304 -
180.169.147.146 - - [15/Jun/2022:13:39:29 +0800] "GET /xingrg/javascript/jquery_easy_ui/jquery.easyui.min.js HTTP/1.1" 304 -
180.169.147.146 - - [15/Jun/2022:13:39:29 +0800] "GET /xingrg/javascript/jquery_easy_ui/easyui-lang-zh_CN.js HTTP/1.1" 304 -
180.169.147.146 - - [15/Jun/2022:13:39:29 +0800] "GET /xingrg/javascript/jquery.form.js HTTP/1.1" 304 -
180.169.147.146 - - [15/Jun/2022:13:39:29 +0800] "GET /xingrg/javascript/jquery.utils.js HTTP/1.1" 304 -
180.169.147.146 - - [15/Jun/2022:13:39:29 +0800] "GET /xingrg/javascript/jquery.timers.js HTTP/1.1" 304 -
180.169.147.146 - - [15/Jun/2022:13:39:29 +0800] "GET /xingrg/images/blue/jxLogo.png HTTP/1.1" 304 -
180.169.147.146 - - [15/Jun/2022:13:39:29 +0800] "GET /xingrg/images/blue/navBackgound.jpg HTTP/1.1" 304 -
180.169.147.146 - - [15/Jun/2022:13:39:29 +0800] "GET /xingrg/javascript/jquery_easy_ui/themes/icons/settle_new.png HTTP/1.1" 304 -
180.169.147.146 - - [15/Jun/2022:13:39:29 +0800] "POST /xingrg/all/common/load_tree.html?tree=area_rest_tree_json&manage=1 HTTP/1.1" 200 3472
180.169.147.146 - - [15/Jun/2022:13:39:29 +0800] "GET /xingrg/all/function/internal_message.html?_=1655271570478&CODE_STATE=count HTTP/1.1" 200 11
180.169.147.146 - - [15/Jun/2022:13:39:29 +0800] "GET /xingrg/check_reg.html?_=1655271570480 HTTP/1.1" 200 22
180.169.147.146 - - [15/Jun/2022:13:39:29 +0800] "GET /xingrg/javascript/jquery_easy_ui/themes/default/images/panel_tool_expand.gif HTTP/1.1" 304 -
180.169.147.146 - - [15/Jun/2022:13:39:29 +0800] "GET /xingrg/javascript/jquery_easy_ui/themes/default/images/tabs_rightarrow.png HTTP/1.1" 304 -
180.169.147.146 - - [15/Jun/2022:13:39:29 +0800] "GET /xingrg/javascript/jquery_easy_ui/themes/default/images/tabs_leftarrow.png HTTP/1.1" 304 -
180.169.147.146 - - [15/Jun/2022:13:39:29 +0800] "GET /xingrg/javascript/jquery_easy_ui/themes/default/images/panel_tool_collapse.gif HTTP/1.1" 304 -
180.169.147.146 - - [15/Jun/2022:13:39:29 +0800] "GET /xingrg/images/blue/pingpu.png HTTP/1.1" 304 -
180.169.147.146 - - [15/Jun/2022:13:39:29 +0800] "POST /xingrg/load_menu.html HTTP/1.1" 200 9959
114.86.224.123 - - [15/Jun/2022:13:39:30 +0800] "GET /xingrg/all/function/internal_message.html?_=1655271573753&CODE_STATE=getMsg HTTP/1.1" 200 27
114.95.43.0 - - [15/Jun/2022:13:39:31 +0800] "GET /xingrg/kc/buy/cgsh_order_operate.html?command=get_materiel&rest_code=00105&code=00101005061&supplier_code=00100323&order_time=2022-06-15 HTTP/1.1" 200 434
180.169.147.146 - - [15/Jun/2022:13:39:32 +0800] "GET /xingrg/kc/buy/cgsh_order_list.html HTTP/1.1" 200 52087
180.169.147.146 - - [15/Jun/2022:13:39:34 +0800] "POST /xingrg/kc/buy/cgsh_list_operate.html HTTP/1.1" 200 1373
114.88.162.248 - - [15/Jun/2022:13:39:34 +0800] "GET /xingrg/all/function/internal_message.html?_=1655271571400&CODE_STATE=getMsg HTTP/1.1" 200 27
180.169.147.146 - - [15/Jun/2022:13:39:36 +0800] "GET /xingrg/javascript/auto/indicator.gif HTTP/1.1" 404 1066
114.95.43.0 - - [15/Jun/2022:13:39:41 +0800] "GET /xingrg/all/function/internal_message.html?_=1655271491163&CODE_STATE=getMsg HTTP/1.1" 200 27
114.83.219.74 - - [15/Jun/2022:13:39:47 +0800] "GET /xingrg/all/function/internal_message.html?_=1655271585179&CODE_STATE=getMsg HTTP/1.1" 200 27
114.95.43.0 - - [15/Jun/2022:13:39:51 +0800] "GET /xingrg/kc/buy/cgsh_order_operate.html?command=get_materiel&rest_code=00105&code=00101006330&supplier_code=00100323&order_time=2022-06-15 HTTP/1.1" 200 401
180.169.147.146 - - [15/Jun/2022:13:39:52 +0800] "GET /xingrg/all/function/internal_message.html?_=1655271590530&CODE_STATE=getMsg HTTP/1.1" 200 27
58.35.194.53 - - [15/Jun/2022:13:39:54 +0800] "GET /xingrg/all/function/internal_message.html?_=1655271592768&CODE_STATE=getMsg HTTP/1.1" 200 27
116.230.110.173 - - [15/Jun/2022:13:39:54 +0800] "GET /xingrg/all/function/internal_message.html?_=1655271593190&CODE_STATE=getMsg HTTP/1.1" 200 27
180.169.147.146 - - [15/Jun/2022:13:39:59 +0800] "GET /xingrg/all/function/internal_message.html?_=1655271597016&CODE_STATE=getMsg HTTP/1.1" 200 27
114.95.43.0 - - [15/Jun/2022:13:40:00 +0800] "POST /xingrg/kc/buy/cgsh_order_operate.html HTTP/1.1" 200 37
180.169.147.146 - - [15/Jun/2022:13:40:00 +0800] "GET /xingrg/all/function/internal_message.html?_=1655271597978&CODE_STATE=getMsg HTTP/1.1" 200 27
114.95.43.0 - - [15/Jun/2022:13:40:01 +0800] "POST /xingrg/kc/buy/cgsh_order_operate.html HTTP/1.1" 200 4451
114.95.43.0 - - [15/Jun/2022:13:40:02 +0800] "GET /xingrg/kc/print/load_data.html?order_code=212022061501587&kc_code=cgsh&condition= HTTP/1.1" 200 1382
218.81.223.53 - - [15/Jun/2022:13:40:04 +0800] "GET /xingrg/check_reg.html?_=1655271604865 HTTP/1.1" 200 22
218.81.223.53 - - [15/Jun/2022:13:40:06 +0800] "GET /xingrg/all/function/internal_message.html?_=1655271606586&CODE_STATE=getMsg HTTP/1.1" 200 27
101.83.223.227 - - [15/Jun/2022:13:40:07 +0800] "GET /xingrg/all/function/internal_message.html?_=1655271571345&CODE_STATE=getMsg HTTP/1.1" 200 27
222.69.144.95 - - [15/Jun/2022:13:40:13 +0800] "GET /xingrg/check_reg.html?_=1655271642187 HTTP/1.1" 200 22
222.69.144.95 - - [15/Jun/2022:13:40:13 +0800] "GET /xingrg/all/function/internal_message.html?_=1655271642191&CODE_STATE=getMsg HTTP/1.1" 200 27
101.83.223.227 - - [15/Jun/2022:13:40:14 +0800] "GET /xingrg/kc/buy/cgsh_order_operate.html?command=get_materiel&rest_code=00150&code=00101001256&supplier_code=00100479&order_time=2022-05-30 HTTP/1.1" 200 417
172.20.0.100 - - [15/Jun/2022:13:40:21 +0800] "GET /xingrg/login.html HTTP/1.1" 200 7636
172.20.0.100 - - [15/Jun/2022:13:40:22 +0800] "GET /favicon.ico HTTP/1.1" 404 -
114.84.82.172 - - [15/Jun/2022:13:40:23 +0800] "GET /xingrg/all/function/internal_message.html?_=1655271622047&CODE_STATE=getMsg HTTP/1.1" 200 27
101.85.120.86 - - [15/Jun/2022:13:40:26 +0800] "GET /xingrg/all/function/internal_message.html?_=1655271621207&CODE_STATE=getMsg HTTP/1.1" 200 27
172.20.0.100 - - [15/Jun/2022:13:40:26 +0800] "GET /xingrg/login.html HTTP/1.1" 200 7636
172.20.0.100 - - [15/Jun/2022:13:40:27 +0800] "GET /favicon.ico HTTP/1.1" 404 -
114.95.43.0 - - [15/Jun/2022:13:40:27 +0800] "GET /xingrg/all/function/internal_message.html?_=1655271627769&CODE_STATE=getMsg HTTP/1.1" 200 27
101.83.223.227 - - [15/Jun/2022:13:40:27 +0800] "GET /xingrg/kc/buy/cgsh_order_operate.html?command=get_materiel&rest_code=00150&code=00101021024&supplier_code=00100479&order_time=2022-05-30 HTTP/1.1" 200 436
180.169.147.146 - - [15/Jun/2022:13:40:29 +0800] "GET /xingrg/all/function/internal_message.html?_=1655271630485&CODE_STATE=getMsg HTTP/1.1" 200 27
114.86.224.123 - - [15/Jun/2022:13:40:30 +0800] "GET /xingrg/all/function/internal_message.html?_=1655271633755&CODE_STATE=getMsg HTTP/1.1" 200 27
58.35.194.53 - - [15/Jun/2022:13:40:33 +0800] "POST /xingrg/kc/buy/cgsh_order_operate.html HTTP/1.1" 200 37
114.88.162.248 - - [15/Jun/2022:13:40:34 +0800] "GET /xingrg/check_reg.html?_=1655271631402 HTTP/1.1" 200 22
114.88.162.248 - - [15/Jun/2022:13:40:34 +0800] "GET /xingrg/all/function/internal_message.html?_=1655271631404&CODE_STATE=getMsg HTTP/1.1" 200 27
58.35.194.53 - - [15/Jun/2022:13:40:39 +0800] "POST /xingrg/kc/buy/cgsh_order_operate.html HTTP/1.1" 200 12
114.95.43.0 - - [15/Jun/2022:13:40:41 +0800] "GET /xingrg/all/function/internal_message.html?_=1655271551189&CODE_STATE=getMsg HTTP/1.1" 200 27
58.35.194.53 - - [15/Jun/2022:13:40:41 +0800] "GET /xingrg/kc/buy/cgsh_order_info.html?code=212022061501588 HTTP/1.1" 200 62554
58.35.194.53 - - [15/Jun/2022:13:40:42 +0800] "GET /xingrg/javascript/easyui/themes/default/validatebox.css HTTP/1.1" 404 1104
58.35.194.53 - - [15/Jun/2022:13:40:42 +0800] "POST /xingrg/kc/buy/cgsh_order_operate.html HTTP/1.1" 200 640
114.83.219.74 - - [15/Jun/2022:13:40:47 +0800] "GET /xingrg/all/function/internal_message.html?_=1655271645151&CODE_STATE=getMsg HTTP/1.1" 200 27
180.169.147.146 - - [15/Jun/2022:13:40:52 +0800] "GET /xingrg/all/function/internal_message.html?_=1655271650515&CODE_STATE=getMsg HTTP/1.1" 200 27
58.35.194.53 - - [15/Jun/2022:13:40:54 +0800] "GET /xingrg/all/function/internal_message.html?_=1655271652759&CODE_STATE=getMsg HTTP/1.1" 200 27
116.230.110.173 - - [15/Jun/2022:13:40:54 +0800] "GET /xingrg/all/function/internal_message.html?_=1655271653194&CODE_STATE=getMsg HTTP/1.1" 200 27
180.169.147.146 - - [15/Jun/2022:13:40:59 +0800] "GET /xingrg/all/function/internal_message.html?_=1655271657012&CODE_STATE=getMsg HTTP/1.1" 200 27
58.35.194.53 - - [15/Jun/2022:13:41:00 +0800] "POST /xingrg/kc/buy/cgsh_list_operate.html HTTP/1.1" 200 641
180.169.147.146 - - [15/Jun/2022:13:41:00 +0800] "GET /xingrg/check_reg.html?_=1655271657976 HTTP/1.1" 200 22
180.169.147.146 - - [15/Jun/2022:13:41:00 +0800] "GET /xingrg/all/function/internal_message.html?_=1655271657979&CODE_STATE=getMsg HTTP/1.1" 200 27
101.83.223.227 - - [15/Jun/2022:13:41:03 +0800] "POST /xingrg/kc/buy/cgsh_order_operate.html HTTP/1.1" 200 37
101.83.223.227 - - [15/Jun/2022:13:41:05 +0800] "POST /xingrg/kc/buy/cgsh_order_operate.html HTTP/1.1" 200 5736
218.81.223.53 - - [15/Jun/2022:13:41:06 +0800] "GET /xingrg/all/function/internal_message.html?_=1655271666600&CODE_STATE=getMsg HTTP/1.1" 200 27
58.35.194.53 - - [15/Jun/2022:13:41:06 +0800] "GET /xingrg/javascript/jquery_tools/images/next.gif HTTP/1.1" 404 1086
58.35.194.53 - - [15/Jun/2022:13:41:06 +0800] "GET /xingrg/javascript/jquery_tools/images/prev.gif HTTP/1.1" 404 1086
101.83.223.227 - - [15/Jun/2022:13:41:07 +0800] "GET /xingrg/all/function/internal_message.html?_=1655271631359&CODE_STATE=getMsg HTTP/1.1" 200 27
58.35.194.53 - - [15/Jun/2022:13:41:12 +0800] "POST /xingrg/kc/buy/cgsh_list_operate.html HTTP/1.1" 200 4179
222.69.144.95 - - [15/Jun/2022:13:41:13 +0800] "GET /xingrg/all/function/internal_message.html?_=1655271702193&CODE_STATE=getMsg HTTP/1.1" 200 27
114.84.147.169 - - [15/Jun/2022:13:41:14 +0800] "GET /xingrg/check_reg.html?_=1655271391365 HTTP/1.1" 302 -
58.35.194.53 - - [15/Jun/2022:13:41:19 +0800] "POST /xingrg/kc/buy/cgsh_list_operate.html HTTP/1.1" 200 220
114.95.43.0 - - [15/Jun/2022:13:41:20 +0800] "GET /xingrg/kc/base/wldb_order_list.html HTTP/1.1" 200 19142
114.95.43.0 - - [15/Jun/2022:13:41:20 +0800] "POST /xingrg/kc/base/wldb_list_operate.html HTTP/1.1" 200 928
58.35.194.53 - - [15/Jun/2022:13:41:22 +0800] "GET /xingrg/kc/buy/cgsh_order_info.html?code=212022061501588 HTTP/1.1" 200 62554
58.35.194.53 - - [15/Jun/2022:13:41:22 +0800] "GET /xingrg/javascript/easyui/themes/default/validatebox.css HTTP/1.1" 404 1104
114.95.43.0 - - [15/Jun/2022:13:41:22 +0800] "GET /xingrg/kc/base/wldb_order_add.html HTTP/1.1" 200 30356
114.95.43.0 - - [15/Jun/2022:13:41:23 +0800] "GET /xingrg/all/common/auto_word.html?type=base&rest_code=00105 HTTP/1.1" 200 1907
114.95.43.0 - - [15/Jun/2022:13:41:23 +0800] "GET /xingrg/all/common/auto_word.html?type=base&rest_code=00105 HTTP/1.1" 200 1907
114.95.43.0 - - [15/Jun/2022:13:41:23 +0800] "POST /xingrg/kc/base/wldb_order_operate.html HTTP/1.1" 200 6806
114.95.43.0 - - [15/Jun/2022:13:41:23 +0800] "GET /xingrg/javascript/easyui/themes/default/validatebox.css HTTP/1.1" 404 1104
58.35.194.53 - - [15/Jun/2022:13:41:23 +0800] "POST /xingrg/kc/buy/cgsh_order_operate.html HTTP/1.1" 200 640
114.84.82.172 - - [15/Jun/2022:13:41:23 +0800] "GET /xingrg/all/function/internal_message.html?_=1655271682031&CODE_STATE=getMsg HTTP/1.1" 200 27
114.95.43.0 - - [15/Jun/2022:13:41:23 +0800] "POST /xingrg/all/common/load_combo.html?type=base HTTP/1.1" 200 3409
58.35.194.53 - - [15/Jun/2022:13:41:25 +0800] "GET /xingrg/kc/print/load_config.html?kc_code=cgsh HTTP/1.1" 200 1943
58.35.194.53 - - [15/Jun/2022:13:41:25 +0800] "GET /xingrg/kc/print/load_data.html?order_code=212022061501588&kc_code=cgsh&condition= HTTP/1.1" 200 727
101.85.120.86 - - [15/Jun/2022:13:41:26 +0800] "GET /xingrg/all/function/internal_message.html?_=1655271681232&CODE_STATE=getMsg HTTP/1.1" 200 27
114.95.43.0 - - [15/Jun/2022:13:41:27 +0800] "GET /xingrg/all/function/internal_message.html?_=1655271687774&CODE_STATE=getMsg HTTP/1.1" 200 27
180.169.147.146 - - [15/Jun/2022:13:41:29 +0800] "GET /xingrg/all/function/internal_message.html?_=1655271690492&CODE_STATE=getMsg HTTP/1.1" 200 27
114.86.224.123 - - [15/Jun/2022:13:41:30 +0800] "GET /xingrg/all/function/internal_message.html?_=1655271693757&CODE_STATE=getMsg HTTP/1.1" 200 27
114.88.162.248 - - [15/Jun/2022:13:41:34 +0800] "GET /xingrg/all/function/internal_message.html?_=1655271691403&CODE_STATE=getMsg HTTP/1.1" 200 27
114.95.43.0 - - [15/Jun/2022:13:41:35 +0800] "GET /xingrg/kc/base/wldb_order_operate.html?command=get_materiel&rest_code=00105&base_code=0010508&code=00102002448 HTTP/1.1" 200 440
172.20.0.100 - - [15/Jun/2022:13:41:41 +0800] "GET /xingrg/login.html HTTP/1.1" 200 7636
114.95.43.0 - - [15/Jun/2022:13:41:41 +0800] "GET /xingrg/all/function/internal_message.html?_=1655271611189&CODE_STATE=getMsg HTTP/1.1" 200 27
172.20.0.100 - - [15/Jun/2022:13:41:43 +0800] "GET /favicon.ico HTTP/1.1" 404 -
114.95.43.0 - - [15/Jun/2022:13:41:44 +0800] "GET /xingrg/kc/base/wldb_order_operate.html?command=get_materiel&rest_code=00105&base_code=0010508&code=00102002204 HTTP/1.1" 200 447
114.83.219.74 - - [15/Jun/2022:13:41:47 +0800] "GET /xingrg/all/function/internal_message.html?_=1655271705143&CODE_STATE=getMsg HTTP/1.1" 200 27
180.169.147.146 - - [15/Jun/2022:13:41:52 +0800] "GET /xingrg/all/function/internal_message.html?_=1655271710504&CODE_STATE=getMsg HTTP/1.1" 200 27
172.20.0.100 - - [15/Jun/2022:13:41:53 +0800] "POST /xingrg/login.do HTTP/1.1" 302 -
172.20.0.100 - - [15/Jun/2022:13:41:53 +0800] "GET /xingrg/index.html?sysBaseUrl=http%3A%2F%2F172.20.0.8%3A18081%2Fxingrg%2F&costTime=41×tamp=1655271713117 HTTP/1.1" 200 17448
172.20.0.100 - - [15/Jun/2022:13:41:53 +0800] "GET /favicon.ico HTTP/1.1" 404 -
172.20.0.100 - - [15/Jun/2022:13:41:53 +0800] "POST /xingrg/all/common/load_tree.html?tree=area_rest_tree_json&manage=1 HTTP/1.1" 200 3472
172.20.0.100 - - [15/Jun/2022:13:41:53 +0800] "GET /xingrg/all/function/internal_message.html?_=1655271714061&CODE_STATE=count HTTP/1.1" 200 11
172.20.0.100 - - [15/Jun/2022:13:41:53 +0800] "GET /xingrg/check_reg.html?_=1655271714065 HTTP/1.1" 200 22
172.20.0.100 - - [15/Jun/2022:13:41:53 +0800] "POST /xingrg/load_menu.html HTTP/1.1" 200 11529
58.35.194.53 - - [15/Jun/2022:13:41:54 +0800] "GET /xingrg/all/function/internal_message.html?_=1655271712749&CODE_STATE=getMsg HTTP/1.1" 200 27
116.230.110.173 - - [15/Jun/2022:13:41:54 +0800] "GET /xingrg/check_reg.html?_=1655271713178 HTTP/1.1" 200 22
116.230.110.173 - - [15/Jun/2022:13:41:54 +0800] "GET /xingrg/all/function/internal_message.html?_=1655271713181&CODE_STATE=getMsg HTTP/1.1" 200 27
172.20.0.100 - - [15/Jun/2022:13:41:55 +0800] "POST /xingrg/load_menu.html HTTP/1.1" 200 10512
114.95.43.0 - - [15/Jun/2022:13:41:55 +0800] "GET /xingrg/kc/base/wldb_order_operate.html?command=get_materiel&rest_code=00105&base_code=0010508&code=00102002304 HTTP/1.1" 200 463
172.20.0.100 - - [15/Jun/2022:13:41:58 +0800] "GET /xingrg/system/info/materiel_manager.html HTTP/1.1" 200 19442
172.20.0.100 - - [15/Jun/2022:13:41:58 +0800] "GET /xingrg/css/xtree.css HTTP/1.1" 200 880
172.20.0.100 - - [15/Jun/2022:13:41:58 +0800] "GET /xingrg/javascript/jquery_ui/themes/base/base.css HTTP/1.1" 200 28568
172.20.0.100 - - [15/Jun/2022:13:41:58 +0800] "GET /xingrg/dwr/interface/AjaxBaseInfoService.js HTTP/1.1" 200 21363
172.20.0.100 - - [15/Jun/2022:13:41:58 +0800] "GET /xingrg/dwr/engine.js HTTP/1.1" 200 43631
172.20.0.100 - - [15/Jun/2022:13:41:58 +0800] "GET /xingrg/dwr/interface/AjaxComOrderService.js HTTP/1.1" 200 18264
172.20.0.100 - - [15/Jun/2022:13:41:58 +0800] "GET /xingrg/javascript/ToolTips.js HTTP/1.1" 200 5615
172.20.0.100 - - [15/Jun/2022:13:41:58 +0800] "GET /xingrg/javascript/Grid.js HTTP/1.1" 200 58908
172.20.0.100 - - [15/Jun/2022:13:41:58 +0800] "GET /xingrg/javascript/xtree.js HTTP/1.1" 200 26582
172.20.0.100 - - [15/Jun/2022:13:41:58 +0800] "GET /xingrg/images/xtree/openfoldericon.png HTTP/1.1" 200 232
172.20.0.100 - - [15/Jun/2022:13:41:58 +0800] "GET /xingrg/javascript/jquery_easy_ui/themes/icons/import_new.png HTTP/1.1" 200 1247
172.20.0.100 - - [15/Jun/2022:13:41:58 +0800] "GET /xingrg/javascript/jquery_easy_ui/themes/icons/print_new.png HTTP/1.1" 200 3580
172.20.0.100 - - [15/Jun/2022:13:41:58 +0800] "GET /xingrg/images/blue/wait.gif HTTP/1.1" 200 1100
172.20.0.100 - - [15/Jun/2022:13:41:58 +0800] "POST /xingrg/dwr/call/plaincall/AjaxBaseInfoService.getSubMaterielSorts.dwr HTTP/1.1" 200 219
172.20.0.100 - - [15/Jun/2022:13:41:58 +0800] "GET /xingrg/images/xtree/Lplus.png HTTP/1.1" 200 224
172.20.0.100 - - [15/Jun/2022:13:41:58 +0800] "GET /xingrg/images/xtree/foldericon.png HTTP/1.1" 200 229
172.20.0.100 - - [15/Jun/2022:13:41:58 +0800] "GET /xingrg/images/xtree/Tplus.png HTTP/1.1" 200 222
172.20.0.100 - - [15/Jun/2022:13:41:58 +0800] "GET /xingrg/images/xtree/Lplus.png HTTP/1.1" 200 224
172.20.0.100 - - [15/Jun/2022:13:41:59 +0800] "POST /xingrg/dwr/call/plaincall/AjaxBaseInfoService.getMateriels.dwr HTTP/1.1" 200 2930
180.169.147.146 - - [15/Jun/2022:13:41:59 +0800] "GET /xingrg/all/function/internal_message.html?_=1655271717010&CODE_STATE=getMsg HTTP/1.1" 200 27
180.169.147.146 - - [15/Jun/2022:13:42:00 +0800] "GET /xingrg/all/function/internal_message.html?_=1655271717978&CODE_STATE=getMsg HTTP/1.1" 200 27
180.169.147.146 - - [15/Jun/2022:13:42:02 +0800] "GET /xingrg/check_reg.html?_=1655271722316 HTTP/1.1" 200 22
172.20.0.100 - - [15/Jun/2022:13:42:06 +0800] "POST /xingrg/dwr/call/plaincall/AjaxBaseInfoService.searchMateriels.dwr HTTP/1.1" 200 2843
218.81.223.53 - - [15/Jun/2022:13:42:06 +0800] "GET /xingrg/all/function/internal_message.html?_=1655271726613&CODE_STATE=getMsg HTTP/1.1" 200 27
116.230.110.173 - - [15/Jun/2022:13:42:07 +0800] "POST /xingrg/services/DataTransmitService HTTP/1.1" 200 524
101.83.223.227 - - [15/Jun/2022:13:42:07 +0800] "GET /xingrg/all/function/internal_message.html?_=1655271691394&CODE_STATE=getMsg HTTP/1.1" 200 27
116.230.110.173 - - [15/Jun/2022:13:42:07 +0800] "POST /xingrg/services/DataTransmitService HTTP/1.1" 200 412
180.169.147.146 - - [15/Jun/2022:13:42:10 +0800] "GET /xingrg/kc/cost/cost_list.html HTTP/1.1" 200 6093
180.169.147.146 - - [15/Jun/2022:13:42:10 +0800] "GET /xingrg/css/blue.css HTTP/1.1" 200 15949
180.169.147.146 - - [15/Jun/2022:13:42:10 +0800] "GET /xingrg/javascript/step/step.css HTTP/1.1" 200 999
180.169.147.146 - - [15/Jun/2022:13:42:10 +0800] "GET /xingrg/dwr/util.js HTTP/1.1" 200 35990
180.169.147.146 - - [15/Jun/2022:13:42:10 +0800] "GET /xingrg/javascript/myfunction.js HTTP/1.1" 200 24559
180.169.147.146 - - [15/Jun/2022:13:42:10 +0800] "GET /xingrg/dwr/interface/AjaxReportQueryService.js HTTP/1.1" 200 13203
180.169.147.146 - - [15/Jun/2022:13:42:10 +0800] "GET /xingrg/css/table.css HTTP/1.1" 200 3684
180.169.147.146 - - [15/Jun/2022:13:42:10 +0800] "GET /xingrg/dwr/engine.js HTTP/1.1" 200 43631
180.169.147.146 - - [15/Jun/2022:13:42:10 +0800] "GET /xingrg/javascript/jquery_easy_ui/themes/icons/edit_add.png HTTP/1.1" 200 1088
180.169.147.146 - - [15/Jun/2022:13:42:10 +0800] "GET /xingrg/javascript/jquery_easy_ui/themes/icons/pencil.png HTTP/1.1" 200 713
180.169.147.146 - - [15/Jun/2022:13:42:10 +0800] "GET /xingrg/javascript/jquery_easy_ui/themes/default/images/datagrid_header_bg.gif HTTP/1.1" 200 97
180.169.147.146 - - [15/Jun/2022:13:42:10 +0800] "GET /xingrg/javascript/jquery_easy_ui/themes/icons/edit_remove.png HTTP/1.1" 200 625
180.169.147.146 - - [15/Jun/2022:13:42:10 +0800] "GET /xingrg/javascript/jquery_easy_ui/themes/default/images/pagination_loading.gif HTTP/1.1" 200 1737
180.169.147.146 - - [15/Jun/2022:13:42:10 +0800] "GET /xingrg/kc/cost/cost_operate.html?_=1655271731559&command=load_cost_list HTTP/1.1" 200 7747
172.20.0.100 - - [15/Jun/2022:13:42:11 +0800] "POST /xingrg/dwr/call/plaincall/AjaxBaseInfoService.searchMateriels.dwr HTTP/1.1" 200 3023
180.169.147.146 - - [15/Jun/2022:13:42:13 +0800] "GET /xingrg/javascript/jquery_easy_ui/themes/default/images/button_plain_hover.png HTTP/1.1" 200 252
222.69.144.95 - - [15/Jun/2022:13:42:13 +0800] "GET /xingrg/all/function/internal_message.html?_=1655271762190&CODE_STATE=getMsg HTTP/1.1" 200 27
114.95.43.0 - - [15/Jun/2022:13:42:16 +0800] "POST /xingrg/kc/base/wldb_order_operate.html HTTP/1.1" 200 37
172.20.0.100 - - [15/Jun/2022:13:42:16 +0800] "POST /xingrg/dwr/call/plaincall/AjaxBaseInfoService.searchMateriels.dwr HTTP/1.1" 200 704
114.95.43.0 - - [15/Jun/2022:13:42:16 +0800] "POST /xingrg/kc/base/wldb_order_operate.html HTTP/1.1" 200 2678
114.95.43.0 - - [15/Jun/2022:13:42:16 +0800] "GET /xingrg/kc/base/wldb_order_info.html?code=422022061500535 HTTP/1.1" 200 30373
114.95.43.0 - - [15/Jun/2022:13:42:17 +0800] "GET /xingrg/javascript/easyui/themes/default/validatebox.css HTTP/1.1" 404 1104
114.95.43.0 - - [15/Jun/2022:13:42:17 +0800] "POST /xingrg/kc/base/wldb_order_operate.html HTTP/1.1" 200 2678
114.84.82.172 - - [15/Jun/2022:13:42:17 +0800] "GET /xingrg/kc/buy/cgsh_order_add.html HTTP/1.1" 200 67608
114.84.82.172 - - [15/Jun/2022:13:42:18 +0800] "POST /xingrg/kc/buy/cgsh_order_operate.html HTTP/1.1" 200 8245
114.84.82.172 - - [15/Jun/2022:13:42:18 +0800] "GET /xingrg/javascript/easyui/themes/default/validatebox.css HTTP/1.1" 404 1104
172.20.0.100 - - [15/Jun/2022:13:42:18 +0800] "POST /xingrg/dwr/call/plaincall/AjaxBaseInfoService.searchMateriels.dwr HTTP/1.1" 200 2843
114.95.43.0 - - [15/Jun/2022:13:42:23 +0800] "GET /xingrg/kc/base/wldb_order_operate.html?command=get_materiel&rest_code=00105&base_code=0010508&code=00102002390 HTTP/1.1" 200 437
114.84.82.172 - - [15/Jun/2022:13:42:23 +0800] "GET /xingrg/all/function/internal_message.html?_=1655271742021&CODE_STATE=getMsg HTTP/1.1" 200 27
114.84.82.172 - - [15/Jun/2022:13:42:23 +0800] "GET /xingrg/check_reg.html?_=1655271742102 HTTP/1.1" 200 22
101.85.120.86 - - [15/Jun/2022:13:42:26 +0800] "GET /xingrg/all/function/internal_message.html?_=1655271741231&CODE_STATE=getMsg HTTP/1.1" 200 27
101.85.120.86 - - [15/Jun/2022:13:42:26 +0800] "GET /xingrg/check_reg.html?_=1655271741236 HTTP/1.1" 200 22
180.169.147.146 - - [15/Jun/2022:13:42:27 +0800] "POST /xingrg/kc/cost/cost_operate.html HTTP/1.1" 200 4
180.169.147.146 - - [15/Jun/2022:13:42:29 +0800] "GET /xingrg/kc/cost/cost_operate.html?_=1655271749966&command=load_cost_list HTTP/1.1" 200 7549
114.86.224.123 - - [15/Jun/2022:13:42:30 +0800] "GET /xingrg/all/function/internal_message.html?_=1655271753759&CODE_STATE=getMsg HTTP/1.1" 200 27
180.169.147.146 - - [15/Jun/2022:13:42:30 +0800] "GET /xingrg/all/function/internal_message.html?_=1655271751589&CODE_STATE=getMsg HTTP/1.1" 200 27
114.95.43.0 - - [15/Jun/2022:13:42:32 +0800] "POST /xingrg/kc/base/wldb_order_operate.html HTTP/1.1" 200 37
114.95.43.0 - - [15/Jun/2022:13:42:32 +0800] "POST /xingrg/kc/base/wldb_order_operate.html HTTP/1.1" 200 2678
180.169.147.146 - - [15/Jun/2022:13:42:33 +0800] "POST /xingrg/all/user/operate.html HTTP/1.1" 200 36
180.169.147.146 - - [15/Jun/2022:13:42:33 +0800] "GET /xingrg/index.html?sysBaseUrl=http%3A%2F%2F180.169.147.146%3A18081%2Fxingrg%2F&costTime=42×tamp=1655271560628 HTTP/1.1" 200 17509
180.169.147.146 - - [15/Jun/2022:13:42:33 +0800] "GET /xingrg/javascript/jquery_easy_ui/themes/default/easyui.css HTTP/1.1" 304 -
180.169.147.146 - - [15/Jun/2022:13:42:33 +0800] "GET /xingrg/javascript/jquery_easy_ui/themes/icon.css HTTP/1.1" 304 -
180.169.147.146 - - [15/Jun/2022:13:42:33 +0800] "GET /xingrg/css/form.css HTTP/1.1" 304 -
180.169.147.146 - - [15/Jun/2022:13:42:33 +0800] "GET /xingrg/javascript/jquery-1.4.2.min.js HTTP/1.1" 304 -
180.169.147.146 - - [15/Jun/2022:13:42:33 +0800] "GET /xingrg/javascript/jquery_easy_ui/jquery.easyui.min.js HTTP/1.1" 304 -
114.95.43.0 - - [15/Jun/2022:13:42:33 +0800] "GET /xingrg/kc/base/wldb_order_info.html?code=422022061500535 HTTP/1.1" 200 30373
180.169.147.146 - - [15/Jun/2022:13:42:33 +0800] "GET /xingrg/javascript/jquery_easy_ui/easyui-lang-zh_CN.js HTTP/1.1" 304 -
180.169.147.146 - - [15/Jun/2022:13:42:33 +0800] "GET /xingrg/javascript/jquery.form.js HTTP/1.1" 304 -
180.169.147.146 - - [15/Jun/2022:13:42:33 +0800] "GET /xingrg/javascript/jquery.utils.js HTTP/1.1" 304 -
180.169.147.146 - - [15/Jun/2022:13:42:33 +0800] "GET /xingrg/javascript/jquery.timers.js HTTP/1.1" 304 -
180.169.147.146 - - [15/Jun/2022:13:42:33 +0800] "GET /xingrg/images/blue/jxLogo.png HTTP/1.1" 304 -
180.169.147.146 - - [15/Jun/2022:13:42:33 +0800] "GET /xingrg/images/blue/navBackgound.jpg HTTP/1.1" 304 -
180.169.147.146 - - [15/Jun/2022:13:42:33 +0800] "GET /xingrg/javascript/jquery_easy_ui/themes/icons/settle_new.png HTTP/1.1" 304 -
180.169.147.146 - - [15/Jun/2022:13:42:33 +0800] "POST /xingrg/all/common/load_tree.html?tree=area_rest_tree_json&manage=1 HTTP/1.1" 200 3472
180.169.147.146 - - [15/Jun/2022:13:42:33 +0800] "GET /xingrg/check_reg.html?_=1655271754623 HTTP/1.1" 200 22
180.169.147.146 - - [15/Jun/2022:13:42:33 +0800] "GET /xingrg/all/function/internal_message.html?_=1655271754623&CODE_STATE=count HTTP/1.1" 200 11
180.169.147.146 - - [15/Jun/2022:13:42:33 +0800] "GET /xingrg/javascript/jquery_easy_ui/themes/default/images/panel_tool_expand.gif HTTP/1.1" 304 -
180.169.147.146 - - [15/Jun/2022:13:42:33 +0800] "GET /xingrg/javascript/jquery_easy_ui/themes/default/images/panel_tool_collapse.gif HTTP/1.1" 304 -
180.169.147.146 - - [15/Jun/2022:13:42:33 +0800] "GET /xingrg/images/blue/pingpu.png HTTP/1.1" 304 -
180.169.147.146 - - [15/Jun/2022:13:42:33 +0800] "GET /xingrg/javascript/jquery_easy_ui/themes/default/images/tabs_leftarrow.png HTTP/1.1" 304 -
180.169.147.146 - - [15/Jun/2022:13:42:33 +0800] "GET /xingrg/javascript/jquery_easy_ui/themes/default/images/tabs_rightarrow.png HTTP/1.1" 304 -
180.169.147.146 - - [15/Jun/2022:13:42:33 +0800] "POST /xingrg/load_menu.html HTTP/1.1" 200 9959
114.95.43.0 - - [15/Jun/2022:13:42:34 +0800] "GET /xingrg/javascript/easyui/themes/default/validatebox.css HTTP/1.1" 404 1104
114.95.43.0 - - [15/Jun/2022:13:42:34 +0800] "POST /xingrg/kc/base/wldb_order_operate.html HTTP/1.1" 200 2678
114.88.162.248 - - [15/Jun/2022:13:42:34 +0800] "GET /xingrg/all/function/internal_message.html?_=1655271751402&CODE_STATE=getMsg HTTP/1.1" 200 27
180.169.147.146 - - [15/Jun/2022:13:42:36 +0800] "GET /xingrg/kc/cost/cost_list.html HTTP/1.1" 200 6093
180.169.147.146 - - [15/Jun/2022:13:42:36 +0800] "GET /xingrg/dwr/interface/AjaxReportQueryService.js HTTP/1.1" 200 13203
180.169.147.146 - - [15/Jun/2022:13:42:36 +0800] "GET /xingrg/dwr/engine.js HTTP/1.1" 200 43631
180.169.147.146 - - [15/Jun/2022:13:42:36 +0800] "GET /xingrg/kc/cost/cost_operate.html?_=1655271757239&command=load_cost_list HTTP/1.1" 200 8130
172.20.0.100 - - [15/Jun/2022:13:42:37 +0800] "POST /xingrg/dwr/call/plaincall/AjaxBaseInfoService.searchMateriels.dwr HTTP/1.1" 200 3023
114.95.43.0 - - [15/Jun/2022:13:42:41 +0800] "GET /xingrg/all/function/internal_message.html?_=1655271671190&CODE_STATE=getMsg HTTP/1.1" 200 27
114.95.43.0 - - [15/Jun/2022:13:42:41 +0800] "GET /xingrg/check_reg.html?_=1655271671193 HTTP/1.1" 200 22
180.169.147.146 - - [15/Jun/2022:13:42:44 +0800] "GET /xingrg/kc/report/report_main.html HTTP/1.1" 200 7340
114.84.82.172 - - [15/Jun/2022:13:42:44 +0800] "GET /xingrg/kc/buy/cgsh_order_operate.html?command=get_materiel&rest_code=00148&code=00101010310&supplier_code=00100323&order_time=2022-06-15 HTTP/1.1" 200 442
114.83.219.74 - - [15/Jun/2022:13:42:47 +0800] "GET /xingrg/all/function/internal_message.html?_=1655271765128&CODE_STATE=getMsg HTTP/1.1" 200 27
114.95.43.0 - - [15/Jun/2022:13:42:48 +0800] "GET /xingrg/kc/base/wldb_order_add.html HTTP/1.1" 200 30356
114.95.43.0 - - [15/Jun/2022:13:42:49 +0800] "GET /xingrg/javascript/easyui/themes/default/validatebox.css HTTP/1.1" 404 1104
114.95.43.0 - - [15/Jun/2022:13:42:49 +0800] "POST /xingrg/kc/base/wldb_order_operate.html HTTP/1.1" 200 6806
180.169.147.146 - - [15/Jun/2022:13:42:49 +0800] "POST /xingrg/kc/cost/cost_operate.html HTTP/1.1" 200 4
114.95.43.0 - - [15/Jun/2022:13:42:49 +0800] "POST /xingrg/all/common/load_combo.html?type=base HTTP/1.1" 200 3409
172.20.0.100 - - [15/Jun/2022:13:42:50 +0800] "POST /xingrg/dwr/call/plaincall/AjaxBaseInfoService.searchMateriels.dwr HTTP/1.1" 200 704
180.169.147.146 - - [15/Jun/2022:13:42:52 +0800] "GET /xingrg/all/function/internal_message.html?_=1655271770518&CODE_STATE=getMsg HTTP/1.1" 200 27
180.169.147.146 - - [15/Jun/2022:13:42:52 +0800] "GET /xingrg/kc/info/info_main.html HTTP/1.1" 200 6010
180.169.147.146 - - [15/Jun/2022:13:42:53 +0800] "GET /xingrg/system/info/materiel_manager.html HTTP/1.1" 200 19497
180.169.147.146 - - [15/Jun/2022:13:42:53 +0800] "GET /xingrg/dwr/interface/AjaxBaseInfoService.js HTTP/1.1" 200 21363
180.169.147.146 - - [15/Jun/2022:13:42:53 +0800] "GET /xingrg/dwr/interface/AjaxComOrderService.js HTTP/1.1" 200 18264
180.169.147.146 - - [15/Jun/2022:13:42:53 +0800] "GET /xingrg/dwr/engine.js HTTP/1.1" 200 43631
180.169.147.146 - - [15/Jun/2022:13:42:53 +0800] "POST /xingrg/dwr/call/plaincall/AjaxBaseInfoService.getSubMaterielSorts.dwr HTTP/1.1" 200 219
172.20.0.100 - - [15/Jun/2022:13:42:53 +0800] "GET /xingrg/all/function/internal_message.html?_=1655271774088&CODE_STATE=getMsg HTTP/1.1" 200 27
180.169.147.146 - - [15/Jun/2022:13:42:53 +0800] "POST /xingrg/dwr/call/plaincall/AjaxBaseInfoService.getMateriels.dwr HTTP/1.1" 200 2930
172.20.0.100 - - [15/Jun/2022:13:42:54 +0800] "POST /xingrg/dwr/call/plaincall/AjaxBaseInfoService.searchMateriels.dwr HTTP/1.1" 200 2843
58.35.194.53 - - [15/Jun/2022:13:42:54 +0800] "GET /xingrg/all/function/internal_message.html?_=1655271772750&CODE_STATE=getMsg HTTP/1.1" 200 27
116.230.110.173 - - [15/Jun/2022:13:42:54 +0800] "GET /xingrg/all/function/internal_message.html?_=1655271773190&CODE_STATE=getMsg HTTP/1.1" 200 27
180.169.147.146 - - [15/Jun/2022:13:42:57 +0800] "POST /xingrg/dwr/call/plaincall/AjaxBaseInfoService.searchMateriels.dwr HTTP/1.1" 200 2843
180.169.147.146 - - [15/Jun/2022:13:42:58 +0800] "GET /xingrg/kc/cost/cost_operate.html?_=1655271778803&command=load_cost_list HTTP/1.1" 200 7932
180.169.147.146 - - [15/Jun/2022:13:42:59 +0800] "GET /xingrg/check_reg.html?_=1655271777015 HTTP/1.1" 200 22
180.169.147.146 - - [15/Jun/2022:13:42:59 +0800] "GET /xingrg/all/function/internal_message.html?_=1655271777020&CODE_STATE=getMsg HTTP/1.1" 200 27
180.169.147.146 - - [15/Jun/2022:13:43:00 +0800] "GET /xingrg/all/function/internal_message.html?_=1655271777977&CODE_STATE=getMsg HTTP/1.1" 200 27
180.169.147.146 - - [15/Jun/2022:13:43:02 +0800] "POST /xingrg/all/user/operate.html HTTP/1.1" 200 36
180.169.147.146 - - [15/Jun/2022:13:43:02 +0800] "GET /xingrg/index.html?sysBaseUrl=http%3A%2F%2F180.169.147.146%3A18081%2Fxingrg%2F&costTime=42×tamp=1655271560628 HTTP/1.1" 200 17509
180.169.147.146 - - [15/Jun/2022:13:43:02 +0800] "GET /xingrg/javascript/jquery_easy_ui/themes/default/easyui.css HTTP/1.1" 304 -
180.169.147.146 - - [15/Jun/2022:13:43:02 +0800] "GET /xingrg/javascript/jquery_easy_ui/themes/icon.css HTTP/1.1" 304 -
180.169.147.146 - - [15/Jun/2022:13:43:02 +0800] "GET /xingrg/css/form.css HTTP/1.1" 304 -
180.169.147.146 - - [15/Jun/2022:13:43:02 +0800] "GET /xingrg/javascript/jquery-1.4.2.min.js HTTP/1.1" 304 -
180.169.147.146 - - [15/Jun/2022:13:43:02 +0800] "GET /xingrg/javascript/jquery_easy_ui/jquery.easyui.min.js HTTP/1.1" 304 -
180.169.147.146 - - [15/Jun/2022:13:43:02 +0800] "GET /xingrg/javascript/jquery_easy_ui/easyui-lang-zh_CN.js HTTP/1.1" 304 -
180.169.147.146 - - [15/Jun/2022:13:43:02 +0800] "GET /xingrg/javascript/jquery.form.js HTTP/1.1" 304 -
180.169.147.146 - - [15/Jun/2022:13:43:02 +0800] "GET /xingrg/javascript/jquery.utils.js HTTP/1.1" 304 -
180.169.147.146 - - [15/Jun/2022:13:43:02 +0800] "GET /xingrg/javascript/jquery.timers.js HTTP/1.1" 304 -
180.169.147.146 - - [15/Jun/2022:13:43:02 +0800] "GET /xingrg/images/blue/jxLogo.png HTTP/1.1" 304 -
180.169.147.146 - - [15/Jun/2022:13:43:02 +0800] "GET /xingrg/images/blue/navBackgound.jpg HTTP/1.1" 304 -
180.169.147.146 - - [15/Jun/2022:13:43:02 +0800] "GET /xingrg/javascript/jquery_easy_ui/themes/icons/settle_new.png HTTP/1.1" 304 -
180.169.147.146 - - [15/Jun/2022:13:43:02 +0800] "POST /xingrg/all/common/load_tree.html?tree=area_rest_tree_json&manage=1 HTTP/1.1" 200 3472
180.169.147.146 - - [15/Jun/2022:13:43:02 +0800] "GET /xingrg/check_reg.html?_=1655271783410 HTTP/1.1" 200 22
180.169.147.146 - - [15/Jun/2022:13:43:02 +0800] "GET /xingrg/all/function/internal_message.html?_=1655271783410&CODE_STATE=count HTTP/1.1" 200 11
180.169.147.146 - - [15/Jun/2022:13:43:02 +0800] "GET /xingrg/javascript/jquery_easy_ui/themes/default/images/panel_tool_expand.gif HTTP/1.1" 304 -
180.169.147.146 - - [15/Jun/2022:13:43:02 +0800] "GET /xingrg/javascript/jquery_easy_ui/themes/default/images/panel_tool_collapse.gif HTTP/1.1" 304 -
180.169.147.146 - - [15/Jun/2022:13:43:02 +0800] "GET /xingrg/javascript/jquery_easy_ui/themes/default/images/tabs_rightarrow.png HTTP/1.1" 304 -
180.169.147.146 - - [15/Jun/2022:13:43:02 +0800] "GET /xingrg/images/blue/pingpu.png HTTP/1.1" 304 -
180.169.147.146 - - [15/Jun/2022:13:43:02 +0800] "GET /xingrg/javascript/jquery_easy_ui/themes/default/images/tabs_leftarrow.png HTTP/1.1" 304 -
180.169.147.146 - - [15/Jun/2022:13:43:02 +0800] "POST /xingrg/load_menu.html HTTP/1.1" 200 9959
180.169.147.146 - - [15/Jun/2022:13:43:04 +0800] "GET /xingrg/kc/cost/cost_list.html HTTP/1.1" 200 6093
180.169.147.146 - - [15/Jun/2022:13:43:04 +0800] "GET /xingrg/dwr/interface/AjaxReportQueryService.js HTTP/1.1" 200 13203
180.169.147.146 - - [15/Jun/2022:13:43:04 +0800] "GET /xingrg/dwr/engine.js HTTP/1.1" 200 43631
180.169.147.146 - - [15/Jun/2022:13:43:04 +0800] "GET /xingrg/kc/cost/cost_operate.html?_=1655271785626&command=load_cost_list HTTP/1.1" 200 7878
218.81.223.53 - - [15/Jun/2022:13:43:06 +0800] "GET /xingrg/all/function/internal_message.html?_=1655271786727&CODE_STATE=getMsg HTTP/1.1" 200 27
101.83.223.227 - - [15/Jun/2022:13:43:07 +0800] "GET /xingrg/all/function/internal_message.html?_=1655271751401&CODE_STATE=getMsg HTTP/1.1" 200 27
222.69.144.95 - - [15/Jun/2022:13:43:13 +0800] "GET /xingrg/all/function/internal_message.html?_=1655271822183&CODE_STATE=getMsg HTTP/1.1" 200 27
114.84.147.169 - - [15/Jun/2022:13:43:15 +0800] "POST /xingrg/services/DataTransmitService HTTP/1.1" 200 524
114.84.147.169 - - [15/Jun/2022:13:43:16 +0800] "POST /xingrg/services/DataTransmitService HTTP/1.1" 200 501
114.84.147.169 - - [15/Jun/2022:13:43:16 +0800] "POST /xingrg/services/DataTransmitService HTTP/1.1" 200 501
114.84.147.169 - - [15/Jun/2022:13:43:16 +0800] "POST /xingrg/services/DataTransmitService HTTP/1.1" 200 501
114.84.147.169 - - [15/Jun/2022:13:43:16 +0800] "POST /xingrg/services/DataTransmitService HTTP/1.1" 200 501
114.84.147.169 - - [15/Jun/2022:13:43:17 +0800] "POST /xingrg/services/DataTransmitService HTTP/1.1" 200 501
114.84.147.169 - - [15/Jun/2022:13:43:17 +0800] "POST /xingrg/services/DataTransmitService HTTP/1.1" 200 501
114.84.147.169 - - [15/Jun/2022:13:43:17 +0800] "POST /xingrg/services/DataTransmitService HTTP/1.1" 200 412
180.169.147.146 - - [15/Jun/2022:13:43:18 +0800] "POST /xingrg/kc/cost/cost_operate.html HTTP/1.1" 200 4
114.95.43.0 - - [15/Jun/2022:13:43:23 +0800] "GET /xingrg/kc/base/wldb_order_operate.html?command=get_materiel&rest_code=00105&base_code=0010508&code=00102002258 HTTP/1.1" 200 447
114.84.82.172 - - [15/Jun/2022:13:43:23 +0800] "GET /xingrg/all/function/internal_message.html?_=1655271802003&CODE_STATE=getMsg HTTP/1.1" 200 27
101.85.120.86 - - [15/Jun/2022:13:43:26 +0800] "GET /xingrg/all/function/internal_message.html?_=1655271801235&CODE_STATE=getMsg HTTP/1.1" 200 27
114.95.43.0 - - [15/Jun/2022:13:43:27 +0800] "GET /xingrg/check_reg.html?_=1655271807838 HTTP/1.1" 200 22
114.95.43.0 - - [15/Jun/2022:13:43:28 +0800] "GET /xingrg/all/function/internal_message.html?_=1655271807840&CODE_STATE=getMsg HTTP/1.1" 200 27
114.95.43.0 - - [15/Jun/2022:13:43:30 +0800] "GET /xingrg/kc/base/wldb_order_operate.html?command=get_materiel&rest_code=00105&base_code=0010508&code=00102002441 HTTP/1.1" 200 447
114.86.224.123 - - [15/Jun/2022:13:43:30 +0800] "GET /xingrg/all/function/internal_message.html?_=1655271813761&CODE_STATE=getMsg HTTP/1.1" 200 27
114.86.224.123 - - [15/Jun/2022:13:43:30 +0800] "GET /xingrg/check_reg.html?_=1655271813762 HTTP/1.1" 200 22
114.88.162.248 - - [15/Jun/2022:13:43:34 +0800] "GET /xingrg/all/function/internal_message.html?_=1655271811401&CODE_STATE=getMsg HTTP/1.1" 200 27
180.169.147.146 - - [15/Jun/2022:13:43:38 +0800] "GET /xingrg/kc/cost/cost_operate.html?_=1655271819652&command=load_cost_list HTTP/1.1" 200 7680
172.20.0.100 - - [15/Jun/2022:13:43:39 +0800] "GET /xingrg/system/info/materiel_info.html?code=01010335 HTTP/1.1" 200 36401
172.20.0.100 - - [15/Jun/2022:13:43:40 +0800] "GET /xingrg/dwr/interface/AjaxGetFirstChart.js HTTP/1.1" 200 631
172.20.0.100 - - [15/Jun/2022:13:43:40 +0800] "GET /xingrg/javascript/checkform.js HTTP/1.1" 200 18351
172.20.0.100 - - [15/Jun/2022:13:43:40 +0800] "GET /xingrg/dwr/engine.js HTTP/1.1" 200 43631
172.20.0.100 - - [15/Jun/2022:13:43:40 +0800] "GET /favicon.ico HTTP/1.1" 404 -
172.20.0.100 - - [15/Jun/2022:13:43:40 +0800] "POST /xingrg/all/common/load_tree.html?tree=area_rest_tree_json HTTP/1.1" 200 3472
172.20.0.100 - - [15/Jun/2022:13:43:40 +0800] "POST /xingrg/dwr/call/plaincall/AjaxBaseInfoService.getMaterielInfo.dwr HTTP/1.1" 200 617
172.20.0.100 - - [15/Jun/2022:13:43:40 +0800] "POST /xingrg/all/common/load_tree.html?tree=area_rest_tree_json&defaultRests=undefined HTTP/1.1" 200 3472
114.95.43.0 - - [15/Jun/2022:13:43:41 +0800] "GET /xingrg/all/function/internal_message.html?_=1655271731194&CODE_STATE=getMsg HTTP/1.1" 200 27
180.169.147.146 - - [15/Jun/2022:13:43:46 +0800] "GET /xingrg/kc/cost/cost_page.html HTTP/1.1" 200 4088
180.169.147.146 - - [15/Jun/2022:13:43:46 +0800] "GET /xingrg/dwr/interface/AjaxReportQueryService.js HTTP/1.1" 200 13203
180.169.147.146 - - [15/Jun/2022:13:43:46 +0800] "GET /xingrg/dwr/engine.js HTTP/1.1" 200 43631
180.169.147.146 - - [15/Jun/2022:13:43:46 +0800] "GET /xingrg/javascript/jquery_easy_ui/themes/default/images/calendar_prevyear.gif HTTP/1.1" 200 76
180.169.147.146 - - [15/Jun/2022:13:43:46 +0800] "GET /xingrg/javascript/jquery_easy_ui/themes/default/images/calendar_nextmonth.gif HTTP/1.1" 200 64
180.169.147.146 - - [15/Jun/2022:13:43:46 +0800] "GET /xingrg/javascript/jquery_easy_ui/themes/default/images/calendar_nextyear.gif HTTP/1.1" 200 75
180.169.147.146 - - [15/Jun/2022:13:43:46 +0800] "GET /xingrg/javascript/jquery_easy_ui/themes/default/images/calendar_prevmonth.gif HTTP/1.1" 200 66
180.169.147.146 - - [15/Jun/2022:13:43:46 +0800] "GET /xingrg/javascript/jquery_easy_ui/themes/icons/back_new.png HTTP/1.1" 200 3414
180.169.147.146 - - [15/Jun/2022:13:43:46 +0800] "GET /xingrg/javascript/jquery_easy_ui/themes/icons/search.png HTTP/1.1" 200 813
114.83.219.74 - - [15/Jun/2022:13:43:47 +0800] "GET /xingrg/all/function/internal_message.html?_=1655271825120&CODE_STATE=getMsg HTTP/1.1" 200 27
114.83.219.74 - - [15/Jun/2022:13:43:50 +0800] "GET /xingrg/check_reg.html?_=1655271828731 HTTP/1.1" 200 22
180.169.147.146 - - [15/Jun/2022:13:43:52 +0800] "GET /xingrg/check_reg.html?_=1655271830527 HTTP/1.1" 200 22
180.169.147.146 - - [15/Jun/2022:13:43:52 +0800] "GET /xingrg/all/function/internal_message.html?_=1655271830525&CODE_STATE=getMsg HTTP/1.1" 200 27
172.20.0.100 - - [15/Jun/2022:13:43:53 +0800] "GET /xingrg/all/function/internal_message.html?_=1655271834111&CODE_STATE=getMsg HTTP/1.1" 200 27
58.35.194.53 - - [15/Jun/2022:13:43:54 +0800] "GET /xingrg/all/function/internal_message.html?_=1655271832751&CODE_STATE=getMsg HTTP/1.1" 200 27
58.35.194.53 - - [15/Jun/2022:13:43:54 +0800] "GET /xingrg/check_reg.html?_=1655271832752 HTTP/1.1" 200 22
116.230.110.173 - - [15/Jun/2022:13:43:54 +0800] "GET /xingrg/all/function/internal_message.html?_=1655271833190&CODE_STATE=getMsg HTTP/1.1" 200 27
114.95.43.0 - - [15/Jun/2022:13:43:55 +0800] "POST /xingrg/kc/base/wldb_order_operate.html HTTP/1.1" 200 37
114.95.43.0 - - [15/Jun/2022:13:43:56 +0800] "GET /xingrg/kc/base/wldb_order_info.html?code=422022061500536 HTTP/1.1" 200 30370
114.95.43.0 - - [15/Jun/2022:13:43:57 +0800] "GET /xingrg/javascript/easyui/themes/default/validatebox.css HTTP/1.1" 404 1104
114.95.43.0 - - [15/Jun/2022:13:43:57 +0800] "POST /xingrg/kc/base/wldb_order_operate.html HTTP/1.1" 200 2674
114.95.43.0 - - [15/Jun/2022:13:43:57 +0800] "POST /xingrg/kc/base/wldb_order_operate.html HTTP/1.1" 200 2674
180.169.147.146 - - [15/Jun/2022:13:43:59 +0800] "GET /xingrg/all/function/internal_message.html?_=1655271837013&CODE_STATE=getMsg HTTP/1.1" 200 27
180.169.147.146 - - [15/Jun/2022:13:44:00 +0800] "GET /xingrg/all/function/internal_message.html?_=1655271837976&CODE_STATE=getMsg HTTP/1.1" 200 27
180.169.147.146 - - [15/Jun/2022:13:44:02 +0800] "GET /xingrg/all/function/internal_message.html?_=1655271843421&CODE_STATE=getMsg HTTP/1.1" 200 27
218.81.223.53 - - [15/Jun/2022:13:44:06 +0800] "GET /xingrg/all/function/internal_message.html?_=1655271846733&CODE_STATE=getMsg HTTP/1.1" 200 27
101.83.223.227 - - [15/Jun/2022:13:44:07 +0800] "GET /xingrg/check_reg.html?_=1655271811239 HTTP/1.1" 200 22
101.83.223.227 - - [15/Jun/2022:13:44:07 +0800] "GET /xingrg/all/function/internal_message.html?_=1655271811415&CODE_STATE=getMsg HTTP/1.1" 200 27
222.69.144.95 - - [15/Jun/2022:13:44:13 +0800] "GET /xingrg/all/function/internal_message.html?_=1655271882183&CODE_STATE=getMsg HTTP/1.1" 200 27
180.169.147.146 - - [15/Jun/2022:13:44:18 +0800] "POST /xingrg/kc/cost/cost_operate.html HTTP/1.1" 200 4
180.169.147.146 - - [15/Jun/2022:13:44:19 +0800] "GET /xingrg/kc/cost/cost_page.html HTTP/1.1" 200 4363
180.169.147.146 - - [15/Jun/2022:13:44:19 +0800] "GET /xingrg/css/blue.css HTTP/1.1" 304 -
180.169.147.146 - - [15/Jun/2022:13:44:19 +0800] "GET /xingrg/javascript/jquery_easy_ui/themes/default/easyui.css HTTP/1.1" 304 -
180.169.147.146 - - [15/Jun/2022:13:44:19 +0800] "GET /xingrg/javascript/jquery_easy_ui/themes/icon.css HTTP/1.1" 304 -
180.169.147.146 - - [15/Jun/2022:13:44:19 +0800] "GET /xingrg/javascript/step/step.css HTTP/1.1" 304 -
180.169.147.146 - - [15/Jun/2022:13:44:19 +0800] "GET /xingrg/css/table.css HTTP/1.1" 304 -
180.169.147.146 - - [15/Jun/2022:13:44:19 +0800] "GET /xingrg/dwr/interface/AjaxReportQueryService.js HTTP/1.1" 200 13203
180.169.147.146 - - [15/Jun/2022:13:44:19 +0800] "GET /xingrg/dwr/engine.js HTTP/1.1" 200 43631
180.169.147.146 - - [15/Jun/2022:13:44:19 +0800] "GET /xingrg/dwr/util.js HTTP/1.1" 304 -
180.169.147.146 - - [15/Jun/2022:13:44:19 +0800] "GET /xingrg/javascript/jquery-1.4.2.min.js HTTP/1.1" 304 -
180.169.147.146 - - [15/Jun/2022:13:44:19 +0800] "GET /xingrg/javascript/jquery_easy_ui/jquery.easyui.min.js HTTP/1.1" 304 -
180.169.147.146 - - [15/Jun/2022:13:44:19 +0800] "GET /xingrg/javascript/jquery_easy_ui/easyui-lang-zh_CN.js HTTP/1.1" 304 -
180.169.147.146 - - [15/Jun/2022:13:44:19 +0800] "GET /xingrg/javascript/jquery.utils.js HTTP/1.1" 304 -
180.169.147.146 - - [15/Jun/2022:13:44:19 +0800] "GET /xingrg/images/control/ajaxLoader.gif HTTP/1.1" 304 -
114.84.82.172 - - [15/Jun/2022:13:44:23 +0800] "GET /xingrg/all/function/internal_message.html?_=1655271861983&CODE_STATE=getMsg HTTP/1.1" 200 27
101.85.120.86 - - [15/Jun/2022:13:44:26 +0800] "GET /xingrg/all/function/internal_message.html?_=1655271861235&CODE_STATE=getMsg HTTP/1.1" 200 27
114.95.43.0 - - [15/Jun/2022:13:44:28 +0800] "GET /xingrg/all/function/internal_message.html?_=1655271867858&CODE_STATE=getMsg HTTP/1.1" 200 27
114.86.224.123 - - [15/Jun/2022:13:44:30 +0800] "GET /xingrg/all/function/internal_message.html?_=1655271873763&CODE_STATE=getMsg HTTP/1.1" 200 27
114.88.162.248 - - [15/Jun/2022:13:44:34 +0800] "GET /xingrg/all/function/internal_message.html?_=1655271871400&CODE_STATE=getMsg HTTP/1.1" 200 27
114.95.43.0 - - [15/Jun/2022:13:44:41 +0800] "GET /xingrg/all/function/internal_message.html?_=1655271791195&CODE_STATE=getMsg HTTP/1.1" 200 27
114.83.219.74 - - [15/Jun/2022:13:44:47 +0800] "GET /xingrg/all/function/internal_message.html?_=1655271885098&CODE_STATE=getMsg HTTP/1.1" 200 27
180.169.147.146 - - [15/Jun/2022:13:44:52 +0800] "GET /xingrg/all/function/internal_message.html?_=1655271890516&CODE_STATE=getMsg HTTP/1.1" 200 27
172.20.0.100 - - [15/Jun/2022:13:44:53 +0800] "GET /xingrg/all/function/internal_message.html?_=1655271894108&CODE_STATE=getMsg HTTP/1.1" 200 27
58.35.194.53 - - [15/Jun/2022:13:44:54 +0800] "GET /xingrg/all/function/internal_message.html?_=1655271892752&CODE_STATE=getMsg HTTP/1.1" 200 27
116.230.110.173 - - [15/Jun/2022:13:44:54 +0800] "GET /xingrg/all/function/internal_message.html?_=1655271893182&CODE_STATE=getMsg HTTP/1.1" 200 27
180.169.147.146 - - [15/Jun/2022:13:44:57 +0800] "POST /xingrg/kc/cost/cost_operate.html HTTP/1.1" 200 4
180.169.147.146 - - [15/Jun/2022:13:44:59 +0800] "GET /xingrg/all/function/internal_message.html?_=1655271897015&CODE_STATE=getMsg HTTP/1.1" 200 27
180.169.147.146 - - [15/Jun/2022:13:45:00 +0800] "GET /xingrg/all/function/internal_message.html?_=1655271897976&CODE_STATE=getMsg HTTP/1.1" 200 27
218.81.223.53 - - [15/Jun/2022:13:45:04 +0800] "GET /xingrg/check_reg.html?_=1655271904957 HTTP/1.1" 200 22
218.81.223.53 - - [15/Jun/2022:13:45:06 +0800] "GET /xingrg/all/function/internal_message.html?_=1655271906746&CODE_STATE=getMsg HTTP/1.1" 200 27
101.83.223.227 - - [15/Jun/2022:13:45:07 +0800] "GET /xingrg/all/function/internal_message.html?_=1655271871429&CODE_STATE=getMsg HTTP/1.1" 200 27
222.69.144.95 - - [15/Jun/2022:13:45:13 +0800] "GET /xingrg/all/function/internal_message.html?_=1655271942184&CODE_STATE=getMsg HTTP/1.1" 200 27
222.69.144.95 - - [15/Jun/2022:13:45:13 +0800] "GET /xingrg/check_reg.html?_=1655271942189 HTTP/1.1" 200 22
180.169.147.146 - - [15/Jun/2022:13:45:17 +0800] "GET /xingrg/kc/cost/cost_page.html HTTP/1.1" 200 4088
180.169.147.146 - - [15/Jun/2022:13:45:17 +0800] "GET /xingrg/css/blue.css HTTP/1.1" 304 -
180.169.147.146 - - [15/Jun/2022:13:45:17 +0800] "GET /xingrg/all/function/internal_message.html?_=1655271918754&CODE_STATE=getMsg HTTP/1.1" 200 27
180.169.147.146 - - [15/Jun/2022:13:45:17 +0800] "GET /xingrg/javascript/jquery_easy_ui/themes/default/easyui.css HTTP/1.1" 304 -
180.169.147.146 - - [15/Jun/2022:13:45:18 +0800] "GET /xingrg/javascript/jquery_easy_ui/themes/icon.css HTTP/1.1" 304 -
180.169.147.146 - - [15/Jun/2022:13:45:18 +0800] "GET /xingrg/javascript/step/step.css HTTP/1.1" 304 -
180.169.147.146 - - [15/Jun/2022:13:45:18 +0800] "GET /xingrg/css/table.css HTTP/1.1" 304 -
180.169.147.146 - - [15/Jun/2022:13:45:18 +0800] "GET /xingrg/dwr/interface/AjaxReportQueryService.js HTTP/1.1" 200 13203
180.169.147.146 - - [15/Jun/2022:13:45:18 +0800] "GET /xingrg/dwr/engine.js HTTP/1.1" 200 43631
180.169.147.146 - - [15/Jun/2022:13:45:18 +0800] "GET /xingrg/dwr/util.js HTTP/1.1" 304 -
180.169.147.146 - - [15/Jun/2022:13:45:18 +0800] "GET /xingrg/javascript/jquery-1.4.2.min.js HTTP/1.1" 304 -
180.169.147.146 - - [15/Jun/2022:13:45:18 +0800] "GET /xingrg/javascript/jquery_easy_ui/jquery.easyui.min.js HTTP/1.1" 304 -
180.169.147.146 - - [15/Jun/2022:13:45:18 +0800] "GET /xingrg/javascript/jquery_easy_ui/easyui-lang-zh_CN.js HTTP/1.1" 304 -
180.169.147.146 - - [15/Jun/2022:13:45:18 +0800] "GET /xingrg/javascript/jquery.utils.js HTTP/1.1" 304 -
180.169.147.146 - - [15/Jun/2022:13:45:18 +0800] "GET /xingrg/images/control/ajaxLoader.gif HTTP/1.1" 304 -
180.169.147.146 - - [15/Jun/2022:13:45:21 +0800] "POST /xingrg/all/user/operate.html HTTP/1.1" 200 36
180.169.147.146 - - [15/Jun/2022:13:45:21 +0800] "GET /xingrg/index.html?sysBaseUrl=http%3A%2F%2F180.169.147.146%3A18081%2Fxingrg%2F&costTime=42×tamp=1655271560628 HTTP/1.1" 200 17509
180.169.147.146 - - [15/Jun/2022:13:45:21 +0800] "GET /xingrg/javascript/jquery_easy_ui/themes/default/easyui.css HTTP/1.1" 304 -
180.169.147.146 - - [15/Jun/2022:13:45:21 +0800] "GET /xingrg/javascript/jquery_easy_ui/themes/icon.css HTTP/1.1" 304 -
180.169.147.146 - - [15/Jun/2022:13:45:21 +0800] "GET /xingrg/css/form.css HTTP/1.1" 304 -
180.169.147.146 - - [15/Jun/2022:13:45:21 +0800] "GET /xingrg/javascript/jquery-1.4.2.min.js HTTP/1.1" 304 -
180.169.147.146 - - [15/Jun/2022:13:45:21 +0800] "GET /xingrg/javascript/jquery_easy_ui/jquery.easyui.min.js HTTP/1.1" 304 -
180.169.147.146 - - [15/Jun/2022:13:45:21 +0800] "GET /xingrg/javascript/jquery_easy_ui/easyui-lang-zh_CN.js HTTP/1.1" 304 -
180.169.147.146 - - [15/Jun/2022:13:45:21 +0800] "GET /xingrg/javascript/jquery.form.js HTTP/1.1" 304 -
180.169.147.146 - - [15/Jun/2022:13:45:21 +0800] "GET /xingrg/javascript/jquery.utils.js HTTP/1.1" 304 -
180.169.147.146 - - [15/Jun/2022:13:45:21 +0800] "GET /xingrg/javascript/jquery.timers.js HTTP/1.1" 304 -
180.169.147.146 - - [15/Jun/2022:13:45:21 +0800] "GET /xingrg/images/blue/jxLogo.png HTTP/1.1" 304 -
180.169.147.146 - - [15/Jun/2022:13:45:21 +0800] "GET /xingrg/javascript/jquery_easy_ui/themes/icons/settle_new.png HTTP/1.1" 304 -
180.169.147.146 - - [15/Jun/2022:13:45:21 +0800] "GET /xingrg/images/blue/navBackgound.jpg HTTP/1.1" 304 -
180.169.147.146 - - [15/Jun/2022:13:45:21 +0800] "POST /xingrg/all/common/load_tree.html?tree=area_rest_tree_json&manage=1 HTTP/1.1" 200 3472
180.169.147.146 - - [15/Jun/2022:13:45:21 +0800] "GET /xingrg/javascript/jquery_easy_ui/themes/default/images/panel_tool_collapse.gif HTTP/1.1" 304 -
