124.78.155.52 - - [15/Jun/2022:12:34:46 +0800] "GET /xingrg/kc/buy/cgsh_order_operate.html?command=get_materiel&rest_code=00106&code=00101008185&supplier_code=00100007&order_time=2022-06-14 HTTP/1.1" 200 410
114.83.219.74 - - [15/Jun/2022:12:34:48 +0800] "GET /xingrg/all/function/internal_message.html?_=1655267686376&CODE_STATE=getMsg HTTP/1.1" 200 27
180.169.147.146 - - [15/Jun/2022:12:34:52 +0800] "GET /xingrg/all/function/internal_message.html?_=1655267690507&CODE_STATE=getMsg HTTP/1.1" 200 27
180.169.147.146 - - [15/Jun/2022:12:34:53 +0800] "GET /xingrg/all/function/internal_message.html?_=1655267691196&CODE_STATE=getMsg HTTP/1.1" 200 27
116.230.110.173 - - [15/Jun/2022:12:34:54 +0800] "GET /xingrg/all/function/internal_message.html?_=1655267693139&CODE_STATE=getMsg HTTP/1.1" 200 27
180.169.147.146 - - [15/Jun/2022:12:34:59 +0800] "GET /xingrg/all/function/internal_message.html?_=1655267697013&CODE_STATE=getMsg HTTP/1.1" 200 27
58.35.210.91 - - [15/Jun/2022:12:34:59 +0800] "POST /xingrg/services/DataTransmitService HTTP/1.1" 200 524
218.81.223.53 - - [15/Jun/2022:12:35:03 +0800] "GET /xingrg/check_reg.html?_=1655267703607 HTTP/1.1" 200 22
218.81.223.53 - - [15/Jun/2022:12:35:04 +0800] "GET /xingrg/all/function/internal_message.html?_=1655267704532&CODE_STATE=getMsg HTTP/1.1" 200 27
124.78.155.52 - - [15/Jun/2022:12:35:05 +0800] "GET /xingrg/kc/buy/cgsh_order_operate.html?command=get_materiel&rest_code=00106&code=00101008199&supplier_code=00100007&order_time=2022-06-14 HTTP/1.1" 200 408
222.69.144.95 - - [15/Jun/2022:12:35:13 +0800] "GET /xingrg/all/function/internal_message.html?_=1655267742195&CODE_STATE=getMsg HTTP/1.1" 200 27
222.69.144.95 - - [15/Jun/2022:12:35:13 +0800] "GET /xingrg/check_reg.html?_=1655267742198 HTTP/1.1" 200 22
114.84.82.172 - - [15/Jun/2022:12:35:19 +0800] "GET /xingrg/all/function/internal_message.html?_=1655267715816&CODE_STATE=getMsg HTTP/1.1" 200 27
124.78.155.52 - - [15/Jun/2022:12:35:20 +0800] "GET /xingrg/kc/buy/cgsh_order_operate.html?command=get_materiel&rest_code=00106&code=00101008224&supplier_code=00100007&order_time=2022-06-14 HTTP/1.1" 200 416
58.35.194.53 - - [15/Jun/2022:12:35:24 +0800] "GET /xingrg/kc/base/base_main.html HTTP/1.1" 200 12142
101.85.120.86 - - [15/Jun/2022:12:35:25 +0800] "GET /xingrg/all/function/internal_message.html?_=1655267721108&CODE_STATE=getMsg HTTP/1.1" 200 27
58.35.194.53 - - [15/Jun/2022:12:35:26 +0800] "GET /xingrg/all/function/internal_message.html?_=1655267725148&CODE_STATE=getMsg HTTP/1.1" 200 27
114.95.43.0 - - [15/Jun/2022:12:35:27 +0800] "GET /xingrg/all/function/internal_message.html?_=1655267727713&CODE_STATE=getMsg HTTP/1.1" 200 27
58.35.194.53 - - [15/Jun/2022:12:35:28 +0800] "GET /xingrg/kc/report/report_main.html HTTP/1.1" 200 7340
120.253.135.82 - - [15/Jun/2022:12:35:29 +0800] "GET /xingrg/all/function/internal_message.html?_=1655267876296&CODE_STATE=getMsg HTTP/1.1" 200 27
114.86.224.123 - - [15/Jun/2022:12:35:30 +0800] "GET /xingrg/all/function/internal_message.html?_=1655267733621&CODE_STATE=getMsg HTTP/1.1" 200 27
58.35.194.53 - - [15/Jun/2022:12:35:32 +0800] "GET /xingrg/kc/base/kc_stocks.html HTTP/1.1" 200 16443
58.35.194.53 - - [15/Jun/2022:12:35:33 +0800] "GET /xingrg/javascript/easyui/themes/default/tree.css HTTP/1.1" 404 1090
58.35.194.53 - - [15/Jun/2022:12:35:33 +0800] "POST /xingrg/all/common/load_tree.html?tree=materiel_sort_tree_json HTTP/1.1" 200 9388
114.88.162.248 - - [15/Jun/2022:12:35:34 +0800] "GET /xingrg/check_reg.html?_=1655267731288 HTTP/1.1" 200 22
114.88.162.248 - - [15/Jun/2022:12:35:34 +0800] "GET /xingrg/all/function/internal_message.html?_=1655267731290&CODE_STATE=getMsg HTTP/1.1" 200 27
124.78.155.52 - - [15/Jun/2022:12:35:37 +0800] "GET /xingrg/kc/buy/cgsh_order_operate.html?command=get_materiel&rest_code=00106&code=00101008361&supplier_code=00100007&order_time=2022-06-14 HTTP/1.1" 200 408
124.78.155.52 - - [15/Jun/2022:12:35:39 +0800] "GET /xingrg/all/function/internal_message.html?_=1655267739325&CODE_STATE=getMsg HTTP/1.1" 200 27
180.169.147.146 - - [15/Jun/2022:12:35:41 +0800] "GET /xingrg/all/function/internal_message.html?_=1655267738386&CODE_STATE=getMsg HTTP/1.1" 200 27
114.95.43.0 - - [15/Jun/2022:12:35:41 +0800] "GET /xingrg/all/function/internal_message.html?_=1655267651122&CODE_STATE=getMsg HTTP/1.1" 200 27
58.35.194.53 - - [15/Jun/2022:12:35:44 +0800] "POST /xingrg/kc/base/stock_operate.html HTTP/1.1" 200 3168
114.83.219.74 - - [15/Jun/2022:12:35:48 +0800] "GET /xingrg/all/function/internal_message.html?_=1655267746345&CODE_STATE=getMsg HTTP/1.1" 200 27
180.169.147.146 - - [15/Jun/2022:12:35:52 +0800] "GET /xingrg/all/function/internal_message.html?_=1655267750508&CODE_STATE=getMsg HTTP/1.1" 200 27
180.169.147.146 - - [15/Jun/2022:12:35:53 +0800] "GET /xingrg/all/function/internal_message.html?_=1655267751195&CODE_STATE=getMsg HTTP/1.1" 200 27
116.230.110.173 - - [15/Jun/2022:12:35:54 +0800] "GET /xingrg/all/function/internal_message.html?_=1655267753138&CODE_STATE=getMsg HTTP/1.1" 200 27
58.35.194.53 - - [15/Jun/2022:12:35:55 +0800] "GET /xingrg/kc/base/stock_detail.html?m=00101030019 HTTP/1.1" 200 7399
124.78.155.52 - - [15/Jun/2022:12:35:56 +0800] "GET /xingrg/kc/buy/cgsh_order_operate.html?command=get_materiel&rest_code=00106&code=00101008355&supplier_code=00100007&order_time=2022-06-14 HTTP/1.1" 200 408
180.169.147.146 - - [15/Jun/2022:12:35:59 +0800] "GET /xingrg/all/function/internal_message.html?_=1655267757016&CODE_STATE=getMsg HTTP/1.1" 200 27
218.81.223.53 - - [15/Jun/2022:12:36:04 +0800] "GET /xingrg/all/function/internal_message.html?_=1655267764546&CODE_STATE=getMsg HTTP/1.1" 200 27
58.35.194.53 - - [15/Jun/2022:12:36:06 +0800] "GET /xingrg/kc/base/stock_detail.html?m=00101034104 HTTP/1.1" 200 7407
58.35.194.53 - - [15/Jun/2022:12:36:08 +0800] "GET /xingrg/kc/base/stock_operate.html?_=1655267767554&command=get_report_file&start_day=20220601 HTTP/1.1" 200 53
58.35.194.53 - - [15/Jun/2022:12:36:08 +0800] "GET /xingrg/all/report/report_query.html?isQuery=1&onlyBody=1&rh=2000&fileName=kc/base/kc_stock_detail_new.xml&queryString=(1=1)&queryText=&tableQueryString=init_table$sp1$$sp$crk_table$sp1$order_day%20between%2020220601%20and%2020220630&varString=start_day:20220601,materiel_code:00101034104,cost_id:3705,end_date:20220531 HTTP/1.1" 200 48701
58.35.194.53 - - [15/Jun/2022:12:36:08 +0800] "GET /xingrg/dwr/interface/AjaxReportQueryService.js HTTP/1.1" 200 13203
58.35.194.53 - - [15/Jun/2022:12:36:08 +0800] "GET /xingrg/dwr/engine.js HTTP/1.1" 200 43631
58.35.194.53 - - [15/Jun/2022:12:36:09 +0800] "POST /xingrg/all/report/load_report_page.html HTTP/1.1" 200 20152
58.35.194.53 - - [15/Jun/2022:12:36:09 +0800] "GET /xingrg/servlets/image?cache=0.4493275308159793&image=px HTTP/1.1" 200 807
222.69.144.95 - - [15/Jun/2022:12:36:13 +0800] "GET /xingrg/all/function/internal_message.html?_=1655267802191&CODE_STATE=getMsg HTTP/1.1" 200 27
124.78.155.52 - - [15/Jun/2022:12:36:16 +0800] "GET /xingrg/kc/buy/cgsh_order_operate.html?command=get_materiel&rest_code=00106&code=00101008300&supplier_code=00100007&order_time=2022-06-14 HTTP/1.1" 200 412
58.35.194.53 - - [15/Jun/2022:12:36:17 +0800] "GET /xingrg/kc/base/stock_operate.html?_=1655267776464&command=get_report_file&start_day=20220201 HTTP/1.1" 200 53
58.35.194.53 - - [15/Jun/2022:12:36:17 +0800] "GET /xingrg/dwr/interface/AjaxReportQueryService.js HTTP/1.1" 200 13203
58.35.194.53 - - [15/Jun/2022:12:36:17 +0800] "GET /xingrg/all/report/report_query.html?isQuery=1&onlyBody=1&rh=2000&fileName=kc/base/kc_stock_detail_new.xml&queryString=(1=1)&queryText=&tableQueryString=init_table$sp1$$sp$crk_table$sp1$order_day%20between%2020220201%20and%2020220630&varString=start_day:20220201,materiel_code:00101034104,cost_id:3513,end_date:20220131 HTTP/1.1" 200 48701
58.35.194.53 - - [15/Jun/2022:12:36:17 +0800] "GET /xingrg/dwr/engine.js HTTP/1.1" 200 43631
58.35.194.53 - - [15/Jun/2022:12:36:18 +0800] "POST /xingrg/all/report/load_report_page.html HTTP/1.1" 200 20180
58.35.194.53 - - [15/Jun/2022:12:36:18 +0800] "GET /xingrg/servlets/image?cache=0.29047602121091864&image=px HTTP/1.1" 200 807
114.84.82.172 - - [15/Jun/2022:12:36:19 +0800] "GET /xingrg/check_reg.html?_=1655267775814 HTTP/1.1" 200 22
114.84.82.172 - - [15/Jun/2022:12:36:19 +0800] "GET /xingrg/all/function/internal_message.html?_=1655267775815&CODE_STATE=getMsg HTTP/1.1" 200 27
58.35.194.53 - - [15/Jun/2022:12:36:24 +0800] "GET /xingrg/kc/base/stock_operate.html?_=1655267783686&command=get_report_file&start_day=20220101 HTTP/1.1" 200 53
58.35.194.53 - - [15/Jun/2022:12:36:24 +0800] "GET /xingrg/dwr/interface/AjaxReportQueryService.js HTTP/1.1" 200 13203
58.35.194.53 - - [15/Jun/2022:12:36:24 +0800] "GET /xingrg/all/report/report_query.html?isQuery=1&onlyBody=1&rh=2000&fileName=kc/base/kc_stock_detail_new.xml&queryString=(1=1)&queryText=&tableQueryString=init_table$sp1$$sp$crk_table$sp1$order_day%20between%2020220101%20and%2020220630&varString=start_day:20220101,materiel_code:00101034104,cost_id:3486,end_date:20211231 HTTP/1.1" 200 48701
58.35.194.53 - - [15/Jun/2022:12:36:25 +0800] "GET /xingrg/dwr/engine.js HTTP/1.1" 200 43631
58.35.194.53 - - [15/Jun/2022:12:36:25 +0800] "POST /xingrg/all/report/load_report_page.html HTTP/1.1" 200 20152
58.35.194.53 - - [15/Jun/2022:12:36:25 +0800] "GET /xingrg/servlets/image?cache=0.8150146517625245&image=px HTTP/1.1" 200 807
101.85.120.86 - - [15/Jun/2022:12:36:25 +0800] "GET /xingrg/all/function/internal_message.html?_=1655267781110&CODE_STATE=getMsg HTTP/1.1" 200 27
58.35.194.53 - - [15/Jun/2022:12:36:26 +0800] "GET /xingrg/all/function/internal_message.html?_=1655267785156&CODE_STATE=getMsg HTTP/1.1" 200 27
114.95.43.0 - - [15/Jun/2022:12:36:27 +0800] "GET /xingrg/check_reg.html?_=1655267787713 HTTP/1.1" 200 22
114.95.43.0 - - [15/Jun/2022:12:36:27 +0800] "GET /xingrg/all/function/internal_message.html?_=1655267787716&CODE_STATE=getMsg HTTP/1.1" 200 27
120.253.135.82 - - [15/Jun/2022:12:36:29 +0800] "GET /xingrg/all/function/internal_message.html?_=1655267936329&CODE_STATE=getMsg HTTP/1.1" 200 27
114.86.224.123 - - [15/Jun/2022:12:36:30 +0800] "GET /xingrg/all/function/internal_message.html?_=1655267793622&CODE_STATE=getMsg HTTP/1.1" 200 27
58.35.194.53 - - [15/Jun/2022:12:36:31 +0800] "GET /xingrg/kc/base/stock_operate.html?_=1655267790713&command=get_report_file&start_day=20210101 HTTP/1.1" 200 21
58.35.194.53 - - [15/Jun/2022:12:36:32 +0800] "GET /xingrg/dwr/interface/AjaxReportQueryService.js HTTP/1.1" 200 13203
58.35.194.53 - - [15/Jun/2022:12:36:32 +0800] "GET /xingrg/all/report/report_query.html?isQuery=1&onlyBody=1&rh=2000&fileName=kc/base/kc_stock_detail.xml&queryString=(1=1)&queryText=&tableQueryString=init_table$sp1$$sp$crk_table$sp1$order_day%20between%2020210101%20and%2020220630&varString=start_day:20210101,materiel_code:00101034104,cost_id:undefined,end_date:undefined HTTP/1.1" 200 48699
58.35.194.53 - - [15/Jun/2022:12:36:32 +0800] "GET /xingrg/dwr/engine.js HTTP/1.1" 200 43631
58.35.194.53 - - [15/Jun/2022:12:36:33 +0800] "POST /xingrg/all/report/load_report_page.html HTTP/1.1" 200 30044
58.35.194.53 - - [15/Jun/2022:12:36:33 +0800] "GET /xingrg/servlets/image?cache=0.4779471102288365&image=px HTTP/1.1" 200 807
114.88.162.248 - - [15/Jun/2022:12:36:34 +0800] "GET /xingrg/all/function/internal_message.html?_=1655267791289&CODE_STATE=getMsg HTTP/1.1" 200 27
124.78.155.52 - - [15/Jun/2022:12:36:35 +0800] "GET /xingrg/kc/buy/cgsh_order_operate.html?command=get_materiel&rest_code=00106&code=00101008152&supplier_code=00100007&order_time=2022-06-14 HTTP/1.1" 200 408
124.78.155.52 - - [15/Jun/2022:12:36:39 +0800] "GET /xingrg/check_reg.html?_=1655267799090 HTTP/1.1" 200 22
124.78.155.52 - - [15/Jun/2022:12:36:39 +0800] "GET /xingrg/all/function/internal_message.html?_=1655267799369&CODE_STATE=getMsg HTTP/1.1" 200 27
180.169.147.146 - - [15/Jun/2022:12:36:41 +0800] "GET /xingrg/all/function/internal_message.html?_=1655267798387&CODE_STATE=getMsg HTTP/1.1" 200 27
114.95.43.0 - - [15/Jun/2022:12:36:41 +0800] "GET /xingrg/all/function/internal_message.html?_=1655267711149&CODE_STATE=getMsg HTTP/1.1" 200 27
114.83.219.74 - - [15/Jun/2022:12:36:48 +0800] "GET /xingrg/all/function/internal_message.html?_=1655267806332&CODE_STATE=getMsg HTTP/1.1" 200 27
180.169.147.146 - - [15/Jun/2022:12:36:52 +0800] "GET /xingrg/all/function/internal_message.html?_=1655267810528&CODE_STATE=getMsg HTTP/1.1" 200 27
180.169.147.146 - - [15/Jun/2022:12:36:53 +0800] "GET /xingrg/all/function/internal_message.html?_=1655267811201&CODE_STATE=getMsg HTTP/1.1" 200 27
180.169.147.146 - - [15/Jun/2022:12:36:53 +0800] "GET /xingrg/check_reg.html?_=1655267811204 HTTP/1.1" 200 22
116.230.110.173 - - [15/Jun/2022:12:36:54 +0800] "GET /xingrg/check_reg.html?_=1655267813147 HTTP/1.1" 200 22
116.230.110.173 - - [15/Jun/2022:12:36:54 +0800] "GET /xingrg/all/function/internal_message.html?_=1655267813149&CODE_STATE=getMsg HTTP/1.1" 200 27
124.78.155.52 - - [15/Jun/2022:12:36:55 +0800] "GET /xingrg/kc/buy/cgsh_order_operate.html?command=get_materiel&rest_code=00106&code=00101008353&supplier_code=00100007&order_time=2022-06-14 HTTP/1.1" 200 424
180.169.147.146 - - [15/Jun/2022:12:36:59 +0800] "GET /xingrg/all/function/internal_message.html?_=1655267817013&CODE_STATE=getMsg HTTP/1.1" 200 27
180.169.147.146 - - [15/Jun/2022:12:37:02 +0800] "GET /xingrg/check_reg.html?_=1655267822596 HTTP/1.1" 200 22
180.169.147.146 - - [15/Jun/2022:12:37:03 +0800] "GET /xingrg/index.html?sysBaseUrl=http%3A%2F%2F180.169.147.146%3A18081%2Fxingrg%2F&costTime=39×tamp=1592034574635 HTTP/1.1" 200 17503
180.169.147.146 - - [15/Jun/2022:12:37:04 +0800] "GET /favicon.ico HTTP/1.1" 404 -
180.169.147.146 - - [15/Jun/2022:12:37:04 +0800] "POST /xingrg/all/common/load_tree.html?tree=area_rest_tree_json&manage=1 HTTP/1.1" 200 3472
180.169.147.146 - - [15/Jun/2022:12:37:04 +0800] "GET /xingrg/all/function/internal_message.html?_=1655267822795&CODE_STATE=count HTTP/1.1" 200 11
180.169.147.146 - - [15/Jun/2022:12:37:04 +0800] "GET /xingrg/check_reg.html?_=1655267822795 HTTP/1.1" 200 22
180.169.147.146 - - [15/Jun/2022:12:37:04 +0800] "POST /xingrg/load_menu.html HTTP/1.1" 200 9959
218.81.223.53 - - [15/Jun/2022:12:37:04 +0800] "GET /xingrg/all/function/internal_message.html?_=1655267824560&CODE_STATE=getMsg HTTP/1.1" 200 27
180.169.147.146 - - [15/Jun/2022:12:37:07 +0800] "POST /xingrg/all/user/operate.html HTTP/1.1" 200 36
180.169.147.146 - - [15/Jun/2022:12:37:07 +0800] "GET /xingrg/index.html?sysBaseUrl=http%3A%2F%2F180.169.147.146%3A18081%2Fxingrg%2F&costTime=39×tamp=1592034574635 HTTP/1.1" 200 17509
180.169.147.146 - - [15/Jun/2022:12:37:07 +0800] "GET /xingrg/javascript/jquery_easy_ui/themes/default/easyui.css HTTP/1.1" 304 -
180.169.147.146 - - [15/Jun/2022:12:37:07 +0800] "GET /xingrg/javascript/jquery_easy_ui/themes/icon.css HTTP/1.1" 304 -
180.169.147.146 - - [15/Jun/2022:12:37:07 +0800] "GET /xingrg/css/form.css HTTP/1.1" 304 -
180.169.147.146 - - [15/Jun/2022:12:37:07 +0800] "GET /xingrg/javascript/jquery-1.4.2.min.js HTTP/1.1" 304 -
180.169.147.146 - - [15/Jun/2022:12:37:07 +0800] "GET /xingrg/javascript/jquery_easy_ui/jquery.easyui.min.js HTTP/1.1" 304 -
180.169.147.146 - - [15/Jun/2022:12:37:07 +0800] "GET /xingrg/javascript/jquery_easy_ui/easyui-lang-zh_CN.js HTTP/1.1" 304 -
180.169.147.146 - - [15/Jun/2022:12:37:07 +0800] "GET /xingrg/javascript/jquery.form.js HTTP/1.1" 304 -
180.169.147.146 - - [15/Jun/2022:12:37:07 +0800] "GET /xingrg/javascript/jquery.utils.js HTTP/1.1" 304 -
180.169.147.146 - - [15/Jun/2022:12:37:07 +0800] "GET /xingrg/javascript/jquery.timers.js HTTP/1.1" 304 -
180.169.147.146 - - [15/Jun/2022:12:37:07 +0800] "GET /xingrg/images/blue/jxLogo.png HTTP/1.1" 304 -
180.169.147.146 - - [15/Jun/2022:12:37:07 +0800] "GET /xingrg/javascript/jquery_easy_ui/themes/icons/settle_new.png HTTP/1.1" 304 -
180.169.147.146 - - [15/Jun/2022:12:37:07 +0800] "GET /xingrg/images/blue/navBackgound.jpg HTTP/1.1" 304 -
180.169.147.146 - - [15/Jun/2022:12:37:07 +0800] "POST /xingrg/all/common/load_tree.html?tree=area_rest_tree_json&manage=1 HTTP/1.1" 200 3472
180.169.147.146 - - [15/Jun/2022:12:37:07 +0800] "GET /xingrg/all/function/internal_message.html?_=1655267825940&CODE_STATE=count HTTP/1.1" 200 11
180.169.147.146 - - [15/Jun/2022:12:37:07 +0800] "GET /xingrg/check_reg.html?_=1655267825941 HTTP/1.1" 200 22
180.169.147.146 - - [15/Jun/2022:12:37:07 +0800] "GET /xingrg/javascript/jquery_easy_ui/themes/default/images/panel_tool_collapse.gif HTTP/1.1" 304 -
180.169.147.146 - - [15/Jun/2022:12:37:07 +0800] "GET /xingrg/javascript/jquery_easy_ui/themes/default/images/tabs_rightarrow.png HTTP/1.1" 304 -
180.169.147.146 - - [15/Jun/2022:12:37:07 +0800] "GET /xingrg/javascript/jquery_easy_ui/themes/default/images/panel_tool_expand.gif HTTP/1.1" 304 -
180.169.147.146 - - [15/Jun/2022:12:37:07 +0800] "GET /xingrg/images/blue/pingpu.png HTTP/1.1" 304 -
180.169.147.146 - - [15/Jun/2022:12:37:07 +0800] "GET /xingrg/javascript/jquery_easy_ui/themes/default/images/tabs_leftarrow.png HTTP/1.1" 304 -
180.169.147.146 - - [15/Jun/2022:12:37:07 +0800] "POST /xingrg/load_menu.html HTTP/1.1" 200 9959
180.169.147.146 - - [15/Jun/2022:12:37:08 +0800] "GET /xingrg/kc/report/report_main.html HTTP/1.1" 200 7340
180.169.147.146 - - [15/Jun/2022:12:37:08 +0800] "GET /xingrg/kc/base/kc_stocks.html HTTP/1.1" 200 16443
180.169.147.146 - - [15/Jun/2022:12:37:09 +0800] "GET /xingrg/javascript/easyui/themes/default/tree.css HTTP/1.1" 404 1090
180.169.147.146 - - [15/Jun/2022:12:37:09 +0800] "GET /xingrg/all/common/auto_word.html?type=base&rest_code=00156 HTTP/1.1" 200 1857
180.169.147.146 - - [15/Jun/2022:12:37:09 +0800] "POST /xingrg/all/common/load_tree.html?tree=materiel_sort_tree_json HTTP/1.1" 200 9388
180.169.147.146 - - [15/Jun/2022:12:37:13 +0800] "POST /xingrg/kc/base/stock_operate.html HTTP/1.1" 200 3168
222.69.144.95 - - [15/Jun/2022:12:37:13 +0800] "GET /xingrg/all/function/internal_message.html?_=1655267862192&CODE_STATE=getMsg HTTP/1.1" 200 27
124.78.155.52 - - [15/Jun/2022:12:37:16 +0800] "GET /xingrg/kc/buy/cgsh_order_operate.html?command=get_materiel&rest_code=00106&code=00101008283&supplier_code=00100007&order_time=2022-06-14 HTTP/1.1" 200 408
180.169.147.146 - - [15/Jun/2022:12:37:16 +0800] "GET /xingrg/kc/base/stock_detail.html?m=00101034124 HTTP/1.1" 200 7410
114.84.82.172 - - [15/Jun/2022:12:37:19 +0800] "GET /xingrg/all/function/internal_message.html?_=1655267835813&CODE_STATE=getMsg HTTP/1.1" 200 27
180.169.147.146 - - [15/Jun/2022:12:37:20 +0800] "GET /xingrg/kc/base/stock_operate.html?_=1655267839326&command=get_report_file&start_day=20220501 HTTP/1.1" 200 53
180.169.147.146 - - [15/Jun/2022:12:37:20 +0800] "GET /xingrg/all/report/report_query.html?isQuery=1&onlyBody=1&rh=2000&fileName=kc/base/kc_stock_detail_new.xml&queryString=(1=1)&queryText=&tableQueryString=init_table$sp1$$sp$crk_table$sp1$order_day%20between%2020220501%20and%2020220630&varString=start_day:20220501,materiel_code:00101034124,cost_id:3703,end_date:20220430 HTTP/1.1" 200 48701
58.35.210.91 - - [15/Jun/2022:12:37:20 +0800] "POST /xingrg/services/DataTransmitService HTTP/1.1" 200 524
180.169.147.146 - - [15/Jun/2022:12:37:20 +0800] "GET /xingrg/dwr/interface/AjaxReportQueryService.js HTTP/1.1" 200 13203
180.169.147.146 - - [15/Jun/2022:12:37:20 +0800] "GET /xingrg/dwr/engine.js HTTP/1.1" 200 43631
58.35.210.91 - - [15/Jun/2022:12:37:21 +0800] "POST /xingrg/services/DataTransmitService HTTP/1.1" 200 501
180.169.147.146 - - [15/Jun/2022:12:37:21 +0800] "POST /xingrg/all/report/load_report_page.html HTTP/1.1" 200 20207
180.169.147.146 - - [15/Jun/2022:12:37:21 +0800] "GET /xingrg/servlets/image?cache=0.264880513814005&image=px HTTP/1.1" 200 807
101.85.120.86 - - [15/Jun/2022:12:37:25 +0800] "GET /xingrg/check_reg.html?_=1655267841110 HTTP/1.1" 200 22
101.85.120.86 - - [15/Jun/2022:12:37:26 +0800] "GET /xingrg/all/function/internal_message.html?_=1655267841113&CODE_STATE=getMsg HTTP/1.1" 200 27
58.35.194.53 - - [15/Jun/2022:12:37:26 +0800] "GET /xingrg/check_reg.html?_=1655267845150 HTTP/1.1" 200 22
58.35.194.53 - - [15/Jun/2022:12:37:26 +0800] "GET /xingrg/all/function/internal_message.html?_=1655267845150&CODE_STATE=getMsg HTTP/1.1" 200 27
114.95.43.0 - - [15/Jun/2022:12:37:27 +0800] "GET /xingrg/all/function/internal_message.html?_=1655267847716&CODE_STATE=getMsg HTTP/1.1" 200 27
120.253.135.82 - - [15/Jun/2022:12:37:29 +0800] "GET /xingrg/all/function/internal_message.html?_=1655267996340&CODE_STATE=getMsg HTTP/1.1" 200 27
114.86.224.123 - - [15/Jun/2022:12:37:30 +0800] "GET /xingrg/all/function/internal_message.html?_=1655267853625&CODE_STATE=getMsg HTTP/1.1" 200 27
114.88.162.248 - - [15/Jun/2022:12:37:34 +0800] "GET /xingrg/all/function/internal_message.html?_=1655267851288&CODE_STATE=getMsg HTTP/1.1" 200 27
124.78.155.52 - - [15/Jun/2022:12:37:36 +0800] "GET /xingrg/kc/buy/cgsh_order_operate.html?command=get_materiel&rest_code=00106&code=00101020139&supplier_code=00100007&order_time=2022-06-14 HTTP/1.1" 200 454
124.78.155.52 - - [15/Jun/2022:12:37:39 +0800] "GET /xingrg/all/function/internal_message.html?_=1655267859350&CODE_STATE=getMsg HTTP/1.1" 200 27
180.169.147.146 - - [15/Jun/2022:12:37:41 +0800] "GET /xingrg/check_reg.html?_=1655267858386 HTTP/1.1" 200 22
180.169.147.146 - - [15/Jun/2022:12:37:41 +0800] "GET /xingrg/all/function/internal_message.html?_=1655267858388&CODE_STATE=getMsg HTTP/1.1" 200 27
114.95.43.0 - - [15/Jun/2022:12:37:41 +0800] "GET /xingrg/check_reg.html?_=1655267771150 HTTP/1.1" 200 22
114.95.43.0 - - [15/Jun/2022:12:37:41 +0800] "GET /xingrg/all/function/internal_message.html?_=1655267771153&CODE_STATE=getMsg HTTP/1.1" 200 27
114.83.219.74 - - [15/Jun/2022:12:37:48 +0800] "GET /xingrg/all/function/internal_message.html?_=1655267866309&CODE_STATE=getMsg HTTP/1.1" 200 27
180.169.147.146 - - [15/Jun/2022:12:37:52 +0800] "GET /xingrg/all/function/internal_message.html?_=1655267870508&CODE_STATE=getMsg HTTP/1.1" 200 27
180.169.147.146 - - [15/Jun/2022:12:37:53 +0800] "GET /xingrg/all/function/internal_message.html?_=1655267871206&CODE_STATE=getMsg HTTP/1.1" 200 27
116.230.110.173 - - [15/Jun/2022:12:37:54 +0800] "GET /xingrg/all/function/internal_message.html?_=1655267873147&CODE_STATE=getMsg HTTP/1.1" 200 27
180.169.147.146 - - [15/Jun/2022:12:37:59 +0800] "GET /xingrg/all/function/internal_message.html?_=1655267877016&CODE_STATE=getMsg HTTP/1.1" 200 27
180.169.147.146 - - [15/Jun/2022:12:37:59 +0800] "GET /xingrg/check_reg.html?_=1655267877018 HTTP/1.1" 200 22
180.169.147.146 - - [15/Jun/2022:12:38:01 +0800] "GET /xingrg/kc/base/stock_operate.html?_=1655267880086&command=get_report_file&start_day=20220501 HTTP/1.1" 200 53
180.169.147.146 - - [15/Jun/2022:12:38:01 +0800] "GET /xingrg/all/report/report_query.html?isQuery=1&onlyBody=1&rh=2000&fileName=kc/base/kc_stock_detail_new.xml&queryString=(1=1)&queryText=&tableQueryString=init_table$sp1$base_code='0010812'$sp$crk_table$sp1$order_day%20between%2020220501%20and%2020220630%20and%20base_code='0010812'&varString=start_day:20220501,materiel_code:00101034124,cost_id:3703,end_date:20220430 HTTP/1.1" 200 48744
180.169.147.146 - - [15/Jun/2022:12:38:01 +0800] "GET /xingrg/dwr/interface/AjaxReportQueryService.js HTTP/1.1" 200 13203
180.169.147.146 - - [15/Jun/2022:12:38:01 +0800] "GET /xingrg/dwr/engine.js HTTP/1.1" 200 43631
180.169.147.146 - - [15/Jun/2022:12:38:02 +0800] "POST /xingrg/all/report/load_report_page.html HTTP/1.1" 200 20232
180.169.147.146 - - [15/Jun/2022:12:38:02 +0800] "GET /xingrg/servlets/image?cache=0.9749401500971361&image=px HTTP/1.1" 200 807
218.81.223.53 - - [15/Jun/2022:12:38:04 +0800] "GET /xingrg/all/function/internal_message.html?_=1655267884668&CODE_STATE=getMsg HTTP/1.1" 200 27
180.169.147.146 - - [15/Jun/2022:12:38:07 +0800] "GET /xingrg/all/function/internal_message.html?_=1655267885966&CODE_STATE=getMsg HTTP/1.1" 200 27
222.69.144.95 - - [15/Jun/2022:12:38:13 +0800] "GET /xingrg/all/function/internal_message.html?_=1655267922194&CODE_STATE=getMsg HTTP/1.1" 200 27
114.84.82.172 - - [15/Jun/2022:12:38:19 +0800] "GET /xingrg/all/function/internal_message.html?_=1655267895838&CODE_STATE=getMsg HTTP/1.1" 200 27
101.85.120.86 - - [15/Jun/2022:12:38:25 +0800] "GET /xingrg/all/function/internal_message.html?_=1655267901098&CODE_STATE=getMsg HTTP/1.1" 200 27
58.35.194.53 - - [15/Jun/2022:12:38:26 +0800] "GET /xingrg/all/function/internal_message.html?_=1655267905147&CODE_STATE=getMsg HTTP/1.1" 200 27
114.95.43.0 - - [15/Jun/2022:12:38:27 +0800] "GET /xingrg/all/function/internal_message.html?_=1655267907716&CODE_STATE=getMsg HTTP/1.1" 200 27
120.253.135.82 - - [15/Jun/2022:12:38:29 +0800] "GET /xingrg/check_reg.html?_=1655268055797 HTTP/1.1" 200 22
120.253.135.82 - - [15/Jun/2022:12:38:29 +0800] "GET /xingrg/all/function/internal_message.html?_=1655268056352&CODE_STATE=getMsg HTTP/1.1" 200 27
114.86.224.123 - - [15/Jun/2022:12:38:30 +0800] "GET /xingrg/all/function/internal_message.html?_=1655267913627&CODE_STATE=getMsg HTTP/1.1" 200 27
114.86.224.123 - - [15/Jun/2022:12:38:30 +0800] "GET /xingrg/check_reg.html?_=1655267913628 HTTP/1.1" 200 22
114.88.162.248 - - [15/Jun/2022:12:38:34 +0800] "GET /xingrg/all/function/internal_message.html?_=1655267911290&CODE_STATE=getMsg HTTP/1.1" 200 27
124.78.155.52 - - [15/Jun/2022:12:38:39 +0800] "GET /xingrg/all/function/internal_message.html?_=1655267919335&CODE_STATE=getMsg HTTP/1.1" 200 27
180.169.147.146 - - [15/Jun/2022:12:38:41 +0800] "GET /xingrg/all/function/internal_message.html?_=1655267918386&CODE_STATE=getMsg HTTP/1.1" 200 27
114.95.43.0 - - [15/Jun/2022:12:38:41 +0800] "GET /xingrg/all/function/internal_message.html?_=1655267831139&CODE_STATE=getMsg HTTP/1.1" 200 27
114.83.219.74 - - [15/Jun/2022:12:38:48 +0800] "GET /xingrg/all/function/internal_message.html?_=1655267926289&CODE_STATE=getMsg HTTP/1.1" 200 27
124.78.155.52 - - [15/Jun/2022:12:38:49 +0800] "POST /xingrg/kc/buy/cgsh_order_operate.html HTTP/1.1" 200 37
114.83.219.74 - - [15/Jun/2022:12:38:50 +0800] "GET /xingrg/check_reg.html?_=1655267928793 HTTP/1.1" 200 22
124.78.155.52 - - [15/Jun/2022:12:38:51 +0800] "POST /xingrg/kc/buy/cgsh_order_operate.html HTTP/1.1" 200 9191
180.169.147.146 - - [15/Jun/2022:12:38:52 +0800] "GET /xingrg/check_reg.html?_=1655267930529 HTTP/1.1" 200 22
180.169.147.146 - - [15/Jun/2022:12:38:52 +0800] "GET /xingrg/all/function/internal_message.html?_=1655267930522&CODE_STATE=getMsg HTTP/1.1" 200 27
180.169.147.146 - - [15/Jun/2022:12:38:53 +0800] "GET /xingrg/all/function/internal_message.html?_=1655267931209&CODE_STATE=getMsg HTTP/1.1" 200 27
116.230.110.173 - - [15/Jun/2022:12:38:54 +0800] "GET /xingrg/all/function/internal_message.html?_=1655267933132&CODE_STATE=getMsg HTTP/1.1" 200 27
180.169.147.146 - - [15/Jun/2022:12:38:59 +0800] "GET /xingrg/all/function/internal_message.html?_=1655267937009&CODE_STATE=getMsg HTTP/1.1" 200 27
218.81.223.53 - - [15/Jun/2022:12:39:04 +0800] "GET /xingrg/all/function/internal_message.html?_=1655267944680&CODE_STATE=getMsg HTTP/1.1" 200 27
180.169.147.146 - - [15/Jun/2022:12:39:07 +0800] "GET /xingrg/all/function/internal_message.html?_=1655267945970&CODE_STATE=getMsg HTTP/1.1" 200 27
222.69.144.95 - - [15/Jun/2022:12:39:13 +0800] "GET /xingrg/all/function/internal_message.html?_=1655267982193&CODE_STATE=getMsg HTTP/1.1" 200 27
114.84.82.172 - - [15/Jun/2022:12:39:19 +0800] "GET /xingrg/all/function/internal_message.html?_=1655267955835&CODE_STATE=getMsg HTTP/1.1" 200 27
101.85.120.86 - - [15/Jun/2022:12:39:25 +0800] "GET /xingrg/all/function/internal_message.html?_=1655267961098&CODE_STATE=getMsg HTTP/1.1" 200 27
58.35.194.53 - - [15/Jun/2022:12:39:26 +0800] "GET /xingrg/all/function/internal_message.html?_=1655267965151&CODE_STATE=getMsg HTTP/1.1" 200 27
114.95.43.0 - - [15/Jun/2022:12:39:27 +0800] "GET /xingrg/all/function/internal_message.html?_=1655267967717&CODE_STATE=getMsg HTTP/1.1" 200 27
120.253.135.82 - - [15/Jun/2022:12:39:29 +0800] "GET /xingrg/all/function/internal_message.html?_=1655268116367&CODE_STATE=getMsg HTTP/1.1" 200 27
114.86.224.123 - - [15/Jun/2022:12:39:30 +0800] "GET /xingrg/all/function/internal_message.html?_=1655267973629&CODE_STATE=getMsg HTTP/1.1" 200 27
114.88.162.248 - - [15/Jun/2022:12:39:34 +0800] "GET /xingrg/all/function/internal_message.html?_=1655267971315&CODE_STATE=getMsg HTTP/1.1" 200 27
124.78.155.52 - - [15/Jun/2022:12:39:39 +0800] "GET /xingrg/all/function/internal_message.html?_=1655267979306&CODE_STATE=getMsg HTTP/1.1" 200 27
180.169.147.146 - - [15/Jun/2022:12:39:41 +0800] "GET /xingrg/all/function/internal_message.html?_=1655267978385&CODE_STATE=getMsg HTTP/1.1" 200 27
114.95.43.0 - - [15/Jun/2022:12:39:41 +0800] "GET /xingrg/all/function/internal_message.html?_=1655267891139&CODE_STATE=getMsg HTTP/1.1" 200 27
114.83.219.74 - - [15/Jun/2022:12:39:48 +0800] "GET /xingrg/all/function/internal_message.html?_=1655267986272&CODE_STATE=getMsg HTTP/1.1" 200 27
180.169.147.146 - - [15/Jun/2022:12:39:52 +0800] "GET /xingrg/all/function/internal_message.html?_=1655267990505&CODE_STATE=getMsg HTTP/1.1" 200 27
180.169.147.146 - - [15/Jun/2022:12:39:53 +0800] "GET /xingrg/all/function/internal_message.html?_=1655267991212&CODE_STATE=getMsg HTTP/1.1" 200 27
116.230.110.173 - - [15/Jun/2022:12:39:54 +0800] "GET /xingrg/all/function/internal_message.html?_=1655267993140&CODE_STATE=getMsg HTTP/1.1" 200 27
180.169.147.146 - - [15/Jun/2022:12:39:59 +0800] "GET /xingrg/all/function/internal_message.html?_=1655267997022&CODE_STATE=getMsg HTTP/1.1" 200 27
218.81.223.53 - - [15/Jun/2022:12:40:03 +0800] "GET /xingrg/check_reg.html?_=1655268003699 HTTP/1.1" 200 22
218.81.223.53 - - [15/Jun/2022:12:40:04 +0800] "GET /xingrg/all/function/internal_message.html?_=1655268004694&CODE_STATE=getMsg HTTP/1.1" 200 27
180.169.147.146 - - [15/Jun/2022:12:40:07 +0800] "GET /xingrg/all/function/internal_message.html?_=1655268005970&CODE_STATE=getMsg HTTP/1.1" 200 27
222.69.144.95 - - [15/Jun/2022:12:40:13 +0800] "GET /xingrg/all/function/internal_message.html?_=1655268042194&CODE_STATE=getMsg HTTP/1.1" 200 27
222.69.144.95 - - [15/Jun/2022:12:40:13 +0800] "GET /xingrg/check_reg.html?_=1655268042196 HTTP/1.1" 200 22
114.84.82.172 - - [15/Jun/2022:12:40:19 +0800] "GET /xingrg/all/function/internal_message.html?_=1655268015834&CODE_STATE=getMsg HTTP/1.1" 200 27
101.85.120.86 - - [15/Jun/2022:12:40:25 +0800] "GET /xingrg/all/function/internal_message.html?_=1655268021104&CODE_STATE=getMsg HTTP/1.1" 200 27
58.35.194.53 - - [15/Jun/2022:12:40:26 +0800] "GET /xingrg/all/function/internal_message.html?_=1655268025137&CODE_STATE=getMsg HTTP/1.1" 200 27
114.95.43.0 - - [15/Jun/2022:12:40:27 +0800] "GET /xingrg/all/function/internal_message.html?_=1655268027718&CODE_STATE=getMsg HTTP/1.1" 200 27
120.253.135.82 - - [15/Jun/2022:12:40:29 +0800] "GET /xingrg/all/function/internal_message.html?_=1655268176380&CODE_STATE=getMsg HTTP/1.1" 200 27
114.86.224.123 - - [15/Jun/2022:12:40:30 +0800] "GET /xingrg/all/function/internal_message.html?_=1655268033631&CODE_STATE=getMsg HTTP/1.1" 200 27
114.86.224.123 - - [15/Jun/2022:12:40:33 +0800] "GET /xingrg/javascript/jquery_easy_ui/themes/default/images/tabs_active.png HTTP/1.1" 200 2894
114.88.162.248 - - [15/Jun/2022:12:40:34 +0800] "GET /xingrg/check_reg.html?_=1655268031315 HTTP/1.1" 200 22
114.88.162.248 - - [15/Jun/2022:12:40:34 +0800] "GET /xingrg/all/function/internal_message.html?_=1655268031317&CODE_STATE=getMsg HTTP/1.1" 200 27
114.86.224.123 - - [15/Jun/2022:12:40:35 +0800] "POST /xingrg/all/common/list_setting.html HTTP/1.1" 200 3690
114.86.224.123 - - [15/Jun/2022:12:40:35 +0800] "GET /xingrg/javascript/easyui/plugins/jquery.draggable.js HTTP/1.1" 200 6121
114.86.224.123 - - [15/Jun/2022:12:40:35 +0800] "GET /xingrg/javascript/easyui/plugins/jquery.droppable.js HTTP/1.1" 200 1167
124.78.155.52 - - [15/Jun/2022:12:40:39 +0800] "GET /xingrg/all/function/internal_message.html?_=1655268039275&CODE_STATE=getMsg HTTP/1.1" 200 27
180.169.147.146 - - [15/Jun/2022:12:40:41 +0800] "GET /xingrg/all/function/internal_message.html?_=1655268038410&CODE_STATE=getMsg HTTP/1.1" 200 27
114.95.43.0 - - [15/Jun/2022:12:40:41 +0800] "GET /xingrg/all/function/internal_message.html?_=1655267951140&CODE_STATE=getMsg HTTP/1.1" 200 27
114.86.224.123 - - [15/Jun/2022:12:40:45 +0800] "POST /xingrg/kc/buy/cgsh_list_operate.html HTTP/1.1" 200 641
114.83.219.74 - - [15/Jun/2022:12:40:48 +0800] "GET /xingrg/all/function/internal_message.html?_=1655268046256&CODE_STATE=getMsg HTTP/1.1" 200 27
114.86.224.123 - - [15/Jun/2022:12:40:50 +0800] "POST /xingrg/kc/buy/cgsh_list_operate.html HTTP/1.1" 200 4514
180.169.147.146 - - [15/Jun/2022:12:40:52 +0800] "GET /xingrg/all/function/internal_message.html?_=1655268050522&CODE_STATE=getMsg HTTP/1.1" 200 27
180.169.147.146 - - [15/Jun/2022:12:40:53 +0800] "GET /xingrg/all/function/internal_message.html?_=1655268051216&CODE_STATE=getMsg HTTP/1.1" 200 27
116.230.110.173 - - [15/Jun/2022:12:40:54 +0800] "GET /xingrg/all/function/internal_message.html?_=1655268053142&CODE_STATE=getMsg HTTP/1.1" 200 27
180.169.147.146 - - [15/Jun/2022:12:40:59 +0800] "GET /xingrg/all/function/internal_message.html?_=1655268057016&CODE_STATE=getMsg HTTP/1.1" 200 27
218.81.223.53 - - [15/Jun/2022:12:41:04 +0800] "GET /xingrg/all/function/internal_message.html?_=1655268064707&CODE_STATE=getMsg HTTP/1.1" 200 27
180.169.147.146 - - [15/Jun/2022:12:41:07 +0800] "GET /xingrg/all/function/internal_message.html?_=1655268065969&CODE_STATE=getMsg HTTP/1.1" 200 27
222.69.144.95 - - [15/Jun/2022:12:41:13 +0800] "GET /xingrg/all/function/internal_message.html?_=1655268102182&CODE_STATE=getMsg HTTP/1.1" 200 27
180.169.147.146 - - [15/Jun/2022:12:41:18 +0800] "GET /xingrg/kc/base/wlsy_order_list.html?syType=1 HTTP/1.1" 200 17517
180.169.147.146 - - [15/Jun/2022:12:41:19 +0800] "POST /xingrg/kc/base/wlsy_list_operate.html?syType=1 HTTP/1.1" 200 862
114.84.82.172 - - [15/Jun/2022:12:41:19 +0800] "GET /xingrg/all/function/internal_message.html?_=1655268075833&CODE_STATE=getMsg HTTP/1.1" 200 27
114.84.82.172 - - [15/Jun/2022:12:41:19 +0800] "GET /xingrg/check_reg.html?_=1655268075834 HTTP/1.1" 200 22
180.169.147.146 - - [15/Jun/2022:12:41:20 +0800] "GET /xingrg/kc/base/wlsy_order_add.html?syType=1 HTTP/1.1" 200 28565
180.169.147.146 - - [15/Jun/2022:12:41:20 +0800] "POST /xingrg/kc/base/wlsy_order_operate.html HTTP/1.1" 200 6806
180.169.147.146 - - [15/Jun/2022:12:41:20 +0800] "GET /xingrg/javascript/easyui/themes/default/validatebox.css HTTP/1.1" 404 1104
101.85.120.86 - - [15/Jun/2022:12:41:25 +0800] "GET /xingrg/all/function/internal_message.html?_=1655268081129&CODE_STATE=getMsg HTTP/1.1" 200 27
58.35.194.53 - - [15/Jun/2022:12:41:26 +0800] "GET /xingrg/all/function/internal_message.html?_=1655268085152&CODE_STATE=getMsg HTTP/1.1" 200 27
114.95.43.0 - - [15/Jun/2022:12:41:27 +0800] "GET /xingrg/check_reg.html?_=1655268087718 HTTP/1.1" 200 22
114.95.43.0 - - [15/Jun/2022:12:41:27 +0800] "GET /xingrg/all/function/internal_message.html?_=1655268087721&CODE_STATE=getMsg HTTP/1.1" 200 27
120.253.135.82 - - [15/Jun/2022:12:41:29 +0800] "GET /xingrg/all/function/internal_message.html?_=1655268236414&CODE_STATE=getMsg HTTP/1.1" 200 27
114.86.224.123 - - [15/Jun/2022:12:41:31 +0800] "GET /xingrg/all/function/internal_message.html?_=1655268093633&CODE_STATE=getMsg HTTP/1.1" 200 27
114.88.162.248 - - [15/Jun/2022:12:41:34 +0800] "GET /xingrg/all/function/internal_message.html?_=1655268091317&CODE_STATE=getMsg HTTP/1.1" 200 27
124.78.155.52 - - [15/Jun/2022:12:41:39 +0800] "GET /xingrg/check_reg.html?_=1655268099115 HTTP/1.1" 200 22
124.78.155.52 - - [15/Jun/2022:12:41:39 +0800] "GET /xingrg/all/function/internal_message.html?_=1655268099274&CODE_STATE=getMsg HTTP/1.1" 200 27
180.169.147.146 - - [15/Jun/2022:12:41:41 +0800] "GET /xingrg/all/function/internal_message.html?_=1655268098409&CODE_STATE=getMsg HTTP/1.1" 200 27
114.95.43.0 - - [15/Jun/2022:12:41:41 +0800] "GET /xingrg/all/function/internal_message.html?_=1655268011141&CODE_STATE=getMsg HTTP/1.1" 200 27
114.83.219.74 - - [15/Jun/2022:12:41:48 +0800] "GET /xingrg/all/function/internal_message.html?_=1655268106231&CODE_STATE=getMsg HTTP/1.1" 200 27
180.169.147.146 - - [15/Jun/2022:12:41:52 +0800] "GET /xingrg/all/function/internal_message.html?_=1655268110528&CODE_STATE=getMsg HTTP/1.1" 200 27
180.169.147.146 - - [15/Jun/2022:12:41:53 +0800] "GET /xingrg/check_reg.html?_=1655268111218 HTTP/1.1" 200 22
180.169.147.146 - - [15/Jun/2022:12:41:53 +0800] "GET /xingrg/all/function/internal_message.html?_=1655268111222&CODE_STATE=getMsg HTTP/1.1" 200 27
116.230.110.173 - - [15/Jun/2022:12:41:54 +0800] "GET /xingrg/all/function/internal_message.html?_=1655268113161&CODE_STATE=getMsg HTTP/1.1" 200 27
116.230.110.173 - - [15/Jun/2022:12:41:54 +0800] "GET /xingrg/check_reg.html?_=1655268113163 HTTP/1.1" 200 22
180.169.147.146 - - [15/Jun/2022:12:41:59 +0800] "GET /xingrg/all/function/internal_message.html?_=1655268117016&CODE_STATE=getMsg HTTP/1.1" 200 27
180.169.147.146 - - [15/Jun/2022:12:42:02 +0800] "GET /xingrg/check_reg.html?_=1655268122571 HTTP/1.1" 200 22
218.81.223.53 - - [15/Jun/2022:12:42:04 +0800] "GET /xingrg/all/function/internal_message.html?_=1655268124721&CODE_STATE=getMsg HTTP/1.1" 200 27
180.169.147.146 - - [15/Jun/2022:12:42:07 +0800] "GET /xingrg/check_reg.html?_=1655268125959 HTTP/1.1" 200 22
180.169.147.146 - - [15/Jun/2022:12:42:07 +0800] "GET /xingrg/all/function/internal_message.html?_=1655268125962&CODE_STATE=getMsg HTTP/1.1" 200 27
222.69.144.95 - - [15/Jun/2022:12:42:13 +0800] "GET /xingrg/all/function/internal_message.html?_=1655268162186&CODE_STATE=getMsg HTTP/1.1" 200 27
114.84.82.172 - - [15/Jun/2022:12:42:19 +0800] "GET /xingrg/all/function/internal_message.html?_=1655268135832&CODE_STATE=getMsg HTTP/1.1" 200 27
101.85.120.86 - - [15/Jun/2022:12:42:25 +0800] "GET /xingrg/all/function/internal_message.html?_=1655268141128&CODE_STATE=getMsg HTTP/1.1" 200 27
101.85.120.86 - - [15/Jun/2022:12:42:26 +0800] "GET /xingrg/check_reg.html?_=1655268141131 HTTP/1.1" 200 22
58.35.194.53 - - [15/Jun/2022:12:42:26 +0800] "GET /xingrg/check_reg.html?_=1655268145140 HTTP/1.1" 200 22
58.35.194.53 - - [15/Jun/2022:12:42:26 +0800] "GET /xingrg/all/function/internal_message.html?_=1655268145142&CODE_STATE=getMsg HTTP/1.1" 200 27
114.95.43.0 - - [15/Jun/2022:12:42:27 +0800] "GET /xingrg/all/function/internal_message.html?_=1655268147721&CODE_STATE=getMsg HTTP/1.1" 200 27
120.253.135.82 - - [15/Jun/2022:12:42:29 +0800] "GET /xingrg/all/function/internal_message.html?_=1655268296423&CODE_STATE=getMsg HTTP/1.1" 200 27
114.86.224.123 - - [15/Jun/2022:12:42:30 +0800] "GET /xingrg/all/function/internal_message.html?_=1655268153634&CODE_STATE=getMsg HTTP/1.1" 200 27
114.88.162.248 - - [15/Jun/2022:12:42:34 +0800] "GET /xingrg/all/function/internal_message.html?_=1655268151318&CODE_STATE=getMsg HTTP/1.1" 200 27
124.78.155.52 - - [15/Jun/2022:12:42:39 +0800] "GET /xingrg/all/function/internal_message.html?_=1655268159259&CODE_STATE=getMsg HTTP/1.1" 200 27
180.169.147.146 - - [15/Jun/2022:12:42:41 +0800] "GET /xingrg/all/function/internal_message.html?_=1655268158421&CODE_STATE=getMsg HTTP/1.1" 200 27
180.169.147.146 - - [15/Jun/2022:12:42:41 +0800] "GET /xingrg/check_reg.html?_=1655268158500 HTTP/1.1" 200 22
114.95.43.0 - - [15/Jun/2022:12:42:41 +0800] "GET /xingrg/all/function/internal_message.html?_=1655268071141&CODE_STATE=getMsg HTTP/1.1" 200 27
114.95.43.0 - - [15/Jun/2022:12:42:41 +0800] "GET /xingrg/check_reg.html?_=1655268071145 HTTP/1.1" 200 22
114.83.219.74 - - [15/Jun/2022:12:42:48 +0800] "GET /xingrg/all/function/internal_message.html?_=1655268166229&CODE_STATE=getMsg HTTP/1.1" 200 27
180.169.147.146 - - [15/Jun/2022:12:42:52 +0800] "GET /xingrg/all/function/internal_message.html?_=1655268170505&CODE_STATE=getMsg HTTP/1.1" 200 27
180.169.147.146 - - [15/Jun/2022:12:42:53 +0800] "GET /xingrg/all/function/internal_message.html?_=1655268171224&CODE_STATE=getMsg HTTP/1.1" 200 27
116.230.110.173 - - [15/Jun/2022:12:42:54 +0800] "GET /xingrg/all/function/internal_message.html?_=1655268173151&CODE_STATE=getMsg HTTP/1.1" 200 27
180.169.147.146 - - [15/Jun/2022:12:42:59 +0800] "GET /xingrg/all/function/internal_message.html?_=1655268177010&CODE_STATE=getMsg HTTP/1.1" 200 27
180.169.147.146 - - [15/Jun/2022:12:42:59 +0800] "GET /xingrg/check_reg.html?_=1655268177011 HTTP/1.1" 200 22
218.81.223.53 - - [15/Jun/2022:12:43:04 +0800] "GET /xingrg/all/function/internal_message.html?_=1655268184835&CODE_STATE=getMsg HTTP/1.1" 200 27
180.169.147.146 - - [15/Jun/2022:12:43:07 +0800] "GET /xingrg/all/function/internal_message.html?_=1655268185948&CODE_STATE=getMsg HTTP/1.1" 200 27
222.69.144.95 - - [15/Jun/2022:12:43:13 +0800] "GET /xingrg/all/function/internal_message.html?_=1655268222177&CODE_STATE=getMsg HTTP/1.1" 200 27
114.84.82.172 - - [15/Jun/2022:12:43:19 +0800] "GET /xingrg/all/function/internal_message.html?_=1655268195829&CODE_STATE=getMsg HTTP/1.1" 200 27
101.85.120.86 - - [15/Jun/2022:12:43:25 +0800] "GET /xingrg/all/function/internal_message.html?_=1655268201130&CODE_STATE=getMsg HTTP/1.1" 200 27
58.35.194.53 - - [15/Jun/2022:12:43:26 +0800] "GET /xingrg/all/function/internal_message.html?_=1655268205147&CODE_STATE=getMsg HTTP/1.1" 200 27
114.95.43.0 - - [15/Jun/2022:12:43:27 +0800] "GET /xingrg/all/function/internal_message.html?_=1655268207748&CODE_STATE=getMsg HTTP/1.1" 200 27
120.253.135.82 - - [15/Jun/2022:12:43:29 +0800] "GET /xingrg/check_reg.html?_=1655268355820 HTTP/1.1" 200 22
120.253.135.82 - - [15/Jun/2022:12:43:29 +0800] "GET /xingrg/all/function/internal_message.html?_=1655268356437&CODE_STATE=getMsg HTTP/1.1" 200 27
114.86.224.123 - - [15/Jun/2022:12:43:30 +0800] "GET /xingrg/all/function/internal_message.html?_=1655268213637&CODE_STATE=getMsg HTTP/1.1" 200 27
114.86.224.123 - - [15/Jun/2022:12:43:30 +0800] "GET /xingrg/check_reg.html?_=1655268213638 HTTP/1.1" 200 22
114.88.162.248 - - [15/Jun/2022:12:43:34 +0800] "GET /xingrg/all/function/internal_message.html?_=1655268211318&CODE_STATE=getMsg HTTP/1.1" 200 27
124.78.155.52 - - [15/Jun/2022:12:43:39 +0800] "GET /xingrg/all/function/internal_message.html?_=1655268219245&CODE_STATE=getMsg HTTP/1.1" 200 27
180.169.147.146 - - [15/Jun/2022:12:43:41 +0800] "GET /xingrg/all/function/internal_message.html?_=1655268218424&CODE_STATE=getMsg HTTP/1.1" 200 27
114.95.43.0 - - [15/Jun/2022:12:43:41 +0800] "GET /xingrg/all/function/internal_message.html?_=1655268131145&CODE_STATE=getMsg HTTP/1.1" 200 27
114.83.219.74 - - [15/Jun/2022:12:43:48 +0800] "GET /xingrg/all/function/internal_message.html?_=1655268226205&CODE_STATE=getMsg HTTP/1.1" 200 27
114.83.219.74 - - [15/Jun/2022:12:43:50 +0800] "GET /xingrg/check_reg.html?_=1655268228786 HTTP/1.1" 200 22
180.169.147.146 - - [15/Jun/2022:12:43:52 +0800] "GET /xingrg/all/function/internal_message.html?_=1655268230524&CODE_STATE=getMsg HTTP/1.1" 200 27
180.169.147.146 - - [15/Jun/2022:12:43:52 +0800] "GET /xingrg/check_reg.html?_=1655268230527 HTTP/1.1" 200 22
180.169.147.146 - - [15/Jun/2022:12:43:53 +0800] "GET /xingrg/all/function/internal_message.html?_=1655268231214&CODE_STATE=getMsg HTTP/1.1" 200 27
116.230.110.173 - - [15/Jun/2022:12:43:54 +0800] "GET /xingrg/all/function/internal_message.html?_=1655268233150&CODE_STATE=getMsg HTTP/1.1" 200 27
180.169.147.146 - - [15/Jun/2022:12:43:59 +0800] "GET /xingrg/all/function/internal_message.html?_=1655268237029&CODE_STATE=getMsg HTTP/1.1" 200 27
218.81.223.53 - - [15/Jun/2022:12:44:04 +0800] "GET /xingrg/all/function/internal_message.html?_=1655268244841&CODE_STATE=getMsg HTTP/1.1" 200 27
180.169.147.146 - - [15/Jun/2022:12:44:07 +0800] "GET /xingrg/all/function/internal_message.html?_=1655268245963&CODE_STATE=getMsg HTTP/1.1" 200 27
222.69.144.95 - - [15/Jun/2022:12:44:13 +0800] "GET /xingrg/all/function/internal_message.html?_=1655268282180&CODE_STATE=getMsg HTTP/1.1" 200 27
114.84.82.172 - - [15/Jun/2022:12:44:19 +0800] "GET /xingrg/all/function/internal_message.html?_=1655268255843&CODE_STATE=getMsg HTTP/1.1" 200 27
101.85.120.86 - - [15/Jun/2022:12:44:25 +0800] "GET /xingrg/all/function/internal_message.html?_=1655268261130&CODE_STATE=getMsg HTTP/1.1" 200 27
58.35.194.53 - - [15/Jun/2022:12:44:26 +0800] "GET /xingrg/all/function/internal_message.html?_=1655268265148&CODE_STATE=getMsg HTTP/1.1" 200 27
114.95.43.0 - - [15/Jun/2022:12:44:27 +0800] "GET /xingrg/all/function/internal_message.html?_=1655268267734&CODE_STATE=getMsg HTTP/1.1" 200 27
120.253.135.82 - - [15/Jun/2022:12:44:30 +0800] "GET /xingrg/all/function/internal_message.html?_=1655268416450&CODE_STATE=getMsg HTTP/1.1" 200 27
114.86.224.123 - - [15/Jun/2022:12:44:30 +0800] "GET /xingrg/all/function/internal_message.html?_=1655268273639&CODE_STATE=getMsg HTTP/1.1" 200 27
114.88.162.248 - - [15/Jun/2022:12:44:34 +0800] "GET /xingrg/all/function/internal_message.html?_=1655268271317&CODE_STATE=getMsg HTTP/1.1" 200 27
124.78.155.52 - - [15/Jun/2022:12:44:39 +0800] "GET /xingrg/all/function/internal_message.html?_=1655268279229&CODE_STATE=getMsg HTTP/1.1" 200 27
180.169.147.146 - - [15/Jun/2022:12:44:41 +0800] "GET /xingrg/all/function/internal_message.html?_=1655268278424&CODE_STATE=getMsg HTTP/1.1" 200 27
114.95.43.0 - - [15/Jun/2022:12:44:41 +0800] "GET /xingrg/all/function/internal_message.html?_=1655268191146&CODE_STATE=getMsg HTTP/1.1" 200 27
114.83.219.74 - - [15/Jun/2022:12:44:48 +0800] "GET /xingrg/all/function/internal_message.html?_=1655268286191&CODE_STATE=getMsg HTTP/1.1" 200 27
180.169.147.146 - - [15/Jun/2022:12:44:52 +0800] "GET /xingrg/all/function/internal_message.html?_=1655268290526&CODE_STATE=getMsg HTTP/1.1" 200 27
180.169.147.146 - - [15/Jun/2022:12:44:53 +0800] "GET /xingrg/all/function/internal_message.html?_=1655268291215&CODE_STATE=getMsg HTTP/1.1" 200 27
116.230.110.173 - - [15/Jun/2022:12:44:54 +0800] "GET /xingrg/all/function/internal_message.html?_=1655268293159&CODE_STATE=getMsg HTTP/1.1" 200 27
180.169.147.146 - - [15/Jun/2022:12:44:59 +0800] "GET /xingrg/all/function/internal_message.html?_=1655268297013&CODE_STATE=getMsg HTTP/1.1" 200 27
218.81.223.53 - - [15/Jun/2022:12:45:03 +0800] "GET /xingrg/check_reg.html?_=1655268303789 HTTP/1.1" 200 22
218.81.223.53 - - [15/Jun/2022:12:45:04 +0800] "GET /xingrg/all/function/internal_message.html?_=1655268304856&CODE_STATE=getMsg HTTP/1.1" 200 27
180.169.147.146 - - [15/Jun/2022:12:45:07 +0800] "GET /xingrg/all/function/internal_message.html?_=1655268305953&CODE_STATE=getMsg HTTP/1.1" 200 27
222.69.144.95 - - [15/Jun/2022:12:45:13 +0800] "GET /xingrg/all/function/internal_message.html?_=1655268342187&CODE_STATE=getMsg HTTP/1.1" 200 27
222.69.144.95 - - [15/Jun/2022:12:45:13 +0800] "GET /xingrg/check_reg.html?_=1655268342190 HTTP/1.1" 200 22
114.84.82.172 - - [15/Jun/2022:12:45:19 +0800] "GET /xingrg/all/function/internal_message.html?_=1655268315842&CODE_STATE=getMsg HTTP/1.1" 200 27
101.85.120.86 - - [15/Jun/2022:12:45:26 +0800] "GET /xingrg/all/function/internal_message.html?_=1655268321138&CODE_STATE=getMsg HTTP/1.1" 200 27
58.35.194.53 - - [15/Jun/2022:12:45:26 +0800] "GET /xingrg/all/function/internal_message.html?_=1655268325148&CODE_STATE=getMsg HTTP/1.1" 200 27
114.95.43.0 - - [15/Jun/2022:12:45:27 +0800] "GET /xingrg/all/function/internal_message.html?_=1655268327734&CODE_STATE=getMsg HTTP/1.1" 200 27
120.253.135.82 - - [15/Jun/2022:12:45:30 +0800] "GET /xingrg/all/function/internal_message.html?_=1655268476463&CODE_STATE=getMsg HTTP/1.1" 200 27
114.86.224.123 - - [15/Jun/2022:12:45:30 +0800] "GET /xingrg/all/function/internal_message.html?_=1655268333641&CODE_STATE=getMsg HTTP/1.1" 200 27
114.88.162.248 - - [15/Jun/2022:12:45:34 +0800] "GET /xingrg/check_reg.html?_=1655268331314 HTTP/1.1" 200 22
114.88.162.248 - - [15/Jun/2022:12:45:34 +0800] "GET /xingrg/all/function/internal_message.html?_=1655268331316&CODE_STATE=getMsg HTTP/1.1" 200 27
124.78.155.52 - - [15/Jun/2022:12:45:39 +0800] "GET /xingrg/all/function/internal_message.html?_=1655268339198&CODE_STATE=getMsg HTTP/1.1" 200 27
180.169.147.146 - - [15/Jun/2022:12:45:41 +0800] "GET /xingrg/all/function/internal_message.html?_=1655268338431&CODE_STATE=getMsg HTTP/1.1" 200 27
114.95.43.0 - - [15/Jun/2022:12:45:41 +0800] "GET /xingrg/all/function/internal_message.html?_=1655268251145&CODE_STATE=getMsg HTTP/1.1" 200 27
114.83.219.74 - - [15/Jun/2022:12:45:48 +0800] "GET /xingrg/all/function/internal_message.html?_=1655268346171&CODE_STATE=getMsg HTTP/1.1" 200 27
180.169.147.146 - - [15/Jun/2022:12:45:52 +0800] "GET /xingrg/all/function/internal_message.html?_=1655268350521&CODE_STATE=getMsg HTTP/1.1" 200 27
180.169.147.146 - - [15/Jun/2022:12:45:53 +0800] "GET /xingrg/all/function/internal_message.html?_=1655268351220&CODE_STATE=getMsg HTTP/1.1" 200 27
116.230.110.173 - - [15/Jun/2022:12:45:54 +0800] "GET /xingrg/all/function/internal_message.html?_=1655268353156&CODE_STATE=getMsg HTTP/1.1" 200 27
180.169.147.146 - - [15/Jun/2022:12:45:59 +0800] "GET /xingrg/all/function/internal_message.html?_=1655268357004&CODE_STATE=getMsg HTTP/1.1" 200 27
218.81.223.53 - - [15/Jun/2022:12:46:04 +0800] "GET /xingrg/all/function/internal_message.html?_=1655268364869&CODE_STATE=getMsg HTTP/1.1" 200 27
180.169.147.146 - - [15/Jun/2022:12:46:07 +0800] "GET /xingrg/all/function/internal_message.html?_=1655268365948&CODE_STATE=getMsg HTTP/1.1" 200 27
222.69.144.95 - - [15/Jun/2022:12:46:13 +0800] "GET /xingrg/all/function/internal_message.html?_=1655268402179&CODE_STATE=getMsg HTTP/1.1" 200 27
114.84.147.169 - - [15/Jun/2022:12:46:14 +0800] "GET /xingrg/check_reg.html?_=1655268091486 HTTP/1.1" 302 -
114.84.82.172 - - [15/Jun/2022:12:46:19 +0800] "GET /xingrg/check_reg.html?_=1655268375841 HTTP/1.1" 200 22
114.84.82.172 - - [15/Jun/2022:12:46:19 +0800] "GET /xingrg/all/function/internal_message.html?_=1655268375842&CODE_STATE=getMsg HTTP/1.1" 200 27
101.85.120.86 - - [15/Jun/2022:12:46:25 +0800] "GET /xingrg/all/function/internal_message.html?_=1655268381137&CODE_STATE=getMsg HTTP/1.1" 200 27
