58.39.61.91 - - [10/Jun/2022:10:18:13 +0800] "GET /xingrg/javascript/jquery_easy_ui/themes/icons/storage_new.png HTTP/1.1" 304 -
58.39.61.91 - - [10/Jun/2022:10:18:13 +0800] "GET /xingrg/javascript/jquery_easy_ui/themes/default/images/tree_folder.gif HTTP/1.1" 304 -
58.39.61.91 - - [10/Jun/2022:10:18:13 +0800] "GET /xingrg/javascript/jquery_easy_ui/themes/icons/forms_new.png HTTP/1.1" 304 -
58.39.61.91 - - [10/Jun/2022:10:18:13 +0800] "GET /xingrg/javascript/jquery_easy_ui/themes/default/images/tree_file.gif HTTP/1.1" 304 -
58.39.61.91 - - [10/Jun/2022:10:18:14 +0800] "GET /xingrg/javascript/jquery_easy_ui/themes/default/images/tabs_active.png HTTP/1.1" 304 -
58.39.61.91 - - [10/Jun/2022:10:18:14 +0800] "GET /xingrg/javascript/jquery_easy_ui/themes/default/images/tabs_active.png HTTP/1.1" 304 -
180.169.147.146 - - [10/Jun/2022:10:18:16 +0800] "GET /xingrg/all/function/internal_message.html?_=1654827492168&CODE_STATE=getMsg HTTP/1.1" 200 27
58.39.61.91 - - [10/Jun/2022:10:18:17 +0800] "GET /xingrg/javascript/jquery_easy_ui/themes/icons/area.png HTTP/1.1" 304 -
58.39.61.91 - - [10/Jun/2022:10:18:17 +0800] "GET /xingrg/javascript/jquery_easy_ui/themes/icons/rest.png HTTP/1.1" 304 -
58.39.61.91 - - [10/Jun/2022:10:18:17 +0800] "GET /xingrg/javascript/jquery_easy_ui/themes/default/images/button_a_bg.gif HTTP/1.1" 304 -
58.39.61.91 - - [10/Jun/2022:10:18:17 +0800] "GET /xingrg/javascript/jquery_easy_ui/themes/default/images/button_span_bg.gif HTTP/1.1" 304 -
58.39.61.91 - - [10/Jun/2022:10:18:17 +0800] "GET /xingrg/javascript/jquery_easy_ui/themes/icons/ok.png HTTP/1.1" 304 -
58.39.61.91 - - [10/Jun/2022:10:18:17 +0800] "GET /xingrg/javascript/jquery_easy_ui/themes/default/images/panel_tools.gif HTTP/1.1" 304 -
58.39.61.91 - - [10/Jun/2022:10:18:17 +0800] "GET /xingrg/javascript/jquery_easy_ui/themes/default/images/panel_title.png HTTP/1.1" 304 -
58.39.61.91 - - [10/Jun/2022:10:18:18 +0800] "GET /xingrg/kc/buy/cgsh_order_operate.html?command=get_materiel&rest_code=00150&code=00101008144&supplier_code=00100007&order_time=2022-06-10 HTTP/1.1" 200 412
58.39.61.91 - - [10/Jun/2022:10:18:19 +0800] "GET /xingrg/images/control/ajaxLoader.gif HTTP/1.1" 304 -
58.39.61.91 - - [10/Jun/2022:10:18:19 +0800] "POST /xingrg/all/user/operate.html HTTP/1.1" 200 36
58.39.61.91 - - [10/Jun/2022:10:18:19 +0800] "GET /xingrg/index.html?sysBaseUrl=http%3A%2F%2F180.169.147.146%3A18081%2Fxingrg%2F&costTime=1143×tamp=1654827492781 HTTP/1.1" 200 17177
58.39.61.91 - - [10/Jun/2022:10:18:19 +0800] "GET /xingrg/javascript/jquery_easy_ui/themes/default/easyui.css HTTP/1.1" 304 -
58.39.61.91 - - [10/Jun/2022:10:18:19 +0800] "GET /xingrg/javascript/jquery_easy_ui/themes/icon.css HTTP/1.1" 304 -
58.39.61.91 - - [10/Jun/2022:10:18:19 +0800] "GET /xingrg/css/form.css HTTP/1.1" 304 -
58.39.61.91 - - [10/Jun/2022:10:18:19 +0800] "GET /xingrg/javascript/jquery-1.4.2.min.js HTTP/1.1" 304 -
58.39.61.91 - - [10/Jun/2022:10:18:20 +0800] "GET /xingrg/javascript/jquery_easy_ui/jquery.easyui.min.js HTTP/1.1" 304 -
58.39.61.91 - - [10/Jun/2022:10:18:20 +0800] "GET /xingrg/javascript/jquery_easy_ui/easyui-lang-zh_CN.js HTTP/1.1" 304 -
58.39.61.91 - - [10/Jun/2022:10:18:20 +0800] "GET /xingrg/javascript/jquery.form.js HTTP/1.1" 304 -
58.39.61.91 - - [10/Jun/2022:10:18:20 +0800] "GET /xingrg/javascript/jquery.utils.js HTTP/1.1" 304 -
58.39.61.91 - - [10/Jun/2022:10:18:20 +0800] "GET /xingrg/javascript/jquery.timers.js HTTP/1.1" 304 -
58.39.61.91 - - [10/Jun/2022:10:18:20 +0800] "GET /xingrg/images/blue/jxLogo.png HTTP/1.1" 304 -
58.39.61.91 - - [10/Jun/2022:10:18:20 +0800] "GET /xingrg/images/blue/navBackgound.jpg HTTP/1.1" 304 -
58.39.61.91 - - [10/Jun/2022:10:18:20 +0800] "GET /xingrg/javascript/jquery_easy_ui/themes/icons/settle_new.png HTTP/1.1" 304 -
58.39.61.91 - - [10/Jun/2022:10:18:20 +0800] "GET /xingrg/images/blue/pingpu.png HTTP/1.1" 304 -
58.39.61.91 - - [10/Jun/2022:10:18:20 +0800] "GET /xingrg/javascript/jquery_easy_ui/themes/default/images/tabs_leftarrow.png HTTP/1.1" 304 -
58.39.61.91 - - [10/Jun/2022:10:18:20 +0800] "GET /xingrg/javascript/jquery_easy_ui/themes/default/images/tabs_rightarrow.png HTTP/1.1" 304 -
58.39.61.91 - - [10/Jun/2022:10:18:20 +0800] "GET /xingrg/javascript/jquery_easy_ui/themes/default/images/panel_tool_collapse.gif HTTP/1.1" 304 -
58.39.61.91 - - [10/Jun/2022:10:18:20 +0800] "GET /xingrg/all/function/internal_message.html?_=1654827446024&CODE_STATE=count HTTP/1.1" 200 11
58.39.61.91 - - [10/Jun/2022:10:18:20 +0800] "GET /xingrg/check_reg.html?_=1654827446025 HTTP/1.1" 200 22
58.39.61.91 - - [10/Jun/2022:10:18:20 +0800] "POST /xingrg/all/common/load_tree.html?tree=area_rest_tree_json&manage=1 HTTP/1.1" 200 476
58.39.61.91 - - [10/Jun/2022:10:18:20 +0800] "POST /xingrg/load_menu.html HTTP/1.1" 200 5138
58.39.61.91 - - [10/Jun/2022:10:18:22 +0800] "GET /xingrg/javascript/jquery_easy_ui/themes/default/images/tabs_close.gif HTTP/1.1" 304 -
58.39.61.91 - - [10/Jun/2022:10:18:23 +0800] "GET /xingrg/javascript/jquery_easy_ui/themes/default/images/tabs_active.png HTTP/1.1" 304 -
58.39.61.91 - - [10/Jun/2022:10:18:23 +0800] "GET /xingrg/css/base.css HTTP/1.1" 304 -
58.39.61.91 - - [10/Jun/2022:10:18:23 +0800] "GET /xingrg/css/site.css HTTP/1.1" 304 -
58.39.61.91 - - [10/Jun/2022:10:18:23 +0800] "GET /xingrg/javascript/jquery_tools/datebox.css HTTP/1.1" 304 -
58.39.61.91 - - [10/Jun/2022:10:18:23 +0800] "GET /xingrg/javascript/jquery_tools/jquery.tools.extend.js HTTP/1.1" 304 -
58.39.61.91 - - [10/Jun/2022:10:18:23 +0800] "GET /xingrg/javascript/jquery_tools/jquery.tools.hotkey.js HTTP/1.1" 304 -
58.39.61.91 - - [10/Jun/2022:10:18:23 +0800] "GET /xingrg/javascript/jquery_tools/jquery.tools.table.js HTTP/1.1" 304 -
58.39.61.91 - - [10/Jun/2022:10:18:23 +0800] "GET /xingrg/javascript/auto/jquery.autocomplete.js HTTP/1.1" 304 -
58.39.61.91 - - [10/Jun/2022:10:18:23 +0800] "GET /xingrg/javascript/jquery_tools/list_manager.js HTTP/1.1" 304 -
58.39.61.91 - - [10/Jun/2022:10:18:23 +0800] "GET /xingrg/javascript/easyui/easyloader.js HTTP/1.1" 304 -
58.39.61.91 - - [10/Jun/2022:10:18:23 +0800] "GET /xingrg/javascript/jquery.cookie.js HTTP/1.1" 304 -
58.39.61.91 - - [10/Jun/2022:10:18:23 +0800] "GET /xingrg/kc/buy/cgsh_order_list.html HTTP/1.1" 200 51795
58.39.61.91 - - [10/Jun/2022:10:18:23 +0800] "GET /xingrg/javascript/print/LodopFuncs.js HTTP/1.1" 304 -
58.39.61.91 - - [10/Jun/2022:10:18:23 +0800] "GET /xingrg/javascript/jquery_tools/table.css HTTP/1.1" 304 -
58.39.61.91 - - [10/Jun/2022:10:18:23 +0800] "GET /xingrg/javascript/auto/jquery.autocomplete.css HTTP/1.1" 304 -
58.39.61.91 - - [10/Jun/2022:10:18:23 +0800] "GET /xingrg/javascript/jquery_tools/fix.css HTTP/1.1" 304 -
58.39.61.91 - - [10/Jun/2022:10:18:23 +0800] "GET /xingrg/javascript/easyui/themes/icon.css HTTP/1.1" 304 -
58.39.61.91 - - [10/Jun/2022:10:18:23 +0800] "GET /xingrg/javascript/jquery_tools/jquery.tools.min.js HTTP/1.1" 304 -
58.39.61.91 - - [10/Jun/2022:10:18:23 +0800] "GET /xingrg/javascript/easyui/themes/default/easyui.css HTTP/1.1" 304 -
58.39.61.91 - - [10/Jun/2022:10:18:24 +0800] "GET /xingrg/javascript/easyui/themes/icons/edit_add_new.png HTTP/1.1" 304 -
58.39.61.91 - - [10/Jun/2022:10:18:24 +0800] "GET /xingrg/javascript/easyui/themes/icons/cance_new.png HTTP/1.1" 304 -
58.39.61.91 - - [10/Jun/2022:10:18:24 +0800] "GET /xingrg/javascript/easyui/themes/icons/field_new.png HTTP/1.1" 304 -
58.39.61.91 - - [10/Jun/2022:10:18:24 +0800] "GET /xingrg/javascript/easyui/themes/icons/check_new.png HTTP/1.1" 304 -
58.39.61.91 - - [10/Jun/2022:10:18:24 +0800] "GET /xingrg/javascript/easyui/themes/icons/import_new.png HTTP/1.1" 304 -
58.39.61.91 - - [10/Jun/2022:10:18:24 +0800] "GET /xingrg/javascript/easyui/plugins/jquery.parser.js HTTP/1.1" 304 -
58.39.61.91 - - [10/Jun/2022:10:18:25 +0800] "GET /xingrg/kc/buy/cgsh_order_operate.html?command=get_materiel&rest_code=00150&code=00101008264&supplier_code=00100007&order_time=2022-06-10 HTTP/1.1" 200 412
101.85.120.86 - - [10/Jun/2022:10:18:26 +0800] "GET /xingrg/all/function/internal_message.html?_=1654827502721&CODE_STATE=getMsg HTTP/1.1" 200 27
180.169.147.146 - - [10/Jun/2022:10:18:26 +0800] "GET /xingrg/all/function/internal_message.html?_=1654827503069&CODE_STATE=getMsg HTTP/1.1" 200 27
218.81.223.53 - - [10/Jun/2022:10:18:26 +0800] "GET /xingrg/check_reg.html?_=1654827521151 HTTP/1.1" 200 22
58.39.61.91 - - [10/Jun/2022:10:18:27 +0800] "POST /xingrg/kc/buy/cgsh_list_operate.html HTTP/1.1" 200 2086
58.39.61.91 - - [10/Jun/2022:10:18:27 +0800] "GET /xingrg/javascript/easyui/themes/default/images/button_plain_hover.png HTTP/1.1" 304 -
180.156.212.250 - - [10/Jun/2022:10:18:27 +0800] "GET /xingrg/kc/base/yddb_order_list.html HTTP/1.1" 302 -
180.156.212.250 - - [10/Jun/2022:10:18:28 +0800] "GET /xingrg/login.html HTTP/1.1" 200 7641
180.156.212.250 - - [10/Jun/2022:10:18:28 +0800] "GET /xingrg/login.html HTTP/1.1" 200 7641
58.39.61.91 - - [10/Jun/2022:10:18:28 +0800] "GET /xingrg/javascript/pic_change.js HTTP/1.1" 304 -
58.39.61.91 - - [10/Jun/2022:10:18:28 +0800] "GET /xingrg/javascript/jquery_tools/order_manager.js HTTP/1.1" 304 -
58.39.61.91 - - [10/Jun/2022:10:18:28 +0800] "GET /xingrg/javascript/convert.js HTTP/1.1" 304 -
58.39.61.91 - - [10/Jun/2022:10:18:28 +0800] "GET /xingrg/javascript/json2.js HTTP/1.1" 304 -
58.39.61.91 - - [10/Jun/2022:10:18:28 +0800] "GET /xingrg/javascript/print/kc_print.js HTTP/1.1" 304 -
58.39.61.91 - - [10/Jun/2022:10:18:28 +0800] "GET /xingrg/kc/buy/cgsh_order_add.html HTTP/1.1" 200 67183
58.39.61.91 - - [10/Jun/2022:10:18:28 +0800] "GET /xingrg/words/20220608175540_words.js HTTP/1.1" 304 -
58.39.61.91 - - [10/Jun/2022:10:18:28 +0800] "GET /xingrg/javascript/easyui/themes/icons/copy_new.png HTTP/1.1" 304 -
58.39.61.91 - - [10/Jun/2022:10:18:28 +0800] "GET /xingrg/javascript/easyui/themes/icons/template_new.png HTTP/1.1" 304 -
58.39.61.91 - - [10/Jun/2022:10:18:28 +0800] "GET /xingrg/javascript/easyui/themes/icons/ok.png HTTP/1.1" 304 -
58.39.61.91 - - [10/Jun/2022:10:18:28 +0800] "GET /xingrg/javascript/easyui/themes/default/images/menu_downarrow.png HTTP/1.1" 304 -
58.39.61.91 - - [10/Jun/2022:10:18:28 +0800] "GET /xingrg/javascript/easyui/themes/icons/print.png HTTP/1.1" 304 -
58.39.61.91 - - [10/Jun/2022:10:18:28 +0800] "GET /xingrg/javascript/easyui/themes/icons/cancel.png HTTP/1.1" 304 -
58.39.61.91 - - [10/Jun/2022:10:18:28 +0800] "POST /xingrg/kc/buy/cgsh_order_operate.html HTTP/1.1" 200 8245
58.39.61.91 - - [10/Jun/2022:10:18:28 +0800] "GET /xingrg/javascript/easyui/themes/icons/edit_remove.png HTTP/1.1" 304 -
58.39.61.91 - - [10/Jun/2022:10:18:28 +0800] "GET /xingrg/all/common/auto_word.html?type=employee&rest_code=00151 HTTP/1.1" 200 293
58.39.61.91 - - [10/Jun/2022:10:18:28 +0800] "GET /xingrg/javascript/easyui/themes/default/validatebox.css HTTP/1.1" 404 1104
58.39.61.91 - - [10/Jun/2022:10:18:28 +0800] "GET /xingrg/javascript/easyui/plugins/jquery.validatebox.js HTTP/1.1" 304 -
58.39.61.91 - - [10/Jun/2022:10:18:28 +0800] "GET /xingrg/javascript/easyui/plugins/jquery.numberbox.js HTTP/1.1" 304 -
58.39.61.91 - - [10/Jun/2022:10:18:29 +0800] "GET /xingrg/all/common/auto_word.html?type=employee&rest_code=00151 HTTP/1.1" 200 293
218.81.223.53 - - [10/Jun/2022:10:18:29 +0800] "GET /xingrg/all/function/internal_message.html?_=1654827523416&CODE_STATE=getMsg HTTP/1.1" 200 27
180.156.212.250 - - [10/Jun/2022:10:18:31 +0800] "GET /xingrg/images/blue/jxLogo.png HTTP/1.1" 304 -
180.156.212.250 - - [10/Jun/2022:10:18:31 +0800] "GET /xingrg/images/blue/login_bg.png HTTP/1.1" 304 -
180.156.212.250 - - [10/Jun/2022:10:18:31 +0800] "GET /xingrg/images/blue/hj.png HTTP/1.1" 304 -
180.156.212.250 - - [10/Jun/2022:10:18:31 +0800] "GET /xingrg/images/blue/srbg.png HTTP/1.1" 304 -
180.156.212.250 - - [10/Jun/2022:10:18:31 +0800] "GET /favicon.ico HTTP/1.1" 404 -
58.39.61.91 - - [10/Jun/2022:10:18:32 +0800] "GET /xingrg/kc/buy/cgsh_order_operate.html?command=get_materiel&rest_code=00150&code=00101008356&supplier_code=00100007&order_time=2022-06-10 HTTP/1.1" 200 408
180.175.103.167 - - [10/Jun/2022:10:18:34 +0800] "GET /xingrg/all/function/internal_message.html?_=1654827513562&CODE_STATE=getMsg HTTP/1.1" 200 27
58.39.61.91 - - [10/Jun/2022:10:18:35 +0800] "GET /xingrg/javascript/auto/indicator.gif HTTP/1.1" 404 1066
180.156.212.250 - - [10/Jun/2022:10:18:35 +0800] "GET /favicon.ico HTTP/1.1" 404 -
180.156.212.250 - - [10/Jun/2022:10:18:35 +0800] "GET /favicon.ico HTTP/1.1" 404 -
180.156.212.250 - - [10/Jun/2022:10:18:36 +0800] "GET /favicon.ico HTTP/1.1" 404 -
180.156.212.250 - - [10/Jun/2022:10:18:37 +0800] "GET /favicon.ico HTTP/1.1" 404 -
116.228.172.94 - - [10/Jun/2022:10:18:39 +0800] "GET /xingrg/all/function/internal_message.html?_=1654827399005&CODE_STATE=getMsg HTTP/1.1" 200 27
58.39.61.91 - - [10/Jun/2022:10:18:39 +0800] "GET /xingrg/kc/buy/cgsh_order_operate.html?command=get_materiel&rest_code=00150&code=00101008077&supplier_code=00100007&order_time=2022-06-10 HTTP/1.1" 200 416
180.169.147.146 - - [10/Jun/2022:10:18:41 +0800] "GET /xingrg/all/function/internal_message.html?_=1654827522449&CODE_STATE=getMsg HTTP/1.1" 200 27
58.39.61.91 - - [10/Jun/2022:10:18:46 +0800] "GET /xingrg/kc/buy/cgsh_order_operate.html?command=get_materiel&rest_code=00150&code=00101008079&supplier_code=00100007&order_time=2022-06-10 HTTP/1.1" 200 417
58.39.61.91 - - [10/Jun/2022:10:18:47 +0800] "GET /xingrg/kc/buy/cgsh_order_operate.html?command=get_materiel&rest_code=00151&code=00101012039&supplier_code=00100007&order_time=2022-06-10 HTTP/1.1" 200 408
116.230.110.173 - - [10/Jun/2022:10:18:48 +0800] "GET /xingrg/all/function/internal_message.html?_=1654827521518&CODE_STATE=getMsg HTTP/1.1" 302 -
58.39.61.91 - - [10/Jun/2022:10:18:52 +0800] "GET /xingrg/all/function/internal_message.html?_=1654827526859&CODE_STATE=getMsg HTTP/1.1" 200 27
58.39.61.91 - - [10/Jun/2022:10:18:54 +0800] "GET /xingrg/kc/buy/cgsh_order_operate.html?command=get_materiel&rest_code=00150&code=00101008069&supplier_code=00100007&order_time=2022-06-10 HTTP/1.1" 200 413
58.39.61.91 - - [10/Jun/2022:10:18:56 +0800] "GET /xingrg/kc/buy/cgsh_order_operate.html?command=get_materiel&rest_code=00151&code=00101016038&supplier_code=00100007&order_time=2022-06-10 HTTP/1.1" 200 408
101.85.54.219 - - [10/Jun/2022:10:18:57 +0800] "GET /xingrg/all/function/internal_message.html?_=1654827534386&CODE_STATE=getMsg HTTP/1.1" 200 27
101.85.54.219 - - [10/Jun/2022:10:18:57 +0800] "GET /xingrg/check_reg.html?_=1654827534405 HTTP/1.1" 200 22
120.253.135.82 - - [10/Jun/2022:10:18:58 +0800] "GET /xingrg/all/function/internal_message.html?_=1654827680977&CODE_STATE=getMsg HTTP/1.1" 200 27
180.175.103.167 - - [10/Jun/2022:10:18:59 +0800] "GET /xingrg/all/function/internal_message.html?_=1654827450619&CODE_STATE=getMsg HTTP/1.1" 200 27
58.40.7.146 - - [10/Jun/2022:10:18:59 +0800] "GET /xingrg/all/function/internal_message.html?_=1654827536425&CODE_STATE=getMsg HTTP/1.1" 200 27
58.39.61.91 - - [10/Jun/2022:10:19:00 +0800] "GET /xingrg/kc/buy/cgsh_order_operate.html?command=get_materiel&rest_code=00150&code=00101008286&supplier_code=00100007&order_time=2022-06-10 HTTP/1.1" 200 408
58.39.61.91 - - [10/Jun/2022:10:19:03 +0800] "GET /xingrg/kc/buy/cgsh_order_operate.html?command=get_materiel&rest_code=00151&code=00101008323&supplier_code=00100007&order_time=2022-06-10 HTTP/1.1" 200 408
180.169.147.146 - - [10/Jun/2022:10:19:09 +0800] "GET /xingrg/check_reg.html?_=1654827541059 HTTP/1.1" 200 22
180.169.147.146 - - [10/Jun/2022:10:19:09 +0800] "GET /xingrg/all/function/internal_message.html?_=1654827541061&CODE_STATE=getMsg HTTP/1.1" 200 27
58.39.61.91 - - [10/Jun/2022:10:19:10 +0800] "GET /xingrg/kc/buy/cgsh_order_operate.html?command=get_materiel&rest_code=00150&code=00101008296&supplier_code=00100007&order_time=2022-06-10 HTTP/1.1" 200 416
58.39.61.91 - - [10/Jun/2022:10:19:12 +0800] "GET /xingrg/kc/buy/cgsh_order_operate.html?command=get_materiel&rest_code=00151&code=00101008354&supplier_code=00100007&order_time=2022-06-10 HTTP/1.1" 200 412
180.169.147.146 - - [10/Jun/2022:10:19:16 +0800] "GET /xingrg/all/function/internal_message.html?_=1654827552153&CODE_STATE=getMsg HTTP/1.1" 200 27
180.169.147.146 - - [10/Jun/2022:10:19:17 +0800] "POST /xingrg/kc/base/wldb_list_operate.html HTTP/1.1" 200 6222
180.175.103.167 - - [10/Jun/2022:10:19:17 +0800] "GET /xingrg/check_reg.html?_=1654827468936 HTTP/1.1" 200 22
58.39.61.91 - - [10/Jun/2022:10:19:20 +0800] "GET /xingrg/all/function/internal_message.html?_=1654827506033&CODE_STATE=getMsg HTTP/1.1" 200 27
58.39.61.91 - - [10/Jun/2022:10:19:21 +0800] "GET /xingrg/kc/buy/cgsh_order_operate.html?command=get_materiel&rest_code=00151&code=00101008095&supplier_code=00100007&order_time=2022-06-10 HTTP/1.1" 200 413
58.39.61.91 - - [10/Jun/2022:10:19:25 +0800] "GET /xingrg/kc/buy/cgsh_order_operate.html?command=get_materiel&rest_code=00150&code=00101008371&supplier_code=00100007&order_time=2022-06-10 HTTP/1.1" 200 412
101.85.120.86 - - [10/Jun/2022:10:19:26 +0800] "GET /xingrg/all/function/internal_message.html?_=1654827562716&CODE_STATE=getMsg HTTP/1.1" 200 27
180.169.147.146 - - [10/Jun/2022:10:19:26 +0800] "GET /xingrg/all/function/internal_message.html?_=1654827563085&CODE_STATE=getMsg HTTP/1.1" 200 27
58.39.61.91 - - [10/Jun/2022:10:19:27 +0800] "GET /xingrg/kc/buy/cgsh_order_operate.html?command=get_materiel&rest_code=00151&code=00101008110&supplier_code=00100007&order_time=2022-06-10 HTTP/1.1" 200 408
218.81.223.53 - - [10/Jun/2022:10:19:29 +0800] "GET /xingrg/all/function/internal_message.html?_=1654827583429&CODE_STATE=getMsg HTTP/1.1" 200 27
58.39.61.91 - - [10/Jun/2022:10:19:32 +0800] "GET /xingrg/kc/buy/cgsh_order_operate.html?command=get_materiel&rest_code=00150&code=00101008005&supplier_code=00100007&order_time=2022-06-10 HTTP/1.1" 200 412
58.39.61.91 - - [10/Jun/2022:10:19:34 +0800] "GET /xingrg/kc/buy/cgsh_order_operate.html?command=get_materiel&rest_code=00151&code=00101008150&supplier_code=00100007&order_time=2022-06-10 HTTP/1.1" 200 409
180.175.103.167 - - [10/Jun/2022:10:19:34 +0800] "GET /xingrg/all/function/internal_message.html?_=1654827573539&CODE_STATE=getMsg HTTP/1.1" 200 27
116.228.172.94 - - [10/Jun/2022:10:19:39 +0800] "GET /xingrg/all/function/internal_message.html?_=1654827459006&CODE_STATE=getMsg HTTP/1.1" 200 27
58.39.61.91 - - [10/Jun/2022:10:19:39 +0800] "GET /xingrg/kc/buy/cgsh_order_operate.html?command=get_materiel&rest_code=00150&code=00101008353&supplier_code=00100007&order_time=2022-06-10 HTTP/1.1" 200 408
180.169.147.146 - - [10/Jun/2022:10:19:41 +0800] "GET /xingrg/all/function/internal_message.html?_=1654827582446&CODE_STATE=getMsg HTTP/1.1" 200 27
58.39.61.91 - - [10/Jun/2022:10:19:43 +0800] "GET /xingrg/kc/buy/cgsh_order_operate.html?command=get_materiel&rest_code=00151&code=00101008115&supplier_code=00100007&order_time=2022-06-10 HTTP/1.1" 200 412
116.230.110.173 - - [10/Jun/2022:10:19:48 +0800] "GET /xingrg/all/function/internal_message.html?_=1654827581510&CODE_STATE=getMsg HTTP/1.1" 302 -
58.39.61.91 - - [10/Jun/2022:10:19:49 +0800] "GET /xingrg/kc/buy/cgsh_order_operate.html?command=get_materiel&rest_code=00150&code=00101008095&supplier_code=00100007&order_time=2022-06-10 HTTP/1.1" 200 413
58.39.61.91 - - [10/Jun/2022:10:19:52 +0800] "GET /xingrg/all/function/internal_message.html?_=1654827586907&CODE_STATE=getMsg HTTP/1.1" 200 27
58.39.61.91 - - [10/Jun/2022:10:19:54 +0800] "GET /xingrg/kc/buy/cgsh_order_operate.html?command=get_materiel&rest_code=00150&code=00101008110&supplier_code=00100007&order_time=2022-06-10 HTTP/1.1" 200 409
58.39.61.91 - - [10/Jun/2022:10:19:55 +0800] "GET /xingrg/kc/buy/cgsh_order_operate.html?command=get_materiel&rest_code=00151&code=00101008088&supplier_code=00100007&order_time=2022-06-10 HTTP/1.1" 200 408
101.85.54.219 - - [10/Jun/2022:10:19:57 +0800] "GET /xingrg/all/function/internal_message.html?_=1654827594402&CODE_STATE=getMsg HTTP/1.1" 200 27
120.253.135.82 - - [10/Jun/2022:10:19:58 +0800] "GET /xingrg/all/function/internal_message.html?_=1654827740996&CODE_STATE=getMsg HTTP/1.1" 200 27
180.175.103.167 - - [10/Jun/2022:10:19:59 +0800] "GET /xingrg/all/function/internal_message.html?_=1654827510592&CODE_STATE=getMsg HTTP/1.1" 200 27
58.40.7.146 - - [10/Jun/2022:10:19:59 +0800] "GET /xingrg/all/function/internal_message.html?_=1654827596427&CODE_STATE=getMsg HTTP/1.1" 200 27
58.39.61.91 - - [10/Jun/2022:10:20:02 +0800] "GET /xingrg/kc/buy/cgsh_order_operate.html?command=get_materiel&rest_code=00151&code=00101016025&supplier_code=00100007&order_time=2022-06-10 HTTP/1.1" 200 408
58.39.61.91 - - [10/Jun/2022:10:20:08 +0800] "GET /xingrg/kc/buy/cgsh_order_operate.html?command=get_materiel&rest_code=00150&code=00101008067&supplier_code=00100007&order_time=2022-06-10 HTTP/1.1" 200 416
58.39.61.91 - - [10/Jun/2022:10:20:09 +0800] "GET /xingrg/kc/buy/cgsh_order_operate.html?command=get_materiel&rest_code=00151&code=00101008137&supplier_code=00100007&order_time=2022-06-10 HTTP/1.1" 200 408
180.169.147.146 - - [10/Jun/2022:10:20:09 +0800] "GET /xingrg/all/function/internal_message.html?_=1654827601053&CODE_STATE=getMsg HTTP/1.1" 200 27
58.39.61.91 - - [10/Jun/2022:10:20:15 +0800] "GET /xingrg/kc/buy/cgsh_order_operate.html?command=get_materiel&rest_code=00150&code=00101008087&supplier_code=00100007&order_time=2022-06-10 HTTP/1.1" 200 412
180.169.147.146 - - [10/Jun/2022:10:20:16 +0800] "GET /xingrg/all/function/internal_message.html?_=1654827612144&CODE_STATE=getMsg HTTP/1.1" 200 27
180.169.147.146 - - [10/Jun/2022:10:20:16 +0800] "GET /xingrg/check_reg.html?_=1654827612698 HTTP/1.1" 200 22
58.39.61.91 - - [10/Jun/2022:10:20:20 +0800] "GET /xingrg/all/function/internal_message.html?_=1654827566046&CODE_STATE=getMsg HTTP/1.1" 200 27
58.39.61.91 - - [10/Jun/2022:10:20:22 +0800] "GET /xingrg/kc/buy/cgsh_order_operate.html?command=get_materiel&rest_code=00151&code=00101006112&supplier_code=00100007&order_time=2022-06-10 HTTP/1.1" 200 409
61.170.234.46 - - [10/Jun/2022:10:20:24 +0800] "POST /xingrg/services/DataTransmitService HTTP/1.1" 200 524
61.170.234.46 - - [10/Jun/2022:10:20:25 +0800] "POST /xingrg/services/DataTransmitService HTTP/1.1" 200 2667
101.85.120.86 - - [10/Jun/2022:10:20:26 +0800] "GET /xingrg/all/function/internal_message.html?_=1654827622716&CODE_STATE=getMsg HTTP/1.1" 200 27
180.169.147.146 - - [10/Jun/2022:10:20:26 +0800] "GET /xingrg/all/function/internal_message.html?_=1654827623082&CODE_STATE=getMsg HTTP/1.1" 200 27
61.170.234.46 - - [10/Jun/2022:10:20:26 +0800] "POST /xingrg/services/DataTransmitService HTTP/1.1" 200 202128
218.81.223.53 - - [10/Jun/2022:10:20:29 +0800] "GET /xingrg/all/function/internal_message.html?_=1654827643443&CODE_STATE=getMsg HTTP/1.1" 200 27
58.39.61.91 - - [10/Jun/2022:10:20:30 +0800] "GET /xingrg/kc/buy/cgsh_order_operate.html?command=get_materiel&rest_code=00151&code=00101006058&supplier_code=00100007&order_time=2022-06-10 HTTP/1.1" 200 413
180.175.103.167 - - [10/Jun/2022:10:20:34 +0800] "GET /xingrg/all/function/internal_message.html?_=1654827633546&CODE_STATE=getMsg HTTP/1.1" 200 27
180.175.103.167 - - [10/Jun/2022:10:20:36 +0800] "GET /xingrg/check_reg.html?_=1654827635264 HTTP/1.1" 200 22
116.228.172.94 - - [10/Jun/2022:10:20:39 +0800] "GET /xingrg/all/function/internal_message.html?_=1654827519008&CODE_STATE=getMsg HTTP/1.1" 200 27
180.169.147.146 - - [10/Jun/2022:10:20:41 +0800] "GET /xingrg/all/function/internal_message.html?_=1654827642444&CODE_STATE=getMsg HTTP/1.1" 200 27
180.169.147.146 - - [10/Jun/2022:10:20:41 +0800] "GET /xingrg/check_reg.html?_=1654827642445 HTTP/1.1" 200 22
120.253.135.82 - - [10/Jun/2022:10:20:46 +0800] "GET /xingrg/check_reg.html?_=1654827788653 HTTP/1.1" 200 22
58.39.61.91 - - [10/Jun/2022:10:20:46 +0800] "GET /xingrg/kc/buy/cgsh_order_operate.html?command=get_materiel&rest_code=00151&code=00101009086&supplier_code=00100007&order_time=2022-06-10 HTTP/1.1" 200 418
116.230.110.173 - - [10/Jun/2022:10:20:48 +0800] "GET /xingrg/all/function/internal_message.html?_=1654827641513&CODE_STATE=getMsg HTTP/1.1" 302 -
58.39.61.91 - - [10/Jun/2022:10:20:52 +0800] "GET /xingrg/all/function/internal_message.html?_=1654827646885&CODE_STATE=getMsg HTTP/1.1" 200 27
101.85.54.219 - - [10/Jun/2022:10:20:57 +0800] "GET /xingrg/all/function/internal_message.html?_=1654827654403&CODE_STATE=getMsg HTTP/1.1" 200 27
180.169.147.146 - - [10/Jun/2022:10:20:58 +0800] "GET /xingrg/kc/buy/buy_main.html HTTP/1.1" 200 12412
180.169.147.146 - - [10/Jun/2022:10:20:58 +0800] "GET /xingrg/css/new_ie.css HTTP/1.1" 404 1036
120.253.135.82 - - [10/Jun/2022:10:20:58 +0800] "GET /xingrg/all/function/internal_message.html?_=1654827801005&CODE_STATE=getMsg HTTP/1.1" 200 27
180.169.147.146 - - [10/Jun/2022:10:20:59 +0800] "GET /xingrg/images/yd/bt.gif HTTP/1.1" 404 1040
180.175.103.167 - - [10/Jun/2022:10:20:59 +0800] "GET /xingrg/all/function/internal_message.html?_=1654827570562&CODE_STATE=getMsg HTTP/1.1" 200 27
58.40.7.146 - - [10/Jun/2022:10:20:59 +0800] "GET /xingrg/all/function/internal_message.html?_=1654827656435&CODE_STATE=getMsg HTTP/1.1" 200 27
180.169.147.146 - - [10/Jun/2022:10:20:59 +0800] "GET /xingrg/kc/buy/cgsh_order_list.html HTTP/1.1" 200 52052
58.39.61.91 - - [10/Jun/2022:10:21:01 +0800] "GET /xingrg/kc/buy/cgsh_order_operate.html?command=get_materiel&rest_code=00151&code=00101009121&supplier_code=00100007&order_time=2022-06-10 HTTP/1.1" 200 425
180.169.147.146 - - [10/Jun/2022:10:21:02 +0800] "POST /xingrg/kc/buy/cgsh_list_operate.html HTTP/1.1" 200 876
180.169.147.146 - - [10/Jun/2022:10:21:09 +0800] "GET /xingrg/all/function/internal_message.html?_=1654827661065&CODE_STATE=getMsg HTTP/1.1" 200 27
58.39.61.91 - - [10/Jun/2022:10:21:10 +0800] "POST /xingrg/kc/buy/cgsh_order_operate.html HTTP/1.1" 200 37
180.169.147.146 - - [10/Jun/2022:10:21:12 +0800] "POST /xingrg/kc/buy/cgsh_list_operate.html HTTP/1.1" 200 5879
58.39.61.91 - - [10/Jun/2022:10:21:12 +0800] "GET /xingrg/kc/buy/cgsh_order_operate.html?command=get_materiel&rest_code=00150&code=00101006130&supplier_code=00100007&order_time=2022-06-10 HTTP/1.1" 200 429
58.39.61.91 - - [10/Jun/2022:10:21:12 +0800] "POST /xingrg/kc/buy/cgsh_order_operate.html HTTP/1.1" 200 10473
180.169.147.146 - - [10/Jun/2022:10:21:14 +0800] "POST /xingrg/kc/buy/cgsh_list_operate.html HTTP/1.1" 200 510
180.169.147.146 - - [10/Jun/2022:10:21:16 +0800] "GET /xingrg/all/function/internal_message.html?_=1654827672120&CODE_STATE=getMsg HTTP/1.1" 200 27
180.169.147.146 - - [10/Jun/2022:10:21:16 +0800] "GET /xingrg/kc/buy/cgsh_order_info.html?code=212022060700695 HTTP/1.1" 200 62695
180.169.147.146 - - [10/Jun/2022:10:21:16 +0800] "GET /xingrg/javascript/easyui/themes/default/validatebox.css HTTP/1.1" 404 1104
180.169.147.146 - - [10/Jun/2022:10:21:17 +0800] "POST /xingrg/kc/buy/cgsh_order_operate.html HTTP/1.1" 200 3008
58.39.61.91 - - [10/Jun/2022:10:21:20 +0800] "GET /xingrg/all/function/internal_message.html?_=1654827626060&CODE_STATE=getMsg HTTP/1.1" 200 27
180.169.147.146 - - [10/Jun/2022:10:21:21 +0800] "POST /xingrg/kc/buy/cgsh_list_operate.html HTTP/1.1" 200 568
180.169.147.146 - - [10/Jun/2022:10:21:23 +0800] "GET /xingrg/kc/buy/cgsh_order_info.html?code=212022060700702 HTTP/1.1" 200 62695
180.169.147.146 - - [10/Jun/2022:10:21:23 +0800] "GET /xingrg/javascript/easyui/themes/default/validatebox.css HTTP/1.1" 404 1104
180.169.147.146 - - [10/Jun/2022:10:21:24 +0800] "POST /xingrg/kc/buy/cgsh_order_operate.html HTTP/1.1" 200 4770
101.85.120.86 - - [10/Jun/2022:10:21:26 +0800] "GET /xingrg/all/function/internal_message.html?_=1654827682712&CODE_STATE=getMsg HTTP/1.1" 200 27
180.169.147.146 - - [10/Jun/2022:10:21:26 +0800] "GET /xingrg/all/function/internal_message.html?_=1654827683081&CODE_STATE=getMsg HTTP/1.1" 200 27
180.169.147.146 - - [10/Jun/2022:10:21:28 +0800] "POST /xingrg/kc/buy/cgsh_list_operate.html HTTP/1.1" 200 5879
218.81.223.53 - - [10/Jun/2022:10:21:29 +0800] "GET /xingrg/all/function/internal_message.html?_=1654827703466&CODE_STATE=getMsg HTTP/1.1" 200 27
180.169.147.146 - - [10/Jun/2022:10:21:29 +0800] "POST /xingrg/kc/buy/cgsh_list_operate.html HTTP/1.1" 200 274
180.169.147.146 - - [10/Jun/2022:10:21:31 +0800] "GET /xingrg/kc/buy/cgsh_order_info.html?code=212022060700696 HTTP/1.1" 200 62695
180.169.147.146 - - [10/Jun/2022:10:21:31 +0800] "GET /xingrg/javascript/easyui/themes/default/validatebox.css HTTP/1.1" 404 1104
180.169.147.146 - - [10/Jun/2022:10:21:32 +0800] "POST /xingrg/kc/buy/cgsh_order_operate.html HTTP/1.1" 200 1208
180.175.103.167 - - [10/Jun/2022:10:21:34 +0800] "GET /xingrg/all/function/internal_message.html?_=1654827693521&CODE_STATE=getMsg HTTP/1.1" 200 27
180.169.147.146 - - [10/Jun/2022:10:21:36 +0800] "POST /xingrg/kc/buy/cgsh_list_operate.html HTTP/1.1" 200 5879
180.169.147.146 - - [10/Jun/2022:10:21:38 +0800] "POST /xingrg/kc/buy/cgsh_list_operate.html HTTP/1.1" 200 199
116.228.172.94 - - [10/Jun/2022:10:21:39 +0800] "GET /xingrg/check_reg.html?_=1654827579003 HTTP/1.1" 200 22
116.228.172.94 - - [10/Jun/2022:10:21:39 +0800] "GET /xingrg/all/function/internal_message.html?_=1654827579012&CODE_STATE=getMsg HTTP/1.1" 200 27
180.169.147.146 - - [10/Jun/2022:10:21:41 +0800] "GET /xingrg/all/function/internal_message.html?_=1654827702444&CODE_STATE=getMsg HTTP/1.1" 200 27
180.169.147.146 - - [10/Jun/2022:10:21:41 +0800] "GET /xingrg/kc/buy/cgsh_order_info.html?code=212022060700697 HTTP/1.1" 200 62695
180.169.147.146 - - [10/Jun/2022:10:21:41 +0800] "GET /xingrg/javascript/easyui/themes/default/validatebox.css HTTP/1.1" 404 1104
58.39.61.91 - - [10/Jun/2022:10:21:46 +0800] "POST /xingrg/kc/buy/cgsh_order_operate.html HTTP/1.1" 200 37
180.169.147.146 - - [10/Jun/2022:10:21:46 +0800] "POST /xingrg/kc/buy/cgsh_order_operate.html HTTP/1.1" 200 611
58.39.61.91 - - [10/Jun/2022:10:21:48 +0800] "POST /xingrg/kc/buy/cgsh_order_operate.html HTTP/1.1" 200 12748
116.230.110.173 - - [10/Jun/2022:10:21:48 +0800] "GET /xingrg/all/function/internal_message.html?_=1654827701515&CODE_STATE=getMsg HTTP/1.1" 302 -
180.169.147.146 - - [10/Jun/2022:10:21:51 +0800] "POST /xingrg/kc/buy/cgsh_list_operate.html HTTP/1.1" 200 5879
58.39.61.91 - - [10/Jun/2022:10:21:52 +0800] "GET /xingrg/check_reg.html?_=1654827706842 HTTP/1.1" 200 22
58.39.61.91 - - [10/Jun/2022:10:21:52 +0800] "GET /xingrg/all/function/internal_message.html?_=1654827706878&CODE_STATE=getMsg HTTP/1.1" 200 27
180.169.147.146 - - [10/Jun/2022:10:21:52 +0800] "POST /xingrg/kc/buy/cgsh_list_operate.html HTTP/1.1" 200 634
180.169.147.146 - - [10/Jun/2022:10:21:52 +0800] "GET /xingrg/login.html HTTP/1.1" 200 7641
180.169.147.146 - - [10/Jun/2022:10:21:52 +0800] "GET /xingrg/images/blue/jxLogo.png HTTP/1.1" 200 6156
180.169.147.146 - - [10/Jun/2022:10:21:52 +0800] "GET /xingrg/images/blue/login_bg.png HTTP/1.1" 200 22101
180.169.147.146 - - [10/Jun/2022:10:21:52 +0800] "GET /xingrg/images/blue/hj.png HTTP/1.1" 200 1014
180.169.147.146 - - [10/Jun/2022:10:21:53 +0800] "GET /favicon.ico HTTP/1.1" 404 -
180.169.147.146 - - [10/Jun/2022:10:21:53 +0800] "GET /xingrg/images/blue/srbg.png HTTP/1.1" 200 138
180.169.147.146 - - [10/Jun/2022:10:21:55 +0800] "GET /xingrg/kc/buy/cgsh_order_info.html?code=212022060700703 HTTP/1.1" 200 62699
180.169.147.146 - - [10/Jun/2022:10:21:55 +0800] "GET /xingrg/javascript/easyui/themes/default/validatebox.css HTTP/1.1" 404 1104
180.169.147.146 - - [10/Jun/2022:10:21:56 +0800] "POST /xingrg/kc/buy/cgsh_order_operate.html HTTP/1.1" 200 3707
180.169.147.146 - - [10/Jun/2022:10:21:57 +0800] "POST /xingrg/login.do HTTP/1.1" 302 -
101.85.54.219 - - [10/Jun/2022:10:21:57 +0800] "GET /xingrg/all/function/internal_message.html?_=1654827714400&CODE_STATE=getMsg HTTP/1.1" 200 27
180.169.147.146 - - [10/Jun/2022:10:21:58 +0800] "POST /xingrg/login.do HTTP/1.1" 302 -
120.253.135.82 - - [10/Jun/2022:10:21:59 +0800] "GET /xingrg/all/function/internal_message.html?_=1654827861017&CODE_STATE=getMsg HTTP/1.1" 200 27
180.175.103.167 - - [10/Jun/2022:10:21:59 +0800] "GET /xingrg/all/function/internal_message.html?_=1654827630547&CODE_STATE=getMsg HTTP/1.1" 200 27
180.169.147.146 - - [10/Jun/2022:10:21:59 +0800] "POST /xingrg/login.do HTTP/1.1" 302 -
58.40.7.146 - - [10/Jun/2022:10:21:59 +0800] "GET /xingrg/all/function/internal_message.html?_=1654827716436&CODE_STATE=getMsg HTTP/1.1" 200 27
58.40.7.146 - - [10/Jun/2022:10:21:59 +0800] "GET /xingrg/check_reg.html?_=1654827716437 HTTP/1.1" 200 22
180.169.147.146 - - [10/Jun/2022:10:21:59 +0800] "GET /xingrg/index.html?sysBaseUrl=http%3A%2F%2F180.169.147.146%3A18081%2Fxingrg%2F&costTime=1541×tamp=1654827719647 HTTP/1.1" 200 17503
180.169.147.146 - - [10/Jun/2022:10:21:59 +0800] "GET /xingrg/css/form.css HTTP/1.1" 200 893
180.169.147.146 - - [10/Jun/2022:10:21:59 +0800] "GET /xingrg/javascript/jquery_easy_ui/jquery.easyui.min.js HTTP/1.1" 200 213662
180.169.147.146 - - [10/Jun/2022:10:21:59 +0800] "GET /xingrg/javascript/jquery_easy_ui/themes/icon.css HTTP/1.1" 200 3949
180.169.147.146 - - [10/Jun/2022:10:21:59 +0800] "GET /xingrg/javascript/jquery.utils.js HTTP/1.1" 200 11805
180.169.147.146 - - [10/Jun/2022:10:21:59 +0800] "GET /xingrg/javascript/jquery_easy_ui/themes/default/easyui.css HTTP/1.1" 200 26500
180.169.147.146 - - [10/Jun/2022:10:21:59 +0800] "GET /xingrg/javascript/jquery.timers.js HTTP/1.1" 200 3532
180.169.147.146 - - [10/Jun/2022:10:21:59 +0800] "GET /xingrg/javascript/jquery-1.4.2.min.js HTTP/1.1" 200 72205
180.169.147.146 - - [10/Jun/2022:10:21:59 +0800] "GET /favicon.ico HTTP/1.1" 404 -
180.169.147.146 - - [10/Jun/2022:10:21:59 +0800] "GET /xingrg/javascript/jquery_easy_ui/easyui-lang-zh_CN.js HTTP/1.1" 200 1900
180.169.147.146 - - [10/Jun/2022:10:21:59 +0800] "GET /xingrg/javascript/jquery.form.js HTTP/1.1" 200 23110
180.169.147.146 - - [10/Jun/2022:10:21:59 +0800] "GET /xingrg/javascript/jquery_easy_ui/themes/icons/settle_new.png HTTP/1.1" 200 826
180.169.147.146 - - [10/Jun/2022:10:21:59 +0800] "GET /xingrg/images/blue/navBackgound.jpg HTTP/1.1" 200 12378
180.169.147.146 - - [10/Jun/2022:10:22:00 +0800] "GET /xingrg/all/function/internal_message.html?_=1654827718025&CODE_STATE=count HTTP/1.1" 200 11
180.169.147.146 - - [10/Jun/2022:10:22:00 +0800] "GET /xingrg/check_reg.html?_=1654827718025 HTTP/1.1" 200 22
180.169.147.146 - - [10/Jun/2022:10:22:00 +0800] "GET /xingrg/images/blue/pingpu.png HTTP/1.1" 200 231
180.169.147.146 - - [10/Jun/2022:10:22:00 +0800] "GET /xingrg/javascript/jquery_easy_ui/themes/default/images/tabs_leftarrow.png HTTP/1.1" 200 389
180.169.147.146 - - [10/Jun/2022:10:22:00 +0800] "GET /xingrg/javascript/jquery_easy_ui/themes/default/images/tabs_rightarrow.png HTTP/1.1" 200 395
180.169.147.146 - - [10/Jun/2022:10:22:00 +0800] "GET /xingrg/javascript/jquery_easy_ui/themes/default/images/panel_tool_expand.gif HTTP/1.1" 200 247
180.169.147.146 - - [10/Jun/2022:10:22:00 +0800] "GET /xingrg/javascript/jquery_easy_ui/themes/default/images/panel_tool_collapse.gif HTTP/1.1" 200 246
180.169.147.146 - - [10/Jun/2022:10:22:00 +0800] "POST /xingrg/load_menu.html HTTP/1.1" 200 11443
180.169.147.146 - - [10/Jun/2022:10:22:00 +0800] "POST /xingrg/all/common/load_tree.html?tree=area_rest_tree_json&manage=1 HTTP/1.1" 200 3472
180.169.147.146 - - [10/Jun/2022:10:22:00 +0800] "GET /xingrg/javascript/jquery_easy_ui/themes/default/images/tree_arrows.gif HTTP/1.1" 200 1043
180.169.147.146 - - [10/Jun/2022:10:22:00 +0800] "GET /xingrg/javascript/jquery_easy_ui/themes/default/images/tree_folder_open.gif HTTP/1.1" 200 956
180.169.147.146 - - [10/Jun/2022:10:22:00 +0800] "GET /xingrg/javascript/jquery_easy_ui/themes/icons/search_new.png HTTP/1.1" 200 586
180.169.147.146 - - [10/Jun/2022:10:22:00 +0800] "GET /xingrg/javascript/jquery_easy_ui/themes/icons/delivery_new.png HTTP/1.1" 200 700
180.169.147.146 - - [10/Jun/2022:10:22:00 +0800] "GET /xingrg/javascript/jquery_easy_ui/themes/icons/storage_new.png HTTP/1.1" 200 853
180.169.147.146 - - [10/Jun/2022:10:22:00 +0800] "GET /xingrg/javascript/jquery_easy_ui/themes/icons/checkout_new.png HTTP/1.1" 200 744
180.169.147.146 - - [10/Jun/2022:10:22:00 +0800] "GET /xingrg/javascript/jquery_easy_ui/themes/icons/forms_new.png HTTP/1.1" 200 350
180.169.147.146 - - [10/Jun/2022:10:22:00 +0800] "GET /xingrg/javascript/jquery_easy_ui/themes/icons/setting_new.png HTTP/1.1" 200 450
180.169.147.146 - - [10/Jun/2022:10:22:00 +0800] "GET /xingrg/javascript/jquery_easy_ui/themes/icons/systemset_new.png HTTP/1.1" 200 606
180.169.147.146 - - [10/Jun/2022:10:22:00 +0800] "GET /xingrg/javascript/jquery_easy_ui/themes/default/images/tree_file.gif HTTP/1.1" 200 118
180.169.147.146 - - [10/Jun/2022:10:22:00 +0800] "GET /xingrg/javascript/jquery_easy_ui/themes/default/images/tree_folder.gif HTTP/1.1" 200 952
180.169.147.146 - - [10/Jun/2022:10:22:00 +0800] "POST /xingrg/kc/buy/cgsh_list_operate.html HTTP/1.1" 200 5879
180.169.147.146 - - [10/Jun/2022:10:22:02 +0800] "POST /xingrg/kc/buy/cgsh_list_operate.html HTTP/1.1" 200 274
180.169.147.146 - - [10/Jun/2022:10:22:02 +0800] "POST /xingrg/load_menu.html HTTP/1.1" 200 9695
180.169.147.146 - - [10/Jun/2022:10:22:03 +0800] "GET /xingrg/all/report/report_query.html?fileName=dma/new_5.0/yingye/order_list.xml HTTP/1.1" 200 55281
180.169.147.146 - - [10/Jun/2022:10:22:03 +0800] "GET /xingrg/javascript/jquery_easy_ui/themes/default/images/tabs_close.gif HTTP/1.1" 200 829
180.169.147.146 - - [10/Jun/2022:10:22:03 +0800] "GET /xingrg/css/blue.css HTTP/1.1" 200 15949
180.169.147.146 - - [10/Jun/2022:10:22:03 +0800] "GET /xingrg/javascript/multi_select/jqueryMultiSelect.css HTTP/1.1" 200 951
180.169.147.146 - - [10/Jun/2022:10:22:03 +0800] "GET /xingrg/javascript/calendar/timePicker.css HTTP/1.1" 200 523
180.169.147.146 - - [10/Jun/2022:10:22:03 +0800] "GET /xingrg/javascript/bigrid/fix.css HTTP/1.1" 200 1702
180.169.147.146 - - [10/Jun/2022:10:22:03 +0800] "GET /xingrg/javascript/pic_change.js HTTP/1.1" 200 4739
180.169.147.146 - - [10/Jun/2022:10:22:03 +0800] "GET /xingrg/dwr/interface/AjaxReportQueryService.js HTTP/1.1" 200 13203
180.169.147.146 - - [10/Jun/2022:10:22:03 +0800] "GET /xingrg/dwr/engine.js HTTP/1.1" 200 43631
180.169.147.146 - - [10/Jun/2022:10:22:03 +0800] "GET /xingrg/dwr/util.js HTTP/1.1" 200 35990
180.169.147.146 - - [10/Jun/2022:10:22:03 +0800] "GET /xingrg/javascript/jqueryMultiSelect.js HTTP/1.1" 200 11866
180.169.147.146 - - [10/Jun/2022:10:22:03 +0800] "GET /xingrg/javascript/myfunction.js HTTP/1.1" 200 24559
180.169.147.146 - - [10/Jun/2022:10:22:03 +0800] "GET /xingrg/javascript/calendar/jquery.timePicker.min.js HTTP/1.1" 200 2997
180.169.147.146 - - [10/Jun/2022:10:22:03 +0800] "GET /xingrg/javascript/Calendar.js HTTP/1.1" 200 31561
180.169.147.146 - - [10/Jun/2022:10:22:03 +0800] "GET /xingrg/javascript/bigrid/fix.js HTTP/1.1" 200 6439
180.169.147.146 - - [10/Jun/2022:10:22:03 +0800] "GET /xingrg/images/blue/button/advanceover.gif HTTP/1.1" 200 1347
180.169.147.146 - - [10/Jun/2022:10:22:03 +0800] "GET /xingrg/images/control/loading.gif HTTP/1.1" 200 13463
180.169.147.146 - - [10/Jun/2022:10:22:03 +0800] "GET /xingrg/images/blue/button/advance2over.gif HTTP/1.1" 200 1336
180.169.147.146 - - [10/Jun/2022:10:22:03 +0800] "GET /xingrg/images/blue/button/back2over.gif HTTP/1.1" 200 1335
180.169.147.146 - - [10/Jun/2022:10:22:03 +0800] "GET /xingrg/images/blue/button/backover.gif HTTP/1.1" 200 1348
180.169.147.146 - - [10/Jun/2022:10:22:03 +0800] "GET /xingrg/javascript/jquery_easy_ui/themes/icons/help.png HTTP/1.1" 200 1187
180.169.147.146 - - [10/Jun/2022:10:22:03 +0800] "GET /xingrg/javascript/jquery_easy_ui/themes/default/images/menu_downarrow.png HTTP/1.1" 200 173
180.169.147.146 - - [10/Jun/2022:10:22:03 +0800] "GET /xingrg/javascript/jquery_easy_ui/themes/default/images/button_a_bg.gif HTTP/1.1" 200 1194
180.169.147.146 - - [10/Jun/2022:10:22:03 +0800] "GET /xingrg/javascript/jquery_easy_ui/themes/default/images/menu.gif HTTP/1.1" 200 834
180.169.147.146 - - [10/Jun/2022:10:22:03 +0800] "GET /xingrg/javascript/jquery_easy_ui/themes/icons/print.png HTTP/1.1" 200 1057
180.169.147.146 - - [10/Jun/2022:10:22:03 +0800] "POST /xingrg/dwr/call/plaincall/AjaxReportQueryService.getFixDate.dwr HTTP/1.1" 200 111
180.169.147.146 - - [10/Jun/2022:10:22:03 +0800] "GET /xingrg/javascript/jquery_easy_ui/themes/icons/pencil.png HTTP/1.1" 200 713
180.169.147.146 - - [10/Jun/2022:10:22:03 +0800] "GET /xingrg/javascript/jquery_easy_ui/themes/default/images/menu_rightarrow.png HTTP/1.1" 200 3617
180.169.147.146 - - [10/Jun/2022:10:22:04 +0800] "GET /xingrg/javascript/jquery_easy_ui/themes/default/images/combo_arrow_dot.gif HTTP/1.1" 200 79
180.169.147.146 - - [10/Jun/2022:10:22:04 +0800] "POST /xingrg/all/common/load_tree.html?tree=area_station_tree_json&manage=1 HTTP/1.1" 200 3364
180.169.147.146 - - [10/Jun/2022:10:22:04 +0800] "GET /xingrg/javascript/jquery_easy_ui/themes/default/images/tree_checkbox_0.gif HTTP/1.1" 200 168
180.169.147.146 - - [10/Jun/2022:10:22:04 +0800] "GET /xingrg/javascript/jquery_easy_ui/themes/icons/rest.png HTTP/1.1" 200 695
180.169.147.146 - - [10/Jun/2022:10:22:04 +0800] "POST /xingrg/dwr/call/plaincall/AjaxReportQueryService.getInitString.dwr HTTP/1.1" 200 76
180.169.147.146 - - [10/Jun/2022:10:22:04 +0800] "GET /xingrg/javascript/multi_select/dropdown.gif HTTP/1.1" 200 61
180.169.147.146 - - [10/Jun/2022:10:22:04 +0800] "GET /xingrg/javascript/jquery_easy_ui/themes/icons/area.png HTTP/1.1" 200 262
180.169.147.146 - - [10/Jun/2022:10:22:04 +0800] "GET /xingrg/javascript/jquery_easy_ui/themes/icons/manage.png HTTP/1.1" 200 696
180.169.147.146 - - [10/Jun/2022:10:22:05 +0800] "POST /xingrg/dwr/call/plaincall/AjaxReportQueryService.getFixDate.dwr HTTP/1.1" 200 111
180.169.147.146 - - [10/Jun/2022:10:22:07 +0800] "GET /xingrg/javascript/jquery_easy_ui/themes/default/images/tree_checkbox_1.gif HTTP/1.1" 200 174
180.169.147.146 - - [10/Jun/2022:10:22:07 +0800] "GET /xingrg/javascript/jquery_easy_ui/themes/default/images/tree_checkbox_2.gif HTTP/1.1" 200 181
180.169.147.146 - - [10/Jun/2022:10:22:07 +0800] "POST /xingrg/dwr/call/plaincall/AjaxReportQueryService.queryInitializeString.dwr HTTP/1.1" 200 127
180.169.147.146 - - [10/Jun/2022:10:22:07 +0800] "GET /xingrg/javascript/multi_select/dropdown_hover.gif HTTP/1.1" 200 61
180.169.147.146 - - [10/Jun/2022:10:22:08 +0800] "POST /xingrg/dwr/call/plaincall/AjaxReportQueryService.refreshCache.dwr HTTP/1.1" 200 78
180.169.147.146 - - [10/Jun/2022:10:22:09 +0800] "POST /xingrg/all/report/load_report_page.html HTTP/1.1" 200 220974
180.169.147.146 - - [10/Jun/2022:10:22:09 +0800] "GET /xingrg/images/blue/button/back2.gif HTTP/1.1" 200 1339
180.169.147.146 - - [10/Jun/2022:10:22:09 +0800] "GET /xingrg/images/blue/button/back.gif HTTP/1.1" 200 1352
180.169.147.146 - - [10/Jun/2022:10:22:09 +0800] "GET /xingrg/servlets/image?cache=0.4032342898064055&image=px HTTP/1.1" 200 807
180.169.147.146 - - [10/Jun/2022:10:22:09 +0800] "GET /xingrg/all/function/internal_message.html?_=1654827721072&CODE_STATE=getMsg HTTP/1.1" 200 27
180.169.147.146 - - [10/Jun/2022:10:22:10 +0800] "POST /xingrg/all/report/load_report_page.html HTTP/1.1" 200 41899
180.169.147.146 - - [10/Jun/2022:10:22:10 +0800] "GET /xingrg/images/blue/button/advance.gif HTTP/1.1" 200 1354
180.169.147.146 - - [10/Jun/2022:10:22:10 +0800] "GET /xingrg/images/blue/button/advance2.gif HTTP/1.1" 200 1338
180.169.147.146 - - [10/Jun/2022:10:22:11 +0800] "GET /xingrg/servlets/image?cache=0.3379089076436904&image=px HTTP/1.1" 200 807
180.169.147.146 - - [10/Jun/2022:10:22:16 +0800] "GET /xingrg/all/function/internal_message.html?_=1654827732102&CODE_STATE=getMsg HTTP/1.1" 200 27
58.39.61.91 - - [10/Jun/2022:10:22:20 +0800] "GET /xingrg/all/function/internal_message.html?_=1654827686127&CODE_STATE=getMsg HTTP/1.1" 200 27
116.230.110.173 - - [10/Jun/2022:10:22:25 +0800] "POST /xingrg/services/DataTransmitService HTTP/1.1" 200 524
116.230.110.173 - - [10/Jun/2022:10:22:25 +0800] "POST /xingrg/services/DataTransmitService HTTP/1.1" 200 2159
101.85.120.86 - - [10/Jun/2022:10:22:26 +0800] "GET /xingrg/all/function/internal_message.html?_=1654827742723&CODE_STATE=getMsg HTTP/1.1" 200 27
101.85.120.86 - - [10/Jun/2022:10:22:26 +0800] "GET /xingrg/check_reg.html?_=1654827742724 HTTP/1.1" 200 22
180.169.147.146 - - [10/Jun/2022:10:22:26 +0800] "GET /xingrg/all/function/internal_message.html?_=1654827743076&CODE_STATE=getMsg HTTP/1.1" 200 27
180.169.147.146 - - [10/Jun/2022:10:22:26 +0800] "GET /xingrg/check_reg.html?_=1654827743078 HTTP/1.1" 200 22
116.230.110.173 - - [10/Jun/2022:10:22:27 +0800] "POST /xingrg/services/DataTransmitService HTTP/1.1" 200 168856
218.81.223.53 - - [10/Jun/2022:10:22:29 +0800] "GET /xingrg/all/function/internal_message.html?_=1654827763471&CODE_STATE=getMsg HTTP/1.1" 200 27
180.175.103.167 - - [10/Jun/2022:10:22:34 +0800] "GET /xingrg/all/function/internal_message.html?_=1654827753500&CODE_STATE=getMsg HTTP/1.1" 200 27
116.228.172.94 - - [10/Jun/2022:10:22:39 +0800] "GET /xingrg/all/function/internal_message.html?_=1654827638986&CODE_STATE=getMsg HTTP/1.1" 200 27
180.169.147.146 - - [10/Jun/2022:10:22:41 +0800] "GET /xingrg/all/function/internal_message.html?_=1654827762443&CODE_STATE=getMsg HTTP/1.1" 200 27
222.69.129.153 - - [10/Jun/2022:10:22:45 +0800] "GET /xingrg/login.html HTTP/1.1" 200 7641
222.69.129.153 - - [10/Jun/2022:10:22:45 +0800] "GET /xingrg/images/blue/jxLogo.png HTTP/1.1" 200 6156
222.69.129.153 - - [10/Jun/2022:10:22:45 +0800] "GET /xingrg/images/blue/login_bg.png HTTP/1.1" 200 22101
222.69.129.153 - - [10/Jun/2022:10:22:45 +0800] "GET /xingrg/images/blue/hj.png HTTP/1.1" 200 1014
222.69.129.153 - - [10/Jun/2022:10:22:45 +0800] "GET /xingrg/images/blue/srbg.png HTTP/1.1" 200 138
222.69.129.153 - - [10/Jun/2022:10:22:45 +0800] "GET /favicon.ico HTTP/1.1" 404 -
222.69.129.153 - - [10/Jun/2022:10:22:48 +0800] "POST /xingrg/login.do HTTP/1.1" 302 -
116.230.110.173 - - [10/Jun/2022:10:22:48 +0800] "GET /xingrg/check_reg.html?_=1654827761506 HTTP/1.1" 302 -
116.230.110.173 - - [10/Jun/2022:10:22:48 +0800] "GET /xingrg/all/function/internal_message.html?_=1654827761507&CODE_STATE=getMsg HTTP/1.1" 302 -
222.69.129.153 - - [10/Jun/2022:10:22:48 +0800] "GET /xingrg/index.html?sysBaseUrl=http%3A%2F%2F180.169.147.146%3A18081%2Fxingrg%2F&costTime=1126×tamp=1654827768323 HTTP/1.1" 200 17179
222.69.129.153 - - [10/Jun/2022:10:22:48 +0800] "GET /xingrg/javascript/jquery_easy_ui/themes/icon.css HTTP/1.1" 200 3949
222.69.129.153 - - [10/Jun/2022:10:22:48 +0800] "GET /xingrg/javascript/jquery_easy_ui/jquery.easyui.min.js HTTP/1.1" 200 213662
222.69.129.153 - - [10/Jun/2022:10:22:48 +0800] "GET /xingrg/javascript/jquery.utils.js HTTP/1.1" 200 11805
222.69.129.153 - - [10/Jun/2022:10:22:48 +0800] "GET /xingrg/javascript/jquery_easy_ui/themes/default/easyui.css HTTP/1.1" 200 26500
222.69.129.153 - - [10/Jun/2022:10:22:48 +0800] "GET /xingrg/css/form.css HTTP/1.1" 200 893
222.69.129.153 - - [10/Jun/2022:10:22:48 +0800] "GET /xingrg/javascript/jquery-1.4.2.min.js HTTP/1.1" 200 72205
222.69.129.153 - - [10/Jun/2022:10:22:48 +0800] "GET /xingrg/javascript/jquery_easy_ui/easyui-lang-zh_CN.js HTTP/1.1" 200 1900
222.69.129.153 - - [10/Jun/2022:10:22:48 +0800] "GET /favicon.ico HTTP/1.1" 404 -
222.69.129.153 - - [10/Jun/2022:10:22:48 +0800] "GET /xingrg/javascript/jquery.form.js HTTP/1.1" 200 23110
222.69.129.153 - - [10/Jun/2022:10:22:48 +0800] "GET /xingrg/javascript/jquery.timers.js HTTP/1.1" 200 3532
222.69.129.153 - - [10/Jun/2022:10:22:48 +0800] "GET /xingrg/javascript/jquery_easy_ui/themes/icons/settle_new.png HTTP/1.1" 200 826
222.69.129.153 - - [10/Jun/2022:10:22:48 +0800] "GET /xingrg/images/blue/navBackgound.jpg HTTP/1.1" 200 12378
222.69.129.153 - - [10/Jun/2022:10:22:48 +0800] "GET /xingrg/all/function/internal_message.html?_=1654827790631&CODE_STATE=count HTTP/1.1" 200 11
222.69.129.153 - - [10/Jun/2022:10:22:48 +0800] "GET /xingrg/check_reg.html?_=1654827790632 HTTP/1.1" 200 22
222.69.129.153 - - [10/Jun/2022:10:22:48 +0800] "GET /xingrg/images/blue/pingpu.png HTTP/1.1" 200 231
222.69.129.153 - - [10/Jun/2022:10:22:48 +0800] "GET /xingrg/javascript/jquery_easy_ui/themes/default/images/tabs_leftarrow.png HTTP/1.1" 200 389
222.69.129.153 - - [10/Jun/2022:10:22:48 +0800] "GET /xingrg/javascript/jquery_easy_ui/themes/default/images/tabs_rightarrow.png HTTP/1.1" 200 395
222.69.129.153 - - [10/Jun/2022:10:22:48 +0800] "GET /xingrg/javascript/jquery_easy_ui/themes/default/images/panel_tool_collapse.gif HTTP/1.1" 200 246
222.69.129.153 - - [10/Jun/2022:10:22:48 +0800] "POST /xingrg/all/common/load_tree.html?tree=area_rest_tree_json&manage=1 HTTP/1.1" 200 351
222.69.129.153 - - [10/Jun/2022:10:22:48 +0800] "POST /xingrg/load_menu.html HTTP/1.1" 200 5138
222.69.129.153 - - [10/Jun/2022:10:22:48 +0800] "GET /xingrg/javascript/jquery_easy_ui/themes/default/images/tree_arrows.gif HTTP/1.1" 200 1043
222.69.129.153 - - [10/Jun/2022:10:22:48 +0800] "GET /xingrg/javascript/jquery_easy_ui/themes/default/images/tree_folder_open.gif HTTP/1.1" 200 956
222.69.129.153 - - [10/Jun/2022:10:22:48 +0800] "GET /xingrg/javascript/jquery_easy_ui/themes/icons/search_new.png HTTP/1.1" 200 586
222.69.129.153 - - [10/Jun/2022:10:22:48 +0800] "GET /xingrg/javascript/jquery_easy_ui/themes/default/images/tree_folder.gif HTTP/1.1" 200 952
222.69.129.153 - - [10/Jun/2022:10:22:48 +0800] "GET /xingrg/javascript/jquery_easy_ui/themes/icons/storage_new.png HTTP/1.1" 200 853
222.69.129.153 - - [10/Jun/2022:10:22:48 +0800] "GET /xingrg/javascript/jquery_easy_ui/themes/icons/forms_new.png HTTP/1.1" 200 350
222.69.129.153 - - [10/Jun/2022:10:22:48 +0800] "GET /xingrg/javascript/jquery_easy_ui/themes/default/images/tree_file.gif HTTP/1.1" 200 118
58.39.61.91 - - [10/Jun/2022:10:22:52 +0800] "GET /xingrg/all/function/internal_message.html?_=1654827766854&CODE_STATE=getMsg HTTP/1.1" 200 27
101.85.54.219 - - [10/Jun/2022:10:22:57 +0800] "GET /xingrg/all/function/internal_message.html?_=1654827774418&CODE_STATE=getMsg HTTP/1.1" 200 27
120.253.135.82 - - [10/Jun/2022:10:22:59 +0800] "GET /xingrg/all/function/internal_message.html?_=1654827921039&CODE_STATE=getMsg HTTP/1.1" 200 27
