58.39.61.91 - - [10/Jun/2022:10:57:14 +0800] "POST /xingrg/dwr/call/plaincall/AjaxComOrderService.getMaterielSearchList.dwr HTTP/1.1" 200 25141
58.39.61.91 - - [10/Jun/2022:10:57:14 +0800] "POST /xingrg/dwr/call/plaincall/AjaxComOrderService.getMaterielSearchList.dwr HTTP/1.1" 200 592
180.169.147.146 - - [10/Jun/2022:10:57:15 +0800] "GET /xingrg/all/function/internal_message.html?_=1654829831495&CODE_STATE=getMsg HTTP/1.1" 200 27
180.169.147.146 - - [10/Jun/2022:10:57:16 +0800] "GET /xingrg/kc/base/base_main.html HTTP/1.1" 200 12142
58.39.61.91 - - [10/Jun/2022:10:57:16 +0800] "POST /xingrg/dwr/call/plaincall/AjaxYddbService.getMaterielByMap.dwr HTTP/1.1" 200 3840
180.169.147.146 - - [10/Jun/2022:10:57:17 +0800] "GET /xingrg/kc/base/check_order_list.html HTTP/1.1" 200 16487
58.39.61.91 - - [10/Jun/2022:10:57:18 +0800] "POST /xingrg/dwr/call/plaincall/AjaxYddbService.getUnitPrice.dwr HTTP/1.1" 200 87
222.69.129.153 - - [10/Jun/2022:10:57:18 +0800] "POST /xingrg/kc/base/stock_operate.html HTTP/1.1" 200 3745
180.169.147.146 - - [10/Jun/2022:10:57:18 +0800] "POST /xingrg/kc/base/check_list_operate.html HTTP/1.1" 200 3276
116.230.110.173 - - [10/Jun/2022:10:57:19 +0800] "GET /xingrg/check_reg.html?_=1654829832753 HTTP/1.1" 200 22
116.230.110.173 - - [10/Jun/2022:10:57:19 +0800] "GET /xingrg/all/function/internal_message.html?_=1654829832755&CODE_STATE=getMsg HTTP/1.1" 200 27
58.39.61.91 - - [10/Jun/2022:10:57:21 +0800] "GET /xingrg/images/yd/bt2.gif HTTP/1.1" 404 1042
58.39.61.91 - - [10/Jun/2022:10:57:22 +0800] "POST /xingrg/dwr/call/plaincall/AjaxYddbService.saveMaterielItem.dwr HTTP/1.1" 200 79
180.169.147.146 - - [10/Jun/2022:10:57:23 +0800] "GET /xingrg/all/function/internal_message.html?_=1654829834955&CODE_STATE=getMsg HTTP/1.1" 200 27
58.39.61.91 - - [10/Jun/2022:10:57:25 +0800] "POST /xingrg/dwr/call/plaincall/AjaxComOrderService.getMaterielSearchList.dwr HTTP/1.1" 200 25300
58.39.61.91 - - [10/Jun/2022:10:57:26 +0800] "POST /xingrg/dwr/call/plaincall/AjaxComOrderService.getMaterielSearchList.dwr HTTP/1.1" 200 2809
101.85.120.86 - - [10/Jun/2022:10:57:26 +0800] "GET /xingrg/check_reg.html?_=1654829842746 HTTP/1.1" 200 22
101.85.120.86 - - [10/Jun/2022:10:57:26 +0800] "GET /xingrg/all/function/internal_message.html?_=1654829842749&CODE_STATE=getMsg HTTP/1.1" 200 27
180.169.147.146 - - [10/Jun/2022:10:57:26 +0800] "GET /xingrg/all/function/internal_message.html?_=1654829843106&CODE_STATE=getMsg HTTP/1.1" 200 27
180.169.147.146 - - [10/Jun/2022:10:57:26 +0800] "GET /xingrg/check_reg.html?_=1654829843108 HTTP/1.1" 200 22
58.39.61.91 - - [10/Jun/2022:10:57:26 +0800] "GET /xingrg/all/function/internal_message.html?_=1654829792398&CODE_STATE=getMsg HTTP/1.1" 200 27
58.39.61.91 - - [10/Jun/2022:10:57:27 +0800] "POST /xingrg/dwr/call/plaincall/AjaxYddbService.getMaterielByMap.dwr HTTP/1.1" 200 3869
218.81.223.53 - - [10/Jun/2022:10:57:29 +0800] "GET /xingrg/all/function/internal_message.html?_=1654829864008&CODE_STATE=getMsg HTTP/1.1" 200 27
58.39.61.91 - - [10/Jun/2022:10:57:29 +0800] "POST /xingrg/dwr/call/plaincall/AjaxYddbService.getUnitPrice.dwr HTTP/1.1" 200 87
180.175.103.167 - - [10/Jun/2022:10:57:33 +0800] "GET /xingrg/all/function/internal_message.html?_=1654829852657&CODE_STATE=getMsg HTTP/1.1" 200 27
180.169.147.146 - - [10/Jun/2022:10:57:34 +0800] "GET /xingrg/all/function/internal_message.html?_=1654829850027&CODE_STATE=getMsg HTTP/1.1" 200 27
58.39.61.91 - - [10/Jun/2022:10:57:34 +0800] "POST /xingrg/dwr/call/plaincall/AjaxYddbService.saveMaterielItem.dwr HTTP/1.1" 200 79
180.175.103.167 - - [10/Jun/2022:10:57:36 +0800] "GET /xingrg/kc/buy/cgsh_order_operate.html?command=get_materiel&rest_code=00105&code=00101008211&supplier_code=00100203&order_time=2022-06-10 HTTP/1.1" 200 412
58.39.61.91 - - [10/Jun/2022:10:57:38 +0800] "POST /xingrg/dwr/call/plaincall/AjaxComOrderService.getMaterielSearchList.dwr HTTP/1.1" 200 11254
116.228.172.94 - - [10/Jun/2022:10:57:39 +0800] "GET /xingrg/all/function/internal_message.html?_=1654829738997&CODE_STATE=getMsg HTTP/1.1" 200 27
58.39.61.91 - - [10/Jun/2022:10:57:40 +0800] "POST /xingrg/dwr/call/plaincall/AjaxComOrderService.getMaterielSearchList.dwr HTTP/1.1" 200 288
180.169.147.146 - - [10/Jun/2022:10:57:41 +0800] "GET /xingrg/all/function/internal_message.html?_=1654829862468&CODE_STATE=getMsg HTTP/1.1" 200 27
58.39.61.91 - - [10/Jun/2022:10:57:41 +0800] "POST /xingrg/dwr/call/plaincall/AjaxYddbService.getMaterielByMap.dwr HTTP/1.1" 200 3804
58.39.61.91 - - [10/Jun/2022:10:57:44 +0800] "POST /xingrg/dwr/call/plaincall/AjaxYddbService.saveMaterielItem.dwr HTTP/1.1" 200 79
180.169.147.146 - - [10/Jun/2022:10:57:48 +0800] "POST /xingrg/kc/base/check_list_operate.html HTTP/1.1" 200 4
222.69.129.153 - - [10/Jun/2022:10:57:48 +0800] "GET /xingrg/all/function/internal_message.html?_=1654829890639&CODE_STATE=getMsg HTTP/1.1" 200 27
222.69.129.153 - - [10/Jun/2022:10:57:48 +0800] "GET /xingrg/check_reg.html?_=1654829890640 HTTP/1.1" 200 22
58.39.61.91 - - [10/Jun/2022:10:57:52 +0800] "GET /xingrg/all/function/internal_message.html?_=1654829866935&CODE_STATE=getMsg HTTP/1.1" 200 27
58.39.61.91 - - [10/Jun/2022:10:57:53 +0800] "POST /xingrg/dwr/call/plaincall/AjaxYddbService.checkOrder.dwr HTTP/1.1" 200 79
180.175.103.167 - - [10/Jun/2022:10:57:56 +0800] "GET /xingrg/kc/buy/cgsh_order_operate.html?command=get_materiel&rest_code=00105&code=00101008355&supplier_code=00100203&order_time=2022-06-10 HTTP/1.1" 200 408
101.85.54.219 - - [10/Jun/2022:10:57:57 +0800] "GET /xingrg/all/function/internal_message.html?_=1654829874426&CODE_STATE=getMsg HTTP/1.1" 200 27
58.39.61.91 - - [10/Jun/2022:10:57:57 +0800] "GET /xingrg/kc/base/yddb_order_info.html?code=482022061000113 HTTP/1.1" 200 29505
58.39.61.91 - - [10/Jun/2022:10:57:57 +0800] "GET /xingrg/dwr/interface/AjaxComOrderService.js HTTP/1.1" 200 18264
58.39.61.91 - - [10/Jun/2022:10:57:57 +0800] "GET /xingrg/dwr/interface/AjaxYddbService.js HTTP/1.1" 200 13201
58.39.61.91 - - [10/Jun/2022:10:57:57 +0800] "GET /xingrg/dwr/engine.js HTTP/1.1" 200 43631
58.39.61.91 - - [10/Jun/2022:10:57:58 +0800] "POST /xingrg/dwr/call/plaincall/AjaxYddbService.loadMaterielItems.dwr HTTP/1.1" 200 1913
180.175.103.167 - - [10/Jun/2022:10:57:58 +0800] "GET /xingrg/all/function/internal_message.html?_=1654829789823&CODE_STATE=getMsg HTTP/1.1" 200 27
120.253.135.82 - - [10/Jun/2022:10:57:59 +0800] "GET /xingrg/all/function/internal_message.html?_=1654830021515&CODE_STATE=getMsg HTTP/1.1" 200 27
58.40.7.146 - - [10/Jun/2022:10:57:59 +0800] "GET /xingrg/all/function/internal_message.html?_=1654829876441&CODE_STATE=getMsg HTTP/1.1" 200 27
114.84.82.172 - - [10/Jun/2022:10:58:04 +0800] "POST /xingrg/services/DataTransmitService HTTP/1.1" 200 524
58.39.61.91 - - [10/Jun/2022:10:58:05 +0800] "POST /xingrg/all/user/operate.html HTTP/1.1" 200 36
58.39.61.91 - - [10/Jun/2022:10:58:05 +0800] "GET /xingrg/index.html?sysBaseUrl=http%3A%2F%2F180.169.147.146%3A18081%2Fxingrg%2F&costTime=1133×tamp=1654827404255 HTTP/1.1" 200 17177
58.39.61.91 - - [10/Jun/2022:10:58:05 +0800] "GET /xingrg/javascript/jquery_easy_ui/themes/default/easyui.css HTTP/1.1" 304 -
58.39.61.91 - - [10/Jun/2022:10:58:05 +0800] "GET /xingrg/javascript/jquery_easy_ui/themes/icon.css HTTP/1.1" 304 -
58.39.61.91 - - [10/Jun/2022:10:58:05 +0800] "GET /xingrg/css/form.css HTTP/1.1" 304 -
58.39.61.91 - - [10/Jun/2022:10:58:05 +0800] "GET /xingrg/javascript/jquery-1.4.2.min.js HTTP/1.1" 304 -
58.39.61.91 - - [10/Jun/2022:10:58:05 +0800] "GET /xingrg/javascript/jquery_easy_ui/jquery.easyui.min.js HTTP/1.1" 304 -
58.39.61.91 - - [10/Jun/2022:10:58:05 +0800] "GET /xingrg/javascript/jquery_easy_ui/easyui-lang-zh_CN.js HTTP/1.1" 304 -
58.39.61.91 - - [10/Jun/2022:10:58:05 +0800] "GET /xingrg/javascript/jquery.form.js HTTP/1.1" 304 -
58.39.61.91 - - [10/Jun/2022:10:58:05 +0800] "GET /xingrg/javascript/jquery.utils.js HTTP/1.1" 304 -
58.39.61.91 - - [10/Jun/2022:10:58:05 +0800] "GET /xingrg/javascript/jquery.timers.js HTTP/1.1" 304 -
58.39.61.91 - - [10/Jun/2022:10:58:05 +0800] "GET /xingrg/images/blue/jxLogo.png HTTP/1.1" 304 -
58.39.61.91 - - [10/Jun/2022:10:58:05 +0800] "GET /xingrg/images/blue/navBackgound.jpg HTTP/1.1" 304 -
58.39.61.91 - - [10/Jun/2022:10:58:05 +0800] "GET /xingrg/javascript/jquery_easy_ui/themes/icons/settle_new.png HTTP/1.1" 304 -
58.39.61.91 - - [10/Jun/2022:10:58:05 +0800] "GET /xingrg/all/function/internal_message.html?_=1654829880391&CODE_STATE=count HTTP/1.1" 200 11
58.39.61.91 - - [10/Jun/2022:10:58:05 +0800] "GET /xingrg/check_reg.html?_=1654829880393 HTTP/1.1" 200 22
58.39.61.91 - - [10/Jun/2022:10:58:05 +0800] "GET /xingrg/javascript/jquery_easy_ui/themes/default/images/panel_tool_collapse.gif HTTP/1.1" 304 -
58.39.61.91 - - [10/Jun/2022:10:58:05 +0800] "GET /xingrg/javascript/jquery_easy_ui/themes/default/images/tabs_leftarrow.png HTTP/1.1" 304 -
58.39.61.91 - - [10/Jun/2022:10:58:05 +0800] "POST /xingrg/all/common/load_tree.html?tree=area_rest_tree_json&manage=1 HTTP/1.1" 200 476
58.39.61.91 - - [10/Jun/2022:10:58:05 +0800] "GET /xingrg/images/blue/pingpu.png HTTP/1.1" 304 -
58.39.61.91 - - [10/Jun/2022:10:58:05 +0800] "GET /xingrg/javascript/jquery_easy_ui/themes/default/images/tabs_rightarrow.png HTTP/1.1" 304 -
58.39.61.91 - - [10/Jun/2022:10:58:05 +0800] "POST /xingrg/load_menu.html HTTP/1.1" 200 5138
58.39.61.91 - - [10/Jun/2022:10:58:08 +0800] "GET /xingrg/kc/base/yddb_order_list.html HTTP/1.1" 200 16711
58.39.61.91 - - [10/Jun/2022:10:58:09 +0800] "POST /xingrg/kc/base/yddb_list_operate.html HTTP/1.1" 200 636
180.169.147.146 - - [10/Jun/2022:10:58:11 +0800] "POST /xingrg/kc/base/check_list_operate.html HTTP/1.1" 200 781
58.39.61.91 - - [10/Jun/2022:10:58:12 +0800] "POST /xingrg/kc/base/yddb_list_operate.html HTTP/1.1" 200 1605
58.39.61.91 - - [10/Jun/2022:10:58:13 +0800] "POST /xingrg/kc/base/yddb_list_operate.html HTTP/1.1" 200 555
180.169.147.146 - - [10/Jun/2022:10:58:14 +0800] "GET /xingrg/kc/cost/cost_list.html HTTP/1.1" 200 6093
180.169.147.146 - - [10/Jun/2022:10:58:15 +0800] "GET /xingrg/dwr/interface/AjaxReportQueryService.js HTTP/1.1" 200 13203
180.169.147.146 - - [10/Jun/2022:10:58:15 +0800] "GET /xingrg/dwr/engine.js HTTP/1.1" 200 43631
58.39.61.91 - - [10/Jun/2022:10:58:15 +0800] "GET /xingrg/kc/base/yddb_order_info.html?code=482022061000113 HTTP/1.1" 200 31070
58.39.61.91 - - [10/Jun/2022:10:58:15 +0800] "GET /xingrg/dwr/interface/AjaxYddbService.js HTTP/1.1" 200 13201
58.39.61.91 - - [10/Jun/2022:10:58:15 +0800] "GET /xingrg/dwr/interface/AjaxComOrderService.js HTTP/1.1" 200 18264
58.39.61.91 - - [10/Jun/2022:10:58:15 +0800] "GET /xingrg/dwr/engine.js HTTP/1.1" 200 43631
180.169.147.146 - - [10/Jun/2022:10:58:15 +0800] "GET /xingrg/kc/cost/cost_operate.html?_=1654829886494&command=load_cost_list HTTP/1.1" 200 3578
180.169.147.146 - - [10/Jun/2022:10:58:15 +0800] "GET /xingrg/all/function/internal_message.html?_=1654829891479&CODE_STATE=getMsg HTTP/1.1" 200 27
58.39.61.91 - - [10/Jun/2022:10:58:15 +0800] "POST /xingrg/dwr/call/plaincall/AjaxYddbService.loadMaterielItems.dwr HTTP/1.1" 200 1913
116.230.110.173 - - [10/Jun/2022:10:58:19 +0800] "GET /xingrg/all/function/internal_message.html?_=1654829892748&CODE_STATE=getMsg HTTP/1.1" 200 27
58.39.61.91 - - [10/Jun/2022:10:58:20 +0800] "POST /xingrg/dwr/call/plaincall/AjaxYddbService.saveOrder.dwr HTTP/1.1" 200 78
180.169.147.146 - - [10/Jun/2022:10:58:23 +0800] "GET /xingrg/all/function/internal_message.html?_=1654829894964&CODE_STATE=getMsg HTTP/1.1" 200 27
101.85.120.86 - - [10/Jun/2022:10:58:26 +0800] "GET /xingrg/all/function/internal_message.html?_=1654829902748&CODE_STATE=getMsg HTTP/1.1" 200 27
180.169.147.146 - - [10/Jun/2022:10:58:26 +0800] "GET /xingrg/all/function/internal_message.html?_=1654829903115&CODE_STATE=getMsg HTTP/1.1" 200 27
58.39.61.91 - - [10/Jun/2022:10:58:26 +0800] "GET /xingrg/all/function/internal_message.html?_=1654829852415&CODE_STATE=getMsg HTTP/1.1" 200 27
58.39.61.91 - - [10/Jun/2022:10:58:26 +0800] "POST /xingrg/dwr/call/plaincall/AjaxYddbService.objCheckOrder.dwr HTTP/1.1" 200 78
218.81.223.53 - - [10/Jun/2022:10:58:26 +0800] "GET /xingrg/check_reg.html?_=1654829921276 HTTP/1.1" 200 22
58.39.61.91 - - [10/Jun/2022:10:58:28 +0800] "GET /xingrg/kc/base/yddb_order_info.html?code=482022061000113 HTTP/1.1" 200 31191
58.39.61.91 - - [10/Jun/2022:10:58:28 +0800] "GET /xingrg/dwr/interface/AjaxComOrderService.js HTTP/1.1" 200 18264
58.39.61.91 - - [10/Jun/2022:10:58:28 +0800] "GET /xingrg/dwr/interface/AjaxYddbService.js HTTP/1.1" 200 13201
58.39.61.91 - - [10/Jun/2022:10:58:28 +0800] "GET /xingrg/dwr/engine.js HTTP/1.1" 200 43631
58.39.61.91 - - [10/Jun/2022:10:58:29 +0800] "POST /xingrg/dwr/call/plaincall/AjaxYddbService.loadMaterielItems.dwr HTTP/1.1" 200 1913
218.81.223.53 - - [10/Jun/2022:10:58:29 +0800] "GET /xingrg/all/function/internal_message.html?_=1654829924021&CODE_STATE=getMsg HTTP/1.1" 200 27
58.39.61.91 - - [10/Jun/2022:10:58:29 +0800] "GET /xingrg/kc/base/yddb_order_list.html?isBack=1 HTTP/1.1" 200 16711
58.39.61.91 - - [10/Jun/2022:10:58:30 +0800] "POST /xingrg/kc/base/yddb_list_operate.html HTTP/1.1" 200 636
180.175.103.167 - - [10/Jun/2022:10:58:32 +0800] "GET /xingrg/kc/buy/cgsh_order_operate.html?command=get_materiel&rest_code=00105&code=00101008024&supplier_code=00100203&order_time=2022-06-10 HTTP/1.1" 200 408
58.39.61.91 - - [10/Jun/2022:10:58:33 +0800] "POST /xingrg/kc/base/yddb_list_operate.html HTTP/1.1" 200 1345
180.175.103.167 - - [10/Jun/2022:10:58:33 +0800] "GET /xingrg/all/function/internal_message.html?_=1654829912630&CODE_STATE=getMsg HTTP/1.1" 200 27
58.39.61.91 - - [10/Jun/2022:10:58:33 +0800] "POST /xingrg/kc/base/yddb_list_operate.html HTTP/1.1" 200 204
180.169.147.146 - - [10/Jun/2022:10:58:34 +0800] "GET /xingrg/all/function/internal_message.html?_=1654829910014&CODE_STATE=getMsg HTTP/1.1" 200 27
58.39.61.91 - - [10/Jun/2022:10:58:35 +0800] "GET /xingrg/kc/base/yddb_order_info.html?code=482022061000112 HTTP/1.1" 200 31069
58.39.61.91 - - [10/Jun/2022:10:58:35 +0800] "GET /xingrg/dwr/interface/AjaxComOrderService.js HTTP/1.1" 200 18264
58.39.61.91 - - [10/Jun/2022:10:58:35 +0800] "GET /xingrg/dwr/interface/AjaxYddbService.js HTTP/1.1" 200 13201
58.39.61.91 - - [10/Jun/2022:10:58:35 +0800] "GET /xingrg/dwr/engine.js HTTP/1.1" 200 43631
58.39.61.91 - - [10/Jun/2022:10:58:36 +0800] "POST /xingrg/dwr/call/plaincall/AjaxYddbService.loadMaterielItems.dwr HTTP/1.1" 200 399
116.228.172.94 - - [10/Jun/2022:10:58:39 +0800] "GET /xingrg/all/function/internal_message.html?_=1654829798992&CODE_STATE=getMsg HTTP/1.1" 200 27
58.39.61.91 - - [10/Jun/2022:10:58:39 +0800] "POST /xingrg/dwr/call/plaincall/AjaxYddbService.saveOrder.dwr HTTP/1.1" 200 78
180.169.147.146 - - [10/Jun/2022:10:58:41 +0800] "GET /xingrg/all/function/internal_message.html?_=1654829922467&CODE_STATE=getMsg HTTP/1.1" 200 27
58.40.7.146 - - [10/Jun/2022:10:58:41 +0800] "POST /xingrg/services/DataTransmitService HTTP/1.1" 200 524
58.39.61.91 - - [10/Jun/2022:10:58:45 +0800] "POST /xingrg/dwr/call/plaincall/AjaxYddbService.objCheckOrder.dwr HTTP/1.1" 200 78
58.39.61.91 - - [10/Jun/2022:10:58:46 +0800] "GET /xingrg/kc/base/yddb_order_info.html?code=482022061000112 HTTP/1.1" 200 31190
58.39.61.91 - - [10/Jun/2022:10:58:46 +0800] "GET /xingrg/dwr/interface/AjaxComOrderService.js HTTP/1.1" 200 18264
58.39.61.91 - - [10/Jun/2022:10:58:46 +0800] "GET /xingrg/dwr/interface/AjaxYddbService.js HTTP/1.1" 200 13201
58.39.61.91 - - [10/Jun/2022:10:58:46 +0800] "GET /xingrg/dwr/engine.js HTTP/1.1" 200 43631
58.39.61.91 - - [10/Jun/2022:10:58:47 +0800] "POST /xingrg/dwr/call/plaincall/AjaxYddbService.loadMaterielItems.dwr HTTP/1.1" 200 399
222.69.129.153 - - [10/Jun/2022:10:58:48 +0800] "GET /xingrg/all/function/internal_message.html?_=1654829950650&CODE_STATE=getMsg HTTP/1.1" 200 27
58.39.61.91 - - [10/Jun/2022:10:58:48 +0800] "GET /xingrg/kc/base/yddb_order_list.html?isBack=1 HTTP/1.1" 200 16711
58.39.61.91 - - [10/Jun/2022:10:58:49 +0800] "POST /xingrg/kc/base/yddb_list_operate.html HTTP/1.1" 200 636
101.85.54.219 - - [10/Jun/2022:10:58:57 +0800] "GET /xingrg/all/function/internal_message.html?_=1654829934456&CODE_STATE=getMsg HTTP/1.1" 200 27
101.85.54.219 - - [10/Jun/2022:10:58:57 +0800] "GET /xingrg/check_reg.html?_=1654829934460 HTTP/1.1" 200 22
180.175.103.167 - - [10/Jun/2022:10:58:58 +0800] "GET /xingrg/all/function/internal_message.html?_=1654829849797&CODE_STATE=getMsg HTTP/1.1" 200 27
120.253.135.82 - - [10/Jun/2022:10:58:59 +0800] "GET /xingrg/all/function/internal_message.html?_=1654830081520&CODE_STATE=getMsg HTTP/1.1" 200 27
58.40.7.146 - - [10/Jun/2022:10:58:59 +0800] "GET /xingrg/all/function/internal_message.html?_=1654829936444&CODE_STATE=getMsg HTTP/1.1" 200 27
58.39.61.91 - - [10/Jun/2022:10:59:05 +0800] "GET /xingrg/all/function/internal_message.html?_=1654829940406&CODE_STATE=getMsg HTTP/1.1" 200 27
180.175.103.167 - - [10/Jun/2022:10:59:14 +0800] "GET /xingrg/kc/buy/cgsh_order_operate.html?command=get_materiel&rest_code=00105&code=00101008286&supplier_code=00100203&order_time=2022-06-10 HTTP/1.1" 200 408
180.169.147.146 - - [10/Jun/2022:10:59:15 +0800] "GET /xingrg/all/function/internal_message.html?_=1654829951455&CODE_STATE=getMsg HTTP/1.1" 200 27
180.175.103.167 - - [10/Jun/2022:10:59:18 +0800] "GET /xingrg/check_reg.html?_=1654829868959 HTTP/1.1" 200 22
116.230.110.173 - - [10/Jun/2022:10:59:19 +0800] "GET /xingrg/all/function/internal_message.html?_=1654829952752&CODE_STATE=getMsg HTTP/1.1" 200 27
180.169.147.146 - - [10/Jun/2022:10:59:23 +0800] "GET /xingrg/all/function/internal_message.html?_=1654829954964&CODE_STATE=getMsg HTTP/1.1" 200 27
101.85.120.86 - - [10/Jun/2022:10:59:26 +0800] "GET /xingrg/all/function/internal_message.html?_=1654829962773&CODE_STATE=getMsg HTTP/1.1" 200 27
180.169.147.146 - - [10/Jun/2022:10:59:26 +0800] "GET /xingrg/all/function/internal_message.html?_=1654829963117&CODE_STATE=getMsg HTTP/1.1" 200 27
58.39.61.91 - - [10/Jun/2022:10:59:26 +0800] "GET /xingrg/all/function/internal_message.html?_=1654829912425&CODE_STATE=getMsg HTTP/1.1" 200 27
218.81.223.53 - - [10/Jun/2022:10:59:29 +0800] "GET /xingrg/all/function/internal_message.html?_=1654829984036&CODE_STATE=getMsg HTTP/1.1" 200 27
180.175.103.167 - - [10/Jun/2022:10:59:33 +0800] "GET /xingrg/all/function/internal_message.html?_=1654829972606&CODE_STATE=getMsg HTTP/1.1" 200 27
114.88.162.248 - - [10/Jun/2022:10:59:33 +0800] "GET /xingrg/login.html HTTP/1.1" 200 7641
180.169.147.146 - - [10/Jun/2022:10:59:34 +0800] "GET /xingrg/all/function/internal_message.html?_=1654829970000&CODE_STATE=getMsg HTTP/1.1" 200 27
114.88.162.248 - - [10/Jun/2022:10:59:34 +0800] "GET /favicon.ico HTTP/1.1" 404 -
116.228.172.94 - - [10/Jun/2022:10:59:39 +0800] "GET /xingrg/all/function/internal_message.html?_=1654829859003&CODE_STATE=getMsg HTTP/1.1" 200 27
180.169.147.146 - - [10/Jun/2022:10:59:41 +0800] "GET /xingrg/all/function/internal_message.html?_=1654829982465&CODE_STATE=getMsg HTTP/1.1" 200 27
114.88.162.248 - - [10/Jun/2022:10:59:41 +0800] "POST /xingrg/login.do HTTP/1.1" 302 -
114.88.162.248 - - [10/Jun/2022:10:59:41 +0800] "GET /xingrg/index.html?sysBaseUrl=http%3A%2F%2F180.169.147.146%3A18081%2Fxingrg%2F&costTime=1127×tamp=1654829981085 HTTP/1.1" 200 17173
114.88.162.248 - - [10/Jun/2022:10:59:41 +0800] "GET /favicon.ico HTTP/1.1" 404 -
114.88.162.248 - - [10/Jun/2022:10:59:41 +0800] "GET /xingrg/all/function/internal_message.html?_=1654829975042&CODE_STATE=count HTTP/1.1" 200 11
114.88.162.248 - - [10/Jun/2022:10:59:41 +0800] "GET /xingrg/check_reg.html?_=1654829975043 HTTP/1.1" 200 22
114.88.162.248 - - [10/Jun/2022:10:59:41 +0800] "POST /xingrg/all/common/load_tree.html?tree=area_rest_tree_json&manage=1 HTTP/1.1" 200 342
114.88.162.248 - - [10/Jun/2022:10:59:41 +0800] "POST /xingrg/load_menu.html HTTP/1.1" 200 5138
114.88.162.248 - - [10/Jun/2022:10:59:43 +0800] "GET /xingrg/kc/buy/buy_main.html HTTP/1.1" 200 12412
114.88.162.248 - - [10/Jun/2022:10:59:43 +0800] "GET /xingrg/css/new_ie.css HTTP/1.1" 404 1036
114.88.162.248 - - [10/Jun/2022:10:59:43 +0800] "GET /xingrg/images/yd/bt.gif HTTP/1.1" 404 1040
180.175.103.167 - - [10/Jun/2022:10:59:43 +0800] "GET /xingrg/kc/buy/cgsh_order_operate.html?command=get_materiel&rest_code=00105&code=00101008353&supplier_code=00100203&order_time=2022-06-10 HTTP/1.1" 200 408
114.88.162.248 - - [10/Jun/2022:10:59:44 +0800] "GET /xingrg/kc/buy/cgsh_order_list.html HTTP/1.1" 200 51791
114.88.162.248 - - [10/Jun/2022:10:59:47 +0800] "POST /xingrg/kc/buy/cgsh_list_operate.html HTTP/1.1" 200 876
222.69.129.153 - - [10/Jun/2022:10:59:48 +0800] "GET /xingrg/all/function/internal_message.html?_=1654830010654&CODE_STATE=getMsg HTTP/1.1" 200 27
114.88.162.248 - - [10/Jun/2022:10:59:49 +0800] "GET /xingrg/kc/buy/cgsh_order_add.html HTTP/1.1" 200 67529
114.88.162.248 - - [10/Jun/2022:10:59:49 +0800] "GET /xingrg/words/20220608175540_words.js HTTP/1.1" 304 -
114.88.162.248 - - [10/Jun/2022:10:59:49 +0800] "POST /xingrg/kc/buy/cgsh_order_operate.html HTTP/1.1" 200 8245
114.88.162.248 - - [10/Jun/2022:10:59:49 +0800] "GET /xingrg/javascript/easyui/themes/default/validatebox.css HTTP/1.1" 404 1104
114.88.162.248 - - [10/Jun/2022:10:59:49 +0800] "GET /xingrg/all/common/auto_word.html?type=employee&rest_code=00111 HTTP/1.1" 200 155
114.88.162.248 - - [10/Jun/2022:10:59:49 +0800] "GET /xingrg/all/common/auto_word.html?type=employee&rest_code=00111 HTTP/1.1" 200 155
114.88.162.248 - - [10/Jun/2022:10:59:54 +0800] "GET /xingrg/javascript/auto/indicator.gif HTTP/1.1" 404 1066
114.88.162.248 - - [10/Jun/2022:10:59:56 +0800] "GET /xingrg/javascript/jquery_tools/images/prev.gif HTTP/1.1" 404 1086
114.88.162.248 - - [10/Jun/2022:10:59:56 +0800] "GET /xingrg/javascript/jquery_tools/images/next.gif HTTP/1.1" 404 1086
101.85.54.219 - - [10/Jun/2022:10:59:57 +0800] "GET /xingrg/all/function/internal_message.html?_=1654829994435&CODE_STATE=getMsg HTTP/1.1" 200 27
180.175.103.167 - - [10/Jun/2022:10:59:58 +0800] "GET /xingrg/all/function/internal_message.html?_=1654829909809&CODE_STATE=getMsg HTTP/1.1" 200 27
120.253.135.82 - - [10/Jun/2022:10:59:59 +0800] "GET /xingrg/all/function/internal_message.html?_=1654830141541&CODE_STATE=getMsg HTTP/1.1" 200 27
58.40.7.146 - - [10/Jun/2022:10:59:59 +0800] "GET /xingrg/all/function/internal_message.html?_=1654829996447&CODE_STATE=getMsg HTTP/1.1" 200 27
114.88.162.248 - - [10/Jun/2022:11:00:03 +0800] "GET /xingrg/kc/buy/cgsh_order_operate.html?command=get_materiel&rest_code=00111&code=00101002048&supplier_code=00100012&order_time=2022-06-10 HTTP/1.1" 200 413
58.39.61.91 - - [10/Jun/2022:11:00:05 +0800] "GET /xingrg/all/function/internal_message.html?_=1654830000400&CODE_STATE=getMsg HTTP/1.1" 200 27
180.169.147.146 - - [10/Jun/2022:11:00:15 +0800] "GET /xingrg/all/function/internal_message.html?_=1654830011447&CODE_STATE=getMsg HTTP/1.1" 200 27
180.169.147.146 - - [10/Jun/2022:11:00:15 +0800] "GET /xingrg/check_reg.html?_=1654830011940 HTTP/1.1" 200 22
114.88.162.248 - - [10/Jun/2022:11:00:16 +0800] "GET /xingrg/kc/buy/cgsh_order_operate.html?command=get_materiel&rest_code=00111&code=00101006013&supplier_code=00100012&order_time=2022-06-10 HTTP/1.1" 200 409
180.169.147.146 - - [10/Jun/2022:11:00:16 +0800] "GET /xingrg/check_reg.html?_=1654830012591 HTTP/1.1" 200 22
116.230.110.173 - - [10/Jun/2022:11:00:19 +0800] "GET /xingrg/all/function/internal_message.html?_=1654830012745&CODE_STATE=getMsg HTTP/1.1" 200 27
180.175.103.167 - - [10/Jun/2022:11:00:23 +0800] "GET /xingrg/kc/buy/cgsh_order_operate.html?command=get_materiel&rest_code=00105&code=00101008298&supplier_code=00100203&order_time=2022-06-10 HTTP/1.1" 200 413
180.169.147.146 - - [10/Jun/2022:11:00:23 +0800] "GET /xingrg/check_reg.html?_=1654830014964 HTTP/1.1" 200 22
180.169.147.146 - - [10/Jun/2022:11:00:23 +0800] "GET /xingrg/all/function/internal_message.html?_=1654830014966&CODE_STATE=getMsg HTTP/1.1" 200 27
101.85.120.86 - - [10/Jun/2022:11:00:26 +0800] "GET /xingrg/all/function/internal_message.html?_=1654830022773&CODE_STATE=getMsg HTTP/1.1" 200 27
58.39.61.91 - - [10/Jun/2022:11:00:26 +0800] "GET /xingrg/check_reg.html?_=1654829972180 HTTP/1.1" 200 22
180.169.147.146 - - [10/Jun/2022:11:00:26 +0800] "GET /xingrg/all/function/internal_message.html?_=1654830023117&CODE_STATE=getMsg HTTP/1.1" 200 27
58.39.61.91 - - [10/Jun/2022:11:00:26 +0800] "GET /xingrg/all/function/internal_message.html?_=1654829972439&CODE_STATE=getMsg HTTP/1.1" 200 27
218.81.223.53 - - [10/Jun/2022:11:00:29 +0800] "GET /xingrg/all/function/internal_message.html?_=1654830044049&CODE_STATE=getMsg HTTP/1.1" 200 27
180.175.103.167 - - [10/Jun/2022:11:00:31 +0800] "GET /xingrg/kc/buy/cgsh_order_list.html HTTP/1.1" 200 51791
180.175.103.167 - - [10/Jun/2022:11:00:33 +0800] "GET /xingrg/all/function/internal_message.html?_=1654830032603&CODE_STATE=getMsg HTTP/1.1" 200 27
180.169.147.146 - - [10/Jun/2022:11:00:33 +0800] "GET /xingrg/all/function/internal_message.html?_=1654830029973&CODE_STATE=getMsg HTTP/1.1" 200 27
180.175.103.167 - - [10/Jun/2022:11:00:35 +0800] "POST /xingrg/kc/buy/cgsh_list_operate.html HTTP/1.1" 200 2414
114.88.162.248 - - [10/Jun/2022:11:00:35 +0800] "GET /xingrg/kc/buy/cgsh_order_operate.html?command=get_materiel&rest_code=00111&code=00101006111&supplier_code=00100012&order_time=2022-06-10 HTTP/1.1" 200 409
180.175.103.167 - - [10/Jun/2022:11:00:36 +0800] "GET /xingrg/check_reg.html?_=1654830035324 HTTP/1.1" 200 22
116.228.172.94 - - [10/Jun/2022:11:00:39 +0800] "GET /xingrg/all/function/internal_message.html?_=1654829918993&CODE_STATE=getMsg HTTP/1.1" 200 27
180.169.147.146 - - [10/Jun/2022:11:00:41 +0800] "GET /xingrg/all/function/internal_message.html?_=1654830042462&CODE_STATE=getMsg HTTP/1.1" 200 27
180.169.147.146 - - [10/Jun/2022:11:00:41 +0800] "GET /xingrg/check_reg.html?_=1654830042463 HTTP/1.1" 200 22
114.88.162.248 - - [10/Jun/2022:11:00:41 +0800] "GET /xingrg/all/function/internal_message.html?_=1654830035054&CODE_STATE=getMsg HTTP/1.1" 200 27
120.253.135.82 - - [10/Jun/2022:11:00:46 +0800] "GET /xingrg/check_reg.html?_=1654830188698 HTTP/1.1" 200 22
222.69.129.153 - - [10/Jun/2022:11:00:48 +0800] "GET /xingrg/all/function/internal_message.html?_=1654830070650&CODE_STATE=getMsg HTTP/1.1" 200 27
114.88.162.248 - - [10/Jun/2022:11:00:51 +0800] "GET /xingrg/kc/buy/cgsh_order_operate.html?command=get_materiel&rest_code=00111&code=00101011005&supplier_code=00100012&order_time=2022-06-10 HTTP/1.1" 200 409
180.175.103.167 - - [10/Jun/2022:11:00:54 +0800] "POST /xingrg/kc/buy/cgsh_list_operate.html HTTP/1.1" 200 5376
101.85.54.219 - - [10/Jun/2022:11:00:57 +0800] "GET /xingrg/all/function/internal_message.html?_=1654830054436&CODE_STATE=getMsg HTTP/1.1" 200 27
180.175.103.167 - - [10/Jun/2022:11:00:58 +0800] "GET /xingrg/all/function/internal_message.html?_=1654829969754&CODE_STATE=getMsg HTTP/1.1" 200 27
120.253.135.82 - - [10/Jun/2022:11:00:59 +0800] "GET /xingrg/all/function/internal_message.html?_=1654830201548&CODE_STATE=getMsg HTTP/1.1" 200 27
58.40.7.146 - - [10/Jun/2022:11:00:59 +0800] "GET /xingrg/all/function/internal_message.html?_=1654830056451&CODE_STATE=getMsg HTTP/1.1" 200 27
58.39.61.91 - - [10/Jun/2022:11:01:05 +0800] "GET /xingrg/all/function/internal_message.html?_=1654830060414&CODE_STATE=getMsg HTTP/1.1" 200 27
180.175.103.167 - - [10/Jun/2022:11:01:13 +0800] "POST /xingrg/kc/buy/cgsh_list_operate.html HTTP/1.1" 200 3645
180.169.147.146 - - [10/Jun/2022:11:01:15 +0800] "GET /xingrg/all/function/internal_message.html?_=1654830071429&CODE_STATE=getMsg HTTP/1.1" 200 27
116.230.110.173 - - [10/Jun/2022:11:01:19 +0800] "GET /xingrg/all/function/internal_message.html?_=1654830076457&CODE_STATE=getMsg HTTP/1.1" 200 27
180.169.147.146 - - [10/Jun/2022:11:01:23 +0800] "GET /xingrg/all/function/internal_message.html?_=1654830074966&CODE_STATE=getMsg HTTP/1.1" 200 27
101.85.120.86 - - [10/Jun/2022:11:01:26 +0800] "GET /xingrg/all/function/internal_message.html?_=1654830082774&CODE_STATE=getMsg HTTP/1.1" 200 27
218.81.223.53 - - [10/Jun/2022:11:01:26 +0800] "GET /xingrg/kc/buy/cgsh_order_list.html HTTP/1.1" 200 51797
180.169.147.146 - - [10/Jun/2022:11:01:26 +0800] "GET /xingrg/all/function/internal_message.html?_=1654830083123&CODE_STATE=getMsg HTTP/1.1" 200 27
58.39.61.91 - - [10/Jun/2022:11:01:26 +0800] "GET /xingrg/all/function/internal_message.html?_=1654830032453&CODE_STATE=getMsg HTTP/1.1" 200 27
218.81.223.53 - - [10/Jun/2022:11:01:28 +0800] "POST /xingrg/kc/buy/cgsh_list_operate.html HTTP/1.1" 200 876
218.81.223.53 - - [10/Jun/2022:11:01:29 +0800] "GET /xingrg/all/function/internal_message.html?_=1654830104062&CODE_STATE=getMsg HTTP/1.1" 200 27
218.81.223.53 - - [10/Jun/2022:11:01:31 +0800] "GET /xingrg/kc/buy/cgsh_order_add.html HTTP/1.1" 200 67535
218.81.223.53 - - [10/Jun/2022:11:01:31 +0800] "GET /xingrg/javascript/json2.js HTTP/1.1" 304 -
218.81.223.53 - - [10/Jun/2022:11:01:31 +0800] "GET /xingrg/javascript/jquery_tools/order_manager.js HTTP/1.1" 304 -
218.81.223.53 - - [10/Jun/2022:11:01:31 +0800] "GET /xingrg/javascript/convert.js HTTP/1.1" 304 -
218.81.223.53 - - [10/Jun/2022:11:01:32 +0800] "POST /xingrg/kc/buy/cgsh_order_operate.html HTTP/1.1" 200 8245
218.81.223.53 - - [10/Jun/2022:11:01:32 +0800] "GET /xingrg/javascript/easyui/themes/default/validatebox.css HTTP/1.1" 404 1104
218.81.223.53 - - [10/Jun/2022:11:01:32 +0800] "GET /xingrg/javascript/easyui/plugins/jquery.validatebox.js HTTP/1.1" 304 -
218.81.223.53 - - [10/Jun/2022:11:01:32 +0800] "GET /xingrg/javascript/easyui/plugins/jquery.numberbox.js HTTP/1.1" 304 -
218.81.223.53 - - [10/Jun/2022:11:01:32 +0800] "GET /xingrg/all/common/auto_word.html?type=employee&rest_code=00146 HTTP/1.1" 200 101
218.81.223.53 - - [10/Jun/2022:11:01:32 +0800] "GET /xingrg/all/common/auto_word.html?type=employee&rest_code=00146 HTTP/1.1" 200 101
180.175.103.167 - - [10/Jun/2022:11:01:33 +0800] "GET /xingrg/all/function/internal_message.html?_=1654830092582&CODE_STATE=getMsg HTTP/1.1" 200 27
180.169.147.146 - - [10/Jun/2022:11:01:33 +0800] "GET /xingrg/all/function/internal_message.html?_=1654830089958&CODE_STATE=getMsg HTTP/1.1" 200 27
114.88.162.248 - - [10/Jun/2022:11:01:34 +0800] "GET /xingrg/kc/buy/cgsh_order_operate.html?command=get_materiel&rest_code=00111&code=00101012017&supplier_code=00100012&order_time=2022-06-10 HTTP/1.1" 200 427
116.228.172.94 - - [10/Jun/2022:11:01:39 +0800] "GET /xingrg/all/function/internal_message.html?_=1654829979004&CODE_STATE=getMsg HTTP/1.1" 200 27
116.228.172.94 - - [10/Jun/2022:11:01:39 +0800] "GET /xingrg/check_reg.html?_=1654829979011 HTTP/1.1" 200 22
180.169.147.146 - - [10/Jun/2022:11:01:41 +0800] "GET /xingrg/all/function/internal_message.html?_=1654830102478&CODE_STATE=getMsg HTTP/1.1" 200 27
114.88.162.248 - - [10/Jun/2022:11:01:41 +0800] "GET /xingrg/all/function/internal_message.html?_=1654830095047&CODE_STATE=getMsg HTTP/1.1" 200 27
222.69.129.153 - - [10/Jun/2022:11:01:48 +0800] "GET /xingrg/all/function/internal_message.html?_=1654830130643&CODE_STATE=getMsg HTTP/1.1" 200 27
101.85.54.219 - - [10/Jun/2022:11:01:57 +0800] "GET /xingrg/all/function/internal_message.html?_=1654830114437&CODE_STATE=getMsg HTTP/1.1" 200 27
180.175.103.167 - - [10/Jun/2022:11:01:58 +0800] "GET /xingrg/all/function/internal_message.html?_=1654830029751&CODE_STATE=getMsg HTTP/1.1" 200 27
120.253.135.82 - - [10/Jun/2022:11:01:59 +0800] "GET /xingrg/all/function/internal_message.html?_=1654830261563&CODE_STATE=getMsg HTTP/1.1" 200 27
58.40.7.146 - - [10/Jun/2022:11:01:59 +0800] "GET /xingrg/check_reg.html?_=1654830116453 HTTP/1.1" 200 22
58.40.7.146 - - [10/Jun/2022:11:01:59 +0800] "GET /xingrg/all/function/internal_message.html?_=1654830116455&CODE_STATE=getMsg HTTP/1.1" 200 27
114.88.162.248 - - [10/Jun/2022:11:02:04 +0800] "POST /xingrg/kc/buy/cgsh_order_operate.html HTTP/1.1" 200 37
58.39.61.91 - - [10/Jun/2022:11:02:05 +0800] "GET /xingrg/all/function/internal_message.html?_=1654830120426&CODE_STATE=getMsg HTTP/1.1" 200 27
114.88.162.248 - - [10/Jun/2022:11:02:06 +0800] "POST /xingrg/kc/buy/cgsh_order_operate.html HTTP/1.1" 200 5045
114.88.162.248 - - [10/Jun/2022:11:02:07 +0800] "GET /xingrg/kc/print/load_config.html?kc_code=cgsh HTTP/1.1" 200 1943
114.88.162.248 - - [10/Jun/2022:11:02:08 +0800] "GET /xingrg/kc/print/load_data.html?order_code=212022061001021&kc_code=cgsh&condition= HTTP/1.1" 200 1681
180.169.147.146 - - [10/Jun/2022:11:02:15 +0800] "GET /xingrg/all/function/internal_message.html?_=1654830131412&CODE_STATE=getMsg HTTP/1.1" 200 27
114.88.162.248 - - [10/Jun/2022:11:02:16 +0800] "GET /xingrg/kc/buy/cgsh_order_add.html HTTP/1.1" 200 67529
114.88.162.248 - - [10/Jun/2022:11:02:17 +0800] "POST /xingrg/kc/buy/cgsh_order_operate.html HTTP/1.1" 200 8245
114.88.162.248 - - [10/Jun/2022:11:02:17 +0800] "GET /xingrg/javascript/easyui/themes/default/validatebox.css HTTP/1.1" 404 1104
116.230.110.173 - - [10/Jun/2022:11:02:19 +0800] "GET /xingrg/check_reg.html?_=1654830136460 HTTP/1.1" 200 22
116.230.110.173 - - [10/Jun/2022:11:02:19 +0800] "GET /xingrg/all/function/internal_message.html?_=1654830136464&CODE_STATE=getMsg HTTP/1.1" 200 27
180.169.147.146 - - [10/Jun/2022:11:02:23 +0800] "GET /xingrg/all/function/internal_message.html?_=1654830134966&CODE_STATE=getMsg HTTP/1.1" 200 27
101.85.120.86 - - [10/Jun/2022:11:02:26 +0800] "GET /xingrg/check_reg.html?_=1654830142774 HTTP/1.1" 200 22
101.85.120.86 - - [10/Jun/2022:11:02:26 +0800] "GET /xingrg/all/function/internal_message.html?_=1654830142777&CODE_STATE=getMsg HTTP/1.1" 200 27
180.169.147.146 - - [10/Jun/2022:11:02:26 +0800] "GET /xingrg/check_reg.html?_=1654830143126 HTTP/1.1" 200 22
180.169.147.146 - - [10/Jun/2022:11:02:26 +0800] "GET /xingrg/all/function/internal_message.html?_=1654830143130&CODE_STATE=getMsg HTTP/1.1" 200 27
58.39.61.91 - - [10/Jun/2022:11:02:26 +0800] "GET /xingrg/all/function/internal_message.html?_=1654830092466&CODE_STATE=getMsg HTTP/1.1" 200 27
218.81.223.53 - - [10/Jun/2022:11:02:29 +0800] "GET /xingrg/all/function/internal_message.html?_=1654830164076&CODE_STATE=getMsg HTTP/1.1" 200 27
180.175.103.167 - - [10/Jun/2022:11:02:33 +0800] "GET /xingrg/all/function/internal_message.html?_=1654830152556&CODE_STATE=getMsg HTTP/1.1" 200 27
180.169.147.146 - - [10/Jun/2022:11:02:33 +0800] "GET /xingrg/all/function/internal_message.html?_=1654830149944&CODE_STATE=getMsg HTTP/1.1" 200 27
114.88.162.248 - - [10/Jun/2022:11:02:35 +0800] "GET /xingrg/kc/buy/cgsh_order_operate.html?command=get_materiel&rest_code=00111&code=00101016105&supplier_code=00100037&order_time=2022-06-10 HTTP/1.1" 200 409
116.228.172.94 - - [10/Jun/2022:11:02:39 +0800] "GET /xingrg/all/function/internal_message.html?_=1654830038987&CODE_STATE=getMsg HTTP/1.1" 200 27
180.175.103.167 - - [10/Jun/2022:11:02:40 +0800] "GET /xingrg/kc/buy/cgsh_order_operate.html?command=get_materiel&rest_code=00105&code=00101008175&supplier_code=00100203&order_time=2022-06-10 HTTP/1.1" 200 412
180.169.147.146 - - [10/Jun/2022:11:02:41 +0800] "GET /xingrg/all/function/internal_message.html?_=1654830162477&CODE_STATE=getMsg HTTP/1.1" 200 27
114.88.162.248 - - [10/Jun/2022:11:02:41 +0800] "GET /xingrg/all/function/internal_message.html?_=1654830155061&CODE_STATE=getMsg HTTP/1.1" 200 27
222.69.129.153 - - [10/Jun/2022:11:02:48 +0800] "GET /xingrg/check_reg.html?_=1654830190659 HTTP/1.1" 200 22
222.69.129.153 - - [10/Jun/2022:11:02:48 +0800] "GET /xingrg/all/function/internal_message.html?_=1654830190663&CODE_STATE=getMsg HTTP/1.1" 200 27
101.85.54.219 - - [10/Jun/2022:11:02:57 +0800] "GET /xingrg/all/function/internal_message.html?_=1654830174442&CODE_STATE=getMsg HTTP/1.1" 200 27
180.175.103.167 - - [10/Jun/2022:11:02:58 +0800] "GET /xingrg/all/function/internal_message.html?_=1654830089714&CODE_STATE=getMsg HTTP/1.1" 200 27
120.253.135.82 - - [10/Jun/2022:11:02:59 +0800] "GET /xingrg/all/function/internal_message.html?_=1654830321583&CODE_STATE=getMsg HTTP/1.1" 200 27
58.40.7.146 - - [10/Jun/2022:11:02:59 +0800] "GET /xingrg/all/function/internal_message.html?_=1654830176440&CODE_STATE=getMsg HTTP/1.1" 200 27
114.88.162.248 - - [10/Jun/2022:11:03:00 +0800] "GET /xingrg/kc/buy/cgsh_order_operate.html?command=get_materiel&rest_code=00111&code=00101008268&supplier_code=00100037&order_time=2022-06-10 HTTP/1.1" 200 410
58.39.61.91 - - [10/Jun/2022:11:03:05 +0800] "GET /xingrg/check_reg.html?_=1654830180405 HTTP/1.1" 200 22
58.39.61.91 - - [10/Jun/2022:11:03:05 +0800] "GET /xingrg/all/function/internal_message.html?_=1654830180411&CODE_STATE=getMsg HTTP/1.1" 200 27
114.88.162.248 - - [10/Jun/2022:11:03:11 +0800] "GET /xingrg/kc/buy/cgsh_order_operate.html?command=get_materiel&rest_code=00111&code=00101012025&supplier_code=00100037&order_time=2022-06-10 HTTP/1.1" 200 412
180.169.147.146 - - [10/Jun/2022:11:03:15 +0800] "GET /xingrg/all/function/internal_message.html?_=1654830191385&CODE_STATE=getMsg HTTP/1.1" 200 27
116.230.110.173 - - [10/Jun/2022:11:03:19 +0800] "GET /xingrg/all/function/internal_message.html?_=1654830196438&CODE_STATE=getMsg HTTP/1.1" 200 27
180.169.147.146 - - [10/Jun/2022:11:03:23 +0800] "GET /xingrg/all/function/internal_message.html?_=1654830194965&CODE_STATE=getMsg HTTP/1.1" 200 27
101.85.120.86 - - [10/Jun/2022:11:03:26 +0800] "GET /xingrg/all/function/internal_message.html?_=1654830202776&CODE_STATE=getMsg HTTP/1.1" 200 27
180.169.147.146 - - [10/Jun/2022:11:03:26 +0800] "GET /xingrg/all/function/internal_message.html?_=1654830203131&CODE_STATE=getMsg HTTP/1.1" 200 27
58.39.61.91 - - [10/Jun/2022:11:03:26 +0800] "GET /xingrg/all/function/internal_message.html?_=1654830152484&CODE_STATE=getMsg HTTP/1.1" 200 27
218.81.223.53 - - [10/Jun/2022:11:03:26 +0800] "GET /xingrg/check_reg.html?_=1654830221281 HTTP/1.1" 200 22
218.81.223.53 - - [10/Jun/2022:11:03:29 +0800] "GET /xingrg/all/function/internal_message.html?_=1654830224090&CODE_STATE=getMsg HTTP/1.1" 200 27
180.175.103.167 - - [10/Jun/2022:11:03:33 +0800] "GET /xingrg/all/function/internal_message.html?_=1654830212527&CODE_STATE=getMsg HTTP/1.1" 200 27
180.169.147.146 - - [10/Jun/2022:11:03:33 +0800] "GET /xingrg/all/function/internal_message.html?_=1654830209914&CODE_STATE=getMsg HTTP/1.1" 200 27
116.228.172.94 - - [10/Jun/2022:11:03:39 +0800] "GET /xingrg/all/function/internal_message.html?_=1654830098995&CODE_STATE=getMsg HTTP/1.1" 200 27
180.175.103.167 - - [10/Jun/2022:11:03:40 +0800] "GET /xingrg/kc/buy/cgsh_order_operate.html?command=get_materiel&rest_code=00105&code=00101008330&supplier_code=00100203&order_time=2022-06-10 HTTP/1.1" 200 408
180.169.147.146 - - [10/Jun/2022:11:03:41 +0800] "GET /xingrg/all/function/internal_message.html?_=1654830222475&CODE_STATE=getMsg HTTP/1.1" 200 27
114.88.162.248 - - [10/Jun/2022:11:03:41 +0800] "GET /xingrg/all/function/internal_message.html?_=1654830215053&CODE_STATE=getMsg HTTP/1.1" 200 27
114.88.162.248 - - [10/Jun/2022:11:03:47 +0800] "GET /xingrg/kc/buy/cgsh_order_operate.html?command=get_materiel&rest_code=00111&code=00101016022&supplier_code=00100037&order_time=2022-06-10 HTTP/1.1" 200 429
222.69.129.153 - - [10/Jun/2022:11:03:48 +0800] "GET /xingrg/all/function/internal_message.html?_=1654830250645&CODE_STATE=getMsg HTTP/1.1" 200 27
101.85.54.219 - - [10/Jun/2022:11:03:57 +0800] "GET /xingrg/all/function/internal_message.html?_=1654830234448&CODE_STATE=getMsg HTTP/1.1" 200 27
101.85.54.219 - - [10/Jun/2022:11:03:57 +0800] "GET /xingrg/check_reg.html?_=1654830234451 HTTP/1.1" 200 22
180.175.103.167 - - [10/Jun/2022:11:03:58 +0800] "GET /xingrg/all/function/internal_message.html?_=1654830149704&CODE_STATE=getMsg HTTP/1.1" 200 27
180.169.147.146 - - [10/Jun/2022:11:03:59 +0800] "GET /xingrg/check_reg.html?_=1654830237216 HTTP/1.1" 200 22
180.169.147.146 - - [10/Jun/2022:11:03:59 +0800] "GET /xingrg/all/function/internal_message.html?_=1654830237215&CODE_STATE=getMsg HTTP/1.1" 200 27
120.253.135.82 - - [10/Jun/2022:11:03:59 +0800] "GET /xingrg/all/function/internal_message.html?_=1654830381589&CODE_STATE=getMsg HTTP/1.1" 200 27
58.40.7.146 - - [10/Jun/2022:11:03:59 +0800] "GET /xingrg/all/function/internal_message.html?_=1654830236441&CODE_STATE=getMsg HTTP/1.1" 200 27
180.169.147.146 - - [10/Jun/2022:11:04:00 +0800] "GET /xingrg/kc/base/yddb_order_info.html?code=482022060600073 HTTP/1.1" 200 31490
180.169.147.146 - - [10/Jun/2022:11:04:00 +0800] "GET /xingrg/dwr/interface/AjaxComOrderService.js HTTP/1.1" 200 18264
180.169.147.146 - - [10/Jun/2022:11:04:00 +0800] "GET /xingrg/dwr/interface/AjaxYddbService.js HTTP/1.1" 200 13201
180.169.147.146 - - [10/Jun/2022:11:04:00 +0800] "GET /xingrg/dwr/engine.js HTTP/1.1" 200 43631
180.169.147.146 - - [10/Jun/2022:11:04:00 +0800] "GET /xingrg/javascript/jquery_easy_ui/themes/icons/check_new.png HTTP/1.1" 200 3224
180.169.147.146 - - [10/Jun/2022:11:04:00 +0800] "GET /xingrg/javascript/jquery_easy_ui/themes/icons/cance_new.png HTTP/1.1" 200 3986
180.169.147.146 - - [10/Jun/2022:11:04:00 +0800] "GET /xingrg/images/blue/button/kc_tab_add.gif HTTP/1.1" 200 375
180.169.147.146 - - [10/Jun/2022:11:04:00 +0800] "GET /xingrg/images/blue/button/kc_tab_edit.gif HTTP/1.1" 200 551
180.169.147.146 - - [10/Jun/2022:11:04:00 +0800] "GET /xingrg/images/blue/button/kc_tab_save.gif HTTP/1.1" 200 777
180.169.147.146 - - [10/Jun/2022:11:04:00 +0800] "GET /xingrg/images/blue/kc_tab2_right.gif HTTP/1.1" 200 192
180.169.147.146 - - [10/Jun/2022:11:04:00 +0800] "GET /xingrg/images/blue/kc_tab2_left.gif HTTP/1.1" 200 625
180.169.147.146 - - [10/Jun/2022:11:04:00 +0800] "GET /xingrg/images/blue/button/kc_tab_del.gif HTTP/1.1" 200 383
180.169.147.146 - - [10/Jun/2022:11:04:00 +0800] "POST /xingrg/dwr/call/plaincall/AjaxYddbService.loadMaterielItems.dwr HTTP/1.1" 200 1086
180.175.103.167 - - [10/Jun/2022:11:04:01 +0800] "GET /xingrg/kc/buy/cgsh_order_operate.html?command=get_materiel&rest_code=00105&code=00101008210&supplier_code=00100203&order_time=2022-06-10 HTTP/1.1" 200 408
180.169.147.146 - - [10/Jun/2022:11:04:04 +0800] "GET /xingrg/kc/buy/cgsh_order_list.html HTTP/1.1" 200 52052
180.169.147.146 - - [10/Jun/2022:11:04:04 +0800] "GET /xingrg/javascript/easyui/themes/icons/cance_new.png HTTP/1.1" 200 3986
180.169.147.146 - - [10/Jun/2022:11:04:04 +0800] "GET /xingrg/javascript/easyui/themes/icons/check_new.png HTTP/1.1" 200 3224
180.169.147.146 - - [10/Jun/2022:11:04:04 +0800] "GET /xingrg/javascript/easyui/themes/icons/uncheck_new.png HTTP/1.1" 200 3197
58.39.61.91 - - [10/Jun/2022:11:04:05 +0800] "GET /xingrg/all/function/internal_message.html?_=1654830240421&CODE_STATE=getMsg HTTP/1.1" 200 27
180.169.147.146 - - [10/Jun/2022:11:04:06 +0800] "POST /xingrg/kc/buy/cgsh_list_operate.html HTTP/1.1" 200 876
180.169.147.146 - - [10/Jun/2022:11:04:13 +0800] "GET /xingrg/javascript/jquery_tools/images/prev.gif HTTP/1.1" 404 1086
180.169.147.146 - - [10/Jun/2022:11:04:13 +0800] "GET /xingrg/javascript/jquery_tools/images/next.gif HTTP/1.1" 404 1086
180.169.147.146 - - [10/Jun/2022:11:04:15 +0800] "GET /xingrg/all/function/internal_message.html?_=1654830251367&CODE_STATE=getMsg HTTP/1.1" 200 27
180.175.103.167 - - [10/Jun/2022:11:04:18 +0800] "GET /xingrg/check_reg.html?_=1654830168972 HTTP/1.1" 200 22
116.230.110.173 - - [10/Jun/2022:11:04:19 +0800] "GET /xingrg/all/function/internal_message.html?_=1654830256457&CODE_STATE=getMsg HTTP/1.1" 200 27
180.169.147.146 - - [10/Jun/2022:11:04:20 +0800] "GET /xingrg/javascript/easyui/plugins/jquery.draggable.js HTTP/1.1" 200 6121
180.169.147.146 - - [10/Jun/2022:11:04:20 +0800] "GET /xingrg/css/images/panel_loading.gif HTTP/1.1" 200 1737
180.169.147.146 - - [10/Jun/2022:11:04:20 +0800] "GET /xingrg/javascript/easyui/plugins/jquery.droppable.js HTTP/1.1" 200 1167
180.169.147.146 - - [10/Jun/2022:11:04:20 +0800] "GET /xingrg/javascript/easyui/themes/default/tree.css HTTP/1.1" 404 1090
180.169.147.146 - - [10/Jun/2022:11:04:20 +0800] "GET /xingrg/javascript/easyui/plugins/jquery.tree.js HTTP/1.1" 200 20874
180.169.147.146 - - [10/Jun/2022:11:04:21 +0800] "POST /xingrg/all/common/load_tree.html?tree=supplier_tree_json&manage=1 HTTP/1.1" 200 67529
180.169.147.146 - - [10/Jun/2022:11:04:22 +0800] "GET /xingrg/javascript/easyui/themes/default/images/tree_arrows.gif HTTP/1.1" 200 617
180.169.147.146 - - [10/Jun/2022:11:04:22 +0800] "GET /xingrg/javascript/easyui/themes/default/images/tree_checkbox_0.gif HTTP/1.1" 200 168
180.169.147.146 - - [10/Jun/2022:11:04:22 +0800] "GET /xingrg/javascript/easyui/themes/default/images/tree_folder_open.gif HTTP/1.1" 200 956
180.169.147.146 - - [10/Jun/2022:11:04:22 +0800] "GET /xingrg/javascript/easyui/themes/default/images/tree_folder.gif HTTP/1.1" 200 952
180.169.147.146 - - [10/Jun/2022:11:04:22 +0800] "GET /xingrg/javascript/easyui/themes/default/images/tree_file.gif HTTP/1.1" 200 118
180.169.147.146 - - [10/Jun/2022:11:04:23 +0800] "GET /xingrg/all/function/internal_message.html?_=1654830254964&CODE_STATE=getMsg HTTP/1.1" 200 27
114.88.162.248 - - [10/Jun/2022:11:04:23 +0800] "POST /xingrg/kc/buy/cgsh_order_operate.html HTTP/1.1" 200 37
114.88.162.248 - - [10/Jun/2022:11:04:25 +0800] "POST /xingrg/kc/buy/cgsh_order_operate.html HTTP/1.1" 200 4440
101.85.120.86 - - [10/Jun/2022:11:04:26 +0800] "GET /xingrg/all/function/internal_message.html?_=1654830262776&CODE_STATE=getMsg HTTP/1.1" 200 27
180.169.147.146 - - [10/Jun/2022:11:04:26 +0800] "GET /xingrg/all/function/internal_message.html?_=1654830263125&CODE_STATE=getMsg HTTP/1.1" 200 27
58.39.61.91 - - [10/Jun/2022:11:04:26 +0800] "GET /xingrg/all/function/internal_message.html?_=1654830212493&CODE_STATE=getMsg HTTP/1.1" 200 27
180.175.103.167 - - [10/Jun/2022:11:04:27 +0800] "GET /xingrg/kc/buy/cgsh_order_operate.html?command=get_materiel&rest_code=00105&code=00101008244&supplier_code=00100203&order_time=2022-06-10 HTTP/1.1" 200 408
114.88.162.248 - - [10/Jun/2022:11:04:28 +0800] "GET /xingrg/kc/print/load_data.html?order_code=212022061001022&kc_code=cgsh&condition= HTTP/1.1" 200 1405
218.81.223.53 - - [10/Jun/2022:11:04:29 +0800] "GET /xingrg/all/function/internal_message.html?_=1654830284103&CODE_STATE=getMsg HTTP/1.1" 200 27
180.175.103.167 - - [10/Jun/2022:11:04:33 +0800] "GET /xingrg/all/function/internal_message.html?_=1654830272504&CODE_STATE=getMsg HTTP/1.1" 200 27
180.169.147.146 - - [10/Jun/2022:11:04:33 +0800] "GET /xingrg/all/function/internal_message.html?_=1654830269900&CODE_STATE=getMsg HTTP/1.1" 200 27
116.228.172.94 - - [10/Jun/2022:11:04:39 +0800] "GET /xingrg/all/function/internal_message.html?_=1654830158998&CODE_STATE=getMsg HTTP/1.1" 200 27
180.169.147.146 - - [10/Jun/2022:11:04:41 +0800] "GET /xingrg/all/function/internal_message.html?_=1654830282473&CODE_STATE=getMsg HTTP/1.1" 200 27
114.88.162.248 - - [10/Jun/2022:11:04:41 +0800] "GET /xingrg/check_reg.html?_=1654830275061 HTTP/1.1" 200 22
114.88.162.248 - - [10/Jun/2022:11:04:41 +0800] "GET /xingrg/all/function/internal_message.html?_=1654830275063&CODE_STATE=getMsg HTTP/1.1" 200 27
180.169.147.146 - - [10/Jun/2022:11:04:47 +0800] "GET /xingrg/javascript/easyui/themes/default/images/tree_checkbox_1.gif HTTP/1.1" 200 174
222.69.129.153 - - [10/Jun/2022:11:04:48 +0800] "GET /xingrg/all/function/internal_message.html?_=1654830310664&CODE_STATE=getMsg HTTP/1.1" 200 27
218.81.223.53 - - [10/Jun/2022:11:04:50 +0800] "GET /xingrg/javascript/auto/indicator.gif HTTP/1.1" 404 1066
218.81.223.53 - - [10/Jun/2022:11:04:53 +0800] "GET /xingrg/javascript/jquery_tools/images/prev.gif HTTP/1.1" 404 1086
218.81.223.53 - - [10/Jun/2022:11:04:53 +0800] "GET /xingrg/javascript/jquery_tools/images/next.gif HTTP/1.1" 404 1086
180.169.147.146 - - [10/Jun/2022:11:04:55 +0800] "POST /xingrg/kc/buy/cgsh_list_operate.html HTTP/1.1" 200 5866
101.85.54.219 - - [10/Jun/2022:11:04:57 +0800] "GET /xingrg/all/function/internal_message.html?_=1654830294437&CODE_STATE=getMsg HTTP/1.1" 200 27
180.175.103.167 - - [10/Jun/2022:11:04:58 +0800] "GET /xingrg/all/function/internal_message.html?_=1654830209676&CODE_STATE=getMsg HTTP/1.1" 200 27
180.169.147.146 - - [10/Jun/2022:11:04:59 +0800] "GET /xingrg/all/function/internal_message.html?_=1654830297241&CODE_STATE=getMsg HTTP/1.1" 200 27
120.253.135.82 - - [10/Jun/2022:11:04:59 +0800] "GET /xingrg/all/function/internal_message.html?_=1654830441609&CODE_STATE=getMsg HTTP/1.1" 200 27
58.40.7.146 - - [10/Jun/2022:11:04:59 +0800] "GET /xingrg/all/function/internal_message.html?_=1654830296444&CODE_STATE=getMsg HTTP/1.1" 200 27
180.175.103.167 - - [10/Jun/2022:11:05:01 +0800] "GET /xingrg/kc/buy/cgsh_order_operate.html?command=get_materiel&rest_code=00105&code=00101008351&supplier_code=00100203&order_time=2022-06-10 HTTP/1.1" 200 409
58.39.61.91 - - [10/Jun/2022:11:05:05 +0800] "GET /xingrg/all/function/internal_message.html?_=1654830300425&CODE_STATE=getMsg HTTP/1.1" 200 27
114.88.162.248 - - [10/Jun/2022:11:05:05 +0800] "GET /xingrg/kc/buy/cgsh_order_add.html HTTP/1.1" 200 67529
114.88.162.248 - - [10/Jun/2022:11:05:06 +0800] "POST /xingrg/kc/buy/cgsh_order_operate.html HTTP/1.1" 200 8245
114.88.162.248 - - [10/Jun/2022:11:05:06 +0800] "GET /xingrg/javascript/easyui/themes/default/validatebox.css HTTP/1.1" 404 1104
180.169.147.146 - - [10/Jun/2022:11:05:15 +0800] "GET /xingrg/all/function/internal_message.html?_=1654830311351&CODE_STATE=getMsg HTTP/1.1" 200 27
180.169.147.146 - - [10/Jun/2022:11:05:16 +0800] "GET /xingrg/check_reg.html?_=1654830311948 HTTP/1.1" 200 22
180.169.147.146 - - [10/Jun/2022:11:05:16 +0800] "GET /xingrg/check_reg.html?_=1654830312583 HTTP/1.1" 200 22
218.81.223.53 - - [10/Jun/2022:11:05:18 +0800] "GET /xingrg/kc/buy/cgsh_order_operate.html?command=get_materiel&rest_code=00146&code=00101004074&supplier_code=00100151&order_time=2022-06-09 HTTP/1.1" 200 406
180.175.103.167 - - [10/Jun/2022:11:05:19 +0800] "GET /xingrg/kc/buy/cgsh_order_operate.html?command=get_materiel&rest_code=00105&code=00101008186&supplier_code=00100203&order_time=2022-06-10 HTTP/1.1" 200 409
116.230.110.173 - - [10/Jun/2022:11:05:19 +0800] "GET /xingrg/all/function/internal_message.html?_=1654830316450&CODE_STATE=getMsg HTTP/1.1" 200 27
