172.20.0.100 - - [09/Jun/2022:09:41:37 +0800] "GET /xingrg/javascript/jquery_easy_ui/themes/icon.css HTTP/1.1" 304 -
172.20.0.100 - - [09/Jun/2022:09:41:37 +0800] "GET /xingrg/css/form.css HTTP/1.1" 304 -
172.20.0.100 - - [09/Jun/2022:09:41:37 +0800] "GET /xingrg/javascript/jquery-1.4.2.min.js HTTP/1.1" 304 -
172.20.0.100 - - [09/Jun/2022:09:41:37 +0800] "GET /xingrg/javascript/jquery_easy_ui/jquery.easyui.min.js HTTP/1.1" 304 -
172.20.0.100 - - [09/Jun/2022:09:41:37 +0800] "GET /xingrg/javascript/jquery_easy_ui/easyui-lang-zh_CN.js HTTP/1.1" 304 -
172.20.0.100 - - [09/Jun/2022:09:41:37 +0800] "GET /xingrg/javascript/jquery.form.js HTTP/1.1" 304 -
172.20.0.100 - - [09/Jun/2022:09:41:37 +0800] "GET /xingrg/javascript/jquery.utils.js HTTP/1.1" 304 -
172.20.0.100 - - [09/Jun/2022:09:41:37 +0800] "GET /xingrg/javascript/jquery.timers.js HTTP/1.1" 304 -
172.20.0.100 - - [09/Jun/2022:09:41:37 +0800] "GET /xingrg/images/blue/jxLogo.png HTTP/1.1" 304 -
172.20.0.100 - - [09/Jun/2022:09:41:37 +0800] "GET /xingrg/javascript/jquery_easy_ui/themes/icons/settle_new.png HTTP/1.1" 304 -
172.20.0.100 - - [09/Jun/2022:09:41:37 +0800] "GET /xingrg/images/blue/navBackgound.jpg HTTP/1.1" 304 -
172.20.0.100 - - [09/Jun/2022:09:41:37 +0800] "POST /xingrg/all/common/load_tree.html?tree=area_rest_tree_json&manage=1 HTTP/1.1" 200 3472
172.20.0.100 - - [09/Jun/2022:09:41:37 +0800] "GET /xingrg/all/function/internal_message.html?_=1654738895103&CODE_STATE=count HTTP/1.1" 200 11
172.20.0.100 - - [09/Jun/2022:09:41:37 +0800] "GET /xingrg/check_reg.html?_=1654738895104 HTTP/1.1" 200 22
172.20.0.100 - - [09/Jun/2022:09:41:37 +0800] "GET /xingrg/images/blue/pingpu.png HTTP/1.1" 304 -
172.20.0.100 - - [09/Jun/2022:09:41:37 +0800] "GET /xingrg/javascript/jquery_easy_ui/themes/default/images/panel_tool_expand.gif HTTP/1.1" 304 -
172.20.0.100 - - [09/Jun/2022:09:41:37 +0800] "GET /xingrg/javascript/jquery_easy_ui/themes/default/images/panel_tool_collapse.gif HTTP/1.1" 304 -
172.20.0.100 - - [09/Jun/2022:09:41:37 +0800] "GET /xingrg/javascript/jquery_easy_ui/themes/default/images/tabs_leftarrow.png HTTP/1.1" 304 -
172.20.0.100 - - [09/Jun/2022:09:41:37 +0800] "GET /xingrg/javascript/jquery_easy_ui/themes/default/images/tabs_rightarrow.png HTTP/1.1" 304 -
172.20.0.100 - - [09/Jun/2022:09:41:37 +0800] "POST /xingrg/load_menu.html HTTP/1.1" 200 9924
180.169.147.146 - - [09/Jun/2022:09:41:38 +0800] "GET /xingrg/all/function/internal_message.html?_=1654738896675&CODE_STATE=getMsg HTTP/1.1" 200 27
114.84.82.172 - - [09/Jun/2022:09:41:39 +0800] "GET /xingrg/all/function/internal_message.html?_=1654738896679&CODE_STATE=getMsg HTTP/1.1" 200 27
172.20.0.100 - - [09/Jun/2022:09:41:39 +0800] "GET /xingrg/kc/cost/cost_list.html HTTP/1.1" 200 6073
172.20.0.100 - - [09/Jun/2022:09:41:39 +0800] "GET /xingrg/dwr/interface/AjaxReportQueryService.js HTTP/1.1" 200 13203
172.20.0.100 - - [09/Jun/2022:09:41:39 +0800] "GET /xingrg/dwr/engine.js HTTP/1.1" 200 43631
222.69.129.230 - - [09/Jun/2022:09:41:40 +0800] "GET /xingrg/all/function/internal_message.html?_=1654738895346&CODE_STATE=getMsg HTTP/1.1" 200 27
172.20.0.100 - - [09/Jun/2022:09:41:40 +0800] "GET /xingrg/kc/cost/cost_operate.html?_=1654738897881&command=load_cost_list HTTP/1.1" 200 7473
114.88.162.248 - - [09/Jun/2022:09:41:43 +0800] "POST /xingrg/dwr/call/plaincall/AjaxQqpsService.getMaterielByCode.dwr HTTP/1.1" 200 2672
172.20.0.100 - - [09/Jun/2022:09:41:43 +0800] "GET /xingrg/kc/cost/cost_page.html HTTP/1.1" 200 4078
172.20.0.100 - - [09/Jun/2022:09:41:43 +0800] "GET /xingrg/dwr/interface/AjaxReportQueryService.js HTTP/1.1" 200 13203
172.20.0.100 - - [09/Jun/2022:09:41:43 +0800] "GET /xingrg/dwr/engine.js HTTP/1.1" 200 43631
172.20.0.100 - - [09/Jun/2022:09:41:45 +0800] "POST /xingrg/kc/cost/cost_operate.html HTTP/1.1" 200 4
116.230.110.173 - - [09/Jun/2022:09:41:45 +0800] "GET /xingrg/all/function/internal_message.html?_=1654738901512&CODE_STATE=getMsg HTTP/1.1" 200 27
172.20.0.100 - - [09/Jun/2022:09:41:46 +0800] "GET /xingrg/kc/cost/cost_page.html HTTP/1.1" 200 4348
172.20.0.100 - - [09/Jun/2022:09:41:46 +0800] "GET /xingrg/css/blue.css HTTP/1.1" 304 -
172.20.0.100 - - [09/Jun/2022:09:41:46 +0800] "GET /xingrg/javascript/jquery_easy_ui/themes/default/easyui.css HTTP/1.1" 304 -
172.20.0.100 - - [09/Jun/2022:09:41:46 +0800] "GET /xingrg/javascript/jquery_easy_ui/themes/icon.css HTTP/1.1" 304 -
172.20.0.100 - - [09/Jun/2022:09:41:46 +0800] "GET /xingrg/javascript/step/step.css HTTP/1.1" 304 -
172.20.0.100 - - [09/Jun/2022:09:41:46 +0800] "GET /xingrg/css/table.css HTTP/1.1" 304 -
172.20.0.100 - - [09/Jun/2022:09:41:46 +0800] "GET /xingrg/dwr/interface/AjaxReportQueryService.js HTTP/1.1" 200 13203
172.20.0.100 - - [09/Jun/2022:09:41:46 +0800] "GET /xingrg/dwr/engine.js HTTP/1.1" 200 43631
172.20.0.100 - - [09/Jun/2022:09:41:46 +0800] "GET /xingrg/dwr/util.js HTTP/1.1" 304 -
172.20.0.100 - - [09/Jun/2022:09:41:46 +0800] "GET /xingrg/javascript/jquery-1.4.2.min.js HTTP/1.1" 304 -
172.20.0.100 - - [09/Jun/2022:09:41:46 +0800] "GET /xingrg/javascript/jquery_easy_ui/jquery.easyui.min.js HTTP/1.1" 304 -
172.20.0.100 - - [09/Jun/2022:09:41:46 +0800] "GET /xingrg/javascript/jquery_easy_ui/easyui-lang-zh_CN.js HTTP/1.1" 304 -
172.20.0.100 - - [09/Jun/2022:09:41:46 +0800] "GET /xingrg/javascript/jquery.utils.js HTTP/1.1" 304 -
172.20.0.100 - - [09/Jun/2022:09:41:46 +0800] "GET /xingrg/images/control/ajaxLoader.gif HTTP/1.1" 304 -
180.169.147.146 - - [09/Jun/2022:09:41:50 +0800] "GET /xingrg/all/function/internal_message.html?_=1654738913206&CODE_STATE=getMsg HTTP/1.1" 200 27
180.169.147.146 - - [09/Jun/2022:09:41:50 +0800] "GET /xingrg/check_reg.html?_=1654738913208 HTTP/1.1" 200 22
180.175.103.167 - - [09/Jun/2022:09:41:52 +0800] "GET /xingrg/all/function/internal_message.html?_=1654738911959&CODE_STATE=getMsg HTTP/1.1" 200 27
114.88.162.248 - - [09/Jun/2022:09:41:56 +0800] "GET /xingrg/all/function/internal_message.html?_=1654738911297&CODE_STATE=getMsg HTTP/1.1" 200 27
218.81.223.53 - - [09/Jun/2022:09:42:01 +0800] "GET /xingrg/all/function/internal_message.html?_=1654738932460&CODE_STATE=getMsg HTTP/1.1" 200 27
180.175.103.167 - - [09/Jun/2022:09:42:03 +0800] "GET /xingrg/all/function/internal_message.html?_=1654738835808&CODE_STATE=getMsg HTTP/1.1" 200 27
120.253.135.82 - - [09/Jun/2022:09:42:08 +0800] "GET /xingrg/all/function/internal_message.html?_=1654738735037&CODE_STATE=getMsg HTTP/1.1" 200 27
172.20.0.100 - - [09/Jun/2022:09:42:11 +0800] "POST /xingrg/kc/cost/cost_operate.html HTTP/1.1" 200 4
172.20.0.100 - - [09/Jun/2022:09:42:13 +0800] "GET /xingrg/kc/cost/cost_page.html HTTP/1.1" 200 4078
172.20.0.100 - - [09/Jun/2022:09:42:13 +0800] "GET /xingrg/css/blue.css HTTP/1.1" 304 -
172.20.0.100 - - [09/Jun/2022:09:42:13 +0800] "GET /xingrg/javascript/jquery_easy_ui/themes/default/easyui.css HTTP/1.1" 304 -
172.20.0.100 - - [09/Jun/2022:09:42:13 +0800] "GET /xingrg/javascript/jquery_easy_ui/themes/icon.css HTTP/1.1" 304 -
172.20.0.100 - - [09/Jun/2022:09:42:13 +0800] "GET /xingrg/javascript/step/step.css HTTP/1.1" 304 -
172.20.0.100 - - [09/Jun/2022:09:42:13 +0800] "GET /xingrg/css/table.css HTTP/1.1" 304 -
172.20.0.100 - - [09/Jun/2022:09:42:13 +0800] "GET /xingrg/dwr/interface/AjaxReportQueryService.js HTTP/1.1" 200 13203
172.20.0.100 - - [09/Jun/2022:09:42:13 +0800] "GET /xingrg/dwr/engine.js HTTP/1.1" 200 43631
172.20.0.100 - - [09/Jun/2022:09:42:13 +0800] "GET /xingrg/dwr/util.js HTTP/1.1" 304 -
172.20.0.100 - - [09/Jun/2022:09:42:13 +0800] "GET /xingrg/javascript/jquery-1.4.2.min.js HTTP/1.1" 304 -
172.20.0.100 - - [09/Jun/2022:09:42:13 +0800] "GET /xingrg/javascript/jquery_easy_ui/jquery.easyui.min.js HTTP/1.1" 304 -
172.20.0.100 - - [09/Jun/2022:09:42:13 +0800] "GET /xingrg/javascript/jquery_easy_ui/easyui-lang-zh_CN.js HTTP/1.1" 304 -
172.20.0.100 - - [09/Jun/2022:09:42:13 +0800] "GET /xingrg/javascript/jquery.utils.js HTTP/1.1" 304 -
172.20.0.100 - - [09/Jun/2022:09:42:13 +0800] "GET /xingrg/images/control/ajaxLoader.gif HTTP/1.1" 304 -
114.88.162.248 - - [09/Jun/2022:09:42:14 +0800] "POST /xingrg/dwr/call/plaincall/AjaxQqpsService.saveMaterielItem.dwr HTTP/1.1" 200 79
114.88.162.248 - - [09/Jun/2022:09:42:14 +0800] "POST /xingrg/dwr/call/plaincall/AjaxQqpsService.saveOrder.dwr HTTP/1.1" 200 79
180.156.212.250 - - [09/Jun/2022:09:42:14 +0800] "GET /xingrg/all/function/internal_message.html?_=1654739001179&CODE_STATE=getMsg HTTP/1.1" 200 27
222.69.129.153 - - [09/Jun/2022:09:42:17 +0800] "GET /xingrg/kc/buy/cgsh_order_add.html HTTP/1.1" 200 66736
58.39.61.91 - - [09/Jun/2022:09:42:17 +0800] "GET /xingrg/all/function/internal_message.html?_=1654738884782&CODE_STATE=getMsg HTTP/1.1" 200 27
222.69.129.153 - - [09/Jun/2022:09:42:17 +0800] "POST /xingrg/kc/buy/cgsh_order_operate.html HTTP/1.1" 200 8245
222.69.129.153 - - [09/Jun/2022:09:42:17 +0800] "GET /xingrg/javascript/easyui/themes/default/validatebox.css HTTP/1.1" 404 1104
58.39.61.91 - - [09/Jun/2022:09:42:19 +0800] "GET /xingrg/all/function/internal_message.html?_=1654738934707&CODE_STATE=getMsg HTTP/1.1" 200 27
172.20.0.100 - - [09/Jun/2022:09:42:21 +0800] "POST /xingrg/all/user/operate.html HTTP/1.1" 200 36
172.20.0.100 - - [09/Jun/2022:09:42:22 +0800] "GET /xingrg/index.html?sysBaseUrl=http%3A%2F%2F172.20.0.8%3A18081%2Fxingrg%2F&costTime=40×tamp=1654738569151 HTTP/1.1" 200 17454
172.20.0.100 - - [09/Jun/2022:09:42:22 +0800] "GET /xingrg/javascript/jquery_easy_ui/themes/default/easyui.css HTTP/1.1" 304 -
172.20.0.100 - - [09/Jun/2022:09:42:22 +0800] "GET /xingrg/javascript/jquery_easy_ui/themes/icon.css HTTP/1.1" 304 -
172.20.0.100 - - [09/Jun/2022:09:42:22 +0800] "GET /xingrg/css/form.css HTTP/1.1" 304 -
172.20.0.100 - - [09/Jun/2022:09:42:22 +0800] "GET /xingrg/javascript/jquery-1.4.2.min.js HTTP/1.1" 304 -
172.20.0.100 - - [09/Jun/2022:09:42:22 +0800] "GET /xingrg/javascript/jquery_easy_ui/jquery.easyui.min.js HTTP/1.1" 304 -
172.20.0.100 - - [09/Jun/2022:09:42:22 +0800] "GET /xingrg/javascript/jquery_easy_ui/easyui-lang-zh_CN.js HTTP/1.1" 304 -
172.20.0.100 - - [09/Jun/2022:09:42:22 +0800] "GET /xingrg/javascript/jquery.form.js HTTP/1.1" 304 -
172.20.0.100 - - [09/Jun/2022:09:42:22 +0800] "GET /xingrg/javascript/jquery.utils.js HTTP/1.1" 304 -
172.20.0.100 - - [09/Jun/2022:09:42:22 +0800] "GET /xingrg/javascript/jquery.timers.js HTTP/1.1" 304 -
172.20.0.100 - - [09/Jun/2022:09:42:22 +0800] "GET /xingrg/images/blue/jxLogo.png HTTP/1.1" 304 -
172.20.0.100 - - [09/Jun/2022:09:42:22 +0800] "GET /xingrg/images/blue/navBackgound.jpg HTTP/1.1" 304 -
172.20.0.100 - - [09/Jun/2022:09:42:22 +0800] "GET /xingrg/javascript/jquery_easy_ui/themes/icons/settle_new.png HTTP/1.1" 304 -
172.20.0.100 - - [09/Jun/2022:09:42:22 +0800] "POST /xingrg/all/common/load_tree.html?tree=area_rest_tree_json&manage=1 HTTP/1.1" 200 3472
172.20.0.100 - - [09/Jun/2022:09:42:22 +0800] "GET /xingrg/all/function/internal_message.html?_=1654738940082&CODE_STATE=count HTTP/1.1" 200 11
172.20.0.100 - - [09/Jun/2022:09:42:22 +0800] "GET /xingrg/check_reg.html?_=1654738940084 HTTP/1.1" 200 22
172.20.0.100 - - [09/Jun/2022:09:42:22 +0800] "GET /xingrg/javascript/jquery_easy_ui/themes/default/images/tabs_leftarrow.png HTTP/1.1" 304 -
172.20.0.100 - - [09/Jun/2022:09:42:22 +0800] "GET /xingrg/images/blue/pingpu.png HTTP/1.1" 304 -
172.20.0.100 - - [09/Jun/2022:09:42:22 +0800] "GET /xingrg/javascript/jquery_easy_ui/themes/default/images/panel_tool_collapse.gif HTTP/1.1" 304 -
172.20.0.100 - - [09/Jun/2022:09:42:22 +0800] "GET /xingrg/javascript/jquery_easy_ui/themes/default/images/tabs_rightarrow.png HTTP/1.1" 304 -
172.20.0.100 - - [09/Jun/2022:09:42:22 +0800] "GET /xingrg/javascript/jquery_easy_ui/themes/default/images/panel_tool_expand.gif HTTP/1.1" 304 -
172.20.0.100 - - [09/Jun/2022:09:42:22 +0800] "POST /xingrg/load_menu.html HTTP/1.1" 200 9924
172.20.0.100 - - [09/Jun/2022:09:42:24 +0800] "GET /xingrg/kc/cost/cost_list.html HTTP/1.1" 200 6073
172.20.0.100 - - [09/Jun/2022:09:42:24 +0800] "GET /xingrg/dwr/interface/AjaxReportQueryService.js HTTP/1.1" 200 13203
172.20.0.100 - - [09/Jun/2022:09:42:24 +0800] "GET /xingrg/dwr/engine.js HTTP/1.1" 200 43631
172.20.0.100 - - [09/Jun/2022:09:42:24 +0800] "GET /xingrg/kc/cost/cost_operate.html?_=1654738942634&command=load_cost_list HTTP/1.1" 200 7533
58.35.194.53 - - [09/Jun/2022:09:42:27 +0800] "GET /xingrg/all/function/internal_message.html?_=1654738942829&CODE_STATE=getMsg HTTP/1.1" 200 27
222.69.129.153 - - [09/Jun/2022:09:42:33 +0800] "GET /xingrg/check_reg.html?_=1654738975573 HTTP/1.1" 200 22
222.69.129.153 - - [09/Jun/2022:09:42:33 +0800] "GET /xingrg/all/function/internal_message.html?_=1654738975577&CODE_STATE=getMsg HTTP/1.1" 200 27
114.88.162.248 - - [09/Jun/2022:09:42:37 +0800] "POST /xingrg/dwr/call/plaincall/AjaxQqpsService.getMaterielByCode.dwr HTTP/1.1" 200 2639
180.169.147.146 - - [09/Jun/2022:09:42:38 +0800] "GET /xingrg/all/function/internal_message.html?_=1654738956645&CODE_STATE=getMsg HTTP/1.1" 200 27
114.84.82.172 - - [09/Jun/2022:09:42:39 +0800] "GET /xingrg/all/function/internal_message.html?_=1654738956673&CODE_STATE=getMsg HTTP/1.1" 200 27
222.69.129.230 - - [09/Jun/2022:09:42:40 +0800] "GET /xingrg/all/function/internal_message.html?_=1654738955338&CODE_STATE=getMsg HTTP/1.1" 200 27
222.69.129.230 - - [09/Jun/2022:09:42:40 +0800] "GET /xingrg/check_reg.html?_=1654738955591 HTTP/1.1" 200 22
116.230.110.173 - - [09/Jun/2022:09:42:45 +0800] "GET /xingrg/check_reg.html?_=1654738961508 HTTP/1.1" 200 22
116.230.110.173 - - [09/Jun/2022:09:42:45 +0800] "GET /xingrg/all/function/internal_message.html?_=1654738961504&CODE_STATE=getMsg HTTP/1.1" 200 27
114.84.147.169 - - [09/Jun/2022:09:42:46 +0800] "GET /xingrg/check_reg.html?_=1654738690957 HTTP/1.1" 200 22
180.175.103.167 - - [09/Jun/2022:09:42:49 +0800] "GET /xingrg/check_reg.html?_=1654738881300 HTTP/1.1" 200 22
180.169.147.146 - - [09/Jun/2022:09:42:50 +0800] "GET /xingrg/all/function/internal_message.html?_=1654738973208&CODE_STATE=getMsg HTTP/1.1" 200 27
180.175.103.167 - - [09/Jun/2022:09:42:52 +0800] "GET /xingrg/all/function/internal_message.html?_=1654738971933&CODE_STATE=getMsg HTTP/1.1" 200 27
114.88.162.248 - - [09/Jun/2022:09:42:56 +0800] "GET /xingrg/all/function/internal_message.html?_=1654738971280&CODE_STATE=getMsg HTTP/1.1" 200 27
218.81.223.53 - - [09/Jun/2022:09:43:01 +0800] "GET /xingrg/all/function/internal_message.html?_=1654738992485&CODE_STATE=getMsg HTTP/1.1" 200 27
180.175.103.167 - - [09/Jun/2022:09:43:03 +0800] "GET /xingrg/all/function/internal_message.html?_=1654738895782&CODE_STATE=getMsg HTTP/1.1" 200 27
120.253.135.82 - - [09/Jun/2022:09:43:08 +0800] "GET /xingrg/all/function/internal_message.html?_=1654738795204&CODE_STATE=getMsg HTTP/1.1" 200 27
222.69.129.153 - - [09/Jun/2022:09:43:10 +0800] "GET /xingrg/kc/buy/cgsh_order_operate.html?command=get_materiel&rest_code=00154&code=00102011207&supplier_code=00100151&order_time=2022-06-09 HTTP/1.1" 200 417
180.156.212.250 - - [09/Jun/2022:09:43:14 +0800] "GET /xingrg/all/function/internal_message.html?_=1654739061196&CODE_STATE=getMsg HTTP/1.1" 200 27
58.39.61.91 - - [09/Jun/2022:09:43:16 +0800] "GET /xingrg/check_reg.html?_=1654738943984 HTTP/1.1" 200 22
58.39.61.91 - - [09/Jun/2022:09:43:17 +0800] "GET /xingrg/all/function/internal_message.html?_=1654738944827&CODE_STATE=getMsg HTTP/1.1" 200 27
58.39.61.91 - - [09/Jun/2022:09:43:19 +0800] "GET /xingrg/all/function/internal_message.html?_=1654738994698&CODE_STATE=getMsg HTTP/1.1" 200 27
172.20.0.100 - - [09/Jun/2022:09:43:22 +0800] "GET /xingrg/all/function/internal_message.html?_=1654739000096&CODE_STATE=getMsg HTTP/1.1" 200 27
58.35.194.53 - - [09/Jun/2022:09:43:27 +0800] "GET /xingrg/all/function/internal_message.html?_=1654739002815&CODE_STATE=getMsg HTTP/1.1" 200 27
114.88.162.248 - - [09/Jun/2022:09:43:32 +0800] "GET /xingrg/kc/mdqp/pssh_order_list.html HTTP/1.1" 200 17740
114.88.162.248 - - [09/Jun/2022:09:43:32 +0800] "POST /xingrg/kc/mdqp/pssh_list_operate.html HTTP/1.1" 200 5500
222.69.129.153 - - [09/Jun/2022:09:43:33 +0800] "GET /xingrg/all/function/internal_message.html?_=1654739035568&CODE_STATE=getMsg HTTP/1.1" 200 27
180.169.147.146 - - [09/Jun/2022:09:43:38 +0800] "GET /xingrg/all/function/internal_message.html?_=1654739016616&CODE_STATE=getMsg HTTP/1.1" 200 27
58.35.194.53 - - [09/Jun/2022:09:43:38 +0800] "GET /xingrg/check_reg.html?_=1654739013486 HTTP/1.1" 200 22
180.169.147.146 - - [09/Jun/2022:09:43:38 +0800] "GET /xingrg/check_reg.html?_=1654739017213 HTTP/1.1" 200 22
114.88.162.248 - - [09/Jun/2022:09:43:39 +0800] "POST /xingrg/kc/mdqp/pssh_list_operate.html HTTP/1.1" 200 260
114.84.82.172 - - [09/Jun/2022:09:43:39 +0800] "GET /xingrg/all/function/internal_message.html?_=1654739016674&CODE_STATE=getMsg HTTP/1.1" 200 27
222.69.129.230 - - [09/Jun/2022:09:43:40 +0800] "GET /xingrg/all/function/internal_message.html?_=1654739015325&CODE_STATE=getMsg HTTP/1.1" 200 27
116.230.110.173 - - [09/Jun/2022:09:43:45 +0800] "GET /xingrg/all/function/internal_message.html?_=1654739021515&CODE_STATE=getMsg HTTP/1.1" 200 27
218.81.223.53 - - [09/Jun/2022:09:43:45 +0800] "GET /xingrg/check_reg.html?_=1654739036378 HTTP/1.1" 200 22
114.88.162.248 - - [09/Jun/2022:09:43:45 +0800] "POST /xingrg/kc/mdqp/pssh_list_operate.html HTTP/1.1" 200 479
180.169.147.146 - - [09/Jun/2022:09:43:50 +0800] "GET /xingrg/all/function/internal_message.html?_=1654739033208&CODE_STATE=getMsg HTTP/1.1" 200 27
180.175.103.167 - - [09/Jun/2022:09:43:52 +0800] "GET /xingrg/all/function/internal_message.html?_=1654739031911&CODE_STATE=getMsg HTTP/1.1" 200 27
114.88.162.248 - - [09/Jun/2022:09:43:54 +0800] "GET /xingrg/kc/mdqp/pssh_order_info.html?code=312022060100009 HTTP/1.1" 200 14386
114.88.162.248 - - [09/Jun/2022:09:43:54 +0800] "GET /xingrg/javascript/jquery_tools/jquery-1.4.2.min.js HTTP/1.1" 404 1094
114.88.162.248 - - [09/Jun/2022:09:43:54 +0800] "POST /xingrg/kc/mdqp/pssh_order_operate.html HTTP/1.1" 200 1595
114.88.162.248 - - [09/Jun/2022:09:43:54 +0800] "GET /xingrg/javascript/easyui/themes/default/validatebox.css HTTP/1.1" 404 1104
114.88.162.248 - - [09/Jun/2022:09:43:56 +0800] "GET /xingrg/all/function/internal_message.html?_=1654739031307&CODE_STATE=getMsg HTTP/1.1" 200 27
222.69.129.153 - - [09/Jun/2022:09:43:59 +0800] "GET /xingrg/kc/buy/cgsh_order_operate.html?command=get_materiel&rest_code=00154&code=00102002557&supplier_code=00100151&order_time=2022-06-09 HTTP/1.1" 200 441
218.81.223.53 - - [09/Jun/2022:09:44:01 +0800] "GET /xingrg/all/function/internal_message.html?_=1654739052488&CODE_STATE=getMsg HTTP/1.1" 200 27
114.88.162.248 - - [09/Jun/2022:09:44:03 +0800] "POST /xingrg/kc/mdqp/pssh_list_operate.html HTTP/1.1" 200 259
180.175.103.167 - - [09/Jun/2022:09:44:03 +0800] "GET /xingrg/all/function/internal_message.html?_=1654738955768&CODE_STATE=getMsg HTTP/1.1" 200 27
114.88.162.248 - - [09/Jun/2022:09:44:05 +0800] "POST /xingrg/kc/mdqp/pssh_list_operate.html HTTP/1.1" 200 255
120.253.135.82 - - [09/Jun/2022:09:44:08 +0800] "GET /xingrg/all/function/internal_message.html?_=1654738855204&CODE_STATE=getMsg HTTP/1.1" 200 27
114.88.162.248 - - [09/Jun/2022:09:44:09 +0800] "POST /xingrg/kc/mdqp/pssh_list_operate.html HTTP/1.1" 200 5638
114.88.162.248 - - [09/Jun/2022:09:44:11 +0800] "POST /xingrg/kc/mdqp/pssh_list_operate.html HTTP/1.1" 200 479
114.88.162.248 - - [09/Jun/2022:09:44:13 +0800] "GET /xingrg/kc/mdqp/pssh_order_info.html?code=312022053000969 HTTP/1.1" 200 14386
114.88.162.248 - - [09/Jun/2022:09:44:13 +0800] "GET /xingrg/javascript/jquery_tools/jquery-1.4.2.min.js HTTP/1.1" 404 1094
114.88.162.248 - - [09/Jun/2022:09:44:13 +0800] "POST /xingrg/kc/mdqp/pssh_order_operate.html HTTP/1.1" 200 1592
114.88.162.248 - - [09/Jun/2022:09:44:13 +0800] "GET /xingrg/javascript/easyui/themes/default/validatebox.css HTTP/1.1" 404 1104
180.156.212.250 - - [09/Jun/2022:09:44:14 +0800] "GET /xingrg/all/function/internal_message.html?_=1654739121520&CODE_STATE=getMsg HTTP/1.1" 200 27
180.175.103.167 - - [09/Jun/2022:09:44:14 +0800] "GET /xingrg/kc/buy/buy_main.html HTTP/1.1" 200 12412
180.175.103.167 - - [09/Jun/2022:09:44:14 +0800] "GET /xingrg/css/new_ie.css HTTP/1.1" 404 1036
180.175.103.167 - - [09/Jun/2022:09:44:15 +0800] "GET /xingrg/images/yd/bt.gif HTTP/1.1" 404 1040
180.175.103.167 - - [09/Jun/2022:09:44:16 +0800] "GET /xingrg/kc/buy/cgsh_order_list.html HTTP/1.1" 200 51791
180.175.103.167 - - [09/Jun/2022:09:44:17 +0800] "POST /xingrg/kc/buy/cgsh_list_operate.html HTTP/1.1" 200 876
58.39.61.91 - - [09/Jun/2022:09:44:19 +0800] "GET /xingrg/all/function/internal_message.html?_=1654739054696&CODE_STATE=getMsg HTTP/1.1" 200 27
114.88.162.248 - - [09/Jun/2022:09:44:20 +0800] "POST /xingrg/kc/mdqp/pssh_list_operate.html HTTP/1.1" 200 5638
172.20.0.100 - - [09/Jun/2022:09:44:22 +0800] "GET /xingrg/all/function/internal_message.html?_=1654739060112&CODE_STATE=getMsg HTTP/1.1" 200 27
114.88.162.248 - - [09/Jun/2022:09:44:23 +0800] "POST /xingrg/kc/mdqp/pssh_list_operate.html HTTP/1.1" 200 262
180.175.103.167 - - [09/Jun/2022:09:44:23 +0800] "GET /xingrg/kc/buy/cgsh_order_add.html HTTP/1.1" 200 67655
180.175.103.167 - - [09/Jun/2022:09:44:24 +0800] "POST /xingrg/kc/buy/cgsh_order_operate.html HTTP/1.1" 200 8245
180.175.103.167 - - [09/Jun/2022:09:44:24 +0800] "GET /xingrg/all/common/auto_word.html?type=employee&rest_code=00105 HTTP/1.1" 200 193
180.175.103.167 - - [09/Jun/2022:09:44:24 +0800] "GET /xingrg/all/common/auto_word.html?type=employee&rest_code=00105 HTTP/1.1" 200 193
180.175.103.167 - - [09/Jun/2022:09:44:24 +0800] "GET /xingrg/javascript/easyui/themes/default/validatebox.css HTTP/1.1" 404 1104
180.156.212.250 - - [09/Jun/2022:09:44:24 +0800] "GET /xingrg/check_reg.html?_=1654739131320 HTTP/1.1" 200 22
180.175.103.167 - - [09/Jun/2022:09:44:27 +0800] "GET /xingrg/javascript/auto/indicator.gif HTTP/1.1" 404 1066
58.35.194.53 - - [09/Jun/2022:09:44:27 +0800] "GET /xingrg/all/function/internal_message.html?_=1654739062784&CODE_STATE=getMsg HTTP/1.1" 200 27
114.88.162.248 - - [09/Jun/2022:09:44:30 +0800] "GET /xingrg/kc/mdqp/pssh_order_info.html?code=312022052900939 HTTP/1.1" 200 14392
114.88.162.248 - - [09/Jun/2022:09:44:31 +0800] "GET /xingrg/javascript/jquery_tools/jquery-1.4.2.min.js HTTP/1.1" 404 1094
114.88.162.248 - - [09/Jun/2022:09:44:31 +0800] "POST /xingrg/kc/mdqp/pssh_order_operate.html HTTP/1.1" 200 538
114.88.162.248 - - [09/Jun/2022:09:44:31 +0800] "GET /xingrg/javascript/easyui/themes/default/validatebox.css HTTP/1.1" 404 1104
114.88.162.248 - - [09/Jun/2022:09:44:33 +0800] "POST /xingrg/kc/mdqp/pssh_list_operate.html HTTP/1.1" 200 5638
222.69.129.153 - - [09/Jun/2022:09:44:33 +0800] "GET /xingrg/all/function/internal_message.html?_=1654739095562&CODE_STATE=getMsg HTTP/1.1" 200 27
114.88.162.248 - - [09/Jun/2022:09:44:35 +0800] "POST /xingrg/kc/mdqp/pssh_list_operate.html HTTP/1.1" 200 569
180.169.147.146 - - [09/Jun/2022:09:44:38 +0800] "GET /xingrg/all/function/internal_message.html?_=1654739076592&CODE_STATE=getMsg HTTP/1.1" 200 27
114.88.162.248 - - [09/Jun/2022:09:44:38 +0800] "GET /xingrg/kc/mdqp/pssh_order_info.html?code=312022052800883 HTTP/1.1" 200 14386
114.88.162.248 - - [09/Jun/2022:09:44:38 +0800] "GET /xingrg/javascript/jquery_tools/jquery-1.4.2.min.js HTTP/1.1" 404 1094
114.88.162.248 - - [09/Jun/2022:09:44:38 +0800] "POST /xingrg/kc/mdqp/pssh_order_operate.html HTTP/1.1" 200 2102
114.88.162.248 - - [09/Jun/2022:09:44:38 +0800] "GET /xingrg/javascript/easyui/themes/default/validatebox.css HTTP/1.1" 404 1104
114.84.82.172 - - [09/Jun/2022:09:44:39 +0800] "GET /xingrg/all/function/internal_message.html?_=1654739076674&CODE_STATE=getMsg HTTP/1.1" 200 27
114.84.82.172 - - [09/Jun/2022:09:44:39 +0800] "GET /xingrg/check_reg.html?_=1654739076677 HTTP/1.1" 200 22
222.69.129.230 - - [09/Jun/2022:09:44:40 +0800] "GET /xingrg/all/function/internal_message.html?_=1654739075308&CODE_STATE=getMsg HTTP/1.1" 200 27
117.143.46.200 - - [09/Jun/2022:09:44:44 +0800] "GET /xingrg/check_reg.html?_=1654739082008 HTTP/1.1" 302 -
116.230.110.173 - - [09/Jun/2022:09:44:45 +0800] "GET /xingrg/all/function/internal_message.html?_=1654739081510&CODE_STATE=getMsg HTTP/1.1" 200 27
180.175.103.167 - - [09/Jun/2022:09:44:47 +0800] "GET /xingrg/kc/buy/cgsh_order_operate.html?command=get_materiel&rest_code=00105&code=00101009001&supplier_code=00100024&order_time=2022-06-09 HTTP/1.1" 200 416
114.88.162.248 - - [09/Jun/2022:09:44:48 +0800] "POST /xingrg/kc/mdqp/pssh_list_operate.html HTTP/1.1" 200 5638
114.88.162.248 - - [09/Jun/2022:09:44:49 +0800] "POST /xingrg/kc/mdqp/pssh_list_operate.html HTTP/1.1" 200 253
180.169.147.146 - - [09/Jun/2022:09:44:50 +0800] "GET /xingrg/all/function/internal_message.html?_=1654739093211&CODE_STATE=getMsg HTTP/1.1" 200 27
180.175.103.167 - - [09/Jun/2022:09:44:52 +0800] "GET /xingrg/all/function/internal_message.html?_=1654739091879&CODE_STATE=getMsg HTTP/1.1" 200 27
114.88.162.248 - - [09/Jun/2022:09:44:54 +0800] "POST /xingrg/kc/mdqp/pssh_list_operate.html HTTP/1.1" 200 257
114.88.162.248 - - [09/Jun/2022:09:44:56 +0800] "GET /xingrg/all/function/internal_message.html?_=1654739091286&CODE_STATE=getMsg HTTP/1.1" 200 27
114.88.162.248 - - [09/Jun/2022:09:44:57 +0800] "POST /xingrg/kc/mdqp/pssh_list_operate.html HTTP/1.1" 200 269
114.88.162.248 - - [09/Jun/2022:09:44:59 +0800] "POST /xingrg/kc/mdqp/pssh_list_operate.html HTTP/1.1" 200 818
114.88.162.248 - - [09/Jun/2022:09:45:01 +0800] "GET /xingrg/kc/mdqp/pssh_order_info.html?code=312022052400628 HTTP/1.1" 200 14386
114.88.162.248 - - [09/Jun/2022:09:45:01 +0800] "GET /xingrg/javascript/jquery_tools/jquery-1.4.2.min.js HTTP/1.1" 404 1094
114.88.162.248 - - [09/Jun/2022:09:45:01 +0800] "POST /xingrg/kc/mdqp/pssh_order_operate.html HTTP/1.1" 200 3691
114.88.162.248 - - [09/Jun/2022:09:45:01 +0800] "GET /xingrg/javascript/easyui/themes/default/validatebox.css HTTP/1.1" 404 1104
218.81.223.53 - - [09/Jun/2022:09:45:01 +0800] "GET /xingrg/all/function/internal_message.html?_=1654739112502&CODE_STATE=getMsg HTTP/1.1" 200 27
180.175.103.167 - - [09/Jun/2022:09:45:03 +0800] "GET /xingrg/all/function/internal_message.html?_=1654739015762&CODE_STATE=getMsg HTTP/1.1" 200 27
120.253.135.82 - - [09/Jun/2022:09:45:06 +0800] "GET /xingrg/check_reg.html?_=1654738913799 HTTP/1.1" 200 22
120.253.135.82 - - [09/Jun/2022:09:45:08 +0800] "GET /xingrg/all/function/internal_message.html?_=1654738915218&CODE_STATE=getMsg HTTP/1.1" 200 27
114.88.162.248 - - [09/Jun/2022:09:45:12 +0800] "POST /xingrg/kc/mdqp/pssh_list_operate.html HTTP/1.1" 200 5638
180.156.212.250 - - [09/Jun/2022:09:45:14 +0800] "GET /xingrg/all/function/internal_message.html?_=1654739181526&CODE_STATE=getMsg HTTP/1.1" 200 27
114.88.162.248 - - [09/Jun/2022:09:45:14 +0800] "POST /xingrg/kc/mdqp/pssh_list_operate.html HTTP/1.1" 200 818
114.88.162.248 - - [09/Jun/2022:09:45:18 +0800] "POST /xingrg/kc/mdqp/pssh_list_operate.html HTTP/1.1" 200 259
58.39.61.91 - - [09/Jun/2022:09:45:19 +0800] "GET /xingrg/all/function/internal_message.html?_=1654739114702&CODE_STATE=getMsg HTTP/1.1" 200 27
114.88.162.248 - - [09/Jun/2022:09:45:20 +0800] "POST /xingrg/kc/mdqp/pssh_list_operate.html HTTP/1.1" 200 264
172.20.0.100 - - [09/Jun/2022:09:45:22 +0800] "GET /xingrg/all/function/internal_message.html?_=1654739120106&CODE_STATE=getMsg HTTP/1.1" 200 27
114.88.162.248 - - [09/Jun/2022:09:45:24 +0800] "POST /xingrg/kc/mdqp/pssh_list_operate.html HTTP/1.1" 200 5639
180.175.103.167 - - [09/Jun/2022:09:45:25 +0800] "GET /xingrg/kc/buy/cgsh_order_operate.html?command=get_materiel&rest_code=00105&code=00101009124&supplier_code=00100024&order_time=2022-06-09 HTTP/1.1" 200 418
114.88.162.248 - - [09/Jun/2022:09:45:25 +0800] "POST /xingrg/kc/mdqp/pssh_list_operate.html HTTP/1.1" 200 746
58.35.194.53 - - [09/Jun/2022:09:45:27 +0800] "GET /xingrg/all/function/internal_message.html?_=1654739122771&CODE_STATE=getMsg HTTP/1.1" 200 27
114.88.162.248 - - [09/Jun/2022:09:45:31 +0800] "POST /xingrg/kc/mdqp/pssh_list_operate.html HTTP/1.1" 200 544
114.88.162.248 - - [09/Jun/2022:09:45:33 +0800] "POST /xingrg/kc/mdqp/pssh_list_operate.html HTTP/1.1" 200 454
222.69.129.153 - - [09/Jun/2022:09:45:33 +0800] "GET /xingrg/all/function/internal_message.html?_=1654739155554&CODE_STATE=getMsg HTTP/1.1" 200 27
114.88.162.248 - - [09/Jun/2022:09:45:36 +0800] "GET /xingrg/kc/mdqp/pssh_order_info.html?code=312022051900447 HTTP/1.1" 200 14386
114.88.162.248 - - [09/Jun/2022:09:45:36 +0800] "GET /xingrg/javascript/jquery_tools/jquery-1.4.2.min.js HTTP/1.1" 404 1094
114.88.162.248 - - [09/Jun/2022:09:45:36 +0800] "POST /xingrg/kc/mdqp/pssh_order_operate.html HTTP/1.1" 200 1551
114.88.162.248 - - [09/Jun/2022:09:45:36 +0800] "GET /xingrg/javascript/easyui/themes/default/validatebox.css HTTP/1.1" 404 1104
180.169.147.146 - - [09/Jun/2022:09:45:37 +0800] "GET /xingrg/all/function/internal_message.html?_=1654739136563&CODE_STATE=getMsg HTTP/1.1" 200 27
114.84.82.172 - - [09/Jun/2022:09:45:39 +0800] "GET /xingrg/all/function/internal_message.html?_=1654739136677&CODE_STATE=getMsg HTTP/1.1" 200 27
222.69.129.230 - - [09/Jun/2022:09:45:40 +0800] "GET /xingrg/all/function/internal_message.html?_=1654739135291&CODE_STATE=getMsg HTTP/1.1" 200 27
114.88.162.248 - - [09/Jun/2022:09:45:44 +0800] "POST /xingrg/kc/mdqp/pssh_list_operate.html HTTP/1.1" 200 5639
180.175.103.167 - - [09/Jun/2022:09:45:45 +0800] "POST /xingrg/kc/buy/cgsh_order_operate.html HTTP/1.1" 200 37
114.88.162.248 - - [09/Jun/2022:09:45:45 +0800] "POST /xingrg/kc/mdqp/pssh_list_operate.html HTTP/1.1" 200 268
116.230.110.173 - - [09/Jun/2022:09:45:45 +0800] "GET /xingrg/all/function/internal_message.html?_=1654739141514&CODE_STATE=getMsg HTTP/1.1" 200 27
180.175.103.167 - - [09/Jun/2022:09:45:46 +0800] "POST /xingrg/kc/buy/cgsh_order_operate.html HTTP/1.1" 200 3255
114.88.162.248 - - [09/Jun/2022:09:45:48 +0800] "POST /xingrg/kc/mdqp/pssh_list_operate.html HTTP/1.1" 200 271
180.169.147.146 - - [09/Jun/2022:09:45:50 +0800] "GET /xingrg/all/function/internal_message.html?_=1654739153213&CODE_STATE=getMsg HTTP/1.1" 200 27
180.175.103.167 - - [09/Jun/2022:09:45:50 +0800] "GET /xingrg/kc/print/load_config.html?kc_code=cgsh HTTP/1.1" 200 1943
180.175.103.167 - - [09/Jun/2022:09:45:50 +0800] "GET /xingrg/kc/print/load_data.html?order_code=212022060900899&kc_code=cgsh&condition= HTTP/1.1" 200 918
180.175.103.167 - - [09/Jun/2022:09:45:52 +0800] "GET /xingrg/all/function/internal_message.html?_=1654739151849&CODE_STATE=getMsg HTTP/1.1" 200 27
114.88.162.248 - - [09/Jun/2022:09:45:53 +0800] "GET /xingrg/kc/mdqp/pssh_order_info.html?code=312022051700398 HTTP/1.1" 200 14386
114.88.162.248 - - [09/Jun/2022:09:45:53 +0800] "GET /xingrg/javascript/jquery_tools/jquery-1.4.2.min.js HTTP/1.1" 404 1094
114.88.162.248 - - [09/Jun/2022:09:45:53 +0800] "POST /xingrg/kc/mdqp/pssh_order_operate.html HTTP/1.1" 200 541
114.88.162.248 - - [09/Jun/2022:09:45:53 +0800] "GET /xingrg/javascript/easyui/themes/default/validatebox.css HTTP/1.1" 404 1104
114.88.162.248 - - [09/Jun/2022:09:45:56 +0800] "GET /xingrg/all/function/internal_message.html?_=1654739151292&CODE_STATE=getMsg HTTP/1.1" 200 27
114.88.162.248 - - [09/Jun/2022:09:45:56 +0800] "GET /xingrg/check_reg.html?_=1654739151295 HTTP/1.1" 200 22
180.169.147.146 - - [09/Jun/2022:09:45:57 +0800] "GET /xingrg/check_reg.html?_=1654739159177 HTTP/1.1" 302 -
114.88.162.248 - - [09/Jun/2022:09:45:57 +0800] "POST /xingrg/kc/mdqp/pssh_list_operate.html HTTP/1.1" 200 5639
114.88.162.248 - - [09/Jun/2022:09:45:59 +0800] "POST /xingrg/kc/mdqp/pssh_list_operate.html HTTP/1.1" 200 253
218.81.223.53 - - [09/Jun/2022:09:46:01 +0800] "GET /xingrg/all/function/internal_message.html?_=1654739172527&CODE_STATE=getMsg HTTP/1.1" 200 27
114.88.162.248 - - [09/Jun/2022:09:46:02 +0800] "POST /xingrg/kc/mdqp/pssh_list_operate.html HTTP/1.1" 200 478
180.175.103.167 - - [09/Jun/2022:09:46:03 +0800] "GET /xingrg/all/function/internal_message.html?_=1654739075735&CODE_STATE=getMsg HTTP/1.1" 200 27
114.88.162.248 - - [09/Jun/2022:09:46:05 +0800] "GET /xingrg/kc/mdqp/pssh_order_info.html?code=312022051600373 HTTP/1.1" 200 14392
114.88.162.248 - - [09/Jun/2022:09:46:05 +0800] "GET /xingrg/javascript/jquery_tools/jquery-1.4.2.min.js HTTP/1.1" 404 1094
114.88.162.248 - - [09/Jun/2022:09:46:05 +0800] "POST /xingrg/kc/mdqp/pssh_order_operate.html HTTP/1.1" 200 1596
114.88.162.248 - - [09/Jun/2022:09:46:05 +0800] "GET /xingrg/javascript/easyui/themes/default/validatebox.css HTTP/1.1" 404 1104
120.253.135.82 - - [09/Jun/2022:09:46:08 +0800] "GET /xingrg/all/function/internal_message.html?_=1654738975231&CODE_STATE=getMsg HTTP/1.1" 200 27
114.88.162.248 - - [09/Jun/2022:09:46:10 +0800] "POST /xingrg/kc/mdqp/pssh_list_operate.html HTTP/1.1" 200 5639
114.88.162.248 - - [09/Jun/2022:09:46:11 +0800] "POST /xingrg/kc/mdqp/pssh_list_operate.html HTTP/1.1" 200 375
180.156.212.250 - - [09/Jun/2022:09:46:14 +0800] "GET /xingrg/all/function/internal_message.html?_=1654739241539&CODE_STATE=getMsg HTTP/1.1" 200 27
114.88.162.248 - - [09/Jun/2022:09:46:15 +0800] "GET /xingrg/kc/mdqp/pssh_order_info.html?code=312022051600386 HTTP/1.1" 200 14386
114.88.162.248 - - [09/Jun/2022:09:46:15 +0800] "GET /xingrg/javascript/jquery_tools/jquery-1.4.2.min.js HTTP/1.1" 404 1094
114.88.162.248 - - [09/Jun/2022:09:46:15 +0800] "POST /xingrg/kc/mdqp/pssh_order_operate.html HTTP/1.1" 200 1070
114.88.162.248 - - [09/Jun/2022:09:46:16 +0800] "GET /xingrg/javascript/easyui/themes/default/validatebox.css HTTP/1.1" 404 1104
114.88.162.248 - - [09/Jun/2022:09:46:18 +0800] "POST /xingrg/kc/mdqp/pssh_list_operate.html HTTP/1.1" 200 5639
58.39.61.91 - - [09/Jun/2022:09:46:19 +0800] "GET /xingrg/all/function/internal_message.html?_=1654739174701&CODE_STATE=getMsg HTTP/1.1" 200 27
58.39.61.91 - - [09/Jun/2022:09:46:19 +0800] "GET /xingrg/check_reg.html?_=1654739174708 HTTP/1.1" 200 22
114.88.162.248 - - [09/Jun/2022:09:46:20 +0800] "POST /xingrg/kc/mdqp/pssh_list_operate.html HTTP/1.1" 200 808
172.20.0.100 - - [09/Jun/2022:09:46:22 +0800] "GET /xingrg/all/function/internal_message.html?_=1654739180101&CODE_STATE=getMsg HTTP/1.1" 200 27
114.88.162.248 - - [09/Jun/2022:09:46:22 +0800] "POST /xingrg/kc/mdqp/pssh_list_operate.html HTTP/1.1" 200 259
114.88.162.248 - - [09/Jun/2022:09:46:25 +0800] "POST /xingrg/kc/mdqp/pssh_list_operate.html HTTP/1.1" 200 5641
114.88.162.248 - - [09/Jun/2022:09:46:27 +0800] "POST /xingrg/kc/mdqp/pssh_list_operate.html HTTP/1.1" 200 464
58.35.194.53 - - [09/Jun/2022:09:46:27 +0800] "GET /xingrg/all/function/internal_message.html?_=1654739182754&CODE_STATE=getMsg HTTP/1.1" 200 27
180.156.212.250 - - [09/Jun/2022:09:46:28 +0800] "POST /xingrg/services/DataTransmitService HTTP/1.1" 200 524
180.175.103.167 - - [09/Jun/2022:09:46:29 +0800] "GET /xingrg/check_reg.html?_=1654739188201 HTTP/1.1" 200 22
114.88.162.248 - - [09/Jun/2022:09:46:31 +0800] "POST /xingrg/kc/mdqp/pssh_list_operate.html HTTP/1.1" 200 253
222.69.129.153 - - [09/Jun/2022:09:46:33 +0800] "GET /xingrg/all/function/internal_message.html?_=1654739215576&CODE_STATE=getMsg HTTP/1.1" 200 27
114.88.162.248 - - [09/Jun/2022:09:46:34 +0800] "POST /xingrg/kc/mdqp/pssh_list_operate.html HTTP/1.1" 200 753
180.169.147.146 - - [09/Jun/2022:09:46:37 +0800] "GET /xingrg/all/function/internal_message.html?_=1654739196533&CODE_STATE=getMsg HTTP/1.1" 200 27
114.84.82.172 - - [09/Jun/2022:09:46:39 +0800] "GET /xingrg/all/function/internal_message.html?_=1654739196677&CODE_STATE=getMsg HTTP/1.1" 200 27
114.88.162.248 - - [09/Jun/2022:09:46:39 +0800] "POST /xingrg/kc/mdqp/pssh_list_operate.html HTTP/1.1" 200 262
222.69.129.230 - - [09/Jun/2022:09:46:40 +0800] "GET /xingrg/all/function/internal_message.html?_=1654739195274&CODE_STATE=getMsg HTTP/1.1" 200 27
114.88.162.248 - - [09/Jun/2022:09:46:43 +0800] "POST /xingrg/kc/mdqp/pssh_list_operate.html HTTP/1.1" 200 742
116.230.110.173 - - [09/Jun/2022:09:46:45 +0800] "GET /xingrg/all/function/internal_message.html?_=1654739201501&CODE_STATE=getMsg HTTP/1.1" 200 27
222.69.129.230 - - [09/Jun/2022:09:46:45 +0800] "GET /favicon.ico HTTP/1.1" 404 -
114.88.162.248 - - [09/Jun/2022:09:46:47 +0800] "POST /xingrg/kc/mdqp/pssh_list_operate.html HTTP/1.1" 200 269
114.88.162.248 - - [09/Jun/2022:09:46:49 +0800] "POST /xingrg/kc/mdqp/pssh_list_operate.html HTTP/1.1" 200 668
180.169.147.146 - - [09/Jun/2022:09:46:50 +0800] "GET /xingrg/check_reg.html?_=1654739213216 HTTP/1.1" 200 22
180.169.147.146 - - [09/Jun/2022:09:46:50 +0800] "GET /xingrg/all/function/internal_message.html?_=1654739213223&CODE_STATE=getMsg HTTP/1.1" 200 27
114.88.162.248 - - [09/Jun/2022:09:46:51 +0800] "POST /xingrg/kc/mdqp/pssh_list_operate.html HTTP/1.1" 200 600
180.175.103.167 - - [09/Jun/2022:09:46:52 +0800] "GET /xingrg/all/function/internal_message.html?_=1654739211818&CODE_STATE=getMsg HTTP/1.1" 200 27
114.88.162.248 - - [09/Jun/2022:09:46:53 +0800] "POST /xingrg/kc/mdqp/pssh_list_operate.html HTTP/1.1" 200 255
114.88.162.248 - - [09/Jun/2022:09:46:55 +0800] "POST /xingrg/kc/mdqp/pssh_list_operate.html HTTP/1.1" 200 263
114.88.162.248 - - [09/Jun/2022:09:46:56 +0800] "GET /xingrg/all/function/internal_message.html?_=1654739211288&CODE_STATE=getMsg HTTP/1.1" 200 27
114.88.162.248 - - [09/Jun/2022:09:46:58 +0800] "POST /xingrg/kc/mdqp/pssh_list_operate.html HTTP/1.1" 200 5632
114.88.162.248 - - [09/Jun/2022:09:47:00 +0800] "POST /xingrg/kc/mdqp/pssh_list_operate.html HTTP/1.1" 200 266
218.81.223.53 - - [09/Jun/2022:09:47:01 +0800] "GET /xingrg/all/function/internal_message.html?_=1654739232543&CODE_STATE=getMsg HTTP/1.1" 200 27
114.88.162.248 - - [09/Jun/2022:09:47:03 +0800] "POST /xingrg/kc/mdqp/pssh_list_operate.html HTTP/1.1" 200 266
180.175.103.167 - - [09/Jun/2022:09:47:03 +0800] "GET /xingrg/all/function/internal_message.html?_=1654739135721&CODE_STATE=getMsg HTTP/1.1" 200 27
114.88.162.248 - - [09/Jun/2022:09:47:06 +0800] "POST /xingrg/kc/mdqp/pssh_list_operate.html HTTP/1.1" 200 712
120.253.135.82 - - [09/Jun/2022:09:47:08 +0800] "GET /xingrg/all/function/internal_message.html?_=1654739035246&CODE_STATE=getMsg HTTP/1.1" 200 27
114.88.162.248 - - [09/Jun/2022:09:47:08 +0800] "GET /xingrg/kc/mdqp/pssh_order_info.html?code=312022050400094 HTTP/1.1" 200 14386
114.88.162.248 - - [09/Jun/2022:09:47:08 +0800] "GET /xingrg/javascript/jquery_tools/jquery-1.4.2.min.js HTTP/1.1" 404 1094
114.88.162.248 - - [09/Jun/2022:09:47:08 +0800] "POST /xingrg/kc/mdqp/pssh_order_operate.html HTTP/1.1" 200 2651
114.88.162.248 - - [09/Jun/2022:09:47:08 +0800] "GET /xingrg/javascript/easyui/themes/default/validatebox.css HTTP/1.1" 404 1104
180.156.212.250 - - [09/Jun/2022:09:47:15 +0800] "GET /xingrg/all/function/internal_message.html?_=1654739301903&CODE_STATE=getMsg HTTP/1.1" 200 27
114.88.162.248 - - [09/Jun/2022:09:47:17 +0800] "POST /xingrg/kc/mdqp/pssh_list_operate.html HTTP/1.1" 200 5632
114.88.162.248 - - [09/Jun/2022:09:47:18 +0800] "POST /xingrg/kc/mdqp/pssh_list_operate.html HTTP/1.1" 200 779
58.39.61.91 - - [09/Jun/2022:09:47:19 +0800] "GET /xingrg/all/function/internal_message.html?_=1654739234723&CODE_STATE=getMsg HTTP/1.1" 200 27
114.88.162.248 - - [09/Jun/2022:09:47:20 +0800] "GET /xingrg/kc/mdqp/pssh_order_info.html?code=312022050400095 HTTP/1.1" 200 14386
114.88.162.248 - - [09/Jun/2022:09:47:20 +0800] "GET /xingrg/javascript/jquery_tools/jquery-1.4.2.min.js HTTP/1.1" 404 1094
114.88.162.248 - - [09/Jun/2022:09:47:20 +0800] "POST /xingrg/kc/mdqp/pssh_order_operate.html HTTP/1.1" 200 3132
114.88.162.248 - - [09/Jun/2022:09:47:21 +0800] "GET /xingrg/javascript/easyui/themes/default/validatebox.css HTTP/1.1" 404 1104
172.20.0.100 - - [09/Jun/2022:09:47:22 +0800] "GET /xingrg/check_reg.html?_=1654739240101 HTTP/1.1" 200 22
172.20.0.100 - - [09/Jun/2022:09:47:22 +0800] "GET /xingrg/all/function/internal_message.html?_=1654739240103&CODE_STATE=getMsg HTTP/1.1" 200 27
58.35.194.53 - - [09/Jun/2022:09:47:27 +0800] "GET /xingrg/all/function/internal_message.html?_=1654739242740&CODE_STATE=getMsg HTTP/1.1" 200 27
222.69.129.153 - - [09/Jun/2022:09:47:33 +0800] "GET /xingrg/check_reg.html?_=1654739275583 HTTP/1.1" 200 22
222.69.129.153 - - [09/Jun/2022:09:47:33 +0800] "GET /xingrg/all/function/internal_message.html?_=1654739275584&CODE_STATE=getMsg HTTP/1.1" 200 27
180.169.147.146 - - [09/Jun/2022:09:47:37 +0800] "GET /xingrg/all/function/internal_message.html?_=1654739256519&CODE_STATE=getMsg HTTP/1.1" 200 27
114.84.82.172 - - [09/Jun/2022:09:47:39 +0800] "GET /xingrg/all/function/internal_message.html?_=1654739256678&CODE_STATE=getMsg HTTP/1.1" 200 27
222.69.129.230 - - [09/Jun/2022:09:47:40 +0800] "GET /xingrg/all/function/internal_message.html?_=1654739255262&CODE_STATE=getMsg HTTP/1.1" 200 27
222.69.129.230 - - [09/Jun/2022:09:47:40 +0800] "GET /xingrg/check_reg.html?_=1654739255591 HTTP/1.1" 200 22
180.169.147.146 - - [09/Jun/2022:09:47:44 +0800] "POST /xingrg/all/user/operate.html HTTP/1.1" 200 36
180.169.147.146 - - [09/Jun/2022:09:47:44 +0800] "GET /xingrg/index.html?sysBaseUrl=http%3A%2F%2F180.169.147.146%3A18081%2Fxingrg%2F&costTime=40×tamp=1654737511843 HTTP/1.1" 200 17509
180.169.147.146 - - [09/Jun/2022:09:47:44 +0800] "GET /xingrg/javascript/jquery_easy_ui/themes/default/easyui.css HTTP/1.1" 304 -
180.169.147.146 - - [09/Jun/2022:09:47:44 +0800] "GET /xingrg/javascript/jquery_easy_ui/themes/icon.css HTTP/1.1" 304 -
180.169.147.146 - - [09/Jun/2022:09:47:44 +0800] "GET /xingrg/css/form.css HTTP/1.1" 304 -
180.169.147.146 - - [09/Jun/2022:09:47:44 +0800] "GET /xingrg/javascript/jquery-1.4.2.min.js HTTP/1.1" 304 -
180.169.147.146 - - [09/Jun/2022:09:47:44 +0800] "GET /xingrg/javascript/jquery_easy_ui/jquery.easyui.min.js HTTP/1.1" 304 -
180.169.147.146 - - [09/Jun/2022:09:47:44 +0800] "GET /xingrg/javascript/jquery_easy_ui/easyui-lang-zh_CN.js HTTP/1.1" 304 -
180.169.147.146 - - [09/Jun/2022:09:47:44 +0800] "GET /xingrg/javascript/jquery.form.js HTTP/1.1" 304 -
180.169.147.146 - - [09/Jun/2022:09:47:44 +0800] "GET /xingrg/javascript/jquery.utils.js HTTP/1.1" 304 -
180.169.147.146 - - [09/Jun/2022:09:47:44 +0800] "GET /xingrg/javascript/jquery.timers.js HTTP/1.1" 304 -
180.169.147.146 - - [09/Jun/2022:09:47:44 +0800] "GET /xingrg/images/blue/jxLogo.png HTTP/1.1" 304 -
180.169.147.146 - - [09/Jun/2022:09:47:44 +0800] "GET /xingrg/images/blue/navBackgound.jpg HTTP/1.1" 304 -
180.169.147.146 - - [09/Jun/2022:09:47:44 +0800] "GET /xingrg/javascript/jquery_easy_ui/themes/icons/settle_new.png HTTP/1.1" 304 -
180.169.147.146 - - [09/Jun/2022:09:47:44 +0800] "POST /xingrg/all/common/load_tree.html?tree=area_rest_tree_json&manage=1 HTTP/1.1" 200 3472
180.169.147.146 - - [09/Jun/2022:09:47:44 +0800] "GET /xingrg/images/blue/pingpu.png HTTP/1.1" 304 -
180.169.147.146 - - [09/Jun/2022:09:47:44 +0800] "GET /xingrg/all/function/internal_message.html?_=1654739263392&CODE_STATE=count HTTP/1.1" 200 11
180.169.147.146 - - [09/Jun/2022:09:47:44 +0800] "POST /xingrg/load_menu.html HTTP/1.1" 200 9959
180.169.147.146 - - [09/Jun/2022:09:47:44 +0800] "GET /xingrg/check_reg.html?_=1654739263394 HTTP/1.1" 200 22
180.169.147.146 - - [09/Jun/2022:09:47:44 +0800] "GET /xingrg/javascript/jquery_easy_ui/themes/default/images/tabs_leftarrow.png HTTP/1.1" 304 -
180.169.147.146 - - [09/Jun/2022:09:47:44 +0800] "GET /xingrg/javascript/jquery_easy_ui/themes/default/images/panel_tool_collapse.gif HTTP/1.1" 304 -
180.169.147.146 - - [09/Jun/2022:09:47:44 +0800] "GET /xingrg/javascript/jquery_easy_ui/themes/default/images/tabs_rightarrow.png HTTP/1.1" 304 -
180.169.147.146 - - [09/Jun/2022:09:47:44 +0800] "GET /xingrg/javascript/jquery_easy_ui/themes/default/images/panel_tool_expand.gif HTTP/1.1" 304 -
180.169.147.146 - - [09/Jun/2022:09:47:44 +0800] "GET /xingrg/javascript/jquery_easy_ui/themes/icons/setting_new.png HTTP/1.1" 304 -
180.169.147.146 - - [09/Jun/2022:09:47:44 +0800] "GET /xingrg/javascript/jquery_easy_ui/themes/default/images/tree_folder_open.gif HTTP/1.1" 304 -
180.169.147.146 - - [09/Jun/2022:09:47:44 +0800] "GET /xingrg/javascript/jquery_easy_ui/themes/icons/systemset_new.png HTTP/1.1" 304 -
180.169.147.146 - - [09/Jun/2022:09:47:44 +0800] "GET /xingrg/javascript/jquery_easy_ui/themes/default/images/tree_file.gif HTTP/1.1" 304 -
180.169.147.146 - - [09/Jun/2022:09:47:44 +0800] "GET /xingrg/javascript/jquery_easy_ui/themes/icons/storage_new.png HTTP/1.1" 304 -
180.169.147.146 - - [09/Jun/2022:09:47:44 +0800] "GET /xingrg/javascript/jquery_easy_ui/themes/default/images/tree_folder.gif HTTP/1.1" 304 -
180.169.147.146 - - [09/Jun/2022:09:47:44 +0800] "GET /xingrg/javascript/jquery_easy_ui/themes/icons/forms_new.png HTTP/1.1" 304 -
180.169.147.146 - - [09/Jun/2022:09:47:44 +0800] "GET /xingrg/javascript/jquery_easy_ui/themes/icons/search_new.png HTTP/1.1" 304 -
180.169.147.146 - - [09/Jun/2022:09:47:44 +0800] "GET /xingrg/javascript/jquery_easy_ui/themes/default/images/tree_arrows.gif HTTP/1.1" 304 -
180.169.147.146 - - [09/Jun/2022:09:47:44 +0800] "GET /xingrg/javascript/jquery_easy_ui/themes/icons/checkout_new.png HTTP/1.1" 304 -
116.230.110.173 - - [09/Jun/2022:09:47:45 +0800] "GET /xingrg/all/function/internal_message.html?_=1654739261509&CODE_STATE=getMsg HTTP/1.1" 200 27
116.230.110.173 - - [09/Jun/2022:09:47:45 +0800] "GET /xingrg/check_reg.html?_=1654739261512 HTTP/1.1" 200 22
114.84.147.169 - - [09/Jun/2022:09:47:46 +0800] "GET /xingrg/check_reg.html?_=1654738990938 HTTP/1.1" 200 22
180.169.147.146 - - [09/Jun/2022:09:47:47 +0800] "GET /xingrg/kc/base/check_order_list.html HTTP/1.1" 200 16487
180.169.147.146 - - [09/Jun/2022:09:47:47 +0800] "POST /xingrg/kc/base/check_list_operate.html HTTP/1.1" 200 1914
180.175.103.167 - - [09/Jun/2022:09:47:49 +0800] "GET /xingrg/check_reg.html?_=1654739181308 HTTP/1.1" 200 22
114.88.162.248 - - [09/Jun/2022:09:47:49 +0800] "GET /xingrg/kc/mdqp/qqps_order_list.html HTTP/1.1" 200 10027
114.88.162.248 - - [09/Jun/2022:09:47:50 +0800] "GET /xingrg/dwr/interface/AjaxQqpsService.js HTTP/1.1" 200 16326
114.88.162.248 - - [09/Jun/2022:09:47:50 +0800] "GET /xingrg/dwr/interface/AjaxReportQueryService.js HTTP/1.1" 200 13203
114.88.162.248 - - [09/Jun/2022:09:47:50 +0800] "GET /xingrg/dwr/engine.js HTTP/1.1" 200 43631
180.169.147.146 - - [09/Jun/2022:09:47:50 +0800] "GET /xingrg/all/function/internal_message.html?_=1654739273223&CODE_STATE=getMsg HTTP/1.1" 200 27
180.175.103.167 - - [09/Jun/2022:09:47:52 +0800] "GET /xingrg/all/function/internal_message.html?_=1654739271794&CODE_STATE=getMsg HTTP/1.1" 200 27
114.88.162.248 - - [09/Jun/2022:09:47:53 +0800] "GET /xingrg/kc/mdqp/qqps_order_info.html?code=302022060900083 HTTP/1.1" 200 28241
114.88.162.248 - - [09/Jun/2022:09:47:53 +0800] "GET /xingrg/dwr/interface/AjaxQqpsService.js HTTP/1.1" 200 16326
114.88.162.248 - - [09/Jun/2022:09:47:53 +0800] "GET /xingrg/dwr/interface/AjaxComOrderService.js HTTP/1.1" 200 18264
114.88.162.248 - - [09/Jun/2022:09:47:53 +0800] "GET /xingrg/dwr/engine.js HTTP/1.1" 200 43631
114.88.162.248 - - [09/Jun/2022:09:47:53 +0800] "POST /xingrg/dwr/call/plaincall/AjaxQqpsService.loadMaterielItems.dwr HTTP/1.1" 200 1253
114.88.162.248 - - [09/Jun/2022:09:47:54 +0800] "GET /xingrg/images/yd/bt.gif HTTP/1.1" 404 1040
222.69.129.153 - - [09/Jun/2022:09:47:55 +0800] "GET /xingrg/kc/buy/cgsh_order_operate.html?command=get_materiel&rest_code=00154&code=00102002692&supplier_code=00100151&order_time=2022-06-09 HTTP/1.1" 200 414
180.169.147.146 - - [09/Jun/2022:09:47:56 +0800] "POST /xingrg/kc/base/check_list_operate.html HTTP/1.1" 200 2695
114.88.162.248 - - [09/Jun/2022:09:47:56 +0800] "GET /xingrg/all/function/internal_message.html?_=1654739271300&CODE_STATE=getMsg HTTP/1.1" 200 27
180.169.147.146 - - [09/Jun/2022:09:47:58 +0800] "GET /xingrg/kc/base/check_order_info.html?code=452022053100379 HTTP/1.1" 200 23124
180.169.147.146 - - [09/Jun/2022:09:47:58 +0800] "GET /xingrg/dwr/interface/AjaxComOrderService.js HTTP/1.1" 200 18264
180.169.147.146 - - [09/Jun/2022:09:47:58 +0800] "GET /xingrg/dwr/interface/AjaxCheckService.js HTTP/1.1" 200 14003
180.169.147.146 - - [09/Jun/2022:09:47:58 +0800] "GET /xingrg/dwr/engine.js HTTP/1.1" 200 43631
180.169.147.146 - - [09/Jun/2022:09:47:58 +0800] "GET /xingrg/javascript/jquery_easy_ui/themes/icons/exam_new.png HTTP/1.1" 200 756
180.169.147.146 - - [09/Jun/2022:09:47:58 +0800] "POST /xingrg/dwr/call/plaincall/AjaxCheckService.loadOrderItems.dwr HTTP/1.1" 200 943
218.81.223.53 - - [09/Jun/2022:09:48:01 +0800] "GET /xingrg/all/function/internal_message.html?_=1654739292571&CODE_STATE=getMsg HTTP/1.1" 200 27
180.175.103.167 - - [09/Jun/2022:09:48:03 +0800] "GET /xingrg/all/function/internal_message.html?_=1654739195694&CODE_STATE=getMsg HTTP/1.1" 200 27
120.253.135.82 - - [09/Jun/2022:09:48:08 +0800] "GET /xingrg/all/function/internal_message.html?_=1654739095402&CODE_STATE=getMsg HTTP/1.1" 200 27
180.169.147.146 - - [09/Jun/2022:09:48:09 +0800] "POST /xingrg/kc/base/check_list_operate.html HTTP/1.1" 200 1914
114.88.162.248 - - [09/Jun/2022:09:48:12 +0800] "POST /xingrg/dwr/call/plaincall/AjaxQqpsService.getMaterielByCode.dwr HTTP/1.1" 200 2663
180.156.212.250 - - [09/Jun/2022:09:48:15 +0800] "GET /xingrg/all/function/internal_message.html?_=1654739361909&CODE_STATE=getMsg HTTP/1.1" 200 27
114.88.162.248 - - [09/Jun/2022:09:48:18 +0800] "POST /xingrg/dwr/call/plaincall/AjaxQqpsService.saveMaterielItem.dwr HTTP/1.1" 200 78
58.39.61.91 - - [09/Jun/2022:09:48:19 +0800] "GET /xingrg/all/function/internal_message.html?_=1654739294721&CODE_STATE=getMsg HTTP/1.1" 200 27
172.20.0.100 - - [09/Jun/2022:09:48:22 +0800] "GET /xingrg/all/function/internal_message.html?_=1654739300101&CODE_STATE=getMsg HTTP/1.1" 200 27
58.35.194.53 - - [09/Jun/2022:09:48:27 +0800] "GET /xingrg/all/function/internal_message.html?_=1654739302725&CODE_STATE=getMsg HTTP/1.1" 200 27
222.69.129.153 - - [09/Jun/2022:09:48:33 +0800] "GET /xingrg/all/function/internal_message.html?_=1654739335570&CODE_STATE=getMsg HTTP/1.1" 200 27
114.88.162.248 - - [09/Jun/2022:09:48:35 +0800] "POST /xingrg/dwr/call/plaincall/AjaxQqpsService.saveOrder.dwr HTTP/1.1" 200 78
