58.39.61.91 - - [09/Jun/2022:10:20:36 +0800] "POST /xingrg/kc/buy/cgsh_list_operate.html HTTP/1.1" 200 2085
120.253.135.82 - - [09/Jun/2022:10:20:36 +0800] "GET /xingrg/kc/pszx/mdps_order_info.html?code=312022060600141 HTTP/1.1" 200 23976
120.253.135.82 - - [09/Jun/2022:10:20:36 +0800] "GET /xingrg/javascript/easyui/themes/default/validatebox.css HTTP/1.1" 404 1104
120.253.135.82 - - [09/Jun/2022:10:20:37 +0800] "POST /xingrg/kc/pszx/mdps_order_operate.html HTTP/1.1" 200 5398
58.39.61.91 - - [09/Jun/2022:10:20:39 +0800] "POST /xingrg/kc/buy/cgsh_list_operate.html HTTP/1.1" 200 571
114.84.82.172 - - [09/Jun/2022:10:20:39 +0800] "GET /xingrg/all/function/internal_message.html?_=1654741236751&CODE_STATE=getMsg HTTP/1.1" 302 -
222.69.129.230 - - [09/Jun/2022:10:20:39 +0800] "GET /xingrg/all/function/internal_message.html?_=1654741234701&CODE_STATE=getMsg HTTP/1.1" 302 -
58.39.61.91 - - [09/Jun/2022:10:20:42 +0800] "GET /xingrg/kc/buy/cgsh_order_info.html?code=212022060900910 HTTP/1.1" 200 67512
58.39.61.91 - - [09/Jun/2022:10:20:42 +0800] "GET /xingrg/javascript/easyui/themes/default/validatebox.css HTTP/1.1" 404 1104
58.39.61.91 - - [09/Jun/2022:10:20:42 +0800] "GET /xingrg/all/common/auto_word.html?type=employee&rest_code=00150 HTTP/1.1" 200 159
58.39.61.91 - - [09/Jun/2022:10:20:43 +0800] "GET /xingrg/all/common/auto_word.html?type=employee&rest_code=00150 HTTP/1.1" 200 159
58.39.61.91 - - [09/Jun/2022:10:20:43 +0800] "POST /xingrg/kc/buy/cgsh_order_operate.html HTTP/1.1" 200 13302
116.230.110.173 - - [09/Jun/2022:10:20:45 +0800] "GET /xingrg/all/function/internal_message.html?_=1654741241520&CODE_STATE=getMsg HTTP/1.1" 302 -
101.85.120.86 - - [09/Jun/2022:10:20:46 +0800] "GET /xingrg/all/function/internal_message.html?_=1654741242966&CODE_STATE=getMsg HTTP/1.1" 302 -
58.39.61.91 - - [09/Jun/2022:10:20:47 +0800] "GET /xingrg/javascript/auto/indicator.gif HTTP/1.1" 404 1066
120.253.135.82 - - [09/Jun/2022:10:20:49 +0800] "GET /xingrg/all/function/internal_message.html?_=1654741055968&CODE_STATE=getMsg HTTP/1.1" 200 27
180.169.147.146 - - [09/Jun/2022:10:20:50 +0800] "GET /xingrg/all/function/internal_message.html?_=1654741253256&CODE_STATE=getMsg HTTP/1.1" 302 -
180.169.147.146 - - [09/Jun/2022:10:20:51 +0800] "GET /xingrg/all/function/internal_message.html?_=1654741248803&CODE_STATE=getMsg HTTP/1.1" 302 -
180.175.103.167 - - [09/Jun/2022:10:20:51 +0800] "GET /xingrg/all/function/internal_message.html?_=1654741251061&CODE_STATE=getMsg HTTP/1.1" 302 -
120.253.135.82 - - [09/Jun/2022:10:20:51 +0800] "POST /xingrg/kc/pszx/mdps_order_operate.html HTTP/1.1" 200 37
58.39.61.91 - - [09/Jun/2022:10:20:52 +0800] "GET /xingrg/kc/buy/cgsh_order_operate.html?command=get_materiel&rest_code=00150&code=00101006184&supplier_code=00100007&order_time=2022-06-09 HTTP/1.1" 200 408
58.39.61.91 - - [09/Jun/2022:10:20:53 +0800] "GET /xingrg/all/function/internal_message.html?_=1654741201006&CODE_STATE=getMsg HTTP/1.1" 200 27
58.35.194.53 - - [09/Jun/2022:10:20:54 +0800] "GET /xingrg/kc/buy/cgsh_order_operate.html?command=get_materiel&rest_code=00156&code=00101008355&supplier_code=00100007&order_time=2022-06-01 HTTP/1.1" 200 408
114.88.162.248 - - [09/Jun/2022:10:20:56 +0800] "GET /xingrg/check_reg.html?_=1654741251349 HTTP/1.1" 302 -
114.88.162.248 - - [09/Jun/2022:10:20:56 +0800] "GET /xingrg/all/function/internal_message.html?_=1654741251351&CODE_STATE=getMsg HTTP/1.1" 302 -
180.169.147.146 - - [09/Jun/2022:10:20:57 +0800] "GET /xingrg/kc/base/check_order_info.html?code=452022053100477 HTTP/1.1" 200 26513
180.169.147.146 - - [09/Jun/2022:10:20:57 +0800] "GET /xingrg/dwr/interface/AjaxComOrderService.js HTTP/1.1" 200 18264
180.169.147.146 - - [09/Jun/2022:10:20:57 +0800] "GET /xingrg/dwr/interface/AjaxCheckService.js HTTP/1.1" 200 14003
180.169.147.146 - - [09/Jun/2022:10:20:57 +0800] "GET /xingrg/dwr/engine.js HTTP/1.1" 200 43631
120.253.135.82 - - [09/Jun/2022:10:20:57 +0800] "POST /xingrg/kc/pszx/mdps_order_operate.html HTTP/1.1" 200 12
180.169.147.146 - - [09/Jun/2022:10:20:57 +0800] "GET /xingrg/check_reg.html?_=1654741258980 HTTP/1.1" 302 -
180.169.147.146 - - [09/Jun/2022:10:20:57 +0800] "POST /xingrg/dwr/call/plaincall/AjaxCheckService.loadOrderItems.dwr HTTP/1.1" 200 310269
120.253.135.82 - - [09/Jun/2022:10:20:58 +0800] "GET /xingrg/kc/pszx/mdps_order_info.html?code=312022060600141 HTTP/1.1" 200 19636
120.253.135.82 - - [09/Jun/2022:10:20:59 +0800] "GET /xingrg/javascript/easyui/themes/default/validatebox.css HTTP/1.1" 404 1104
180.169.147.146 - - [09/Jun/2022:10:20:59 +0800] "GET /xingrg/all/function/internal_message.html?_=1654741252457&CODE_STATE=getMsg HTTP/1.1" 302 -
180.169.147.146 - - [09/Jun/2022:10:20:59 +0800] "GET /xingrg/all/function/internal_message.html?_=1654741258393&CODE_STATE=getMsg HTTP/1.1" 200 27
120.253.135.82 - - [09/Jun/2022:10:21:00 +0800] "POST /xingrg/kc/pszx/mdps_order_operate.html HTTP/1.1" 200 3592
120.253.135.82 - - [09/Jun/2022:10:21:01 +0800] "POST /xingrg/kc/pszx/mdps_list_operate.html HTTP/1.1" 200 1690
120.253.135.82 - - [09/Jun/2022:10:21:02 +0800] "POST /xingrg/kc/pszx/mdps_list_operate.html HTTP/1.1" 200 213
180.175.103.167 - - [09/Jun/2022:10:21:02 +0800] "GET /xingrg/all/function/internal_message.html?_=1654741175041&CODE_STATE=getMsg HTTP/1.1" 302 -
120.253.135.82 - - [09/Jun/2022:10:21:05 +0800] "GET /xingrg/kc/pszx/mdps_order_info.html?code=312022060700151 HTTP/1.1" 200 23978
120.253.135.82 - - [09/Jun/2022:10:21:05 +0800] "GET /xingrg/javascript/easyui/themes/default/validatebox.css HTTP/1.1" 404 1104
120.253.135.82 - - [09/Jun/2022:10:21:06 +0800] "POST /xingrg/kc/pszx/mdps_order_operate.html HTTP/1.1" 200 2307
58.39.61.91 - - [09/Jun/2022:10:21:06 +0800] "GET /xingrg/kc/buy/cgsh_order_operate.html?command=get_materiel&rest_code=00150&code=00101007061&supplier_code=00100007&order_time=2022-06-09 HTTP/1.1" 200 409
180.169.147.146 - - [09/Jun/2022:10:21:07 +0800] "GET /xingrg/all/function/internal_message.html?_=1654741264786&CODE_STATE=getMsg HTTP/1.1" 200 27
120.253.135.82 - - [09/Jun/2022:10:21:11 +0800] "POST /xingrg/kc/pszx/mdps_order_operate.html HTTP/1.1" 200 37
218.81.223.53 - - [09/Jun/2022:10:21:14 +0800] "GET /xingrg/all/function/internal_message.html?_=1654741285861&CODE_STATE=getMsg HTTP/1.1" 200 27
180.169.147.146 - - [09/Jun/2022:10:21:16 +0800] "GET /xingrg/kc/base/check_order_info.html?code=452022053100477 HTTP/1.1" 200 26513
180.169.147.146 - - [09/Jun/2022:10:21:16 +0800] "GET /xingrg/dwr/interface/AjaxComOrderService.js HTTP/1.1" 200 18264
180.169.147.146 - - [09/Jun/2022:10:21:16 +0800] "GET /xingrg/dwr/interface/AjaxCheckService.js HTTP/1.1" 200 14003
180.169.147.146 - - [09/Jun/2022:10:21:16 +0800] "GET /xingrg/dwr/engine.js HTTP/1.1" 200 43631
120.253.135.82 - - [09/Jun/2022:10:21:16 +0800] "POST /xingrg/kc/pszx/mdps_order_operate.html HTTP/1.1" 200 12
180.169.147.146 - - [09/Jun/2022:10:21:17 +0800] "POST /xingrg/dwr/call/plaincall/AjaxCheckService.loadOrderItems.dwr HTTP/1.1" 200 310269
58.39.61.91 - - [09/Jun/2022:10:21:17 +0800] "POST /xingrg/kc/buy/cgsh_order_operate.html HTTP/1.1" 200 37
58.39.61.91 - - [09/Jun/2022:10:21:19 +0800] "GET /xingrg/all/function/internal_message.html?_=1654741274795&CODE_STATE=getMsg HTTP/1.1" 302 -
58.39.61.91 - - [09/Jun/2022:10:21:19 +0800] "GET /xingrg/check_reg.html?_=1654741274797 HTTP/1.1" 302 -
58.39.61.91 - - [09/Jun/2022:10:21:19 +0800] "POST /xingrg/kc/buy/cgsh_order_operate.html HTTP/1.1" 200 14479
180.156.212.250 - - [09/Jun/2022:10:21:19 +0800] "GET /xingrg/all/function/internal_message.html?_=1654741346550&CODE_STATE=getMsg HTTP/1.1" 302 -
58.35.194.53 - - [09/Jun/2022:10:21:21 +0800] "GET /xingrg/kc/buy/cgsh_order_operate.html?command=get_materiel&rest_code=00156&code=00101008199&supplier_code=00100007&order_time=2022-06-01 HTTP/1.1" 200 408
58.35.194.53 - - [09/Jun/2022:10:21:24 +0800] "GET /xingrg/all/function/internal_message.html?_=1654741279813&CODE_STATE=getMsg HTTP/1.1" 200 27
180.175.103.167 - - [09/Jun/2022:10:21:29 +0800] "GET /xingrg/check_reg.html?_=1654741288248 HTTP/1.1" 302 -
180.169.147.146 - - [09/Jun/2022:10:21:33 +0800] "GET /xingrg/kc/base/check_order_info.html?code=452022053100480 HTTP/1.1" 200 26513
180.169.147.146 - - [09/Jun/2022:10:21:33 +0800] "GET /xingrg/dwr/interface/AjaxCheckService.js HTTP/1.1" 200 14003
180.169.147.146 - - [09/Jun/2022:10:21:33 +0800] "GET /xingrg/dwr/interface/AjaxComOrderService.js HTTP/1.1" 200 18264
222.69.129.153 - - [09/Jun/2022:10:21:33 +0800] "GET /xingrg/all/function/internal_message.html?_=1654741315566&CODE_STATE=getMsg HTTP/1.1" 302 -
180.169.147.146 - - [09/Jun/2022:10:21:33 +0800] "GET /xingrg/dwr/engine.js HTTP/1.1" 200 43631
180.169.147.146 - - [09/Jun/2022:10:21:34 +0800] "POST /xingrg/dwr/call/plaincall/AjaxCheckService.loadOrderItems.dwr HTTP/1.1" 200 4850
58.39.61.91 - - [09/Jun/2022:10:21:38 +0800] "GET /xingrg/kc/buy/cgsh_order_operate.html?command=get_materiel&rest_code=00150&code=00101006055&supplier_code=00100007&order_time=2022-06-09 HTTP/1.1" 200 409
114.84.82.172 - - [09/Jun/2022:10:21:39 +0800] "GET /xingrg/all/function/internal_message.html?_=1654741296752&CODE_STATE=getMsg HTTP/1.1" 302 -
222.69.129.230 - - [09/Jun/2022:10:21:39 +0800] "GET /xingrg/all/function/internal_message.html?_=1654741294712&CODE_STATE=getMsg HTTP/1.1" 302 -
116.230.110.173 - - [09/Jun/2022:10:21:45 +0800] "GET /xingrg/all/function/internal_message.html?_=1654741301519&CODE_STATE=getMsg HTTP/1.1" 302 -
101.85.120.86 - - [09/Jun/2022:10:21:46 +0800] "GET /xingrg/all/function/internal_message.html?_=1654741302993&CODE_STATE=getMsg HTTP/1.1" 302 -
101.85.120.86 - - [09/Jun/2022:10:21:46 +0800] "GET /xingrg/check_reg.html?_=1654741302995 HTTP/1.1" 302 -
58.39.61.91 - - [09/Jun/2022:10:21:48 +0800] "GET /xingrg/kc/buy/cgsh_order_operate.html?command=get_materiel&rest_code=00150&code=00101012039&supplier_code=00100007&order_time=2022-06-09 HTTP/1.1" 200 408
180.169.147.146 - - [09/Jun/2022:10:21:50 +0800] "GET /xingrg/all/function/internal_message.html?_=1654741313257&CODE_STATE=getMsg HTTP/1.1" 302 -
180.169.147.146 - - [09/Jun/2022:10:21:50 +0800] "GET /xingrg/check_reg.html?_=1654741313260 HTTP/1.1" 302 -
120.253.135.82 - - [09/Jun/2022:10:21:51 +0800] "GET /xingrg/kc/pszx/mdps_order_info.html?code=312022060700151 HTTP/1.1" 200 19638
180.169.147.146 - - [09/Jun/2022:10:21:51 +0800] "GET /xingrg/all/function/internal_message.html?_=1654741308804&CODE_STATE=getMsg HTTP/1.1" 302 -
120.253.135.82 - - [09/Jun/2022:10:21:51 +0800] "GET /xingrg/javascript/easyui/themes/default/validatebox.css HTTP/1.1" 404 1104
120.253.135.82 - - [09/Jun/2022:10:21:51 +0800] "GET /xingrg/all/function/internal_message.html?_=1654741118626&CODE_STATE=getMsg HTTP/1.1" 200 27
180.175.103.167 - - [09/Jun/2022:10:21:51 +0800] "GET /xingrg/all/function/internal_message.html?_=1654741311037&CODE_STATE=getMsg HTTP/1.1" 302 -
120.253.135.82 - - [09/Jun/2022:10:21:52 +0800] "POST /xingrg/kc/pszx/mdps_order_operate.html HTTP/1.1" 200 528
58.39.61.91 - - [09/Jun/2022:10:21:53 +0800] "GET /xingrg/all/function/internal_message.html?_=1654741261020&CODE_STATE=getMsg HTTP/1.1" 200 27
120.253.135.82 - - [09/Jun/2022:10:21:53 +0800] "POST /xingrg/kc/pszx/mdps_list_operate.html HTTP/1.1" 200 868
114.88.162.248 - - [09/Jun/2022:10:21:56 +0800] "GET /xingrg/all/function/internal_message.html?_=1654741311336&CODE_STATE=getMsg HTTP/1.1" 302 -
180.169.147.146 - - [09/Jun/2022:10:21:59 +0800] "GET /xingrg/all/function/internal_message.html?_=1654741312457&CODE_STATE=getMsg HTTP/1.1" 302 -
180.169.147.146 - - [09/Jun/2022:10:21:59 +0800] "GET /xingrg/check_reg.html?_=1654741318353 HTTP/1.1" 200 22
180.169.147.146 - - [09/Jun/2022:10:21:59 +0800] "GET /xingrg/all/function/internal_message.html?_=1654741318371&CODE_STATE=getMsg HTTP/1.1" 200 27
120.253.135.82 - - [09/Jun/2022:10:22:02 +0800] "POST /xingrg/kc/pszx/mdps_list_operate.html HTTP/1.1" 200 2434
180.175.103.167 - - [09/Jun/2022:10:22:02 +0800] "GET /xingrg/all/function/internal_message.html?_=1654741235011&CODE_STATE=getMsg HTTP/1.1" 302 -
120.253.135.82 - - [09/Jun/2022:10:22:03 +0800] "POST /xingrg/kc/pszx/mdps_list_operate.html HTTP/1.1" 200 644
58.35.194.53 - - [09/Jun/2022:10:22:05 +0800] "GET /xingrg/kc/buy/cgsh_order_operate.html?command=get_materiel&rest_code=00156&code=00101008264&supplier_code=00100007&order_time=2022-06-01 HTTP/1.1" 200 412
120.253.135.82 - - [09/Jun/2022:10:22:05 +0800] "GET /xingrg/kc/pszx/mdps_order_info.html?code=312022060800162 HTTP/1.1" 200 23978
120.253.135.82 - - [09/Jun/2022:10:22:05 +0800] "GET /xingrg/javascript/easyui/themes/default/validatebox.css HTTP/1.1" 404 1104
120.253.135.82 - - [09/Jun/2022:10:22:06 +0800] "POST /xingrg/kc/pszx/mdps_order_operate.html HTTP/1.1" 200 6815
180.169.147.146 - - [09/Jun/2022:10:22:07 +0800] "GET /xingrg/all/function/internal_message.html?_=1654741324786&CODE_STATE=getMsg HTTP/1.1" 200 27
58.39.61.91 - - [09/Jun/2022:10:22:10 +0800] "POST /xingrg/kc/buy/cgsh_order_operate.html HTTP/1.1" 200 37
120.253.135.82 - - [09/Jun/2022:10:22:11 +0800] "POST /xingrg/kc/pszx/mdps_order_operate.html HTTP/1.1" 200 37
58.39.61.91 - - [09/Jun/2022:10:22:12 +0800] "POST /xingrg/kc/buy/cgsh_order_operate.html HTTP/1.1" 200 15656
218.81.223.53 - - [09/Jun/2022:10:22:15 +0800] "GET /xingrg/all/function/internal_message.html?_=1654741345906&CODE_STATE=getMsg HTTP/1.1" 200 27
58.35.194.53 - - [09/Jun/2022:10:22:18 +0800] "POST /xingrg/all/common/load_select.html HTTP/1.1" 200 12
58.39.61.91 - - [09/Jun/2022:10:22:19 +0800] "GET /xingrg/all/function/internal_message.html?_=1654741334785&CODE_STATE=getMsg HTTP/1.1" 302 -
180.156.212.250 - - [09/Jun/2022:10:22:20 +0800] "GET /xingrg/all/function/internal_message.html?_=1654741406819&CODE_STATE=getMsg HTTP/1.1" 302 -
58.39.61.91 - - [09/Jun/2022:10:22:22 +0800] "POST /xingrg/all/user/operate.html HTTP/1.1" 200 36
58.39.61.91 - - [09/Jun/2022:10:22:22 +0800] "GET /xingrg/index.html?sysBaseUrl=http%3A%2F%2F180.169.147.146%3A18081%2Fxingrg%2F&costTime=1136×tamp=1654740867144 HTTP/1.1" 200 17177
58.39.61.91 - - [09/Jun/2022:10:22:22 +0800] "GET /xingrg/javascript/jquery_easy_ui/themes/default/easyui.css HTTP/1.1" 304 -
58.39.61.91 - - [09/Jun/2022:10:22:22 +0800] "GET /xingrg/javascript/jquery_easy_ui/themes/icon.css HTTP/1.1" 304 -
58.39.61.91 - - [09/Jun/2022:10:22:22 +0800] "GET /xingrg/css/form.css HTTP/1.1" 304 -
58.39.61.91 - - [09/Jun/2022:10:22:22 +0800] "GET /xingrg/javascript/jquery-1.4.2.min.js HTTP/1.1" 304 -
58.39.61.91 - - [09/Jun/2022:10:22:22 +0800] "GET /xingrg/javascript/jquery_easy_ui/jquery.easyui.min.js HTTP/1.1" 304 -
58.39.61.91 - - [09/Jun/2022:10:22:22 +0800] "GET /xingrg/javascript/jquery_easy_ui/easyui-lang-zh_CN.js HTTP/1.1" 304 -
58.39.61.91 - - [09/Jun/2022:10:22:22 +0800] "GET /xingrg/javascript/jquery.form.js HTTP/1.1" 304 -
58.39.61.91 - - [09/Jun/2022:10:22:22 +0800] "GET /xingrg/javascript/jquery.utils.js HTTP/1.1" 304 -
58.39.61.91 - - [09/Jun/2022:10:22:22 +0800] "GET /xingrg/javascript/jquery.timers.js HTTP/1.1" 304 -
58.39.61.91 - - [09/Jun/2022:10:22:22 +0800] "GET /xingrg/images/blue/jxLogo.png HTTP/1.1" 304 -
58.39.61.91 - - [09/Jun/2022:10:22:22 +0800] "GET /xingrg/images/blue/navBackgound.jpg HTTP/1.1" 304 -
58.39.61.91 - - [09/Jun/2022:10:22:22 +0800] "GET /xingrg/images/blue/pingpu.png HTTP/1.1" 304 -
58.39.61.91 - - [09/Jun/2022:10:22:22 +0800] "GET /xingrg/javascript/jquery_easy_ui/themes/icons/settle_new.png HTTP/1.1" 304 -
58.39.61.91 - - [09/Jun/2022:10:22:22 +0800] "GET /xingrg/javascript/jquery_easy_ui/themes/default/images/panel_tool_collapse.gif HTTP/1.1" 304 -
58.39.61.91 - - [09/Jun/2022:10:22:22 +0800] "GET /xingrg/all/function/internal_message.html?_=1654741290448&CODE_STATE=count HTTP/1.1" 200 11
58.39.61.91 - - [09/Jun/2022:10:22:22 +0800] "GET /xingrg/javascript/jquery_easy_ui/themes/default/images/tabs_leftarrow.png HTTP/1.1" 304 -
58.39.61.91 - - [09/Jun/2022:10:22:22 +0800] "GET /xingrg/javascript/jquery_easy_ui/themes/default/images/tabs_rightarrow.png HTTP/1.1" 304 -
58.39.61.91 - - [09/Jun/2022:10:22:22 +0800] "GET /xingrg/check_reg.html?_=1654741290449 HTTP/1.1" 200 22
58.39.61.91 - - [09/Jun/2022:10:22:23 +0800] "POST /xingrg/all/common/load_tree.html?tree=area_rest_tree_json&manage=1 HTTP/1.1" 200 476
58.39.61.91 - - [09/Jun/2022:10:22:23 +0800] "POST /xingrg/load_menu.html HTTP/1.1" 200 5138
58.35.194.53 - - [09/Jun/2022:10:22:24 +0800] "GET /xingrg/kc/buy/cgsh_order_operate.html?command=get_materiel_price&rest_code=00156&code=00101008264&unit_code=00100004&supplier_code=00100007&order_time=2022-06-01 HTTP/1.1" 200 27
58.35.194.53 - - [09/Jun/2022:10:22:24 +0800] "GET /xingrg/all/function/internal_message.html?_=1654741339813&CODE_STATE=getMsg HTTP/1.1" 200 27
58.35.194.53 - - [09/Jun/2022:10:22:31 +0800] "GET /xingrg/kc/buy/cgsh_order_operate.html?command=get_materiel&rest_code=00156&code=00101008637&supplier_code=00100007&order_time=2022-06-01 HTTP/1.1" 200 418
58.39.61.91 - - [09/Jun/2022:10:22:32 +0800] "GET /xingrg/kc/buy/cgsh_order_list.html HTTP/1.1" 200 51795
222.69.129.153 - - [09/Jun/2022:10:22:33 +0800] "GET /xingrg/all/function/internal_message.html?_=1654741375562&CODE_STATE=getMsg HTTP/1.1" 302 -
222.69.129.153 - - [09/Jun/2022:10:22:33 +0800] "GET /xingrg/check_reg.html?_=1654741375563 HTTP/1.1" 302 -
58.39.61.91 - - [09/Jun/2022:10:22:35 +0800] "POST /xingrg/kc/buy/cgsh_list_operate.html HTTP/1.1" 200 2086
58.39.61.91 - - [09/Jun/2022:10:22:38 +0800] "POST /xingrg/kc/buy/cgsh_list_operate.html HTTP/1.1" 200 555
114.84.82.172 - - [09/Jun/2022:10:22:39 +0800] "GET /xingrg/all/function/internal_message.html?_=1654741356755&CODE_STATE=getMsg HTTP/1.1" 302 -
222.69.129.230 - - [09/Jun/2022:10:22:39 +0800] "GET /xingrg/all/function/internal_message.html?_=1654741354696&CODE_STATE=getMsg HTTP/1.1" 302 -
222.69.129.230 - - [09/Jun/2022:10:22:40 +0800] "GET /xingrg/check_reg.html?_=1654741355554 HTTP/1.1" 302 -
58.39.61.91 - - [09/Jun/2022:10:22:40 +0800] "GET /xingrg/kc/buy/cgsh_order_info.html?code=212022060900912 HTTP/1.1" 200 67192
58.39.61.91 - - [09/Jun/2022:10:22:40 +0800] "GET /xingrg/javascript/easyui/themes/default/validatebox.css HTTP/1.1" 404 1104
58.39.61.91 - - [09/Jun/2022:10:22:41 +0800] "POST /xingrg/kc/buy/cgsh_order_operate.html HTTP/1.1" 200 9823
180.169.147.146 - - [09/Jun/2022:10:22:41 +0800] "POST /xingrg/kc/base/check_list_operate.html HTTP/1.1" 200 356
120.253.135.82 - - [09/Jun/2022:10:22:43 +0800] "POST /xingrg/kc/pszx/mdps_order_operate.html HTTP/1.1" 200 12
58.39.61.91 - - [09/Jun/2022:10:22:43 +0800] "GET /xingrg/javascript/auto/indicator.gif HTTP/1.1" 404 1066
116.230.110.173 - - [09/Jun/2022:10:22:45 +0800] "GET /xingrg/check_reg.html?_=1654741361511 HTTP/1.1" 302 -
120.253.135.82 - - [09/Jun/2022:10:22:45 +0800] "GET /xingrg/kc/pszx/mdps_order_info.html?code=312022060800162 HTTP/1.1" 200 19638
116.230.110.173 - - [09/Jun/2022:10:22:45 +0800] "GET /xingrg/all/function/internal_message.html?_=1654741361512&CODE_STATE=getMsg HTTP/1.1" 302 -
120.253.135.82 - - [09/Jun/2022:10:22:46 +0800] "GET /xingrg/javascript/easyui/themes/default/validatebox.css HTTP/1.1" 404 1104
114.84.147.169 - - [09/Jun/2022:10:22:46 +0800] "GET /xingrg/check_reg.html?_=1654741090821 HTTP/1.1" 302 -
101.85.120.86 - - [09/Jun/2022:10:22:46 +0800] "GET /xingrg/all/function/internal_message.html?_=1654741362996&CODE_STATE=getMsg HTTP/1.1" 302 -
120.253.135.82 - - [09/Jun/2022:10:22:46 +0800] "POST /xingrg/kc/pszx/mdps_order_operate.html HTTP/1.1" 200 4997
120.253.135.82 - - [09/Jun/2022:10:22:48 +0800] "POST /xingrg/kc/pszx/mdps_list_operate.html HTTP/1.1" 200 2062
58.39.61.91 - - [09/Jun/2022:10:22:48 +0800] "GET /xingrg/kc/buy/cgsh_order_operate.html?command=get_materiel&rest_code=00151&code=00101012059&supplier_code=00100007&order_time=2022-06-09 HTTP/1.1" 200 413
120.253.135.82 - - [09/Jun/2022:10:22:48 +0800] "GET /xingrg/check_reg.html?_=1654741175924 HTTP/1.1" 200 22
180.175.103.167 - - [09/Jun/2022:10:22:49 +0800] "GET /xingrg/check_reg.html?_=1654741281174 HTTP/1.1" 302 -
120.253.135.82 - - [09/Jun/2022:10:22:49 +0800] "POST /xingrg/kc/pszx/mdps_list_operate.html HTTP/1.1" 200 451
180.169.147.146 - - [09/Jun/2022:10:22:50 +0800] "GET /xingrg/all/function/internal_message.html?_=1654741373261&CODE_STATE=getMsg HTTP/1.1" 302 -
180.169.147.146 - - [09/Jun/2022:10:22:51 +0800] "GET /xingrg/all/function/internal_message.html?_=1654741368797&CODE_STATE=getMsg HTTP/1.1" 302 -
180.169.147.146 - - [09/Jun/2022:10:22:51 +0800] "GET /xingrg/check_reg.html?_=1654741368802 HTTP/1.1" 302 -
120.253.135.82 - - [09/Jun/2022:10:22:51 +0800] "GET /xingrg/all/function/internal_message.html?_=1654741178637&CODE_STATE=getMsg HTTP/1.1" 200 27
180.175.103.167 - - [09/Jun/2022:10:22:51 +0800] "GET /xingrg/all/function/internal_message.html?_=1654741371015&CODE_STATE=getMsg HTTP/1.1" 302 -
120.253.135.82 - - [09/Jun/2022:10:22:52 +0800] "POST /xingrg/kc/pszx/mdps_list_operate.html HTTP/1.1" 200 287
120.253.135.82 - - [09/Jun/2022:10:22:54 +0800] "GET /xingrg/kc/pszx/mdps_order_info.html?code=312022060800164 HTTP/1.1" 200 23978
120.253.135.82 - - [09/Jun/2022:10:22:54 +0800] "GET /xingrg/javascript/easyui/themes/default/validatebox.css HTTP/1.1" 404 1104
120.253.135.82 - - [09/Jun/2022:10:22:55 +0800] "POST /xingrg/kc/pszx/mdps_order_operate.html HTTP/1.1" 200 2794
114.88.162.248 - - [09/Jun/2022:10:22:56 +0800] "GET /xingrg/all/function/internal_message.html?_=1654741371336&CODE_STATE=getMsg HTTP/1.1" 302 -
180.169.147.146 - - [09/Jun/2022:10:22:59 +0800] "GET /xingrg/all/function/internal_message.html?_=1654741372457&CODE_STATE=getMsg HTTP/1.1" 302 -
180.169.147.146 - - [09/Jun/2022:10:22:59 +0800] "GET /xingrg/check_reg.html?_=1654741372460 HTTP/1.1" 302 -
120.253.135.82 - - [09/Jun/2022:10:23:00 +0800] "POST /xingrg/kc/pszx/mdps_order_operate.html HTTP/1.1" 200 37
58.39.61.91 - - [09/Jun/2022:10:23:01 +0800] "GET /xingrg/kc/buy/cgsh_order_operate.html?command=get_materiel&rest_code=00151&code=00101007125&supplier_code=00100007&order_time=2022-06-09 HTTP/1.1" 200 408
180.175.103.167 - - [09/Jun/2022:10:23:02 +0800] "GET /xingrg/all/function/internal_message.html?_=1654741294983&CODE_STATE=getMsg HTTP/1.1" 302 -
120.253.135.82 - - [09/Jun/2022:10:23:05 +0800] "POST /xingrg/kc/pszx/mdps_order_operate.html HTTP/1.1" 200 12
180.169.147.146 - - [09/Jun/2022:10:23:07 +0800] "GET /xingrg/all/function/internal_message.html?_=1654741384782&CODE_STATE=getMsg HTTP/1.1" 200 27
120.253.135.82 - - [09/Jun/2022:10:23:08 +0800] "GET /xingrg/kc/pszx/mdps_order_info.html?code=312022060800164 HTTP/1.1" 200 19638
120.253.135.82 - - [09/Jun/2022:10:23:09 +0800] "GET /xingrg/javascript/easyui/themes/default/validatebox.css HTTP/1.1" 404 1104
120.253.135.82 - - [09/Jun/2022:10:23:09 +0800] "POST /xingrg/kc/pszx/mdps_order_operate.html HTTP/1.1" 200 1011
58.35.194.53 - - [09/Jun/2022:10:23:10 +0800] "GET /xingrg/kc/buy/cgsh_order_operate.html?command=get_materiel&rest_code=00156&code=00101008323&supplier_code=00100007&order_time=2022-06-01 HTTP/1.1" 200 408
120.253.135.82 - - [09/Jun/2022:10:23:11 +0800] "POST /xingrg/kc/pszx/mdps_list_operate.html HTTP/1.1" 200 1690
120.253.135.82 - - [09/Jun/2022:10:23:12 +0800] "POST /xingrg/kc/pszx/mdps_list_operate.html HTTP/1.1" 200 451
218.81.223.53 - - [09/Jun/2022:10:23:15 +0800] "GET /xingrg/all/function/internal_message.html?_=1654741405944&CODE_STATE=getMsg HTTP/1.1" 200 27
58.39.61.91 - - [09/Jun/2022:10:23:16 +0800] "POST /xingrg/kc/buy/cgsh_order_operate.html HTTP/1.1" 200 37
58.39.61.91 - - [09/Jun/2022:10:23:18 +0800] "POST /xingrg/kc/buy/cgsh_order_operate.html HTTP/1.1" 200 11021
58.39.61.91 - - [09/Jun/2022:10:23:19 +0800] "GET /xingrg/all/function/internal_message.html?_=1654741394783&CODE_STATE=getMsg HTTP/1.1" 302 -
180.156.212.250 - - [09/Jun/2022:10:23:20 +0800] "GET /xingrg/all/function/internal_message.html?_=1654741466836&CODE_STATE=getMsg HTTP/1.1" 302 -
58.39.61.91 - - [09/Jun/2022:10:23:22 +0800] "GET /xingrg/all/function/internal_message.html?_=1654741350455&CODE_STATE=getMsg HTTP/1.1" 200 27
58.35.194.53 - - [09/Jun/2022:10:23:24 +0800] "GET /xingrg/all/function/internal_message.html?_=1654741399805&CODE_STATE=getMsg HTTP/1.1" 200 27
58.35.194.53 - - [09/Jun/2022:10:23:24 +0800] "GET /xingrg/kc/buy/cgsh_order_operate.html?command=get_materiel&rest_code=00156&code=00101008087&supplier_code=00100007&order_time=2022-06-01 HTTP/1.1" 200 412
114.84.82.172 - - [09/Jun/2022:10:23:26 +0800] "GET /favicon.ico HTTP/1.1" 404 -
180.169.147.146 - - [09/Jun/2022:10:23:33 +0800] "GET /xingrg/all/function/internal_message.html?_=1654741412039&CODE_STATE=getMsg HTTP/1.1" 200 27
222.69.129.153 - - [09/Jun/2022:10:23:33 +0800] "GET /xingrg/all/function/internal_message.html?_=1654741435565&CODE_STATE=getMsg HTTP/1.1" 302 -
180.169.147.146 - - [09/Jun/2022:10:23:36 +0800] "GET /xingrg/kc/base/check_order_info.html?code=452022053100477 HTTP/1.1" 200 26513
180.169.147.146 - - [09/Jun/2022:10:23:36 +0800] "GET /xingrg/dwr/interface/AjaxComOrderService.js HTTP/1.1" 200 18264
180.169.147.146 - - [09/Jun/2022:10:23:36 +0800] "GET /xingrg/dwr/interface/AjaxCheckService.js HTTP/1.1" 200 14003
180.169.147.146 - - [09/Jun/2022:10:23:36 +0800] "GET /xingrg/dwr/engine.js HTTP/1.1" 200 43631
180.169.147.146 - - [09/Jun/2022:10:23:37 +0800] "POST /xingrg/dwr/call/plaincall/AjaxCheckService.loadOrderItems.dwr HTTP/1.1" 200 310269
222.69.129.230 - - [09/Jun/2022:10:23:39 +0800] "GET /xingrg/all/function/internal_message.html?_=1654741414665&CODE_STATE=getMsg HTTP/1.1" 302 -
114.84.82.172 - - [09/Jun/2022:10:23:39 +0800] "GET /xingrg/all/function/internal_message.html?_=1654741416756&CODE_STATE=getMsg HTTP/1.1" 302 -
180.169.147.146 - - [09/Jun/2022:10:23:43 +0800] "GET /xingrg/kc/base/check_order_list.html?isBack=1 HTTP/1.1" 200 16481
180.169.147.146 - - [09/Jun/2022:10:23:44 +0800] "POST /xingrg/kc/base/check_list_operate.html HTTP/1.1" 200 2844
116.230.110.173 - - [09/Jun/2022:10:23:45 +0800] "GET /xingrg/all/function/internal_message.html?_=1654741421527&CODE_STATE=getMsg HTTP/1.1" 302 -
101.85.120.86 - - [09/Jun/2022:10:23:46 +0800] "GET /xingrg/all/function/internal_message.html?_=1654741422996&CODE_STATE=getMsg HTTP/1.1" 302 -
180.169.147.146 - - [09/Jun/2022:10:23:50 +0800] "GET /xingrg/all/function/internal_message.html?_=1654741433264&CODE_STATE=getMsg HTTP/1.1" 302 -
180.169.147.146 - - [09/Jun/2022:10:23:51 +0800] "GET /xingrg/all/function/internal_message.html?_=1654741428822&CODE_STATE=getMsg HTTP/1.1" 302 -
120.253.135.82 - - [09/Jun/2022:10:23:51 +0800] "GET /xingrg/all/function/internal_message.html?_=1654741238676&CODE_STATE=getMsg HTTP/1.1" 200 27
180.175.103.167 - - [09/Jun/2022:10:23:51 +0800] "GET /xingrg/all/function/internal_message.html?_=1654741430993&CODE_STATE=getMsg HTTP/1.1" 302 -
114.88.162.248 - - [09/Jun/2022:10:23:56 +0800] "GET /xingrg/all/function/internal_message.html?_=1654741431337&CODE_STATE=getMsg HTTP/1.1" 302 -
180.169.147.146 - - [09/Jun/2022:10:23:57 +0800] "POST /xingrg/kc/base/check_list_operate.html HTTP/1.1" 200 4
58.35.194.53 - - [09/Jun/2022:10:23:59 +0800] "GET /xingrg/kc/buy/cgsh_order_operate.html?command=get_materiel&rest_code=00156&code=00101008141&supplier_code=00100007&order_time=2022-06-01 HTTP/1.1" 200 412
180.169.147.146 - - [09/Jun/2022:10:23:59 +0800] "POST /xingrg/kc/base/check_list_operate.html HTTP/1.1" 200 2523
180.169.147.146 - - [09/Jun/2022:10:23:59 +0800] "GET /xingrg/all/function/internal_message.html?_=1654741432444&CODE_STATE=getMsg HTTP/1.1" 302 -
180.175.103.167 - - [09/Jun/2022:10:24:02 +0800] "GET /xingrg/all/function/internal_message.html?_=1654741354969&CODE_STATE=getMsg HTTP/1.1" 302 -
120.253.135.82 - - [09/Jun/2022:10:24:03 +0800] "GET /xingrg/kc/pszx/mdqp_order_list.html?state=10 HTTP/1.1" 200 10217
120.253.135.82 - - [09/Jun/2022:10:24:04 +0800] "GET /xingrg/dwr/engine.js HTTP/1.1" 200 43631
120.253.135.82 - - [09/Jun/2022:10:24:04 +0800] "GET /xingrg/dwr/interface/AjaxQqpsService.js HTTP/1.1" 200 16326
120.253.135.82 - - [09/Jun/2022:10:24:04 +0800] "GET /xingrg/dwr/interface/AjaxReportQueryService.js HTTP/1.1" 200 13203
180.169.147.146 - - [09/Jun/2022:10:24:07 +0800] "GET /xingrg/all/function/internal_message.html?_=1654741444801&CODE_STATE=getMsg HTTP/1.1" 200 27
180.169.147.146 - - [09/Jun/2022:10:24:07 +0800] "GET /xingrg/check_reg.html?_=1654741444803 HTTP/1.1" 200 22
180.169.147.146 - - [09/Jun/2022:10:24:08 +0800] "POST /xingrg/kc/base/check_list_operate.html HTTP/1.1" 200 5346
218.81.223.53 - - [09/Jun/2022:10:24:14 +0800] "GET /xingrg/check_reg.html?_=1654741465731 HTTP/1.1" 200 22
218.81.223.53 - - [09/Jun/2022:10:24:15 +0800] "GET /xingrg/all/function/internal_message.html?_=1654741465947&CODE_STATE=getMsg HTTP/1.1" 200 27
58.39.61.91 - - [09/Jun/2022:10:24:19 +0800] "GET /xingrg/all/function/internal_message.html?_=1654741454809&CODE_STATE=getMsg HTTP/1.1" 302 -
180.156.212.250 - - [09/Jun/2022:10:24:20 +0800] "GET /xingrg/all/function/internal_message.html?_=1654741527141&CODE_STATE=getMsg HTTP/1.1" 302 -
58.39.61.91 - - [09/Jun/2022:10:24:22 +0800] "GET /xingrg/all/function/internal_message.html?_=1654741410469&CODE_STATE=getMsg HTTP/1.1" 200 27
180.156.212.250 - - [09/Jun/2022:10:24:24 +0800] "GET /xingrg/check_reg.html?_=1654741531357 HTTP/1.1" 302 -
58.35.194.53 - - [09/Jun/2022:10:24:24 +0800] "GET /xingrg/all/function/internal_message.html?_=1654741459822&CODE_STATE=getMsg HTTP/1.1" 200 27
58.35.194.53 - - [09/Jun/2022:10:24:24 +0800] "GET /xingrg/check_reg.html?_=1654741459822 HTTP/1.1" 200 22
180.169.147.146 - - [09/Jun/2022:10:24:29 +0800] "POST /xingrg/kc/base/check_list_operate.html HTTP/1.1" 200 2265
180.169.147.146 - - [09/Jun/2022:10:24:33 +0800] "GET /xingrg/all/function/internal_message.html?_=1654741472020&CODE_STATE=getMsg HTTP/1.1" 200 27
222.69.129.153 - - [09/Jun/2022:10:24:33 +0800] "GET /xingrg/all/function/internal_message.html?_=1654741495567&CODE_STATE=getMsg HTTP/1.1" 302 -
180.169.147.146 - - [09/Jun/2022:10:24:38 +0800] "POST /xingrg/kc/base/check_list_operate.html HTTP/1.1" 200 2523
222.69.129.230 - - [09/Jun/2022:10:24:39 +0800] "GET /xingrg/all/function/internal_message.html?_=1654741474637&CODE_STATE=getMsg HTTP/1.1" 302 -
114.84.82.172 - - [09/Jun/2022:10:24:39 +0800] "GET /xingrg/check_reg.html?_=1654741476757 HTTP/1.1" 302 -
114.84.82.172 - - [09/Jun/2022:10:24:39 +0800] "GET /xingrg/all/function/internal_message.html?_=1654741476762&CODE_STATE=getMsg HTTP/1.1" 302 -
58.35.194.53 - - [09/Jun/2022:10:24:44 +0800] "GET /xingrg/kc/buy/cgsh_order_operate.html?command=get_materiel&rest_code=00156&code=00102010618&supplier_code=00100007&order_time=2022-06-01 HTTP/1.1" 200 408
117.143.46.200 - - [09/Jun/2022:10:24:44 +0800] "GET /xingrg/check_reg.html?_=1654741481966 HTTP/1.1" 302 -
116.230.110.173 - - [09/Jun/2022:10:24:45 +0800] "GET /xingrg/all/function/internal_message.html?_=1654741481522&CODE_STATE=getMsg HTTP/1.1" 302 -
101.85.120.86 - - [09/Jun/2022:10:24:46 +0800] "GET /xingrg/all/function/internal_message.html?_=1654741482996&CODE_STATE=getMsg HTTP/1.1" 302 -
58.35.194.53 - - [09/Jun/2022:10:24:49 +0800] "GET /xingrg/system/info/materiel_import.html?isSelect=1&singleSelect=false HTTP/1.1" 200 5600
58.35.194.53 - - [09/Jun/2022:10:24:49 +0800] "GET /xingrg/css/xtree.css HTTP/1.1" 200 880
58.35.194.53 - - [09/Jun/2022:10:24:49 +0800] "GET /xingrg/javascript/jquery_ui/themes/base/base.css HTTP/1.1" 200 28568
58.35.194.53 - - [09/Jun/2022:10:24:49 +0800] "GET /xingrg/javascript/jquery_easy_ui/themes/icons/check_new.png HTTP/1.1" 200 3224
58.35.194.53 - - [09/Jun/2022:10:24:49 +0800] "GET /xingrg/javascript/jquery_easy_ui/themes/default/images/pagination_next.gif HTTP/1.1" 200 875
58.35.194.53 - - [09/Jun/2022:10:24:49 +0800] "GET /xingrg/javascript/jquery_easy_ui/themes/default/images/pagination_last.gif HTTP/1.1" 200 923
58.35.194.53 - - [09/Jun/2022:10:24:49 +0800] "GET /xingrg/javascript/jquery_easy_ui/themes/default/images/pagination_load.png HTTP/1.1" 200 827
58.35.194.53 - - [09/Jun/2022:10:24:49 +0800] "GET /favicon.ico HTTP/1.1" 404 -
58.35.194.53 - - [09/Jun/2022:10:24:49 +0800] "GET /xingrg/javascript/jquery_easy_ui/themes/icons/edit_add.png HTTP/1.1" 200 1088
58.35.194.53 - - [09/Jun/2022:10:24:49 +0800] "GET /xingrg/javascript/jquery_easy_ui/themes/default/images/pagination_first.gif HTTP/1.1" 200 925
58.35.194.53 - - [09/Jun/2022:10:24:49 +0800] "GET /xingrg/javascript/jquery_easy_ui/themes/default/images/datagrid_header_bg.gif HTTP/1.1" 200 97
58.35.194.53 - - [09/Jun/2022:10:24:49 +0800] "POST /xingrg/all/common/load_tree.html?tree=materiel_sort_tree_json HTTP/1.1" 200 9388
58.35.194.53 - - [09/Jun/2022:10:24:49 +0800] "GET /xingrg/javascript/jquery_easy_ui/themes/default/images/pagination_prev.gif HTTP/1.1" 200 879
180.169.147.146 - - [09/Jun/2022:10:24:50 +0800] "GET /xingrg/all/function/internal_message.html?_=1654741493265&CODE_STATE=getMsg HTTP/1.1" 302 -
180.169.147.146 - - [09/Jun/2022:10:24:51 +0800] "GET /xingrg/all/function/internal_message.html?_=1654741488817&CODE_STATE=getMsg HTTP/1.1" 302 -
120.253.135.82 - - [09/Jun/2022:10:24:51 +0800] "GET /xingrg/all/function/internal_message.html?_=1654741298694&CODE_STATE=getMsg HTTP/1.1" 200 27
180.175.103.167 - - [09/Jun/2022:10:24:51 +0800] "GET /xingrg/all/function/internal_message.html?_=1654741490969&CODE_STATE=getMsg HTTP/1.1" 302 -
114.88.162.248 - - [09/Jun/2022:10:24:56 +0800] "GET /xingrg/all/function/internal_message.html?_=1654741491336&CODE_STATE=getMsg HTTP/1.1" 302 -
180.169.147.146 - - [09/Jun/2022:10:24:56 +0800] "POST /xingrg/kc/base/check_list_operate.html HTTP/1.1" 200 4
180.169.147.146 - - [09/Jun/2022:10:24:59 +0800] "GET /xingrg/all/function/internal_message.html?_=1654741492444&CODE_STATE=getMsg HTTP/1.1" 302 -
180.175.103.167 - - [09/Jun/2022:10:25:02 +0800] "GET /xingrg/all/function/internal_message.html?_=1654741414939&CODE_STATE=getMsg HTTP/1.1" 302 -
180.169.147.146 - - [09/Jun/2022:10:25:07 +0800] "GET /xingrg/all/function/internal_message.html?_=1654741504782&CODE_STATE=getMsg HTTP/1.1" 200 27
58.35.194.53 - - [09/Jun/2022:10:25:08 +0800] "GET /xingrg/kc/buy/cgsh_order_operate.html?command=get_materiel&rest_code=00156&code=00101008261&supplier_code=00100007&order_time=2022-06-01 HTTP/1.1" 200 408
180.169.147.146 - - [09/Jun/2022:10:25:14 +0800] "POST /xingrg/kc/base/check_list_operate.html HTTP/1.1" 200 1554
120.253.135.82 - - [09/Jun/2022:10:25:15 +0800] "GET /xingrg/kc/report/report_main.html HTTP/1.1" 200 8599
218.81.223.53 - - [09/Jun/2022:10:25:15 +0800] "GET /xingrg/all/function/internal_message.html?_=1654741525962&CODE_STATE=getMsg HTTP/1.1" 200 27
120.253.135.82 - - [09/Jun/2022:10:25:15 +0800] "GET /xingrg/javascript/jquery_ui/themes/humanity/humanity.css HTTP/1.1" 200 27801
180.169.147.146 - - [09/Jun/2022:10:25:15 +0800] "GET /xingrg/kc/base/check_order_info.html?code=452022053100477 HTTP/1.1" 200 26513
180.169.147.146 - - [09/Jun/2022:10:25:15 +0800] "GET /xingrg/dwr/interface/AjaxComOrderService.js HTTP/1.1" 200 18264
180.169.147.146 - - [09/Jun/2022:10:25:16 +0800] "GET /xingrg/dwr/interface/AjaxCheckService.js HTTP/1.1" 200 14003
180.169.147.146 - - [09/Jun/2022:10:25:16 +0800] "GET /xingrg/dwr/engine.js HTTP/1.1" 200 43631
120.253.135.82 - - [09/Jun/2022:10:25:16 +0800] "GET /xingrg/kc/base/kc_stocks.html HTTP/1.1" 200 16437
120.253.135.82 - - [09/Jun/2022:10:25:16 +0800] "GET /xingrg/javascript/easyui/themes/sunny/easyui.css HTTP/1.1" 200 34304
120.253.135.82 - - [09/Jun/2022:10:25:17 +0800] "GET /xingrg/javascript/easyui/themes/icons/print_new.png HTTP/1.1" 200 3580
120.253.135.82 - - [09/Jun/2022:10:25:17 +0800] "GET /xingrg/javascript/easyui/themes/icons/filter_new.png HTTP/1.1" 200 795
120.253.135.82 - - [09/Jun/2022:10:25:17 +0800] "GET /xingrg/javascript/easyui/plugins/jquery.draggable.js HTTP/1.1" 200 6121
120.253.135.82 - - [09/Jun/2022:10:25:17 +0800] "GET /xingrg/javascript/easyui/plugins/jquery.droppable.js HTTP/1.1" 200 1167
120.253.135.82 - - [09/Jun/2022:10:25:17 +0800] "GET /xingrg/javascript/easyui/themes/default/tree.css HTTP/1.1" 404 1090
120.253.135.82 - - [09/Jun/2022:10:25:17 +0800] "GET /xingrg/javascript/easyui/plugins/jquery.tree.js HTTP/1.1" 200 20874
180.169.147.146 - - [09/Jun/2022:10:25:17 +0800] "POST /xingrg/dwr/call/plaincall/AjaxCheckService.loadOrderItems.dwr HTTP/1.1" 200 310269
120.253.135.82 - - [09/Jun/2022:10:25:17 +0800] "POST /xingrg/all/common/load_tree.html?tree=materiel_sort_tree_json HTTP/1.1" 200 9388
120.253.135.82 - - [09/Jun/2022:10:25:17 +0800] "GET /xingrg/javascript/easyui/themes/sunny/images/tree_arrows.gif HTTP/1.1" 200 617
120.253.135.82 - - [09/Jun/2022:10:25:18 +0800] "GET /xingrg/css/images/panel_loading.gif HTTP/1.1" 200 1737
58.39.61.91 - - [09/Jun/2022:10:25:19 +0800] "GET /xingrg/all/function/internal_message.html?_=1654741514823&CODE_STATE=getMsg HTTP/1.1" 302 -
120.253.135.82 - - [09/Jun/2022:10:25:22 +0800] "GET /xingrg/javascript/easyui/themes/icons/refresh_new.png HTTP/1.1" 200 685
120.253.135.82 - - [09/Jun/2022:10:25:22 +0800] "GET /xingrg/javascript/easyui/themes/sunny/images/tree_folder_open.gif HTTP/1.1" 200 956
120.253.135.82 - - [09/Jun/2022:10:25:22 +0800] "GET /xingrg/javascript/easyui/themes/sunny/images/tree_file.gif HTTP/1.1" 200 118
120.253.135.82 - - [09/Jun/2022:10:25:22 +0800] "GET /xingrg/javascript/easyui/themes/sunny/images/tree_folder.gif HTTP/1.1" 200 952
120.253.135.82 - - [09/Jun/2022:10:25:22 +0800] "POST /xingrg/all/common/load_combo.html?type=base HTTP/1.1" 200 1169
180.156.212.250 - - [09/Jun/2022:10:25:22 +0800] "GET /xingrg/all/function/internal_message.html?_=1654741587470&CODE_STATE=getMsg HTTP/1.1" 302 -
58.39.61.91 - - [09/Jun/2022:10:25:22 +0800] "GET /xingrg/all/function/internal_message.html?_=1654741470495&CODE_STATE=getMsg HTTP/1.1" 200 27
58.35.194.53 - - [09/Jun/2022:10:25:24 +0800] "GET /xingrg/all/function/internal_message.html?_=1654741519813&CODE_STATE=getMsg HTTP/1.1" 200 27
120.253.135.82 - - [09/Jun/2022:10:25:31 +0800] "POST /xingrg/kc/base/stock_operate.html HTTP/1.1" 200 1490
120.253.135.82 - - [09/Jun/2022:10:25:31 +0800] "GET /xingrg/javascript/jquery_tools/fix_table.js HTTP/1.1" 200 6528
180.169.147.146 - - [09/Jun/2022:10:25:33 +0800] "GET /xingrg/all/function/internal_message.html?_=1654741531998&CODE_STATE=getMsg HTTP/1.1" 200 27
222.69.129.153 - - [09/Jun/2022:10:25:33 +0800] "GET /xingrg/all/function/internal_message.html?_=1654741555568&CODE_STATE=getMsg HTTP/1.1" 302 -
58.35.194.53 - - [09/Jun/2022:10:25:34 +0800] "GET /xingrg/kc/buy/cgsh_order_operate.html?command=get_materiel&rest_code=00156&code=00101008059&supplier_code=00100007&order_time=2022-06-01 HTTP/1.1" 200 408
222.69.129.230 - - [09/Jun/2022:10:25:39 +0800] "GET /xingrg/all/function/internal_message.html?_=1654741534620&CODE_STATE=getMsg HTTP/1.1" 302 -
114.84.82.172 - - [09/Jun/2022:10:25:39 +0800] "GET /xingrg/all/function/internal_message.html?_=1654741536775&CODE_STATE=getMsg HTTP/1.1" 302 -
180.169.147.146 - - [09/Jun/2022:10:25:41 +0800] "GET /xingrg/javascript/jquery_tools/images/prev.gif HTTP/1.1" 404 1086
180.169.147.146 - - [09/Jun/2022:10:25:41 +0800] "GET /xingrg/javascript/jquery_tools/images/next.gif HTTP/1.1" 404 1086
101.85.120.86 - - [09/Jun/2022:10:25:43 +0800] "POST /xingrg/kc/base/yddb_list_operate.html HTTP/1.1" 302 -
101.85.120.86 - - [09/Jun/2022:10:25:43 +0800] "GET /xingrg/kc/base/images/blue/login_bg.png HTTP/1.1" 404 1072
101.85.120.86 - - [09/Jun/2022:10:25:43 +0800] "GET /xingrg/kc/base/images/blue/srbg.png HTTP/1.1" 404 1064
101.85.120.86 - - [09/Jun/2022:10:25:43 +0800] "GET /xingrg/kc/base/images/blue/hj.png HTTP/1.1" 404 1060
101.85.120.86 - - [09/Jun/2022:10:25:44 +0800] "GET /xingrg/javascript/jquery_tools/images/prev.gif HTTP/1.1" 404 1086
101.85.120.86 - - [09/Jun/2022:10:25:44 +0800] "GET /xingrg/javascript/jquery_tools/images/next.gif HTTP/1.1" 404 1086
116.230.110.173 - - [09/Jun/2022:10:25:45 +0800] "GET /xingrg/all/function/internal_message.html?_=1654741541514&CODE_STATE=getMsg HTTP/1.1" 302 -
101.85.120.86 - - [09/Jun/2022:10:25:46 +0800] "GET /xingrg/all/function/internal_message.html?_=1654741543009&CODE_STATE=getMsg HTTP/1.1" 302 -
180.169.147.146 - - [09/Jun/2022:10:25:50 +0800] "GET /xingrg/all/function/internal_message.html?_=1654741553267&CODE_STATE=getMsg HTTP/1.1" 302 -
180.169.147.146 - - [09/Jun/2022:10:25:51 +0800] "GET /xingrg/all/function/internal_message.html?_=1654741548814&CODE_STATE=getMsg HTTP/1.1" 302 -
120.253.135.82 - - [09/Jun/2022:10:25:51 +0800] "GET /xingrg/all/function/internal_message.html?_=1654741358708&CODE_STATE=getMsg HTTP/1.1" 200 27
180.175.103.167 - - [09/Jun/2022:10:25:51 +0800] "GET /xingrg/all/function/internal_message.html?_=1654741550969&CODE_STATE=getMsg HTTP/1.1" 302 -
114.88.162.248 - - [09/Jun/2022:10:25:56 +0800] "GET /xingrg/all/function/internal_message.html?_=1654741551336&CODE_STATE=getMsg HTTP/1.1" 302 -
114.88.162.248 - - [09/Jun/2022:10:25:56 +0800] "GET /xingrg/check_reg.html?_=1654741551340 HTTP/1.1" 302 -
180.169.147.146 - - [09/Jun/2022:10:25:57 +0800] "GET /xingrg/check_reg.html?_=1654741558978 HTTP/1.1" 302 -
58.35.194.53 - - [09/Jun/2022:10:25:57 +0800] "GET /xingrg/kc/buy/cgsh_order_operate.html?command=get_materiel&rest_code=00156&code=00102011241&supplier_code=00100007&order_time=2022-06-01 HTTP/1.1" 200 405
180.169.147.146 - - [09/Jun/2022:10:25:59 +0800] "GET /xingrg/all/function/internal_message.html?_=1654741552452&CODE_STATE=getMsg HTTP/1.1" 302 -
180.169.147.146 - - [09/Jun/2022:10:26:02 +0800] "POST /xingrg/dwr/call/plaincall/AjaxCheckService.deleteOrderItem.dwr HTTP/1.1" 200 78
180.175.103.167 - - [09/Jun/2022:10:26:02 +0800] "GET /xingrg/all/function/internal_message.html?_=1654741474922&CODE_STATE=getMsg HTTP/1.1" 302 -
180.169.147.146 - - [09/Jun/2022:10:26:07 +0800] "GET /xingrg/all/function/internal_message.html?_=1654741564788&CODE_STATE=getMsg HTTP/1.1" 200 27
58.35.194.53 - - [09/Jun/2022:10:26:09 +0800] "GET /xingrg/kc/buy/cgsh_order_operate.html?command=get_materiel&rest_code=00156&code=00101008357&supplier_code=00100007&order_time=2022-06-01 HTTP/1.1" 200 408
218.81.223.53 - - [09/Jun/2022:10:26:15 +0800] "GET /xingrg/all/function/internal_message.html?_=1654741585975&CODE_STATE=getMsg HTTP/1.1" 200 27
58.39.61.91 - - [09/Jun/2022:10:26:15 +0800] "GET /xingrg/kc/buy/cgsh_order_add.html HTTP/1.1" 302 -
58.39.61.91 - - [09/Jun/2022:10:26:15 +0800] "GET /xingrg/login.html HTTP/1.1" 200 7641
58.39.61.91 - - [09/Jun/2022:10:26:15 +0800] "GET /xingrg/login.html HTTP/1.1" 200 7641
58.39.61.91 - - [09/Jun/2022:10:26:15 +0800] "GET /favicon.ico HTTP/1.1" 404 -
58.39.61.91 - - [09/Jun/2022:10:26:17 +0800] "POST /xingrg/login.do HTTP/1.1" 302 -
58.39.61.91 - - [09/Jun/2022:10:26:18 +0800] "GET /xingrg/index.html?sysBaseUrl=http%3A%2F%2F180.169.147.146%3A18081%2Fxingrg%2F&costTime=1134×tamp=1654741577981 HTTP/1.1" 200 17177
58.39.61.91 - - [09/Jun/2022:10:26:18 +0800] "GET /favicon.ico HTTP/1.1" 404 -
58.39.61.91 - - [09/Jun/2022:10:26:18 +0800] "GET /xingrg/check_reg.html?_=1654741573888 HTTP/1.1" 200 22
58.39.61.91 - - [09/Jun/2022:10:26:18 +0800] "POST /xingrg/all/common/load_tree.html?tree=area_rest_tree_json&manage=1 HTTP/1.1" 200 476
58.39.61.91 - - [09/Jun/2022:10:26:18 +0800] "GET /xingrg/all/function/internal_message.html?_=1654741573886&CODE_STATE=count HTTP/1.1" 200 11
180.169.147.146 - - [09/Jun/2022:10:26:18 +0800] "POST /xingrg/dwr/call/plaincall/AjaxCheckService.deleteOrderItem.dwr HTTP/1.1" 200 78
58.39.61.91 - - [09/Jun/2022:10:26:18 +0800] "POST /xingrg/load_menu.html HTTP/1.1" 200 5138
180.156.212.250 - - [09/Jun/2022:10:26:20 +0800] "GET /xingrg/all/function/internal_message.html?_=1654741647480&CODE_STATE=getMsg HTTP/1.1" 302 -
58.39.61.91 - - [09/Jun/2022:10:26:21 +0800] "POST /xingrg/all/user/operate.html HTTP/1.1" 200 36
58.39.61.91 - - [09/Jun/2022:10:26:22 +0800] "GET /xingrg/index.html?sysBaseUrl=http%3A%2F%2F180.169.147.146%3A18081%2Fxingrg%2F&costTime=1134×tamp=1654741577981 HTTP/1.1" 200 17179
58.39.61.91 - - [09/Jun/2022:10:26:22 +0800] "GET /xingrg/javascript/jquery_easy_ui/themes/default/easyui.css HTTP/1.1" 304 -
58.39.61.91 - - [09/Jun/2022:10:26:22 +0800] "GET /xingrg/javascript/jquery_easy_ui/themes/icon.css HTTP/1.1" 304 -
58.39.61.91 - - [09/Jun/2022:10:26:22 +0800] "GET /xingrg/css/form.css HTTP/1.1" 304 -
58.39.61.91 - - [09/Jun/2022:10:26:22 +0800] "GET /xingrg/javascript/jquery-1.4.2.min.js HTTP/1.1" 304 -
58.39.61.91 - - [09/Jun/2022:10:26:22 +0800] "GET /xingrg/javascript/jquery_easy_ui/jquery.easyui.min.js HTTP/1.1" 304 -
58.39.61.91 - - [09/Jun/2022:10:26:22 +0800] "GET /xingrg/javascript/jquery_easy_ui/easyui-lang-zh_CN.js HTTP/1.1" 304 -
58.39.61.91 - - [09/Jun/2022:10:26:22 +0800] "GET /xingrg/javascript/jquery.form.js HTTP/1.1" 304 -
58.39.61.91 - - [09/Jun/2022:10:26:22 +0800] "GET /xingrg/javascript/jquery.utils.js HTTP/1.1" 304 -
58.39.61.91 - - [09/Jun/2022:10:26:22 +0800] "GET /xingrg/javascript/jquery.timers.js HTTP/1.1" 304 -
58.39.61.91 - - [09/Jun/2022:10:26:22 +0800] "GET /xingrg/images/blue/jxLogo.png HTTP/1.1" 304 -
58.39.61.91 - - [09/Jun/2022:10:26:22 +0800] "GET /xingrg/images/blue/navBackgound.jpg HTTP/1.1" 304 -
58.39.61.91 - - [09/Jun/2022:10:26:22 +0800] "GET /xingrg/javascript/jquery_easy_ui/themes/icons/settle_new.png HTTP/1.1" 304 -
58.39.61.91 - - [09/Jun/2022:10:26:22 +0800] "GET /xingrg/all/function/internal_message.html?_=1654741577859&CODE_STATE=count HTTP/1.1" 200 11
58.39.61.91 - - [09/Jun/2022:10:26:22 +0800] "GET /xingrg/check_reg.html?_=1654741577861 HTTP/1.1" 200 22
58.39.61.91 - - [09/Jun/2022:10:26:22 +0800] "GET /xingrg/images/blue/pingpu.png HTTP/1.1" 304 -
58.39.61.91 - - [09/Jun/2022:10:26:22 +0800] "GET /xingrg/javascript/jquery_easy_ui/themes/default/images/panel_tool_collapse.gif HTTP/1.1" 304 -
58.39.61.91 - - [09/Jun/2022:10:26:22 +0800] "GET /xingrg/javascript/jquery_easy_ui/themes/default/images/tabs_rightarrow.png HTTP/1.1" 304 -
58.39.61.91 - - [09/Jun/2022:10:26:22 +0800] "GET /xingrg/javascript/jquery_easy_ui/themes/default/images/tabs_leftarrow.png HTTP/1.1" 304 -
58.39.61.91 - - [09/Jun/2022:10:26:22 +0800] "POST /xingrg/all/common/load_tree.html?tree=area_rest_tree_json&manage=1 HTTP/1.1" 200 476
58.39.61.91 - - [09/Jun/2022:10:26:22 +0800] "POST /xingrg/load_menu.html HTTP/1.1" 200 5138
58.39.61.91 - - [09/Jun/2022:10:26:22 +0800] "GET /xingrg/all/function/internal_message.html?_=1654741530497&CODE_STATE=getMsg HTTP/1.1" 200 27
58.35.194.53 - - [09/Jun/2022:10:26:24 +0800] "GET /xingrg/all/function/internal_message.html?_=1654741579816&CODE_STATE=getMsg HTTP/1.1" 200 27
58.39.61.91 - - [09/Jun/2022:10:26:25 +0800] "GET /xingrg/kc/buy/cgsh_order_list.html HTTP/1.1" 200 51797
180.175.103.167 - - [09/Jun/2022:10:26:29 +0800] "GET /xingrg/check_reg.html?_=1654741588273 HTTP/1.1" 302 -
58.39.61.91 - - [09/Jun/2022:10:26:29 +0800] "POST /xingrg/kc/buy/cgsh_list_operate.html HTTP/1.1" 200 2087
58.39.61.91 - - [09/Jun/2022:10:26:31 +0800] "GET /xingrg/kc/buy/cgsh_order_add.html HTTP/1.1" 200 67491
58.39.61.91 - - [09/Jun/2022:10:26:32 +0800] "POST /xingrg/kc/buy/cgsh_order_operate.html HTTP/1.1" 200 8245
58.39.61.91 - - [09/Jun/2022:10:26:32 +0800] "GET /xingrg/javascript/easyui/themes/default/validatebox.css HTTP/1.1" 404 1104
180.169.147.146 - - [09/Jun/2022:10:26:33 +0800] "GET /xingrg/all/function/internal_message.html?_=1654741591998&CODE_STATE=getMsg HTTP/1.1" 200 27
58.39.61.91 - - [09/Jun/2022:10:26:33 +0800] "GET /xingrg/javascript/auto/indicator.gif HTTP/1.1" 404 1066
222.69.129.153 - - [09/Jun/2022:10:26:33 +0800] "GET /xingrg/all/function/internal_message.html?_=1654741615560&CODE_STATE=getMsg HTTP/1.1" 302 -
180.169.147.146 - - [09/Jun/2022:10:26:36 +0800] "POST /xingrg/dwr/call/plaincall/AjaxCheckService.deleteOrderItem.dwr HTTP/1.1" 200 78
222.69.129.230 - - [09/Jun/2022:10:26:39 +0800] "GET /xingrg/all/function/internal_message.html?_=1654741594605&CODE_STATE=getMsg HTTP/1.1" 302 -
114.84.82.172 - - [09/Jun/2022:10:26:39 +0800] "GET /xingrg/all/function/internal_message.html?_=1654741596775&CODE_STATE=getMsg HTTP/1.1" 302 -
58.39.61.91 - - [09/Jun/2022:10:26:40 +0800] "GET /xingrg/kc/buy/cgsh_order_operate.html?command=get_materiel&rest_code=00150&code=00101005032&supplier_code=00100151&order_time=2022-06-09 HTTP/1.1" 200 409
116.230.110.173 - - [09/Jun/2022:10:26:45 +0800] "GET /xingrg/all/function/internal_message.html?_=1654741601509&CODE_STATE=getMsg HTTP/1.1" 302 -
101.85.120.86 - - [09/Jun/2022:10:26:46 +0800] "GET /xingrg/check_reg.html?_=1654741602995 HTTP/1.1" 302 -
101.85.120.86 - - [09/Jun/2022:10:26:46 +0800] "GET /xingrg/all/function/internal_message.html?_=1654741602998&CODE_STATE=getMsg HTTP/1.1" 302 -
180.169.147.146 - - [09/Jun/2022:10:26:50 +0800] "GET /xingrg/check_reg.html?_=1654741613253 HTTP/1.1" 302 -
180.169.147.146 - - [09/Jun/2022:10:26:50 +0800] "GET /xingrg/all/function/internal_message.html?_=1654741613256&CODE_STATE=getMsg HTTP/1.1" 302 -
180.169.147.146 - - [09/Jun/2022:10:26:51 +0800] "GET /xingrg/all/function/internal_message.html?_=1654741608814&CODE_STATE=getMsg HTTP/1.1" 302 -
180.175.103.167 - - [09/Jun/2022:10:26:51 +0800] "GET /xingrg/all/function/internal_message.html?_=1654741610938&CODE_STATE=getMsg HTTP/1.1" 302 -
120.253.135.82 - - [09/Jun/2022:10:26:51 +0800] "GET /xingrg/all/function/internal_message.html?_=1654741418722&CODE_STATE=getMsg HTTP/1.1" 200 27
58.39.61.91 - - [09/Jun/2022:10:26:52 +0800] "POST /xingrg/kc/buy/cgsh_order_operate.html HTTP/1.1" 200 37
180.169.147.146 - - [09/Jun/2022:10:26:52 +0800] "POST /xingrg/dwr/call/plaincall/AjaxCheckService.deleteOrderItem.dwr HTTP/1.1" 200 78
58.35.194.53 - - [09/Jun/2022:10:26:52 +0800] "GET /xingrg/kc/buy/cgsh_order_operate.html?command=get_materiel&rest_code=00156&code=00102014011&supplier_code=00100007&order_time=2022-06-01 HTTP/1.1" 200 408
58.35.194.53 - - [09/Jun/2022:10:26:54 +0800] "GET /xingrg/javascript/jquery_easy_ui/themes/icons/rest.png HTTP/1.1" 200 695
