222.69.129.230 - - [09/Jun/2022:11:01:06 +0800] "GET /xingrg/kc/base/stock_detail.html?m=00101001010 HTTP/1.1" 200 7397
180.169.147.146 - - [09/Jun/2022:11:01:06 +0800] "GET /xingrg/all/function/internal_message.html?_=1654743663660&CODE_STATE=getMsg HTTP/1.1" 200 27
222.69.129.230 - - [09/Jun/2022:11:01:07 +0800] "GET /xingrg/javascript/jquery_easy_ui/themes/default/images/menu_downarrow.png HTTP/1.1" 200 173
222.69.129.230 - - [09/Jun/2022:11:01:07 +0800] "GET /xingrg/javascript/jquery_easy_ui/themes/icons/print.png HTTP/1.1" 200 1057
222.69.129.230 - - [09/Jun/2022:11:01:07 +0800] "GET /xingrg/javascript/jquery_easy_ui/themes/icons/search.png HTTP/1.1" 200 813
222.69.129.230 - - [09/Jun/2022:11:01:07 +0800] "GET /xingrg/javascript/jquery_easy_ui/themes/default/images/menu.gif HTTP/1.1" 200 834
222.69.129.230 - - [09/Jun/2022:11:01:07 +0800] "GET /xingrg/javascript/jquery_easy_ui/themes/default/images/calendar_nextmonth.gif HTTP/1.1" 200 64
222.69.129.230 - - [09/Jun/2022:11:01:07 +0800] "GET /xingrg/javascript/jquery_easy_ui/themes/default/images/calendar_prevyear.gif HTTP/1.1" 200 76
222.69.129.230 - - [09/Jun/2022:11:01:07 +0800] "GET /xingrg/javascript/jquery_easy_ui/themes/default/images/calendar_prevmonth.gif HTTP/1.1" 200 66
222.69.129.230 - - [09/Jun/2022:11:01:07 +0800] "GET /xingrg/javascript/jquery_easy_ui/themes/default/images/calendar_nextyear.gif HTTP/1.1" 200 75
180.169.147.146 - - [09/Jun/2022:11:01:07 +0800] "GET /xingrg/all/function/internal_message.html?_=1654743664822&CODE_STATE=getMsg HTTP/1.1" 200 27
114.86.227.151 - - [09/Jun/2022:11:01:07 +0800] "GET /xingrg/css/base.css HTTP/1.1" 200 2811
114.86.227.151 - - [09/Jun/2022:11:01:07 +0800] "GET /xingrg/javascript/jquery_tools/jquery.tools.min.js HTTP/1.1" 200 138801
114.86.227.151 - - [09/Jun/2022:11:01:07 +0800] "GET /xingrg/javascript/jquery_tools/table.css HTTP/1.1" 200 1032
114.86.227.151 - - [09/Jun/2022:11:01:07 +0800] "GET /xingrg/javascript/auto/jquery.autocomplete.css HTTP/1.1" 200 587
114.86.227.151 - - [09/Jun/2022:11:01:07 +0800] "GET /xingrg/css/site.css HTTP/1.1" 200 7541
114.86.227.151 - - [09/Jun/2022:11:01:07 +0800] "GET /xingrg/javascript/jquery_tools/datebox.css HTTP/1.1" 200 2597
114.86.227.151 - - [09/Jun/2022:11:01:07 +0800] "GET /xingrg/javascript/jquery_tools/fix.css HTTP/1.1" 200 1702
114.86.227.151 - - [09/Jun/2022:11:01:07 +0800] "GET /xingrg/javascript/easyui/themes/icon.css HTTP/1.1" 200 4483
114.86.227.151 - - [09/Jun/2022:11:01:07 +0800] "GET /xingrg/javascript/jquery_tools/jquery.tools.hotkey.js HTTP/1.1" 200 3242
114.86.227.151 - - [09/Jun/2022:11:01:07 +0800] "GET /xingrg/javascript/jquery_tools/jquery.tools.table.js HTTP/1.1" 200 6994
114.86.227.151 - - [09/Jun/2022:11:01:07 +0800] "GET /xingrg/javascript/jquery_tools/list_manager.js HTTP/1.1" 200 3652
114.86.227.151 - - [09/Jun/2022:11:01:07 +0800] "GET /xingrg/javascript/easyui/easyloader.js HTTP/1.1" 200 5975
114.86.227.151 - - [09/Jun/2022:11:01:07 +0800] "GET /xingrg/javascript/jquery.cookie.js HTTP/1.1" 200 5513
114.86.227.151 - - [09/Jun/2022:11:01:07 +0800] "GET /xingrg/javascript/easyui/themes/default/easyui.css HTTP/1.1" 200 30432
114.86.227.151 - - [09/Jun/2022:11:01:07 +0800] "GET /xingrg/kc/buy/cgsh_order_list.html HTTP/1.1" 200 51791
114.86.227.151 - - [09/Jun/2022:11:01:07 +0800] "GET /xingrg/javascript/auto/jquery.autocomplete.js HTTP/1.1" 200 21624
114.86.227.151 - - [09/Jun/2022:11:01:07 +0800] "GET /xingrg/javascript/print/LodopFuncs.js HTTP/1.1" 200 5121
114.86.227.151 - - [09/Jun/2022:11:01:07 +0800] "GET /xingrg/javascript/jquery_tools/jquery.tools.extend.js HTTP/1.1" 200 15385
114.86.227.151 - - [09/Jun/2022:11:01:08 +0800] "GET /xingrg/javascript/easyui/themes/icons/field_new.png HTTP/1.1" 200 1097
114.86.227.151 - - [09/Jun/2022:11:01:08 +0800] "GET /xingrg/javascript/easyui/themes/icons/import_new.png HTTP/1.1" 200 1247
114.86.227.151 - - [09/Jun/2022:11:01:08 +0800] "GET /xingrg/javascript/easyui/themes/icons/check_new.png HTTP/1.1" 200 3224
114.86.227.151 - - [09/Jun/2022:11:01:08 +0800] "GET /xingrg/javascript/easyui/themes/icons/edit_add_new.png HTTP/1.1" 200 2997
114.86.227.151 - - [09/Jun/2022:11:01:08 +0800] "GET /xingrg/javascript/easyui/themes/icons/cance_new.png HTTP/1.1" 200 3986
114.86.227.151 - - [09/Jun/2022:11:01:08 +0800] "GET /xingrg/javascript/easyui/plugins/jquery.parser.js HTTP/1.1" 200 1142
114.86.227.151 - - [09/Jun/2022:11:01:08 +0800] "GET /xingrg/images/control/ajaxLoader.gif HTTP/1.1" 200 4659
222.69.129.230 - - [09/Jun/2022:11:01:10 +0800] "GET /xingrg/kc/base/stock_operate.html?_=1654743670395&command=get_report_file&start_day=20220601 HTTP/1.1" 200 53
114.86.227.151 - - [09/Jun/2022:11:01:10 +0800] "POST /xingrg/kc/buy/cgsh_list_operate.html HTTP/1.1" 200 876
222.69.129.230 - - [09/Jun/2022:11:01:10 +0800] "GET /xingrg/javascript/multi_select/jqueryMultiSelect.css HTTP/1.1" 200 951
222.69.129.230 - - [09/Jun/2022:11:01:10 +0800] "GET /xingrg/javascript/calendar/timePicker.css HTTP/1.1" 200 523
222.69.129.230 - - [09/Jun/2022:11:01:10 +0800] "GET /xingrg/javascript/bigrid/fix.css HTTP/1.1" 200 1702
222.69.129.230 - - [09/Jun/2022:11:01:10 +0800] "GET /xingrg/all/report/report_query.html?isQuery=1&onlyBody=1&rh=2000&fileName=kc/base/kc_stock_detail_new.xml&queryString=(1=1)&queryText=&tableQueryString=init_table$sp1$$sp$crk_table$sp1$order_day%20between%2020220601%20and%2020220630&varString=start_day:20220601,materiel_code:00101001010,cost_id:3665,end_date:20220531 HTTP/1.1" 200 48701
222.69.129.230 - - [09/Jun/2022:11:01:10 +0800] "GET /xingrg/javascript/bigrid/fix.js HTTP/1.1" 200 6439
222.69.129.230 - - [09/Jun/2022:11:01:10 +0800] "GET /xingrg/dwr/interface/AjaxReportQueryService.js HTTP/1.1" 200 13203
222.69.129.230 - - [09/Jun/2022:11:01:10 +0800] "GET /xingrg/javascript/jqueryMultiSelect.js HTTP/1.1" 200 11866
222.69.129.230 - - [09/Jun/2022:11:01:10 +0800] "GET /xingrg/dwr/util.js HTTP/1.1" 200 35990
222.69.129.230 - - [09/Jun/2022:11:01:10 +0800] "GET /xingrg/javascript/Calendar.js HTTP/1.1" 200 31561
222.69.129.230 - - [09/Jun/2022:11:01:10 +0800] "GET /xingrg/dwr/engine.js HTTP/1.1" 200 43631
222.69.129.230 - - [09/Jun/2022:11:01:10 +0800] "GET /xingrg/javascript/calendar/jquery.timePicker.min.js HTTP/1.1" 200 2997
222.69.129.230 - - [09/Jun/2022:11:01:10 +0800] "GET /xingrg/images/blue/button/advanceover.gif HTTP/1.1" 200 1347
222.69.129.230 - - [09/Jun/2022:11:01:10 +0800] "GET /xingrg/images/blue/button/advance2over.gif HTTP/1.1" 200 1336
222.69.129.230 - - [09/Jun/2022:11:01:10 +0800] "GET /xingrg/images/blue/button/back2over.gif HTTP/1.1" 200 1335
222.69.129.230 - - [09/Jun/2022:11:01:10 +0800] "GET /xingrg/images/blue/button/backover.gif HTTP/1.1" 200 1348
222.69.129.230 - - [09/Jun/2022:11:01:10 +0800] "GET /xingrg/images/control/loading.gif HTTP/1.1" 200 13463
222.69.129.230 - - [09/Jun/2022:11:01:10 +0800] "GET /xingrg/javascript/jquery_easy_ui/themes/icons/help.png HTTP/1.1" 200 1187
114.88.162.248 - - [09/Jun/2022:11:01:10 +0800] "GET /xingrg/all/function/internal_message.html?_=1654743665785&CODE_STATE=getMsg HTTP/1.1" 200 27
222.69.129.230 - - [09/Jun/2022:11:01:12 +0800] "POST /xingrg/all/report/load_report_page.html HTTP/1.1" 200 25180
114.86.227.151 - - [09/Jun/2022:11:01:12 +0800] "GET /xingrg/index.html?sysBaseUrl=http%3A%2F%2F180.169.147.146%3A18081%2Fxingrg%2F&costTime=1150×tamp=1654743654731 HTTP/1.1" 200 17173
222.69.129.230 - - [09/Jun/2022:11:01:12 +0800] "GET /xingrg/servlets/image?cache=0.16686195104308243&image=px HTTP/1.1" 200 807
114.86.227.151 - - [09/Jun/2022:11:01:12 +0800] "GET /xingrg/javascript/jquery_easy_ui/easyui-lang-zh_CN.js HTTP/1.1" 200 1900
114.86.227.151 - - [09/Jun/2022:11:01:12 +0800] "GET /xingrg/css/form.css HTTP/1.1" 200 893
114.86.227.151 - - [09/Jun/2022:11:01:12 +0800] "GET /xingrg/javascript/jquery-1.4.2.min.js HTTP/1.1" 200 72205
114.86.227.151 - - [09/Jun/2022:11:01:12 +0800] "GET /xingrg/javascript/jquery_easy_ui/themes/icon.css HTTP/1.1" 200 3949
114.86.227.151 - - [09/Jun/2022:11:01:12 +0800] "GET /xingrg/javascript/jquery_easy_ui/themes/default/easyui.css HTTP/1.1" 200 26500
114.86.227.151 - - [09/Jun/2022:11:01:12 +0800] "GET /xingrg/javascript/jquery.form.js HTTP/1.1" 200 23110
114.86.227.151 - - [09/Jun/2022:11:01:12 +0800] "GET /xingrg/javascript/jquery.utils.js HTTP/1.1" 200 11805
114.86.227.151 - - [09/Jun/2022:11:01:12 +0800] "GET /xingrg/javascript/jquery_easy_ui/jquery.easyui.min.js HTTP/1.1" 200 213662
114.86.227.151 - - [09/Jun/2022:11:01:12 +0800] "GET /xingrg/javascript/jquery.timers.js HTTP/1.1" 200 3532
114.86.227.151 - - [09/Jun/2022:11:01:12 +0800] "GET /xingrg/images/blue/jxLogo.png HTTP/1.1" 200 6156
114.86.227.151 - - [09/Jun/2022:11:01:12 +0800] "GET /xingrg/javascript/jquery_easy_ui/themes/icons/settle_new.png HTTP/1.1" 200 826
114.86.227.151 - - [09/Jun/2022:11:01:12 +0800] "GET /xingrg/images/blue/navBackgound.jpg HTTP/1.1" 200 12378
114.86.227.151 - - [09/Jun/2022:11:01:12 +0800] "GET /xingrg/images/blue/pingpu.png HTTP/1.1" 200 231
114.86.227.151 - - [09/Jun/2022:11:01:12 +0800] "GET /xingrg/javascript/jquery_easy_ui/themes/default/images/panel_tool_collapse.gif HTTP/1.1" 200 246
114.86.227.151 - - [09/Jun/2022:11:01:12 +0800] "GET /xingrg/all/function/internal_message.html?_=1654743672104&CODE_STATE=count HTTP/1.1" 200 11
114.86.227.151 - - [09/Jun/2022:11:01:12 +0800] "GET /xingrg/check_reg.html?_=1654743672104 HTTP/1.1" 200 22
114.86.227.151 - - [09/Jun/2022:11:01:12 +0800] "GET /favicon.ico HTTP/1.1" 404 -
114.86.227.151 - - [09/Jun/2022:11:01:13 +0800] "POST /xingrg/all/common/load_tree.html?tree=area_rest_tree_json&manage=1 HTTP/1.1" 200 342
114.86.227.151 - - [09/Jun/2022:11:01:13 +0800] "POST /xingrg/load_menu.html HTTP/1.1" 200 5138
114.86.227.151 - - [09/Jun/2022:11:01:13 +0800] "GET /xingrg/javascript/jquery_easy_ui/themes/icons/search_new.png HTTP/1.1" 200 586
114.86.227.151 - - [09/Jun/2022:11:01:13 +0800] "GET /xingrg/javascript/jquery_easy_ui/themes/icons/storage_new.png HTTP/1.1" 200 853
114.86.227.151 - - [09/Jun/2022:11:01:13 +0800] "GET /xingrg/javascript/jquery_easy_ui/themes/icons/forms_new.png HTTP/1.1" 200 350
114.86.227.151 - - [09/Jun/2022:11:01:13 +0800] "GET /xingrg/javascript/jquery_easy_ui/themes/default/images/tree_arrows.gif HTTP/1.1" 200 1043
114.86.227.151 - - [09/Jun/2022:11:01:13 +0800] "GET /xingrg/javascript/jquery_easy_ui/themes/default/images/tree_folder_open.gif HTTP/1.1" 200 956
114.86.227.151 - - [09/Jun/2022:11:01:13 +0800] "GET /xingrg/javascript/jquery_easy_ui/themes/default/images/tree_folder.gif HTTP/1.1" 200 952
114.86.227.151 - - [09/Jun/2022:11:01:13 +0800] "GET /xingrg/javascript/jquery_easy_ui/themes/default/images/tabs_close.gif HTTP/1.1" 200 829
114.86.227.151 - - [09/Jun/2022:11:01:13 +0800] "GET /xingrg/kc/buy/buy_main.html HTTP/1.1" 200 12412
114.86.227.151 - - [09/Jun/2022:11:01:13 +0800] "GET /xingrg/css/new_ie.css HTTP/1.1" 404 1036
114.86.227.151 - - [09/Jun/2022:11:01:13 +0800] "GET /xingrg/javascript/pic_change.js HTTP/1.1" 200 4739
114.86.227.151 - - [09/Jun/2022:11:01:13 +0800] "GET /xingrg/javascript/ToolTips.js HTTP/1.1" 200 5615
114.86.227.151 - - [09/Jun/2022:11:01:14 +0800] "GET /xingrg/css/blue.css HTTP/1.1" 200 15949
114.86.227.151 - - [09/Jun/2022:11:01:14 +0800] "GET /xingrg/javascript/jquery_ui/jquery-ui.min.js HTTP/1.1" 200 186181
114.86.227.151 - - [09/Jun/2022:11:01:14 +0800] "GET /xingrg/javascript/jquery_ui/themes/humanity/humanity.css HTTP/1.1" 200 27801
114.86.227.151 - - [09/Jun/2022:11:01:14 +0800] "GET /xingrg/javascript/myfunction.js HTTP/1.1" 200 24559
114.86.227.151 - - [09/Jun/2022:11:01:14 +0800] "GET /xingrg/images/blue/button/cgxqd.gif HTTP/1.1" 200 2619
114.86.227.151 - - [09/Jun/2022:11:01:14 +0800] "GET /xingrg/images/blue/button/cgydd.gif HTTP/1.1" 200 2712
114.86.227.151 - - [09/Jun/2022:11:01:14 +0800] "GET /xingrg/images/blue/button/cgshd.gif HTTP/1.1" 200 2618
114.86.227.151 - - [09/Jun/2022:11:01:14 +0800] "GET /xingrg/images/blue/button/cgfkd.gif HTTP/1.1" 200 2075
114.86.227.151 - - [09/Jun/2022:11:01:14 +0800] "GET /xingrg/images/blue/button/kc.gif HTTP/1.1" 200 2160
114.86.227.151 - - [09/Jun/2022:11:01:14 +0800] "GET /xingrg/images/blue/button/ckthd.gif HTTP/1.1" 200 2045
114.86.227.151 - - [09/Jun/2022:11:01:14 +0800] "GET /xingrg/images/blue/pic_form2.gif HTTP/1.1" 200 1853
114.86.227.151 - - [09/Jun/2022:11:01:14 +0800] "GET /xingrg/images/blue/bg_dotted.jpg HTTP/1.1" 200 319
114.86.227.151 - - [09/Jun/2022:11:01:14 +0800] "GET /xingrg/images/blue/button/down_ah.jpg HTTP/1.1" 200 1732
114.86.227.151 - - [09/Jun/2022:11:01:14 +0800] "GET /xingrg/images/blue/button/right_ah.jpg HTTP/1.1" 200 1744
114.86.227.151 - - [09/Jun/2022:11:01:14 +0800] "GET /xingrg/javascript/jquery_ui/themes/humanity/images/ui-bg_inset-soft_100_f4f0ec_1x100.png HTTP/1.1" 200 141
222.69.129.230 - - [09/Jun/2022:11:01:15 +0800] "GET /xingrg/kc/guide/show_order.html?code=212022060400282&type=21 HTTP/1.1" 302 -
218.81.223.53 - - [09/Jun/2022:11:01:15 +0800] "GET /xingrg/all/function/internal_message.html?_=1654743686919&CODE_STATE=getMsg HTTP/1.1" 200 27
114.86.227.151 - - [09/Jun/2022:11:01:16 +0800] "GET /xingrg/javascript/jquery_tools/datebox.css HTTP/1.1" 200 2597
114.86.227.151 - - [09/Jun/2022:11:01:16 +0800] "GET /xingrg/css/base.css HTTP/1.1" 200 2811
114.86.227.151 - - [09/Jun/2022:11:01:16 +0800] "GET /xingrg/css/site.css HTTP/1.1" 200 7541
114.86.227.151 - - [09/Jun/2022:11:01:16 +0800] "GET /xingrg/javascript/easyui/themes/icon.css HTTP/1.1" 200 4483
114.86.227.151 - - [09/Jun/2022:11:01:16 +0800] "GET /xingrg/javascript/jquery_tools/fix.css HTTP/1.1" 200 1702
114.86.227.151 - - [09/Jun/2022:11:01:16 +0800] "GET /xingrg/javascript/auto/jquery.autocomplete.css HTTP/1.1" 200 587
114.86.227.151 - - [09/Jun/2022:11:01:16 +0800] "GET /xingrg/javascript/jquery_tools/table.css HTTP/1.1" 200 1032
114.86.227.151 - - [09/Jun/2022:11:01:16 +0800] "GET /xingrg/javascript/jquery_tools/jquery.tools.min.js HTTP/1.1" 200 138801
114.86.227.151 - - [09/Jun/2022:11:01:16 +0800] "GET /xingrg/javascript/jquery_tools/jquery.tools.hotkey.js HTTP/1.1" 200 3242
114.86.227.151 - - [09/Jun/2022:11:01:16 +0800] "GET /xingrg/javascript/jquery_tools/jquery.tools.table.js HTTP/1.1" 200 6994
114.86.227.151 - - [09/Jun/2022:11:01:16 +0800] "GET /xingrg/javascript/easyui/themes/default/easyui.css HTTP/1.1" 200 30432
114.86.227.151 - - [09/Jun/2022:11:01:16 +0800] "GET /xingrg/javascript/jquery_tools/list_manager.js HTTP/1.1" 200 3652
114.86.227.151 - - [09/Jun/2022:11:01:16 +0800] "GET /xingrg/kc/buy/cgsh_order_list.html HTTP/1.1" 200 51791
114.86.227.151 - - [09/Jun/2022:11:01:16 +0800] "GET /xingrg/javascript/jquery_tools/jquery.tools.extend.js HTTP/1.1" 200 15385
114.86.227.151 - - [09/Jun/2022:11:01:16 +0800] "GET /xingrg/javascript/jquery.cookie.js HTTP/1.1" 200 5513
114.86.227.151 - - [09/Jun/2022:11:01:16 +0800] "GET /xingrg/javascript/easyui/easyloader.js HTTP/1.1" 200 5975
114.86.227.151 - - [09/Jun/2022:11:01:16 +0800] "GET /xingrg/javascript/auto/jquery.autocomplete.js HTTP/1.1" 200 21624
114.86.227.151 - - [09/Jun/2022:11:01:16 +0800] "GET /xingrg/javascript/print/LodopFuncs.js HTTP/1.1" 200 5121
114.86.227.151 - - [09/Jun/2022:11:01:17 +0800] "GET /xingrg/javascript/easyui/themes/icons/edit_add_new.png HTTP/1.1" 200 2997
114.86.227.151 - - [09/Jun/2022:11:01:17 +0800] "GET /xingrg/javascript/easyui/themes/icons/field_new.png HTTP/1.1" 200 1097
114.86.227.151 - - [09/Jun/2022:11:01:17 +0800] "GET /xingrg/javascript/easyui/themes/icons/cance_new.png HTTP/1.1" 200 3986
114.86.227.151 - - [09/Jun/2022:11:01:17 +0800] "GET /xingrg/javascript/easyui/themes/icons/check_new.png HTTP/1.1" 200 3224
114.86.227.151 - - [09/Jun/2022:11:01:17 +0800] "GET /xingrg/javascript/easyui/themes/icons/import_new.png HTTP/1.1" 200 1247
114.86.227.151 - - [09/Jun/2022:11:01:17 +0800] "GET /xingrg/javascript/easyui/plugins/jquery.parser.js HTTP/1.1" 200 1142
58.35.194.53 - - [09/Jun/2022:11:01:17 +0800] "POST /xingrg/kc/base/yddb_list_operate.html HTTP/1.1" 200 4400
114.86.227.151 - - [09/Jun/2022:11:01:17 +0800] "GET /xingrg/images/control/ajaxLoader.gif HTTP/1.1" 200 4659
222.69.129.230 - - [09/Jun/2022:11:01:18 +0800] "GET /xingrg/kc/buy/cgsh_order_info.html?code=212022060400282&sysBaseUrl=http%3A%2F%2F180.169.147.146%3A18081%2Fxingrg%2F&costTime=0×tamp=1654743675895 HTTP/1.1" 200 62813
222.69.129.230 - - [09/Jun/2022:11:01:18 +0800] "GET /xingrg/javascript/jquery_tools/table.css HTTP/1.1" 200 1032
222.69.129.230 - - [09/Jun/2022:11:01:18 +0800] "GET /xingrg/javascript/easyui/themes/default/easyui.css HTTP/1.1" 200 30432
222.69.129.230 - - [09/Jun/2022:11:01:18 +0800] "GET /xingrg/javascript/jquery_tools/jquery.tools.table.js HTTP/1.1" 200 6994
222.69.129.230 - - [09/Jun/2022:11:01:18 +0800] "GET /favicon.ico HTTP/1.1" 404 -
222.69.129.230 - - [09/Jun/2022:11:01:18 +0800] "GET /xingrg/javascript/jquery_tools/order_manager.js HTTP/1.1" 200 11183
222.69.129.230 - - [09/Jun/2022:11:01:18 +0800] "GET /xingrg/javascript/print/kc_print.js HTTP/1.1" 200 11415
222.69.129.230 - - [09/Jun/2022:11:01:18 +0800] "GET /xingrg/words/20220608175540_words.js HTTP/1.1" 200 900986
222.69.129.230 - - [09/Jun/2022:11:01:18 +0800] "GET /xingrg/javascript/easyui/themes/icons/edit_add_new.png HTTP/1.1" 200 2997
222.69.129.230 - - [09/Jun/2022:11:01:18 +0800] "GET /xingrg/javascript/easyui/themes/icons/copy_new.png HTTP/1.1" 200 815
222.69.129.230 - - [09/Jun/2022:11:01:18 +0800] "GET /xingrg/javascript/easyui/themes/icons/uncheck_new.png HTTP/1.1" 200 3197
222.69.129.230 - - [09/Jun/2022:11:01:18 +0800] "GET /xingrg/javascript/easyui/themes/icons/cancel.png HTTP/1.1" 200 1133
222.69.129.230 - - [09/Jun/2022:11:01:18 +0800] "GET /xingrg/javascript/easyui/themes/icons/print.png HTTP/1.1" 200 1057
222.69.129.230 - - [09/Jun/2022:11:01:18 +0800] "GET /xingrg/javascript/easyui/themes/default/images/menu_downarrow.png HTTP/1.1" 200 173
222.69.129.230 - - [09/Jun/2022:11:01:19 +0800] "GET /xingrg/javascript/easyui/themes/default/validatebox.css HTTP/1.1" 404 1104
222.69.129.230 - - [09/Jun/2022:11:01:19 +0800] "GET /xingrg/javascript/easyui/plugins/jquery.validatebox.js HTTP/1.1" 200 6103
222.69.129.230 - - [09/Jun/2022:11:01:19 +0800] "GET /xingrg/javascript/easyui/plugins/jquery.numberbox.js HTTP/1.1" 200 5213
114.86.227.151 - - [09/Jun/2022:11:01:19 +0800] "POST /xingrg/kc/buy/cgsh_list_operate.html HTTP/1.1" 200 876
114.86.227.151 - - [09/Jun/2022:11:01:19 +0800] "GET /xingrg/javascript/easyui/themes/default/images/button_plain_hover.png HTTP/1.1" 200 144
222.69.129.230 - - [09/Jun/2022:11:01:20 +0800] "POST /xingrg/kc/buy/cgsh_order_operate.html HTTP/1.1" 200 612
222.69.129.230 - - [09/Jun/2022:11:01:20 +0800] "GET /xingrg/javascript/easyui/themes/icons/edit_remove.png HTTP/1.1" 200 625
114.86.227.151 - - [09/Jun/2022:11:01:21 +0800] "GET /xingrg/javascript/convert.js HTTP/1.1" 200 1239
114.86.227.151 - - [09/Jun/2022:11:01:21 +0800] "GET /xingrg/javascript/jquery_tools/order_manager.js HTTP/1.1" 200 11183
114.86.227.151 - - [09/Jun/2022:11:01:21 +0800] "GET /xingrg/javascript/json2.js HTTP/1.1" 200 11259
114.86.227.151 - - [09/Jun/2022:11:01:21 +0800] "GET /xingrg/javascript/print/kc_print.js HTTP/1.1" 200 11415
114.86.227.151 - - [09/Jun/2022:11:01:21 +0800] "GET /xingrg/words/20220608175540_words.js HTTP/1.1" 200 900986
114.86.227.151 - - [09/Jun/2022:11:01:21 +0800] "GET /xingrg/javascript/easyui/themes/icons/copy_new.png HTTP/1.1" 200 815
114.86.227.151 - - [09/Jun/2022:11:01:21 +0800] "GET /xingrg/javascript/easyui/themes/icons/print.png HTTP/1.1" 200 1057
114.86.227.151 - - [09/Jun/2022:11:01:21 +0800] "GET /xingrg/javascript/easyui/themes/icons/ok.png HTTP/1.1" 200 883
114.86.227.151 - - [09/Jun/2022:11:01:21 +0800] "GET /xingrg/javascript/easyui/themes/icons/template_new.png HTTP/1.1" 200 3956
114.86.227.151 - - [09/Jun/2022:11:01:21 +0800] "GET /xingrg/kc/buy/cgsh_order_add.html HTTP/1.1" 200 67649
114.86.227.151 - - [09/Jun/2022:11:01:21 +0800] "GET /xingrg/javascript/easyui/themes/default/images/menu_downarrow.png HTTP/1.1" 200 173
114.86.227.151 - - [09/Jun/2022:11:01:21 +0800] "GET /xingrg/javascript/easyui/themes/icons/cancel.png HTTP/1.1" 200 1133
58.39.61.91 - - [09/Jun/2022:11:01:22 +0800] "GET /xingrg/check_reg.html?_=1654743677961 HTTP/1.1" 200 22
58.39.61.91 - - [09/Jun/2022:11:01:22 +0800] "GET /xingrg/all/function/internal_message.html?_=1654743677968&CODE_STATE=getMsg HTTP/1.1" 200 27
114.86.227.151 - - [09/Jun/2022:11:01:23 +0800] "POST /xingrg/kc/buy/cgsh_order_operate.html HTTP/1.1" 200 8245
114.86.227.151 - - [09/Jun/2022:11:01:24 +0800] "GET /xingrg/javascript/easyui/themes/default/validatebox.css HTTP/1.1" 404 1104
114.86.227.151 - - [09/Jun/2022:11:01:24 +0800] "GET /xingrg/javascript/easyui/plugins/jquery.validatebox.js HTTP/1.1" 200 6103
114.86.227.151 - - [09/Jun/2022:11:01:24 +0800] "GET /xingrg/javascript/easyui/plugins/jquery.numberbox.js HTTP/1.1" 200 5213
114.86.227.151 - - [09/Jun/2022:11:01:24 +0800] "GET /xingrg/javascript/easyui/themes/icons/edit_remove.png HTTP/1.1" 200 625
114.86.227.151 - - [09/Jun/2022:11:01:24 +0800] "GET /xingrg/all/common/auto_word.html?type=employee&rest_code=00109 HTTP/1.1" 200 255
114.86.227.151 - - [09/Jun/2022:11:01:24 +0800] "GET /xingrg/all/common/auto_word.html?type=employee&rest_code=00109 HTTP/1.1" 200 255
58.35.194.53 - - [09/Jun/2022:11:01:24 +0800] "POST /xingrg/kc/base/yddb_list_operate.html HTTP/1.1" 200 199
58.35.194.53 - - [09/Jun/2022:11:01:24 +0800] "GET /xingrg/all/function/internal_message.html?_=1654743679808&CODE_STATE=getMsg HTTP/1.1" 200 27
180.156.212.250 - - [09/Jun/2022:11:01:26 +0800] "GET /xingrg/all/function/internal_message.html?_=1654743753072&CODE_STATE=getMsg HTTP/1.1" 302 -
114.86.227.151 - - [09/Jun/2022:11:01:26 +0800] "GET /xingrg/javascript/jquery_tools/images/prev.gif HTTP/1.1" 404 1086
114.86.227.151 - - [09/Jun/2022:11:01:26 +0800] "GET /xingrg/javascript/jquery_tools/images/next.gif HTTP/1.1" 404 1086
58.35.194.53 - - [09/Jun/2022:11:01:27 +0800] "GET /xingrg/kc/base/yddb_order_info.html?code=482022060700074 HTTP/1.1" 200 31716
58.35.194.53 - - [09/Jun/2022:11:01:27 +0800] "GET /xingrg/dwr/interface/AjaxYddbService.js HTTP/1.1" 200 13201
58.35.194.53 - - [09/Jun/2022:11:01:27 +0800] "GET /xingrg/dwr/interface/AjaxComOrderService.js HTTP/1.1" 200 18264
58.35.194.53 - - [09/Jun/2022:11:01:27 +0800] "GET /xingrg/dwr/engine.js HTTP/1.1" 200 43631
58.35.194.53 - - [09/Jun/2022:11:01:28 +0800] "POST /xingrg/dwr/call/plaincall/AjaxYddbService.loadMaterielItems.dwr HTTP/1.1" 200 387
180.175.103.167 - - [09/Jun/2022:11:01:29 +0800] "GET /xingrg/check_reg.html?_=1654743688334 HTTP/1.1" 302 -
58.39.61.91 - - [09/Jun/2022:11:01:31 +0800] "GET /xingrg/all/function/internal_message.html?_=1654743639139&CODE_STATE=getMsg HTTP/1.1" 200 27
114.86.227.151 - - [09/Jun/2022:11:01:32 +0800] "GET /xingrg/kc/buy/cgsh_order_operate.html?command=get_materiel&rest_code=00109&code=00101008349&supplier_code=00100005&order_time=2022-06-09 HTTP/1.1" 200 412
116.228.172.94 - - [09/Jun/2022:11:01:33 +0800] "GET /favicon.ico HTTP/1.1" 404 -
222.69.129.230 - - [09/Jun/2022:11:01:39 +0800] "GET /xingrg/all/function/internal_message.html?_=1654743694624&CODE_STATE=getMsg HTTP/1.1" 302 -
114.84.82.172 - - [09/Jun/2022:11:01:39 +0800] "GET /xingrg/all/function/internal_message.html?_=1654743696858&CODE_STATE=getMsg HTTP/1.1" 302 -
116.230.110.173 - - [09/Jun/2022:11:01:45 +0800] "GET /xingrg/all/function/internal_message.html?_=1654743701517&CODE_STATE=getMsg HTTP/1.1" 302 -
101.85.120.86 - - [09/Jun/2022:11:01:46 +0800] "GET /xingrg/all/function/internal_message.html?_=1654743703029&CODE_STATE=getMsg HTTP/1.1" 302 -
101.85.120.86 - - [09/Jun/2022:11:01:46 +0800] "GET /xingrg/check_reg.html?_=1654743703030 HTTP/1.1" 302 -
180.169.147.146 - - [09/Jun/2022:11:01:50 +0800] "GET /xingrg/all/function/internal_message.html?_=1654743713326&CODE_STATE=getMsg HTTP/1.1" 302 -
180.169.147.146 - - [09/Jun/2022:11:01:50 +0800] "GET /xingrg/check_reg.html?_=1654743713329 HTTP/1.1" 302 -
180.175.103.167 - - [09/Jun/2022:11:01:50 +0800] "GET /xingrg/all/function/internal_message.html?_=1654743710120&CODE_STATE=getMsg HTTP/1.1" 302 -
120.253.135.82 - - [09/Jun/2022:11:01:52 +0800] "GET /xingrg/all/function/internal_message.html?_=1654743519381&CODE_STATE=getMsg HTTP/1.1" 200 27
180.169.147.146 - - [09/Jun/2022:11:01:59 +0800] "GET /xingrg/all/function/internal_message.html?_=1654743712528&CODE_STATE=getMsg HTTP/1.1" 302 -
180.175.103.167 - - [09/Jun/2022:11:02:02 +0800] "GET /xingrg/all/function/internal_message.html?_=1654743634272&CODE_STATE=getMsg HTTP/1.1" 302 -
180.169.147.146 - - [09/Jun/2022:11:02:03 +0800] "GET /xingrg/all/function/internal_message.html?_=1654743721797&CODE_STATE=getMsg HTTP/1.1" 200 27
114.86.227.151 - - [09/Jun/2022:11:02:04 +0800] "GET /xingrg/kc/buy/cgsh_order_operate.html?command=get_materiel&rest_code=00109&code=00101008112&supplier_code=00100005&order_time=2022-06-09 HTTP/1.1" 200 412
172.20.0.100 - - [09/Jun/2022:11:02:05 +0800] "GET /xingrg/all/function/internal_message.html?_=1654743722008&CODE_STATE=getMsg HTTP/1.1" 200 27
180.169.147.146 - - [09/Jun/2022:11:02:06 +0800] "GET /xingrg/all/function/internal_message.html?_=1654743723661&CODE_STATE=getMsg HTTP/1.1" 200 27
180.169.147.146 - - [09/Jun/2022:11:02:07 +0800] "GET /xingrg/all/function/internal_message.html?_=1654743724809&CODE_STATE=getMsg HTTP/1.1" 200 27
114.88.162.248 - - [09/Jun/2022:11:02:10 +0800] "GET /xingrg/all/function/internal_message.html?_=1654743725771&CODE_STATE=getMsg HTTP/1.1" 200 27
114.86.227.151 - - [09/Jun/2022:11:02:12 +0800] "GET /xingrg/all/function/internal_message.html?_=1654743732108&CODE_STATE=getMsg HTTP/1.1" 200 27
124.78.154.86 - - [09/Jun/2022:11:02:15 +0800] "GET /xingrg/login.html?r=1 HTTP/1.1" 200 7641
124.78.154.86 - - [09/Jun/2022:11:02:15 +0800] "GET /favicon.ico HTTP/1.1" 404 -
218.81.223.53 - - [09/Jun/2022:11:02:16 +0800] "GET /xingrg/all/function/internal_message.html?_=1654743746933&CODE_STATE=getMsg HTTP/1.1" 200 27
124.78.154.86 - - [09/Jun/2022:11:02:18 +0800] "POST /xingrg/login.do HTTP/1.1" 302 -
124.78.154.86 - - [09/Jun/2022:11:02:18 +0800] "GET /xingrg/index.html?sysBaseUrl=http%3A%2F%2F180.169.147.146%3A18081%2Fxingrg%2F&costTime=1199×tamp=1654743738400 HTTP/1.1" 200 17173
124.78.154.86 - - [09/Jun/2022:11:02:18 +0800] "GET /favicon.ico HTTP/1.1" 404 -
124.78.154.86 - - [09/Jun/2022:11:02:18 +0800] "GET /xingrg/check_reg.html?_=1654743737252 HTTP/1.1" 200 22
124.78.154.86 - - [09/Jun/2022:11:02:18 +0800] "POST /xingrg/all/common/load_tree.html?tree=area_rest_tree_json&manage=1 HTTP/1.1" 200 342
124.78.154.86 - - [09/Jun/2022:11:02:18 +0800] "GET /xingrg/all/function/internal_message.html?_=1654743737251&CODE_STATE=count HTTP/1.1" 200 11
124.78.154.86 - - [09/Jun/2022:11:02:18 +0800] "POST /xingrg/load_menu.html HTTP/1.1" 200 5138
114.86.227.151 - - [09/Jun/2022:11:02:19 +0800] "GET /xingrg/kc/buy/cgsh_order_operate.html?command=get_materiel&rest_code=00109&code=00101008354&supplier_code=00100005&order_time=2022-06-09 HTTP/1.1" 200 412
58.39.61.91 - - [09/Jun/2022:11:02:22 +0800] "GET /xingrg/all/function/internal_message.html?_=1654743737967&CODE_STATE=getMsg HTTP/1.1" 200 27
124.78.154.86 - - [09/Jun/2022:11:02:22 +0800] "GET /xingrg/kc/mdqp/qp_main.html HTTP/1.1" 200 10633
124.78.154.86 - - [09/Jun/2022:11:02:23 +0800] "GET /xingrg/images/yd/bt.gif HTTP/1.1" 404 1040
58.35.194.53 - - [09/Jun/2022:11:02:24 +0800] "GET /xingrg/all/function/internal_message.html?_=1654743739811&CODE_STATE=getMsg HTTP/1.1" 200 27
124.78.154.86 - - [09/Jun/2022:11:02:24 +0800] "GET /xingrg/kc/mdqp/pssh_order_list.html HTTP/1.1" 200 17818
124.78.154.86 - - [09/Jun/2022:11:02:25 +0800] "POST /xingrg/kc/mdqp/pssh_list_operate.html HTTP/1.1" 200 5437
180.156.212.250 - - [09/Jun/2022:11:02:26 +0800] "GET /xingrg/all/function/internal_message.html?_=1654743813379&CODE_STATE=getMsg HTTP/1.1" 302 -
114.86.227.151 - - [09/Jun/2022:11:02:27 +0800] "GET /xingrg/kc/buy/cgsh_order_operate.html?command=get_materiel&rest_code=00109&code=00101008355&supplier_code=00100005&order_time=2022-06-09 HTTP/1.1" 200 408
58.39.61.91 - - [09/Jun/2022:11:02:31 +0800] "GET /xingrg/all/function/internal_message.html?_=1654743699144&CODE_STATE=getMsg HTTP/1.1" 200 27
114.86.227.151 - - [09/Jun/2022:11:02:34 +0800] "GET /xingrg/kc/buy/cgsh_order_operate.html?command=get_materiel&rest_code=00109&code=00101008264&supplier_code=00100005&order_time=2022-06-09 HTTP/1.1" 200 412
222.69.129.230 - - [09/Jun/2022:11:02:39 +0800] "GET /xingrg/all/function/internal_message.html?_=1654743754609&CODE_STATE=getMsg HTTP/1.1" 302 -
114.84.82.172 - - [09/Jun/2022:11:02:39 +0800] "GET /xingrg/all/function/internal_message.html?_=1654743756859&CODE_STATE=getMsg HTTP/1.1" 302 -
222.69.129.230 - - [09/Jun/2022:11:02:40 +0800] "GET /xingrg/check_reg.html?_=1654743755502 HTTP/1.1" 302 -
114.86.227.151 - - [09/Jun/2022:11:02:40 +0800] "GET /xingrg/kc/buy/cgsh_order_operate.html?command=get_materiel&rest_code=00109&code=00101008069&supplier_code=00100005&order_time=2022-06-09 HTTP/1.1" 200 412
116.230.110.173 - - [09/Jun/2022:11:02:45 +0800] "GET /xingrg/all/function/internal_message.html?_=1654743761513&CODE_STATE=getMsg HTTP/1.1" 302 -
116.230.110.173 - - [09/Jun/2022:11:02:45 +0800] "GET /xingrg/check_reg.html?_=1654743761516 HTTP/1.1" 302 -
114.84.147.169 - - [09/Jun/2022:11:02:46 +0800] "GET /xingrg/check_reg.html?_=1654743490718 HTTP/1.1" 302 -
101.85.120.86 - - [09/Jun/2022:11:02:46 +0800] "GET /xingrg/all/function/internal_message.html?_=1654743763029&CODE_STATE=getMsg HTTP/1.1" 302 -
180.175.103.167 - - [09/Jun/2022:11:02:48 +0800] "GET /xingrg/check_reg.html?_=1654743680997 HTTP/1.1" 302 -
120.253.135.82 - - [09/Jun/2022:11:02:49 +0800] "GET /xingrg/check_reg.html?_=1654743576031 HTTP/1.1" 200 22
180.169.147.146 - - [09/Jun/2022:11:02:50 +0800] "GET /xingrg/all/function/internal_message.html?_=1654743773330&CODE_STATE=getMsg HTTP/1.1" 302 -
180.175.103.167 - - [09/Jun/2022:11:02:50 +0800] "GET /xingrg/all/function/internal_message.html?_=1654743770088&CODE_STATE=getMsg HTTP/1.1" 302 -
120.253.135.82 - - [09/Jun/2022:11:02:52 +0800] "GET /xingrg/all/function/internal_message.html?_=1654743579397&CODE_STATE=getMsg HTTP/1.1" 200 27
180.169.147.146 - - [09/Jun/2022:11:02:59 +0800] "GET /xingrg/all/function/internal_message.html?_=1654743772528&CODE_STATE=getMsg HTTP/1.1" 302 -
180.169.147.146 - - [09/Jun/2022:11:02:59 +0800] "GET /xingrg/check_reg.html?_=1654743772530 HTTP/1.1" 302 -
180.175.103.167 - - [09/Jun/2022:11:03:02 +0800] "GET /xingrg/all/function/internal_message.html?_=1654743694274&CODE_STATE=getMsg HTTP/1.1" 302 -
180.169.147.146 - - [09/Jun/2022:11:03:03 +0800] "GET /xingrg/all/function/internal_message.html?_=1654743781783&CODE_STATE=getMsg HTTP/1.1" 200 27
114.86.227.151 - - [09/Jun/2022:11:03:05 +0800] "GET /xingrg/kc/buy/cgsh_order_operate.html?command=get_materiel&rest_code=00109&code=00101008312&supplier_code=00100005&order_time=2022-06-09 HTTP/1.1" 200 412
172.20.0.100 - - [09/Jun/2022:11:03:05 +0800] "GET /xingrg/all/function/internal_message.html?_=1654743782011&CODE_STATE=getMsg HTTP/1.1" 200 27
180.169.147.146 - - [09/Jun/2022:11:03:06 +0800] "GET /xingrg/all/function/internal_message.html?_=1654743783669&CODE_STATE=getMsg HTTP/1.1" 200 27
180.169.147.146 - - [09/Jun/2022:11:03:06 +0800] "GET /xingrg/check_reg.html?_=1654743783682 HTTP/1.1" 200 22
180.169.147.146 - - [09/Jun/2022:11:03:07 +0800] "GET /xingrg/all/function/internal_message.html?_=1654743784805&CODE_STATE=getMsg HTTP/1.1" 200 27
114.88.162.248 - - [09/Jun/2022:11:03:10 +0800] "GET /xingrg/all/function/internal_message.html?_=1654743785786&CODE_STATE=getMsg HTTP/1.1" 200 27
218.81.223.53 - - [09/Jun/2022:11:03:12 +0800] "POST /xingrg/services/DataTransmitService HTTP/1.1" 200 524
114.86.227.151 - - [09/Jun/2022:11:03:12 +0800] "GET /xingrg/all/function/internal_message.html?_=1654743792110&CODE_STATE=getMsg HTTP/1.1" 200 27
218.81.223.53 - - [09/Jun/2022:11:03:12 +0800] "POST /xingrg/services/DataTransmitService HTTP/1.1" 200 412
114.86.227.151 - - [09/Jun/2022:11:03:13 +0800] "GET /xingrg/kc/buy/cgsh_order_operate.html?command=get_materiel&rest_code=00109&code=00101008196&supplier_code=00100005&order_time=2022-06-09 HTTP/1.1" 200 416
124.78.154.86 - - [09/Jun/2022:11:03:13 +0800] "POST /xingrg/kc/mdqp/pssh_list_operate.html HTTP/1.1" 200 591
124.78.154.86 - - [09/Jun/2022:11:03:14 +0800] "GET /xingrg/kc/mdqp/pssh_order_info.html?code=312022060700153 HTTP/1.1" 200 17272
124.78.154.86 - - [09/Jun/2022:11:03:14 +0800] "GET /xingrg/javascript/jquery_tools/jquery-1.4.2.min.js HTTP/1.1" 404 1094
124.78.154.86 - - [09/Jun/2022:11:03:14 +0800] "GET /xingrg/words/20220608175540_words.js HTTP/1.1" 304 -
124.78.154.86 - - [09/Jun/2022:11:03:14 +0800] "GET /xingrg/javascript/easyui/themes/default/validatebox.css HTTP/1.1" 404 1104
124.78.154.86 - - [09/Jun/2022:11:03:14 +0800] "GET /xingrg/all/common/auto_word.html?type=employee&rest_code=00106 HTTP/1.1" 200 205
124.78.154.86 - - [09/Jun/2022:11:03:14 +0800] "GET /xingrg/all/common/auto_word.html?type=base&rest_code=00106&rest_code=00106 HTTP/1.1" 200 1849
124.78.154.86 - - [09/Jun/2022:11:03:14 +0800] "POST /xingrg/kc/mdqp/pssh_order_operate.html HTTP/1.1" 200 2117
218.81.223.53 - - [09/Jun/2022:11:03:16 +0800] "GET /xingrg/all/function/internal_message.html?_=1654743807055&CODE_STATE=getMsg HTTP/1.1" 200 27
124.78.154.86 - - [09/Jun/2022:11:03:18 +0800] "GET /xingrg/all/function/internal_message.html?_=1654743797264&CODE_STATE=getMsg HTTP/1.1" 200 27
114.86.227.151 - - [09/Jun/2022:11:03:19 +0800] "GET /xingrg/kc/buy/cgsh_order_operate.html?command=get_materiel&rest_code=00109&code=00101008275&supplier_code=00100005&order_time=2022-06-09 HTTP/1.1" 200 417
124.78.154.86 - - [09/Jun/2022:11:03:19 +0800] "POST /xingrg/all/common/load_combo.html?type=base&rest_code=00106 HTTP/1.1" 200 3315
58.35.194.53 - - [09/Jun/2022:11:03:21 +0800] "GET /xingrg/kc/base/base_main.html HTTP/1.1" 200 12142
58.39.61.91 - - [09/Jun/2022:11:03:22 +0800] "GET /xingrg/all/function/internal_message.html?_=1654743797967&CODE_STATE=getMsg HTTP/1.1" 200 27
124.78.154.86 - - [09/Jun/2022:11:03:23 +0800] "POST /xingrg/all/common/load_combo.html?type=employee HTTP/1.1" 200 365
58.35.194.53 - - [09/Jun/2022:11:03:24 +0800] "GET /xingrg/all/function/internal_message.html?_=1654743799818&CODE_STATE=getMsg HTTP/1.1" 200 27
114.86.227.151 - - [09/Jun/2022:11:03:24 +0800] "GET /xingrg/kc/buy/cgsh_order_operate.html?command=get_materiel&rest_code=00109&code=00101008141&supplier_code=00100005&order_time=2022-06-09 HTTP/1.1" 200 412
180.156.212.250 - - [09/Jun/2022:11:03:26 +0800] "GET /xingrg/all/function/internal_message.html?_=1654743873379&CODE_STATE=getMsg HTTP/1.1" 302 -
124.78.154.86 - - [09/Jun/2022:11:03:28 +0800] "POST /xingrg/kc/mdqp/pssh_order_operate.html HTTP/1.1" 200 37
58.39.61.91 - - [09/Jun/2022:11:03:31 +0800] "GET /xingrg/check_reg.html?_=1654743758994 HTTP/1.1" 200 22
58.39.61.91 - - [09/Jun/2022:11:03:31 +0800] "GET /xingrg/all/function/internal_message.html?_=1654743759157&CODE_STATE=getMsg HTTP/1.1" 200 27
124.78.154.86 - - [09/Jun/2022:11:03:32 +0800] "POST /xingrg/kc/mdqp/pssh_order_operate.html HTTP/1.1" 200 12
124.78.154.86 - - [09/Jun/2022:11:03:33 +0800] "GET /xingrg/kc/mdqp/pssh_order_info.html?code=312022060700153 HTTP/1.1" 200 14392
124.78.154.86 - - [09/Jun/2022:11:03:34 +0800] "GET /xingrg/javascript/jquery_tools/jquery-1.4.2.min.js HTTP/1.1" 404 1094
124.78.154.86 - - [09/Jun/2022:11:03:34 +0800] "GET /xingrg/javascript/easyui/themes/default/validatebox.css HTTP/1.1" 404 1104
124.78.154.86 - - [09/Jun/2022:11:03:34 +0800] "POST /xingrg/kc/mdqp/pssh_order_operate.html HTTP/1.1" 200 2117
124.78.154.86 - - [09/Jun/2022:11:03:37 +0800] "GET /xingrg/kc/print/load_config.html?kc_code=pssh HTTP/1.1" 200 2291
124.78.154.86 - - [09/Jun/2022:11:03:38 +0800] "GET /xingrg/kc/print/load_data.html?order_code=312022060700153&kc_code=pssh&condition= HTTP/1.1" 200 1234
222.69.129.230 - - [09/Jun/2022:11:03:39 +0800] "GET /xingrg/all/function/internal_message.html?_=1654743814579&CODE_STATE=getMsg HTTP/1.1" 302 -
114.84.82.172 - - [09/Jun/2022:11:03:39 +0800] "GET /xingrg/all/function/internal_message.html?_=1654743816859&CODE_STATE=getMsg HTTP/1.1" 302 -
58.35.194.53 - - [09/Jun/2022:11:03:40 +0800] "GET /xingrg/kc/base/wldb_order_list.html HTTP/1.1" 200 19107
58.35.194.53 - - [09/Jun/2022:11:03:40 +0800] "POST /xingrg/kc/base/wldb_list_operate.html HTTP/1.1" 200 1777
114.86.227.151 - - [09/Jun/2022:11:03:42 +0800] "GET /xingrg/kc/buy/cgsh_order_operate.html?command=get_materiel&rest_code=00109&code=00101008223&supplier_code=00100005&order_time=2022-06-09 HTTP/1.1" 200 412
116.230.110.173 - - [09/Jun/2022:11:03:45 +0800] "GET /xingrg/all/function/internal_message.html?_=1654743821517&CODE_STATE=getMsg HTTP/1.1" 302 -
101.85.120.86 - - [09/Jun/2022:11:03:46 +0800] "GET /xingrg/all/function/internal_message.html?_=1654743823020&CODE_STATE=getMsg HTTP/1.1" 302 -
114.86.227.151 - - [09/Jun/2022:11:03:49 +0800] "GET /xingrg/kc/buy/cgsh_order_operate.html?command=get_materiel&rest_code=00109&code=00101008131&supplier_code=00100005&order_time=2022-06-09 HTTP/1.1" 200 408
180.169.147.146 - - [09/Jun/2022:11:03:50 +0800] "GET /xingrg/all/function/internal_message.html?_=1654743833329&CODE_STATE=getMsg HTTP/1.1" 302 -
124.78.154.86 - - [09/Jun/2022:11:03:50 +0800] "GET /xingrg/kc/mdqp/pssh_order_list.html?isBack=1 HTTP/1.1" 200 17818
124.78.154.86 - - [09/Jun/2022:11:03:50 +0800] "POST /xingrg/kc/mdqp/pssh_list_operate.html HTTP/1.1" 200 5474
180.175.103.167 - - [09/Jun/2022:11:03:50 +0800] "GET /xingrg/all/function/internal_message.html?_=1654743830067&CODE_STATE=getMsg HTTP/1.1" 302 -
124.78.154.86 - - [09/Jun/2022:11:03:51 +0800] "POST /xingrg/kc/mdqp/pssh_list_operate.html HTTP/1.1" 200 799
120.253.135.82 - - [09/Jun/2022:11:03:52 +0800] "GET /xingrg/all/function/internal_message.html?_=1654743639412&CODE_STATE=getMsg HTTP/1.1" 200 27
124.78.154.86 - - [09/Jun/2022:11:03:52 +0800] "GET /xingrg/kc/mdqp/pssh_order_info.html?code=312022060900170 HTTP/1.1" 200 17297
124.78.154.86 - - [09/Jun/2022:11:03:52 +0800] "GET /xingrg/javascript/jquery_tools/jquery-1.4.2.min.js HTTP/1.1" 404 1094
124.78.154.86 - - [09/Jun/2022:11:03:53 +0800] "GET /xingrg/javascript/easyui/themes/default/validatebox.css HTTP/1.1" 404 1104
124.78.154.86 - - [09/Jun/2022:11:03:53 +0800] "POST /xingrg/kc/mdqp/pssh_order_operate.html HTTP/1.1" 200 4790
114.86.227.151 - - [09/Jun/2022:11:03:56 +0800] "GET /xingrg/kc/buy/cgsh_order_operate.html?command=get_materiel&rest_code=00109&code=00101008283&supplier_code=00100005&order_time=2022-06-09 HTTP/1.1" 200 409
180.169.147.146 - - [09/Jun/2022:11:03:59 +0800] "GET /xingrg/all/function/internal_message.html?_=1654743832529&CODE_STATE=getMsg HTTP/1.1" 302 -
180.175.103.167 - - [09/Jun/2022:11:04:02 +0800] "GET /xingrg/all/function/internal_message.html?_=1654743754226&CODE_STATE=getMsg HTTP/1.1" 302 -
114.86.227.151 - - [09/Jun/2022:11:04:03 +0800] "GET /xingrg/kc/buy/cgsh_order_operate.html?command=get_materiel&rest_code=00109&code=00101008298&supplier_code=00100005&order_time=2022-06-09 HTTP/1.1" 200 413
180.169.147.146 - - [09/Jun/2022:11:04:03 +0800] "GET /xingrg/all/function/internal_message.html?_=1654743841753&CODE_STATE=getMsg HTTP/1.1" 200 27
172.20.0.100 - - [09/Jun/2022:11:04:05 +0800] "GET /xingrg/all/function/internal_message.html?_=1654743842012&CODE_STATE=getMsg HTTP/1.1" 200 27
172.20.0.100 - - [09/Jun/2022:11:04:05 +0800] "GET /xingrg/check_reg.html?_=1654743842060 HTTP/1.1" 200 22
180.169.147.146 - - [09/Jun/2022:11:04:06 +0800] "GET /xingrg/all/function/internal_message.html?_=1654743843669&CODE_STATE=getMsg HTTP/1.1" 200 27
180.169.147.146 - - [09/Jun/2022:11:04:07 +0800] "GET /xingrg/all/function/internal_message.html?_=1654743844798&CODE_STATE=getMsg HTTP/1.1" 200 27
180.169.147.146 - - [09/Jun/2022:11:04:07 +0800] "GET /xingrg/check_reg.html?_=1654743844802 HTTP/1.1" 200 22
114.88.162.248 - - [09/Jun/2022:11:04:10 +0800] "GET /xingrg/all/function/internal_message.html?_=1654743845772&CODE_STATE=getMsg HTTP/1.1" 200 27
114.86.227.151 - - [09/Jun/2022:11:04:11 +0800] "GET /xingrg/kc/buy/cgsh_order_operate.html?command=get_materiel&rest_code=00109&code=00101008244&supplier_code=00100005&order_time=2022-06-09 HTTP/1.1" 200 408
114.86.227.151 - - [09/Jun/2022:11:04:12 +0800] "GET /xingrg/all/function/internal_message.html?_=1654743852111&CODE_STATE=getMsg HTTP/1.1" 200 27
218.81.223.53 - - [09/Jun/2022:11:04:14 +0800] "GET /xingrg/check_reg.html?_=1654743865855 HTTP/1.1" 200 22
218.81.223.53 - - [09/Jun/2022:11:04:16 +0800] "GET /xingrg/all/function/internal_message.html?_=1654743867068&CODE_STATE=getMsg HTTP/1.1" 200 27
124.78.154.86 - - [09/Jun/2022:11:04:18 +0800] "GET /xingrg/all/function/internal_message.html?_=1654743857266&CODE_STATE=getMsg HTTP/1.1" 200 27
114.86.227.151 - - [09/Jun/2022:11:04:18 +0800] "GET /xingrg/kc/buy/cgsh_order_operate.html?command=get_materiel&rest_code=00109&code=00101008036&supplier_code=00100005&order_time=2022-06-09 HTTP/1.1" 200 408
58.39.61.91 - - [09/Jun/2022:11:04:22 +0800] "GET /xingrg/all/function/internal_message.html?_=1654743857971&CODE_STATE=getMsg HTTP/1.1" 200 27
124.78.154.86 - - [09/Jun/2022:11:04:23 +0800] "POST /xingrg/all/common/load_combo.html?type=base&rest_code=00106 HTTP/1.1" 200 3315
58.35.194.53 - - [09/Jun/2022:11:04:24 +0800] "GET /xingrg/all/function/internal_message.html?_=1654743859819&CODE_STATE=getMsg HTTP/1.1" 200 27
58.35.194.53 - - [09/Jun/2022:11:04:24 +0800] "GET /xingrg/check_reg.html?_=1654743859820 HTTP/1.1" 200 22
180.156.212.250 - - [09/Jun/2022:11:04:25 +0800] "GET /xingrg/check_reg.html?_=1654743932168 HTTP/1.1" 302 -
180.156.212.250 - - [09/Jun/2022:11:04:26 +0800] "GET /xingrg/all/function/internal_message.html?_=1654743933400&CODE_STATE=getMsg HTTP/1.1" 302 -
114.86.227.151 - - [09/Jun/2022:11:04:26 +0800] "GET /xingrg/kc/buy/cgsh_order_operate.html?command=get_materiel&rest_code=00109&code=00101008132&supplier_code=00100005&order_time=2022-06-09 HTTP/1.1" 200 408
124.78.154.86 - - [09/Jun/2022:11:04:28 +0800] "POST /xingrg/all/common/load_combo.html?type=employee HTTP/1.1" 200 365
58.39.61.91 - - [09/Jun/2022:11:04:31 +0800] "GET /xingrg/all/function/internal_message.html?_=1654743819172&CODE_STATE=getMsg HTTP/1.1" 200 27
124.78.154.86 - - [09/Jun/2022:11:04:33 +0800] "POST /xingrg/kc/mdqp/pssh_order_operate.html HTTP/1.1" 200 37
124.78.154.86 - - [09/Jun/2022:11:04:37 +0800] "POST /xingrg/kc/mdqp/pssh_order_operate.html HTTP/1.1" 200 12
222.69.129.230 - - [09/Jun/2022:11:04:39 +0800] "GET /xingrg/all/function/internal_message.html?_=1654743874590&CODE_STATE=getMsg HTTP/1.1" 302 -
114.84.82.172 - - [09/Jun/2022:11:04:39 +0800] "GET /xingrg/check_reg.html?_=1654743876859 HTTP/1.1" 302 -
124.78.154.86 - - [09/Jun/2022:11:04:39 +0800] "GET /xingrg/kc/mdqp/pssh_order_info.html?code=312022060900170 HTTP/1.1" 200 14386
124.78.154.86 - - [09/Jun/2022:11:04:39 +0800] "GET /xingrg/javascript/jquery_tools/jquery-1.4.2.min.js HTTP/1.1" 404 1094
114.84.82.172 - - [09/Jun/2022:11:04:39 +0800] "GET /xingrg/all/function/internal_message.html?_=1654743876862&CODE_STATE=getMsg HTTP/1.1" 302 -
124.78.154.86 - - [09/Jun/2022:11:04:39 +0800] "GET /xingrg/javascript/easyui/themes/default/validatebox.css HTTP/1.1" 404 1104
124.78.154.86 - - [09/Jun/2022:11:04:39 +0800] "POST /xingrg/kc/mdqp/pssh_order_operate.html HTTP/1.1" 200 4790
124.78.154.86 - - [09/Jun/2022:11:04:43 +0800] "GET /xingrg/kc/print/load_data.html?order_code=312022060900170&kc_code=pssh&condition= HTTP/1.1" 200 2176
117.143.46.200 - - [09/Jun/2022:11:04:44 +0800] "GET /xingrg/check_reg.html?_=1654743881937 HTTP/1.1" 302 -
116.230.110.173 - - [09/Jun/2022:11:04:45 +0800] "GET /xingrg/all/function/internal_message.html?_=1654743881521&CODE_STATE=getMsg HTTP/1.1" 302 -
101.85.120.86 - - [09/Jun/2022:11:04:46 +0800] "GET /xingrg/all/function/internal_message.html?_=1654743883036&CODE_STATE=getMsg HTTP/1.1" 302 -
114.84.147.169 - - [09/Jun/2022:11:04:49 +0800] "POST /xingrg/services/DataTransmitService HTTP/1.1" 200 524
180.169.147.146 - - [09/Jun/2022:11:04:50 +0800] "GET /xingrg/all/function/internal_message.html?_=1654743893328&CODE_STATE=getMsg HTTP/1.1" 302 -
180.175.103.167 - - [09/Jun/2022:11:04:50 +0800] "GET /xingrg/all/function/internal_message.html?_=1654743890041&CODE_STATE=getMsg HTTP/1.1" 302 -
120.253.135.82 - - [09/Jun/2022:11:04:52 +0800] "GET /xingrg/all/function/internal_message.html?_=1654743699461&CODE_STATE=getMsg HTTP/1.1" 200 27
180.169.147.146 - - [09/Jun/2022:11:04:59 +0800] "GET /xingrg/all/function/internal_message.html?_=1654743892528&CODE_STATE=getMsg HTTP/1.1" 302 -
180.175.103.167 - - [09/Jun/2022:11:05:02 +0800] "GET /xingrg/all/function/internal_message.html?_=1654743814211&CODE_STATE=getMsg HTTP/1.1" 302 -
180.169.147.146 - - [09/Jun/2022:11:05:03 +0800] "GET /xingrg/all/function/internal_message.html?_=1654743901723&CODE_STATE=getMsg HTTP/1.1" 200 27
180.169.147.146 - - [09/Jun/2022:11:05:03 +0800] "GET /xingrg/check_reg.html?_=1654743901961 HTTP/1.1" 200 22
172.20.0.100 - - [09/Jun/2022:11:05:05 +0800] "GET /xingrg/all/function/internal_message.html?_=1654743902003&CODE_STATE=getMsg HTTP/1.1" 200 27
180.169.147.146 - - [09/Jun/2022:11:05:06 +0800] "GET /xingrg/all/function/internal_message.html?_=1654743903665&CODE_STATE=getMsg HTTP/1.1" 200 27
180.169.147.146 - - [09/Jun/2022:11:05:07 +0800] "GET /xingrg/all/function/internal_message.html?_=1654743904817&CODE_STATE=getMsg HTTP/1.1" 200 27
114.88.162.248 - - [09/Jun/2022:11:05:10 +0800] "GET /xingrg/all/function/internal_message.html?_=1654743905771&CODE_STATE=getMsg HTTP/1.1" 200 27
114.88.162.248 - - [09/Jun/2022:11:05:10 +0800] "GET /xingrg/check_reg.html?_=1654743905774 HTTP/1.1" 200 22
114.86.227.151 - - [09/Jun/2022:11:05:12 +0800] "GET /xingrg/all/function/internal_message.html?_=1654743912113&CODE_STATE=getMsg HTTP/1.1" 200 27
114.84.82.172 - - [09/Jun/2022:11:05:13 +0800] "GET /xingrg/javascript/jquery_easy_ui/themes/icons/area.png HTTP/1.1" 304 -
114.84.82.172 - - [09/Jun/2022:11:05:13 +0800] "GET /xingrg/javascript/jquery_easy_ui/themes/icons/rest.png HTTP/1.1" 304 -
218.81.223.53 - - [09/Jun/2022:11:05:16 +0800] "GET /xingrg/all/function/internal_message.html?_=1654743927082&CODE_STATE=getMsg HTTP/1.1" 200 27
114.84.82.172 - - [09/Jun/2022:11:05:17 +0800] "GET /xingrg/kc/base/wldb_order_add.html HTTP/1.1" 302 -
114.84.82.172 - - [09/Jun/2022:11:05:17 +0800] "GET /xingrg/login.html HTTP/1.1" 200 7641
114.84.82.172 - - [09/Jun/2022:11:05:17 +0800] "GET /xingrg/login.html HTTP/1.1" 200 7641
114.84.82.172 - - [09/Jun/2022:11:05:17 +0800] "GET /favicon.ico HTTP/1.1" 404 -
124.78.154.86 - - [09/Jun/2022:11:05:18 +0800] "GET /xingrg/all/function/internal_message.html?_=1654743917266&CODE_STATE=getMsg HTTP/1.1" 200 27
58.39.61.91 - - [09/Jun/2022:11:05:22 +0800] "GET /xingrg/all/function/internal_message.html?_=1654743917970&CODE_STATE=getMsg HTTP/1.1" 200 27
114.84.82.172 - - [09/Jun/2022:11:05:23 +0800] "POST /xingrg/login.do HTTP/1.1" 302 -
114.84.82.172 - - [09/Jun/2022:11:05:24 +0800] "GET /xingrg/index.html?sysBaseUrl=http%3A%2F%2F180.169.147.146%3A18081%2Fxingrg%2F&costTime=1274×tamp=1654743923966 HTTP/1.1" 200 17179
114.84.82.172 - - [09/Jun/2022:11:05:24 +0800] "GET /favicon.ico HTTP/1.1" 404 -
114.84.82.172 - - [09/Jun/2022:11:05:24 +0800] "POST /xingrg/all/common/load_tree.html?tree=area_rest_tree_json&manage=1 HTTP/1.1" 200 470
114.84.82.172 - - [09/Jun/2022:11:05:24 +0800] "GET /xingrg/check_reg.html?_=1654743921769 HTTP/1.1" 200 22
114.84.82.172 - - [09/Jun/2022:11:05:24 +0800] "POST /xingrg/load_menu.html HTTP/1.1" 200 5138
114.84.82.172 - - [09/Jun/2022:11:05:24 +0800] "GET /xingrg/all/function/internal_message.html?_=1654743921767&CODE_STATE=count HTTP/1.1" 200 11
58.35.194.53 - - [09/Jun/2022:11:05:24 +0800] "GET /xingrg/all/function/internal_message.html?_=1654743919806&CODE_STATE=getMsg HTTP/1.1" 200 27
114.84.82.172 - - [09/Jun/2022:11:05:26 +0800] "GET /xingrg/kc/base/base_main.html HTTP/1.1" 200 12142
180.156.212.250 - - [09/Jun/2022:11:05:26 +0800] "GET /xingrg/all/function/internal_message.html?_=1654743993685&CODE_STATE=getMsg HTTP/1.1" 302 -
114.84.82.172 - - [09/Jun/2022:11:05:27 +0800] "GET /xingrg/kc/base/wldb_order_list.html HTTP/1.1" 200 19107
114.84.82.172 - - [09/Jun/2022:11:05:28 +0800] "POST /xingrg/kc/base/wldb_list_operate.html HTTP/1.1" 200 1778
114.84.82.172 - - [09/Jun/2022:11:05:29 +0800] "GET /xingrg/kc/base/wldb_order_add.html HTTP/1.1" 200 30317
114.84.82.172 - - [09/Jun/2022:11:05:29 +0800] "GET /xingrg/javascript/easyui/themes/default/validatebox.css HTTP/1.1" 404 1104
114.84.82.172 - - [09/Jun/2022:11:05:29 +0800] "POST /xingrg/kc/base/wldb_order_operate.html HTTP/1.1" 200 6806
114.84.82.172 - - [09/Jun/2022:11:05:30 +0800] "GET /xingrg/javascript/auto/indicator.gif HTTP/1.1" 404 1066
58.39.61.91 - - [09/Jun/2022:11:05:31 +0800] "GET /xingrg/all/function/internal_message.html?_=1654743879185&CODE_STATE=getMsg HTTP/1.1" 200 27
114.86.227.151 - - [09/Jun/2022:11:05:37 +0800] "POST /xingrg/kc/buy/cgsh_order_operate.html HTTP/1.1" 200 37
222.69.129.230 - - [09/Jun/2022:11:05:39 +0800] "GET /xingrg/all/function/internal_message.html?_=1654743934574&CODE_STATE=getMsg HTTP/1.1" 302 -
116.230.110.173 - - [09/Jun/2022:11:05:45 +0800] "GET /xingrg/all/function/internal_message.html?_=1654743941522&CODE_STATE=getMsg HTTP/1.1" 302 -
101.85.120.86 - - [09/Jun/2022:11:05:46 +0800] "GET /xingrg/all/function/internal_message.html?_=1654743943031&CODE_STATE=getMsg HTTP/1.1" 302 -
180.169.147.146 - - [09/Jun/2022:11:05:50 +0800] "GET /xingrg/all/function/internal_message.html?_=1654743953326&CODE_STATE=getMsg HTTP/1.1" 302 -
180.175.103.167 - - [09/Jun/2022:11:05:50 +0800] "GET /xingrg/all/function/internal_message.html?_=1654743950009&CODE_STATE=getMsg HTTP/1.1" 302 -
