114.88.162.248 - - [09/Jun/2022:09:54:04 +0800] "POST /xingrg/all/common/load_tree.html?tree=supplier_tree_json&isDelete=1 HTTP/1.1" 200 66322
114.88.162.248 - - [09/Jun/2022:09:54:04 +0800] "GET /xingrg/javascript/jquery_easy_ui/themes/default/images/validatebox_pointer.gif HTTP/1.1" 304 -
114.88.162.248 - - [09/Jun/2022:09:54:04 +0800] "GET /xingrg/javascript/jquery_easy_ui/themes/default/images/validatebox_warning.png HTTP/1.1" 304 -
222.69.129.153 - - [09/Jun/2022:09:54:07 +0800] "GET /xingrg/kc/buy/cgsh_order_operate.html?command=get_materiel&rest_code=00154&code=00102001124&supplier_code=00100151&order_time=2022-06-09 HTTP/1.1" 200 409
120.253.135.82 - - [09/Jun/2022:09:54:08 +0800] "GET /xingrg/all/function/internal_message.html?_=1654739455622&CODE_STATE=getMsg HTTP/1.1" 200 27
180.156.212.250 - - [09/Jun/2022:09:54:16 +0800] "GET /xingrg/all/function/internal_message.html?_=1654739723050&CODE_STATE=getMsg HTTP/1.1" 200 27
58.39.61.91 - - [09/Jun/2022:09:54:19 +0800] "GET /xingrg/all/function/internal_message.html?_=1654739654728&CODE_STATE=getMsg HTTP/1.1" 200 27
172.20.0.100 - - [09/Jun/2022:09:54:22 +0800] "GET /xingrg/all/function/internal_message.html?_=1654739660099&CODE_STATE=getMsg HTTP/1.1" 200 27
180.156.212.250 - - [09/Jun/2022:09:54:24 +0800] "GET /xingrg/check_reg.html?_=1654739731327 HTTP/1.1" 200 22
58.35.194.53 - - [09/Jun/2022:09:54:27 +0800] "GET /xingrg/all/function/internal_message.html?_=1654739662612&CODE_STATE=getMsg HTTP/1.1" 200 27
222.69.129.153 - - [09/Jun/2022:09:54:33 +0800] "GET /xingrg/all/function/internal_message.html?_=1654739695562&CODE_STATE=getMsg HTTP/1.1" 200 27
114.84.82.172 - - [09/Jun/2022:09:54:39 +0800] "GET /xingrg/all/function/internal_message.html?_=1654739676700&CODE_STATE=getMsg HTTP/1.1" 200 27
114.84.82.172 - - [09/Jun/2022:09:54:39 +0800] "GET /xingrg/check_reg.html?_=1654739676702 HTTP/1.1" 200 22
222.69.129.230 - - [09/Jun/2022:09:54:39 +0800] "GET /xingrg/all/function/internal_message.html?_=1654739675147&CODE_STATE=getMsg HTTP/1.1" 200 27
117.143.46.200 - - [09/Jun/2022:09:54:44 +0800] "GET /xingrg/check_reg.html?_=1654739681981 HTTP/1.1" 302 -
180.169.147.146 - - [09/Jun/2022:09:54:44 +0800] "GET /xingrg/all/function/internal_message.html?_=1654739683405&CODE_STATE=getMsg HTTP/1.1" 200 27
116.230.110.173 - - [09/Jun/2022:09:54:45 +0800] "GET /xingrg/all/function/internal_message.html?_=1654739681507&CODE_STATE=getMsg HTTP/1.1" 200 27
101.85.120.86 - - [09/Jun/2022:09:54:46 +0800] "GET /xingrg/all/function/internal_message.html?_=1654739682968&CODE_STATE=getMsg HTTP/1.1" 200 27
180.169.147.146 - - [09/Jun/2022:09:54:50 +0800] "GET /xingrg/all/function/internal_message.html?_=1654739693224&CODE_STATE=getMsg HTTP/1.1" 200 27
180.175.103.167 - - [09/Jun/2022:09:54:52 +0800] "GET /xingrg/all/function/internal_message.html?_=1654739691616&CODE_STATE=getMsg HTTP/1.1" 200 27
114.88.162.248 - - [09/Jun/2022:09:54:56 +0800] "GET /xingrg/all/function/internal_message.html?_=1654739691308&CODE_STATE=getMsg HTTP/1.1" 200 27
180.169.147.146 - - [09/Jun/2022:09:54:59 +0800] "GET /xingrg/all/function/internal_message.html?_=1654739692396&CODE_STATE=getMsg HTTP/1.1" 200 27
222.69.129.153 - - [09/Jun/2022:09:55:01 +0800] "POST /xingrg/kc/buy/cgsh_order_operate.html HTTP/1.1" 200 37
180.175.103.167 - - [09/Jun/2022:09:55:03 +0800] "GET /xingrg/all/function/internal_message.html?_=1654739615564&CODE_STATE=getMsg HTTP/1.1" 200 27
120.253.135.82 - - [09/Jun/2022:09:55:07 +0800] "GET /xingrg/check_reg.html?_=1654739514380 HTTP/1.1" 200 22
120.253.135.82 - - [09/Jun/2022:09:55:08 +0800] "GET /xingrg/all/function/internal_message.html?_=1654739515634&CODE_STATE=getMsg HTTP/1.1" 200 27
222.69.129.153 - - [09/Jun/2022:09:55:09 +0800] "POST /xingrg/kc/buy/cgsh_order_operate.html HTTP/1.1" 200 6209
222.69.129.153 - - [09/Jun/2022:09:55:15 +0800] "GET /xingrg/kc/buy/cgsh_order_list.html HTTP/1.1" 200 51797
180.156.212.250 - - [09/Jun/2022:09:55:16 +0800] "GET /xingrg/all/function/internal_message.html?_=1654739783079&CODE_STATE=getMsg HTTP/1.1" 200 27
114.88.162.248 - - [09/Jun/2022:09:55:16 +0800] "POST /xingrg/dwr/call/plaincall/AjaxCgthService.saveOrder.dwr HTTP/1.1" 200 78
222.69.129.153 - - [09/Jun/2022:09:55:17 +0800] "POST /xingrg/kc/buy/cgsh_list_operate.html HTTP/1.1" 200 2021
120.253.135.82 - - [09/Jun/2022:09:55:18 +0800] "GET /xingrg/kc/buy/cgsh_order_list.html HTTP/1.1" 200 51791
58.39.61.91 - - [09/Jun/2022:09:55:19 +0800] "GET /xingrg/all/function/internal_message.html?_=1654739714727&CODE_STATE=getMsg HTTP/1.1" 200 27
120.253.135.82 - - [09/Jun/2022:09:55:20 +0800] "POST /xingrg/kc/buy/cgsh_list_operate.html HTTP/1.1" 200 2025
114.88.162.248 - - [09/Jun/2022:09:55:20 +0800] "POST /xingrg/dwr/call/plaincall/AjaxComOrderService.getMaterielSearchList.dwr HTTP/1.1" 200 168242
114.88.162.248 - - [09/Jun/2022:09:55:21 +0800] "POST /xingrg/dwr/call/plaincall/AjaxComOrderService.getMaterielSearchList.dwr HTTP/1.1" 200 76
172.20.0.100 - - [09/Jun/2022:09:55:22 +0800] "GET /xingrg/all/function/internal_message.html?_=1654739720096&CODE_STATE=getMsg HTTP/1.1" 200 27
114.88.162.248 - - [09/Jun/2022:09:55:23 +0800] "POST /xingrg/dwr/call/plaincall/AjaxComOrderService.getMaterielSearchList.dwr HTTP/1.1" 200 29207
218.81.223.53 - - [09/Jun/2022:09:55:23 +0800] "POST /xingrg/kc/buy/cgsh_order_operate.html HTTP/1.1" 200 37
120.253.135.82 - - [09/Jun/2022:09:55:23 +0800] "POST /xingrg/kc/buy/cgsh_list_operate.html HTTP/1.1" 200 205
114.88.162.248 - - [09/Jun/2022:09:55:24 +0800] "POST /xingrg/dwr/call/plaincall/AjaxComOrderService.getMaterielSearchList.dwr HTTP/1.1" 200 414
120.253.135.82 - - [09/Jun/2022:09:55:24 +0800] "GET /xingrg/kc/buy/cgsh_order_info.html?code=212022060900888 HTTP/1.1" 200 66634
120.253.135.82 - - [09/Jun/2022:09:55:25 +0800] "GET /xingrg/javascript/easyui/themes/default/validatebox.css HTTP/1.1" 404 1104
120.253.135.82 - - [09/Jun/2022:09:55:26 +0800] "POST /xingrg/kc/buy/cgsh_order_operate.html HTTP/1.1" 200 2685
58.35.194.53 - - [09/Jun/2022:09:55:27 +0800] "GET /xingrg/all/function/internal_message.html?_=1654739722597&CODE_STATE=getMsg HTTP/1.1" 200 27
218.81.223.53 - - [09/Jun/2022:09:55:29 +0800] "POST /xingrg/kc/buy/cgsh_order_operate.html HTTP/1.1" 200 12
114.88.162.248 - - [09/Jun/2022:09:55:29 +0800] "POST /xingrg/dwr/call/plaincall/AjaxCgthService.getMaterielByMap.dwr HTTP/1.1" 200 2759
218.81.223.53 - - [09/Jun/2022:09:55:31 +0800] "GET /xingrg/kc/buy/cgsh_order_info.html?code=212022060900901 HTTP/1.1" 200 62442
218.81.223.53 - - [09/Jun/2022:09:55:31 +0800] "GET /xingrg/javascript/easyui/themes/default/validatebox.css HTTP/1.1" 404 1104
218.81.223.53 - - [09/Jun/2022:09:55:31 +0800] "GET /xingrg/all/function/internal_message.html?_=1654739742651&CODE_STATE=getMsg HTTP/1.1" 200 27
218.81.223.53 - - [09/Jun/2022:09:55:31 +0800] "POST /xingrg/kc/buy/cgsh_order_operate.html HTTP/1.1" 200 4180
222.69.129.153 - - [09/Jun/2022:09:55:33 +0800] "GET /xingrg/all/function/internal_message.html?_=1654739755569&CODE_STATE=getMsg HTTP/1.1" 200 27
218.81.223.53 - - [09/Jun/2022:09:55:34 +0800] "GET /xingrg/kc/print/load_config.html?kc_code=cgsh HTTP/1.1" 200 1943
218.81.223.53 - - [09/Jun/2022:09:55:34 +0800] "GET /xingrg/kc/print/load_data.html?order_code=212022060900901&kc_code=cgsh&condition= HTTP/1.1" 200 2088
114.88.162.248 - - [09/Jun/2022:09:55:36 +0800] "POST /xingrg/dwr/call/plaincall/AjaxCgthService.saveMaterielItem.dwr HTTP/1.1" 200 78
114.88.162.248 - - [09/Jun/2022:09:55:36 +0800] "POST /xingrg/dwr/call/plaincall/AjaxCgthService.saveOrder.dwr HTTP/1.1" 200 78
114.84.82.172 - - [09/Jun/2022:09:55:39 +0800] "GET /xingrg/all/function/internal_message.html?_=1654739736701&CODE_STATE=getMsg HTTP/1.1" 200 27
222.69.129.230 - - [09/Jun/2022:09:55:39 +0800] "GET /xingrg/all/function/internal_message.html?_=1654739735132&CODE_STATE=getMsg HTTP/1.1" 200 27
114.88.162.248 - - [09/Jun/2022:09:55:43 +0800] "GET /xingrg/dwr/interface/AjaxComOrderService.js HTTP/1.1" 200 18264
114.88.162.248 - - [09/Jun/2022:09:55:43 +0800] "GET /xingrg/kc/buy/cgth_order_add.html HTTP/1.1" 200 69438
114.88.162.248 - - [09/Jun/2022:09:55:43 +0800] "GET /xingrg/dwr/engine.js HTTP/1.1" 200 43631
114.88.162.248 - - [09/Jun/2022:09:55:43 +0800] "GET /xingrg/dwr/interface/AjaxCgthService.js HTTP/1.1" 200 14519
114.88.162.248 - - [09/Jun/2022:09:55:43 +0800] "POST /xingrg/all/common/load_tree.html?tree=supplier_tree_json&isDelete=1 HTTP/1.1" 200 66322
180.169.147.146 - - [09/Jun/2022:09:55:44 +0800] "GET /xingrg/all/function/internal_message.html?_=1654739743407&CODE_STATE=getMsg HTTP/1.1" 200 27
116.230.110.173 - - [09/Jun/2022:09:55:45 +0800] "GET /xingrg/all/function/internal_message.html?_=1654739741521&CODE_STATE=getMsg HTTP/1.1" 200 27
101.85.120.86 - - [09/Jun/2022:09:55:46 +0800] "GET /xingrg/all/function/internal_message.html?_=1654739742968&CODE_STATE=getMsg HTTP/1.1" 200 27
180.169.147.146 - - [09/Jun/2022:09:55:50 +0800] "GET /xingrg/all/function/internal_message.html?_=1654739753224&CODE_STATE=getMsg HTTP/1.1" 200 27
180.175.103.167 - - [09/Jun/2022:09:55:52 +0800] "GET /xingrg/all/function/internal_message.html?_=1654739751620&CODE_STATE=getMsg HTTP/1.1" 200 27
114.88.162.248 - - [09/Jun/2022:09:55:56 +0800] "GET /xingrg/check_reg.html?_=1654739751302 HTTP/1.1" 200 22
114.88.162.248 - - [09/Jun/2022:09:55:56 +0800] "GET /xingrg/all/function/internal_message.html?_=1654739751303&CODE_STATE=getMsg HTTP/1.1" 200 27
180.169.147.146 - - [09/Jun/2022:09:55:57 +0800] "GET /xingrg/check_reg.html?_=1654739759122 HTTP/1.1" 302 -
180.169.147.146 - - [09/Jun/2022:09:55:59 +0800] "GET /xingrg/all/function/internal_message.html?_=1654739752396&CODE_STATE=getMsg HTTP/1.1" 200 27
180.175.103.167 - - [09/Jun/2022:09:56:03 +0800] "GET /xingrg/all/function/internal_message.html?_=1654739675550&CODE_STATE=getMsg HTTP/1.1" 200 27
120.253.135.82 - - [09/Jun/2022:09:56:08 +0800] "GET /xingrg/all/function/internal_message.html?_=1654739575777&CODE_STATE=getMsg HTTP/1.1" 200 27
172.20.0.100 - - [09/Jun/2022:09:56:14 +0800] "GET /xingrg/kc/mdqp/psth_order_list1.html HTTP/1.1" 200 17866
172.20.0.100 - - [09/Jun/2022:09:56:14 +0800] "POST /xingrg/kc/mdqp/psth_list_operate.html HTTP/1.1" 200 749
218.81.223.53 - - [09/Jun/2022:09:56:15 +0800] "GET /xingrg/kc/buy/cgsh_order_add.html HTTP/1.1" 200 67535
218.81.223.53 - - [09/Jun/2022:09:56:16 +0800] "POST /xingrg/kc/buy/cgsh_order_operate.html HTTP/1.1" 200 8245
180.156.212.250 - - [09/Jun/2022:09:56:16 +0800] "GET /xingrg/all/function/internal_message.html?_=1654739843085&CODE_STATE=getMsg HTTP/1.1" 200 27
218.81.223.53 - - [09/Jun/2022:09:56:16 +0800] "GET /xingrg/javascript/easyui/themes/default/validatebox.css HTTP/1.1" 404 1104
172.20.0.100 - - [09/Jun/2022:09:56:18 +0800] "POST /xingrg/kc/mdqp/psth_list_operate.html HTTP/1.1" 200 8374
114.88.162.248 - - [09/Jun/2022:09:56:18 +0800] "POST /xingrg/dwr/call/plaincall/AjaxCgthService.saveOrder.dwr HTTP/1.1" 200 78
58.39.61.91 - - [09/Jun/2022:09:56:19 +0800] "GET /xingrg/all/function/internal_message.html?_=1654739774742&CODE_STATE=getMsg HTTP/1.1" 200 27
58.39.61.91 - - [09/Jun/2022:09:56:19 +0800] "GET /xingrg/check_reg.html?_=1654739774743 HTTP/1.1" 200 22
172.20.0.100 - - [09/Jun/2022:09:56:20 +0800] "POST /xingrg/kc/mdqp/psth_list_operate.html HTTP/1.1" 200 212
172.20.0.100 - - [09/Jun/2022:09:56:20 +0800] "POST /xingrg/kc/mdqp/psth_list_operate.html HTTP/1.1" 200 303
172.20.0.100 - - [09/Jun/2022:09:56:21 +0800] "POST /xingrg/kc/mdqp/psth_list_operate.html HTTP/1.1" 200 206
172.20.0.100 - - [09/Jun/2022:09:56:22 +0800] "POST /xingrg/kc/mdqp/psth_list_operate.html HTTP/1.1" 200 285
114.88.162.248 - - [09/Jun/2022:09:56:22 +0800] "POST /xingrg/dwr/call/plaincall/AjaxComOrderService.getMaterielSearchList.dwr HTTP/1.1" 200 464
172.20.0.100 - - [09/Jun/2022:09:56:22 +0800] "GET /xingrg/all/function/internal_message.html?_=1654739780134&CODE_STATE=getMsg HTTP/1.1" 200 27
114.88.162.248 - - [09/Jun/2022:09:56:22 +0800] "POST /xingrg/dwr/call/plaincall/AjaxComOrderService.getMaterielSearchList.dwr HTTP/1.1" 200 464
172.20.0.100 - - [09/Jun/2022:09:56:23 +0800] "POST /xingrg/kc/mdqp/psth_list_operate.html HTTP/1.1" 200 222
58.35.194.53 - - [09/Jun/2022:09:56:27 +0800] "GET /xingrg/all/function/internal_message.html?_=1654739782583&CODE_STATE=getMsg HTTP/1.1" 200 27
120.253.135.82 - - [09/Jun/2022:09:56:28 +0800] "POST /xingrg/kc/buy/cgsh_order_operate.html HTTP/1.1" 200 37
180.175.103.167 - - [09/Jun/2022:09:56:29 +0800] "GET /xingrg/check_reg.html?_=1654739788222 HTTP/1.1" 200 22
114.88.162.248 - - [09/Jun/2022:09:56:29 +0800] "POST /xingrg/dwr/call/plaincall/AjaxCgthService.getMaterielByMap.dwr HTTP/1.1" 200 2813
120.253.135.82 - - [09/Jun/2022:09:56:29 +0800] "POST /xingrg/kc/buy/cgsh_order_operate.html HTTP/1.1" 200 2683
218.81.223.53 - - [09/Jun/2022:09:56:31 +0800] "GET /xingrg/all/function/internal_message.html?_=1654739802665&CODE_STATE=getMsg HTTP/1.1" 200 27
180.169.147.146 - - [09/Jun/2022:09:56:32 +0800] "GET /xingrg/index.html?sysBaseUrl=http%3A%2F%2F180.169.147.146%3A18081%2Fxingrg%2F&costTime=39×tamp=1592034574635 HTTP/1.1" 302 -
180.169.147.146 - - [09/Jun/2022:09:56:32 +0800] "GET /xingrg/login.html HTTP/1.1" 200 7641
180.169.147.146 - - [09/Jun/2022:09:56:32 +0800] "GET /favicon.ico HTTP/1.1" 404 -
222.69.129.153 - - [09/Jun/2022:09:56:33 +0800] "GET /xingrg/all/function/internal_message.html?_=1654739815565&CODE_STATE=getMsg HTTP/1.1" 200 27
172.20.0.100 - - [09/Jun/2022:09:56:33 +0800] "POST /xingrg/kc/mdqp/psth_list_operate.html HTTP/1.1" 200 1894
180.169.147.146 - - [09/Jun/2022:09:56:33 +0800] "POST /xingrg/login.do HTTP/1.1" 302 -
180.169.147.146 - - [09/Jun/2022:09:56:33 +0800] "GET /xingrg/index.html?sysBaseUrl=http%3A%2F%2F180.169.147.146%3A18081%2Fxingrg%2F&costTime=42×tamp=1654739793959 HTTP/1.1" 200 17503
180.169.147.146 - - [09/Jun/2022:09:56:34 +0800] "GET /favicon.ico HTTP/1.1" 404 -
180.169.147.146 - - [09/Jun/2022:09:56:34 +0800] "POST /xingrg/all/common/load_tree.html?tree=area_rest_tree_json&manage=1 HTTP/1.1" 200 3472
180.169.147.146 - - [09/Jun/2022:09:56:34 +0800] "GET /xingrg/all/function/internal_message.html?_=1654739791547&CODE_STATE=count HTTP/1.1" 200 11
180.169.147.146 - - [09/Jun/2022:09:56:34 +0800] "GET /xingrg/check_reg.html?_=1654739791548 HTTP/1.1" 200 22
180.169.147.146 - - [09/Jun/2022:09:56:34 +0800] "POST /xingrg/load_menu.html HTTP/1.1" 200 11564
180.169.147.146 - - [09/Jun/2022:09:56:34 +0800] "GET /xingrg/javascript/jquery_easy_ui/themes/icons/area.png HTTP/1.1" 200 262
180.169.147.146 - - [09/Jun/2022:09:56:34 +0800] "GET /xingrg/javascript/jquery_easy_ui/themes/icons/manage.png HTTP/1.1" 200 696
180.169.147.146 - - [09/Jun/2022:09:56:34 +0800] "GET /xingrg/javascript/jquery_easy_ui/themes/icons/rest.png HTTP/1.1" 200 695
180.169.147.146 - - [09/Jun/2022:09:56:34 +0800] "GET /xingrg/javascript/jquery_easy_ui/themes/default/images/button_a_bg.gif HTTP/1.1" 200 1194
180.169.147.146 - - [09/Jun/2022:09:56:34 +0800] "GET /xingrg/javascript/jquery_easy_ui/themes/default/images/button_span_bg.gif HTTP/1.1" 200 2061
180.169.147.146 - - [09/Jun/2022:09:56:34 +0800] "GET /xingrg/javascript/jquery_easy_ui/themes/default/images/panel_title.png HTTP/1.1" 200 266
180.169.147.146 - - [09/Jun/2022:09:56:34 +0800] "GET /xingrg/javascript/jquery_easy_ui/themes/icons/ok.png HTTP/1.1" 200 883
180.169.147.146 - - [09/Jun/2022:09:56:34 +0800] "GET /xingrg/javascript/jquery_easy_ui/themes/default/images/panel_tools.gif HTTP/1.1" 200 737
172.20.0.100 - - [09/Jun/2022:09:56:35 +0800] "POST /xingrg/kc/mdqp/psth_list_operate.html HTTP/1.1" 200 212
222.69.129.230 - - [09/Jun/2022:09:56:35 +0800] "GET /xingrg/kc/buy/cgsh_order_add.html HTTP/1.1" 200 67661
222.69.129.230 - - [09/Jun/2022:09:56:35 +0800] "POST /xingrg/kc/buy/cgsh_order_operate.html HTTP/1.1" 200 8245
222.69.129.230 - - [09/Jun/2022:09:56:35 +0800] "GET /xingrg/javascript/easyui/themes/default/validatebox.css HTTP/1.1" 404 1104
172.20.0.100 - - [09/Jun/2022:09:56:36 +0800] "POST /xingrg/kc/mdqp/psth_list_operate.html HTTP/1.1" 200 222
180.169.147.146 - - [09/Jun/2022:09:56:38 +0800] "GET /xingrg/images/control/ajaxLoader.gif HTTP/1.1" 200 4659
180.169.147.146 - - [09/Jun/2022:09:56:38 +0800] "POST /xingrg/all/user/operate.html HTTP/1.1" 200 36
180.169.147.146 - - [09/Jun/2022:09:56:38 +0800] "GET /xingrg/index.html?sysBaseUrl=http%3A%2F%2F180.169.147.146%3A18081%2Fxingrg%2F&costTime=42×tamp=1654739793959 HTTP/1.1" 200 17509
180.169.147.146 - - [09/Jun/2022:09:56:38 +0800] "GET /xingrg/javascript/jquery_easy_ui/themes/default/easyui.css HTTP/1.1" 304 -
180.169.147.146 - - [09/Jun/2022:09:56:38 +0800] "GET /xingrg/javascript/jquery_easy_ui/themes/icon.css HTTP/1.1" 304 -
180.169.147.146 - - [09/Jun/2022:09:56:38 +0800] "GET /xingrg/css/form.css HTTP/1.1" 304 -
180.169.147.146 - - [09/Jun/2022:09:56:38 +0800] "GET /xingrg/javascript/jquery-1.4.2.min.js HTTP/1.1" 304 -
180.169.147.146 - - [09/Jun/2022:09:56:38 +0800] "GET /xingrg/javascript/jquery_easy_ui/jquery.easyui.min.js HTTP/1.1" 304 -
180.169.147.146 - - [09/Jun/2022:09:56:38 +0800] "GET /xingrg/javascript/jquery_easy_ui/easyui-lang-zh_CN.js HTTP/1.1" 304 -
180.169.147.146 - - [09/Jun/2022:09:56:38 +0800] "GET /xingrg/javascript/jquery.form.js HTTP/1.1" 304 -
180.169.147.146 - - [09/Jun/2022:09:56:38 +0800] "GET /xingrg/javascript/jquery.utils.js HTTP/1.1" 304 -
180.169.147.146 - - [09/Jun/2022:09:56:38 +0800] "GET /xingrg/javascript/jquery.timers.js HTTP/1.1" 304 -
180.169.147.146 - - [09/Jun/2022:09:56:38 +0800] "GET /xingrg/images/blue/jxLogo.png HTTP/1.1" 304 -
180.169.147.146 - - [09/Jun/2022:09:56:38 +0800] "GET /xingrg/images/blue/navBackgound.jpg HTTP/1.1" 304 -
180.169.147.146 - - [09/Jun/2022:09:56:38 +0800] "GET /xingrg/javascript/jquery_easy_ui/themes/icons/settle_new.png HTTP/1.1" 304 -
180.169.147.146 - - [09/Jun/2022:09:56:38 +0800] "POST /xingrg/all/common/load_tree.html?tree=area_rest_tree_json&manage=1 HTTP/1.1" 200 3472
180.169.147.146 - - [09/Jun/2022:09:56:38 +0800] "GET /xingrg/all/function/internal_message.html?_=1654739795795&CODE_STATE=count HTTP/1.1" 200 11
180.169.147.146 - - [09/Jun/2022:09:56:38 +0800] "GET /xingrg/check_reg.html?_=1654739795796 HTTP/1.1" 200 22
180.169.147.146 - - [09/Jun/2022:09:56:38 +0800] "GET /xingrg/javascript/jquery_easy_ui/themes/default/images/panel_tool_expand.gif HTTP/1.1" 304 -
180.169.147.146 - - [09/Jun/2022:09:56:38 +0800] "GET /xingrg/javascript/jquery_easy_ui/themes/default/images/panel_tool_collapse.gif HTTP/1.1" 304 -
180.169.147.146 - - [09/Jun/2022:09:56:38 +0800] "GET /xingrg/images/blue/pingpu.png HTTP/1.1" 304 -
180.169.147.146 - - [09/Jun/2022:09:56:38 +0800] "POST /xingrg/load_menu.html HTTP/1.1" 200 9959
180.169.147.146 - - [09/Jun/2022:09:56:38 +0800] "GET /xingrg/javascript/jquery_easy_ui/themes/default/images/tabs_rightarrow.png HTTP/1.1" 304 -
180.169.147.146 - - [09/Jun/2022:09:56:38 +0800] "GET /xingrg/javascript/jquery_easy_ui/themes/default/images/tabs_leftarrow.png HTTP/1.1" 304 -
180.169.147.146 - - [09/Jun/2022:09:56:38 +0800] "GET /xingrg/javascript/jquery_easy_ui/themes/icons/checkout_new.png HTTP/1.1" 304 -
180.169.147.146 - - [09/Jun/2022:09:56:38 +0800] "GET /xingrg/javascript/jquery_easy_ui/themes/icons/storage_new.png HTTP/1.1" 304 -
180.169.147.146 - - [09/Jun/2022:09:56:38 +0800] "GET /xingrg/javascript/jquery_easy_ui/themes/default/images/tree_arrows.gif HTTP/1.1" 304 -
180.169.147.146 - - [09/Jun/2022:09:56:38 +0800] "GET /xingrg/javascript/jquery_easy_ui/themes/default/images/tree_folder.gif HTTP/1.1" 304 -
180.169.147.146 - - [09/Jun/2022:09:56:38 +0800] "GET /xingrg/javascript/jquery_easy_ui/themes/default/images/tree_folder_open.gif HTTP/1.1" 304 -
180.169.147.146 - - [09/Jun/2022:09:56:38 +0800] "GET /xingrg/javascript/jquery_easy_ui/themes/icons/search_new.png HTTP/1.1" 304 -
180.169.147.146 - - [09/Jun/2022:09:56:38 +0800] "GET /xingrg/javascript/jquery_easy_ui/themes/default/images/tree_file.gif HTTP/1.1" 304 -
180.169.147.146 - - [09/Jun/2022:09:56:38 +0800] "GET /xingrg/javascript/jquery_easy_ui/themes/icons/forms_new.png HTTP/1.1" 304 -
180.169.147.146 - - [09/Jun/2022:09:56:38 +0800] "GET /xingrg/javascript/jquery_easy_ui/themes/icons/systemset_new.png HTTP/1.1" 304 -
180.169.147.146 - - [09/Jun/2022:09:56:38 +0800] "GET /xingrg/javascript/jquery_easy_ui/themes/icons/setting_new.png HTTP/1.1" 304 -
114.84.82.172 - - [09/Jun/2022:09:56:39 +0800] "GET /xingrg/all/function/internal_message.html?_=1654739796702&CODE_STATE=getMsg HTTP/1.1" 200 27
222.69.129.230 - - [09/Jun/2022:09:56:39 +0800] "GET /xingrg/all/function/internal_message.html?_=1654739795127&CODE_STATE=getMsg HTTP/1.1" 200 27
114.88.162.248 - - [09/Jun/2022:09:56:41 +0800] "POST /xingrg/dwr/call/plaincall/AjaxCgthService.saveMaterielItem.dwr HTTP/1.1" 200 78
114.88.162.248 - - [09/Jun/2022:09:56:41 +0800] "POST /xingrg/dwr/call/plaincall/AjaxCgthService.saveOrder.dwr HTTP/1.1" 200 78
172.20.0.100 - - [09/Jun/2022:09:56:41 +0800] "GET /xingrg/kc/mdqp/psth_order_info1.html?code=322022060900024 HTTP/1.1" 200 22338
172.20.0.100 - - [09/Jun/2022:09:56:41 +0800] "GET /xingrg/javascript/jquery_tools/jquery-1.4.2.min.js HTTP/1.1" 404 1094
172.20.0.100 - - [09/Jun/2022:09:56:41 +0800] "GET /xingrg/javascript/jquery_tools/order_manager.js HTTP/1.1" 200 11183
172.20.0.100 - - [09/Jun/2022:09:56:41 +0800] "GET /xingrg/javascript/convert.js HTTP/1.1" 200 1239
172.20.0.100 - - [09/Jun/2022:09:56:41 +0800] "GET /xingrg/javascript/json2.js HTTP/1.1" 200 11259
172.20.0.100 - - [09/Jun/2022:09:56:41 +0800] "GET /xingrg/words/20220608175540_words.js HTTP/1.1" 200 900986
172.20.0.100 - - [09/Jun/2022:09:56:41 +0800] "GET /xingrg/javascript/print/kc_print.js HTTP/1.1" 200 11415
180.169.147.146 - - [09/Jun/2022:09:56:41 +0800] "GET /xingrg/kc/mdqp/psth_order_list1.html HTTP/1.1" 200 17886
180.169.147.146 - - [09/Jun/2022:09:56:41 +0800] "GET /xingrg/javascript/jquery_easy_ui/themes/default/images/tabs_close.gif HTTP/1.1" 200 829
180.169.147.146 - - [09/Jun/2022:09:56:41 +0800] "GET /xingrg/css/base.css HTTP/1.1" 200 2811
180.169.147.146 - - [09/Jun/2022:09:56:41 +0800] "GET /xingrg/css/site.css HTTP/1.1" 200 7541
180.169.147.146 - - [09/Jun/2022:09:56:41 +0800] "GET /xingrg/javascript/jquery_tools/datebox.css HTTP/1.1" 200 2597
180.169.147.146 - - [09/Jun/2022:09:56:41 +0800] "GET /xingrg/javascript/easyui/themes/icon.css HTTP/1.1" 200 4483
180.169.147.146 - - [09/Jun/2022:09:56:41 +0800] "GET /xingrg/javascript/auto/jquery.autocomplete.css HTTP/1.1" 200 587
180.169.147.146 - - [09/Jun/2022:09:56:41 +0800] "GET /xingrg/javascript/easyui/themes/default/easyui.css HTTP/1.1" 200 30432
180.169.147.146 - - [09/Jun/2022:09:56:41 +0800] "GET /xingrg/javascript/jquery_tools/fix.css HTTP/1.1" 200 1702
180.169.147.146 - - [09/Jun/2022:09:56:41 +0800] "GET /xingrg/javascript/jquery_tools/table.css HTTP/1.1" 200 1032
180.169.147.146 - - [09/Jun/2022:09:56:41 +0800] "GET /xingrg/javascript/jquery_tools/jquery.tools.min.js HTTP/1.1" 200 138801
180.169.147.146 - - [09/Jun/2022:09:56:41 +0800] "GET /xingrg/javascript/jquery_tools/jquery.tools.hotkey.js HTTP/1.1" 200 3242
180.169.147.146 - - [09/Jun/2022:09:56:41 +0800] "GET /xingrg/javascript/jquery_tools/jquery.tools.table.js HTTP/1.1" 200 6994
180.169.147.146 - - [09/Jun/2022:09:56:41 +0800] "GET /xingrg/javascript/jquery_tools/list_manager.js HTTP/1.1" 200 3652
180.169.147.146 - - [09/Jun/2022:09:56:41 +0800] "GET /xingrg/javascript/easyui/easyloader.js HTTP/1.1" 200 5975
180.169.147.146 - - [09/Jun/2022:09:56:41 +0800] "GET /xingrg/javascript/jquery_tools/jquery.tools.extend.js HTTP/1.1" 200 15385
180.169.147.146 - - [09/Jun/2022:09:56:41 +0800] "GET /xingrg/javascript/jquery.cookie.js HTTP/1.1" 200 5513
180.169.147.146 - - [09/Jun/2022:09:56:41 +0800] "GET /xingrg/javascript/auto/jquery.autocomplete.js HTTP/1.1" 200 21624
172.20.0.100 - - [09/Jun/2022:09:56:42 +0800] "GET /xingrg/javascript/easyui/themes/icons/print.png HTTP/1.1" 200 1057
172.20.0.100 - - [09/Jun/2022:09:56:42 +0800] "GET /xingrg/javascript/easyui/themes/default/images/menu_downarrow.png HTTP/1.1" 200 173
172.20.0.100 - - [09/Jun/2022:09:56:42 +0800] "GET /xingrg/javascript/easyui/themes/icons/cancel.png HTTP/1.1" 200 1133
180.169.147.146 - - [09/Jun/2022:09:56:42 +0800] "GET /xingrg/javascript/easyui/themes/icons/uncheck_new.png HTTP/1.1" 200 3197
180.169.147.146 - - [09/Jun/2022:09:56:42 +0800] "GET /xingrg/javascript/easyui/themes/icons/check_new.png HTTP/1.1" 200 3224
180.169.147.146 - - [09/Jun/2022:09:56:42 +0800] "GET /xingrg/javascript/easyui/themes/icons/field_new.png HTTP/1.1" 200 1097
180.169.147.146 - - [09/Jun/2022:09:56:42 +0800] "GET /xingrg/javascript/easyui/themes/icons/edit_add_new.png HTTP/1.1" 200 2997
180.169.147.146 - - [09/Jun/2022:09:56:42 +0800] "GET /xingrg/javascript/easyui/themes/icons/cance_new.png HTTP/1.1" 200 3986
180.169.147.146 - - [09/Jun/2022:09:56:42 +0800] "GET /xingrg/javascript/easyui/plugins/jquery.parser.js HTTP/1.1" 200 1142
172.20.0.100 - - [09/Jun/2022:09:56:42 +0800] "POST /xingrg/kc/mdqp/psth_order_operate.html HTTP/1.1" 200 491
180.169.147.146 - - [09/Jun/2022:09:56:42 +0800] "POST /xingrg/kc/mdqp/psth_list_operate.html HTTP/1.1" 200 749
172.20.0.100 - - [09/Jun/2022:09:56:42 +0800] "GET /xingrg/javascript/easyui/themes/default/validatebox.css HTTP/1.1" 404 1104
172.20.0.100 - - [09/Jun/2022:09:56:42 +0800] "GET /xingrg/javascript/easyui/plugins/jquery.validatebox.js HTTP/1.1" 200 6103
172.20.0.100 - - [09/Jun/2022:09:56:42 +0800] "GET /xingrg/javascript/easyui/themes/icons/edit_remove.png HTTP/1.1" 200 625
172.20.0.100 - - [09/Jun/2022:09:56:42 +0800] "GET /xingrg/javascript/easyui/plugins/jquery.numberbox.js HTTP/1.1" 200 5213
180.169.147.146 - - [09/Jun/2022:09:56:44 +0800] "GET /xingrg/all/function/internal_message.html?_=1654739803393&CODE_STATE=getMsg HTTP/1.1" 200 27
180.169.147.146 - - [09/Jun/2022:09:56:45 +0800] "GET /xingrg/javascript/jquery_tools/images/prev.gif HTTP/1.1" 404 1086
180.169.147.146 - - [09/Jun/2022:09:56:45 +0800] "GET /xingrg/javascript/jquery_tools/images/next.gif HTTP/1.1" 404 1086
116.230.110.173 - - [09/Jun/2022:09:56:45 +0800] "GET /xingrg/all/function/internal_message.html?_=1654739801512&CODE_STATE=getMsg HTTP/1.1" 200 27
222.69.129.230 - - [09/Jun/2022:09:56:46 +0800] "GET /xingrg/kc/buy/cgsh_order_operate.html?command=get_materiel&rest_code=00149&code=00101009122&supplier_code=00100201&order_time=2022-06-09 HTTP/1.1" 200 426
101.85.120.86 - - [09/Jun/2022:09:56:46 +0800] "GET /xingrg/check_reg.html?_=1654739802968 HTTP/1.1" 200 22
101.85.120.86 - - [09/Jun/2022:09:56:46 +0800] "GET /xingrg/all/function/internal_message.html?_=1654739802970&CODE_STATE=getMsg HTTP/1.1" 200 27
180.169.147.146 - - [09/Jun/2022:09:56:50 +0800] "POST /xingrg/kc/mdqp/psth_list_operate.html HTTP/1.1" 200 2926
180.169.147.146 - - [09/Jun/2022:09:56:50 +0800] "GET /xingrg/check_reg.html?_=1654739813238 HTTP/1.1" 200 22
180.169.147.146 - - [09/Jun/2022:09:56:50 +0800] "GET /xingrg/all/function/internal_message.html?_=1654739813231&CODE_STATE=getMsg HTTP/1.1" 200 27
180.175.103.167 - - [09/Jun/2022:09:56:52 +0800] "GET /xingrg/all/function/internal_message.html?_=1654739811597&CODE_STATE=getMsg HTTP/1.1" 200 27
114.88.162.248 - - [09/Jun/2022:09:56:56 +0800] "GET /xingrg/all/function/internal_message.html?_=1654739811303&CODE_STATE=getMsg HTTP/1.1" 200 27
180.169.147.146 - - [09/Jun/2022:09:56:56 +0800] "GET /xingrg/javascript/easyui/themes/default/images/button_plain_hover.png HTTP/1.1" 200 144
222.69.129.230 - - [09/Jun/2022:09:56:58 +0800] "POST /xingrg/kc/buy/cgsh_order_operate.html HTTP/1.1" 200 37
180.169.147.146 - - [09/Jun/2022:09:56:59 +0800] "GET /xingrg/all/function/internal_message.html?_=1654739812396&CODE_STATE=getMsg HTTP/1.1" 200 27
114.88.162.248 - - [09/Jun/2022:09:57:01 +0800] "GET /xingrg/kc/buy/buy_main.html HTTP/1.1" 200 12412
114.88.162.248 - - [09/Jun/2022:09:57:01 +0800] "GET /xingrg/css/new_ie.css HTTP/1.1" 404 1036
114.88.162.248 - - [09/Jun/2022:09:57:02 +0800] "GET /xingrg/kc/buy/cgsh_order_list.html HTTP/1.1" 200 51791
180.169.147.146 - - [09/Jun/2022:09:57:03 +0800] "POST /xingrg/all/user/operate.html HTTP/1.1" 200 36
180.169.147.146 - - [09/Jun/2022:09:57:03 +0800] "GET /xingrg/index.html?sysBaseUrl=http%3A%2F%2F180.169.147.146%3A18081%2Fxingrg%2F&costTime=42×tamp=1654739793959 HTTP/1.1" 200 17503
180.169.147.146 - - [09/Jun/2022:09:57:03 +0800] "GET /xingrg/javascript/jquery_easy_ui/themes/default/easyui.css HTTP/1.1" 304 -
180.169.147.146 - - [09/Jun/2022:09:57:03 +0800] "GET /xingrg/javascript/jquery_easy_ui/themes/icon.css HTTP/1.1" 304 -
180.169.147.146 - - [09/Jun/2022:09:57:03 +0800] "GET /xingrg/css/form.css HTTP/1.1" 304 -
180.169.147.146 - - [09/Jun/2022:09:57:03 +0800] "GET /xingrg/javascript/jquery-1.4.2.min.js HTTP/1.1" 304 -
180.169.147.146 - - [09/Jun/2022:09:57:03 +0800] "GET /xingrg/javascript/jquery_easy_ui/jquery.easyui.min.js HTTP/1.1" 304 -
180.169.147.146 - - [09/Jun/2022:09:57:03 +0800] "GET /xingrg/javascript/jquery_easy_ui/easyui-lang-zh_CN.js HTTP/1.1" 304 -
180.169.147.146 - - [09/Jun/2022:09:57:03 +0800] "GET /xingrg/javascript/jquery.form.js HTTP/1.1" 304 -
180.169.147.146 - - [09/Jun/2022:09:57:03 +0800] "GET /xingrg/javascript/jquery.utils.js HTTP/1.1" 304 -
180.175.103.167 - - [09/Jun/2022:09:57:03 +0800] "GET /xingrg/all/function/internal_message.html?_=1654739735534&CODE_STATE=getMsg HTTP/1.1" 200 27
180.169.147.146 - - [09/Jun/2022:09:57:03 +0800] "GET /xingrg/javascript/jquery.timers.js HTTP/1.1" 304 -
180.169.147.146 - - [09/Jun/2022:09:57:03 +0800] "GET /xingrg/images/blue/jxLogo.png HTTP/1.1" 304 -
180.169.147.146 - - [09/Jun/2022:09:57:03 +0800] "GET /xingrg/javascript/jquery_easy_ui/themes/icons/settle_new.png HTTP/1.1" 304 -
180.169.147.146 - - [09/Jun/2022:09:57:03 +0800] "GET /xingrg/images/blue/navBackgound.jpg HTTP/1.1" 304 -
180.169.147.146 - - [09/Jun/2022:09:57:03 +0800] "POST /xingrg/all/common/load_tree.html?tree=area_rest_tree_json&manage=1 HTTP/1.1" 200 3472
180.169.147.146 - - [09/Jun/2022:09:57:03 +0800] "GET /xingrg/check_reg.html?_=1654739820742 HTTP/1.1" 200 22
180.169.147.146 - - [09/Jun/2022:09:57:03 +0800] "GET /xingrg/all/function/internal_message.html?_=1654739820741&CODE_STATE=count HTTP/1.1" 200 11
180.169.147.146 - - [09/Jun/2022:09:57:03 +0800] "GET /xingrg/javascript/jquery_easy_ui/themes/default/images/panel_tool_expand.gif HTTP/1.1" 304 -
180.169.147.146 - - [09/Jun/2022:09:57:03 +0800] "GET /xingrg/images/blue/pingpu.png HTTP/1.1" 304 -
180.169.147.146 - - [09/Jun/2022:09:57:03 +0800] "GET /xingrg/javascript/jquery_easy_ui/themes/default/images/panel_tool_collapse.gif HTTP/1.1" 304 -
180.169.147.146 - - [09/Jun/2022:09:57:03 +0800] "GET /xingrg/javascript/jquery_easy_ui/themes/default/images/tabs_leftarrow.png HTTP/1.1" 304 -
180.169.147.146 - - [09/Jun/2022:09:57:03 +0800] "GET /xingrg/javascript/jquery_easy_ui/themes/default/images/tabs_rightarrow.png HTTP/1.1" 304 -
114.88.162.248 - - [09/Jun/2022:09:57:03 +0800] "POST /xingrg/kc/buy/cgsh_list_operate.html HTTP/1.1" 200 876
180.169.147.146 - - [09/Jun/2022:09:57:03 +0800] "POST /xingrg/load_menu.html HTTP/1.1" 200 11564
172.20.0.100 - - [09/Jun/2022:09:57:04 +0800] "GET /xingrg/kc/mdqp/pssh_order_list.html HTTP/1.1" 200 17683
172.20.0.100 - - [09/Jun/2022:09:57:04 +0800] "POST /xingrg/kc/mdqp/pssh_list_operate.html HTTP/1.1" 200 9060
114.88.162.248 - - [09/Jun/2022:09:57:05 +0800] "GET /xingrg/kc/buy/cgsh_order_add.html HTTP/1.1" 200 67529
114.88.162.248 - - [09/Jun/2022:09:57:05 +0800] "POST /xingrg/kc/buy/cgsh_order_operate.html HTTP/1.1" 200 8245
180.169.147.146 - - [09/Jun/2022:09:57:05 +0800] "GET /xingrg/kc/pszx/mdth_order_list.html HTTP/1.1" 200 18390
114.88.162.248 - - [09/Jun/2022:09:57:06 +0800] "GET /xingrg/javascript/easyui/themes/default/validatebox.css HTTP/1.1" 404 1104
180.169.147.146 - - [09/Jun/2022:09:57:06 +0800] "GET /xingrg/javascript/print/LodopFuncs.js HTTP/1.1" 200 5121
114.88.162.248 - - [09/Jun/2022:09:57:06 +0800] "GET /xingrg/all/common/auto_word.html?type=employee&rest_code=00111 HTTP/1.1" 200 155
114.88.162.248 - - [09/Jun/2022:09:57:06 +0800] "GET /xingrg/all/common/auto_word.html?type=employee&rest_code=00111 HTTP/1.1" 200 155
180.169.147.146 - - [09/Jun/2022:09:57:06 +0800] "GET /xingrg/javascript/easyui/themes/icons/import_new.png HTTP/1.1" 200 1247
180.169.147.146 - - [09/Jun/2022:09:57:06 +0800] "POST /xingrg/kc/pszx/mdth_order_new_list.html HTTP/1.1" 200 4784
172.20.0.100 - - [09/Jun/2022:09:57:07 +0800] "POST /xingrg/kc/mdqp/pssh_list_operate.html HTTP/1.1" 200 256
180.169.147.146 - - [09/Jun/2022:09:57:08 +0800] "GET /xingrg/javascript/jquery_tools/images/prev.gif HTTP/1.1" 404 1086
180.169.147.146 - - [09/Jun/2022:09:57:08 +0800] "GET /xingrg/javascript/jquery_tools/images/next.gif HTTP/1.1" 404 1086
180.169.147.146 - - [09/Jun/2022:09:57:13 +0800] "POST /xingrg/kc/pszx/mdth_order_new_list.html HTTP/1.1" 200 4919
180.169.147.146 - - [09/Jun/2022:09:57:16 +0800] "POST /xingrg/kc/pszx/mdth_order_new_list.html HTTP/1.1" 200 5171
180.156.212.250 - - [09/Jun/2022:09:57:16 +0800] "GET /xingrg/all/function/internal_message.html?_=1654739903369&CODE_STATE=getMsg HTTP/1.1" 200 27
114.88.162.248 - - [09/Jun/2022:09:57:16 +0800] "GET /xingrg/kc/buy/cgsh_order_operate.html?command=get_materiel&rest_code=00111&code=00101007085&supplier_code=00100004&order_time=2022-06-09 HTTP/1.1" 200 413
180.169.147.146 - - [09/Jun/2022:09:57:17 +0800] "POST /xingrg/kc/pszx/mdth_order_new_list.html HTTP/1.1" 200 212
58.39.61.91 - - [09/Jun/2022:09:57:19 +0800] "GET /xingrg/all/function/internal_message.html?_=1654739834727&CODE_STATE=getMsg HTTP/1.1" 200 27
222.69.129.230 - - [09/Jun/2022:09:57:20 +0800] "POST /xingrg/kc/buy/cgsh_order_operate.html HTTP/1.1" 200 12
180.169.147.146 - - [09/Jun/2022:09:57:21 +0800] "GET /xingrg/kc/pszx/mdth_order_info.html?code=322022060900024 HTTP/1.1" 200 22152
180.169.147.146 - - [09/Jun/2022:09:57:21 +0800] "GET /xingrg/javascript/pic_change.js HTTP/1.1" 200 4739
180.169.147.146 - - [09/Jun/2022:09:57:21 +0800] "GET /xingrg/javascript/convert.js HTTP/1.1" 200 1239
180.169.147.146 - - [09/Jun/2022:09:57:21 +0800] "GET /xingrg/javascript/jquery_tools/order_manager.js HTTP/1.1" 200 11183
180.169.147.146 - - [09/Jun/2022:09:57:21 +0800] "GET /xingrg/javascript/json2.js HTTP/1.1" 200 11259
180.169.147.146 - - [09/Jun/2022:09:57:21 +0800] "GET /xingrg/javascript/print/kc_print.js HTTP/1.1" 200 11415
180.169.147.146 - - [09/Jun/2022:09:57:21 +0800] "GET /xingrg/words/20220608175540_words.js HTTP/1.1" 200 900986
180.169.147.146 - - [09/Jun/2022:09:57:21 +0800] "GET /xingrg/javascript/easyui/themes/icons/ok.png HTTP/1.1" 200 883
180.169.147.146 - - [09/Jun/2022:09:57:21 +0800] "GET /xingrg/javascript/easyui/themes/icons/print.png HTTP/1.1" 200 1057
180.169.147.146 - - [09/Jun/2022:09:57:21 +0800] "GET /xingrg/javascript/easyui/themes/icons/cancel.png HTTP/1.1" 200 1133
180.169.147.146 - - [09/Jun/2022:09:57:21 +0800] "GET /xingrg/javascript/easyui/themes/default/images/menu_downarrow.png HTTP/1.1" 200 173
222.69.129.230 - - [09/Jun/2022:09:57:21 +0800] "GET /xingrg/kc/buy/cgsh_order_info.html?code=212022060900902 HTTP/1.1" 200 62564
180.169.147.146 - - [09/Jun/2022:09:57:21 +0800] "GET /xingrg/all/common/auto_word.html?type=employee&rest_code=00101 HTTP/1.1" 200 977
180.169.147.146 - - [09/Jun/2022:09:57:21 +0800] "GET /xingrg/javascript/easyui/themes/default/validatebox.css HTTP/1.1" 404 1104
180.169.147.146 - - [09/Jun/2022:09:57:21 +0800] "GET /xingrg/all/common/auto_word.html?type=base&rest_code=00101 HTTP/1.1" 200 671
180.169.147.146 - - [09/Jun/2022:09:57:21 +0800] "GET /xingrg/javascript/easyui/plugins/jquery.validatebox.js HTTP/1.1" 200 6103
180.169.147.146 - - [09/Jun/2022:09:57:21 +0800] "GET /xingrg/javascript/easyui/plugins/jquery.numberbox.js HTTP/1.1" 200 5213
180.169.147.146 - - [09/Jun/2022:09:57:22 +0800] "POST /xingrg/kc/pszx/mdth_order_new_info.html HTTP/1.1" 200 283
222.69.129.230 - - [09/Jun/2022:09:57:22 +0800] "GET /xingrg/javascript/easyui/themes/default/validatebox.css HTTP/1.1" 404 1104
172.20.0.100 - - [09/Jun/2022:09:57:22 +0800] "GET /xingrg/check_reg.html?_=1654739840113 HTTP/1.1" 200 22
172.20.0.100 - - [09/Jun/2022:09:57:22 +0800] "GET /xingrg/all/function/internal_message.html?_=1654739840114&CODE_STATE=getMsg HTTP/1.1" 200 27
222.69.129.230 - - [09/Jun/2022:09:57:22 +0800] "POST /xingrg/kc/buy/cgsh_order_operate.html HTTP/1.1" 200 604
180.169.147.146 - - [09/Jun/2022:09:57:24 +0800] "GET /xingrg/javascript/jquery_easy_ui/themes/default/images/tabs_active.png HTTP/1.1" 200 2894
58.35.194.53 - - [09/Jun/2022:09:57:27 +0800] "GET /xingrg/all/function/internal_message.html?_=1654739842568&CODE_STATE=getMsg HTTP/1.1" 200 27
180.169.147.146 - - [09/Jun/2022:09:57:29 +0800] "GET /xingrg/kc/pszx/mdth_order_info.html?code=322022060900024 HTTP/1.1" 200 22152
114.88.162.248 - - [09/Jun/2022:09:57:29 +0800] "GET /xingrg/kc/buy/cgsh_order_operate.html?command=get_materiel&rest_code=00111&code=00101007038&supplier_code=00100004&order_time=2022-06-09 HTTP/1.1" 200 443
180.169.147.146 - - [09/Jun/2022:09:57:29 +0800] "GET /xingrg/javascript/easyui/themes/default/validatebox.css HTTP/1.1" 404 1104
180.169.147.146 - - [09/Jun/2022:09:57:29 +0800] "POST /xingrg/kc/pszx/mdth_order_new_info.html HTTP/1.1" 200 283
180.169.147.146 - - [09/Jun/2022:09:57:31 +0800] "POST /xingrg/kc/pszx/mdth_order_new_list.html HTTP/1.1" 200 5171
218.81.223.53 - - [09/Jun/2022:09:57:31 +0800] "GET /xingrg/all/function/internal_message.html?_=1654739862679&CODE_STATE=getMsg HTTP/1.1" 200 27
180.169.147.146 - - [09/Jun/2022:09:57:32 +0800] "POST /xingrg/kc/pszx/mdth_order_new_list.html HTTP/1.1" 200 3639
222.69.129.153 - - [09/Jun/2022:09:57:33 +0800] "GET /xingrg/check_reg.html?_=1654739875557 HTTP/1.1" 200 22
222.69.129.153 - - [09/Jun/2022:09:57:33 +0800] "GET /xingrg/all/function/internal_message.html?_=1654739875562&CODE_STATE=getMsg HTTP/1.1" 200 27
180.169.147.146 - - [09/Jun/2022:09:57:34 +0800] "POST /xingrg/kc/pszx/mdth_order_new_list.html HTTP/1.1" 200 5171
222.69.129.230 - - [09/Jun/2022:09:57:34 +0800] "GET /xingrg/kc/print/load_data.html?order_code=212022060900902&kc_code=cgsh&condition= HTTP/1.1" 200 707
180.169.147.146 - - [09/Jun/2022:09:57:35 +0800] "POST /xingrg/kc/pszx/mdth_order_new_list.html HTTP/1.1" 200 212
180.169.147.146 - - [09/Jun/2022:09:57:35 +0800] "GET /xingrg/kc/pszx/mdth_order_info.html?code=322022060900024 HTTP/1.1" 200 22152
180.169.147.146 - - [09/Jun/2022:09:57:35 +0800] "GET /xingrg/javascript/easyui/themes/default/validatebox.css HTTP/1.1" 404 1104
180.169.147.146 - - [09/Jun/2022:09:57:35 +0800] "POST /xingrg/kc/pszx/mdth_order_new_info.html HTTP/1.1" 200 283
180.169.147.146 - - [09/Jun/2022:09:57:36 +0800] "GET /xingrg/index.html?sysBaseUrl=http%3A%2F%2F180.169.147.146%3A18081%2Fxingrg%2F&costTime=39×tamp=1645767740089 HTTP/1.1" 302 -
180.169.147.146 - - [09/Jun/2022:09:57:36 +0800] "GET /xingrg/login.html HTTP/1.1" 200 7641
180.169.147.146 - - [09/Jun/2022:09:57:37 +0800] "GET /favicon.ico HTTP/1.1" 404 -
180.169.147.146 - - [09/Jun/2022:09:57:37 +0800] "POST /xingrg/kc/pszx/mdth_order_new_list.html HTTP/1.1" 200 5171
180.169.147.146 - - [09/Jun/2022:09:57:38 +0800] "POST /xingrg/kc/pszx/mdth_order_new_list.html HTTP/1.1" 200 212
114.84.82.172 - - [09/Jun/2022:09:57:39 +0800] "GET /xingrg/all/function/internal_message.html?_=1654739856701&CODE_STATE=getMsg HTTP/1.1" 200 27
222.69.129.230 - - [09/Jun/2022:09:57:39 +0800] "GET /xingrg/all/function/internal_message.html?_=1654739855099&CODE_STATE=getMsg HTTP/1.1" 200 27
222.69.129.230 - - [09/Jun/2022:09:57:40 +0800] "GET /xingrg/check_reg.html?_=1654739855577 HTTP/1.1" 200 22
180.169.147.146 - - [09/Jun/2022:09:57:43 +0800] "GET /xingrg/kc/pszx/mdth_order_info.html?code=322022060900024 HTTP/1.1" 200 22152
180.169.147.146 - - [09/Jun/2022:09:57:43 +0800] "GET /xingrg/javascript/easyui/themes/default/validatebox.css HTTP/1.1" 404 1104
180.169.147.146 - - [09/Jun/2022:09:57:43 +0800] "POST /xingrg/kc/pszx/mdth_order_new_info.html HTTP/1.1" 200 283
180.169.147.146 - - [09/Jun/2022:09:57:44 +0800] "GET /xingrg/all/function/internal_message.html?_=1654739863395&CODE_STATE=getMsg HTTP/1.1" 200 27
180.169.147.146 - - [09/Jun/2022:09:57:44 +0800] "GET /xingrg/check_reg.html?_=1654739863397 HTTP/1.1" 200 22
116.230.110.173 - - [09/Jun/2022:09:57:45 +0800] "GET /xingrg/check_reg.html?_=1654739861504 HTTP/1.1" 200 22
180.169.147.146 - - [09/Jun/2022:09:57:45 +0800] "POST /xingrg/login.do HTTP/1.1" 302 -
180.169.147.146 - - [09/Jun/2022:09:57:45 +0800] "GET /xingrg/index.html?sysBaseUrl=http%3A%2F%2F180.169.147.146%3A18081%2Fxingrg%2F&costTime=39×tamp=1654739865597 HTTP/1.1" 200 17503
116.230.110.173 - - [09/Jun/2022:09:57:45 +0800] "GET /xingrg/all/function/internal_message.html?_=1654739861506&CODE_STATE=getMsg HTTP/1.1" 200 27
180.169.147.146 - - [09/Jun/2022:09:57:45 +0800] "GET /favicon.ico HTTP/1.1" 404 -
180.169.147.146 - - [09/Jun/2022:09:57:45 +0800] "POST /xingrg/all/common/load_tree.html?tree=area_rest_tree_json&manage=1 HTTP/1.1" 200 472
180.169.147.146 - - [09/Jun/2022:09:57:45 +0800] "POST /xingrg/load_menu.html HTTP/1.1" 200 11564
180.169.147.146 - - [09/Jun/2022:09:57:45 +0800] "GET /xingrg/check_reg.html?_=1654739877774 HTTP/1.1" 200 22
180.169.147.146 - - [09/Jun/2022:09:57:45 +0800] "GET /xingrg/all/function/internal_message.html?_=1654739877772&CODE_STATE=count HTTP/1.1" 200 11
101.85.120.86 - - [09/Jun/2022:09:57:46 +0800] "GET /xingrg/all/function/internal_message.html?_=1654739862974&CODE_STATE=getMsg HTTP/1.1" 200 27
114.84.147.169 - - [09/Jun/2022:09:57:46 +0800] "GET /xingrg/check_reg.html?_=1654739590924 HTTP/1.1" 200 22
180.175.103.167 - - [09/Jun/2022:09:57:49 +0800] "GET /xingrg/check_reg.html?_=1654739781260 HTTP/1.1" 200 22
114.88.162.248 - - [09/Jun/2022:09:57:49 +0800] "POST /xingrg/kc/buy/cgsh_order_operate.html HTTP/1.1" 200 37
180.169.147.146 - - [09/Jun/2022:09:57:50 +0800] "GET /xingrg/all/function/internal_message.html?_=1654739873238&CODE_STATE=getMsg HTTP/1.1" 200 27
180.169.147.146 - - [09/Jun/2022:09:57:51 +0800] "POST /xingrg/all/user/operate.html HTTP/1.1" 200 36
180.169.147.146 - - [09/Jun/2022:09:57:51 +0800] "GET /xingrg/index.html?sysBaseUrl=http%3A%2F%2F180.169.147.146%3A18081%2Fxingrg%2F&costTime=39×tamp=1654739865597 HTTP/1.1" 200 17509
180.169.147.146 - - [09/Jun/2022:09:57:51 +0800] "GET /xingrg/javascript/jquery_easy_ui/themes/default/easyui.css HTTP/1.1" 304 -
180.169.147.146 - - [09/Jun/2022:09:57:51 +0800] "GET /xingrg/javascript/jquery_easy_ui/themes/icon.css HTTP/1.1" 304 -
180.169.147.146 - - [09/Jun/2022:09:57:51 +0800] "GET /xingrg/css/form.css HTTP/1.1" 304 -
180.169.147.146 - - [09/Jun/2022:09:57:51 +0800] "GET /xingrg/javascript/jquery-1.4.2.min.js HTTP/1.1" 304 -
180.169.147.146 - - [09/Jun/2022:09:57:51 +0800] "GET /xingrg/javascript/jquery_easy_ui/jquery.easyui.min.js HTTP/1.1" 304 -
180.169.147.146 - - [09/Jun/2022:09:57:51 +0800] "GET /xingrg/javascript/jquery_easy_ui/easyui-lang-zh_CN.js HTTP/1.1" 304 -
180.169.147.146 - - [09/Jun/2022:09:57:51 +0800] "GET /xingrg/javascript/jquery.form.js HTTP/1.1" 304 -
180.169.147.146 - - [09/Jun/2022:09:57:51 +0800] "GET /xingrg/javascript/jquery.utils.js HTTP/1.1" 304 -
180.169.147.146 - - [09/Jun/2022:09:57:51 +0800] "GET /xingrg/javascript/jquery.timers.js HTTP/1.1" 304 -
180.169.147.146 - - [09/Jun/2022:09:57:51 +0800] "GET /xingrg/images/blue/jxLogo.png HTTP/1.1" 304 -
180.169.147.146 - - [09/Jun/2022:09:57:51 +0800] "GET /xingrg/javascript/jquery_easy_ui/themes/icons/settle_new.png HTTP/1.1" 304 -
180.169.147.146 - - [09/Jun/2022:09:57:51 +0800] "GET /xingrg/images/blue/navBackgound.jpg HTTP/1.1" 304 -
180.169.147.146 - - [09/Jun/2022:09:57:51 +0800] "POST /xingrg/all/common/load_tree.html?tree=area_rest_tree_json&manage=1 HTTP/1.1" 200 472
180.169.147.146 - - [09/Jun/2022:09:57:51 +0800] "GET /xingrg/all/function/internal_message.html?_=1654739883307&CODE_STATE=count HTTP/1.1" 200 11
180.169.147.146 - - [09/Jun/2022:09:57:51 +0800] "GET /xingrg/check_reg.html?_=1654739883308 HTTP/1.1" 200 22
180.169.147.146 - - [09/Jun/2022:09:57:51 +0800] "GET /xingrg/javascript/jquery_easy_ui/themes/default/images/panel_tool_collapse.gif HTTP/1.1" 304 -
114.88.162.248 - - [09/Jun/2022:09:57:51 +0800] "POST /xingrg/kc/buy/cgsh_order_operate.html HTTP/1.1" 200 3264
180.169.147.146 - - [09/Jun/2022:09:57:51 +0800] "POST /xingrg/load_menu.html HTTP/1.1" 200 9959
180.169.147.146 - - [09/Jun/2022:09:57:51 +0800] "GET /xingrg/javascript/jquery_easy_ui/themes/default/images/tabs_rightarrow.png HTTP/1.1" 304 -
180.169.147.146 - - [09/Jun/2022:09:57:51 +0800] "GET /xingrg/javascript/jquery_easy_ui/themes/default/images/panel_tool_expand.gif HTTP/1.1" 304 -
180.169.147.146 - - [09/Jun/2022:09:57:51 +0800] "GET /xingrg/javascript/jquery_easy_ui/themes/default/images/tabs_leftarrow.png HTTP/1.1" 304 -
180.169.147.146 - - [09/Jun/2022:09:57:51 +0800] "GET /xingrg/javascript/jquery_easy_ui/themes/icons/forms_new.png HTTP/1.1" 304 -
180.169.147.146 - - [09/Jun/2022:09:57:51 +0800] "GET /xingrg/javascript/jquery_easy_ui/themes/icons/checkout_new.png HTTP/1.1" 304 -
180.169.147.146 - - [09/Jun/2022:09:57:51 +0800] "GET /xingrg/javascript/jquery_easy_ui/themes/default/images/tree_folder_open.gif HTTP/1.1" 304 -
180.169.147.146 - - [09/Jun/2022:09:57:51 +0800] "GET /xingrg/images/blue/pingpu.png HTTP/1.1" 304 -
180.169.147.146 - - [09/Jun/2022:09:57:51 +0800] "GET /xingrg/javascript/jquery_easy_ui/themes/default/images/tree_arrows.gif HTTP/1.1" 304 -
180.169.147.146 - - [09/Jun/2022:09:57:51 +0800] "GET /xingrg/javascript/jquery_easy_ui/themes/icons/storage_new.png HTTP/1.1" 304 -
180.169.147.146 - - [09/Jun/2022:09:57:51 +0800] "GET /xingrg/javascript/jquery_easy_ui/themes/icons/search_new.png HTTP/1.1" 304 -
180.169.147.146 - - [09/Jun/2022:09:57:51 +0800] "GET /xingrg/javascript/jquery_easy_ui/themes/default/images/tree_folder.gif HTTP/1.1" 304 -
180.169.147.146 - - [09/Jun/2022:09:57:51 +0800] "GET /xingrg/javascript/jquery_easy_ui/themes/icons/setting_new.png HTTP/1.1" 304 -
180.169.147.146 - - [09/Jun/2022:09:57:51 +0800] "GET /xingrg/javascript/jquery_easy_ui/themes/default/images/tree_file.gif HTTP/1.1" 304 -
180.169.147.146 - - [09/Jun/2022:09:57:51 +0800] "GET /xingrg/javascript/jquery_easy_ui/themes/icons/systemset_new.png HTTP/1.1" 304 -
180.175.103.167 - - [09/Jun/2022:09:57:52 +0800] "GET /xingrg/all/function/internal_message.html?_=1654739871580&CODE_STATE=getMsg HTTP/1.1" 200 27
114.88.162.248 - - [09/Jun/2022:09:57:52 +0800] "GET /xingrg/kc/print/load_config.html?kc_code=cgsh HTTP/1.1" 200 1943
114.88.162.248 - - [09/Jun/2022:09:57:53 +0800] "GET /xingrg/kc/print/load_data.html?order_code=212022060900903&kc_code=cgsh&condition= HTTP/1.1" 200 961
114.88.162.248 - - [09/Jun/2022:09:57:56 +0800] "GET /xingrg/all/function/internal_message.html?_=1654739871334&CODE_STATE=getMsg HTTP/1.1" 200 27
180.169.147.146 - - [09/Jun/2022:09:57:59 +0800] "GET /xingrg/check_reg.html?_=1654739872395 HTTP/1.1" 200 22
180.169.147.146 - - [09/Jun/2022:09:57:59 +0800] "GET /xingrg/all/function/internal_message.html?_=1654739872396&CODE_STATE=getMsg HTTP/1.1" 200 27
114.88.162.248 - - [09/Jun/2022:09:58:01 +0800] "GET /xingrg/kc/buy/cgsh_order_add.html HTTP/1.1" 200 67529
114.88.162.248 - - [09/Jun/2022:09:58:01 +0800] "POST /xingrg/kc/buy/cgsh_order_operate.html HTTP/1.1" 200 8245
114.88.162.248 - - [09/Jun/2022:09:58:01 +0800] "GET /xingrg/javascript/easyui/themes/default/validatebox.css HTTP/1.1" 404 1104
180.175.103.167 - - [09/Jun/2022:09:58:03 +0800] "GET /xingrg/all/function/internal_message.html?_=1654739795506&CODE_STATE=getMsg HTTP/1.1" 200 27
180.169.147.146 - - [09/Jun/2022:09:58:03 +0800] "GET /xingrg/all/function/internal_message.html?_=1654739880757&CODE_STATE=getMsg HTTP/1.1" 200 27
180.169.147.146 - - [09/Jun/2022:09:58:04 +0800] "GET /xingrg/kc/system/wlps_setting_page.html HTTP/1.1" 200 10694
180.169.147.146 - - [09/Jun/2022:09:58:04 +0800] "GET /xingrg/javascript/jquery_easy_ui/themes/default/images/tabs_close.gif HTTP/1.1" 200 829
180.169.147.146 - - [09/Jun/2022:09:58:04 +0800] "GET /xingrg/css/table.css HTTP/1.1" 200 3684
180.169.147.146 - - [09/Jun/2022:09:58:04 +0800] "GET /xingrg/javascript/pic_change.js HTTP/1.1" 200 4739
180.169.147.146 - - [09/Jun/2022:09:58:04 +0800] "GET /xingrg/css/blue.css HTTP/1.1" 200 15949
180.169.147.146 - - [09/Jun/2022:09:58:04 +0800] "GET /xingrg/dwr/interface/AjaxSystemService.js HTTP/1.1" 200 13657
180.169.147.146 - - [09/Jun/2022:09:58:04 +0800] "GET /xingrg/dwr/engine.js HTTP/1.1" 200 43631
180.169.147.146 - - [09/Jun/2022:09:58:04 +0800] "GET /xingrg/dwr/util.js HTTP/1.1" 200 35990
180.169.147.146 - - [09/Jun/2022:09:58:04 +0800] "GET /xingrg/javascript/tree.js HTTP/1.1" 200 14593
180.169.147.146 - - [09/Jun/2022:09:58:04 +0800] "GET /xingrg/javascript/jquery_easy_ui/themes/icon.css HTTP/1.1" 200 3949
180.169.147.146 - - [09/Jun/2022:09:58:04 +0800] "GET /xingrg/javascript/myfunction.js HTTP/1.1" 200 24559
180.169.147.146 - - [09/Jun/2022:09:58:04 +0800] "GET /xingrg/javascript/jquery_easy_ui/themes/default/easyui.css HTTP/1.1" 200 26500
180.169.147.146 - - [09/Jun/2022:09:58:04 +0800] "GET /xingrg/javascript/jquery_easy_ui/themes/icons/back_new.png HTTP/1.1" 200 3414
180.169.147.146 - - [09/Jun/2022:09:58:08 +0800] "GET /xingrg/kc/system/base_setting_page.html HTTP/1.1" 200 9186
180.169.147.146 - - [09/Jun/2022:09:58:08 +0800] "GET /xingrg/dwr/interface/AjaxSystemService.js HTTP/1.1" 200 13657
180.169.147.146 - - [09/Jun/2022:09:58:08 +0800] "GET /xingrg/javascript/jquery_easy_ui/themes/default/easyui.css HTTP/1.1" 200 26500
180.169.147.146 - - [09/Jun/2022:09:58:08 +0800] "GET /xingrg/dwr/engine.js HTTP/1.1" 200 43631
180.156.212.250 - - [09/Jun/2022:09:58:16 +0800] "GET /xingrg/all/function/internal_message.html?_=1654739963370&CODE_STATE=getMsg HTTP/1.1" 200 27
