58.39.61.91 - - [09/Jun/2022:09:19:19 +0800] "GET /xingrg/all/function/internal_message.html?_=1654737554831&CODE_STATE=getMsg HTTP/1.1" 200 27
114.88.162.248 - - [09/Jun/2022:09:19:21 +0800] "POST /xingrg/dwr/call/plaincall/AjaxQqpsService.getMaterielByCode.dwr HTTP/1.1" 200 2691
180.156.212.250 - - [09/Jun/2022:09:19:22 +0800] "POST /xingrg/login.do HTTP/1.1" 302 -
180.156.212.250 - - [09/Jun/2022:09:19:22 +0800] "GET /xingrg/index.html?sysBaseUrl=http%3A%2F%2F180.169.147.146%3A18081%2Fxingrg%2F&costTime=42×tamp=1654737562272 HTTP/1.1" 200 17173
180.156.212.250 - - [09/Jun/2022:09:19:22 +0800] "GET /xingrg/javascript/jquery_easy_ui/themes/icon.css HTTP/1.1" 200 3949
180.156.212.250 - - [09/Jun/2022:09:19:22 +0800] "GET /xingrg/javascript/jquery_easy_ui/themes/default/easyui.css HTTP/1.1" 200 26500
180.156.212.250 - - [09/Jun/2022:09:19:22 +0800] "GET /xingrg/javascript/jquery_easy_ui/easyui-lang-zh_CN.js HTTP/1.1" 200 1900
180.156.212.250 - - [09/Jun/2022:09:19:22 +0800] "GET /xingrg/css/form.css HTTP/1.1" 200 893
180.156.212.250 - - [09/Jun/2022:09:19:22 +0800] "GET /xingrg/javascript/jquery_easy_ui/jquery.easyui.min.js HTTP/1.1" 200 213662
180.156.212.250 - - [09/Jun/2022:09:19:22 +0800] "GET /xingrg/javascript/jquery.utils.js HTTP/1.1" 200 11805
180.156.212.250 - - [09/Jun/2022:09:19:22 +0800] "GET /xingrg/javascript/jquery.timers.js HTTP/1.1" 200 3532
180.156.212.250 - - [09/Jun/2022:09:19:22 +0800] "GET /xingrg/javascript/jquery-1.4.2.min.js HTTP/1.1" 200 72205
180.156.212.250 - - [09/Jun/2022:09:19:22 +0800] "GET /xingrg/javascript/jquery.form.js HTTP/1.1" 200 23110
180.156.212.250 - - [09/Jun/2022:09:19:23 +0800] "GET /xingrg/images/blue/navBackgound.jpg HTTP/1.1" 200 12378
180.156.212.250 - - [09/Jun/2022:09:19:23 +0800] "GET /xingrg/javascript/jquery_easy_ui/themes/icons/settle_new.png HTTP/1.1" 200 826
114.88.162.248 - - [09/Jun/2022:09:19:23 +0800] "POST /xingrg/dwr/call/plaincall/AjaxQqpsService.saveMaterielItem.dwr HTTP/1.1" 200 78
180.156.212.250 - - [09/Jun/2022:09:19:23 +0800] "GET /xingrg/images/blue/pingpu.png HTTP/1.1" 200 231
180.156.212.250 - - [09/Jun/2022:09:19:23 +0800] "GET /xingrg/javascript/jquery_easy_ui/themes/default/images/tabs_leftarrow.png HTTP/1.1" 200 389
180.156.212.250 - - [09/Jun/2022:09:19:23 +0800] "GET /xingrg/javascript/jquery_easy_ui/themes/default/images/tabs_rightarrow.png HTTP/1.1" 200 395
180.156.212.250 - - [09/Jun/2022:09:19:23 +0800] "POST /xingrg/all/common/load_tree.html?tree=area_rest_tree_json&manage=1 HTTP/1.1" 200 342
180.169.147.146 - - [09/Jun/2022:09:19:24 +0800] "GET /xingrg/kc/base/check_order_list.html?isBack=1 HTTP/1.1" 200 16481
180.156.212.250 - - [09/Jun/2022:09:19:24 +0800] "GET /xingrg/javascript/jquery_easy_ui/themes/default/images/panel_tool_collapse.gif HTTP/1.1" 200 246
180.169.147.146 - - [09/Jun/2022:09:19:24 +0800] "POST /xingrg/kc/base/check_list_operate.html HTTP/1.1" 200 4619
180.156.212.250 - - [09/Jun/2022:09:19:24 +0800] "GET /xingrg/all/function/internal_message.html?_=1654737631282&CODE_STATE=count HTTP/1.1" 200 11
180.156.212.250 - - [09/Jun/2022:09:19:24 +0800] "GET /xingrg/check_reg.html?_=1654737631283 HTTP/1.1" 200 22
180.156.212.250 - - [09/Jun/2022:09:19:24 +0800] "POST /xingrg/load_menu.html HTTP/1.1" 200 5138
180.169.147.146 - - [09/Jun/2022:09:19:24 +0800] "GET /xingrg/javascript/easyui/themes/default/images/button_plain_hover.png HTTP/1.1" 200 144
180.156.212.250 - - [09/Jun/2022:09:19:24 +0800] "GET /favicon.ico HTTP/1.1" 404 -
180.156.212.250 - - [09/Jun/2022:09:19:24 +0800] "GET /xingrg/javascript/jquery_easy_ui/themes/default/images/tree_arrows.gif HTTP/1.1" 200 1043
180.156.212.250 - - [09/Jun/2022:09:19:25 +0800] "GET /xingrg/javascript/jquery_easy_ui/themes/default/images/tree_folder_open.gif HTTP/1.1" 200 956
180.156.212.250 - - [09/Jun/2022:09:19:25 +0800] "GET /xingrg/javascript/jquery_easy_ui/themes/icons/search_new.png HTTP/1.1" 200 586
180.156.212.250 - - [09/Jun/2022:09:19:25 +0800] "GET /xingrg/javascript/jquery_easy_ui/themes/default/images/tree_folder.gif HTTP/1.1" 200 952
180.156.212.250 - - [09/Jun/2022:09:19:25 +0800] "GET /xingrg/javascript/jquery_easy_ui/themes/icons/storage_new.png HTTP/1.1" 200 853
180.156.212.250 - - [09/Jun/2022:09:19:25 +0800] "GET /xingrg/javascript/jquery_easy_ui/themes/icons/forms_new.png HTTP/1.1" 200 350
180.156.212.250 - - [09/Jun/2022:09:19:25 +0800] "GET /xingrg/javascript/jquery_easy_ui/themes/default/images/tree_file.gif HTTP/1.1" 200 118
180.169.147.146 - - [09/Jun/2022:09:19:26 +0800] "GET /xingrg/kc/base/check_order_info.html?code=452022053100474 HTTP/1.1" 200 26513
180.169.147.146 - - [09/Jun/2022:09:19:26 +0800] "GET /xingrg/dwr/interface/AjaxComOrderService.js HTTP/1.1" 200 18264
180.169.147.146 - - [09/Jun/2022:09:19:26 +0800] "GET /xingrg/dwr/interface/AjaxCheckService.js HTTP/1.1" 200 14003
180.169.147.146 - - [09/Jun/2022:09:19:26 +0800] "GET /xingrg/dwr/engine.js HTTP/1.1" 200 43631
180.169.147.146 - - [09/Jun/2022:09:19:27 +0800] "POST /xingrg/dwr/call/plaincall/AjaxCheckService.loadOrderItems.dwr HTTP/1.1" 200 367
58.35.194.53 - - [09/Jun/2022:09:19:28 +0800] "GET /xingrg/all/function/internal_message.html?_=1654737563221&CODE_STATE=getMsg HTTP/1.1" 200 27
180.169.147.146 - - [09/Jun/2022:09:19:30 +0800] "POST /xingrg/dwr/call/plaincall/AjaxCheckService.deleteOrder.dwr HTTP/1.1" 200 78
180.169.147.146 - - [09/Jun/2022:09:19:32 +0800] "GET /xingrg/kc/base/check_order_list.html HTTP/1.1" 200 16481
180.169.147.146 - - [09/Jun/2022:09:19:32 +0800] "POST /xingrg/kc/base/check_list_operate.html HTTP/1.1" 200 4619
222.69.129.153 - - [09/Jun/2022:09:19:33 +0800] "GET /xingrg/all/function/internal_message.html?_=1654737595562&CODE_STATE=getMsg HTTP/1.1" 200 27
180.169.147.146 - - [09/Jun/2022:09:19:35 +0800] "GET /xingrg/kc/base/check_order_info.html?code=452022053100475 HTTP/1.1" 200 26513
180.169.147.146 - - [09/Jun/2022:09:19:35 +0800] "GET /xingrg/dwr/interface/AjaxComOrderService.js HTTP/1.1" 200 18264
180.169.147.146 - - [09/Jun/2022:09:19:35 +0800] "GET /xingrg/dwr/interface/AjaxCheckService.js HTTP/1.1" 200 14003
180.169.147.146 - - [09/Jun/2022:09:19:35 +0800] "GET /xingrg/dwr/engine.js HTTP/1.1" 200 43631
180.169.147.146 - - [09/Jun/2022:09:19:35 +0800] "POST /xingrg/dwr/call/plaincall/AjaxCheckService.loadOrderItems.dwr HTTP/1.1" 200 367
180.169.147.146 - - [09/Jun/2022:09:19:38 +0800] "POST /xingrg/dwr/call/plaincall/AjaxCheckService.deleteOrder.dwr HTTP/1.1" 200 78
114.84.82.172 - - [09/Jun/2022:09:19:39 +0800] "GET /xingrg/check_reg.html?_=1654737576623 HTTP/1.1" 200 22
180.169.147.146 - - [09/Jun/2022:09:19:39 +0800] "GET /xingrg/kc/base/check_order_list.html HTTP/1.1" 200 16481
114.84.82.172 - - [09/Jun/2022:09:19:39 +0800] "GET /xingrg/all/function/internal_message.html?_=1654737577062&CODE_STATE=getMsg HTTP/1.1" 200 27
180.169.147.146 - - [09/Jun/2022:09:19:39 +0800] "POST /xingrg/kc/base/check_list_operate.html HTTP/1.1" 200 4435
222.69.129.230 - - [09/Jun/2022:09:19:40 +0800] "GET /xingrg/all/function/internal_message.html?_=1654737575530&CODE_STATE=getMsg HTTP/1.1" 200 27
114.88.162.248 - - [09/Jun/2022:09:19:41 +0800] "POST /xingrg/dwr/call/plaincall/AjaxQqpsService.getMaterielByCode.dwr HTTP/1.1" 200 2625
180.169.147.146 - - [09/Jun/2022:09:19:41 +0800] "GET /xingrg/kc/base/check_order_info.html?code=452022053100471 HTTP/1.1" 200 26513
180.169.147.146 - - [09/Jun/2022:09:19:41 +0800] "GET /xingrg/dwr/interface/AjaxComOrderService.js HTTP/1.1" 200 18264
180.169.147.146 - - [09/Jun/2022:09:19:41 +0800] "GET /xingrg/dwr/interface/AjaxCheckService.js HTTP/1.1" 200 14003
180.169.147.146 - - [09/Jun/2022:09:19:41 +0800] "GET /xingrg/dwr/engine.js HTTP/1.1" 200 43631
180.169.147.146 - - [09/Jun/2022:09:19:41 +0800] "POST /xingrg/dwr/call/plaincall/AjaxCheckService.loadOrderItems.dwr HTTP/1.1" 200 367
117.143.46.200 - - [09/Jun/2022:09:19:44 +0800] "GET /xingrg/check_reg.html?_=1654737582070 HTTP/1.1" 302 -
180.169.147.146 - - [09/Jun/2022:09:19:45 +0800] "POST /xingrg/dwr/call/plaincall/AjaxCheckService.deleteOrder.dwr HTTP/1.1" 200 78
116.230.110.173 - - [09/Jun/2022:09:19:45 +0800] "GET /xingrg/all/function/internal_message.html?_=1654737581522&CODE_STATE=getMsg HTTP/1.1" 200 27
180.169.147.146 - - [09/Jun/2022:09:19:46 +0800] "GET /xingrg/kc/base/check_order_list.html HTTP/1.1" 200 16481
180.169.147.146 - - [09/Jun/2022:09:19:46 +0800] "POST /xingrg/kc/base/check_list_operate.html HTTP/1.1" 200 4116
180.169.147.146 - - [09/Jun/2022:09:19:48 +0800] "GET /xingrg/kc/base/check_order_info.html?code=452022053100460 HTTP/1.1" 200 26513
180.169.147.146 - - [09/Jun/2022:09:19:48 +0800] "GET /xingrg/dwr/interface/AjaxComOrderService.js HTTP/1.1" 200 18264
180.169.147.146 - - [09/Jun/2022:09:19:48 +0800] "GET /xingrg/dwr/interface/AjaxCheckService.js HTTP/1.1" 200 14003
180.169.147.146 - - [09/Jun/2022:09:19:48 +0800] "GET /xingrg/dwr/engine.js HTTP/1.1" 200 43631
180.169.147.146 - - [09/Jun/2022:09:19:48 +0800] "POST /xingrg/dwr/call/plaincall/AjaxCheckService.loadOrderItems.dwr HTTP/1.1" 200 367
180.169.147.146 - - [09/Jun/2022:09:19:50 +0800] "GET /xingrg/all/function/internal_message.html?_=1654737593169&CODE_STATE=getMsg HTTP/1.1" 200 27
180.169.147.146 - - [09/Jun/2022:09:19:51 +0800] "POST /xingrg/dwr/call/plaincall/AjaxCheckService.deleteOrder.dwr HTTP/1.1" 200 78
180.169.147.146 - - [09/Jun/2022:09:19:52 +0800] "GET /xingrg/kc/base/check_order_list.html HTTP/1.1" 200 16481
180.169.147.146 - - [09/Jun/2022:09:19:52 +0800] "POST /xingrg/kc/base/check_list_operate.html HTTP/1.1" 200 3798
180.175.103.167 - - [09/Jun/2022:09:19:53 +0800] "GET /xingrg/all/function/internal_message.html?_=1654737592465&CODE_STATE=getMsg HTTP/1.1" 200 27
180.169.147.146 - - [09/Jun/2022:09:19:54 +0800] "GET /xingrg/kc/base/check_order_info.html?code=452022053100462 HTTP/1.1" 200 26513
180.169.147.146 - - [09/Jun/2022:09:19:54 +0800] "GET /xingrg/dwr/interface/AjaxComOrderService.js HTTP/1.1" 200 18264
180.169.147.146 - - [09/Jun/2022:09:19:54 +0800] "GET /xingrg/dwr/interface/AjaxCheckService.js HTTP/1.1" 200 14003
180.169.147.146 - - [09/Jun/2022:09:19:54 +0800] "GET /xingrg/dwr/engine.js HTTP/1.1" 200 43631
180.169.147.146 - - [09/Jun/2022:09:19:54 +0800] "POST /xingrg/dwr/call/plaincall/AjaxCheckService.loadOrderItems.dwr HTTP/1.1" 200 367
114.88.162.248 - - [09/Jun/2022:09:19:56 +0800] "GET /xingrg/all/function/internal_message.html?_=1654737591249&CODE_STATE=getMsg HTTP/1.1" 200 27
180.169.147.146 - - [09/Jun/2022:09:19:57 +0800] "POST /xingrg/dwr/call/plaincall/AjaxCheckService.deleteOrder.dwr HTTP/1.1" 200 78
180.169.147.146 - - [09/Jun/2022:09:19:58 +0800] "GET /xingrg/kc/base/check_order_list.html HTTP/1.1" 200 16481
180.169.147.146 - - [09/Jun/2022:09:19:58 +0800] "POST /xingrg/kc/base/check_list_operate.html HTTP/1.1" 200 3480
180.169.147.146 - - [09/Jun/2022:09:19:59 +0800] "GET /xingrg/kc/base/check_order_info.html?code=452022053100458 HTTP/1.1" 200 26513
180.169.147.146 - - [09/Jun/2022:09:19:59 +0800] "GET /xingrg/dwr/interface/AjaxComOrderService.js HTTP/1.1" 200 18264
180.169.147.146 - - [09/Jun/2022:09:19:59 +0800] "GET /xingrg/dwr/interface/AjaxCheckService.js HTTP/1.1" 200 14003
180.169.147.146 - - [09/Jun/2022:09:19:59 +0800] "GET /xingrg/dwr/engine.js HTTP/1.1" 200 43631
180.169.147.146 - - [09/Jun/2022:09:20:00 +0800] "POST /xingrg/dwr/call/plaincall/AjaxCheckService.loadOrderItems.dwr HTTP/1.1" 200 367
218.81.223.53 - - [09/Jun/2022:09:20:01 +0800] "GET /xingrg/all/function/internal_message.html?_=1654737612068&CODE_STATE=getMsg HTTP/1.1" 200 27
180.169.147.146 - - [09/Jun/2022:09:20:02 +0800] "POST /xingrg/dwr/call/plaincall/AjaxCheckService.deleteOrder.dwr HTTP/1.1" 200 78
180.169.147.146 - - [09/Jun/2022:09:20:03 +0800] "GET /xingrg/kc/base/check_order_list.html HTTP/1.1" 200 16481
180.169.147.146 - - [09/Jun/2022:09:20:03 +0800] "POST /xingrg/kc/base/check_list_operate.html HTTP/1.1" 200 3162
180.175.103.167 - - [09/Jun/2022:09:20:04 +0800] "GET /xingrg/all/function/internal_message.html?_=1654737516300&CODE_STATE=getMsg HTTP/1.1" 200 27
180.169.147.146 - - [09/Jun/2022:09:20:05 +0800] "GET /xingrg/kc/base/check_order_info.html?code=452022053100455 HTTP/1.1" 200 26513
180.169.147.146 - - [09/Jun/2022:09:20:05 +0800] "GET /xingrg/dwr/interface/AjaxComOrderService.js HTTP/1.1" 200 18264
180.169.147.146 - - [09/Jun/2022:09:20:05 +0800] "GET /xingrg/dwr/interface/AjaxCheckService.js HTTP/1.1" 200 14003
180.169.147.146 - - [09/Jun/2022:09:20:05 +0800] "GET /xingrg/dwr/engine.js HTTP/1.1" 200 43631
180.169.147.146 - - [09/Jun/2022:09:20:05 +0800] "POST /xingrg/dwr/call/plaincall/AjaxCheckService.loadOrderItems.dwr HTTP/1.1" 200 6100
120.253.135.82 - - [09/Jun/2022:09:20:05 +0800] "GET /xingrg/check_reg.html?_=1654737412538 HTTP/1.1" 200 22
120.253.135.82 - - [09/Jun/2022:09:20:07 +0800] "GET /xingrg/all/function/internal_message.html?_=1654737413389&CODE_STATE=getMsg HTTP/1.1" 200 27
180.156.212.250 - - [09/Jun/2022:09:20:14 +0800] "GET /xingrg/javascript/jquery_easy_ui/themes/default/images/tabs_close.gif HTTP/1.1" 200 829
180.156.212.250 - - [09/Jun/2022:09:20:14 +0800] "GET /xingrg/css/site.css HTTP/1.1" 200 7541
180.156.212.250 - - [09/Jun/2022:09:20:14 +0800] "GET /xingrg/css/base.css HTTP/1.1" 200 2811
180.156.212.250 - - [09/Jun/2022:09:20:14 +0800] "GET /xingrg/kc/buy/cgsh_order_list.html HTTP/1.1" 200 51791
180.156.212.250 - - [09/Jun/2022:09:20:14 +0800] "GET /xingrg/javascript/jquery_tools/jquery.tools.extend.js HTTP/1.1" 200 15385
180.156.212.250 - - [09/Jun/2022:09:20:14 +0800] "GET /xingrg/javascript/jquery_tools/jquery.tools.hotkey.js HTTP/1.1" 200 3242
180.156.212.250 - - [09/Jun/2022:09:20:14 +0800] "GET /xingrg/javascript/jquery_tools/jquery.tools.table.js HTTP/1.1" 200 6994
180.156.212.250 - - [09/Jun/2022:09:20:14 +0800] "GET /xingrg/javascript/jquery_tools/list_manager.js HTTP/1.1" 200 3652
180.156.212.250 - - [09/Jun/2022:09:20:14 +0800] "GET /xingrg/javascript/jquery_tools/datebox.css HTTP/1.1" 200 2597
180.156.212.250 - - [09/Jun/2022:09:20:14 +0800] "GET /xingrg/javascript/easyui/easyloader.js HTTP/1.1" 200 5975
180.156.212.250 - - [09/Jun/2022:09:20:14 +0800] "GET /xingrg/javascript/jquery.cookie.js HTTP/1.1" 200 5513
180.156.212.250 - - [09/Jun/2022:09:20:14 +0800] "GET /xingrg/javascript/easyui/themes/icon.css HTTP/1.1" 200 4483
180.156.212.250 - - [09/Jun/2022:09:20:14 +0800] "GET /xingrg/javascript/print/LodopFuncs.js HTTP/1.1" 200 5121
180.156.212.250 - - [09/Jun/2022:09:20:14 +0800] "GET /xingrg/javascript/jquery_tools/fix.css HTTP/1.1" 200 1702
180.156.212.250 - - [09/Jun/2022:09:20:14 +0800] "GET /xingrg/javascript/auto/jquery.autocomplete.css HTTP/1.1" 200 587
180.156.212.250 - - [09/Jun/2022:09:20:14 +0800] "GET /xingrg/javascript/easyui/themes/default/easyui.css HTTP/1.1" 200 30432
180.156.212.250 - - [09/Jun/2022:09:20:14 +0800] "GET /xingrg/javascript/jquery_tools/table.css HTTP/1.1" 200 1032
180.156.212.250 - - [09/Jun/2022:09:20:14 +0800] "GET /xingrg/javascript/auto/jquery.autocomplete.js HTTP/1.1" 200 21624
180.156.212.250 - - [09/Jun/2022:09:20:14 +0800] "GET /xingrg/javascript/jquery_tools/jquery.tools.min.js HTTP/1.1" 200 138801
180.156.212.250 - - [09/Jun/2022:09:20:15 +0800] "GET /xingrg/javascript/easyui/themes/icons/edit_add_new.png HTTP/1.1" 200 2997
180.156.212.250 - - [09/Jun/2022:09:20:15 +0800] "GET /xingrg/javascript/easyui/themes/icons/check_new.png HTTP/1.1" 200 3224
180.156.212.250 - - [09/Jun/2022:09:20:15 +0800] "GET /xingrg/javascript/easyui/themes/icons/cance_new.png HTTP/1.1" 200 3986
180.156.212.250 - - [09/Jun/2022:09:20:15 +0800] "GET /xingrg/javascript/easyui/themes/icons/field_new.png HTTP/1.1" 200 1097
180.156.212.250 - - [09/Jun/2022:09:20:15 +0800] "GET /xingrg/javascript/easyui/themes/icons/import_new.png HTTP/1.1" 200 1247
180.156.212.250 - - [09/Jun/2022:09:20:15 +0800] "GET /xingrg/javascript/easyui/plugins/jquery.parser.js HTTP/1.1" 200 1142
180.156.212.250 - - [09/Jun/2022:09:20:15 +0800] "GET /xingrg/images/control/ajaxLoader.gif HTTP/1.1" 200 4659
180.156.212.250 - - [09/Jun/2022:09:20:15 +0800] "GET /xingrg/javascript/jquery_easy_ui/themes/icons/area.png HTTP/1.1" 200 262
180.156.212.250 - - [09/Jun/2022:09:20:15 +0800] "GET /xingrg/javascript/jquery_easy_ui/themes/icons/rest.png HTTP/1.1" 200 695
124.78.154.86 - - [09/Jun/2022:09:20:15 +0800] "GET /xingrg/all/function/internal_message.html?_=1654737614274&CODE_STATE=getMsg HTTP/1.1" 200 27
180.156.212.250 - - [09/Jun/2022:09:20:16 +0800] "POST /xingrg/kc/buy/cgsh_list_operate.html HTTP/1.1" 200 876
58.39.61.91 - - [09/Jun/2022:09:20:16 +0800] "GET /xingrg/all/function/internal_message.html?_=1654737564358&CODE_STATE=getMsg HTTP/1.1" 200 27
180.156.212.250 - - [09/Jun/2022:09:20:17 +0800] "GET /xingrg/javascript/easyui/themes/default/images/button_plain_hover.png HTTP/1.1" 200 144
180.156.212.250 - - [09/Jun/2022:09:20:17 +0800] "GET /xingrg/javascript/easyui/themes/default/images/button_plain_hover.png HTTP/1.1" 200 144
180.156.212.250 - - [09/Jun/2022:09:20:17 +0800] "GET /xingrg/javascript/pic_change.js HTTP/1.1" 200 4739
180.156.212.250 - - [09/Jun/2022:09:20:17 +0800] "GET /xingrg/javascript/convert.js HTTP/1.1" 200 1239
180.156.212.250 - - [09/Jun/2022:09:20:17 +0800] "GET /xingrg/kc/buy/cgsh_order_add.html HTTP/1.1" 200 67567
180.156.212.250 - - [09/Jun/2022:09:20:17 +0800] "GET /xingrg/javascript/json2.js HTTP/1.1" 200 11259
180.156.212.250 - - [09/Jun/2022:09:20:17 +0800] "GET /xingrg/javascript/jquery_tools/order_manager.js HTTP/1.1" 200 11183
180.156.212.250 - - [09/Jun/2022:09:20:17 +0800] "GET /xingrg/javascript/print/kc_print.js HTTP/1.1" 200 11415
180.156.212.250 - - [09/Jun/2022:09:20:18 +0800] "GET /xingrg/words/20220608175540_words.js HTTP/1.1" 200 900986
180.156.212.250 - - [09/Jun/2022:09:20:18 +0800] "GET /xingrg/javascript/easyui/themes/icons/copy_new.png HTTP/1.1" 200 815
180.156.212.250 - - [09/Jun/2022:09:20:18 +0800] "GET /xingrg/javascript/easyui/themes/icons/template_new.png HTTP/1.1" 200 3956
180.156.212.250 - - [09/Jun/2022:09:20:18 +0800] "GET /xingrg/javascript/easyui/themes/icons/ok.png HTTP/1.1" 200 883
180.156.212.250 - - [09/Jun/2022:09:20:18 +0800] "GET /xingrg/javascript/easyui/themes/icons/print.png HTTP/1.1" 200 1057
180.156.212.250 - - [09/Jun/2022:09:20:18 +0800] "GET /xingrg/javascript/easyui/themes/default/images/menu_downarrow.png HTTP/1.1" 200 173
180.156.212.250 - - [09/Jun/2022:09:20:18 +0800] "GET /xingrg/javascript/easyui/themes/icons/cancel.png HTTP/1.1" 200 1133
180.169.147.146 - - [09/Jun/2022:09:20:19 +0800] "GET /xingrg/kc/base/check_order_list.html?isBack=1 HTTP/1.1" 200 16481
58.39.61.91 - - [09/Jun/2022:09:20:19 +0800] "GET /xingrg/all/function/internal_message.html?_=1654737614810&CODE_STATE=getMsg HTTP/1.1" 200 27
180.169.147.146 - - [09/Jun/2022:09:20:19 +0800] "POST /xingrg/kc/base/check_list_operate.html HTTP/1.1" 200 3162
180.156.212.250 - - [09/Jun/2022:09:20:20 +0800] "POST /xingrg/kc/buy/cgsh_order_operate.html HTTP/1.1" 200 8245
180.156.212.250 - - [09/Jun/2022:09:20:20 +0800] "GET /xingrg/all/common/auto_word.html?type=employee&rest_code=00102 HTTP/1.1" 200 189
180.156.212.250 - - [09/Jun/2022:09:20:20 +0800] "GET /xingrg/all/common/auto_word.html?type=employee&rest_code=00102 HTTP/1.1" 200 189
180.156.212.250 - - [09/Jun/2022:09:20:20 +0800] "GET /xingrg/javascript/easyui/themes/icons/edit_remove.png HTTP/1.1" 200 625
180.156.212.250 - - [09/Jun/2022:09:20:20 +0800] "GET /xingrg/javascript/easyui/themes/default/validatebox.css HTTP/1.1" 404 1104
180.156.212.250 - - [09/Jun/2022:09:20:20 +0800] "GET /xingrg/javascript/easyui/plugins/jquery.validatebox.js HTTP/1.1" 200 6103
180.156.212.250 - - [09/Jun/2022:09:20:20 +0800] "GET /xingrg/javascript/easyui/plugins/jquery.numberbox.js HTTP/1.1" 200 5213
180.156.212.250 - - [09/Jun/2022:09:20:24 +0800] "GET /xingrg/all/function/internal_message.html?_=1654737691295&CODE_STATE=getMsg HTTP/1.1" 200 27
58.35.194.53 - - [09/Jun/2022:09:20:28 +0800] "GET /xingrg/all/function/internal_message.html?_=1654737623206&CODE_STATE=getMsg HTTP/1.1" 200 27
222.69.129.153 - - [09/Jun/2022:09:20:33 +0800] "GET /xingrg/all/function/internal_message.html?_=1654737655561&CODE_STATE=getMsg HTTP/1.1" 200 27
180.156.212.250 - - [09/Jun/2022:09:20:35 +0800] "GET /xingrg/css/images/panel_loading.gif HTTP/1.1" 200 1737
180.156.212.250 - - [09/Jun/2022:09:20:35 +0800] "GET /xingrg/javascript/easyui/plugins/jquery.draggable.js HTTP/1.1" 200 6121
180.156.212.250 - - [09/Jun/2022:09:20:35 +0800] "GET /xingrg/javascript/easyui/plugins/jquery.droppable.js HTTP/1.1" 200 1167
180.156.212.250 - - [09/Jun/2022:09:20:35 +0800] "GET /xingrg/javascript/easyui/themes/default/tree.css HTTP/1.1" 404 1090
180.156.212.250 - - [09/Jun/2022:09:20:35 +0800] "GET /xingrg/javascript/easyui/plugins/jquery.tree.js HTTP/1.1" 200 20874
180.156.212.250 - - [09/Jun/2022:09:20:36 +0800] "POST /xingrg/all/common/load_tree.html?tree=supplier_tree_json&isDelete=1 HTTP/1.1" 200 66322
180.169.147.146 - - [09/Jun/2022:09:20:38 +0800] "GET /xingrg/all/function/internal_message.html?_=1654737637213&CODE_STATE=getMsg HTTP/1.1" 200 27
114.84.82.172 - - [09/Jun/2022:09:20:39 +0800] "GET /xingrg/all/function/internal_message.html?_=1654737637047&CODE_STATE=getMsg HTTP/1.1" 200 27
180.156.212.250 - - [09/Jun/2022:09:20:40 +0800] "GET /xingrg/javascript/easyui/themes/default/images/tree_arrows.gif HTTP/1.1" 200 617
124.78.154.86 - - [09/Jun/2022:09:20:40 +0800] "GET /xingrg/check_reg.html?_=1654737638499 HTTP/1.1" 200 22
222.69.129.230 - - [09/Jun/2022:09:20:40 +0800] "GET /xingrg/all/function/internal_message.html?_=1654737635534&CODE_STATE=getMsg HTTP/1.1" 200 27
180.156.212.250 - - [09/Jun/2022:09:20:40 +0800] "GET /xingrg/javascript/easyui/themes/default/images/tree_folder_open.gif HTTP/1.1" 200 956
180.156.212.250 - - [09/Jun/2022:09:20:40 +0800] "GET /xingrg/javascript/easyui/themes/default/images/tree_folder.gif HTTP/1.1" 200 952
180.156.212.250 - - [09/Jun/2022:09:20:40 +0800] "GET /xingrg/javascript/easyui/themes/default/images/tree_file.gif HTTP/1.1" 200 118
116.230.110.173 - - [09/Jun/2022:09:20:45 +0800] "GET /xingrg/all/function/internal_message.html?_=1654737641510&CODE_STATE=getMsg HTTP/1.1" 200 27
180.169.147.146 - - [09/Jun/2022:09:20:50 +0800] "GET /xingrg/all/function/internal_message.html?_=1654737653172&CODE_STATE=getMsg HTTP/1.1" 200 27
180.175.103.167 - - [09/Jun/2022:09:20:53 +0800] "GET /xingrg/all/function/internal_message.html?_=1654737652434&CODE_STATE=getMsg HTTP/1.1" 200 27
114.88.162.248 - - [09/Jun/2022:09:20:56 +0800] "GET /xingrg/all/function/internal_message.html?_=1654737651262&CODE_STATE=getMsg HTTP/1.1" 200 27
114.88.162.248 - - [09/Jun/2022:09:20:56 +0800] "GET /xingrg/check_reg.html?_=1654737651267 HTTP/1.1" 200 22
180.169.147.146 - - [09/Jun/2022:09:20:57 +0800] "GET /xingrg/check_reg.html?_=1654737659288 HTTP/1.1" 302 -
218.81.223.53 - - [09/Jun/2022:09:21:01 +0800] "GET /xingrg/all/function/internal_message.html?_=1654737672094&CODE_STATE=getMsg HTTP/1.1" 200 27
180.175.103.167 - - [09/Jun/2022:09:21:04 +0800] "GET /xingrg/all/function/internal_message.html?_=1654737576285&CODE_STATE=getMsg HTTP/1.1" 200 27
120.253.135.82 - - [09/Jun/2022:09:21:06 +0800] "GET /xingrg/all/function/internal_message.html?_=1654737473893&CODE_STATE=getMsg HTTP/1.1" 200 27
114.88.162.248 - - [09/Jun/2022:09:21:15 +0800] "POST /xingrg/dwr/call/plaincall/AjaxQqpsService.saveMaterielItem.dwr HTTP/1.1" 200 78
124.78.154.86 - - [09/Jun/2022:09:21:15 +0800] "GET /xingrg/check_reg.html?_=1654737674274 HTTP/1.1" 200 22
124.78.154.86 - - [09/Jun/2022:09:21:15 +0800] "GET /xingrg/all/function/internal_message.html?_=1654737674277&CODE_STATE=getMsg HTTP/1.1" 200 27
58.39.61.91 - - [09/Jun/2022:09:21:16 +0800] "GET /xingrg/all/function/internal_message.html?_=1654737624371&CODE_STATE=getMsg HTTP/1.1" 200 27
222.69.129.230 - - [09/Jun/2022:09:21:18 +0800] "GET /xingrg/kc/buy/cgsh_order_add.html HTTP/1.1" 200 67661
222.69.129.230 - - [09/Jun/2022:09:21:18 +0800] "POST /xingrg/kc/buy/cgsh_order_operate.html HTTP/1.1" 200 8245
222.69.129.230 - - [09/Jun/2022:09:21:18 +0800] "GET /xingrg/javascript/easyui/themes/default/validatebox.css HTTP/1.1" 404 1104
180.156.212.250 - - [09/Jun/2022:09:21:19 +0800] "GET /xingrg/javascript/auto/indicator.gif HTTP/1.1" 404 1066
58.39.61.91 - - [09/Jun/2022:09:21:19 +0800] "GET /xingrg/check_reg.html?_=1654737674633 HTTP/1.1" 200 22
58.39.61.91 - - [09/Jun/2022:09:21:19 +0800] "GET /xingrg/all/function/internal_message.html?_=1654737674798&CODE_STATE=getMsg HTTP/1.1" 200 27
180.156.212.250 - - [09/Jun/2022:09:21:23 +0800] "GET /xingrg/kc/buy/cgsh_order_operate.html?command=get_materiel&rest_code=00102&code=00101015017&supplier_code=00100054&order_time=2022-06-09 HTTP/1.1" 200 412
180.169.147.146 - - [09/Jun/2022:09:21:23 +0800] "GET /xingrg/kc/base/check_order_info.html?code=452022053100478 HTTP/1.1" 200 26513
180.169.147.146 - - [09/Jun/2022:09:21:23 +0800] "GET /xingrg/dwr/interface/AjaxComOrderService.js HTTP/1.1" 200 18264
180.169.147.146 - - [09/Jun/2022:09:21:23 +0800] "GET /xingrg/dwr/interface/AjaxCheckService.js HTTP/1.1" 200 14003
180.169.147.146 - - [09/Jun/2022:09:21:23 +0800] "GET /xingrg/dwr/engine.js HTTP/1.1" 200 43631
180.169.147.146 - - [09/Jun/2022:09:21:23 +0800] "POST /xingrg/dwr/call/plaincall/AjaxCheckService.loadOrderItems.dwr HTTP/1.1" 200 7320
180.156.212.250 - - [09/Jun/2022:09:21:24 +0800] "GET /xingrg/all/function/internal_message.html?_=1654737751387&CODE_STATE=getMsg HTTP/1.1" 200 27
222.69.129.230 - - [09/Jun/2022:09:21:26 +0800] "GET /xingrg/kc/buy/cgsh_order_operate.html?command=get_materiel&rest_code=00149&code=00101007085&supplier_code=00100205&order_time=2022-06-09 HTTP/1.1" 200 413
58.35.194.53 - - [09/Jun/2022:09:21:28 +0800] "GET /xingrg/all/function/internal_message.html?_=1654737683191&CODE_STATE=getMsg HTTP/1.1" 200 27
180.175.103.167 - - [09/Jun/2022:09:21:28 +0800] "GET /xingrg/check_reg.html?_=1654737688149 HTTP/1.1" 200 22
222.69.129.153 - - [09/Jun/2022:09:21:33 +0800] "GET /xingrg/all/function/internal_message.html?_=1654737715560&CODE_STATE=getMsg HTTP/1.1" 200 27
114.88.162.248 - - [09/Jun/2022:09:21:36 +0800] "POST /xingrg/dwr/call/plaincall/AjaxQqpsService.getMaterielByCode.dwr HTTP/1.1" 200 2681
180.156.212.250 - - [09/Jun/2022:09:21:36 +0800] "GET /xingrg/kc/buy/cgsh_order_operate.html?command=get_materiel&rest_code=00102&code=00101015022&supplier_code=00100054&order_time=2022-06-09 HTTP/1.1" 200 408
222.69.129.230 - - [09/Jun/2022:09:21:37 +0800] "GET /xingrg/kc/buy/cgsh_order_operate.html?command=get_materiel&rest_code=00149&code=00101007125&supplier_code=00100205&order_time=2022-06-09 HTTP/1.1" 200 421
114.88.162.248 - - [09/Jun/2022:09:21:38 +0800] "POST /xingrg/dwr/call/plaincall/AjaxQqpsService.saveMaterielItem.dwr HTTP/1.1" 200 78
180.169.147.146 - - [09/Jun/2022:09:21:38 +0800] "GET /xingrg/all/function/internal_message.html?_=1654737697193&CODE_STATE=getMsg HTTP/1.1" 200 27
114.84.82.172 - - [09/Jun/2022:09:21:39 +0800] "GET /xingrg/all/function/internal_message.html?_=1654737697032&CODE_STATE=getMsg HTTP/1.1" 200 27
222.69.129.230 - - [09/Jun/2022:09:21:40 +0800] "GET /xingrg/all/function/internal_message.html?_=1654737695549&CODE_STATE=getMsg HTTP/1.1" 200 27
180.156.212.250 - - [09/Jun/2022:09:21:45 +0800] "GET /xingrg/kc/buy/cgsh_order_operate.html?command=get_materiel&rest_code=00102&code=00101015059&supplier_code=00100054&order_time=2022-06-09 HTTP/1.1" 200 412
116.230.110.173 - - [09/Jun/2022:09:21:45 +0800] "GET /xingrg/all/function/internal_message.html?_=1654737701515&CODE_STATE=getMsg HTTP/1.1" 200 27
180.169.147.146 - - [09/Jun/2022:09:21:50 +0800] "GET /xingrg/all/function/internal_message.html?_=1654737713174&CODE_STATE=getMsg HTTP/1.1" 200 27
180.169.147.146 - - [09/Jun/2022:09:21:50 +0800] "GET /xingrg/check_reg.html?_=1654737713177 HTTP/1.1" 200 22
180.175.103.167 - - [09/Jun/2022:09:21:53 +0800] "GET /xingrg/all/function/internal_message.html?_=1654737712408&CODE_STATE=getMsg HTTP/1.1" 200 27
180.156.212.250 - - [09/Jun/2022:09:21:54 +0800] "GET /xingrg/kc/buy/cgsh_order_operate.html?command=get_materiel&rest_code=00102&code=00101015061&supplier_code=00100054&order_time=2022-06-09 HTTP/1.1" 200 412
114.88.162.248 - - [09/Jun/2022:09:21:56 +0800] "GET /xingrg/all/function/internal_message.html?_=1654737711261&CODE_STATE=getMsg HTTP/1.1" 200 27
222.69.129.230 - - [09/Jun/2022:09:21:56 +0800] "GET /xingrg/kc/buy/cgsh_order_operate.html?command=get_materiel&rest_code=00149&code=00101007049&supplier_code=00100205&order_time=2022-06-09 HTTP/1.1" 200 428
120.253.135.82 - - [09/Jun/2022:09:22:00 +0800] "GET /xingrg/kc/buy/cgsh_order_list.html HTTP/1.1" 200 51791
218.81.223.53 - - [09/Jun/2022:09:22:01 +0800] "GET /xingrg/all/function/internal_message.html?_=1654737732110&CODE_STATE=getMsg HTTP/1.1" 200 27
180.169.147.146 - - [09/Jun/2022:09:22:01 +0800] "POST /xingrg/dwr/call/plaincall/AjaxCheckService.setItemNumber.dwr HTTP/1.1" 200 76
120.253.135.82 - - [09/Jun/2022:09:22:03 +0800] "POST /xingrg/kc/buy/cgsh_list_operate.html HTTP/1.1" 200 1681
180.175.103.167 - - [09/Jun/2022:09:22:04 +0800] "GET /xingrg/all/function/internal_message.html?_=1654737636271&CODE_STATE=getMsg HTTP/1.1" 200 27
120.253.135.82 - - [09/Jun/2022:09:22:07 +0800] "GET /xingrg/all/function/internal_message.html?_=1654737534021&CODE_STATE=getMsg HTTP/1.1" 200 27
120.253.135.82 - - [09/Jun/2022:09:22:07 +0800] "GET /xingrg/kc/buy/cgsh_order_add.html HTTP/1.1" 200 66637
120.253.135.82 - - [09/Jun/2022:09:22:07 +0800] "POST /xingrg/kc/buy/cgsh_order_operate.html HTTP/1.1" 200 8245
58.39.61.91 - - [09/Jun/2022:09:22:07 +0800] "GET /xingrg/kc/mdqp/pssh_order_list.html HTTP/1.1" 200 17698
120.253.135.82 - - [09/Jun/2022:09:22:07 +0800] "GET /xingrg/javascript/easyui/themes/default/validatebox.css HTTP/1.1" 404 1104
58.39.61.91 - - [09/Jun/2022:09:22:07 +0800] "POST /xingrg/kc/mdqp/pssh_list_operate.html HTTP/1.1" 200 5513
222.69.129.230 - - [09/Jun/2022:09:22:08 +0800] "POST /xingrg/kc/buy/cgsh_order_operate.html HTTP/1.1" 200 37
180.156.212.250 - - [09/Jun/2022:09:22:12 +0800] "POST /xingrg/kc/buy/cgsh_order_operate.html HTTP/1.1" 200 37
120.253.135.82 - - [09/Jun/2022:09:22:13 +0800] "POST /xingrg/all/common/load_combo.html?type=employee HTTP/1.1" 200 1752
222.69.129.230 - - [09/Jun/2022:09:22:14 +0800] "POST /xingrg/kc/buy/cgsh_order_operate.html HTTP/1.1" 200 12
180.169.147.146 - - [09/Jun/2022:09:22:15 +0800] "POST /xingrg/dwr/call/plaincall/AjaxCheckService.setItemNumber.dwr HTTP/1.1" 200 76
124.78.154.86 - - [09/Jun/2022:09:22:15 +0800] "GET /xingrg/all/function/internal_message.html?_=1654737734262&CODE_STATE=getMsg HTTP/1.1" 200 27
58.39.61.91 - - [09/Jun/2022:09:22:16 +0800] "GET /xingrg/all/function/internal_message.html?_=1654737684386&CODE_STATE=getMsg HTTP/1.1" 200 27
222.69.129.230 - - [09/Jun/2022:09:22:18 +0800] "GET /xingrg/kc/buy/cgsh_order_info.html?code=212022060900886 HTTP/1.1" 200 62562
222.69.129.230 - - [09/Jun/2022:09:22:19 +0800] "GET /xingrg/javascript/easyui/themes/default/validatebox.css HTTP/1.1" 404 1104
58.39.61.91 - - [09/Jun/2022:09:22:19 +0800] "GET /xingrg/all/function/internal_message.html?_=1654737734776&CODE_STATE=getMsg HTTP/1.1" 200 27
222.69.129.230 - - [09/Jun/2022:09:22:19 +0800] "POST /xingrg/kc/buy/cgsh_order_operate.html HTTP/1.1" 200 1798
222.69.129.230 - - [09/Jun/2022:09:22:20 +0800] "GET /xingrg/kc/print/load_data.html?order_code=212022060900886&kc_code=cgsh&condition= HTTP/1.1" 200 1154
180.169.147.146 - - [09/Jun/2022:09:22:23 +0800] "POST /xingrg/dwr/call/plaincall/AjaxCheckService.setItemNumber.dwr HTTP/1.1" 200 76
222.69.129.230 - - [09/Jun/2022:09:22:24 +0800] "GET /xingrg/kc/buy/cgsh_order_add.html HTTP/1.1" 200 67661
222.69.129.230 - - [09/Jun/2022:09:22:24 +0800] "POST /xingrg/kc/buy/cgsh_order_operate.html HTTP/1.1" 200 8245
222.69.129.230 - - [09/Jun/2022:09:22:24 +0800] "GET /xingrg/javascript/easyui/themes/default/validatebox.css HTTP/1.1" 404 1104
58.39.61.91 - - [09/Jun/2022:09:22:25 +0800] "POST /xingrg/kc/mdqp/pssh_list_operate.html HTTP/1.1" 200 5597
120.253.135.82 - - [09/Jun/2022:09:22:26 +0800] "GET /xingrg/kc/buy/cgsh_order_operate.html?command=get_materiel&rest_code=00101&code=00101010339&supplier_code=00100096&order_time=2022-06-09 HTTP/1.1" 200 457
58.35.194.53 - - [09/Jun/2022:09:22:27 +0800] "GET /xingrg/all/function/internal_message.html?_=1654737743176&CODE_STATE=getMsg HTTP/1.1" 200 27
180.169.147.146 - - [09/Jun/2022:09:22:28 +0800] "POST /xingrg/dwr/call/plaincall/AjaxCheckService.setItemNumber.dwr HTTP/1.1" 200 76
120.253.135.82 - - [09/Jun/2022:09:22:29 +0800] "POST /xingrg/all/common/load_select.html HTTP/1.1" 200 25
58.39.61.91 - - [09/Jun/2022:09:22:33 +0800] "POST /xingrg/kc/mdqp/pssh_list_operate.html HTTP/1.1" 200 8990
180.169.147.146 - - [09/Jun/2022:09:22:33 +0800] "POST /xingrg/dwr/call/plaincall/AjaxCheckService.setItemNumber.dwr HTTP/1.1" 200 76
222.69.129.153 - - [09/Jun/2022:09:22:33 +0800] "GET /xingrg/check_reg.html?_=1654737775562 HTTP/1.1" 200 22
222.69.129.153 - - [09/Jun/2022:09:22:33 +0800] "GET /xingrg/all/function/internal_message.html?_=1654737775565&CODE_STATE=getMsg HTTP/1.1" 200 27
120.253.135.82 - - [09/Jun/2022:09:22:33 +0800] "GET /xingrg/kc/buy/cgsh_order_operate.html?command=get_materiel_price&rest_code=00101&code=00101010339&unit_code=00100113&supplier_code=00100096&order_time=2022-06-09 HTTP/1.1" 200 30
180.156.212.250 - - [09/Jun/2022:09:22:35 +0800] "POST /xingrg/kc/buy/cgsh_order_operate.html HTTP/1.1" 200 12
58.39.61.91 - - [09/Jun/2022:09:22:38 +0800] "POST /xingrg/kc/mdqp/pssh_list_operate.html HTTP/1.1" 200 9081
180.169.147.146 - - [09/Jun/2022:09:22:38 +0800] "GET /xingrg/all/function/internal_message.html?_=1654737757164&CODE_STATE=getMsg HTTP/1.1" 200 27
180.169.147.146 - - [09/Jun/2022:09:22:38 +0800] "POST /xingrg/dwr/call/plaincall/AjaxCheckService.setItemNumber.dwr HTTP/1.1" 200 76
114.84.82.172 - - [09/Jun/2022:09:22:39 +0800] "GET /xingrg/all/function/internal_message.html?_=1654737757018&CODE_STATE=getMsg HTTP/1.1" 200 27
222.69.129.230 - - [09/Jun/2022:09:22:40 +0800] "GET /xingrg/all/function/internal_message.html?_=1654737755541&CODE_STATE=getMsg HTTP/1.1" 200 27
222.69.129.230 - - [09/Jun/2022:09:22:40 +0800] "GET /xingrg/check_reg.html?_=1654737755544 HTTP/1.1" 200 22
222.69.129.230 - - [09/Jun/2022:09:22:42 +0800] "GET /xingrg/kc/buy/cgsh_order_operate.html?command=get_materiel&rest_code=00149&code=00101010161&supplier_code=00100039&order_time=2022-06-09 HTTP/1.1" 200 429
180.169.147.146 - - [09/Jun/2022:09:22:44 +0800] "POST /xingrg/dwr/call/plaincall/AjaxCheckService.setItemNumber.dwr HTTP/1.1" 200 76
116.230.110.173 - - [09/Jun/2022:09:22:45 +0800] "GET /xingrg/check_reg.html?_=1654737761502 HTTP/1.1" 200 22
116.230.110.173 - - [09/Jun/2022:09:22:45 +0800] "GET /xingrg/all/function/internal_message.html?_=1654737761504&CODE_STATE=getMsg HTTP/1.1" 200 27
114.84.147.169 - - [09/Jun/2022:09:22:46 +0800] "GET /xingrg/check_reg.html?_=1654737491003 HTTP/1.1" 200 22
58.39.61.91 - - [09/Jun/2022:09:22:48 +0800] "POST /xingrg/kc/mdqp/pssh_list_operate.html HTTP/1.1" 200 9130
180.175.103.167 - - [09/Jun/2022:09:22:49 +0800] "GET /xingrg/check_reg.html?_=1654737681389 HTTP/1.1" 200 22
180.169.147.146 - - [09/Jun/2022:09:22:50 +0800] "GET /xingrg/all/function/internal_message.html?_=1654737773178&CODE_STATE=getMsg HTTP/1.1" 200 27
180.169.147.146 - - [09/Jun/2022:09:22:50 +0800] "POST /xingrg/dwr/call/plaincall/AjaxCheckService.setItemNumber.dwr HTTP/1.1" 200 76
180.169.147.146 - - [09/Jun/2022:09:22:51 +0800] "POST /xingrg/dwr/call/plaincall/AjaxCheckService.setItemNumber.dwr HTTP/1.1" 200 76
180.169.147.146 - - [09/Jun/2022:09:22:52 +0800] "POST /xingrg/dwr/call/plaincall/AjaxCheckService.setItemNumber.dwr HTTP/1.1" 200 77
114.88.162.248 - - [09/Jun/2022:09:22:52 +0800] "POST /xingrg/dwr/call/plaincall/AjaxQqpsService.getMaterielByCode.dwr HTTP/1.1" 200 2623
58.39.61.91 - - [09/Jun/2022:09:22:53 +0800] "POST /xingrg/kc/mdqp/pssh_list_operate.html HTTP/1.1" 200 9153
180.175.103.167 - - [09/Jun/2022:09:22:53 +0800] "GET /xingrg/all/function/internal_message.html?_=1654737772380&CODE_STATE=getMsg HTTP/1.1" 200 27
58.39.61.91 - - [09/Jun/2022:09:22:55 +0800] "POST /xingrg/kc/mdqp/pssh_list_operate.html HTTP/1.1" 200 6088
114.88.162.248 - - [09/Jun/2022:09:22:56 +0800] "GET /xingrg/all/function/internal_message.html?_=1654737771249&CODE_STATE=getMsg HTTP/1.1" 200 27
114.88.162.248 - - [09/Jun/2022:09:22:56 +0800] "POST /xingrg/dwr/call/plaincall/AjaxQqpsService.saveMaterielItem.dwr HTTP/1.1" 200 78
180.169.147.146 - - [09/Jun/2022:09:22:56 +0800] "POST /xingrg/dwr/call/plaincall/AjaxCheckService.setItemNumber.dwr HTTP/1.1" 200 77
222.69.129.230 - - [09/Jun/2022:09:22:59 +0800] "GET /xingrg/kc/buy/cgsh_order_operate.html?command=get_materiel&rest_code=00149&code=00101001010&supplier_code=00100039&order_time=2022-06-09 HTTP/1.1" 200 425
180.169.147.146 - - [09/Jun/2022:09:23:00 +0800] "GET /xingrg/kc/base/check_order_list.html?isBack=1 HTTP/1.1" 200 16481
180.169.147.146 - - [09/Jun/2022:09:23:00 +0800] "POST /xingrg/kc/base/check_list_operate.html HTTP/1.1" 200 3162
218.81.223.53 - - [09/Jun/2022:09:23:01 +0800] "GET /xingrg/all/function/internal_message.html?_=1654737792137&CODE_STATE=getMsg HTTP/1.1" 200 27
120.253.135.82 - - [09/Jun/2022:09:23:02 +0800] "POST /xingrg/kc/buy/cgsh_order_operate.html HTTP/1.1" 200 37
120.253.135.82 - - [09/Jun/2022:09:23:03 +0800] "POST /xingrg/kc/buy/cgsh_order_operate.html HTTP/1.1" 200 2685
180.175.103.167 - - [09/Jun/2022:09:23:04 +0800] "GET /xingrg/all/function/internal_message.html?_=1654737696244&CODE_STATE=getMsg HTTP/1.1" 200 27
180.156.212.250 - - [09/Jun/2022:09:23:05 +0800] "GET /xingrg/kc/buy/cgsh_order_info.html?code=212022060900887 HTTP/1.1" 200 62466
180.169.147.146 - - [09/Jun/2022:09:23:05 +0800] "GET /xingrg/kc/base/check_order_info.html?code=452022053100478 HTTP/1.1" 200 26513
180.169.147.146 - - [09/Jun/2022:09:23:05 +0800] "GET /xingrg/dwr/interface/AjaxComOrderService.js HTTP/1.1" 200 18264
180.169.147.146 - - [09/Jun/2022:09:23:05 +0800] "GET /xingrg/dwr/interface/AjaxCheckService.js HTTP/1.1" 200 14003
180.169.147.146 - - [09/Jun/2022:09:23:05 +0800] "GET /xingrg/dwr/engine.js HTTP/1.1" 200 43631
114.88.162.248 - - [09/Jun/2022:09:23:05 +0800] "POST /xingrg/dwr/call/plaincall/AjaxQqpsService.getMaterielByCode.dwr HTTP/1.1" 200 2632
180.169.147.146 - - [09/Jun/2022:09:23:06 +0800] "POST /xingrg/dwr/call/plaincall/AjaxCheckService.loadOrderItems.dwr HTTP/1.1" 200 7331
180.156.212.250 - - [09/Jun/2022:09:23:06 +0800] "GET /xingrg/all/function/internal_message.html?_=1654737853337&CODE_STATE=getMsg HTTP/1.1" 200 27
180.156.212.250 - - [09/Jun/2022:09:23:06 +0800] "GET /xingrg/javascript/easyui/themes/default/validatebox.css HTTP/1.1" 404 1104
120.253.135.82 - - [09/Jun/2022:09:23:07 +0800] "GET /xingrg/all/function/internal_message.html?_=1654737594037&CODE_STATE=getMsg HTTP/1.1" 200 27
180.156.212.250 - - [09/Jun/2022:09:23:07 +0800] "POST /xingrg/kc/buy/cgsh_order_operate.html HTTP/1.1" 200 2374
180.169.147.146 - - [09/Jun/2022:09:23:09 +0800] "GET /xingrg/kc/base/check_order_add.html HTTP/1.1" 200 26480
180.169.147.146 - - [09/Jun/2022:09:23:09 +0800] "GET /xingrg/dwr/interface/AjaxComOrderService.js HTTP/1.1" 200 18264
180.169.147.146 - - [09/Jun/2022:09:23:09 +0800] "GET /xingrg/dwr/engine.js HTTP/1.1" 200 43631
180.169.147.146 - - [09/Jun/2022:09:23:09 +0800] "GET /xingrg/dwr/interface/AjaxCheckService.js HTTP/1.1" 200 14003
114.88.162.248 - - [09/Jun/2022:09:23:09 +0800] "POST /xingrg/dwr/call/plaincall/AjaxQqpsService.saveMaterielItem.dwr HTTP/1.1" 200 79
180.156.212.250 - - [09/Jun/2022:09:23:12 +0800] "GET /xingrg/kc/print/load_config.html?kc_code=cgsh HTTP/1.1" 200 1943
180.156.212.250 - - [09/Jun/2022:09:23:13 +0800] "GET /xingrg/kc/print/load_data.html?order_code=212022060900887&kc_code=cgsh&condition= HTTP/1.1" 200 1352
222.69.129.230 - - [09/Jun/2022:09:23:15 +0800] "POST /xingrg/kc/buy/cgsh_order_operate.html HTTP/1.1" 200 37
114.88.162.248 - - [09/Jun/2022:09:23:15 +0800] "POST /xingrg/dwr/call/plaincall/AjaxQqpsService.getMaterielByCode.dwr HTTP/1.1" 200 2625
58.39.61.91 - - [09/Jun/2022:09:23:16 +0800] "GET /xingrg/check_reg.html?_=1654737743931 HTTP/1.1" 200 22
180.169.147.146 - - [09/Jun/2022:09:23:16 +0800] "POST /xingrg/dwr/call/plaincall/AjaxCheckService.saveOrder.dwr HTTP/1.1" 200 78
58.39.61.91 - - [09/Jun/2022:09:23:16 +0800] "GET /xingrg/all/function/internal_message.html?_=1654737744399&CODE_STATE=getMsg HTTP/1.1" 200 27
120.253.135.82 - - [09/Jun/2022:09:23:17 +0800] "POST /xingrg/kc/buy/cgsh_order_operate.html HTTP/1.1" 200 37
180.169.147.146 - - [09/Jun/2022:09:23:17 +0800] "POST /xingrg/dwr/call/plaincall/AjaxCheckService.loadOrderItems.dwr HTTP/1.1" 200 367
120.253.135.82 - - [09/Jun/2022:09:23:18 +0800] "POST /xingrg/kc/buy/cgsh_order_operate.html HTTP/1.1" 200 2685
58.39.61.91 - - [09/Jun/2022:09:23:19 +0800] "GET /xingrg/all/function/internal_message.html?_=1654737794756&CODE_STATE=getMsg HTTP/1.1" 200 27
114.88.162.248 - - [09/Jun/2022:09:23:19 +0800] "POST /xingrg/dwr/call/plaincall/AjaxQqpsService.saveMaterielItem.dwr HTTP/1.1" 200 79
180.169.147.146 - - [09/Jun/2022:09:23:21 +0800] "POST /xingrg/dwr/call/plaincall/AjaxCheckService.importOrderItems.dwr HTTP/1.1" 200 78
222.69.129.230 - - [09/Jun/2022:09:23:21 +0800] "POST /xingrg/kc/buy/cgsh_order_operate.html HTTP/1.1" 200 12
120.253.135.82 - - [09/Jun/2022:09:23:22 +0800] "GET /xingrg/kc/print/load_data.html?order_code=212022060900888&kc_code=cgsh&condition= HTTP/1.1" 200 678
222.69.129.230 - - [09/Jun/2022:09:23:22 +0800] "GET /xingrg/kc/buy/cgsh_order_info.html?code=212022060900889 HTTP/1.1" 200 62564
180.169.147.146 - - [09/Jun/2022:09:23:22 +0800] "POST /xingrg/dwr/call/plaincall/AjaxCheckService.loadOrderItems.dwr HTTP/1.1" 200 4309
114.88.162.248 - - [09/Jun/2022:09:23:22 +0800] "POST /xingrg/dwr/call/plaincall/AjaxQqpsService.getMaterielByCode.dwr HTTP/1.1" 200 2693
222.69.129.230 - - [09/Jun/2022:09:23:22 +0800] "GET /xingrg/javascript/easyui/themes/default/validatebox.css HTTP/1.1" 404 1104
222.69.129.230 - - [09/Jun/2022:09:23:23 +0800] "POST /xingrg/kc/buy/cgsh_order_operate.html HTTP/1.1" 200 1204
114.88.162.248 - - [09/Jun/2022:09:23:24 +0800] "POST /xingrg/dwr/call/plaincall/AjaxQqpsService.saveMaterielItem.dwr HTTP/1.1" 200 79
222.69.129.230 - - [09/Jun/2022:09:23:24 +0800] "GET /xingrg/kc/print/load_data.html?order_code=212022060900889&kc_code=cgsh&condition= HTTP/1.1" 200 950
58.35.194.53 - - [09/Jun/2022:09:23:27 +0800] "GET /xingrg/all/function/internal_message.html?_=1654737803161&CODE_STATE=getMsg HTTP/1.1" 200 27
180.169.147.146 - - [09/Jun/2022:09:23:30 +0800] "POST /xingrg/dwr/call/plaincall/AjaxCheckService.setItemNumber.dwr HTTP/1.1" 200 76
180.169.147.146 - - [09/Jun/2022:09:23:31 +0800] "POST /xingrg/dwr/call/plaincall/AjaxCheckService.setItemNumber.dwr HTTP/1.1" 200 76
180.169.147.146 - - [09/Jun/2022:09:23:32 +0800] "POST /xingrg/dwr/call/plaincall/AjaxCheckService.setItemNumber.dwr HTTP/1.1" 200 76
222.69.129.230 - - [09/Jun/2022:09:23:32 +0800] "GET /xingrg/kc/buy/cgsh_order_add.html HTTP/1.1" 200 67661
180.169.147.146 - - [09/Jun/2022:09:23:32 +0800] "POST /xingrg/dwr/call/plaincall/AjaxCheckService.setItemNumber.dwr HTTP/1.1" 200 76
222.69.129.230 - - [09/Jun/2022:09:23:33 +0800] "POST /xingrg/kc/buy/cgsh_order_operate.html HTTP/1.1" 200 8245
222.69.129.230 - - [09/Jun/2022:09:23:33 +0800] "GET /xingrg/javascript/easyui/themes/default/validatebox.css HTTP/1.1" 404 1104
180.169.147.146 - - [09/Jun/2022:09:23:33 +0800] "POST /xingrg/dwr/call/plaincall/AjaxCheckService.setItemNumber.dwr HTTP/1.1" 200 76
222.69.129.153 - - [09/Jun/2022:09:23:33 +0800] "GET /xingrg/all/function/internal_message.html?_=1654737835553&CODE_STATE=getMsg HTTP/1.1" 200 27
180.169.147.146 - - [09/Jun/2022:09:23:34 +0800] "POST /xingrg/dwr/call/plaincall/AjaxCheckService.setItemNumber.dwr HTTP/1.1" 200 76
114.88.162.248 - - [09/Jun/2022:09:23:36 +0800] "POST /xingrg/dwr/call/plaincall/AjaxQqpsService.getMaterielByCode.dwr HTTP/1.1" 200 2648
58.35.194.53 - - [09/Jun/2022:09:23:38 +0800] "GET /xingrg/check_reg.html?_=1654737813491 HTTP/1.1" 200 22
180.169.147.146 - - [09/Jun/2022:09:23:38 +0800] "GET /xingrg/all/function/internal_message.html?_=1654737817145&CODE_STATE=getMsg HTTP/1.1" 200 27
180.169.147.146 - - [09/Jun/2022:09:23:38 +0800] "GET /xingrg/check_reg.html?_=1654737817225 HTTP/1.1" 200 22
114.84.82.172 - - [09/Jun/2022:09:23:39 +0800] "GET /xingrg/all/function/internal_message.html?_=1654737816995&CODE_STATE=getMsg HTTP/1.1" 200 27
222.69.129.230 - - [09/Jun/2022:09:23:40 +0800] "GET /xingrg/all/function/internal_message.html?_=1654737815557&CODE_STATE=getMsg HTTP/1.1" 200 27
180.169.147.146 - - [09/Jun/2022:09:23:41 +0800] "GET /xingrg/kc/base/check_order_list.html?isBack=1 HTTP/1.1" 200 16481
180.169.147.146 - - [09/Jun/2022:09:23:41 +0800] "POST /xingrg/kc/base/check_list_operate.html HTTP/1.1" 200 3483
116.230.110.173 - - [09/Jun/2022:09:23:45 +0800] "GET /xingrg/all/function/internal_message.html?_=1654737821509&CODE_STATE=getMsg HTTP/1.1" 200 27
218.81.223.53 - - [09/Jun/2022:09:23:45 +0800] "GET /xingrg/check_reg.html?_=1654737836353 HTTP/1.1" 200 22
180.169.147.146 - - [09/Jun/2022:09:23:50 +0800] "GET /xingrg/all/function/internal_message.html?_=1654737833181&CODE_STATE=getMsg HTTP/1.1" 200 27
180.156.212.250 - - [09/Jun/2022:09:23:52 +0800] "GET /xingrg/kc/buy/cgsh_order_add.html HTTP/1.1" 200 67567
180.175.103.167 - - [09/Jun/2022:09:23:53 +0800] "GET /xingrg/all/function/internal_message.html?_=1654737832353&CODE_STATE=getMsg HTTP/1.1" 200 27
180.156.212.250 - - [09/Jun/2022:09:23:53 +0800] "POST /xingrg/kc/buy/cgsh_order_operate.html HTTP/1.1" 200 8245
114.88.162.248 - - [09/Jun/2022:09:23:54 +0800] "POST /xingrg/dwr/call/plaincall/AjaxQqpsService.getMaterielByCode.dwr HTTP/1.1" 200 2648
180.156.212.250 - - [09/Jun/2022:09:23:54 +0800] "GET /xingrg/javascript/easyui/themes/default/validatebox.css HTTP/1.1" 404 1104
114.88.162.248 - - [09/Jun/2022:09:23:56 +0800] "GET /xingrg/all/function/internal_message.html?_=1654737831293&CODE_STATE=getMsg HTTP/1.1" 200 27
218.81.223.53 - - [09/Jun/2022:09:24:01 +0800] "GET /xingrg/all/function/internal_message.html?_=1654737852153&CODE_STATE=getMsg HTTP/1.1" 200 27
180.175.103.167 - - [09/Jun/2022:09:24:04 +0800] "GET /xingrg/all/function/internal_message.html?_=1654737756229&CODE_STATE=getMsg HTTP/1.1" 200 27
180.156.212.250 - - [09/Jun/2022:09:24:06 +0800] "GET /xingrg/all/function/internal_message.html?_=1654737913346&CODE_STATE=getMsg HTTP/1.1" 200 27
120.253.135.82 - - [09/Jun/2022:09:24:07 +0800] "GET /xingrg/all/function/internal_message.html?_=1654737654177&CODE_STATE=getMsg HTTP/1.1" 200 27
58.39.61.91 - - [09/Jun/2022:09:24:16 +0800] "GET /xingrg/all/function/internal_message.html?_=1654737804434&CODE_STATE=getMsg HTTP/1.1" 200 27
58.39.61.91 - - [09/Jun/2022:09:24:19 +0800] "GET /xingrg/all/function/internal_message.html?_=1654737854737&CODE_STATE=getMsg HTTP/1.1" 200 27
180.169.147.146 - - [09/Jun/2022:09:24:19 +0800] "GET /xingrg/javascript/jquery_tools/images/prev.gif HTTP/1.1" 404 1086
180.169.147.146 - - [09/Jun/2022:09:24:19 +0800] "GET /xingrg/javascript/jquery_tools/images/next.gif HTTP/1.1" 404 1086
180.169.147.146 - - [09/Jun/2022:09:24:24 +0800] "POST /xingrg/kc/base/check_list_operate.html HTTP/1.1" 200 781
180.156.212.250 - - [09/Jun/2022:09:24:24 +0800] "GET /xingrg/check_reg.html?_=1654737931289 HTTP/1.1" 200 22
180.169.147.146 - - [09/Jun/2022:09:24:26 +0800] "POST /xingrg/kc/base/check_list_operate.html HTTP/1.1" 200 781
58.35.194.53 - - [09/Jun/2022:09:24:27 +0800] "GET /xingrg/all/function/internal_message.html?_=1654737863132&CODE_STATE=getMsg HTTP/1.1" 200 27
114.88.162.248 - - [09/Jun/2022:09:24:28 +0800] "POST /xingrg/dwr/call/plaincall/AjaxQqpsService.saveMaterielItem.dwr HTTP/1.1" 200 79
180.169.147.146 - - [09/Jun/2022:09:24:31 +0800] "POST /xingrg/kc/base/check_list_operate.html HTTP/1.1" 200 3483
222.69.129.153 - - [09/Jun/2022:09:24:33 +0800] "GET /xingrg/all/function/internal_message.html?_=1654737895566&CODE_STATE=getMsg HTTP/1.1" 200 27
180.169.147.146 - - [09/Jun/2022:09:24:38 +0800] "GET /xingrg/all/function/internal_message.html?_=1654737877125&CODE_STATE=getMsg HTTP/1.1" 200 27
114.84.82.172 - - [09/Jun/2022:09:24:39 +0800] "GET /xingrg/check_reg.html?_=1654737876622 HTTP/1.1" 200 22
114.84.82.172 - - [09/Jun/2022:09:24:39 +0800] "GET /xingrg/all/function/internal_message.html?_=1654737876969&CODE_STATE=getMsg HTTP/1.1" 200 27
222.69.129.230 - - [09/Jun/2022:09:24:40 +0800] "GET /xingrg/all/function/internal_message.html?_=1654737875554&CODE_STATE=getMsg HTTP/1.1" 200 27
117.143.46.200 - - [09/Jun/2022:09:24:44 +0800] "GET /xingrg/check_reg.html?_=1654737882049 HTTP/1.1" 302 -
120.253.135.82 - - [09/Jun/2022:09:24:45 +0800] "GET /xingrg/kc/buy/cgsh_order_list.html HTTP/1.1" 200 51791
116.230.110.173 - - [09/Jun/2022:09:24:45 +0800] "GET /xingrg/all/function/internal_message.html?_=1654737881516&CODE_STATE=getMsg HTTP/1.1" 200 27
120.253.135.82 - - [09/Jun/2022:09:24:47 +0800] "POST /xingrg/kc/buy/cgsh_list_operate.html HTTP/1.1" 200 2025
180.169.147.146 - - [09/Jun/2022:09:24:50 +0800] "GET /xingrg/all/function/internal_message.html?_=1654737893181&CODE_STATE=getMsg HTTP/1.1" 200 27
180.175.103.167 - - [09/Jun/2022:09:24:53 +0800] "GET /xingrg/all/function/internal_message.html?_=1654737892332&CODE_STATE=getMsg HTTP/1.1" 200 27
114.88.162.248 - - [09/Jun/2022:09:24:56 +0800] "GET /xingrg/all/function/internal_message.html?_=1654737891268&CODE_STATE=getMsg HTTP/1.1" 200 27
120.253.135.82 - - [09/Jun/2022:09:25:00 +0800] "GET /xingrg/kc/buy/cgth_order_list.html HTTP/1.1" 200 51194
120.253.135.82 - - [09/Jun/2022:09:25:00 +0800] "POST /xingrg/kc/buy/cgth_list_operate.html HTTP/1.1" 200 2367
