101.85.120.86 - - [06/Jun/2022:09:53:15 +0800] "GET /xingrg/all/function/internal_message.html?_=1654480394378&CODE_STATE=getMsg HTTP/1.1" 200 27
172.20.0.100 - - [06/Jun/2022:09:53:16 +0800] "GET /xingrg/javascript/jquery_easy_ui/themes/default/images/button_plain_hover.png HTTP/1.1" 200 252
116.228.172.94 - - [06/Jun/2022:09:53:16 +0800] "POST /xingrg/dwr/call/plaincall/AjaxQqpsService.removeMaterielItem.dwr HTTP/1.1" 200 78
180.169.147.146 - - [06/Jun/2022:09:53:16 +0800] "GET /xingrg/all/function/internal_message.html?_=1654480395525&CODE_STATE=getMsg HTTP/1.1" 200 27
58.39.61.91 - - [06/Jun/2022:09:53:17 +0800] "GET /xingrg/all/function/internal_message.html?_=1654480350449&CODE_STATE=getMsg HTTP/1.1" 200 27
172.20.0.100 - - [06/Jun/2022:09:53:22 +0800] "POST /xingrg/dwr/call/plaincall/AjaxCheckService.checkOrder.dwr HTTP/1.1" 200 78
58.40.7.146 - - [06/Jun/2022:09:53:26 +0800] "GET /xingrg/all/function/internal_message.html?_=1654480384991&CODE_STATE=getMsg HTTP/1.1" 200 27
172.20.0.100 - - [06/Jun/2022:09:53:26 +0800] "GET /xingrg/kc/base/check_order_info.html?code=452022052100168 HTTP/1.1" 200 23100
172.20.0.100 - - [06/Jun/2022:09:53:27 +0800] "GET /xingrg/dwr/interface/AjaxComOrderService.js HTTP/1.1" 200 18264
172.20.0.100 - - [06/Jun/2022:09:53:27 +0800] "GET /xingrg/dwr/interface/AjaxCheckService.js HTTP/1.1" 200 14003
172.20.0.100 - - [06/Jun/2022:09:53:27 +0800] "GET /xingrg/dwr/engine.js HTTP/1.1" 200 43631
172.20.0.100 - - [06/Jun/2022:09:53:27 +0800] "GET /xingrg/javascript/jquery_easy_ui/themes/icons/uncheck_new.png HTTP/1.1" 200 3197
172.20.0.100 - - [06/Jun/2022:09:53:27 +0800] "GET /xingrg/javascript/jquery_easy_ui/themes/icons/exam_new.png HTTP/1.1" 200 756
172.20.0.100 - - [06/Jun/2022:09:53:27 +0800] "POST /xingrg/dwr/call/plaincall/AjaxCheckService.loadOrderItems.dwr HTTP/1.1" 200 79741
172.20.0.100 - - [06/Jun/2022:09:53:32 +0800] "POST /xingrg/kc/base/check_list_operate.html HTTP/1.1" 200 2280
172.20.0.100 - - [06/Jun/2022:09:53:33 +0800] "GET /xingrg/kc/base/check_order_info.html?code=452022052100167 HTTP/1.1" 200 26338
172.20.0.100 - - [06/Jun/2022:09:53:33 +0800] "GET /xingrg/dwr/interface/AjaxComOrderService.js HTTP/1.1" 200 18264
172.20.0.100 - - [06/Jun/2022:09:53:33 +0800] "GET /xingrg/dwr/interface/AjaxCheckService.js HTTP/1.1" 200 14003
172.20.0.100 - - [06/Jun/2022:09:53:33 +0800] "GET /xingrg/dwr/engine.js HTTP/1.1" 200 43631
172.20.0.100 - - [06/Jun/2022:09:53:33 +0800] "POST /xingrg/dwr/call/plaincall/AjaxCheckService.loadOrderItems.dwr HTTP/1.1" 200 4168
172.20.0.100 - - [06/Jun/2022:09:53:36 +0800] "GET /xingrg/kc/base/check_order_info.html?code=452022052100166 HTTP/1.1" 200 26338
172.20.0.100 - - [06/Jun/2022:09:53:36 +0800] "GET /xingrg/dwr/interface/AjaxComOrderService.js HTTP/1.1" 200 18264
172.20.0.100 - - [06/Jun/2022:09:53:36 +0800] "GET /xingrg/dwr/interface/AjaxCheckService.js HTTP/1.1" 200 14003
172.20.0.100 - - [06/Jun/2022:09:53:36 +0800] "GET /xingrg/dwr/engine.js HTTP/1.1" 200 43631
172.20.0.100 - - [06/Jun/2022:09:53:37 +0800] "POST /xingrg/dwr/call/plaincall/AjaxCheckService.loadOrderItems.dwr HTTP/1.1" 200 6715
114.88.162.248 - - [06/Jun/2022:09:53:37 +0800] "GET /xingrg/all/function/internal_message.html?_=1654480416686&CODE_STATE=getMsg HTTP/1.1" 200 27
114.88.162.248 - - [06/Jun/2022:09:53:37 +0800] "GET /xingrg/check_reg.html?_=1654480416689 HTTP/1.1" 200 22
116.230.110.173 - - [06/Jun/2022:09:53:40 +0800] "GET /xingrg/all/function/internal_message.html?_=1654480417684&CODE_STATE=getMsg HTTP/1.1" 200 27
58.35.194.53 - - [06/Jun/2022:09:53:40 +0800] "GET /xingrg/all/function/internal_message.html?_=1654480418739&CODE_STATE=getMsg HTTP/1.1" 200 27
58.39.61.91 - - [06/Jun/2022:09:53:49 +0800] "GET /xingrg/all/function/internal_message.html?_=1654480427409&CODE_STATE=getMsg HTTP/1.1" 200 27
172.20.0.100 - - [06/Jun/2022:09:53:50 +0800] "POST /xingrg/kc/base/check_list_operate.html HTTP/1.1" 200 4
180.156.212.250 - - [06/Jun/2022:09:53:55 +0800] "GET /xingrg/all/function/internal_message.html?_=1654480502337&CODE_STATE=getMsg HTTP/1.1" 200 27
180.175.103.167 - - [06/Jun/2022:09:53:56 +0800] "GET /xingrg/all/function/internal_message.html?_=1654480435955&CODE_STATE=getMsg HTTP/1.1" 200 27
116.228.172.94 - - [06/Jun/2022:09:53:57 +0800] "POST /xingrg/dwr/call/plaincall/AjaxQqpsService.removeMaterielItem.dwr HTTP/1.1" 200 79
120.253.135.82 - - [06/Jun/2022:09:54:01 +0800] "GET /xingrg/all/function/internal_message.html?_=1654480249612&CODE_STATE=getMsg HTTP/1.1" 200 27
120.253.135.82 - - [06/Jun/2022:09:54:04 +0800] "GET /xingrg/all/function/internal_message.html?_=1654480532120&CODE_STATE=getMsg HTTP/1.1" 200 27
58.35.194.53 - - [06/Jun/2022:09:54:06 +0800] "GET /xingrg/check_reg.html?_=1654480444210 HTTP/1.1" 200 22
180.175.103.167 - - [06/Jun/2022:09:54:06 +0800] "GET /xingrg/all/function/internal_message.html?_=1654480362376&CODE_STATE=getMsg HTTP/1.1" 200 27
116.228.172.94 - - [06/Jun/2022:09:54:07 +0800] "GET /xingrg/all/function/internal_message.html?_=1654480340520&CODE_STATE=getMsg HTTP/1.1" 200 27
116.228.172.94 - - [06/Jun/2022:09:54:09 +0800] "POST /xingrg/dwr/call/plaincall/AjaxQqpsService.getMaterielByCode.dwr HTTP/1.1" 200 1520
101.85.120.86 - - [06/Jun/2022:09:54:15 +0800] "GET /xingrg/all/function/internal_message.html?_=1654480454374&CODE_STATE=getMsg HTTP/1.1" 200 27
180.169.147.146 - - [06/Jun/2022:09:54:16 +0800] "GET /xingrg/all/function/internal_message.html?_=1654480455522&CODE_STATE=getMsg HTTP/1.1" 200 27
116.228.172.94 - - [06/Jun/2022:09:54:17 +0800] "POST /xingrg/dwr/call/plaincall/AjaxQqpsService.getMaterielByCode.dwr HTTP/1.1" 200 1518
58.39.61.91 - - [06/Jun/2022:09:54:17 +0800] "GET /xingrg/all/function/internal_message.html?_=1654480410453&CODE_STATE=getMsg HTTP/1.1" 200 27
180.175.103.167 - - [06/Jun/2022:09:54:19 +0800] "GET /xingrg/check_reg.html?_=1654480374860 HTTP/1.1" 200 22
116.228.172.94 - - [06/Jun/2022:09:54:24 +0800] "POST /xingrg/dwr/call/plaincall/AjaxQqpsService.getMaterielByCode.dwr HTTP/1.1" 200 1520
58.40.7.146 - - [06/Jun/2022:09:54:26 +0800] "GET /xingrg/all/function/internal_message.html?_=1654480444976&CODE_STATE=getMsg HTTP/1.1" 200 27
116.228.172.94 - - [06/Jun/2022:09:54:28 +0800] "POST /xingrg/dwr/call/plaincall/AjaxQqpsService.saveMaterielItem.dwr HTTP/1.1" 200 79
172.20.0.100 - - [06/Jun/2022:09:54:31 +0800] "POST /xingrg/kc/base/check_list_operate.html HTTP/1.1" 200 1584
180.169.147.146 - - [06/Jun/2022:09:54:31 +0800] "GET /xingrg/check_reg.html?_=1654480470391 HTTP/1.1" 200 22
172.20.0.100 - - [06/Jun/2022:09:54:33 +0800] "GET /xingrg/kc/base/check_order_info.html?code=452022052100165 HTTP/1.1" 200 26338
172.20.0.100 - - [06/Jun/2022:09:54:33 +0800] "GET /xingrg/dwr/interface/AjaxComOrderService.js HTTP/1.1" 200 18264
172.20.0.100 - - [06/Jun/2022:09:54:33 +0800] "GET /xingrg/dwr/interface/AjaxCheckService.js HTTP/1.1" 200 14003
172.20.0.100 - - [06/Jun/2022:09:54:33 +0800] "GET /xingrg/dwr/engine.js HTTP/1.1" 200 43631
172.20.0.100 - - [06/Jun/2022:09:54:33 +0800] "POST /xingrg/dwr/call/plaincall/AjaxCheckService.loadOrderItems.dwr HTTP/1.1" 200 184967
114.88.162.248 - - [06/Jun/2022:09:54:37 +0800] "GET /xingrg/all/function/internal_message.html?_=1654480476681&CODE_STATE=getMsg HTTP/1.1" 200 27
116.228.172.94 - - [06/Jun/2022:09:54:40 +0800] "GET /xingrg/kc/mdqp/qqps_order_list.html?isBack=1 HTTP/1.1" 200 10413
116.228.172.94 - - [06/Jun/2022:09:54:40 +0800] "GET /xingrg/dwr/interface/AjaxQqpsService.js HTTP/1.1" 200 16326
116.228.172.94 - - [06/Jun/2022:09:54:40 +0800] "GET /xingrg/dwr/engine.js HTTP/1.1" 200 43631
116.228.172.94 - - [06/Jun/2022:09:54:40 +0800] "GET /xingrg/dwr/interface/AjaxReportQueryService.js HTTP/1.1" 200 13203
116.230.110.173 - - [06/Jun/2022:09:54:40 +0800] "GET /xingrg/all/function/internal_message.html?_=1654480477675&CODE_STATE=getMsg HTTP/1.1" 200 27
58.35.194.53 - - [06/Jun/2022:09:54:40 +0800] "GET /xingrg/all/function/internal_message.html?_=1654480478709&CODE_STATE=getMsg HTTP/1.1" 200 27
58.39.61.91 - - [06/Jun/2022:09:54:49 +0800] "GET /xingrg/all/function/internal_message.html?_=1654480487410&CODE_STATE=getMsg HTTP/1.1" 200 27
58.39.61.91 - - [06/Jun/2022:09:54:49 +0800] "GET /xingrg/check_reg.html?_=1654480487412 HTTP/1.1" 200 22
116.228.172.94 - - [06/Jun/2022:09:54:50 +0800] "POST /xingrg/dwr/call/plaincall/AjaxQqpsService.checkOrders.dwr HTTP/1.1" 200 78
116.228.172.94 - - [06/Jun/2022:09:54:51 +0800] "GET /xingrg/kc/mdqp/qqps_order_list.html?isBack=1 HTTP/1.1" 200 10485
116.228.172.94 - - [06/Jun/2022:09:54:51 +0800] "GET /xingrg/dwr/interface/AjaxQqpsService.js HTTP/1.1" 200 16326
116.228.172.94 - - [06/Jun/2022:09:54:51 +0800] "GET /xingrg/dwr/interface/AjaxReportQueryService.js HTTP/1.1" 200 13203
116.228.172.94 - - [06/Jun/2022:09:54:51 +0800] "GET /xingrg/dwr/engine.js HTTP/1.1" 200 43631
172.20.0.100 - - [06/Jun/2022:09:54:53 +0800] "POST /xingrg/dwr/call/plaincall/AjaxCheckService.deleteOrder.dwr HTTP/1.1" 200 78
172.20.0.100 - - [06/Jun/2022:09:54:55 +0800] "GET /xingrg/kc/base/check_order_list.html HTTP/1.1" 200 16467
180.156.212.250 - - [06/Jun/2022:09:54:55 +0800] "GET /xingrg/all/function/internal_message.html?_=1654480562351&CODE_STATE=getMsg HTTP/1.1" 200 27
172.20.0.100 - - [06/Jun/2022:09:54:56 +0800] "POST /xingrg/kc/base/check_list_operate.html HTTP/1.1" 200 5308
116.228.172.94 - - [06/Jun/2022:09:54:56 +0800] "GET /xingrg/kc/mdqp/qqps_order_list.html?isQuery=1&timeSelect=1&orderTime=day&startTime=2022-06-06&endTime=2022-06-06&state=all&query=%C8%B7++%B6%A8 HTTP/1.1" 200 10575
116.228.172.94 - - [06/Jun/2022:09:54:56 +0800] "GET /xingrg/dwr/interface/AjaxQqpsService.js HTTP/1.1" 200 16326
116.228.172.94 - - [06/Jun/2022:09:54:56 +0800] "GET /xingrg/dwr/interface/AjaxReportQueryService.js HTTP/1.1" 200 13203
116.228.172.94 - - [06/Jun/2022:09:54:56 +0800] "GET /xingrg/dwr/engine.js HTTP/1.1" 200 43631
180.175.103.167 - - [06/Jun/2022:09:54:56 +0800] "GET /xingrg/all/function/internal_message.html?_=1654480495958&CODE_STATE=getMsg HTTP/1.1" 200 27
172.20.0.100 - - [06/Jun/2022:09:55:00 +0800] "GET /xingrg/all/function/internal_message.html?_=1654480501043&CODE_STATE=getMsg HTTP/1.1" 200 27
172.20.0.100 - - [06/Jun/2022:09:55:00 +0800] "GET /xingrg/check_reg.html?_=1654480501054 HTTP/1.1" 200 22
120.253.135.82 - - [06/Jun/2022:09:55:01 +0800] "GET /xingrg/all/function/internal_message.html?_=1654480309614&CODE_STATE=getMsg HTTP/1.1" 200 27
116.228.172.94 - - [06/Jun/2022:09:55:03 +0800] "GET /xingrg/kc/mdqp/qqps_order_list.html?isQuery=1&timeSelect=1&orderTime=day&startTime=2022-06-06&endTime=2022-06-06&state=all&query=%C8%B7++%B6%A8 HTTP/1.1" 200 10575
116.228.172.94 - - [06/Jun/2022:09:55:03 +0800] "GET /xingrg/dwr/interface/AjaxQqpsService.js HTTP/1.1" 200 16326
116.228.172.94 - - [06/Jun/2022:09:55:03 +0800] "GET /xingrg/dwr/interface/AjaxReportQueryService.js HTTP/1.1" 200 13203
116.228.172.94 - - [06/Jun/2022:09:55:03 +0800] "GET /xingrg/dwr/engine.js HTTP/1.1" 200 43631
120.253.135.82 - - [06/Jun/2022:09:55:04 +0800] "GET /xingrg/all/function/internal_message.html?_=1654480592177&CODE_STATE=getMsg HTTP/1.1" 200 27
116.228.172.94 - - [06/Jun/2022:09:55:04 +0800] "GET /xingrg/kc/mdqp/qp_main.html HTTP/1.1" 200 10633
116.228.172.94 - - [06/Jun/2022:09:55:05 +0800] "GET /xingrg/check_reg.html?_=1654480398445 HTTP/1.1" 200 22
116.228.172.94 - - [06/Jun/2022:09:55:05 +0800] "GET /xingrg/kc/mdqp/qqps_order_list.html HTTP/1.1" 200 10476
116.228.172.94 - - [06/Jun/2022:09:55:05 +0800] "GET /xingrg/dwr/interface/AjaxQqpsService.js HTTP/1.1" 200 16326
116.228.172.94 - - [06/Jun/2022:09:55:05 +0800] "GET /xingrg/dwr/interface/AjaxReportQueryService.js HTTP/1.1" 200 13203
116.228.172.94 - - [06/Jun/2022:09:55:05 +0800] "GET /xingrg/dwr/engine.js HTTP/1.1" 200 43631
116.228.172.94 - - [06/Jun/2022:09:55:06 +0800] "GET /xingrg/kc/mdqp/qqps_order_list.html?isQuery=1&timeSelect=1&orderTime=day&startTime=2022-06-06&endTime=2022-06-06&state=all&query=%C8%B7++%B6%A8 HTTP/1.1" 200 10575
116.228.172.94 - - [06/Jun/2022:09:55:06 +0800] "GET /xingrg/dwr/interface/AjaxQqpsService.js HTTP/1.1" 200 16326
116.228.172.94 - - [06/Jun/2022:09:55:06 +0800] "GET /xingrg/dwr/interface/AjaxReportQueryService.js HTTP/1.1" 200 13203
116.228.172.94 - - [06/Jun/2022:09:55:06 +0800] "GET /xingrg/dwr/engine.js HTTP/1.1" 200 43631
180.175.103.167 - - [06/Jun/2022:09:55:06 +0800] "GET /xingrg/all/function/internal_message.html?_=1654480422349&CODE_STATE=getMsg HTTP/1.1" 200 27
116.228.172.94 - - [06/Jun/2022:09:55:07 +0800] "GET /xingrg/all/function/internal_message.html?_=1654480400518&CODE_STATE=getMsg HTTP/1.1" 200 27
101.85.120.86 - - [06/Jun/2022:09:55:15 +0800] "GET /xingrg/all/function/internal_message.html?_=1654480514369&CODE_STATE=getMsg HTTP/1.1" 200 27
180.169.147.146 - - [06/Jun/2022:09:55:16 +0800] "GET /xingrg/all/function/internal_message.html?_=1654480515514&CODE_STATE=getMsg HTTP/1.1" 200 27
58.39.61.91 - - [06/Jun/2022:09:55:17 +0800] "GET /xingrg/all/function/internal_message.html?_=1654480470537&CODE_STATE=getMsg HTTP/1.1" 200 27
180.169.147.146 - - [06/Jun/2022:09:55:21 +0800] "GET /xingrg/index.html?sysBaseUrl=http%3A%2F%2F180.169.147.146%3A18081%2Fxingrg%2F&costTime=39×tamp=1592034574635 HTTP/1.1" 302 -
180.169.147.146 - - [06/Jun/2022:09:55:21 +0800] "GET /xingrg/login.html HTTP/1.1" 200 7641
180.169.147.146 - - [06/Jun/2022:09:55:21 +0800] "GET /xingrg/images/blue/jxLogo.png HTTP/1.1" 200 6156
180.169.147.146 - - [06/Jun/2022:09:55:21 +0800] "GET /xingrg/images/blue/login_bg.png HTTP/1.1" 200 22101
180.169.147.146 - - [06/Jun/2022:09:55:21 +0800] "GET /favicon.ico HTTP/1.1" 404 -
180.169.147.146 - - [06/Jun/2022:09:55:21 +0800] "GET /xingrg/images/blue/srbg.png HTTP/1.1" 200 138
180.169.147.146 - - [06/Jun/2022:09:55:21 +0800] "GET /xingrg/images/blue/hj.png HTTP/1.1" 200 1014
58.40.7.146 - - [06/Jun/2022:09:55:26 +0800] "GET /xingrg/all/function/internal_message.html?_=1654480504978&CODE_STATE=getMsg HTTP/1.1" 200 27
114.88.162.248 - - [06/Jun/2022:09:55:37 +0800] "GET /xingrg/all/function/internal_message.html?_=1654480536675&CODE_STATE=getMsg HTTP/1.1" 200 27
58.35.194.53 - - [06/Jun/2022:09:55:40 +0800] "GET /xingrg/all/function/internal_message.html?_=1654480538680&CODE_STATE=getMsg HTTP/1.1" 200 27
116.230.110.173 - - [06/Jun/2022:09:55:40 +0800] "GET /xingrg/all/function/internal_message.html?_=1654480537689&CODE_STATE=getMsg HTTP/1.1" 200 27
218.81.223.53 - - [06/Jun/2022:09:55:41 +0800] "GET /xingrg/check_reg.html?_=1654480542296 HTTP/1.1" 200 22
58.39.61.91 - - [06/Jun/2022:09:55:49 +0800] "GET /xingrg/all/function/internal_message.html?_=1654480547411&CODE_STATE=getMsg HTTP/1.1" 200 27
180.156.212.250 - - [06/Jun/2022:09:55:55 +0800] "GET /xingrg/all/function/internal_message.html?_=1654480622357&CODE_STATE=getMsg HTTP/1.1" 200 27
180.175.103.167 - - [06/Jun/2022:09:55:56 +0800] "GET /xingrg/all/function/internal_message.html?_=1654480555955&CODE_STATE=getMsg HTTP/1.1" 200 27
172.20.0.100 - - [06/Jun/2022:09:56:00 +0800] "GET /xingrg/all/function/internal_message.html?_=1654480561025&CODE_STATE=getMsg HTTP/1.1" 200 27
120.253.135.82 - - [06/Jun/2022:09:56:00 +0800] "GET /xingrg/check_reg.html?_=1654480368923 HTTP/1.1" 200 22
120.253.135.82 - - [06/Jun/2022:09:56:01 +0800] "GET /xingrg/all/function/internal_message.html?_=1654480369628&CODE_STATE=getMsg HTTP/1.1" 200 27
180.169.147.146 - - [06/Jun/2022:09:56:02 +0800] "GET /xingrg/check_reg.html?_=1654480560646 HTTP/1.1" 200 22
180.169.147.146 - - [06/Jun/2022:09:56:02 +0800] "GET /xingrg/all/function/internal_message.html?_=1654480560642&CODE_STATE=getMsg HTTP/1.1" 200 27
180.169.147.146 - - [06/Jun/2022:09:56:02 +0800] "GET /xingrg/kc/cost/cost_page.html HTTP/1.1" 200 4088
180.169.147.146 - - [06/Jun/2022:09:56:02 +0800] "GET /xingrg/css/blue.css HTTP/1.1" 304 -
180.169.147.146 - - [06/Jun/2022:09:56:02 +0800] "GET /xingrg/javascript/jquery_easy_ui/themes/default/easyui.css HTTP/1.1" 304 -
180.169.147.146 - - [06/Jun/2022:09:56:02 +0800] "GET /xingrg/javascript/jquery_easy_ui/themes/icon.css HTTP/1.1" 304 -
180.169.147.146 - - [06/Jun/2022:09:56:02 +0800] "GET /xingrg/css/table.css HTTP/1.1" 304 -
180.169.147.146 - - [06/Jun/2022:09:56:02 +0800] "GET /xingrg/javascript/step/step.css HTTP/1.1" 304 -
180.169.147.146 - - [06/Jun/2022:09:56:02 +0800] "GET /xingrg/dwr/util.js HTTP/1.1" 304 -
180.169.147.146 - - [06/Jun/2022:09:56:02 +0800] "GET /xingrg/dwr/engine.js HTTP/1.1" 200 43631
180.169.147.146 - - [06/Jun/2022:09:56:02 +0800] "GET /xingrg/javascript/jquery-1.4.2.min.js HTTP/1.1" 304 -
180.169.147.146 - - [06/Jun/2022:09:56:02 +0800] "GET /xingrg/javascript/jquery_easy_ui/jquery.easyui.min.js HTTP/1.1" 304 -
180.169.147.146 - - [06/Jun/2022:09:56:02 +0800] "GET /xingrg/javascript/jquery_easy_ui/easyui-lang-zh_CN.js HTTP/1.1" 304 -
180.169.147.146 - - [06/Jun/2022:09:56:02 +0800] "GET /xingrg/javascript/jquery.utils.js HTTP/1.1" 304 -
180.169.147.146 - - [06/Jun/2022:09:56:02 +0800] "GET /xingrg/dwr/interface/AjaxReportQueryService.js HTTP/1.1" 200 13203
180.169.147.146 - - [06/Jun/2022:09:56:02 +0800] "GET /xingrg/images/control/ajaxLoader.gif HTTP/1.1" 304 -
120.253.135.82 - - [06/Jun/2022:09:56:04 +0800] "GET /xingrg/all/function/internal_message.html?_=1654480652195&CODE_STATE=getMsg HTTP/1.1" 200 27
180.175.103.167 - - [06/Jun/2022:09:56:06 +0800] "GET /xingrg/all/function/internal_message.html?_=1654480482319&CODE_STATE=getMsg HTTP/1.1" 200 27
116.228.172.94 - - [06/Jun/2022:09:56:07 +0800] "GET /xingrg/all/function/internal_message.html?_=1654480460513&CODE_STATE=getMsg HTTP/1.1" 200 27
101.85.120.86 - - [06/Jun/2022:09:56:07 +0800] "POST /xingrg/kc/base/yddb_list_operate.html HTTP/1.1" 200 4370
58.39.61.91 - - [06/Jun/2022:09:56:11 +0800] "GET /xingrg/check_reg.html?_=1654480524545 HTTP/1.1" 200 22
101.85.120.86 - - [06/Jun/2022:09:56:12 +0800] "POST /xingrg/kc/base/yddb_list_operate.html HTTP/1.1" 200 205
101.85.120.86 - - [06/Jun/2022:09:56:13 +0800] "GET /xingrg/kc/base/yddb_order_info.html?code=482022060500066 HTTP/1.1" 200 29933
101.85.120.86 - - [06/Jun/2022:09:56:13 +0800] "GET /xingrg/javascript/Calendar.js HTTP/1.1" 200 31561
101.85.120.86 - - [06/Jun/2022:09:56:13 +0800] "GET /xingrg/dwr/interface/AjaxComOrderService.js HTTP/1.1" 200 18264
101.85.120.86 - - [06/Jun/2022:09:56:13 +0800] "GET /xingrg/css/blue.css HTTP/1.1" 200 15949
101.85.120.86 - - [06/Jun/2022:09:56:13 +0800] "GET /xingrg/javascript/pic_change.js HTTP/1.1" 304 -
101.85.120.86 - - [06/Jun/2022:09:56:13 +0800] "GET /xingrg/javascript/AjaxInfoList.js HTTP/1.1" 200 3774
101.85.120.86 - - [06/Jun/2022:09:56:13 +0800] "GET /xingrg/javascript/myfunction.js HTTP/1.1" 200 24559
101.85.120.86 - - [06/Jun/2022:09:56:13 +0800] "GET /xingrg/javascript/ToolTips.js HTTP/1.1" 200 5615
101.85.120.86 - - [06/Jun/2022:09:56:13 +0800] "GET /xingrg/javascript/Grid.js HTTP/1.1" 200 58908
101.85.120.86 - - [06/Jun/2022:09:56:13 +0800] "GET /xingrg/javascript/checkform.js HTTP/1.1" 200 18351
101.85.120.86 - - [06/Jun/2022:09:56:13 +0800] "GET /xingrg/dwr/interface/AjaxYddbService.js HTTP/1.1" 200 13201
101.85.120.86 - - [06/Jun/2022:09:56:13 +0800] "GET /xingrg/dwr/util.js HTTP/1.1" 200 35990
101.85.120.86 - - [06/Jun/2022:09:56:13 +0800] "GET /xingrg/dwr/engine.js HTTP/1.1" 200 43631
101.85.120.86 - - [06/Jun/2022:09:56:13 +0800] "GET /xingrg/javascript/jquery_easy_ui/themes/icons/print.png HTTP/1.1" 200 1057
101.85.120.86 - - [06/Jun/2022:09:56:13 +0800] "GET /xingrg/javascript/jquery_easy_ui/themes/icons/edit_add_new.png HTTP/1.1" 200 2997
101.85.120.86 - - [06/Jun/2022:09:56:13 +0800] "GET /xingrg/javascript/jquery_easy_ui/themes/default/images/menu_downarrow.png HTTP/1.1" 200 173
101.85.120.86 - - [06/Jun/2022:09:56:13 +0800] "GET /xingrg/javascript/jquery_easy_ui/themes/icons/back_new.png HTTP/1.1" 200 3414
101.85.120.86 - - [06/Jun/2022:09:56:13 +0800] "GET /xingrg/images/blue/wait.gif HTTP/1.1" 200 1100
101.85.120.86 - - [06/Jun/2022:09:56:13 +0800] "GET /xingrg/images/blue/kc_tab_left.gif HTTP/1.1" 200 188
101.85.120.86 - - [06/Jun/2022:09:56:13 +0800] "GET /xingrg/images/blue/kc_tab_mid.gif HTTP/1.1" 200 44
101.85.120.86 - - [06/Jun/2022:09:56:13 +0800] "GET /xingrg/images/blue/kc_tab_right.gif HTTP/1.1" 200 643
101.85.120.86 - - [06/Jun/2022:09:56:13 +0800] "POST /xingrg/dwr/call/plaincall/AjaxYddbService.loadMaterielItems.dwr HTTP/1.1" 200 440
101.85.120.86 - - [06/Jun/2022:09:56:15 +0800] "GET /xingrg/check_reg.html?_=1654480574397 HTTP/1.1" 200 22
101.85.120.86 - - [06/Jun/2022:09:56:15 +0800] "GET /xingrg/all/function/internal_message.html?_=1654480574400&CODE_STATE=getMsg HTTP/1.1" 200 27
180.169.147.146 - - [06/Jun/2022:09:56:16 +0800] "GET /xingrg/all/function/internal_message.html?_=1654480575491&CODE_STATE=getMsg HTTP/1.1" 200 27
58.39.61.91 - - [06/Jun/2022:09:56:17 +0800] "GET /xingrg/all/function/internal_message.html?_=1654480530542&CODE_STATE=getMsg HTTP/1.1" 200 27
180.169.147.146 - - [06/Jun/2022:09:56:18 +0800] "GET /xingrg/check_reg.html?_=1654480580025 HTTP/1.1" 200 22
58.40.7.146 - - [06/Jun/2022:09:56:26 +0800] "GET /xingrg/all/function/internal_message.html?_=1654480564983&CODE_STATE=getMsg HTTP/1.1" 200 27
101.85.120.86 - - [06/Jun/2022:09:56:37 +0800] "GET /xingrg/javascript/jquery_easy_ui/themes/default/images/button_plain_hover.png HTTP/1.1" 200 252
114.88.162.248 - - [06/Jun/2022:09:56:37 +0800] "GET /xingrg/all/function/internal_message.html?_=1654480596686&CODE_STATE=getMsg HTTP/1.1" 200 27
101.85.120.86 - - [06/Jun/2022:09:56:39 +0800] "GET /xingrg/javascript/jquery_easy_ui/themes/default/images/tabs_active.png HTTP/1.1" 304 -
58.35.194.53 - - [06/Jun/2022:09:56:40 +0800] "GET /xingrg/all/function/internal_message.html?_=1654480598653&CODE_STATE=getMsg HTTP/1.1" 200 27
116.230.110.173 - - [06/Jun/2022:09:56:40 +0800] "GET /xingrg/all/function/internal_message.html?_=1654480597686&CODE_STATE=getMsg HTTP/1.1" 200 27
101.85.120.86 - - [06/Jun/2022:09:56:41 +0800] "POST /xingrg/kc/base/yddb_list_operate.html HTTP/1.1" 200 602
101.85.120.86 - - [06/Jun/2022:09:56:41 +0800] "GET /xingrg/kc/base/yddb_order_info.html?code=482022060500068 HTTP/1.1" 200 30539
101.85.120.86 - - [06/Jun/2022:09:56:41 +0800] "GET /xingrg/dwr/interface/AjaxComOrderService.js HTTP/1.1" 200 18264
101.85.120.86 - - [06/Jun/2022:09:56:41 +0800] "GET /xingrg/dwr/interface/AjaxYddbService.js HTTP/1.1" 200 13201
101.85.120.86 - - [06/Jun/2022:09:56:41 +0800] "GET /xingrg/dwr/engine.js HTTP/1.1" 200 43631
101.85.120.86 - - [06/Jun/2022:09:56:41 +0800] "GET /xingrg/javascript/jquery_easy_ui/themes/icons/check_new.png HTTP/1.1" 200 3224
101.85.120.86 - - [06/Jun/2022:09:56:41 +0800] "GET /xingrg/javascript/jquery_easy_ui/themes/icons/cance_new.png HTTP/1.1" 200 3986
101.85.120.86 - - [06/Jun/2022:09:56:41 +0800] "GET /xingrg/images/blue/button/kc_tab_add.gif HTTP/1.1" 200 375
101.85.120.86 - - [06/Jun/2022:09:56:41 +0800] "GET /xingrg/images/blue/button/kc_tab_edit.gif HTTP/1.1" 200 551
101.85.120.86 - - [06/Jun/2022:09:56:41 +0800] "GET /xingrg/images/blue/button/kc_tab_save.gif HTTP/1.1" 200 777
101.85.120.86 - - [06/Jun/2022:09:56:41 +0800] "GET /xingrg/images/blue/button/kc_tab_del.gif HTTP/1.1" 200 383
101.85.120.86 - - [06/Jun/2022:09:56:41 +0800] "GET /xingrg/images/blue/kc_tab2_left.gif HTTP/1.1" 200 625
101.85.120.86 - - [06/Jun/2022:09:56:41 +0800] "GET /xingrg/images/blue/kc_tab2_right.gif HTTP/1.1" 200 192
101.85.120.86 - - [06/Jun/2022:09:56:41 +0800] "POST /xingrg/dwr/call/plaincall/AjaxYddbService.loadMaterielItems.dwr HTTP/1.1" 200 4051
101.85.120.86 - - [06/Jun/2022:09:56:46 +0800] "POST /xingrg/kc/base/yddb_list_operate.html HTTP/1.1" 200 215
101.85.120.86 - - [06/Jun/2022:09:56:46 +0800] "GET /xingrg/kc/base/yddb_order_info.html?code=482022060500067 HTTP/1.1" 200 29933
101.85.120.86 - - [06/Jun/2022:09:56:46 +0800] "GET /xingrg/dwr/interface/AjaxComOrderService.js HTTP/1.1" 200 18264
101.85.120.86 - - [06/Jun/2022:09:56:46 +0800] "GET /xingrg/dwr/interface/AjaxYddbService.js HTTP/1.1" 200 13201
101.85.120.86 - - [06/Jun/2022:09:56:46 +0800] "GET /xingrg/dwr/engine.js HTTP/1.1" 200 43631
101.85.120.86 - - [06/Jun/2022:09:56:46 +0800] "POST /xingrg/dwr/call/plaincall/AjaxYddbService.loadMaterielItems.dwr HTTP/1.1" 200 442
58.39.61.91 - - [06/Jun/2022:09:56:49 +0800] "GET /xingrg/all/function/internal_message.html?_=1654480607414&CODE_STATE=getMsg HTTP/1.1" 200 27
180.156.212.250 - - [06/Jun/2022:09:56:55 +0800] "GET /xingrg/check_reg.html?_=1654480682107 HTTP/1.1" 200 22
180.156.212.250 - - [06/Jun/2022:09:56:55 +0800] "GET /xingrg/all/function/internal_message.html?_=1654480682372&CODE_STATE=getMsg HTTP/1.1" 200 27
180.175.103.167 - - [06/Jun/2022:09:56:56 +0800] "GET /xingrg/all/function/internal_message.html?_=1654480615956&CODE_STATE=getMsg HTTP/1.1" 200 27
180.175.103.167 - - [06/Jun/2022:09:56:56 +0800] "GET /xingrg/check_reg.html?_=1654480615959 HTTP/1.1" 200 22
172.20.0.100 - - [06/Jun/2022:09:57:00 +0800] "GET /xingrg/all/function/internal_message.html?_=1654480621000&CODE_STATE=getMsg HTTP/1.1" 200 27
120.253.135.82 - - [06/Jun/2022:09:57:01 +0800] "GET /xingrg/all/function/internal_message.html?_=1654480429641&CODE_STATE=getMsg HTTP/1.1" 200 27
120.253.135.82 - - [06/Jun/2022:09:57:03 +0800] "GET /xingrg/check_reg.html?_=1654480711689 HTTP/1.1" 200 22
120.253.135.82 - - [06/Jun/2022:09:57:04 +0800] "GET /xingrg/all/function/internal_message.html?_=1654480712209&CODE_STATE=getMsg HTTP/1.1" 200 27
180.175.103.167 - - [06/Jun/2022:09:57:06 +0800] "GET /xingrg/all/function/internal_message.html?_=1654480542304&CODE_STATE=getMsg HTTP/1.1" 200 27
116.228.172.94 - - [06/Jun/2022:09:57:07 +0800] "GET /xingrg/all/function/internal_message.html?_=1654480520490&CODE_STATE=getMsg HTTP/1.1" 200 27
101.85.120.86 - - [06/Jun/2022:09:57:15 +0800] "GET /xingrg/all/function/internal_message.html?_=1654480634399&CODE_STATE=getMsg HTTP/1.1" 200 27
180.169.147.146 - - [06/Jun/2022:09:57:16 +0800] "GET /xingrg/all/function/internal_message.html?_=1654480635468&CODE_STATE=getMsg HTTP/1.1" 200 27
58.39.61.91 - - [06/Jun/2022:09:57:17 +0800] "GET /xingrg/all/function/internal_message.html?_=1654480590557&CODE_STATE=getMsg HTTP/1.1" 200 27
58.40.7.146 - - [06/Jun/2022:09:57:26 +0800] "GET /xingrg/all/function/internal_message.html?_=1654480624985&CODE_STATE=getMsg HTTP/1.1" 200 27
58.40.7.146 - - [06/Jun/2022:09:57:26 +0800] "GET /xingrg/check_reg.html?_=1654480624987 HTTP/1.1" 200 22
114.88.162.248 - - [06/Jun/2022:09:57:37 +0800] "GET /xingrg/all/function/internal_message.html?_=1654480656683&CODE_STATE=getMsg HTTP/1.1" 200 27
58.35.194.53 - - [06/Jun/2022:09:57:40 +0800] "GET /xingrg/all/function/internal_message.html?_=1654480658639&CODE_STATE=getMsg HTTP/1.1" 200 27
116.230.110.173 - - [06/Jun/2022:09:57:40 +0800] "GET /xingrg/all/function/internal_message.html?_=1654480657676&CODE_STATE=getMsg HTTP/1.1" 200 27
116.230.110.173 - - [06/Jun/2022:09:57:40 +0800] "GET /xingrg/check_reg.html?_=1654480657678 HTTP/1.1" 200 22
58.39.61.91 - - [06/Jun/2022:09:57:49 +0800] "GET /xingrg/all/function/internal_message.html?_=1654480667414&CODE_STATE=getMsg HTTP/1.1" 200 27
180.156.212.250 - - [06/Jun/2022:09:57:55 +0800] "GET /xingrg/all/function/internal_message.html?_=1654480742388&CODE_STATE=getMsg HTTP/1.1" 200 27
180.175.103.167 - - [06/Jun/2022:09:57:56 +0800] "GET /xingrg/all/function/internal_message.html?_=1654480675955&CODE_STATE=getMsg HTTP/1.1" 200 27
172.20.0.100 - - [06/Jun/2022:09:58:00 +0800] "GET /xingrg/all/function/internal_message.html?_=1654480680981&CODE_STATE=getMsg HTTP/1.1" 200 27
120.253.135.82 - - [06/Jun/2022:09:58:01 +0800] "GET /xingrg/all/function/internal_message.html?_=1654480489655&CODE_STATE=getMsg HTTP/1.1" 200 27
120.253.135.82 - - [06/Jun/2022:09:58:04 +0800] "GET /xingrg/all/function/internal_message.html?_=1654480772221&CODE_STATE=getMsg HTTP/1.1" 200 27
180.175.103.167 - - [06/Jun/2022:09:58:06 +0800] "GET /xingrg/all/function/internal_message.html?_=1654480602290&CODE_STATE=getMsg HTTP/1.1" 200 27
116.228.172.94 - - [06/Jun/2022:09:58:07 +0800] "GET /xingrg/all/function/internal_message.html?_=1654480580465&CODE_STATE=getMsg HTTP/1.1" 200 27
101.85.120.86 - - [06/Jun/2022:09:58:15 +0800] "GET /xingrg/all/function/internal_message.html?_=1654480694401&CODE_STATE=getMsg HTTP/1.1" 200 27
180.169.147.146 - - [06/Jun/2022:09:58:16 +0800] "GET /xingrg/all/function/internal_message.html?_=1654480695451&CODE_STATE=getMsg HTTP/1.1" 200 27
58.39.61.91 - - [06/Jun/2022:09:58:17 +0800] "GET /xingrg/all/function/internal_message.html?_=1654480650640&CODE_STATE=getMsg HTTP/1.1" 200 27
58.40.7.146 - - [06/Jun/2022:09:58:26 +0800] "GET /xingrg/all/function/internal_message.html?_=1654480684989&CODE_STATE=getMsg HTTP/1.1" 200 27
114.88.162.248 - - [06/Jun/2022:09:58:37 +0800] "GET /xingrg/all/function/internal_message.html?_=1654480716681&CODE_STATE=getMsg HTTP/1.1" 200 27
114.88.162.248 - - [06/Jun/2022:09:58:37 +0800] "GET /xingrg/check_reg.html?_=1654480716682 HTTP/1.1" 200 22
58.35.194.53 - - [06/Jun/2022:09:58:40 +0800] "GET /xingrg/all/function/internal_message.html?_=1654480718623&CODE_STATE=getMsg HTTP/1.1" 200 27
116.230.110.173 - - [06/Jun/2022:09:58:40 +0800] "GET /xingrg/all/function/internal_message.html?_=1654480717675&CODE_STATE=getMsg HTTP/1.1" 200 27
58.39.61.91 - - [06/Jun/2022:09:58:49 +0800] "GET /xingrg/all/function/internal_message.html?_=1654480727429&CODE_STATE=getMsg HTTP/1.1" 200 27
180.156.212.250 - - [06/Jun/2022:09:58:55 +0800] "GET /xingrg/all/function/internal_message.html?_=1654480802403&CODE_STATE=getMsg HTTP/1.1" 200 27
180.175.103.167 - - [06/Jun/2022:09:58:56 +0800] "GET /xingrg/all/function/internal_message.html?_=1654480735961&CODE_STATE=getMsg HTTP/1.1" 200 27
172.20.0.100 - - [06/Jun/2022:09:59:00 +0800] "GET /xingrg/all/function/internal_message.html?_=1654480740977&CODE_STATE=getMsg HTTP/1.1" 200 27
120.253.135.82 - - [06/Jun/2022:09:59:01 +0800] "GET /xingrg/all/function/internal_message.html?_=1654480549704&CODE_STATE=getMsg HTTP/1.1" 200 27
120.253.135.82 - - [06/Jun/2022:09:59:04 +0800] "GET /xingrg/all/function/internal_message.html?_=1654480832235&CODE_STATE=getMsg HTTP/1.1" 200 27
58.35.194.53 - - [06/Jun/2022:09:59:06 +0800] "GET /xingrg/check_reg.html?_=1654480744218 HTTP/1.1" 200 22
180.175.103.167 - - [06/Jun/2022:09:59:06 +0800] "GET /xingrg/all/function/internal_message.html?_=1654480662275&CODE_STATE=getMsg HTTP/1.1" 200 27
116.228.172.94 - - [06/Jun/2022:09:59:07 +0800] "GET /xingrg/all/function/internal_message.html?_=1654480640450&CODE_STATE=getMsg HTTP/1.1" 200 27
101.85.120.86 - - [06/Jun/2022:09:59:15 +0800] "GET /xingrg/all/function/internal_message.html?_=1654480754390&CODE_STATE=getMsg HTTP/1.1" 200 27
180.169.147.146 - - [06/Jun/2022:09:59:16 +0800] "GET /xingrg/all/function/internal_message.html?_=1654480755428&CODE_STATE=getMsg HTTP/1.1" 200 27
58.39.61.91 - - [06/Jun/2022:09:59:17 +0800] "GET /xingrg/all/function/internal_message.html?_=1654480710645&CODE_STATE=getMsg HTTP/1.1" 200 27
180.175.103.167 - - [06/Jun/2022:09:59:19 +0800] "GET /xingrg/check_reg.html?_=1654480674836 HTTP/1.1" 200 22
58.40.7.146 - - [06/Jun/2022:09:59:26 +0800] "GET /xingrg/all/function/internal_message.html?_=1654480744976&CODE_STATE=getMsg HTTP/1.1" 200 27
180.169.147.146 - - [06/Jun/2022:09:59:31 +0800] "GET /xingrg/check_reg.html?_=1654480770379 HTTP/1.1" 200 22
114.88.162.248 - - [06/Jun/2022:09:59:37 +0800] "GET /xingrg/all/function/internal_message.html?_=1654480776680&CODE_STATE=getMsg HTTP/1.1" 200 27
58.35.194.53 - - [06/Jun/2022:09:59:40 +0800] "GET /xingrg/all/function/internal_message.html?_=1654480778595&CODE_STATE=getMsg HTTP/1.1" 200 27
116.230.110.173 - - [06/Jun/2022:09:59:40 +0800] "GET /xingrg/all/function/internal_message.html?_=1654480777690&CODE_STATE=getMsg HTTP/1.1" 200 27
58.39.61.91 - - [06/Jun/2022:09:59:49 +0800] "GET /xingrg/check_reg.html?_=1654480787427 HTTP/1.1" 200 22
58.39.61.91 - - [06/Jun/2022:09:59:49 +0800] "GET /xingrg/all/function/internal_message.html?_=1654480787439&CODE_STATE=getMsg HTTP/1.1" 200 27
180.156.212.250 - - [06/Jun/2022:09:59:55 +0800] "GET /xingrg/all/function/internal_message.html?_=1654480862434&CODE_STATE=getMsg HTTP/1.1" 200 27
180.175.103.167 - - [06/Jun/2022:09:59:56 +0800] "GET /xingrg/all/function/internal_message.html?_=1654480795981&CODE_STATE=getMsg HTTP/1.1" 200 27
172.20.0.100 - - [06/Jun/2022:10:00:00 +0800] "GET /xingrg/all/function/internal_message.html?_=1654480800961&CODE_STATE=getMsg HTTP/1.1" 200 27
172.20.0.100 - - [06/Jun/2022:10:00:00 +0800] "GET /xingrg/check_reg.html?_=1654480801039 HTTP/1.1" 200 22
120.253.135.82 - - [06/Jun/2022:10:00:01 +0800] "GET /xingrg/all/function/internal_message.html?_=1654480609713&CODE_STATE=getMsg HTTP/1.1" 200 27
120.253.135.82 - - [06/Jun/2022:10:00:04 +0800] "GET /xingrg/all/function/internal_message.html?_=1654480892294&CODE_STATE=getMsg HTTP/1.1" 200 27
116.228.172.94 - - [06/Jun/2022:10:00:05 +0800] "GET /xingrg/check_reg.html?_=1654480698451 HTTP/1.1" 200 22
180.175.103.167 - - [06/Jun/2022:10:00:06 +0800] "GET /xingrg/all/function/internal_message.html?_=1654480722248&CODE_STATE=getMsg HTTP/1.1" 200 27
180.175.103.167 - - [06/Jun/2022:10:00:07 +0800] "GET /xingrg/kc/buy/cgsh_order_operate.html?command=get_materiel&rest_code=00105&code=00101012040&supplier_code=00100034&order_time=2022-06-06 HTTP/1.1" 200 412
116.228.172.94 - - [06/Jun/2022:10:00:07 +0800] "GET /xingrg/all/function/internal_message.html?_=1654480700436&CODE_STATE=getMsg HTTP/1.1" 200 27
101.85.120.86 - - [06/Jun/2022:10:00:15 +0800] "GET /xingrg/all/function/internal_message.html?_=1654480814389&CODE_STATE=getMsg HTTP/1.1" 200 27
180.169.147.146 - - [06/Jun/2022:10:00:16 +0800] "GET /xingrg/all/function/internal_message.html?_=1654480815409&CODE_STATE=getMsg HTTP/1.1" 200 27
58.39.61.91 - - [06/Jun/2022:10:00:18 +0800] "GET /xingrg/all/function/internal_message.html?_=1654480770728&CODE_STATE=getMsg HTTP/1.1" 200 27
180.175.103.167 - - [06/Jun/2022:10:00:18 +0800] "GET /xingrg/kc/buy/cgsh_order_operate.html?command=get_materiel&rest_code=00105&code=00101016030&supplier_code=00100034&order_time=2022-06-06 HTTP/1.1" 200 431
180.175.103.167 - - [06/Jun/2022:10:00:25 +0800] "POST /xingrg/kc/buy/cgsh_order_operate.html HTTP/1.1" 200 37
58.40.7.146 - - [06/Jun/2022:10:00:26 +0800] "GET /xingrg/all/function/internal_message.html?_=1654480804976&CODE_STATE=getMsg HTTP/1.1" 200 27
180.175.103.167 - - [06/Jun/2022:10:00:31 +0800] "POST /xingrg/kc/buy/cgsh_order_operate.html HTTP/1.1" 200 3245
180.175.103.167 - - [06/Jun/2022:10:00:34 +0800] "GET /xingrg/kc/print/load_data.html?order_code=212022060600574&kc_code=cgsh&condition= HTTP/1.1" 200 936
114.88.162.248 - - [06/Jun/2022:10:00:37 +0800] "GET /xingrg/all/function/internal_message.html?_=1654480836680&CODE_STATE=getMsg HTTP/1.1" 200 27
58.35.194.53 - - [06/Jun/2022:10:00:40 +0800] "GET /xingrg/all/function/internal_message.html?_=1654480838581&CODE_STATE=getMsg HTTP/1.1" 200 27
116.230.110.173 - - [06/Jun/2022:10:00:40 +0800] "GET /xingrg/all/function/internal_message.html?_=1654480837683&CODE_STATE=getMsg HTTP/1.1" 200 27
218.81.223.53 - - [06/Jun/2022:10:00:41 +0800] "GET /xingrg/check_reg.html?_=1654480842307 HTTP/1.1" 200 22
58.39.61.91 - - [06/Jun/2022:10:00:47 +0800] "POST /xingrg/all/user/operate.html HTTP/1.1" 200 36
58.39.61.91 - - [06/Jun/2022:10:00:47 +0800] "GET /xingrg/javascript/jquery_easy_ui/themes/default/easyui.css HTTP/1.1" 304 -
58.39.61.91 - - [06/Jun/2022:10:00:47 +0800] "GET /xingrg/index.html?sysBaseUrl=http%3A%2F%2F180.169.147.146%3A18081%2Fxingrg%2F&costTime=39×tamp=1654345053034 HTTP/1.1" 200 17177
58.39.61.91 - - [06/Jun/2022:10:00:47 +0800] "GET /xingrg/javascript/jquery_easy_ui/themes/icon.css HTTP/1.1" 304 -
58.39.61.91 - - [06/Jun/2022:10:00:47 +0800] "GET /xingrg/css/form.css HTTP/1.1" 304 -
58.39.61.91 - - [06/Jun/2022:10:00:47 +0800] "GET /xingrg/javascript/jquery-1.4.2.min.js HTTP/1.1" 304 -
58.39.61.91 - - [06/Jun/2022:10:00:47 +0800] "GET /xingrg/javascript/jquery_easy_ui/jquery.easyui.min.js HTTP/1.1" 304 -
58.39.61.91 - - [06/Jun/2022:10:00:47 +0800] "GET /xingrg/javascript/jquery_easy_ui/easyui-lang-zh_CN.js HTTP/1.1" 304 -
58.39.61.91 - - [06/Jun/2022:10:00:47 +0800] "GET /xingrg/javascript/jquery.form.js HTTP/1.1" 304 -
58.39.61.91 - - [06/Jun/2022:10:00:47 +0800] "GET /xingrg/javascript/jquery.utils.js HTTP/1.1" 304 -
58.39.61.91 - - [06/Jun/2022:10:00:47 +0800] "GET /xingrg/javascript/jquery.timers.js HTTP/1.1" 304 -
58.39.61.91 - - [06/Jun/2022:10:00:47 +0800] "GET /xingrg/images/blue/jxLogo.png HTTP/1.1" 304 -
58.39.61.91 - - [06/Jun/2022:10:00:47 +0800] "GET /xingrg/images/blue/navBackgound.jpg HTTP/1.1" 304 -
58.39.61.91 - - [06/Jun/2022:10:00:47 +0800] "GET /xingrg/javascript/jquery_easy_ui/themes/icons/settle_new.png HTTP/1.1" 304 -
58.39.61.91 - - [06/Jun/2022:10:00:47 +0800] "POST /xingrg/all/common/load_tree.html?tree=area_rest_tree_json&manage=1 HTTP/1.1" 200 476
58.39.61.91 - - [06/Jun/2022:10:00:47 +0800] "GET /xingrg/all/function/internal_message.html?_=1654480845497&CODE_STATE=count HTTP/1.1" 200 11
58.39.61.91 - - [06/Jun/2022:10:00:47 +0800] "GET /xingrg/check_reg.html?_=1654480845498 HTTP/1.1" 200 22
58.39.61.91 - - [06/Jun/2022:10:00:47 +0800] "GET /xingrg/javascript/jquery_easy_ui/themes/default/images/panel_tool_collapse.gif HTTP/1.1" 304 -
58.39.61.91 - - [06/Jun/2022:10:00:47 +0800] "GET /xingrg/javascript/jquery_easy_ui/themes/default/images/tabs_leftarrow.png HTTP/1.1" 304 -
58.39.61.91 - - [06/Jun/2022:10:00:47 +0800] "GET /xingrg/images/blue/pingpu.png HTTP/1.1" 304 -
58.39.61.91 - - [06/Jun/2022:10:00:48 +0800] "POST /xingrg/load_menu.html HTTP/1.1" 200 5138
58.39.61.91 - - [06/Jun/2022:10:00:48 +0800] "GET /xingrg/javascript/jquery_easy_ui/themes/default/images/tabs_rightarrow.png HTTP/1.1" 304 -
58.39.61.91 - - [06/Jun/2022:10:00:48 +0800] "GET /xingrg/javascript/jquery_easy_ui/themes/default/images/tree_folder_open.gif HTTP/1.1" 304 -
58.39.61.91 - - [06/Jun/2022:10:00:48 +0800] "GET /xingrg/javascript/jquery_easy_ui/themes/icons/storage_new.png HTTP/1.1" 304 -
58.39.61.91 - - [06/Jun/2022:10:00:48 +0800] "GET /xingrg/javascript/jquery_easy_ui/themes/icons/search_new.png HTTP/1.1" 304 -
58.39.61.91 - - [06/Jun/2022:10:00:48 +0800] "GET /xingrg/javascript/jquery_easy_ui/themes/icons/forms_new.png HTTP/1.1" 304 -
58.39.61.91 - - [06/Jun/2022:10:00:48 +0800] "GET /xingrg/javascript/jquery_easy_ui/themes/default/images/tree_folder.gif HTTP/1.1" 304 -
58.39.61.91 - - [06/Jun/2022:10:00:48 +0800] "GET /xingrg/javascript/jquery_easy_ui/themes/default/images/tree_file.gif HTTP/1.1" 304 -
58.39.61.91 - - [06/Jun/2022:10:00:48 +0800] "GET /xingrg/javascript/jquery_easy_ui/themes/default/images/tree_arrows.gif HTTP/1.1" 304 -
58.39.61.91 - - [06/Jun/2022:10:00:49 +0800] "GET /xingrg/kc/buy/cgsh_order_list.html HTTP/1.1" 200 51750
58.39.61.91 - - [06/Jun/2022:10:00:51 +0800] "POST /xingrg/kc/buy/cgsh_list_operate.html HTTP/1.1" 200 876
58.39.61.91 - - [06/Jun/2022:10:00:52 +0800] "GET /xingrg/kc/buy/cgsh_order_add.html HTTP/1.1" 200 67126
58.39.61.91 - - [06/Jun/2022:10:00:52 +0800] "GET /xingrg/words/20220605131336_words.js HTTP/1.1" 304 -
58.39.61.91 - - [06/Jun/2022:10:00:52 +0800] "POST /xingrg/kc/buy/cgsh_order_operate.html HTTP/1.1" 200 8245
58.39.61.91 - - [06/Jun/2022:10:00:52 +0800] "GET /xingrg/all/common/auto_word.html?type=employee&rest_code=00151 HTTP/1.1" 200 293
58.39.61.91 - - [06/Jun/2022:10:00:52 +0800] "GET /xingrg/all/common/auto_word.html?type=employee&rest_code=00151 HTTP/1.1" 200 293
58.39.61.91 - - [06/Jun/2022:10:00:52 +0800] "GET /xingrg/javascript/easyui/themes/default/validatebox.css HTTP/1.1" 404 1104
180.156.212.250 - - [06/Jun/2022:10:00:55 +0800] "GET /xingrg/all/function/internal_message.html?_=1654480922450&CODE_STATE=getMsg HTTP/1.1" 200 27
180.175.103.167 - - [06/Jun/2022:10:00:56 +0800] "GET /xingrg/all/function/internal_message.html?_=1654480855996&CODE_STATE=getMsg HTTP/1.1" 200 27
172.20.0.100 - - [06/Jun/2022:10:01:00 +0800] "GET /xingrg/all/function/internal_message.html?_=1654480860933&CODE_STATE=getMsg HTTP/1.1" 200 27
120.253.135.82 - - [06/Jun/2022:10:01:00 +0800] "GET /xingrg/check_reg.html?_=1654480668948 HTTP/1.1" 200 22
120.253.135.82 - - [06/Jun/2022:10:01:01 +0800] "GET /xingrg/all/function/internal_message.html?_=1654480669727&CODE_STATE=getMsg HTTP/1.1" 200 27
120.253.135.82 - - [06/Jun/2022:10:01:04 +0800] "GET /xingrg/all/function/internal_message.html?_=1654480952309&CODE_STATE=getMsg HTTP/1.1" 200 27
222.69.129.153 - - [06/Jun/2022:10:01:06 +0800] "GET /xingrg/login.html HTTP/1.1" 200 7641
180.175.103.167 - - [06/Jun/2022:10:01:06 +0800] "GET /xingrg/all/function/internal_message.html?_=1654480782234&CODE_STATE=getMsg HTTP/1.1" 200 27
222.69.129.153 - - [06/Jun/2022:10:01:06 +0800] "GET /favicon.ico HTTP/1.1" 404 -
116.228.172.94 - - [06/Jun/2022:10:01:07 +0800] "GET /xingrg/all/function/internal_message.html?_=1654480760412&CODE_STATE=getMsg HTTP/1.1" 200 27
222.69.129.153 - - [06/Jun/2022:10:01:08 +0800] "POST /xingrg/login.do HTTP/1.1" 302 -
222.69.129.153 - - [06/Jun/2022:10:01:08 +0800] "GET /xingrg/index.html?sysBaseUrl=http%3A%2F%2F180.169.147.146%3A18081%2Fxingrg%2F&costTime=47×tamp=1654480868346 HTTP/1.1" 200 17179
222.69.129.153 - - [06/Jun/2022:10:01:08 +0800] "GET /favicon.ico HTTP/1.1" 404 -
222.69.129.153 - - [06/Jun/2022:10:01:08 +0800] "POST /xingrg/all/common/load_tree.html?tree=area_rest_tree_json&manage=1 HTTP/1.1" 200 351
222.69.129.153 - - [06/Jun/2022:10:01:08 +0800] "GET /xingrg/all/function/internal_message.html?_=1654481043378&CODE_STATE=count HTTP/1.1" 200 11
222.69.129.153 - - [06/Jun/2022:10:01:08 +0800] "POST /xingrg/load_menu.html HTTP/1.1" 200 5138
222.69.129.153 - - [06/Jun/2022:10:01:08 +0800] "GET /xingrg/check_reg.html?_=1654481043380 HTTP/1.1" 200 22
58.39.61.91 - - [06/Jun/2022:10:01:11 +0800] "GET /xingrg/check_reg.html?_=1654480824543 HTTP/1.1" 200 22
222.69.129.153 - - [06/Jun/2022:10:01:11 +0800] "GET /xingrg/kc/buy/cgsh_order_list.html HTTP/1.1" 200 51752
222.69.129.153 - - [06/Jun/2022:10:01:13 +0800] "POST /xingrg/kc/buy/cgsh_list_operate.html HTTP/1.1" 200 876
101.85.120.86 - - [06/Jun/2022:10:01:15 +0800] "GET /xingrg/check_reg.html?_=1654480874394 HTTP/1.1" 200 22
101.85.120.86 - - [06/Jun/2022:10:01:15 +0800] "GET /xingrg/all/function/internal_message.html?_=1654480874392&CODE_STATE=getMsg HTTP/1.1" 200 27
180.169.147.146 - - [06/Jun/2022:10:01:16 +0800] "GET /xingrg/all/function/internal_message.html?_=1654480875396&CODE_STATE=getMsg HTTP/1.1" 200 27
58.39.61.91 - - [06/Jun/2022:10:01:18 +0800] "GET /xingrg/all/function/internal_message.html?_=1654480830735&CODE_STATE=getMsg HTTP/1.1" 200 27
180.169.147.146 - - [06/Jun/2022:10:01:18 +0800] "GET /xingrg/check_reg.html?_=1654480879995 HTTP/1.1" 200 22
58.40.7.146 - - [06/Jun/2022:10:01:26 +0800] "GET /xingrg/all/function/internal_message.html?_=1654480864979&CODE_STATE=getMsg HTTP/1.1" 200 27
114.88.162.248 - - [06/Jun/2022:10:01:37 +0800] "GET /xingrg/all/function/internal_message.html?_=1654480896706&CODE_STATE=getMsg HTTP/1.1" 200 27
58.35.194.53 - - [06/Jun/2022:10:01:40 +0800] "GET /xingrg/all/function/internal_message.html?_=1654480898568&CODE_STATE=getMsg HTTP/1.1" 200 27
116.230.110.173 - - [06/Jun/2022:10:01:40 +0800] "GET /xingrg/all/function/internal_message.html?_=1654480897678&CODE_STATE=getMsg HTTP/1.1" 200 27
58.39.61.91 - - [06/Jun/2022:10:01:47 +0800] "GET /xingrg/all/function/internal_message.html?_=1654480905514&CODE_STATE=getMsg HTTP/1.1" 200 27
180.156.212.250 - - [06/Jun/2022:10:01:55 +0800] "GET /xingrg/check_reg.html?_=1654480982122 HTTP/1.1" 200 22
180.156.212.250 - - [06/Jun/2022:10:01:55 +0800] "GET /xingrg/all/function/internal_message.html?_=1654480982465&CODE_STATE=getMsg HTTP/1.1" 200 27
180.175.103.167 - - [06/Jun/2022:10:01:56 +0800] "GET /xingrg/check_reg.html?_=1654480915974 HTTP/1.1" 200 22
180.175.103.167 - - [06/Jun/2022:10:01:56 +0800] "GET /xingrg/all/function/internal_message.html?_=1654480915976&CODE_STATE=getMsg HTTP/1.1" 200 27
172.20.0.100 - - [06/Jun/2022:10:02:00 +0800] "GET /xingrg/all/function/internal_message.html?_=1654480920928&CODE_STATE=getMsg HTTP/1.1" 200 27
120.253.135.82 - - [06/Jun/2022:10:02:01 +0800] "GET /xingrg/all/function/internal_message.html?_=1654480729740&CODE_STATE=getMsg HTTP/1.1" 200 27
120.253.135.82 - - [06/Jun/2022:10:02:03 +0800] "GET /xingrg/check_reg.html?_=1654481011725 HTTP/1.1" 200 22
120.253.135.82 - - [06/Jun/2022:10:02:04 +0800] "GET /xingrg/all/function/internal_message.html?_=1654481012324&CODE_STATE=getMsg HTTP/1.1" 200 27
180.175.103.167 - - [06/Jun/2022:10:02:06 +0800] "GET /xingrg/all/function/internal_message.html?_=1654480842219&CODE_STATE=getMsg HTTP/1.1" 200 27
116.228.172.94 - - [06/Jun/2022:10:02:07 +0800] "GET /xingrg/all/function/internal_message.html?_=1654480820385&CODE_STATE=getMsg HTTP/1.1" 200 27
222.69.129.153 - - [06/Jun/2022:10:02:08 +0800] "GET /xingrg/all/function/internal_message.html?_=1654481103403&CODE_STATE=getMsg HTTP/1.1" 200 27
180.169.147.146 - - [06/Jun/2022:10:02:14 +0800] "GET /xingrg/index.html?sysBaseUrl=http%3A%2F%2F180.169.147.146%3A18081%2Fxingrg%2F&costTime=39×tamp=1592034574635 HTTP/1.1" 302 -
180.169.147.146 - - [06/Jun/2022:10:02:14 +0800] "GET /xingrg/login.html HTTP/1.1" 200 7641
180.169.147.146 - - [06/Jun/2022:10:02:15 +0800] "GET /favicon.ico HTTP/1.1" 404 -
101.85.120.86 - - [06/Jun/2022:10:02:15 +0800] "GET /xingrg/all/function/internal_message.html?_=1654480934400&CODE_STATE=getMsg HTTP/1.1" 200 27
180.169.147.146 - - [06/Jun/2022:10:02:15 +0800] "POST /xingrg/login.do HTTP/1.1" 302 -
180.169.147.146 - - [06/Jun/2022:10:02:16 +0800] "GET /xingrg/index.html?sysBaseUrl=http%3A%2F%2F180.169.147.146%3A18081%2Fxingrg%2F&costTime=40×tamp=1654480935976 HTTP/1.1" 200 17503
180.169.147.146 - - [06/Jun/2022:10:02:16 +0800] "GET /xingrg/javascript/jquery_easy_ui/themes/icon.css HTTP/1.1" 200 3949
180.169.147.146 - - [06/Jun/2022:10:02:16 +0800] "GET /xingrg/javascript/jquery_easy_ui/themes/default/easyui.css HTTP/1.1" 200 26500
180.169.147.146 - - [06/Jun/2022:10:02:16 +0800] "GET /xingrg/css/form.css HTTP/1.1" 200 893
180.169.147.146 - - [06/Jun/2022:10:02:16 +0800] "GET /xingrg/javascript/jquery.form.js HTTP/1.1" 200 23110
180.169.147.146 - - [06/Jun/2022:10:02:16 +0800] "GET /xingrg/javascript/jquery.timers.js HTTP/1.1" 200 3532
180.169.147.146 - - [06/Jun/2022:10:02:16 +0800] "GET /xingrg/javascript/jquery.utils.js HTTP/1.1" 200 11805
180.169.147.146 - - [06/Jun/2022:10:02:16 +0800] "GET /xingrg/javascript/jquery-1.4.2.min.js HTTP/1.1" 200 72205
180.169.147.146 - - [06/Jun/2022:10:02:16 +0800] "GET /favicon.ico HTTP/1.1" 404 -
180.169.147.146 - - [06/Jun/2022:10:02:16 +0800] "GET /xingrg/javascript/jquery_easy_ui/easyui-lang-zh_CN.js HTTP/1.1" 200 1900
180.169.147.146 - - [06/Jun/2022:10:02:16 +0800] "GET /xingrg/javascript/jquery_easy_ui/jquery.easyui.min.js HTTP/1.1" 200 213662
180.169.147.146 - - [06/Jun/2022:10:02:16 +0800] "GET /xingrg/javascript/jquery_easy_ui/themes/icons/settle_new.png HTTP/1.1" 200 826
180.169.147.146 - - [06/Jun/2022:10:02:16 +0800] "GET /xingrg/images/blue/navBackgound.jpg HTTP/1.1" 200 12378
180.169.147.146 - - [06/Jun/2022:10:02:16 +0800] "POST /xingrg/all/common/load_tree.html?tree=area_rest_tree_json&manage=1 HTTP/1.1" 200 3472
180.169.147.146 - - [06/Jun/2022:10:02:16 +0800] "GET /xingrg/all/function/internal_message.html?_=1654480935500&CODE_STATE=count HTTP/1.1" 200 11
180.169.147.146 - - [06/Jun/2022:10:02:16 +0800] "GET /xingrg/check_reg.html?_=1654480935502 HTTP/1.1" 200 22
180.169.147.146 - - [06/Jun/2022:10:02:16 +0800] "GET /xingrg/images/blue/pingpu.png HTTP/1.1" 200 231
180.169.147.146 - - [06/Jun/2022:10:02:16 +0800] "GET /xingrg/javascript/jquery_easy_ui/themes/default/images/tabs_rightarrow.png HTTP/1.1" 200 395
180.169.147.146 - - [06/Jun/2022:10:02:16 +0800] "GET /xingrg/javascript/jquery_easy_ui/themes/default/images/tabs_leftarrow.png HTTP/1.1" 200 389
180.169.147.146 - - [06/Jun/2022:10:02:16 +0800] "GET /xingrg/javascript/jquery_easy_ui/themes/default/images/panel_tool_collapse.gif HTTP/1.1" 200 246
180.169.147.146 - - [06/Jun/2022:10:02:16 +0800] "GET /xingrg/javascript/jquery_easy_ui/themes/default/images/panel_tool_expand.gif HTTP/1.1" 200 247
180.169.147.146 - - [06/Jun/2022:10:02:16 +0800] "POST /xingrg/load_menu.html HTTP/1.1" 200 11564
180.169.147.146 - - [06/Jun/2022:10:02:16 +0800] "GET /xingrg/all/function/internal_message.html?_=1654480935380&CODE_STATE=getMsg HTTP/1.1" 200 27
180.169.147.146 - - [06/Jun/2022:10:02:16 +0800] "GET /xingrg/javascript/jquery_easy_ui/themes/default/images/tree_arrows.gif HTTP/1.1" 200 1043
180.169.147.146 - - [06/Jun/2022:10:02:16 +0800] "GET /xingrg/javascript/jquery_easy_ui/themes/icons/storage_new.png HTTP/1.1" 200 853
180.169.147.146 - - [06/Jun/2022:10:02:16 +0800] "GET /xingrg/javascript/jquery_easy_ui/themes/icons/delivery_new.png HTTP/1.1" 200 700
180.169.147.146 - - [06/Jun/2022:10:02:16 +0800] "GET /xingrg/javascript/jquery_easy_ui/themes/icons/forms_new.png HTTP/1.1" 200 350
180.169.147.146 - - [06/Jun/2022:10:02:16 +0800] "GET /xingrg/javascript/jquery_easy_ui/themes/icons/setting_new.png HTTP/1.1" 200 450
180.169.147.146 - - [06/Jun/2022:10:02:16 +0800] "GET /xingrg/javascript/jquery_easy_ui/themes/default/images/tree_file.gif HTTP/1.1" 200 118
180.169.147.146 - - [06/Jun/2022:10:02:16 +0800] "GET /xingrg/javascript/jquery_easy_ui/themes/default/images/tree_folder_open.gif HTTP/1.1" 200 956
180.169.147.146 - - [06/Jun/2022:10:02:16 +0800] "GET /xingrg/javascript/jquery_easy_ui/themes/icons/systemset_new.png HTTP/1.1" 200 606
180.169.147.146 - - [06/Jun/2022:10:02:16 +0800] "GET /xingrg/javascript/jquery_easy_ui/themes/default/images/tree_folder.gif HTTP/1.1" 200 952
180.169.147.146 - - [06/Jun/2022:10:02:16 +0800] "GET /xingrg/javascript/jquery_easy_ui/themes/icons/search_new.png HTTP/1.1" 200 586
