58.39.61.91 - - [06/Jun/2022:08:48:49 +0800] "GET /xingrg/all/function/internal_message.html?_=1654476527233&CODE_STATE=getMsg HTTP/1.1" 200 27
180.175.103.167 - - [06/Jun/2022:08:48:56 +0800] "GET /xingrg/all/function/internal_message.html?_=1654476535841&CODE_STATE=getMsg HTTP/1.1" 200 27
120.253.135.82 - - [06/Jun/2022:08:49:02 +0800] "GET /xingrg/all/function/internal_message.html?_=1654476630614&CODE_STATE=getMsg HTTP/1.1" 200 27
58.35.194.53 - - [06/Jun/2022:08:49:06 +0800] "GET /xingrg/check_reg.html?_=1654476544216 HTTP/1.1" 200 22
180.175.103.167 - - [06/Jun/2022:08:49:07 +0800] "GET /xingrg/all/function/internal_message.html?_=1654476463663&CODE_STATE=getMsg HTTP/1.1" 200 27
58.39.61.91 - - [06/Jun/2022:08:49:15 +0800] "GET /xingrg/all/function/internal_message.html?_=1654476507855&CODE_STATE=getMsg HTTP/1.1" 200 27
180.169.147.146 - - [06/Jun/2022:08:49:17 +0800] "GET /xingrg/all/function/internal_message.html?_=1654476556566&CODE_STATE=getMsg HTTP/1.1" 200 27
180.175.103.167 - - [06/Jun/2022:08:49:19 +0800] "GET /xingrg/check_reg.html?_=1654476475117 HTTP/1.1" 200 22
58.40.7.146 - - [06/Jun/2022:08:49:26 +0800] "GET /xingrg/all/function/internal_message.html?_=1654476544979&CODE_STATE=getMsg HTTP/1.1" 200 27
124.78.152.206 - - [06/Jun/2022:08:49:29 +0800] "GET /xingrg/check_reg.html?_=1654476569114 HTTP/1.1" 302 -
124.78.152.206 - - [06/Jun/2022:08:49:30 +0800] "GET /xingrg/login.html HTTP/1.1" 200 7641
180.169.147.146 - - [06/Jun/2022:08:49:31 +0800] "GET /xingrg/check_reg.html?_=1654476570385 HTTP/1.1" 200 22
116.230.110.173 - - [06/Jun/2022:08:49:40 +0800] "GET /xingrg/all/function/internal_message.html?_=1654476577673&CODE_STATE=getMsg HTTP/1.1" 200 27
58.35.194.53 - - [06/Jun/2022:08:49:42 +0800] "GET /xingrg/all/function/internal_message.html?_=1654476580169&CODE_STATE=getMsg HTTP/1.1" 200 27
120.253.135.82 - - [06/Jun/2022:08:49:44 +0800] "GET /xingrg/all/function/internal_message.html?_=1654476392897&CODE_STATE=getMsg HTTP/1.1" 200 27
58.39.61.91 - - [06/Jun/2022:08:49:49 +0800] "GET /xingrg/all/function/internal_message.html?_=1654476587232&CODE_STATE=getMsg HTTP/1.1" 200 27
58.39.61.91 - - [06/Jun/2022:08:49:49 +0800] "GET /xingrg/check_reg.html?_=1654476587240 HTTP/1.1" 200 22
180.175.103.167 - - [06/Jun/2022:08:49:56 +0800] "GET /xingrg/all/function/internal_message.html?_=1654476595842&CODE_STATE=getMsg HTTP/1.1" 200 27
120.253.135.82 - - [06/Jun/2022:08:50:02 +0800] "GET /xingrg/all/function/internal_message.html?_=1654476690670&CODE_STATE=getMsg HTTP/1.1" 200 27
180.175.103.167 - - [06/Jun/2022:08:50:07 +0800] "GET /xingrg/all/function/internal_message.html?_=1654476523636&CODE_STATE=getMsg HTTP/1.1" 200 27
58.39.61.91 - - [06/Jun/2022:08:50:15 +0800] "GET /xingrg/all/function/internal_message.html?_=1654476567943&CODE_STATE=getMsg HTTP/1.1" 200 27
180.169.147.146 - - [06/Jun/2022:08:50:17 +0800] "GET /xingrg/all/function/internal_message.html?_=1654476616544&CODE_STATE=getMsg HTTP/1.1" 200 27
58.40.7.146 - - [06/Jun/2022:08:50:26 +0800] "GET /xingrg/all/function/internal_message.html?_=1654476604982&CODE_STATE=getMsg HTTP/1.1" 200 27
116.230.110.173 - - [06/Jun/2022:08:50:40 +0800] "GET /xingrg/all/function/internal_message.html?_=1654476637686&CODE_STATE=getMsg HTTP/1.1" 200 27
218.81.223.53 - - [06/Jun/2022:08:50:41 +0800] "GET /xingrg/check_reg.html?_=1654476642225 HTTP/1.1" 200 22
58.35.194.53 - - [06/Jun/2022:08:50:42 +0800] "GET /xingrg/all/function/internal_message.html?_=1654476640140&CODE_STATE=getMsg HTTP/1.1" 200 27
120.253.135.82 - - [06/Jun/2022:08:50:44 +0800] "GET /xingrg/check_reg.html?_=1654476452722 HTTP/1.1" 200 22
120.253.135.82 - - [06/Jun/2022:08:50:44 +0800] "GET /xingrg/all/function/internal_message.html?_=1654476452911&CODE_STATE=getMsg HTTP/1.1" 200 27
58.39.61.91 - - [06/Jun/2022:08:50:49 +0800] "GET /xingrg/all/function/internal_message.html?_=1654476647241&CODE_STATE=getMsg HTTP/1.1" 200 27
124.78.152.206 - - [06/Jun/2022:08:50:51 +0800] "GET /xingrg/kc/mdqp/qp_main.html HTTP/1.1" 302 -
124.78.152.206 - - [06/Jun/2022:08:50:51 +0800] "GET /xingrg/login.html HTTP/1.1" 200 7641
124.78.152.206 - - [06/Jun/2022:08:50:51 +0800] "GET /xingrg/login.html HTTP/1.1" 200 7641
124.78.152.206 - - [06/Jun/2022:08:50:52 +0800] "GET /favicon.ico HTTP/1.1" 404 -
124.78.152.206 - - [06/Jun/2022:08:50:54 +0800] "POST /xingrg/login.do HTTP/1.1" 302 -
124.78.152.206 - - [06/Jun/2022:08:50:54 +0800] "GET /xingrg/index.html?sysBaseUrl=http%3A%2F%2F180.169.147.146%3A18081%2Fxingrg%2F&costTime=40×tamp=1654476654358 HTTP/1.1" 200 17173
124.78.152.206 - - [06/Jun/2022:08:50:54 +0800] "GET /favicon.ico HTTP/1.1" 404 -
124.78.152.206 - - [06/Jun/2022:08:50:54 +0800] "POST /xingrg/all/common/load_tree.html?tree=area_rest_tree_json&manage=1 HTTP/1.1" 200 342
124.78.152.206 - - [06/Jun/2022:08:50:54 +0800] "POST /xingrg/load_menu.html HTTP/1.1" 200 5138
124.78.152.206 - - [06/Jun/2022:08:50:54 +0800] "GET /xingrg/all/function/internal_message.html?_=1654476653782&CODE_STATE=count HTTP/1.1" 200 11
124.78.152.206 - - [06/Jun/2022:08:50:54 +0800] "GET /xingrg/check_reg.html?_=1654476653785 HTTP/1.1" 200 22
180.175.103.167 - - [06/Jun/2022:08:50:56 +0800] "GET /xingrg/all/function/internal_message.html?_=1654476655841&CODE_STATE=getMsg HTTP/1.1" 200 27
124.78.152.206 - - [06/Jun/2022:08:50:59 +0800] "GET /xingrg/kc/mdqp/psth_order_list1.html HTTP/1.1" 200 17886
124.78.152.206 - - [06/Jun/2022:08:50:59 +0800] "POST /xingrg/kc/mdqp/psth_list_operate.html HTTP/1.1" 200 749
120.253.135.82 - - [06/Jun/2022:08:51:02 +0800] "GET /xingrg/all/function/internal_message.html?_=1654476750673&CODE_STATE=getMsg HTTP/1.1" 200 27
124.78.152.206 - - [06/Jun/2022:08:51:03 +0800] "POST /xingrg/kc/mdqp/psth_list_operate.html HTTP/1.1" 200 5196
180.175.103.167 - - [06/Jun/2022:08:51:07 +0800] "GET /xingrg/all/function/internal_message.html?_=1654476583620&CODE_STATE=getMsg HTTP/1.1" 200 27
58.39.61.91 - - [06/Jun/2022:08:51:11 +0800] "GET /xingrg/check_reg.html?_=1654476624468 HTTP/1.1" 200 22
58.39.61.91 - - [06/Jun/2022:08:51:15 +0800] "GET /xingrg/all/function/internal_message.html?_=1654476627944&CODE_STATE=getMsg HTTP/1.1" 200 27
124.78.152.206 - - [06/Jun/2022:08:51:17 +0800] "POST /xingrg/kc/mdqp/psth_list_operate.html HTTP/1.1" 200 313
180.169.147.146 - - [06/Jun/2022:08:51:17 +0800] "GET /xingrg/all/function/internal_message.html?_=1654476676521&CODE_STATE=getMsg HTTP/1.1" 200 27
124.78.152.206 - - [06/Jun/2022:08:51:17 +0800] "GET /xingrg/kc/mdqp/psth_order_info1.html?code=322022052700012 HTTP/1.1" 200 22367
124.78.152.206 - - [06/Jun/2022:08:51:17 +0800] "GET /xingrg/javascript/jquery_tools/jquery-1.4.2.min.js HTTP/1.1" 404 1094
124.78.152.206 - - [06/Jun/2022:08:51:18 +0800] "GET /xingrg/words/20220605131336_words.js HTTP/1.1" 304 -
124.78.152.206 - - [06/Jun/2022:08:51:18 +0800] "GET /xingrg/javascript/easyui/themes/default/validatebox.css HTTP/1.1" 404 1104
124.78.152.206 - - [06/Jun/2022:08:51:18 +0800] "POST /xingrg/kc/mdqp/psth_order_operate.html HTTP/1.1" 200 1013
180.169.147.146 - - [06/Jun/2022:08:51:18 +0800] "GET /xingrg/check_reg.html?_=1654476680359 HTTP/1.1" 200 22
124.78.152.206 - - [06/Jun/2022:08:51:25 +0800] "GET /xingrg/kc/mdqp/psth_order_list1.html HTTP/1.1" 200 17886
124.78.152.206 - - [06/Jun/2022:08:51:25 +0800] "POST /xingrg/kc/mdqp/psth_list_operate.html HTTP/1.1" 200 749
58.40.7.146 - - [06/Jun/2022:08:51:26 +0800] "GET /xingrg/all/function/internal_message.html?_=1654476664984&CODE_STATE=getMsg HTTP/1.1" 200 27
116.230.110.173 - - [06/Jun/2022:08:51:40 +0800] "GET /xingrg/all/function/internal_message.html?_=1654476697676&CODE_STATE=getMsg HTTP/1.1" 200 27
58.35.194.53 - - [06/Jun/2022:08:51:42 +0800] "GET /xingrg/all/function/internal_message.html?_=1654476700110&CODE_STATE=getMsg HTTP/1.1" 200 27
120.253.135.82 - - [06/Jun/2022:08:51:44 +0800] "GET /xingrg/all/function/internal_message.html?_=1654476512925&CODE_STATE=getMsg HTTP/1.1" 200 27
58.39.61.91 - - [06/Jun/2022:08:51:49 +0800] "GET /xingrg/all/function/internal_message.html?_=1654476707242&CODE_STATE=getMsg HTTP/1.1" 200 27
124.78.152.206 - - [06/Jun/2022:08:51:54 +0800] "GET /xingrg/all/function/internal_message.html?_=1654476713800&CODE_STATE=getMsg HTTP/1.1" 200 27
180.175.103.167 - - [06/Jun/2022:08:51:56 +0800] "GET /xingrg/check_reg.html?_=1654476715842 HTTP/1.1" 200 22
180.175.103.167 - - [06/Jun/2022:08:51:56 +0800] "GET /xingrg/all/function/internal_message.html?_=1654476715847&CODE_STATE=getMsg HTTP/1.1" 200 27
120.253.135.82 - - [06/Jun/2022:08:52:02 +0800] "GET /xingrg/all/function/internal_message.html?_=1654476810728&CODE_STATE=getMsg HTTP/1.1" 200 27
120.253.135.82 - - [06/Jun/2022:08:52:03 +0800] "GET /xingrg/check_reg.html?_=1654476811221 HTTP/1.1" 200 22
180.175.103.167 - - [06/Jun/2022:08:52:07 +0800] "GET /xingrg/all/function/internal_message.html?_=1654476643606&CODE_STATE=getMsg HTTP/1.1" 200 27
58.39.61.91 - - [06/Jun/2022:08:52:15 +0800] "GET /xingrg/all/function/internal_message.html?_=1654476687957&CODE_STATE=getMsg HTTP/1.1" 200 27
180.169.147.146 - - [06/Jun/2022:08:52:17 +0800] "GET /xingrg/all/function/internal_message.html?_=1654476736522&CODE_STATE=getMsg HTTP/1.1" 200 27
58.40.7.146 - - [06/Jun/2022:08:52:26 +0800] "GET /xingrg/all/function/internal_message.html?_=1654476724987&CODE_STATE=getMsg HTTP/1.1" 200 27
58.40.7.146 - - [06/Jun/2022:08:52:26 +0800] "GET /xingrg/check_reg.html?_=1654476724989 HTTP/1.1" 200 22
116.230.110.173 - - [06/Jun/2022:08:52:40 +0800] "GET /xingrg/all/function/internal_message.html?_=1654476757682&CODE_STATE=getMsg HTTP/1.1" 200 27
116.230.110.173 - - [06/Jun/2022:08:52:40 +0800] "GET /xingrg/check_reg.html?_=1654476757683 HTTP/1.1" 200 22
58.35.194.53 - - [06/Jun/2022:08:52:42 +0800] "GET /xingrg/all/function/internal_message.html?_=1654476760080&CODE_STATE=getMsg HTTP/1.1" 200 27
120.253.135.82 - - [06/Jun/2022:08:52:44 +0800] "GET /xingrg/all/function/internal_message.html?_=1654476572938&CODE_STATE=getMsg HTTP/1.1" 200 27
58.39.61.91 - - [06/Jun/2022:08:52:49 +0800] "GET /xingrg/all/function/internal_message.html?_=1654476767245&CODE_STATE=getMsg HTTP/1.1" 200 27
124.78.152.206 - - [06/Jun/2022:08:52:54 +0800] "GET /xingrg/all/function/internal_message.html?_=1654476773803&CODE_STATE=getMsg HTTP/1.1" 200 27
180.175.103.167 - - [06/Jun/2022:08:52:56 +0800] "GET /xingrg/all/function/internal_message.html?_=1654476775832&CODE_STATE=getMsg HTTP/1.1" 200 27
120.253.135.82 - - [06/Jun/2022:08:53:02 +0800] "GET /xingrg/all/function/internal_message.html?_=1654476870730&CODE_STATE=getMsg HTTP/1.1" 200 27
180.175.103.167 - - [06/Jun/2022:08:53:07 +0800] "GET /xingrg/all/function/internal_message.html?_=1654476703576&CODE_STATE=getMsg HTTP/1.1" 200 27
58.39.61.91 - - [06/Jun/2022:08:53:15 +0800] "GET /xingrg/all/function/internal_message.html?_=1654476748041&CODE_STATE=getMsg HTTP/1.1" 200 27
180.169.147.146 - - [06/Jun/2022:08:53:17 +0800] "GET /xingrg/all/function/internal_message.html?_=1654476796512&CODE_STATE=getMsg HTTP/1.1" 200 27
58.40.7.146 - - [06/Jun/2022:08:53:26 +0800] "GET /xingrg/all/function/internal_message.html?_=1654476784991&CODE_STATE=getMsg HTTP/1.1" 200 27
120.253.135.82 - - [06/Jun/2022:08:53:38 +0800] "GET /xingrg/kc/pszx/mdps_order_operate.html?command=get_materiel&pszx_code=00101&rest_code=00149&base_code=0010246&code=00101016090 HTTP/1.1" 200 414
116.230.110.173 - - [06/Jun/2022:08:53:40 +0800] "GET /xingrg/all/function/internal_message.html?_=1654476817675&CODE_STATE=getMsg HTTP/1.1" 200 27
58.35.194.53 - - [06/Jun/2022:08:53:42 +0800] "GET /xingrg/all/function/internal_message.html?_=1654476820052&CODE_STATE=getMsg HTTP/1.1" 200 27
120.253.135.82 - - [06/Jun/2022:08:53:44 +0800] "GET /xingrg/all/function/internal_message.html?_=1654476632951&CODE_STATE=getMsg HTTP/1.1" 200 27
58.39.61.91 - - [06/Jun/2022:08:53:49 +0800] "GET /xingrg/all/function/internal_message.html?_=1654476827244&CODE_STATE=getMsg HTTP/1.1" 200 27
180.175.103.167 - - [06/Jun/2022:08:53:56 +0800] "GET /xingrg/all/function/internal_message.html?_=1654476835831&CODE_STATE=getMsg HTTP/1.1" 200 27
120.253.135.82 - - [06/Jun/2022:08:54:02 +0800] "GET /xingrg/all/function/internal_message.html?_=1654476930743&CODE_STATE=getMsg HTTP/1.1" 200 27
58.35.194.53 - - [06/Jun/2022:08:54:06 +0800] "GET /xingrg/check_reg.html?_=1654476844211 HTTP/1.1" 200 22
180.175.103.167 - - [06/Jun/2022:08:54:07 +0800] "GET /xingrg/all/function/internal_message.html?_=1654476763560&CODE_STATE=getMsg HTTP/1.1" 200 27
58.39.61.91 - - [06/Jun/2022:08:54:15 +0800] "GET /xingrg/all/function/internal_message.html?_=1654476808047&CODE_STATE=getMsg HTTP/1.1" 200 27
180.169.147.146 - - [06/Jun/2022:08:54:17 +0800] "GET /xingrg/all/function/internal_message.html?_=1654476856483&CODE_STATE=getMsg HTTP/1.1" 200 27
180.175.103.167 - - [06/Jun/2022:08:54:19 +0800] "GET /xingrg/check_reg.html?_=1654476775092 HTTP/1.1" 200 22
58.40.7.146 - - [06/Jun/2022:08:54:26 +0800] "GET /xingrg/all/function/internal_message.html?_=1654476844978&CODE_STATE=getMsg HTTP/1.1" 200 27
180.169.147.146 - - [06/Jun/2022:08:54:31 +0800] "GET /xingrg/check_reg.html?_=1654476870384 HTTP/1.1" 200 22
116.230.110.173 - - [06/Jun/2022:08:54:40 +0800] "GET /xingrg/all/function/internal_message.html?_=1654476877690&CODE_STATE=getMsg HTTP/1.1" 200 27
58.35.194.53 - - [06/Jun/2022:08:54:41 +0800] "GET /xingrg/all/function/internal_message.html?_=1654476880028&CODE_STATE=getMsg HTTP/1.1" 200 27
120.253.135.82 - - [06/Jun/2022:08:54:44 +0800] "GET /xingrg/all/function/internal_message.html?_=1654476692964&CODE_STATE=getMsg HTTP/1.1" 200 27
114.86.224.221 - - [06/Jun/2022:08:54:48 +0800] "POST /xingrg/services/DataTransmitService HTTP/1.1" 200 524
58.39.61.91 - - [06/Jun/2022:08:54:49 +0800] "GET /xingrg/all/function/internal_message.html?_=1654476887246&CODE_STATE=getMsg HTTP/1.1" 200 27
58.39.61.91 - - [06/Jun/2022:08:54:49 +0800] "GET /xingrg/check_reg.html?_=1654476887249 HTTP/1.1" 200 22
114.86.224.221 - - [06/Jun/2022:08:54:50 +0800] "POST /xingrg/services/DataTransmitService HTTP/1.1" 200 501
114.86.224.221 - - [06/Jun/2022:08:54:50 +0800] "POST /xingrg/services/DataTransmitService HTTP/1.1" 200 501
114.86.224.221 - - [06/Jun/2022:08:54:50 +0800] "POST /xingrg/services/DataTransmitService HTTP/1.1" 200 501
114.86.224.221 - - [06/Jun/2022:08:54:50 +0800] "POST /xingrg/services/DataTransmitService HTTP/1.1" 200 501
114.86.224.221 - - [06/Jun/2022:08:54:50 +0800] "POST /xingrg/services/DataTransmitService HTTP/1.1" 200 501
114.86.224.221 - - [06/Jun/2022:08:54:51 +0800] "POST /xingrg/services/DataTransmitService HTTP/1.1" 200 501
114.86.224.221 - - [06/Jun/2022:08:54:52 +0800] "POST /xingrg/services/DataTransmitService HTTP/1.1" 200 412
180.175.103.167 - - [06/Jun/2022:08:54:56 +0800] "GET /xingrg/all/function/internal_message.html?_=1654476895832&CODE_STATE=getMsg HTTP/1.1" 200 27
120.253.135.82 - - [06/Jun/2022:08:55:02 +0800] "GET /xingrg/all/function/internal_message.html?_=1654476990796&CODE_STATE=getMsg HTTP/1.1" 200 27
180.175.103.167 - - [06/Jun/2022:08:55:07 +0800] "GET /xingrg/all/function/internal_message.html?_=1654476823533&CODE_STATE=getMsg HTTP/1.1" 200 27
58.39.61.91 - - [06/Jun/2022:08:55:15 +0800] "GET /xingrg/all/function/internal_message.html?_=1654476868131&CODE_STATE=getMsg HTTP/1.1" 200 27
180.169.147.146 - - [06/Jun/2022:08:55:17 +0800] "GET /xingrg/all/function/internal_message.html?_=1654476916473&CODE_STATE=getMsg HTTP/1.1" 200 27
101.83.241.89 - - [06/Jun/2022:08:55:23 +0800] "GET /xingrg/login.html?sysBaseUrl=http%3A%2F%2F180.169.147.146%3A18081%2Fxingrg%2F&costTime=31×tamp=1615347190560 HTTP/1.1" 200 7641
101.83.241.89 - - [06/Jun/2022:08:55:26 +0800] "GET /favicon.ico HTTP/1.1" 404 -
58.40.7.146 - - [06/Jun/2022:08:55:26 +0800] "GET /xingrg/all/function/internal_message.html?_=1654476904980&CODE_STATE=getMsg HTTP/1.1" 200 27
101.83.241.89 - - [06/Jun/2022:08:55:27 +0800] "POST /xingrg/login.do HTTP/1.1" 302 -
101.83.241.89 - - [06/Jun/2022:08:55:27 +0800] "GET /xingrg/index.html?sysBaseUrl=http%3A%2F%2F180.169.147.146%3A18081%2Fxingrg%2F&costTime=53×tamp=1654476927451 HTTP/1.1" 200 17179
101.83.241.89 - - [06/Jun/2022:08:55:27 +0800] "GET /favicon.ico HTTP/1.1" 404 -
101.83.241.89 - - [06/Jun/2022:08:55:27 +0800] "POST /xingrg/all/common/load_tree.html?tree=area_rest_tree_json&manage=1 HTTP/1.1" 200 351
101.83.241.89 - - [06/Jun/2022:08:55:27 +0800] "GET /xingrg/all/function/internal_message.html?_=1654476926246&CODE_STATE=count HTTP/1.1" 200 11
101.83.241.89 - - [06/Jun/2022:08:55:28 +0800] "POST /xingrg/load_menu.html HTTP/1.1" 200 5138
101.83.241.89 - - [06/Jun/2022:08:55:28 +0800] "GET /xingrg/check_reg.html?_=1654476926251 HTTP/1.1" 200 22
116.230.110.173 - - [06/Jun/2022:08:55:40 +0800] "GET /xingrg/all/function/internal_message.html?_=1654476937694&CODE_STATE=getMsg HTTP/1.1" 200 27
218.81.223.53 - - [06/Jun/2022:08:55:41 +0800] "GET /xingrg/check_reg.html?_=1654476942228 HTTP/1.1" 200 22
58.35.194.53 - - [06/Jun/2022:08:55:41 +0800] "GET /xingrg/all/function/internal_message.html?_=1654476940013&CODE_STATE=getMsg HTTP/1.1" 200 27
120.253.135.82 - - [06/Jun/2022:08:55:44 +0800] "GET /xingrg/check_reg.html?_=1654476752741 HTTP/1.1" 200 22
120.253.135.82 - - [06/Jun/2022:08:55:44 +0800] "GET /xingrg/all/function/internal_message.html?_=1654476752978&CODE_STATE=getMsg HTTP/1.1" 200 27
101.83.241.89 - - [06/Jun/2022:08:55:45 +0800] "GET /xingrg/kc/buy/cgsh_order_list.html HTTP/1.1" 200 51752
101.83.241.89 - - [06/Jun/2022:08:55:47 +0800] "POST /xingrg/kc/buy/cgsh_list_operate.html HTTP/1.1" 200 876
101.83.241.89 - - [06/Jun/2022:08:55:47 +0800] "GET /xingrg/kc/buy/cgsh_order_add.html HTTP/1.1" 200 67616
101.83.241.89 - - [06/Jun/2022:08:55:48 +0800] "GET /xingrg/words/20220605131336_words.js HTTP/1.1" 304 -
101.83.241.89 - - [06/Jun/2022:08:55:48 +0800] "POST /xingrg/kc/buy/cgsh_order_operate.html HTTP/1.1" 200 8245
101.83.241.89 - - [06/Jun/2022:08:55:48 +0800] "GET /xingrg/all/common/auto_word.html?type=employee&rest_code=00149 HTTP/1.1" 200 197
101.83.241.89 - - [06/Jun/2022:08:55:48 +0800] "GET /xingrg/javascript/easyui/themes/default/validatebox.css HTTP/1.1" 404 1104
101.83.241.89 - - [06/Jun/2022:08:55:48 +0800] "GET /xingrg/all/common/auto_word.html?type=employee&rest_code=00149 HTTP/1.1" 200 197
58.39.61.91 - - [06/Jun/2022:08:55:49 +0800] "GET /xingrg/all/function/internal_message.html?_=1654476947253&CODE_STATE=getMsg HTTP/1.1" 200 27
101.83.241.89 - - [06/Jun/2022:08:55:52 +0800] "GET /xingrg/javascript/auto/indicator.gif HTTP/1.1" 404 1066
101.83.241.89 - - [06/Jun/2022:08:55:55 +0800] "GET /xingrg/javascript/jquery_tools/images/prev.gif HTTP/1.1" 404 1086
101.83.241.89 - - [06/Jun/2022:08:55:55 +0800] "GET /xingrg/javascript/jquery_tools/images/next.gif HTTP/1.1" 404 1086
180.175.103.167 - - [06/Jun/2022:08:55:56 +0800] "GET /xingrg/all/function/internal_message.html?_=1654476955860&CODE_STATE=getMsg HTTP/1.1" 200 27
120.253.135.82 - - [06/Jun/2022:08:56:02 +0800] "GET /xingrg/all/function/internal_message.html?_=1654477050802&CODE_STATE=getMsg HTTP/1.1" 200 27
101.83.241.89 - - [06/Jun/2022:08:56:03 +0800] "GET /xingrg/kc/buy/cgsh_order_operate.html?command=get_materiel&rest_code=00149&code=00101008038&supplier_code=00100005&order_time=2022-06-06 HTTP/1.1" 200 412
180.175.103.167 - - [06/Jun/2022:08:56:07 +0800] "GET /xingrg/all/function/internal_message.html?_=1654476883503&CODE_STATE=getMsg HTTP/1.1" 200 27
58.39.61.91 - - [06/Jun/2022:08:56:11 +0800] "GET /xingrg/check_reg.html?_=1654476924473 HTTP/1.1" 200 22
58.39.61.91 - - [06/Jun/2022:08:56:15 +0800] "GET /xingrg/all/function/internal_message.html?_=1654476928136&CODE_STATE=getMsg HTTP/1.1" 200 27
101.83.241.89 - - [06/Jun/2022:08:56:15 +0800] "GET /xingrg/kc/buy/cgsh_order_operate.html?command=get_materiel&rest_code=00149&code=00101008358&supplier_code=00100005&order_time=2022-06-06 HTTP/1.1" 200 412
180.169.147.146 - - [06/Jun/2022:08:56:17 +0800] "GET /xingrg/all/function/internal_message.html?_=1654476976456&CODE_STATE=getMsg HTTP/1.1" 200 27
180.169.147.146 - - [06/Jun/2022:08:56:18 +0800] "GET /xingrg/check_reg.html?_=1654476980331 HTTP/1.1" 200 22
101.83.241.89 - - [06/Jun/2022:08:56:26 +0800] "GET /xingrg/kc/buy/cgsh_order_operate.html?command=get_materiel&rest_code=00149&code=00101008370&supplier_code=00100005&order_time=2022-06-06 HTTP/1.1" 200 412
58.40.7.146 - - [06/Jun/2022:08:56:26 +0800] "GET /xingrg/all/function/internal_message.html?_=1654476964982&CODE_STATE=getMsg HTTP/1.1" 200 27
101.83.241.89 - - [06/Jun/2022:08:56:27 +0800] "GET /xingrg/all/function/internal_message.html?_=1654476986262&CODE_STATE=getMsg HTTP/1.1" 200 27
101.83.241.89 - - [06/Jun/2022:08:56:37 +0800] "GET /xingrg/kc/buy/cgsh_order_operate.html?command=get_materiel&rest_code=00149&code=00101008144&supplier_code=00100005&order_time=2022-06-06 HTTP/1.1" 200 412
116.230.110.173 - - [06/Jun/2022:08:56:40 +0800] "GET /xingrg/all/function/internal_message.html?_=1654476997673&CODE_STATE=getMsg HTTP/1.1" 200 27
58.35.194.53 - - [06/Jun/2022:08:56:41 +0800] "GET /xingrg/all/function/internal_message.html?_=1654476999998&CODE_STATE=getMsg HTTP/1.1" 200 27
120.253.135.82 - - [06/Jun/2022:08:56:45 +0800] "GET /xingrg/all/function/internal_message.html?_=1654476812992&CODE_STATE=getMsg HTTP/1.1" 200 27
58.39.61.91 - - [06/Jun/2022:08:56:49 +0800] "GET /xingrg/all/function/internal_message.html?_=1654477007251&CODE_STATE=getMsg HTTP/1.1" 200 27
101.83.241.89 - - [06/Jun/2022:08:56:54 +0800] "GET /xingrg/kc/buy/cgsh_order_operate.html?command=get_materiel&rest_code=00149&code=00101008372&supplier_code=00100005&order_time=2022-06-06 HTTP/1.1" 200 429
180.175.103.167 - - [06/Jun/2022:08:56:56 +0800] "GET /xingrg/all/function/internal_message.html?_=1654477015860&CODE_STATE=getMsg HTTP/1.1" 200 27
180.175.103.167 - - [06/Jun/2022:08:56:56 +0800] "GET /xingrg/check_reg.html?_=1654477015863 HTTP/1.1" 200 22
120.253.135.82 - - [06/Jun/2022:08:57:02 +0800] "GET /xingrg/all/function/internal_message.html?_=1654477110859&CODE_STATE=getMsg HTTP/1.1" 200 27
120.253.135.82 - - [06/Jun/2022:08:57:03 +0800] "GET /xingrg/check_reg.html?_=1654477111225 HTTP/1.1" 200 22
180.175.103.167 - - [06/Jun/2022:08:57:07 +0800] "GET /xingrg/all/function/internal_message.html?_=1654476943487&CODE_STATE=getMsg HTTP/1.1" 200 27
58.39.61.91 - - [06/Jun/2022:08:57:15 +0800] "GET /xingrg/all/function/internal_message.html?_=1654476988150&CODE_STATE=getMsg HTTP/1.1" 200 27
180.169.147.146 - - [06/Jun/2022:08:57:17 +0800] "GET /xingrg/all/function/internal_message.html?_=1654477036443&CODE_STATE=getMsg HTTP/1.1" 200 27
58.40.7.146 - - [06/Jun/2022:08:57:26 +0800] "GET /xingrg/all/function/internal_message.html?_=1654477024983&CODE_STATE=getMsg HTTP/1.1" 200 27
58.40.7.146 - - [06/Jun/2022:08:57:26 +0800] "GET /xingrg/check_reg.html?_=1654477024984 HTTP/1.1" 200 22
101.83.241.89 - - [06/Jun/2022:08:57:27 +0800] "GET /xingrg/all/function/internal_message.html?_=1654477046255&CODE_STATE=getMsg HTTP/1.1" 200 27
116.230.110.173 - - [06/Jun/2022:08:57:40 +0800] "GET /xingrg/all/function/internal_message.html?_=1654477057687&CODE_STATE=getMsg HTTP/1.1" 200 27
116.230.110.173 - - [06/Jun/2022:08:57:40 +0800] "GET /xingrg/check_reg.html?_=1654477057693 HTTP/1.1" 200 22
58.35.194.53 - - [06/Jun/2022:08:57:41 +0800] "GET /xingrg/all/function/internal_message.html?_=1654477059971&CODE_STATE=getMsg HTTP/1.1" 200 27
120.253.135.82 - - [06/Jun/2022:08:57:45 +0800] "GET /xingrg/all/function/internal_message.html?_=1654476873006&CODE_STATE=getMsg HTTP/1.1" 200 27
58.39.61.91 - - [06/Jun/2022:08:57:49 +0800] "GET /xingrg/all/function/internal_message.html?_=1654477067266&CODE_STATE=getMsg HTTP/1.1" 200 27
180.175.103.167 - - [06/Jun/2022:08:57:56 +0800] "GET /xingrg/all/function/internal_message.html?_=1654477075864&CODE_STATE=getMsg HTTP/1.1" 200 27
120.253.135.82 - - [06/Jun/2022:08:58:02 +0800] "GET /xingrg/all/function/internal_message.html?_=1654477170860&CODE_STATE=getMsg HTTP/1.1" 200 27
180.175.103.167 - - [06/Jun/2022:08:58:07 +0800] "GET /xingrg/all/function/internal_message.html?_=1654477003473&CODE_STATE=getMsg HTTP/1.1" 200 27
58.39.61.91 - - [06/Jun/2022:08:58:15 +0800] "GET /xingrg/all/function/internal_message.html?_=1654477048240&CODE_STATE=getMsg HTTP/1.1" 200 27
180.169.147.146 - - [06/Jun/2022:08:58:17 +0800] "GET /xingrg/all/function/internal_message.html?_=1654477096424&CODE_STATE=getMsg HTTP/1.1" 200 27
58.40.7.146 - - [06/Jun/2022:08:58:26 +0800] "GET /xingrg/all/function/internal_message.html?_=1654477084985&CODE_STATE=getMsg HTTP/1.1" 200 27
101.83.241.89 - - [06/Jun/2022:08:58:27 +0800] "GET /xingrg/all/function/internal_message.html?_=1654477106257&CODE_STATE=getMsg HTTP/1.1" 200 27
180.156.212.250 - - [06/Jun/2022:08:58:34 +0800] "POST /xingrg/services/DataTransmitService HTTP/1.1" 200 524
116.230.110.173 - - [06/Jun/2022:08:58:40 +0800] "GET /xingrg/all/function/internal_message.html?_=1654477117665&CODE_STATE=getMsg HTTP/1.1" 200 27
58.35.194.53 - - [06/Jun/2022:08:58:41 +0800] "GET /xingrg/all/function/internal_message.html?_=1654477119956&CODE_STATE=getMsg HTTP/1.1" 200 27
120.253.135.82 - - [06/Jun/2022:08:58:45 +0800] "GET /xingrg/all/function/internal_message.html?_=1654476933019&CODE_STATE=getMsg HTTP/1.1" 200 27
58.39.61.91 - - [06/Jun/2022:08:58:49 +0800] "GET /xingrg/all/function/internal_message.html?_=1654477127263&CODE_STATE=getMsg HTTP/1.1" 200 27
180.175.103.167 - - [06/Jun/2022:08:58:56 +0800] "GET /xingrg/all/function/internal_message.html?_=1654477135864&CODE_STATE=getMsg HTTP/1.1" 200 27
180.169.147.146 - - [06/Jun/2022:08:58:59 +0800] "GET /favicon.ico HTTP/1.1" 404 -
120.253.135.82 - - [06/Jun/2022:08:59:02 +0800] "GET /xingrg/all/function/internal_message.html?_=1654477230874&CODE_STATE=getMsg HTTP/1.1" 200 27
58.35.194.53 - - [06/Jun/2022:08:59:06 +0800] "GET /xingrg/check_reg.html?_=1654477144208 HTTP/1.1" 200 22
180.175.103.167 - - [06/Jun/2022:08:59:07 +0800] "GET /xingrg/all/function/internal_message.html?_=1654477063443&CODE_STATE=getMsg HTTP/1.1" 200 27
58.39.61.91 - - [06/Jun/2022:08:59:15 +0800] "GET /xingrg/all/function/internal_message.html?_=1654477108256&CODE_STATE=getMsg HTTP/1.1" 200 27
180.169.147.146 - - [06/Jun/2022:08:59:17 +0800] "GET /xingrg/all/function/internal_message.html?_=1654477156405&CODE_STATE=getMsg HTTP/1.1" 200 27
180.175.103.167 - - [06/Jun/2022:08:59:19 +0800] "GET /xingrg/check_reg.html?_=1654477075068 HTTP/1.1" 200 22
58.40.7.146 - - [06/Jun/2022:08:59:26 +0800] "GET /xingrg/all/function/internal_message.html?_=1654477144987&CODE_STATE=getMsg HTTP/1.1" 200 27
101.83.241.89 - - [06/Jun/2022:08:59:27 +0800] "GET /xingrg/all/function/internal_message.html?_=1654477166259&CODE_STATE=getMsg HTTP/1.1" 200 27
180.169.147.146 - - [06/Jun/2022:08:59:31 +0800] "GET /xingrg/check_reg.html?_=1654477170376 HTTP/1.1" 200 22
116.230.110.173 - - [06/Jun/2022:08:59:40 +0800] "GET /xingrg/all/function/internal_message.html?_=1654477177678&CODE_STATE=getMsg HTTP/1.1" 200 27
58.35.194.53 - - [06/Jun/2022:08:59:41 +0800] "GET /xingrg/all/function/internal_message.html?_=1654477179930&CODE_STATE=getMsg HTTP/1.1" 200 27
120.253.135.82 - - [06/Jun/2022:08:59:45 +0800] "GET /xingrg/all/function/internal_message.html?_=1654476993032&CODE_STATE=getMsg HTTP/1.1" 200 27
58.39.61.91 - - [06/Jun/2022:08:59:49 +0800] "GET /xingrg/check_reg.html?_=1654477187272 HTTP/1.1" 200 22
58.39.61.91 - - [06/Jun/2022:08:59:49 +0800] "GET /xingrg/all/function/internal_message.html?_=1654477187273&CODE_STATE=getMsg HTTP/1.1" 200 27
180.175.103.167 - - [06/Jun/2022:08:59:56 +0800] "GET /xingrg/all/function/internal_message.html?_=1654477195864&CODE_STATE=getMsg HTTP/1.1" 200 27
120.253.135.82 - - [06/Jun/2022:09:00:02 +0800] "GET /xingrg/all/function/internal_message.html?_=1654477290927&CODE_STATE=getMsg HTTP/1.1" 200 27
180.175.103.167 - - [06/Jun/2022:09:00:07 +0800] "GET /xingrg/all/function/internal_message.html?_=1654477123416&CODE_STATE=getMsg HTTP/1.1" 200 27
58.39.61.91 - - [06/Jun/2022:09:00:15 +0800] "GET /xingrg/all/function/internal_message.html?_=1654477168336&CODE_STATE=getMsg HTTP/1.1" 200 27
180.169.147.146 - - [06/Jun/2022:09:00:17 +0800] "GET /xingrg/all/function/internal_message.html?_=1654477216389&CODE_STATE=getMsg HTTP/1.1" 200 27
58.40.7.146 - - [06/Jun/2022:09:00:26 +0800] "GET /xingrg/all/function/internal_message.html?_=1654477204989&CODE_STATE=getMsg HTTP/1.1" 200 27
101.83.241.89 - - [06/Jun/2022:09:00:27 +0800] "GET /xingrg/check_reg.html?_=1654477226279 HTTP/1.1" 200 22
101.83.241.89 - - [06/Jun/2022:09:00:28 +0800] "GET /xingrg/all/function/internal_message.html?_=1654477226282&CODE_STATE=getMsg HTTP/1.1" 200 27
116.230.110.173 - - [06/Jun/2022:09:00:40 +0800] "GET /xingrg/all/function/internal_message.html?_=1654477237671&CODE_STATE=getMsg HTTP/1.1" 200 27
218.81.223.53 - - [06/Jun/2022:09:00:41 +0800] "GET /xingrg/check_reg.html?_=1654477242239 HTTP/1.1" 200 22
58.35.194.53 - - [06/Jun/2022:09:00:41 +0800] "GET /xingrg/all/function/internal_message.html?_=1654477239904&CODE_STATE=getMsg HTTP/1.1" 200 27
120.253.135.82 - - [06/Jun/2022:09:00:44 +0800] "GET /xingrg/check_reg.html?_=1654477052745 HTTP/1.1" 200 22
120.253.135.82 - - [06/Jun/2022:09:00:45 +0800] "GET /xingrg/all/function/internal_message.html?_=1654477053046&CODE_STATE=getMsg HTTP/1.1" 200 27
58.39.61.91 - - [06/Jun/2022:09:00:49 +0800] "GET /xingrg/all/function/internal_message.html?_=1654477247275&CODE_STATE=getMsg HTTP/1.1" 200 27
180.175.103.167 - - [06/Jun/2022:09:00:56 +0800] "GET /xingrg/all/function/internal_message.html?_=1654477255864&CODE_STATE=getMsg HTTP/1.1" 200 27
120.253.135.82 - - [06/Jun/2022:09:01:02 +0800] "GET /xingrg/all/function/internal_message.html?_=1654477350932&CODE_STATE=getMsg HTTP/1.1" 200 27
180.175.103.167 - - [06/Jun/2022:09:01:07 +0800] "GET /xingrg/all/function/internal_message.html?_=1654477183403&CODE_STATE=getMsg HTTP/1.1" 200 27
58.39.61.91 - - [06/Jun/2022:09:01:11 +0800] "GET /xingrg/check_reg.html?_=1654477224484 HTTP/1.1" 200 22
58.39.61.91 - - [06/Jun/2022:09:01:15 +0800] "GET /xingrg/all/function/internal_message.html?_=1654477228344&CODE_STATE=getMsg HTTP/1.1" 200 27
180.169.147.146 - - [06/Jun/2022:09:01:17 +0800] "GET /xingrg/all/function/internal_message.html?_=1654477276374&CODE_STATE=getMsg HTTP/1.1" 200 27
180.169.147.146 - - [06/Jun/2022:09:01:18 +0800] "GET /xingrg/check_reg.html?_=1654477280304 HTTP/1.1" 200 22
58.40.7.146 - - [06/Jun/2022:09:01:26 +0800] "GET /xingrg/all/function/internal_message.html?_=1654477264975&CODE_STATE=getMsg HTTP/1.1" 200 27
101.83.241.89 - - [06/Jun/2022:09:01:27 +0800] "GET /xingrg/all/function/internal_message.html?_=1654477286272&CODE_STATE=getMsg HTTP/1.1" 200 27
116.230.110.173 - - [06/Jun/2022:09:01:40 +0800] "GET /xingrg/all/function/internal_message.html?_=1654477297684&CODE_STATE=getMsg HTTP/1.1" 200 27
58.35.194.53 - - [06/Jun/2022:09:01:41 +0800] "GET /xingrg/all/function/internal_message.html?_=1654477299890&CODE_STATE=getMsg HTTP/1.1" 200 27
120.253.135.82 - - [06/Jun/2022:09:01:46 +0800] "GET /xingrg/all/function/internal_message.html?_=1654477113066&CODE_STATE=getMsg HTTP/1.1" 200 27
58.39.61.91 - - [06/Jun/2022:09:01:49 +0800] "GET /xingrg/all/function/internal_message.html?_=1654477307275&CODE_STATE=getMsg HTTP/1.1" 200 27
180.175.103.167 - - [06/Jun/2022:09:01:56 +0800] "GET /xingrg/check_reg.html?_=1654477315865 HTTP/1.1" 200 22
180.175.103.167 - - [06/Jun/2022:09:01:56 +0800] "GET /xingrg/all/function/internal_message.html?_=1654477315868&CODE_STATE=getMsg HTTP/1.1" 200 27
120.253.135.82 - - [06/Jun/2022:09:02:02 +0800] "GET /xingrg/all/function/internal_message.html?_=1654477410992&CODE_STATE=getMsg HTTP/1.1" 200 27
120.253.135.82 - - [06/Jun/2022:09:02:03 +0800] "GET /xingrg/check_reg.html?_=1654477411227 HTTP/1.1" 200 22
180.175.103.167 - - [06/Jun/2022:09:02:07 +0800] "GET /xingrg/all/function/internal_message.html?_=1654477243373&CODE_STATE=getMsg HTTP/1.1" 200 27
58.39.61.91 - - [06/Jun/2022:09:02:15 +0800] "GET /xingrg/all/function/internal_message.html?_=1654477288359&CODE_STATE=getMsg HTTP/1.1" 200 27
180.169.147.146 - - [06/Jun/2022:09:02:17 +0800] "GET /xingrg/all/function/internal_message.html?_=1654477336349&CODE_STATE=getMsg HTTP/1.1" 200 27
58.40.7.146 - - [06/Jun/2022:09:02:26 +0800] "GET /xingrg/all/function/internal_message.html?_=1654477324979&CODE_STATE=getMsg HTTP/1.1" 200 27
58.40.7.146 - - [06/Jun/2022:09:02:26 +0800] "GET /xingrg/check_reg.html?_=1654477324981 HTTP/1.1" 200 22
101.83.241.89 - - [06/Jun/2022:09:02:28 +0800] "GET /xingrg/all/function/internal_message.html?_=1654477346280&CODE_STATE=getMsg HTTP/1.1" 200 27
120.253.135.82 - - [06/Jun/2022:09:02:37 +0800] "POST /xingrg/kc/pszx/mdps_list_operate.html HTTP/1.1" 200 2433
116.230.110.173 - - [06/Jun/2022:09:02:40 +0800] "GET /xingrg/all/function/internal_message.html?_=1654477357682&CODE_STATE=getMsg HTTP/1.1" 200 27
116.230.110.173 - - [06/Jun/2022:09:02:40 +0800] "GET /xingrg/check_reg.html?_=1654477357686 HTTP/1.1" 200 22
58.35.194.53 - - [06/Jun/2022:09:02:41 +0800] "GET /xingrg/all/function/internal_message.html?_=1654477359860&CODE_STATE=getMsg HTTP/1.1" 200 27
120.253.135.82 - - [06/Jun/2022:09:02:45 +0800] "POST /xingrg/kc/pszx/mdps_list_operate.html HTTP/1.1" 200 2435
120.253.135.82 - - [06/Jun/2022:09:02:46 +0800] "GET /xingrg/all/function/internal_message.html?_=1654477174135&CODE_STATE=getMsg HTTP/1.1" 200 27
58.39.61.91 - - [06/Jun/2022:09:02:49 +0800] "GET /xingrg/all/function/internal_message.html?_=1654477367273&CODE_STATE=getMsg HTTP/1.1" 200 27
180.175.103.167 - - [06/Jun/2022:09:02:56 +0800] "GET /xingrg/all/function/internal_message.html?_=1654477375853&CODE_STATE=getMsg HTTP/1.1" 200 27
120.253.135.82 - - [06/Jun/2022:09:02:57 +0800] "POST /xingrg/kc/pszx/mdps_list_operate.html HTTP/1.1" 200 538
120.253.135.82 - - [06/Jun/2022:09:02:57 +0800] "GET /xingrg/kc/pszx/mdps_order_info.html?code=312022060600130 HTTP/1.1" 200 23978
120.253.135.82 - - [06/Jun/2022:09:02:58 +0800] "POST /xingrg/kc/pszx/mdps_order_operate.html HTTP/1.1" 200 4314
120.253.135.82 - - [06/Jun/2022:09:02:58 +0800] "GET /xingrg/javascript/easyui/themes/default/validatebox.css HTTP/1.1" 404 1104
120.253.135.82 - - [06/Jun/2022:09:03:02 +0800] "POST /xingrg/kc/pszx/mdps_order_operate.html HTTP/1.1" 200 37
120.253.135.82 - - [06/Jun/2022:09:03:02 +0800] "GET /xingrg/all/function/internal_message.html?_=1654477471006&CODE_STATE=getMsg HTTP/1.1" 200 27
120.253.135.82 - - [06/Jun/2022:09:03:04 +0800] "POST /xingrg/kc/pszx/mdps_order_operate.html HTTP/1.1" 200 12
180.175.103.167 - - [06/Jun/2022:09:03:07 +0800] "GET /xingrg/all/function/internal_message.html?_=1654477303358&CODE_STATE=getMsg HTTP/1.1" 200 27
120.253.135.82 - - [06/Jun/2022:09:03:07 +0800] "GET /xingrg/kc/pszx/mdps_order_info.html?code=312022060600130 HTTP/1.1" 200 19638
120.253.135.82 - - [06/Jun/2022:09:03:08 +0800] "POST /xingrg/kc/pszx/mdps_order_operate.html HTTP/1.1" 200 2514
120.253.135.82 - - [06/Jun/2022:09:03:08 +0800] "GET /xingrg/javascript/easyui/themes/default/validatebox.css HTTP/1.1" 404 1104
120.253.135.82 - - [06/Jun/2022:09:03:10 +0800] "POST /xingrg/kc/pszx/mdps_list_operate.html HTTP/1.1" 200 2063
120.253.135.82 - - [06/Jun/2022:09:03:12 +0800] "POST /xingrg/kc/pszx/mdps_list_operate.html HTTP/1.1" 200 617
58.39.61.91 - - [06/Jun/2022:09:03:15 +0800] "GET /xingrg/all/function/internal_message.html?_=1654477348445&CODE_STATE=getMsg HTTP/1.1" 200 27
180.169.147.146 - - [06/Jun/2022:09:03:17 +0800] "GET /xingrg/all/function/internal_message.html?_=1654477396344&CODE_STATE=getMsg HTTP/1.1" 200 27
120.253.135.82 - - [06/Jun/2022:09:03:21 +0800] "GET /xingrg/kc/pszx/mdps_order_info.html?code=312022060600129 HTTP/1.1" 200 23978
120.253.135.82 - - [06/Jun/2022:09:03:21 +0800] "POST /xingrg/kc/pszx/mdps_order_operate.html HTTP/1.1" 200 5812
120.253.135.82 - - [06/Jun/2022:09:03:21 +0800] "GET /xingrg/javascript/easyui/themes/default/validatebox.css HTTP/1.1" 404 1104
58.40.7.146 - - [06/Jun/2022:09:03:26 +0800] "GET /xingrg/all/function/internal_message.html?_=1654477384983&CODE_STATE=getMsg HTTP/1.1" 200 27
101.83.241.89 - - [06/Jun/2022:09:03:28 +0800] "GET /xingrg/all/function/internal_message.html?_=1654477406282&CODE_STATE=getMsg HTTP/1.1" 200 27
120.253.135.82 - - [06/Jun/2022:09:03:28 +0800] "POST /xingrg/kc/pszx/mdps_order_operate.html HTTP/1.1" 200 37
120.253.135.82 - - [06/Jun/2022:09:03:30 +0800] "POST /xingrg/kc/pszx/mdps_order_operate.html HTTP/1.1" 200 12
120.253.135.82 - - [06/Jun/2022:09:03:33 +0800] "GET /xingrg/kc/pszx/mdps_order_info.html?code=312022060600129 HTTP/1.1" 200 19638
120.253.135.82 - - [06/Jun/2022:09:03:33 +0800] "POST /xingrg/kc/pszx/mdps_order_operate.html HTTP/1.1" 200 4003
120.253.135.82 - - [06/Jun/2022:09:03:33 +0800] "GET /xingrg/javascript/easyui/themes/default/validatebox.css HTTP/1.1" 404 1104
120.253.135.82 - - [06/Jun/2022:09:03:35 +0800] "POST /xingrg/kc/pszx/mdps_list_operate.html HTTP/1.1" 200 1690
120.253.135.82 - - [06/Jun/2022:09:03:37 +0800] "POST /xingrg/kc/pszx/mdps_list_operate.html HTTP/1.1" 200 360
120.253.135.82 - - [06/Jun/2022:09:03:38 +0800] "GET /xingrg/kc/pszx/mdps_order_info.html?code=312022060100027 HTTP/1.1" 200 23978
120.253.135.82 - - [06/Jun/2022:09:03:38 +0800] "POST /xingrg/kc/pszx/mdps_order_operate.html HTTP/1.1" 200 3245
120.253.135.82 - - [06/Jun/2022:09:03:38 +0800] "GET /xingrg/javascript/easyui/themes/default/validatebox.css HTTP/1.1" 404 1104
116.230.110.173 - - [06/Jun/2022:09:03:40 +0800] "GET /xingrg/all/function/internal_message.html?_=1654477417686&CODE_STATE=getMsg HTTP/1.1" 200 27
58.35.194.53 - - [06/Jun/2022:09:03:41 +0800] "GET /xingrg/all/function/internal_message.html?_=1654477419831&CODE_STATE=getMsg HTTP/1.1" 200 27
120.253.135.82 - - [06/Jun/2022:09:03:42 +0800] "POST /xingrg/kc/pszx/mdps_order_operate.html HTTP/1.1" 200 37
120.253.135.82 - - [06/Jun/2022:09:03:43 +0800] "POST /xingrg/kc/pszx/mdps_order_operate.html HTTP/1.1" 200 12
120.253.135.82 - - [06/Jun/2022:09:03:45 +0800] "GET /xingrg/kc/pszx/mdps_order_info.html?code=312022060100027 HTTP/1.1" 200 19638
120.253.135.82 - - [06/Jun/2022:09:03:45 +0800] "POST /xingrg/kc/pszx/mdps_order_operate.html HTTP/1.1" 200 1458
120.253.135.82 - - [06/Jun/2022:09:03:45 +0800] "GET /xingrg/javascript/easyui/themes/default/validatebox.css HTTP/1.1" 404 1104
120.253.135.82 - - [06/Jun/2022:09:03:46 +0800] "GET /xingrg/all/function/internal_message.html?_=1654477234148&CODE_STATE=getMsg HTTP/1.1" 200 27
120.253.135.82 - - [06/Jun/2022:09:03:47 +0800] "POST /xingrg/kc/pszx/mdps_list_operate.html HTTP/1.1" 200 868
58.39.61.91 - - [06/Jun/2022:09:03:49 +0800] "GET /xingrg/all/function/internal_message.html?_=1654477427271&CODE_STATE=getMsg HTTP/1.1" 200 27
120.253.135.82 - - [06/Jun/2022:09:03:52 +0800] "GET /xingrg/kc/pszx/mdqp_order_list.html?state=10 HTTP/1.1" 200 10657
120.253.135.82 - - [06/Jun/2022:09:03:52 +0800] "GET /xingrg/dwr/interface/AjaxReportQueryService.js HTTP/1.1" 200 13203
120.253.135.82 - - [06/Jun/2022:09:03:52 +0800] "GET /xingrg/css/blue.css HTTP/1.1" 304 -
120.253.135.82 - - [06/Jun/2022:09:03:52 +0800] "GET /xingrg/dwr/interface/AjaxQqpsService.js HTTP/1.1" 200 16326
120.253.135.82 - - [06/Jun/2022:09:03:52 +0800] "GET /xingrg/dwr/util.js HTTP/1.1" 304 -
120.253.135.82 - - [06/Jun/2022:09:03:52 +0800] "GET /xingrg/javascript/Calendar.js HTTP/1.1" 304 -
120.253.135.82 - - [06/Jun/2022:09:03:52 +0800] "GET /xingrg/dwr/engine.js HTTP/1.1" 200 43631
120.253.135.82 - - [06/Jun/2022:09:03:52 +0800] "GET /xingrg/javascript/jquery_easy_ui/themes/icons/uncheck_new.png HTTP/1.1" 304 -
120.253.135.82 - - [06/Jun/2022:09:03:52 +0800] "GET /xingrg/javascript/jquery_easy_ui/themes/icons/check_new.png HTTP/1.1" 304 -
120.253.135.82 - - [06/Jun/2022:09:03:52 +0800] "GET /xingrg/javascript/jquery_easy_ui/themes/icons/back_new.png HTTP/1.1" 304 -
120.253.135.82 - - [06/Jun/2022:09:03:54 +0800] "GET /xingrg/kc/pszx/mdqp_order_info.html?code=302022060600055 HTTP/1.1" 200 13350
120.253.135.82 - - [06/Jun/2022:09:03:54 +0800] "GET /xingrg/javascript/checkform.js HTTP/1.1" 304 -
120.253.135.82 - - [06/Jun/2022:09:03:54 +0800] "GET /xingrg/javascript/AjaxInfoList.js HTTP/1.1" 304 -
120.253.135.82 - - [06/Jun/2022:09:03:54 +0800] "GET /xingrg/javascript/Grid.js HTTP/1.1" 304 -
120.253.135.82 - - [06/Jun/2022:09:03:54 +0800] "GET /xingrg/dwr/interface/AjaxQqpsService.js HTTP/1.1" 200 16326
120.253.135.82 - - [06/Jun/2022:09:03:54 +0800] "GET /xingrg/dwr/interface/AjaxComOrderService.js HTTP/1.1" 200 18264
120.253.135.82 - - [06/Jun/2022:09:03:54 +0800] "GET /xingrg/dwr/engine.js HTTP/1.1" 200 43631
120.253.135.82 - - [06/Jun/2022:09:03:54 +0800] "GET /xingrg/javascript/ToolTips.js HTTP/1.1" 304 -
120.253.135.82 - - [06/Jun/2022:09:03:54 +0800] "GET /xingrg/javascript/tools/jquery.qtip-1.0.0-rc3.min.js HTTP/1.1" 304 -
120.253.135.82 - - [06/Jun/2022:09:03:55 +0800] "GET /xingrg/javascript/jquery_easy_ui/themes/default/images/menu_downarrow.png HTTP/1.1" 304 -
120.253.135.82 - - [06/Jun/2022:09:03:55 +0800] "GET /xingrg/javascript/jquery_easy_ui/themes/icons/print.png HTTP/1.1" 304 -
120.253.135.82 - - [06/Jun/2022:09:03:55 +0800] "GET /xingrg/images/blue/button/kc_tab_save.gif HTTP/1.1" 304 -
120.253.135.82 - - [06/Jun/2022:09:03:55 +0800] "GET /xingrg/images/blue/button/kc_tab_edit.gif HTTP/1.1" 304 -
120.253.135.82 - - [06/Jun/2022:09:03:55 +0800] "GET /xingrg/images/blue/kc_tab_mid.gif HTTP/1.1" 304 -
120.253.135.82 - - [06/Jun/2022:09:03:55 +0800] "GET /xingrg/images/blue/kc_tab2_left.gif HTTP/1.1" 304 -
120.253.135.82 - - [06/Jun/2022:09:03:55 +0800] "GET /xingrg/images/blue/kc_tab_right.gif HTTP/1.1" 304 -
120.253.135.82 - - [06/Jun/2022:09:03:55 +0800] "GET /xingrg/images/blue/kc_tab_left.gif HTTP/1.1" 304 -
120.253.135.82 - - [06/Jun/2022:09:03:55 +0800] "GET /xingrg/images/blue/kc_tab2_right.gif HTTP/1.1" 304 -
120.253.135.82 - - [06/Jun/2022:09:03:55 +0800] "GET /xingrg/images/blue/wait.gif HTTP/1.1" 304 -
120.253.135.82 - - [06/Jun/2022:09:03:55 +0800] "POST /xingrg/dwr/call/plaincall/AjaxQqpsService.loadMaterielItems.dwr HTTP/1.1" 200 603
180.175.103.167 - - [06/Jun/2022:09:03:56 +0800] "GET /xingrg/all/function/internal_message.html?_=1654477435853&CODE_STATE=getMsg HTTP/1.1" 200 27
120.253.135.82 - - [06/Jun/2022:09:04:02 +0800] "GET /xingrg/all/function/internal_message.html?_=1654477531022&CODE_STATE=getMsg HTTP/1.1" 200 27
120.253.135.82 - - [06/Jun/2022:09:04:03 +0800] "GET /xingrg/javascript/jquery_easy_ui/themes/default/images/button_plain_hover.png HTTP/1.1" 304 -
120.253.135.82 - - [06/Jun/2022:09:04:03 +0800] "GET /xingrg/kc/pszx/mdqp_order_list.html?isBack=1 HTTP/1.1" 302 -
120.253.135.82 - - [06/Jun/2022:09:04:04 +0800] "GET /xingrg/kc/pszx/mdqp_order_list.html?state=10 HTTP/1.1" 200 10657
120.253.135.82 - - [06/Jun/2022:09:04:04 +0800] "GET /xingrg/dwr/interface/AjaxQqpsService.js HTTP/1.1" 200 16326
120.253.135.82 - - [06/Jun/2022:09:04:04 +0800] "GET /xingrg/dwr/engine.js HTTP/1.1" 200 43631
120.253.135.82 - - [06/Jun/2022:09:04:04 +0800] "GET /xingrg/dwr/interface/AjaxReportQueryService.js HTTP/1.1" 200 13203
58.35.194.53 - - [06/Jun/2022:09:04:06 +0800] "GET /xingrg/check_reg.html?_=1654477444210 HTTP/1.1" 200 22
120.253.135.82 - - [06/Jun/2022:09:04:06 +0800] "GET /xingrg/kc/pszx/mdqp_order_list.html?state=10 HTTP/1.1" 200 10657
120.253.135.82 - - [06/Jun/2022:09:04:06 +0800] "GET /xingrg/dwr/interface/AjaxReportQueryService.js HTTP/1.1" 200 13203
120.253.135.82 - - [06/Jun/2022:09:04:06 +0800] "GET /xingrg/dwr/interface/AjaxQqpsService.js HTTP/1.1" 200 16326
120.253.135.82 - - [06/Jun/2022:09:04:06 +0800] "GET /xingrg/dwr/engine.js HTTP/1.1" 200 43631
180.175.103.167 - - [06/Jun/2022:09:04:07 +0800] "GET /xingrg/all/function/internal_message.html?_=1654477363344&CODE_STATE=getMsg HTTP/1.1" 200 27
120.253.135.82 - - [06/Jun/2022:09:04:11 +0800] "GET /xingrg/kc/pszx/mdps_order_list.html?orderType=0 HTTP/1.1" 200 20966
120.253.135.82 - - [06/Jun/2022:09:04:12 +0800] "POST /xingrg/kc/pszx/mdps_list_operate.html HTTP/1.1" 200 5228
58.39.61.91 - - [06/Jun/2022:09:04:15 +0800] "GET /xingrg/all/function/internal_message.html?_=1654477408447&CODE_STATE=getMsg HTTP/1.1" 200 27
180.169.147.146 - - [06/Jun/2022:09:04:17 +0800] "GET /xingrg/all/function/internal_message.html?_=1654477456316&CODE_STATE=getMsg HTTP/1.1" 200 27
180.175.103.167 - - [06/Jun/2022:09:04:19 +0800] "GET /xingrg/check_reg.html?_=1654477375047 HTTP/1.1" 200 22
58.40.7.146 - - [06/Jun/2022:09:04:26 +0800] "GET /xingrg/all/function/internal_message.html?_=1654477444987&CODE_STATE=getMsg HTTP/1.1" 200 27
101.83.241.89 - - [06/Jun/2022:09:04:28 +0800] "GET /xingrg/all/function/internal_message.html?_=1654477466282&CODE_STATE=getMsg HTTP/1.1" 200 27
180.169.147.146 - - [06/Jun/2022:09:04:31 +0800] "GET /xingrg/check_reg.html?_=1654477470385 HTTP/1.1" 200 22
116.230.110.173 - - [06/Jun/2022:09:04:40 +0800] "GET /xingrg/all/function/internal_message.html?_=1654477477683&CODE_STATE=getMsg HTTP/1.1" 200 27
58.35.194.53 - - [06/Jun/2022:09:04:41 +0800] "GET /xingrg/all/function/internal_message.html?_=1654477479805&CODE_STATE=getMsg HTTP/1.1" 200 27
120.253.135.82 - - [06/Jun/2022:09:04:46 +0800] "GET /xingrg/all/function/internal_message.html?_=1654477294163&CODE_STATE=getMsg HTTP/1.1" 200 27
58.39.61.91 - - [06/Jun/2022:09:04:49 +0800] "GET /xingrg/all/function/internal_message.html?_=1654477487270&CODE_STATE=getMsg HTTP/1.1" 200 27
58.39.61.91 - - [06/Jun/2022:09:04:49 +0800] "GET /xingrg/check_reg.html?_=1654477487271 HTTP/1.1" 200 22
58.39.61.91 - - [06/Jun/2022:09:04:53 +0800] "POST /xingrg/services/DataTransmitService HTTP/1.1" 200 524
222.70.180.114 - - [06/Jun/2022:09:04:53 +0800] "POST /xingrg/services/DataTransmitService HTTP/1.1" 200 524
180.175.103.167 - - [06/Jun/2022:09:04:56 +0800] "GET /xingrg/all/function/internal_message.html?_=1654477495855&CODE_STATE=getMsg HTTP/1.1" 200 27
120.253.135.82 - - [06/Jun/2022:09:05:02 +0800] "GET /xingrg/all/function/internal_message.html?_=1654477591078&CODE_STATE=getMsg HTTP/1.1" 200 27
180.175.103.167 - - [06/Jun/2022:09:05:07 +0800] "GET /xingrg/all/function/internal_message.html?_=1654477423317&CODE_STATE=getMsg HTTP/1.1" 200 27
58.39.61.91 - - [06/Jun/2022:09:05:15 +0800] "GET /xingrg/all/function/internal_message.html?_=1654477468537&CODE_STATE=getMsg HTTP/1.1" 200 27
180.169.147.146 - - [06/Jun/2022:09:05:17 +0800] "GET /xingrg/all/function/internal_message.html?_=1654477516296&CODE_STATE=getMsg HTTP/1.1" 200 27
58.40.7.146 - - [06/Jun/2022:09:05:26 +0800] "GET /xingrg/all/function/internal_message.html?_=1654477504988&CODE_STATE=getMsg HTTP/1.1" 200 27
101.83.241.89 - - [06/Jun/2022:09:05:28 +0800] "GET /xingrg/check_reg.html?_=1654477526290 HTTP/1.1" 200 22
101.83.241.89 - - [06/Jun/2022:09:05:28 +0800] "GET /xingrg/all/function/internal_message.html?_=1654477526295&CODE_STATE=getMsg HTTP/1.1" 200 27
116.230.110.173 - - [06/Jun/2022:09:05:40 +0800] "GET /xingrg/all/function/internal_message.html?_=1654477537673&CODE_STATE=getMsg HTTP/1.1" 200 27
58.35.194.53 - - [06/Jun/2022:09:05:41 +0800] "GET /xingrg/all/function/internal_message.html?_=1654477539792&CODE_STATE=getMsg HTTP/1.1" 200 27
218.81.223.53 - - [06/Jun/2022:09:05:41 +0800] "GET /xingrg/check_reg.html?_=1654477542240 HTTP/1.1" 200 22
120.253.135.82 - - [06/Jun/2022:09:05:44 +0800] "GET /xingrg/check_reg.html?_=1654477352745 HTTP/1.1" 200 22
120.253.135.82 - - [06/Jun/2022:09:05:46 +0800] "GET /xingrg/all/function/internal_message.html?_=1654477354175&CODE_STATE=getMsg HTTP/1.1" 200 27
58.39.61.91 - - [06/Jun/2022:09:05:49 +0800] "GET /xingrg/all/function/internal_message.html?_=1654477547269&CODE_STATE=getMsg HTTP/1.1" 200 27
180.175.103.167 - - [06/Jun/2022:09:05:56 +0800] "GET /xingrg/all/function/internal_message.html?_=1654477555855&CODE_STATE=getMsg HTTP/1.1" 200 27
120.253.135.82 - - [06/Jun/2022:09:06:02 +0800] "GET /xingrg/all/function/internal_message.html?_=1654477651095&CODE_STATE=getMsg HTTP/1.1" 200 27
180.175.103.167 - - [06/Jun/2022:09:06:07 +0800] "GET /xingrg/all/function/internal_message.html?_=1654477483302&CODE_STATE=getMsg HTTP/1.1" 200 27
101.85.120.86 - - [06/Jun/2022:09:06:10 +0800] "GET /favicon.ico HTTP/1.1" 404 -
101.85.120.86 - - [06/Jun/2022:09:06:11 +0800] "GET /xingrg/login.html HTTP/1.1" 200 7641
58.39.61.91 - - [06/Jun/2022:09:06:11 +0800] "GET /xingrg/check_reg.html?_=1654477524486 HTTP/1.1" 200 22
101.85.120.86 - - [06/Jun/2022:09:06:11 +0800] "GET /xingrg/images/blue/jxLogo.png HTTP/1.1" 304 -
101.85.120.86 - - [06/Jun/2022:09:06:12 +0800] "GET /xingrg/images/blue/login_bg.png HTTP/1.1" 304 -
101.85.120.86 - - [06/Jun/2022:09:06:12 +0800] "GET /xingrg/images/blue/srbg.png HTTP/1.1" 304 -
101.85.120.86 - - [06/Jun/2022:09:06:12 +0800] "GET /xingrg/images/blue/hj.png HTTP/1.1" 304 -
101.85.120.86 - - [06/Jun/2022:09:06:12 +0800] "GET /favicon.ico HTTP/1.1" 404 -
101.85.120.86 - - [06/Jun/2022:09:06:14 +0800] "POST /xingrg/login.do HTTP/1.1" 302 -
101.85.120.86 - - [06/Jun/2022:09:06:14 +0800] "GET /xingrg/index.html?sysBaseUrl=http%3A%2F%2F180.169.147.146%3A18081%2Fxingrg%2F&costTime=40×tamp=1654477574471 HTTP/1.1" 200 17179
101.85.120.86 - - [06/Jun/2022:09:06:14 +0800] "GET /xingrg/javascript/jquery_easy_ui/themes/default/easyui.css HTTP/1.1" 304 -
101.85.120.86 - - [06/Jun/2022:09:06:14 +0800] "GET /xingrg/css/form.css HTTP/1.1" 304 -
101.85.120.86 - - [06/Jun/2022:09:06:14 +0800] "GET /xingrg/javascript/jquery-1.4.2.min.js HTTP/1.1" 304 -
101.85.120.86 - - [06/Jun/2022:09:06:14 +0800] "GET /xingrg/javascript/jquery.utils.js HTTP/1.1" 304 -
101.85.120.86 - - [06/Jun/2022:09:06:14 +0800] "GET /xingrg/javascript/jquery.form.js HTTP/1.1" 304 -
101.85.120.86 - - [06/Jun/2022:09:06:14 +0800] "GET /xingrg/javascript/jquery.timers.js HTTP/1.1" 304 -
101.85.120.86 - - [06/Jun/2022:09:06:14 +0800] "GET /xingrg/javascript/jquery_easy_ui/themes/icon.css HTTP/1.1" 304 -
101.85.120.86 - - [06/Jun/2022:09:06:14 +0800] "GET /xingrg/javascript/jquery_easy_ui/jquery.easyui.min.js HTTP/1.1" 304 -
