218.81.223.53 - - [04/Jun/2022:07:49:07 +0800] "GET /xingrg/kc/buy/cgsh_order_operate.html?command=get_materiel&rest_code=00146&code=00101007049&supplier_code=00100002&order_time=2022-06-03 HTTP/1.1" 200 428
218.81.223.53 - - [04/Jun/2022:07:49:22 +0800] "GET /xingrg/all/function/internal_message.html?_=1654300180880&CODE_STATE=getMsg HTTP/1.1" 200 27
58.40.7.146 - - [04/Jun/2022:07:49:26 +0800] "GET /xingrg/all/function/internal_message.html?_=1654300144979&CODE_STATE=getMsg HTTP/1.1" 200 27
58.39.61.91 - - [04/Jun/2022:07:49:29 +0800] "GET /xingrg/all/function/internal_message.html?_=1654300164766&CODE_STATE=getMsg HTTP/1.1" 200 27
58.39.61.91 - - [04/Jun/2022:07:49:31 +0800] "GET /xingrg/all/function/internal_message.html?_=1654300123935&CODE_STATE=getMsg HTTP/1.1" 200 27
180.169.147.146 - - [04/Jun/2022:07:49:38 +0800] "GET /xingrg/all/function/internal_message.html?_=1654300177281&CODE_STATE=getMsg HTTP/1.1" 200 27
120.253.135.82 - - [04/Jun/2022:07:49:41 +0800] "GET /xingrg/all/function/internal_message.html?_=1654299986648&CODE_STATE=getMsg HTTP/1.1" 200 27
58.35.194.53 - - [04/Jun/2022:07:49:41 +0800] "GET /xingrg/check_reg.html?_=1654300177629 HTTP/1.1" 200 22
58.35.194.53 - - [04/Jun/2022:07:49:41 +0800] "GET /xingrg/all/function/internal_message.html?_=1654300177630&CODE_STATE=getMsg HTTP/1.1" 200 27
180.175.103.167 - - [04/Jun/2022:07:49:45 +0800] "GET /xingrg/all/function/internal_message.html?_=1654300100411&CODE_STATE=getMsg HTTP/1.1" 200 27
180.175.103.167 - - [04/Jun/2022:07:49:47 +0800] "GET /xingrg/all/function/internal_message.html?_=1654300186980&CODE_STATE=getMsg HTTP/1.1" 200 27
218.81.223.53 - - [04/Jun/2022:07:49:47 +0800] "POST /xingrg/kc/buy/cgsh_order_operate.html HTTP/1.1" 200 37
116.230.110.173 - - [04/Jun/2022:07:49:53 +0800] "GET /xingrg/all/function/internal_message.html?_=1654300188512&CODE_STATE=getMsg HTTP/1.1" 200 27
116.230.110.173 - - [04/Jun/2022:07:49:53 +0800] "GET /xingrg/check_reg.html?_=1654300188513 HTTP/1.1" 200 22
218.81.223.53 - - [04/Jun/2022:07:49:55 +0800] "POST /xingrg/kc/buy/cgsh_order_operate.html HTTP/1.1" 200 12
120.253.135.82 - - [04/Jun/2022:07:50:01 +0800] "GET /xingrg/all/function/internal_message.html?_=1654300289782&CODE_STATE=getMsg HTTP/1.1" 200 27
218.81.223.53 - - [04/Jun/2022:07:50:25 +0800] "GET /xingrg/kc/buy/cgsh_order_info.html?code=212022060400267 HTTP/1.1" 200 62431
218.81.223.53 - - [04/Jun/2022:07:50:26 +0800] "GET /xingrg/javascript/easyui/themes/default/validatebox.css HTTP/1.1" 404 1104
218.81.223.53 - - [04/Jun/2022:07:50:26 +0800] "GET /xingrg/all/function/internal_message.html?_=1654300244669&CODE_STATE=getMsg HTTP/1.1" 200 27
218.81.223.53 - - [04/Jun/2022:07:50:26 +0800] "POST /xingrg/kc/buy/cgsh_order_operate.html HTTP/1.1" 200 1208
58.40.7.146 - - [04/Jun/2022:07:50:26 +0800] "GET /xingrg/all/function/internal_message.html?_=1654300204980&CODE_STATE=getMsg HTTP/1.1" 200 27
58.39.61.91 - - [04/Jun/2022:07:50:29 +0800] "GET /xingrg/all/function/internal_message.html?_=1654300224764&CODE_STATE=getMsg HTTP/1.1" 200 27
58.39.61.91 - - [04/Jun/2022:07:50:29 +0800] "GET /xingrg/check_reg.html?_=1654300224771 HTTP/1.1" 200 22
58.39.61.91 - - [04/Jun/2022:07:50:31 +0800] "GET /xingrg/all/function/internal_message.html?_=1654300184009&CODE_STATE=getMsg HTTP/1.1" 200 27
180.169.147.146 - - [04/Jun/2022:07:50:38 +0800] "GET /xingrg/all/function/internal_message.html?_=1654300237279&CODE_STATE=getMsg HTTP/1.1" 200 27
218.81.223.53 - - [04/Jun/2022:07:50:39 +0800] "GET /xingrg/kc/print/load_config.html?kc_code=cgsh HTTP/1.1" 200 1943
218.81.223.53 - - [04/Jun/2022:07:50:40 +0800] "GET /xingrg/kc/print/load_data.html?order_code=212022060400267&kc_code=cgsh&condition= HTTP/1.1" 200 1016
120.253.135.82 - - [04/Jun/2022:07:50:40 +0800] "GET /xingrg/check_reg.html?_=1654300046308 HTTP/1.1" 200 22
120.253.135.82 - - [04/Jun/2022:07:50:41 +0800] "GET /xingrg/all/function/internal_message.html?_=1654300046652&CODE_STATE=getMsg HTTP/1.1" 200 27
58.35.194.53 - - [04/Jun/2022:07:50:41 +0800] "GET /xingrg/all/function/internal_message.html?_=1654300237631&CODE_STATE=getMsg HTTP/1.1" 200 27
180.175.103.167 - - [04/Jun/2022:07:50:45 +0800] "GET /xingrg/all/function/internal_message.html?_=1654300160381&CODE_STATE=getMsg HTTP/1.1" 200 27
180.175.103.167 - - [04/Jun/2022:07:50:47 +0800] "GET /xingrg/all/function/internal_message.html?_=1654300246960&CODE_STATE=getMsg HTTP/1.1" 200 27
120.253.135.82 - - [04/Jun/2022:07:50:48 +0800] "GET /xingrg/check_reg.html?_=1654300337119 HTTP/1.1" 200 22
116.230.110.173 - - [04/Jun/2022:07:50:53 +0800] "GET /xingrg/all/function/internal_message.html?_=1654300248518&CODE_STATE=getMsg HTTP/1.1" 200 27
58.39.61.91 - - [04/Jun/2022:07:51:01 +0800] "GET /xingrg/check_reg.html?_=1654300214173 HTTP/1.1" 200 22
120.253.135.82 - - [04/Jun/2022:07:51:01 +0800] "GET /xingrg/all/function/internal_message.html?_=1654300349796&CODE_STATE=getMsg HTTP/1.1" 200 27
180.175.103.167 - - [04/Jun/2022:07:51:08 +0800] "GET /xingrg/check_reg.html?_=1654300268055 HTTP/1.1" 200 22
218.81.223.53 - - [04/Jun/2022:07:51:14 +0800] "GET /xingrg/kc/buy/cgsh_order_add.html HTTP/1.1" 200 67528
218.81.223.53 - - [04/Jun/2022:07:51:14 +0800] "POST /xingrg/kc/buy/cgsh_order_operate.html HTTP/1.1" 200 8245
218.81.223.53 - - [04/Jun/2022:07:51:14 +0800] "GET /xingrg/javascript/easyui/themes/default/validatebox.css HTTP/1.1" 404 1104
218.81.223.53 - - [04/Jun/2022:07:51:26 +0800] "GET /xingrg/all/function/internal_message.html?_=1654300304683&CODE_STATE=getMsg HTTP/1.1" 200 27
58.40.7.146 - - [04/Jun/2022:07:51:26 +0800] "GET /xingrg/all/function/internal_message.html?_=1654300264982&CODE_STATE=getMsg HTTP/1.1" 200 27
180.175.103.167 - - [04/Jun/2022:07:51:26 +0800] "GET /xingrg/check_reg.html?_=1654300201613 HTTP/1.1" 200 22
58.39.61.91 - - [04/Jun/2022:07:51:29 +0800] "GET /xingrg/all/function/internal_message.html?_=1654300284770&CODE_STATE=getMsg HTTP/1.1" 200 27
58.39.61.91 - - [04/Jun/2022:07:51:31 +0800] "GET /xingrg/all/function/internal_message.html?_=1654300244010&CODE_STATE=getMsg HTTP/1.1" 200 27
180.169.147.146 - - [04/Jun/2022:07:51:36 +0800] "GET /xingrg/check_reg.html?_=1654300294505 HTTP/1.1" 200 22
180.169.147.146 - - [04/Jun/2022:07:51:38 +0800] "GET /xingrg/all/function/internal_message.html?_=1654300297286&CODE_STATE=getMsg HTTP/1.1" 200 27
120.253.135.82 - - [04/Jun/2022:07:51:41 +0800] "GET /xingrg/all/function/internal_message.html?_=1654300106666&CODE_STATE=getMsg HTTP/1.1" 200 27
58.35.194.53 - - [04/Jun/2022:07:51:41 +0800] "GET /xingrg/all/function/internal_message.html?_=1654300297634&CODE_STATE=getMsg HTTP/1.1" 200 27
218.81.223.53 - - [04/Jun/2022:07:51:45 +0800] "GET /xingrg/kc/buy/cgsh_order_operate.html?command=get_materiel&rest_code=00146&code=00102002453&supplier_code=00100068&order_time=2022-06-03 HTTP/1.1" 200 433
180.175.103.167 - - [04/Jun/2022:07:51:45 +0800] "GET /xingrg/all/function/internal_message.html?_=1654300220351&CODE_STATE=getMsg HTTP/1.1" 200 27
180.175.103.167 - - [04/Jun/2022:07:51:47 +0800] "GET /xingrg/all/function/internal_message.html?_=1654300306936&CODE_STATE=getMsg HTTP/1.1" 200 27
116.230.110.173 - - [04/Jun/2022:07:51:53 +0800] "GET /xingrg/all/function/internal_message.html?_=1654300308536&CODE_STATE=getMsg HTTP/1.1" 200 27
120.253.135.82 - - [04/Jun/2022:07:52:01 +0800] "GET /xingrg/all/function/internal_message.html?_=1654300409810&CODE_STATE=getMsg HTTP/1.1" 200 27
218.81.223.53 - - [04/Jun/2022:07:52:07 +0800] "GET /xingrg/kc/buy/cgsh_order_operate.html?command=get_materiel&rest_code=00146&code=00102002586&supplier_code=00100068&order_time=2022-06-03 HTTP/1.1" 200 419
218.81.223.53 - - [04/Jun/2022:07:52:26 +0800] "GET /xingrg/all/function/internal_message.html?_=1654300364697&CODE_STATE=getMsg HTTP/1.1" 200 27
58.40.7.146 - - [04/Jun/2022:07:52:26 +0800] "GET /xingrg/all/function/internal_message.html?_=1654300324986&CODE_STATE=getMsg HTTP/1.1" 200 27
58.40.7.146 - - [04/Jun/2022:07:52:26 +0800] "GET /xingrg/check_reg.html?_=1654300324988 HTTP/1.1" 200 22
58.39.61.91 - - [04/Jun/2022:07:52:29 +0800] "GET /xingrg/all/function/internal_message.html?_=1654300344768&CODE_STATE=getMsg HTTP/1.1" 200 27
58.39.61.91 - - [04/Jun/2022:07:52:31 +0800] "GET /xingrg/all/function/internal_message.html?_=1654300304023&CODE_STATE=getMsg HTTP/1.1" 200 27
218.81.223.53 - - [04/Jun/2022:07:52:35 +0800] "GET /xingrg/kc/buy/cgsh_order_operate.html?command=get_materiel&rest_code=00146&code=00102002367&supplier_code=00100068&order_time=2022-06-03 HTTP/1.1" 200 429
218.81.223.53 - - [04/Jun/2022:07:52:36 +0800] "GET /xingrg/check_reg.html?_=1654300374542 HTTP/1.1" 200 22
180.169.147.146 - - [04/Jun/2022:07:52:38 +0800] "GET /xingrg/all/function/internal_message.html?_=1654300357291&CODE_STATE=getMsg HTTP/1.1" 200 27
120.253.135.82 - - [04/Jun/2022:07:52:40 +0800] "POST /xingrg/kc/pszx/mdps_list_operate.html HTTP/1.1" 200 5270
58.35.194.53 - - [04/Jun/2022:07:52:41 +0800] "GET /xingrg/all/function/internal_message.html?_=1654300357620&CODE_STATE=getMsg HTTP/1.1" 200 27
120.253.135.82 - - [04/Jun/2022:07:52:41 +0800] "GET /xingrg/all/function/internal_message.html?_=1654300166795&CODE_STATE=getMsg HTTP/1.1" 200 27
120.253.135.82 - - [04/Jun/2022:07:52:43 +0800] "POST /xingrg/kc/pszx/mdps_list_operate.html HTTP/1.1" 200 295
120.253.135.82 - - [04/Jun/2022:07:52:44 +0800] "GET /xingrg/kc/pszx/mdps_order_info.html?code=312022060400100 HTTP/1.1" 200 23970
120.253.135.82 - - [04/Jun/2022:07:52:44 +0800] "POST /xingrg/kc/pszx/mdps_order_operate.html HTTP/1.1" 200 2785
120.253.135.82 - - [04/Jun/2022:07:52:44 +0800] "GET /xingrg/javascript/easyui/themes/default/validatebox.css HTTP/1.1" 404 1104
180.175.103.167 - - [04/Jun/2022:07:52:45 +0800] "GET /xingrg/all/function/internal_message.html?_=1654300280337&CODE_STATE=getMsg HTTP/1.1" 200 27
180.175.103.167 - - [04/Jun/2022:07:52:47 +0800] "GET /xingrg/all/function/internal_message.html?_=1654300366910&CODE_STATE=getMsg HTTP/1.1" 200 27
116.230.110.173 - - [04/Jun/2022:07:52:53 +0800] "GET /xingrg/all/function/internal_message.html?_=1654300368528&CODE_STATE=getMsg HTTP/1.1" 200 27
218.81.223.53 - - [04/Jun/2022:07:52:54 +0800] "POST /xingrg/kc/buy/cgsh_order_operate.html HTTP/1.1" 200 37
218.81.223.53 - - [04/Jun/2022:07:52:57 +0800] "POST /xingrg/kc/buy/cgsh_order_operate.html HTTP/1.1" 200 12
218.81.223.53 - - [04/Jun/2022:07:52:59 +0800] "GET /xingrg/kc/buy/cgsh_order_info.html?code=212022060400268 HTTP/1.1" 200 62433
218.81.223.53 - - [04/Jun/2022:07:52:59 +0800] "GET /xingrg/javascript/easyui/themes/default/validatebox.css HTTP/1.1" 404 1104
218.81.223.53 - - [04/Jun/2022:07:53:00 +0800] "POST /xingrg/kc/buy/cgsh_order_operate.html HTTP/1.1" 200 1813
120.253.135.82 - - [04/Jun/2022:07:53:01 +0800] "GET /xingrg/all/function/internal_message.html?_=1654300469966&CODE_STATE=getMsg HTTP/1.1" 200 27
218.81.223.53 - - [04/Jun/2022:07:53:02 +0800] "GET /xingrg/kc/print/load_data.html?order_code=212022060400268&kc_code=cgsh&condition= HTTP/1.1" 200 1227
218.81.223.53 - - [04/Jun/2022:07:53:26 +0800] "GET /xingrg/all/function/internal_message.html?_=1654300424710&CODE_STATE=getMsg HTTP/1.1" 200 27
58.40.7.146 - - [04/Jun/2022:07:53:26 +0800] "GET /xingrg/all/function/internal_message.html?_=1654300384989&CODE_STATE=getMsg HTTP/1.1" 200 27
218.81.223.53 - - [04/Jun/2022:07:53:29 +0800] "GET /xingrg/kc/buy/cgsh_order_add.html HTTP/1.1" 200 67528
58.39.61.91 - - [04/Jun/2022:07:53:29 +0800] "GET /xingrg/all/function/internal_message.html?_=1654300404766&CODE_STATE=getMsg HTTP/1.1" 200 27
218.81.223.53 - - [04/Jun/2022:07:53:29 +0800] "POST /xingrg/kc/buy/cgsh_order_operate.html HTTP/1.1" 200 8245
218.81.223.53 - - [04/Jun/2022:07:53:29 +0800] "GET /xingrg/javascript/easyui/themes/default/validatebox.css HTTP/1.1" 404 1104
58.39.61.91 - - [04/Jun/2022:07:53:31 +0800] "GET /xingrg/all/function/internal_message.html?_=1654300364096&CODE_STATE=getMsg HTTP/1.1" 200 27
180.169.147.146 - - [04/Jun/2022:07:53:38 +0800] "GET /xingrg/check_reg.html?_=1654300417291 HTTP/1.1" 200 22
180.169.147.146 - - [04/Jun/2022:07:53:38 +0800] "GET /xingrg/all/function/internal_message.html?_=1654300417289&CODE_STATE=getMsg HTTP/1.1" 200 27
58.35.194.53 - - [04/Jun/2022:07:53:41 +0800] "GET /xingrg/all/function/internal_message.html?_=1654300417621&CODE_STATE=getMsg HTTP/1.1" 200 27
120.253.135.82 - - [04/Jun/2022:07:53:41 +0800] "GET /xingrg/all/function/internal_message.html?_=1654300226822&CODE_STATE=getMsg HTTP/1.1" 200 27
180.175.103.167 - - [04/Jun/2022:07:53:45 +0800] "GET /xingrg/all/function/internal_message.html?_=1654300340306&CODE_STATE=getMsg HTTP/1.1" 200 27
120.253.135.82 - - [04/Jun/2022:07:53:45 +0800] "POST /xingrg/kc/pszx/mdps_list_operate.html HTTP/1.1" 200 5270
180.175.103.167 - - [04/Jun/2022:07:53:47 +0800] "GET /xingrg/all/function/internal_message.html?_=1654300426882&CODE_STATE=getMsg HTTP/1.1" 200 27
116.230.110.173 - - [04/Jun/2022:07:53:53 +0800] "GET /xingrg/all/function/internal_message.html?_=1654300428520&CODE_STATE=getMsg HTTP/1.1" 200 27
120.253.135.82 - - [04/Jun/2022:07:53:54 +0800] "POST /xingrg/kc/pszx/mdps_list_operate.html HTTP/1.1" 200 295
120.253.135.82 - - [04/Jun/2022:07:53:58 +0800] "POST /xingrg/kc/pszx/mdps_list_operate.html HTTP/1.1" 200 590
218.81.223.53 - - [04/Jun/2022:07:53:59 +0800] "GET /xingrg/kc/buy/cgsh_order_operate.html?command=get_materiel&rest_code=00146&code=00101002022&supplier_code=00100199&order_time=2022-06-03 HTTP/1.1" 200 428
120.253.135.82 - - [04/Jun/2022:07:54:01 +0800] "GET /xingrg/all/function/internal_message.html?_=1654300529978&CODE_STATE=getMsg HTTP/1.1" 200 27
120.253.135.82 - - [04/Jun/2022:07:54:02 +0800] "POST /xingrg/kc/pszx/mdps_list_operate.html HTTP/1.1" 200 663
120.253.135.82 - - [04/Jun/2022:07:54:04 +0800] "POST /xingrg/kc/pszx/mdps_list_operate.html HTTP/1.1" 200 287
120.253.135.82 - - [04/Jun/2022:07:54:07 +0800] "GET /xingrg/kc/pszx/mdps_order_info.html?code=312022060400102 HTTP/1.1" 200 23970
120.253.135.82 - - [04/Jun/2022:07:54:07 +0800] "POST /xingrg/kc/pszx/mdps_order_operate.html HTTP/1.1" 200 2794
120.253.135.82 - - [04/Jun/2022:07:54:07 +0800] "GET /xingrg/javascript/easyui/themes/default/validatebox.css HTTP/1.1" 404 1104
120.253.135.82 - - [04/Jun/2022:07:54:13 +0800] "POST /xingrg/kc/pszx/mdps_list_operate.html HTTP/1.1" 200 5270
120.253.135.82 - - [04/Jun/2022:07:54:18 +0800] "POST /xingrg/kc/pszx/mdps_list_operate.html HTTP/1.1" 200 221
218.81.223.53 - - [04/Jun/2022:07:54:23 +0800] "GET /xingrg/kc/buy/cgsh_order_operate.html?command=get_materiel&rest_code=00146&code=00101002027&supplier_code=00100199&order_time=2022-06-03 HTTP/1.1" 200 435
218.81.223.53 - - [04/Jun/2022:07:54:26 +0800] "GET /xingrg/all/function/internal_message.html?_=1654300484724&CODE_STATE=getMsg HTTP/1.1" 200 27
58.40.7.146 - - [04/Jun/2022:07:54:26 +0800] "GET /xingrg/all/function/internal_message.html?_=1654300444978&CODE_STATE=getMsg HTTP/1.1" 200 27
58.39.61.91 - - [04/Jun/2022:07:54:29 +0800] "GET /xingrg/all/function/internal_message.html?_=1654300464764&CODE_STATE=getMsg HTTP/1.1" 200 27
58.39.61.91 - - [04/Jun/2022:07:54:31 +0800] "GET /xingrg/all/function/internal_message.html?_=1654300424114&CODE_STATE=getMsg HTTP/1.1" 200 27
120.253.135.82 - - [04/Jun/2022:07:54:31 +0800] "POST /xingrg/kc/pszx/mdps_list_operate.html HTTP/1.1" 200 5420
120.253.135.82 - - [04/Jun/2022:07:54:35 +0800] "POST /xingrg/kc/pszx/mdps_list_operate.html HTTP/1.1" 200 359
180.169.147.146 - - [04/Jun/2022:07:54:38 +0800] "GET /xingrg/all/function/internal_message.html?_=1654300477293&CODE_STATE=getMsg HTTP/1.1" 200 27
58.35.194.53 - - [04/Jun/2022:07:54:41 +0800] "GET /xingrg/all/function/internal_message.html?_=1654300477623&CODE_STATE=getMsg HTTP/1.1" 200 27
58.35.194.53 - - [04/Jun/2022:07:54:41 +0800] "GET /xingrg/check_reg.html?_=1654300477624 HTTP/1.1" 200 22
120.253.135.82 - - [04/Jun/2022:07:54:41 +0800] "POST /xingrg/kc/pszx/mdps_list_operate.html HTTP/1.1" 200 201
120.253.135.82 - - [04/Jun/2022:07:54:41 +0800] "GET /xingrg/all/function/internal_message.html?_=1654300286838&CODE_STATE=getMsg HTTP/1.1" 200 27
218.81.223.53 - - [04/Jun/2022:07:54:43 +0800] "POST /xingrg/kc/buy/cgsh_order_operate.html HTTP/1.1" 200 37
180.175.103.167 - - [04/Jun/2022:07:54:45 +0800] "GET /xingrg/all/function/internal_message.html?_=1654300400292&CODE_STATE=getMsg HTTP/1.1" 200 27
180.175.103.167 - - [04/Jun/2022:07:54:47 +0800] "GET /xingrg/all/function/internal_message.html?_=1654300486887&CODE_STATE=getMsg HTTP/1.1" 200 27
218.81.223.53 - - [04/Jun/2022:07:54:48 +0800] "POST /xingrg/kc/buy/cgsh_order_operate.html HTTP/1.1" 200 12
218.81.223.53 - - [04/Jun/2022:07:54:50 +0800] "GET /xingrg/kc/buy/cgsh_order_info.html?code=212022060400269 HTTP/1.1" 200 62429
218.81.223.53 - - [04/Jun/2022:07:54:51 +0800] "GET /xingrg/javascript/easyui/themes/default/validatebox.css HTTP/1.1" 404 1104
218.81.223.53 - - [04/Jun/2022:07:54:51 +0800] "POST /xingrg/kc/buy/cgsh_order_operate.html HTTP/1.1" 200 1207
116.230.110.173 - - [04/Jun/2022:07:54:53 +0800] "GET /xingrg/check_reg.html?_=1654300488531 HTTP/1.1" 200 22
116.230.110.173 - - [04/Jun/2022:07:54:53 +0800] "GET /xingrg/all/function/internal_message.html?_=1654300488533&CODE_STATE=getMsg HTTP/1.1" 200 27
218.81.223.53 - - [04/Jun/2022:07:54:55 +0800] "GET /xingrg/kc/print/load_data.html?order_code=212022060400269&kc_code=cgsh&condition= HTTP/1.1" 200 929
120.253.135.82 - - [04/Jun/2022:07:55:02 +0800] "GET /xingrg/all/function/internal_message.html?_=1654300590142&CODE_STATE=getMsg HTTP/1.1" 200 27
120.253.135.82 - - [04/Jun/2022:07:55:09 +0800] "POST /xingrg/kc/pszx/mdps_list_operate.html HTTP/1.1" 200 631
120.253.135.82 - - [04/Jun/2022:07:55:10 +0800] "GET /xingrg/kc/pszx/mdps_order_info.html?code=312022060400108 HTTP/1.1" 200 23976
120.253.135.82 - - [04/Jun/2022:07:55:10 +0800] "GET /xingrg/javascript/easyui/themes/default/validatebox.css HTTP/1.1" 404 1104
120.253.135.82 - - [04/Jun/2022:07:55:10 +0800] "POST /xingrg/kc/pszx/mdps_order_operate.html HTTP/1.1" 200 9482
218.81.223.53 - - [04/Jun/2022:07:55:26 +0800] "GET /xingrg/all/function/internal_message.html?_=1654300544738&CODE_STATE=getMsg HTTP/1.1" 200 27
58.40.7.146 - - [04/Jun/2022:07:55:26 +0800] "GET /xingrg/all/function/internal_message.html?_=1654300504980&CODE_STATE=getMsg HTTP/1.1" 200 27
58.39.61.91 - - [04/Jun/2022:07:55:29 +0800] "GET /xingrg/all/function/internal_message.html?_=1654300524763&CODE_STATE=getMsg HTTP/1.1" 200 27
58.39.61.91 - - [04/Jun/2022:07:55:29 +0800] "GET /xingrg/check_reg.html?_=1654300524764 HTTP/1.1" 200 22
58.39.61.91 - - [04/Jun/2022:07:55:31 +0800] "GET /xingrg/all/function/internal_message.html?_=1654300484185&CODE_STATE=getMsg HTTP/1.1" 200 27
180.169.147.146 - - [04/Jun/2022:07:55:38 +0800] "GET /xingrg/all/function/internal_message.html?_=1654300537293&CODE_STATE=getMsg HTTP/1.1" 200 27
120.253.135.82 - - [04/Jun/2022:07:55:40 +0800] "GET /xingrg/check_reg.html?_=1654300346314 HTTP/1.1" 200 22
58.35.194.53 - - [04/Jun/2022:07:55:41 +0800] "GET /xingrg/all/function/internal_message.html?_=1654300537625&CODE_STATE=getMsg HTTP/1.1" 200 27
120.253.135.82 - - [04/Jun/2022:07:55:41 +0800] "GET /xingrg/all/function/internal_message.html?_=1654300346844&CODE_STATE=getMsg HTTP/1.1" 200 27
114.84.82.172 - - [04/Jun/2022:07:55:43 +0800] "POST /xingrg/services/DataTransmitService HTTP/1.1" 200 524
180.175.103.167 - - [04/Jun/2022:07:55:45 +0800] "GET /xingrg/all/function/internal_message.html?_=1654300460278&CODE_STATE=getMsg HTTP/1.1" 200 27
180.175.103.167 - - [04/Jun/2022:07:55:47 +0800] "GET /xingrg/all/function/internal_message.html?_=1654300546863&CODE_STATE=getMsg HTTP/1.1" 200 27
120.253.135.82 - - [04/Jun/2022:07:55:48 +0800] "GET /xingrg/check_reg.html?_=1654300637124 HTTP/1.1" 200 22
116.230.110.173 - - [04/Jun/2022:07:55:53 +0800] "GET /xingrg/all/function/internal_message.html?_=1654300548530&CODE_STATE=getMsg HTTP/1.1" 200 27
58.39.61.91 - - [04/Jun/2022:07:56:01 +0800] "GET /xingrg/check_reg.html?_=1654300514173 HTTP/1.1" 200 22
120.253.135.82 - - [04/Jun/2022:07:56:02 +0800] "GET /xingrg/all/function/internal_message.html?_=1654300650145&CODE_STATE=getMsg HTTP/1.1" 200 27
218.81.223.53 - - [04/Jun/2022:07:56:03 +0800] "GET /xingrg/kc/buy/cgsh_order_add.html HTTP/1.1" 200 67528
218.81.223.53 - - [04/Jun/2022:07:56:04 +0800] "POST /xingrg/kc/buy/cgsh_order_operate.html HTTP/1.1" 200 8245
218.81.223.53 - - [04/Jun/2022:07:56:04 +0800] "GET /xingrg/javascript/easyui/themes/default/validatebox.css HTTP/1.1" 404 1104
180.175.103.167 - - [04/Jun/2022:07:56:08 +0800] "GET /xingrg/check_reg.html?_=1654300568080 HTTP/1.1" 200 22
218.81.223.53 - - [04/Jun/2022:07:56:24 +0800] "GET /xingrg/kc/buy/cgsh_order_operate.html?command=get_materiel&rest_code=00146&code=00101006111&supplier_code=00100012&order_time=2022-06-03 HTTP/1.1" 200 409
218.81.223.53 - - [04/Jun/2022:07:56:26 +0800] "GET /xingrg/all/function/internal_message.html?_=1654300604751&CODE_STATE=getMsg HTTP/1.1" 200 27
58.40.7.146 - - [04/Jun/2022:07:56:26 +0800] "GET /xingrg/all/function/internal_message.html?_=1654300564982&CODE_STATE=getMsg HTTP/1.1" 200 27
180.175.103.167 - - [04/Jun/2022:07:56:26 +0800] "GET /xingrg/check_reg.html?_=1654300501590 HTTP/1.1" 200 22
58.39.61.91 - - [04/Jun/2022:07:56:29 +0800] "GET /xingrg/all/function/internal_message.html?_=1654300584763&CODE_STATE=getMsg HTTP/1.1" 200 27
58.39.61.91 - - [04/Jun/2022:07:56:31 +0800] "GET /xingrg/all/function/internal_message.html?_=1654300544186&CODE_STATE=getMsg HTTP/1.1" 200 27
180.169.147.146 - - [04/Jun/2022:07:56:36 +0800] "GET /xingrg/check_reg.html?_=1654300594478 HTTP/1.1" 200 22
180.169.147.146 - - [04/Jun/2022:07:56:38 +0800] "GET /xingrg/all/function/internal_message.html?_=1654300597293&CODE_STATE=getMsg HTTP/1.1" 200 27
58.35.194.53 - - [04/Jun/2022:07:56:41 +0800] "GET /xingrg/all/function/internal_message.html?_=1654300597626&CODE_STATE=getMsg HTTP/1.1" 200 27
120.253.135.82 - - [04/Jun/2022:07:56:41 +0800] "GET /xingrg/all/function/internal_message.html?_=1654300406859&CODE_STATE=getMsg HTTP/1.1" 200 27
180.175.103.167 - - [04/Jun/2022:07:56:45 +0800] "GET /xingrg/all/function/internal_message.html?_=1654300520249&CODE_STATE=getMsg HTTP/1.1" 200 27
180.175.103.167 - - [04/Jun/2022:07:56:47 +0800] "GET /xingrg/all/function/internal_message.html?_=1654300606835&CODE_STATE=getMsg HTTP/1.1" 200 27
116.230.110.173 - - [04/Jun/2022:07:56:53 +0800] "GET /xingrg/all/function/internal_message.html?_=1654300608516&CODE_STATE=getMsg HTTP/1.1" 200 27
218.81.223.53 - - [04/Jun/2022:07:56:53 +0800] "GET /xingrg/kc/buy/cgsh_order_operate.html?command=get_materiel&rest_code=00146&code=00101006065&supplier_code=00100012&order_time=2022-06-03 HTTP/1.1" 200 424
120.253.135.82 - - [04/Jun/2022:07:57:02 +0800] "GET /xingrg/all/function/internal_message.html?_=1654300710158&CODE_STATE=getMsg HTTP/1.1" 200 27
218.81.223.53 - - [04/Jun/2022:07:57:18 +0800] "GET /xingrg/kc/buy/cgsh_order_operate.html?command=get_materiel&rest_code=00146&code=00101006184&supplier_code=00100012&order_time=2022-06-03 HTTP/1.1" 200 408
218.81.223.53 - - [04/Jun/2022:07:57:26 +0800] "GET /xingrg/all/function/internal_message.html?_=1654300664798&CODE_STATE=getMsg HTTP/1.1" 200 27
58.40.7.146 - - [04/Jun/2022:07:57:26 +0800] "GET /xingrg/all/function/internal_message.html?_=1654300624984&CODE_STATE=getMsg HTTP/1.1" 200 27
58.40.7.146 - - [04/Jun/2022:07:57:26 +0800] "GET /xingrg/check_reg.html?_=1654300624985 HTTP/1.1" 200 22
58.39.61.91 - - [04/Jun/2022:07:57:29 +0800] "GET /xingrg/all/function/internal_message.html?_=1654300644760&CODE_STATE=getMsg HTTP/1.1" 200 27
58.39.61.91 - - [04/Jun/2022:07:57:31 +0800] "GET /xingrg/all/function/internal_message.html?_=1654300604199&CODE_STATE=getMsg HTTP/1.1" 200 27
218.81.223.53 - - [04/Jun/2022:07:57:34 +0800] "POST /xingrg/kc/buy/cgsh_order_operate.html HTTP/1.1" 200 37
180.169.147.146 - - [04/Jun/2022:07:57:38 +0800] "GET /xingrg/all/function/internal_message.html?_=1654300657290&CODE_STATE=getMsg HTTP/1.1" 200 27
218.81.223.53 - - [04/Jun/2022:07:57:39 +0800] "POST /xingrg/kc/buy/cgsh_order_operate.html HTTP/1.1" 200 12
58.35.194.53 - - [04/Jun/2022:07:57:41 +0800] "GET /xingrg/all/function/internal_message.html?_=1654300657627&CODE_STATE=getMsg HTTP/1.1" 200 27
120.253.135.82 - - [04/Jun/2022:07:57:41 +0800] "GET /xingrg/all/function/internal_message.html?_=1654300466894&CODE_STATE=getMsg HTTP/1.1" 200 27
218.81.223.53 - - [04/Jun/2022:07:57:42 +0800] "GET /xingrg/kc/buy/cgsh_order_info.html?code=212022060400270 HTTP/1.1" 200 62431
218.81.223.53 - - [04/Jun/2022:07:57:42 +0800] "GET /xingrg/javascript/easyui/themes/default/validatebox.css HTTP/1.1" 404 1104
218.81.223.53 - - [04/Jun/2022:07:57:42 +0800] "GET /xingrg/check_reg.html?_=1654300680895 HTTP/1.1" 200 22
218.81.223.53 - - [04/Jun/2022:07:57:43 +0800] "POST /xingrg/kc/buy/cgsh_order_operate.html HTTP/1.1" 200 1794
218.81.223.53 - - [04/Jun/2022:07:57:44 +0800] "GET /xingrg/kc/print/load_data.html?order_code=212022060400270&kc_code=cgsh&condition= HTTP/1.1" 200 1255
180.175.103.167 - - [04/Jun/2022:07:57:45 +0800] "GET /xingrg/all/function/internal_message.html?_=1654300580235&CODE_STATE=getMsg HTTP/1.1" 200 27
180.175.103.167 - - [04/Jun/2022:07:57:47 +0800] "GET /xingrg/all/function/internal_message.html?_=1654300666808&CODE_STATE=getMsg HTTP/1.1" 200 27
116.230.110.173 - - [04/Jun/2022:07:57:53 +0800] "GET /xingrg/all/function/internal_message.html?_=1654300668531&CODE_STATE=getMsg HTTP/1.1" 200 27
180.175.103.167 - - [04/Jun/2022:07:57:57 +0800] "GET /xingrg/kc/buy/cgsh_order_list.html HTTP/1.1" 200 51746
180.175.103.167 - - [04/Jun/2022:07:57:58 +0800] "POST /xingrg/kc/buy/cgsh_list_operate.html HTTP/1.1" 200 876
116.237.75.237 - - [04/Jun/2022:07:57:58 +0800] "POST /xingrg/services/DataTransmitService HTTP/1.1" 200 524
180.175.103.167 - - [04/Jun/2022:07:57:59 +0800] "GET /xingrg/kc/buy/cgsh_order_add.html HTTP/1.1" 200 67610
180.175.103.167 - - [04/Jun/2022:07:57:59 +0800] "GET /xingrg/words/20220603115358_words.js HTTP/1.1" 304 -
180.175.103.167 - - [04/Jun/2022:07:57:59 +0800] "POST /xingrg/kc/buy/cgsh_order_operate.html HTTP/1.1" 200 8245
180.175.103.167 - - [04/Jun/2022:07:57:59 +0800] "GET /xingrg/all/common/auto_word.html?type=employee&rest_code=00105 HTTP/1.1" 200 193
180.175.103.167 - - [04/Jun/2022:07:57:59 +0800] "GET /xingrg/all/common/auto_word.html?type=employee&rest_code=00105 HTTP/1.1" 200 193
180.175.103.167 - - [04/Jun/2022:07:57:59 +0800] "GET /xingrg/javascript/easyui/themes/default/validatebox.css HTTP/1.1" 404 1104
120.253.135.82 - - [04/Jun/2022:07:58:02 +0800] "GET /xingrg/all/function/internal_message.html?_=1654300770324&CODE_STATE=getMsg HTTP/1.1" 200 27
218.81.223.53 - - [04/Jun/2022:07:58:21 +0800] "GET /xingrg/kc/buy/cgsh_order_add.html HTTP/1.1" 200 67528
218.81.223.53 - - [04/Jun/2022:07:58:22 +0800] "POST /xingrg/kc/buy/cgsh_order_operate.html HTTP/1.1" 200 8245
218.81.223.53 - - [04/Jun/2022:07:58:22 +0800] "GET /xingrg/javascript/easyui/themes/default/validatebox.css HTTP/1.1" 404 1104
218.81.223.53 - - [04/Jun/2022:07:58:26 +0800] "GET /xingrg/all/function/internal_message.html?_=1654300724810&CODE_STATE=getMsg HTTP/1.1" 200 27
58.40.7.146 - - [04/Jun/2022:07:58:26 +0800] "GET /xingrg/all/function/internal_message.html?_=1654300684987&CODE_STATE=getMsg HTTP/1.1" 200 27
58.39.61.91 - - [04/Jun/2022:07:58:29 +0800] "GET /xingrg/all/function/internal_message.html?_=1654300704760&CODE_STATE=getMsg HTTP/1.1" 200 27
58.39.61.91 - - [04/Jun/2022:07:58:31 +0800] "GET /xingrg/all/function/internal_message.html?_=1654300664276&CODE_STATE=getMsg HTTP/1.1" 200 27
180.169.147.146 - - [04/Jun/2022:07:58:38 +0800] "GET /xingrg/all/function/internal_message.html?_=1654300717290&CODE_STATE=getMsg HTTP/1.1" 200 27
180.169.147.146 - - [04/Jun/2022:07:58:38 +0800] "GET /xingrg/check_reg.html?_=1654300717291 HTTP/1.1" 200 22
180.175.103.167 - - [04/Jun/2022:07:58:38 +0800] "GET /xingrg/kc/buy/cgsh_order_operate.html?command=get_materiel&rest_code=00105&code=00101006111&supplier_code=00100012&order_time=2022-06-04 HTTP/1.1" 200 409
58.35.194.53 - - [04/Jun/2022:07:58:41 +0800] "GET /xingrg/all/function/internal_message.html?_=1654300717629&CODE_STATE=getMsg HTTP/1.1" 200 27
120.253.135.82 - - [04/Jun/2022:07:58:41 +0800] "GET /xingrg/all/function/internal_message.html?_=1654300526901&CODE_STATE=getMsg HTTP/1.1" 200 27
180.175.103.167 - - [04/Jun/2022:07:58:45 +0800] "GET /xingrg/all/function/internal_message.html?_=1654300640221&CODE_STATE=getMsg HTTP/1.1" 200 27
180.175.103.167 - - [04/Jun/2022:07:58:47 +0800] "GET /xingrg/all/function/internal_message.html?_=1654300726841&CODE_STATE=getMsg HTTP/1.1" 200 27
120.253.135.82 - - [04/Jun/2022:07:58:50 +0800] "POST /xingrg/kc/pszx/mdps_list_operate.html HTTP/1.1" 200 5420
116.230.110.173 - - [04/Jun/2022:07:58:53 +0800] "GET /xingrg/all/function/internal_message.html?_=1654300728530&CODE_STATE=getMsg HTTP/1.1" 200 27
218.81.223.53 - - [04/Jun/2022:07:58:56 +0800] "GET /xingrg/kc/buy/cgsh_order_operate.html?command=get_materiel&rest_code=00146&code=00101008087&supplier_code=00100005&order_time=2022-06-03 HTTP/1.1" 200 433
180.175.103.167 - - [04/Jun/2022:07:58:59 +0800] "GET /xingrg/kc/buy/cgsh_order_operate.html?command=get_materiel&rest_code=00105&code=00101006129&supplier_code=00100012&order_time=2022-06-04 HTTP/1.1" 200 452
120.253.135.82 - - [04/Jun/2022:07:59:01 +0800] "POST /xingrg/kc/pszx/mdps_list_operate.html HTTP/1.1" 200 287
120.253.135.82 - - [04/Jun/2022:07:59:02 +0800] "GET /xingrg/kc/pszx/mdps_order_info.html?code=312022060400107 HTTP/1.1" 200 23970
120.253.135.82 - - [04/Jun/2022:07:59:02 +0800] "GET /xingrg/all/function/internal_message.html?_=1654300830326&CODE_STATE=getMsg HTTP/1.1" 200 27
120.253.135.82 - - [04/Jun/2022:07:59:02 +0800] "POST /xingrg/kc/pszx/mdps_order_operate.html HTTP/1.1" 200 2791
120.253.135.82 - - [04/Jun/2022:07:59:02 +0800] "GET /xingrg/javascript/easyui/themes/default/validatebox.css HTTP/1.1" 404 1104
120.253.135.82 - - [04/Jun/2022:07:59:05 +0800] "GET /xingrg/kc/print/load_data.html?order_code=312022060400107&kc_code=mdps&condition= HTTP/1.1" 200 904
218.81.223.53 - - [04/Jun/2022:07:59:12 +0800] "GET /xingrg/kc/buy/cgsh_order_operate.html?command=get_materiel&rest_code=00146&code=00101008185&supplier_code=00100005&order_time=2022-06-03 HTTP/1.1" 200 408
180.175.103.167 - - [04/Jun/2022:07:59:23 +0800] "GET /xingrg/kc/buy/cgsh_order_operate.html?command=get_materiel&rest_code=00105&code=00101006177&supplier_code=00100012&order_time=2022-06-04 HTTP/1.1" 200 409
218.81.223.53 - - [04/Jun/2022:07:59:26 +0800] "GET /xingrg/kc/buy/cgsh_order_operate.html?command=get_materiel&rest_code=00146&code=00101008321&supplier_code=00100005&order_time=2022-06-03 HTTP/1.1" 200 412
218.81.223.53 - - [04/Jun/2022:07:59:26 +0800] "GET /xingrg/all/function/internal_message.html?_=1654300784834&CODE_STATE=getMsg HTTP/1.1" 200 27
58.40.7.146 - - [04/Jun/2022:07:59:26 +0800] "GET /xingrg/all/function/internal_message.html?_=1654300744988&CODE_STATE=getMsg HTTP/1.1" 200 27
58.39.61.91 - - [04/Jun/2022:07:59:29 +0800] "GET /xingrg/all/function/internal_message.html?_=1654300764781&CODE_STATE=getMsg HTTP/1.1" 200 27
58.39.61.91 - - [04/Jun/2022:07:59:31 +0800] "GET /xingrg/all/function/internal_message.html?_=1654300724289&CODE_STATE=getMsg HTTP/1.1" 200 27
180.175.103.167 - - [04/Jun/2022:07:59:31 +0800] "POST /xingrg/kc/buy/cgsh_order_operate.html HTTP/1.1" 200 37
180.175.103.167 - - [04/Jun/2022:07:59:32 +0800] "POST /xingrg/kc/buy/cgsh_order_operate.html HTTP/1.1" 200 3866
180.175.103.167 - - [04/Jun/2022:07:59:34 +0800] "GET /xingrg/kc/print/load_config.html?kc_code=cgsh HTTP/1.1" 200 1943
180.175.103.167 - - [04/Jun/2022:07:59:34 +0800] "GET /xingrg/kc/print/load_data.html?order_code=212022060400271&kc_code=cgsh&condition= HTTP/1.1" 200 1240
180.169.147.146 - - [04/Jun/2022:07:59:38 +0800] "GET /xingrg/all/function/internal_message.html?_=1654300777288&CODE_STATE=getMsg HTTP/1.1" 200 27
58.35.194.53 - - [04/Jun/2022:07:59:41 +0800] "GET /xingrg/check_reg.html?_=1654300777633 HTTP/1.1" 200 22
58.35.194.53 - - [04/Jun/2022:07:59:41 +0800] "GET /xingrg/all/function/internal_message.html?_=1654300777634&CODE_STATE=getMsg HTTP/1.1" 200 27
120.253.135.82 - - [04/Jun/2022:07:59:41 +0800] "GET /xingrg/all/function/internal_message.html?_=1654300586915&CODE_STATE=getMsg HTTP/1.1" 200 27
180.175.103.167 - - [04/Jun/2022:07:59:45 +0800] "GET /xingrg/all/function/internal_message.html?_=1654300700205&CODE_STATE=getMsg HTTP/1.1" 200 27
180.175.103.167 - - [04/Jun/2022:07:59:47 +0800] "GET /xingrg/all/function/internal_message.html?_=1654300786815&CODE_STATE=getMsg HTTP/1.1" 200 27
116.230.110.173 - - [04/Jun/2022:07:59:53 +0800] "GET /xingrg/all/function/internal_message.html?_=1654300788527&CODE_STATE=getMsg HTTP/1.1" 200 27
116.230.110.173 - - [04/Jun/2022:07:59:53 +0800] "GET /xingrg/check_reg.html?_=1654300788529 HTTP/1.1" 200 22
218.81.223.53 - - [04/Jun/2022:08:00:01 +0800] "GET /xingrg/kc/buy/cgsh_order_operate.html?command=get_materiel&rest_code=00146&code=00101008144&supplier_code=00100005&order_time=2022-06-03 HTTP/1.1" 200 413
120.253.135.82 - - [04/Jun/2022:08:00:02 +0800] "GET /xingrg/all/function/internal_message.html?_=1654300890482&CODE_STATE=getMsg HTTP/1.1" 200 27
218.81.223.53 - - [04/Jun/2022:08:00:26 +0800] "GET /xingrg/all/function/internal_message.html?_=1654300844836&CODE_STATE=getMsg HTTP/1.1" 200 27
58.40.7.146 - - [04/Jun/2022:08:00:26 +0800] "GET /xingrg/all/function/internal_message.html?_=1654300804991&CODE_STATE=getMsg HTTP/1.1" 200 27
218.81.223.53 - - [04/Jun/2022:08:00:27 +0800] "GET /xingrg/kc/buy/cgsh_order_operate.html?command=get_materiel&rest_code=00146&code=00101008502&supplier_code=00100005&order_time=2022-06-03 HTTP/1.1" 200 432
58.39.61.91 - - [04/Jun/2022:08:00:29 +0800] "GET /xingrg/all/function/internal_message.html?_=1654300824781&CODE_STATE=getMsg HTTP/1.1" 200 27
58.39.61.91 - - [04/Jun/2022:08:00:29 +0800] "GET /xingrg/check_reg.html?_=1654300824787 HTTP/1.1" 200 22
58.39.61.91 - - [04/Jun/2022:08:00:31 +0800] "GET /xingrg/all/function/internal_message.html?_=1654300784368&CODE_STATE=getMsg HTTP/1.1" 200 27
180.169.147.146 - - [04/Jun/2022:08:00:38 +0800] "GET /xingrg/all/function/internal_message.html?_=1654300837288&CODE_STATE=getMsg HTTP/1.1" 200 27
120.253.135.82 - - [04/Jun/2022:08:00:40 +0800] "GET /xingrg/check_reg.html?_=1654300646319 HTTP/1.1" 200 22
58.35.194.53 - - [04/Jun/2022:08:00:41 +0800] "GET /xingrg/all/function/internal_message.html?_=1654300837620&CODE_STATE=getMsg HTTP/1.1" 200 27
120.253.135.82 - - [04/Jun/2022:08:00:41 +0800] "GET /xingrg/all/function/internal_message.html?_=1654300646929&CODE_STATE=getMsg HTTP/1.1" 200 27
180.175.103.167 - - [04/Jun/2022:08:00:45 +0800] "GET /xingrg/all/function/internal_message.html?_=1654300760191&CODE_STATE=getMsg HTTP/1.1" 200 27
180.175.103.167 - - [04/Jun/2022:08:00:47 +0800] "GET /xingrg/all/function/internal_message.html?_=1654300846785&CODE_STATE=getMsg HTTP/1.1" 200 27
120.253.135.82 - - [04/Jun/2022:08:00:49 +0800] "GET /xingrg/check_reg.html?_=1654300937127 HTTP/1.1" 200 22
180.175.103.167 - - [04/Jun/2022:08:00:49 +0800] "GET /xingrg/kc/buy/cgsh_order_add.html HTTP/1.1" 200 67610
180.175.103.167 - - [04/Jun/2022:08:00:50 +0800] "POST /xingrg/kc/buy/cgsh_order_operate.html HTTP/1.1" 200 8245
180.175.103.167 - - [04/Jun/2022:08:00:50 +0800] "GET /xingrg/javascript/easyui/themes/default/validatebox.css HTTP/1.1" 404 1104
218.81.223.53 - - [04/Jun/2022:08:00:51 +0800] "GET /xingrg/kc/buy/cgsh_order_operate.html?command=get_materiel&rest_code=00146&code=00101008300&supplier_code=00100005&order_time=2022-06-03 HTTP/1.1" 200 433
116.230.110.173 - - [04/Jun/2022:08:00:53 +0800] "GET /xingrg/all/function/internal_message.html?_=1654300848526&CODE_STATE=getMsg HTTP/1.1" 200 27
58.39.61.91 - - [04/Jun/2022:08:01:01 +0800] "GET /xingrg/check_reg.html?_=1654300814185 HTTP/1.1" 200 22
120.253.135.82 - - [04/Jun/2022:08:01:02 +0800] "GET /xingrg/all/function/internal_message.html?_=1654300950494&CODE_STATE=getMsg HTTP/1.1" 200 27
180.175.103.167 - - [04/Jun/2022:08:01:08 +0800] "GET /xingrg/check_reg.html?_=1654300868092 HTTP/1.1" 200 22
180.175.103.167 - - [04/Jun/2022:08:01:09 +0800] "GET /xingrg/kc/buy/cgsh_order_operate.html?command=get_materiel&rest_code=00105&code=00101008330&supplier_code=00100203&order_time=2022-06-04 HTTP/1.1" 200 409
218.81.223.53 - - [04/Jun/2022:08:01:19 +0800] "GET /xingrg/kc/buy/cgsh_order_operate.html?command=get_materiel&rest_code=00146&code=00101008212&supplier_code=00100005&order_time=2022-06-03 HTTP/1.1" 200 412
180.175.103.167 - - [04/Jun/2022:08:01:20 +0800] "GET /xingrg/kc/buy/cgsh_order_operate.html?command=get_materiel&rest_code=00105&code=00101008361&supplier_code=00100203&order_time=2022-06-04 HTTP/1.1" 200 408
218.81.223.53 - - [04/Jun/2022:08:01:26 +0800] "GET /xingrg/all/function/internal_message.html?_=1654300904849&CODE_STATE=getMsg HTTP/1.1" 200 27
58.40.7.146 - - [04/Jun/2022:08:01:26 +0800] "GET /xingrg/all/function/internal_message.html?_=1654300864979&CODE_STATE=getMsg HTTP/1.1" 200 27
180.175.103.167 - - [04/Jun/2022:08:01:26 +0800] "GET /xingrg/check_reg.html?_=1654300801566 HTTP/1.1" 200 22
58.39.61.91 - - [04/Jun/2022:08:01:29 +0800] "GET /xingrg/all/function/internal_message.html?_=1654300884800&CODE_STATE=getMsg HTTP/1.1" 200 27
58.39.61.91 - - [04/Jun/2022:08:01:31 +0800] "GET /xingrg/all/function/internal_message.html?_=1654300844378&CODE_STATE=getMsg HTTP/1.1" 200 27
180.169.147.146 - - [04/Jun/2022:08:01:36 +0800] "GET /xingrg/check_reg.html?_=1654300894448 HTTP/1.1" 200 22
180.169.147.146 - - [04/Jun/2022:08:01:38 +0800] "GET /xingrg/all/function/internal_message.html?_=1654300897314&CODE_STATE=getMsg HTTP/1.1" 200 27
58.35.194.53 - - [04/Jun/2022:08:01:41 +0800] "GET /xingrg/all/function/internal_message.html?_=1654300897623&CODE_STATE=getMsg HTTP/1.1" 200 27
120.253.135.82 - - [04/Jun/2022:08:01:41 +0800] "GET /xingrg/all/function/internal_message.html?_=1654300706942&CODE_STATE=getMsg HTTP/1.1" 200 27
180.175.103.167 - - [04/Jun/2022:08:01:45 +0800] "GET /xingrg/all/function/internal_message.html?_=1654300820165&CODE_STATE=getMsg HTTP/1.1" 200 27
180.175.103.167 - - [04/Jun/2022:08:01:47 +0800] "GET /xingrg/all/function/internal_message.html?_=1654300906762&CODE_STATE=getMsg HTTP/1.1" 200 27
116.230.110.173 - - [04/Jun/2022:08:01:53 +0800] "GET /xingrg/all/function/internal_message.html?_=1654300908527&CODE_STATE=getMsg HTTP/1.1" 200 27
120.253.135.82 - - [04/Jun/2022:08:02:02 +0800] "GET /xingrg/all/function/internal_message.html?_=1654301010507&CODE_STATE=getMsg HTTP/1.1" 200 27
218.81.223.53 - - [04/Jun/2022:08:02:08 +0800] "GET /xingrg/kc/buy/cgsh_order_operate.html?command=get_materiel&rest_code=00146&code=00101008077&supplier_code=00100005&order_time=2022-06-03 HTTP/1.1" 200 437
120.253.135.82 - - [04/Jun/2022:08:02:15 +0800] "POST /xingrg/kc/pszx/mdps_list_operate.html HTTP/1.1" 200 5420
120.253.135.82 - - [04/Jun/2022:08:02:20 +0800] "POST /xingrg/kc/pszx/mdps_list_operate.html HTTP/1.1" 200 5270
120.253.135.82 - - [04/Jun/2022:08:02:23 +0800] "POST /xingrg/kc/pszx/mdps_list_operate.html HTTP/1.1" 200 605
180.175.103.167 - - [04/Jun/2022:08:02:24 +0800] "GET /xingrg/kc/buy/cgsh_order_operate.html?command=get_materiel&rest_code=00105&code=00101008224&supplier_code=00100203&order_time=2022-06-04 HTTP/1.1" 200 416
120.253.135.82 - - [04/Jun/2022:08:02:24 +0800] "GET /xingrg/kc/pszx/mdps_order_info.html?code=312022060300094 HTTP/1.1" 200 23976
120.253.135.82 - - [04/Jun/2022:08:02:24 +0800] "GET /xingrg/javascript/easyui/themes/default/validatebox.css HTTP/1.1" 404 1104
120.253.135.82 - - [04/Jun/2022:08:02:24 +0800] "POST /xingrg/kc/pszx/mdps_order_operate.html HTTP/1.1" 200 7297
218.81.223.53 - - [04/Jun/2022:08:02:25 +0800] "GET /xingrg/kc/buy/cgsh_order_operate.html?command=get_materiel&rest_code=00146&code=00101008079&supplier_code=00100005&order_time=2022-06-03 HTTP/1.1" 200 416
218.81.223.53 - - [04/Jun/2022:08:02:26 +0800] "GET /xingrg/all/function/internal_message.html?_=1654300964864&CODE_STATE=getMsg HTTP/1.1" 200 27
58.40.7.146 - - [04/Jun/2022:08:02:26 +0800] "GET /xingrg/all/function/internal_message.html?_=1654300924981&CODE_STATE=getMsg HTTP/1.1" 200 27
58.40.7.146 - - [04/Jun/2022:08:02:26 +0800] "GET /xingrg/check_reg.html?_=1654300924982 HTTP/1.1" 200 22
58.39.61.91 - - [04/Jun/2022:08:02:29 +0800] "GET /xingrg/all/function/internal_message.html?_=1654300944786&CODE_STATE=getMsg HTTP/1.1" 200 27
58.39.61.91 - - [04/Jun/2022:08:02:31 +0800] "GET /xingrg/all/function/internal_message.html?_=1654300904393&CODE_STATE=getMsg HTTP/1.1" 200 27
120.253.135.82 - - [04/Jun/2022:08:02:31 +0800] "POST /xingrg/kc/pszx/mdps_list_operate.html HTTP/1.1" 200 5270
120.253.135.82 - - [04/Jun/2022:08:02:36 +0800] "POST /xingrg/kc/pszx/mdps_list_operate.html HTTP/1.1" 200 205
180.169.147.146 - - [04/Jun/2022:08:02:38 +0800] "GET /xingrg/all/function/internal_message.html?_=1654300957313&CODE_STATE=getMsg HTTP/1.1" 200 27
120.253.135.82 - - [04/Jun/2022:08:02:38 +0800] "POST /xingrg/kc/pszx/mdps_list_operate.html HTTP/1.1" 200 351
180.175.103.167 - - [04/Jun/2022:08:02:40 +0800] "GET /xingrg/kc/buy/cgsh_order_operate.html?command=get_materiel&rest_code=00105&code=00101008210&supplier_code=00100203&order_time=2022-06-04 HTTP/1.1" 200 429
58.35.194.53 - - [04/Jun/2022:08:02:41 +0800] "GET /xingrg/all/function/internal_message.html?_=1654300957625&CODE_STATE=getMsg HTTP/1.1" 200 27
120.253.135.82 - - [04/Jun/2022:08:02:41 +0800] "GET /xingrg/all/function/internal_message.html?_=1654300766955&CODE_STATE=getMsg HTTP/1.1" 200 27
120.253.135.82 - - [04/Jun/2022:08:02:41 +0800] "POST /xingrg/kc/pszx/mdps_list_operate.html HTTP/1.1" 200 213
218.81.223.53 - - [04/Jun/2022:08:02:42 +0800] "GET /xingrg/check_reg.html?_=1654300980908 HTTP/1.1" 200 22
218.81.223.53 - - [04/Jun/2022:08:02:43 +0800] "GET /xingrg/kc/buy/cgsh_order_operate.html?command=get_materiel&rest_code=00146&code=00101008353&supplier_code=00100005&order_time=2022-06-03 HTTP/1.1" 200 427
120.253.135.82 - - [04/Jun/2022:08:02:45 +0800] "POST /xingrg/kc/pszx/mdps_list_operate.html HTTP/1.1" 200 590
180.175.103.167 - - [04/Jun/2022:08:02:45 +0800] "GET /xingrg/all/function/internal_message.html?_=1654300880149&CODE_STATE=getMsg HTTP/1.1" 200 27
180.175.103.167 - - [04/Jun/2022:08:02:47 +0800] "GET /xingrg/all/function/internal_message.html?_=1654300966740&CODE_STATE=getMsg HTTP/1.1" 200 27
120.253.135.82 - - [04/Jun/2022:08:02:47 +0800] "GET /xingrg/kc/pszx/mdps_order_info.html?code=312022060400099 HTTP/1.1" 200 23970
120.253.135.82 - - [04/Jun/2022:08:02:48 +0800] "GET /xingrg/javascript/easyui/themes/default/validatebox.css HTTP/1.1" 404 1104
120.253.135.82 - - [04/Jun/2022:08:02:48 +0800] "POST /xingrg/kc/pszx/mdps_order_operate.html HTTP/1.1" 200 6759
116.230.110.173 - - [04/Jun/2022:08:02:53 +0800] "GET /xingrg/all/function/internal_message.html?_=1654300968525&CODE_STATE=getMsg HTTP/1.1" 200 27
218.81.223.53 - - [04/Jun/2022:08:03:00 +0800] "GET /xingrg/kc/buy/cgsh_order_operate.html?command=get_materiel&rest_code=00146&code=00101008357&supplier_code=00100005&order_time=2022-06-03 HTTP/1.1" 200 429
180.175.103.167 - - [04/Jun/2022:08:03:01 +0800] "GET /xingrg/kc/buy/cgsh_order_operate.html?command=get_materiel&rest_code=00105&code=00101008331&supplier_code=00100203&order_time=2022-06-04 HTTP/1.1" 200 439
120.253.135.82 - - [04/Jun/2022:08:03:02 +0800] "GET /xingrg/all/function/internal_message.html?_=1654301070667&CODE_STATE=getMsg HTTP/1.1" 200 27
218.81.223.53 - - [04/Jun/2022:08:03:20 +0800] "GET /xingrg/kc/buy/cgsh_order_operate.html?command=get_materiel&rest_code=00146&code=00101008175&supplier_code=00100005&order_time=2022-06-03 HTTP/1.1" 200 412
120.253.135.82 - - [04/Jun/2022:08:03:20 +0800] "POST /xingrg/kc/pszx/mdps_list_operate.html HTTP/1.1" 200 5270
180.175.103.167 - - [04/Jun/2022:08:03:20 +0800] "GET /xingrg/kc/buy/cgsh_order_operate.html?command=get_materiel&rest_code=00105&code=00101008049&supplier_code=00100203&order_time=2022-06-04 HTTP/1.1" 200 429
120.253.135.82 - - [04/Jun/2022:08:03:24 +0800] "POST /xingrg/kc/pszx/mdps_list_operate.html HTTP/1.1" 200 295
218.81.223.53 - - [04/Jun/2022:08:03:26 +0800] "GET /xingrg/all/function/internal_message.html?_=1654301024877&CODE_STATE=getMsg HTTP/1.1" 200 27
58.40.7.146 - - [04/Jun/2022:08:03:26 +0800] "GET /xingrg/all/function/internal_message.html?_=1654300984983&CODE_STATE=getMsg HTTP/1.1" 200 27
120.253.135.82 - - [04/Jun/2022:08:03:26 +0800] "POST /xingrg/kc/pszx/mdps_list_operate.html HTTP/1.1" 200 663
180.175.103.167 - - [04/Jun/2022:08:03:28 +0800] "GET /xingrg/kc/buy/cgsh_order_operate.html?command=get_materiel&rest_code=00105&code=00101008149&supplier_code=00100203&order_time=2022-06-04 HTTP/1.1" 200 408
58.39.61.91 - - [04/Jun/2022:08:03:29 +0800] "GET /xingrg/all/function/internal_message.html?_=1654301004801&CODE_STATE=getMsg HTTP/1.1" 200 27
120.253.135.82 - - [04/Jun/2022:08:03:29 +0800] "GET /xingrg/kc/pszx/mdps_order_info.html?code=312022060400101 HTTP/1.1" 200 23970
120.253.135.82 - - [04/Jun/2022:08:03:29 +0800] "POST /xingrg/kc/pszx/mdps_order_operate.html HTTP/1.1" 200 7006
120.253.135.82 - - [04/Jun/2022:08:03:29 +0800] "GET /xingrg/javascript/easyui/themes/default/validatebox.css HTTP/1.1" 404 1104
58.39.61.91 - - [04/Jun/2022:08:03:31 +0800] "GET /xingrg/all/function/internal_message.html?_=1654300964465&CODE_STATE=getMsg HTTP/1.1" 200 27
120.253.135.82 - - [04/Jun/2022:08:03:34 +0800] "GET /xingrg/kc/pszx/mdqp_order_list.html?state=10 HTTP/1.1" 200 10661
120.253.135.82 - - [04/Jun/2022:08:03:34 +0800] "GET /xingrg/dwr/util.js HTTP/1.1" 200 35990
120.253.135.82 - - [04/Jun/2022:08:03:34 +0800] "GET /xingrg/dwr/interface/AjaxQqpsService.js HTTP/1.1" 200 16326
120.253.135.82 - - [04/Jun/2022:08:03:34 +0800] "GET /xingrg/dwr/interface/AjaxReportQueryService.js HTTP/1.1" 200 13203
120.253.135.82 - - [04/Jun/2022:08:03:34 +0800] "GET /xingrg/javascript/Calendar.js HTTP/1.1" 200 31561
120.253.135.82 - - [04/Jun/2022:08:03:34 +0800] "GET /xingrg/css/blue.css HTTP/1.1" 304 -
120.253.135.82 - - [04/Jun/2022:08:03:34 +0800] "GET /xingrg/dwr/engine.js HTTP/1.1" 200 43631
120.253.135.82 - - [04/Jun/2022:08:03:34 +0800] "GET /xingrg/javascript/jquery_easy_ui/themes/icons/back_new.png HTTP/1.1" 200 3414
120.253.135.82 - - [04/Jun/2022:08:03:34 +0800] "GET /xingrg/javascript/jquery_easy_ui/themes/icons/uncheck_new.png HTTP/1.1" 200 3197
120.253.135.82 - - [04/Jun/2022:08:03:34 +0800] "GET /xingrg/javascript/jquery_easy_ui/themes/icons/check_new.png HTTP/1.1" 200 3224
120.253.135.82 - - [04/Jun/2022:08:03:37 +0800] "GET /xingrg/javascript/jquery_easy_ui/themes/default/images/button_plain_hover.png HTTP/1.1" 200 252
120.253.135.82 - - [04/Jun/2022:08:03:37 +0800] "GET /xingrg/javascript/jquery_easy_ui/themes/default/images/button_plain_hover.png HTTP/1.1" 200 252
180.169.147.146 - - [04/Jun/2022:08:03:38 +0800] "GET /xingrg/all/function/internal_message.html?_=1654301017305&CODE_STATE=getMsg HTTP/1.1" 200 27
180.169.147.146 - - [04/Jun/2022:08:03:38 +0800] "GET /xingrg/check_reg.html?_=1654301017303 HTTP/1.1" 200 22
120.253.135.82 - - [04/Jun/2022:08:03:39 +0800] "GET /xingrg/kc/pszx/ps_main.html?isBack=1 HTTP/1.1" 200 13401
120.253.135.82 - - [04/Jun/2022:08:03:39 +0800] "GET /xingrg/javascript/ToolTips.js HTTP/1.1" 200 5615
120.253.135.82 - - [04/Jun/2022:08:03:39 +0800] "GET /xingrg/images/blue/button/fdqpd.gif HTTP/1.1" 200 2116
120.253.135.82 - - [04/Jun/2022:08:03:39 +0800] "GET /xingrg/images/blue/button/jzcgd.gif HTTP/1.1" 200 1976
120.253.135.82 - - [04/Jun/2022:08:03:39 +0800] "GET /xingrg/images/blue/button/yddb.gif HTTP/1.1" 200 2040
120.253.135.82 - - [04/Jun/2022:08:03:39 +0800] "GET /xingrg/images/blue/button/cgydd.gif HTTP/1.1" 200 2712
120.253.135.82 - - [04/Jun/2022:08:03:39 +0800] "GET /xingrg/images/blue/button/fdps2.gif HTTP/1.1" 200 2548
120.253.135.82 - - [04/Jun/2022:08:03:39 +0800] "GET /xingrg/images/blue/button/ckpd.gif HTTP/1.1" 200 2051
120.253.135.82 - - [04/Jun/2022:08:03:39 +0800] "GET /xingrg/images/blue/button/line.jpg HTTP/1.1" 200 1397
120.253.135.82 - - [04/Jun/2022:08:03:39 +0800] "GET /xingrg/images/blue/button/down_ah.jpg HTTP/1.1" 200 1732
120.253.135.82 - - [04/Jun/2022:08:03:39 +0800] "GET /xingrg/images/blue/button/left_down_ah.jpg HTTP/1.1" 200 1848
120.253.135.82 - - [04/Jun/2022:08:03:39 +0800] "GET /xingrg/images/blue/button/right_down_ah.jpg HTTP/1.1" 200 1842
120.253.135.82 - - [04/Jun/2022:08:03:39 +0800] "GET /xingrg/images/blue/button/pszx.gif HTTP/1.1" 200 2648
120.253.135.82 - - [04/Jun/2022:08:03:39 +0800] "GET /xingrg/images/blue/bg_dotted.jpg HTTP/1.1" 200 319
120.253.135.82 - - [04/Jun/2022:08:03:39 +0800] "GET /xingrg/images/blue/pic_form2.gif HTTP/1.1" 200 1853
180.175.103.167 - - [04/Jun/2022:08:03:39 +0800] "GET /xingrg/kc/buy/cgsh_order_operate.html?command=get_materiel&rest_code=00105&code=00101008038&supplier_code=00100203&order_time=2022-06-04 HTTP/1.1" 200 413
218.81.223.53 - - [04/Jun/2022:08:03:40 +0800] "GET /xingrg/kc/buy/cgsh_order_operate.html?command=get_materiel&rest_code=00146&code=00101008098&supplier_code=00100005&order_time=2022-06-03 HTTP/1.1" 200 412
58.35.194.53 - - [04/Jun/2022:08:03:41 +0800] "GET /xingrg/all/function/internal_message.html?_=1654301017626&CODE_STATE=getMsg HTTP/1.1" 200 27
120.253.135.82 - - [04/Jun/2022:08:03:41 +0800] "GET /xingrg/all/function/internal_message.html?_=1654300826969&CODE_STATE=getMsg HTTP/1.1" 200 27
120.253.135.82 - - [04/Jun/2022:08:03:42 +0800] "GET /xingrg/kc/pszx/jzcl_ps.html HTTP/1.1" 200 7683
120.253.135.82 - - [04/Jun/2022:08:03:42 +0800] "GET /xingrg/css/table.css HTTP/1.1" 200 3684
120.253.135.82 - - [04/Jun/2022:08:03:42 +0800] "GET /xingrg/javascript/step/step.css HTTP/1.1" 200 999
120.253.135.82 - - [04/Jun/2022:08:03:42 +0800] "GET /xingrg/javascript/tools/jquery.qtip-1.0.0-rc3.min.js HTTP/1.1" 200 38404
