116.235.92.88 - - [04/Jun/2022:11:14:51 +0800] "GET /xingrg/all/function/internal_message.html?_=1654312665475&CODE_STATE=getMsg HTTP/1.1" 200 27
116.230.110.173 - - [04/Jun/2022:11:14:54 +0800] "GET /xingrg/check_reg.html?_=1654312488512 HTTP/1.1" 200 22
116.230.110.173 - - [04/Jun/2022:11:14:54 +0800] "GET /xingrg/all/function/internal_message.html?_=1654312488514&CODE_STATE=getMsg HTTP/1.1" 200 27
222.69.129.153 - - [04/Jun/2022:11:14:57 +0800] "GET /xingrg/kc/buy/cgsh_order_operate.html?command=get_materiel&rest_code=00154&code=00101011001&supplier_code=00100466&order_time=2022-06-04 HTTP/1.1" 200 424
101.85.120.86 - - [04/Jun/2022:11:15:04 +0800] "GET /xingrg/all/function/internal_message.html?_=1654312501497&CODE_STATE=getMsg HTTP/1.1" 200 27
114.83.218.142 - - [04/Jun/2022:11:15:06 +0800] "GET /xingrg/login.html?sysBaseUrl=http%3A%2F%2F180.169.147.146%3A18081%2Fxingrg%2F&costTime=31×tamp=1615347190560 HTTP/1.1" 200 7641
120.253.135.82 - - [04/Jun/2022:11:15:06 +0800] "GET /xingrg/all/function/internal_message.html?_=1654312594688&CODE_STATE=getMsg HTTP/1.1" 200 27
114.84.82.172 - - [04/Jun/2022:11:15:07 +0800] "GET /xingrg/check_reg.html?_=1654312504358 HTTP/1.1" 200 22
114.84.82.172 - - [04/Jun/2022:11:15:07 +0800] "GET /xingrg/all/function/internal_message.html?_=1654312504360&CODE_STATE=getMsg HTTP/1.1" 200 27
114.83.218.142 - - [04/Jun/2022:11:15:09 +0800] "GET /favicon.ico HTTP/1.1" 404 -
180.156.212.250 - - [04/Jun/2022:11:15:13 +0800] "GET /xingrg/kc/base/wldb_order_operate.html?command=get_materiel&rest_code=00102&base_code=0010477&code=00102002058 HTTP/1.1" 200 433
116.237.75.237 - - [04/Jun/2022:11:15:20 +0800] "GET /xingrg/all/function/internal_message.html?_=1654312520126&CODE_STATE=getMsg HTTP/1.1" 200 27
116.237.75.237 - - [04/Jun/2022:11:15:20 +0800] "GET /xingrg/kc/buy/cgsh_order_operate.html?command=get_materiel&rest_code=00106&code=00101008337&supplier_code=00100007&order_time=2022-06-01 HTTP/1.1" 200 408
222.69.129.153 - - [04/Jun/2022:11:15:21 +0800] "GET /xingrg/kc/buy/cgsh_order_operate.html?command=get_materiel&rest_code=00154&code=00101016011&supplier_code=00100466&order_time=2022-06-04 HTTP/1.1" 200 408
114.83.218.142 - - [04/Jun/2022:11:15:24 +0800] "POST /xingrg/login.do HTTP/1.1" 302 -
114.83.218.142 - - [04/Jun/2022:11:15:24 +0800] "GET /xingrg/index.html?sysBaseUrl=http%3A%2F%2F180.169.147.146%3A18081%2Fxingrg%2F&costTime=52×tamp=1654312524697 HTTP/1.1" 200 17179
114.83.218.142 - - [04/Jun/2022:11:15:25 +0800] "GET /favicon.ico HTTP/1.1" 404 -
114.83.218.142 - - [04/Jun/2022:11:15:25 +0800] "POST /xingrg/all/common/load_tree.html?tree=area_rest_tree_json&manage=1 HTTP/1.1" 200 351
114.83.218.142 - - [04/Jun/2022:11:15:25 +0800] "GET /xingrg/all/function/internal_message.html?_=1654312517324&CODE_STATE=count HTTP/1.1" 200 11
114.83.218.142 - - [04/Jun/2022:11:15:25 +0800] "GET /xingrg/check_reg.html?_=1654312517327 HTTP/1.1" 200 22
114.83.218.142 - - [04/Jun/2022:11:15:26 +0800] "POST /xingrg/load_menu.html HTTP/1.1" 200 5138
58.40.7.146 - - [04/Jun/2022:11:15:27 +0800] "GET /xingrg/all/function/internal_message.html?_=1654312504979&CODE_STATE=getMsg HTTP/1.1" 200 27
114.83.218.142 - - [04/Jun/2022:11:15:28 +0800] "GET /xingrg/kc/buy/cgsh_order_list.html HTTP/1.1" 200 51752
180.156.212.250 - - [04/Jun/2022:11:15:29 +0800] "GET /xingrg/check_reg.html?_=1654312593747 HTTP/1.1" 200 22
58.39.61.91 - - [04/Jun/2022:11:15:31 +0800] "GET /xingrg/all/function/internal_message.html?_=1654312526619&CODE_STATE=getMsg HTTP/1.1" 200 27
114.83.218.142 - - [04/Jun/2022:11:15:31 +0800] "POST /xingrg/kc/buy/cgsh_list_operate.html HTTP/1.1" 200 876
116.237.75.237 - - [04/Jun/2022:11:15:33 +0800] "GET /xingrg/kc/buy/cgsh_order_operate.html?command=get_materiel&rest_code=00106&code=00101008244&supplier_code=00100007&order_time=2022-06-01 HTTP/1.1" 200 423
180.169.147.146 - - [04/Jun/2022:11:15:38 +0800] "GET /xingrg/all/function/internal_message.html?_=1654312537595&CODE_STATE=getMsg HTTP/1.1" 200 27
58.39.61.91 - - [04/Jun/2022:11:15:38 +0800] "GET /xingrg/all/function/internal_message.html?_=1654312491273&CODE_STATE=getMsg HTTP/1.1" 200 27
58.35.194.53 - - [04/Jun/2022:11:15:41 +0800] "GET /xingrg/all/function/internal_message.html?_=1654312537580&CODE_STATE=getMsg HTTP/1.1" 200 27
180.175.103.167 - - [04/Jun/2022:11:15:41 +0800] "GET /xingrg/all/function/internal_message.html?_=1654312456418&CODE_STATE=getMsg HTTP/1.1" 200 27
180.175.103.167 - - [04/Jun/2022:11:15:42 +0800] "GET /xingrg/all/function/internal_message.html?_=1654312542625&CODE_STATE=getMsg HTTP/1.1" 200 27
180.156.212.250 - - [04/Jun/2022:11:15:46 +0800] "GET /xingrg/all/function/internal_message.html?_=1654312610251&CODE_STATE=getMsg HTTP/1.1" 200 27
58.40.7.146 - - [04/Jun/2022:11:15:46 +0800] "GET /xingrg/check_reg.html?_=1654312543659 HTTP/1.1" 200 22
58.40.7.146 - - [04/Jun/2022:11:15:46 +0800] "GET /xingrg/all/function/internal_message.html?_=1654312543660&CODE_STATE=getMsg HTTP/1.1" 200 27
222.69.129.153 - - [04/Jun/2022:11:15:49 +0800] "GET /xingrg/all/function/internal_message.html?_=1654312720014&CODE_STATE=getMsg HTTP/1.1" 200 27
116.237.75.237 - - [04/Jun/2022:11:15:51 +0800] "GET /xingrg/kc/buy/cgsh_order_operate.html?command=get_materiel&rest_code=00106&code=00101008354&supplier_code=00100007&order_time=2022-06-01 HTTP/1.1" 200 412
116.235.92.88 - - [04/Jun/2022:11:15:51 +0800] "GET /xingrg/all/function/internal_message.html?_=1654312725473&CODE_STATE=getMsg HTTP/1.1" 200 27
116.230.110.173 - - [04/Jun/2022:11:15:54 +0800] "GET /xingrg/all/function/internal_message.html?_=1654312548526&CODE_STATE=getMsg HTTP/1.1" 200 27
58.39.61.91 - - [04/Jun/2022:11:16:01 +0800] "GET /xingrg/check_reg.html?_=1654312514394 HTTP/1.1" 200 22
101.85.120.86 - - [04/Jun/2022:11:16:04 +0800] "GET /xingrg/all/function/internal_message.html?_=1654312561491&CODE_STATE=getMsg HTTP/1.1" 200 27
120.253.135.82 - - [04/Jun/2022:11:16:06 +0800] "GET /xingrg/all/function/internal_message.html?_=1654312654778&CODE_STATE=getMsg HTTP/1.1" 200 27
114.84.82.172 - - [04/Jun/2022:11:16:07 +0800] "GET /xingrg/all/function/internal_message.html?_=1654312564359&CODE_STATE=getMsg HTTP/1.1" 200 27
180.175.103.167 - - [04/Jun/2022:11:16:08 +0800] "GET /xingrg/check_reg.html?_=1654312568427 HTTP/1.1" 200 22
116.237.75.237 - - [04/Jun/2022:11:16:19 +0800] "GET /xingrg/check_reg.html?_=1654312580120 HTTP/1.1" 200 22
116.237.75.237 - - [04/Jun/2022:11:16:20 +0800] "GET /xingrg/all/function/internal_message.html?_=1654312580122&CODE_STATE=getMsg HTTP/1.1" 200 27
116.237.75.237 - - [04/Jun/2022:11:16:20 +0800] "GET /xingrg/kc/buy/cgsh_order_operate.html?command=get_materiel&rest_code=00106&code=00101001108&supplier_code=00100007&order_time=2022-06-01 HTTP/1.1" 200 408
114.83.218.142 - - [04/Jun/2022:11:16:25 +0800] "GET /xingrg/all/function/internal_message.html?_=1654312577332&CODE_STATE=getMsg HTTP/1.1" 200 27
180.175.103.167 - - [04/Jun/2022:11:16:26 +0800] "GET /xingrg/check_reg.html?_=1654312500818 HTTP/1.1" 200 22
58.40.7.146 - - [04/Jun/2022:11:16:27 +0800] "GET /xingrg/all/function/internal_message.html?_=1654312564982&CODE_STATE=getMsg HTTP/1.1" 200 27
180.156.212.250 - - [04/Jun/2022:11:16:30 +0800] "POST /xingrg/kc/base/wldb_order_operate.html HTTP/1.1" 200 37
58.39.61.91 - - [04/Jun/2022:11:16:31 +0800] "GET /xingrg/all/function/internal_message.html?_=1654312586634&CODE_STATE=getMsg HTTP/1.1" 200 27
180.156.212.250 - - [04/Jun/2022:11:16:32 +0800] "POST /xingrg/kc/base/wldb_order_operate.html HTTP/1.1" 200 12
180.156.212.250 - - [04/Jun/2022:11:16:32 +0800] "POST /xingrg/kc/base/wldb_order_operate.html HTTP/1.1" 200 4119
180.169.147.146 - - [04/Jun/2022:11:16:35 +0800] "GET /xingrg/check_reg.html?_=1654312593471 HTTP/1.1" 200 22
180.156.212.250 - - [04/Jun/2022:11:16:35 +0800] "GET /xingrg/kc/base/wldb_order_info.html?code=422022060400152 HTTP/1.1" 200 26187
116.237.75.237 - - [04/Jun/2022:11:16:37 +0800] "GET /xingrg/kc/buy/cgsh_order_operate.html?command=get_materiel&rest_code=00106&code=00101008199&supplier_code=00100007&order_time=2022-06-01 HTTP/1.1" 200 429
180.156.212.250 - - [04/Jun/2022:11:16:37 +0800] "POST /xingrg/kc/base/wldb_order_operate.html HTTP/1.1" 200 2367
180.169.147.146 - - [04/Jun/2022:11:16:38 +0800] "GET /xingrg/all/function/internal_message.html?_=1654312597614&CODE_STATE=getMsg HTTP/1.1" 200 27
58.39.61.91 - - [04/Jun/2022:11:16:38 +0800] "GET /xingrg/all/function/internal_message.html?_=1654312551287&CODE_STATE=getMsg HTTP/1.1" 200 27
180.156.212.250 - - [04/Jun/2022:11:16:38 +0800] "GET /xingrg/javascript/easyui/themes/default/validatebox.css HTTP/1.1" 404 1104
58.35.194.53 - - [04/Jun/2022:11:16:41 +0800] "GET /xingrg/all/function/internal_message.html?_=1654312597583&CODE_STATE=getMsg HTTP/1.1" 200 27
180.175.103.167 - - [04/Jun/2022:11:16:41 +0800] "GET /xingrg/all/function/internal_message.html?_=1654312516415&CODE_STATE=getMsg HTTP/1.1" 200 27
180.175.103.167 - - [04/Jun/2022:11:16:42 +0800] "GET /xingrg/all/function/internal_message.html?_=1654312602592&CODE_STATE=getMsg HTTP/1.1" 200 27
180.156.212.250 - - [04/Jun/2022:11:16:44 +0800] "GET /xingrg/kc/buy/cgsh_order_list.html HTTP/1.1" 200 51746
180.156.212.250 - - [04/Jun/2022:11:16:46 +0800] "GET /xingrg/all/function/internal_message.html?_=1654312670263&CODE_STATE=getMsg HTTP/1.1" 200 27
180.156.212.250 - - [04/Jun/2022:11:16:46 +0800] "POST /xingrg/kc/buy/cgsh_list_operate.html HTTP/1.1" 200 2045
58.40.7.146 - - [04/Jun/2022:11:16:46 +0800] "GET /xingrg/all/function/internal_message.html?_=1654312603647&CODE_STATE=getMsg HTTP/1.1" 200 27
180.156.212.250 - - [04/Jun/2022:11:16:48 +0800] "POST /xingrg/kc/buy/cgsh_list_operate.html HTTP/1.1" 200 204
222.69.129.153 - - [04/Jun/2022:11:16:49 +0800] "GET /xingrg/all/function/internal_message.html?_=1654312780008&CODE_STATE=getMsg HTTP/1.1" 200 27
180.156.212.250 - - [04/Jun/2022:11:16:49 +0800] "GET /xingrg/kc/buy/cgsh_order_info.html?code=212022060400296 HTTP/1.1" 200 67533
180.156.212.250 - - [04/Jun/2022:11:16:50 +0800] "POST /xingrg/kc/buy/cgsh_order_operate.html HTTP/1.1" 200 2665
180.156.212.250 - - [04/Jun/2022:11:16:51 +0800] "GET /xingrg/javascript/easyui/themes/default/validatebox.css HTTP/1.1" 404 1104
116.235.92.88 - - [04/Jun/2022:11:16:51 +0800] "GET /xingrg/all/function/internal_message.html?_=1654312785472&CODE_STATE=getMsg HTTP/1.1" 200 27
116.237.75.237 - - [04/Jun/2022:11:16:51 +0800] "GET /xingrg/kc/buy/cgsh_order_operate.html?command=get_materiel&rest_code=00106&code=00101008355&supplier_code=00100007&order_time=2022-06-01 HTTP/1.1" 200 429
116.230.110.173 - - [04/Jun/2022:11:16:54 +0800] "GET /xingrg/all/function/internal_message.html?_=1654312608516&CODE_STATE=getMsg HTTP/1.1" 200 27
180.156.212.250 - - [04/Jun/2022:11:16:55 +0800] "POST /xingrg/kc/buy/cgsh_order_operate.html HTTP/1.1" 200 37
180.156.212.250 - - [04/Jun/2022:11:16:59 +0800] "POST /xingrg/kc/buy/cgsh_order_operate.html HTTP/1.1" 200 12
180.156.212.250 - - [04/Jun/2022:11:17:00 +0800] "GET /xingrg/kc/buy/cgsh_order_info.html?code=212022060400296 HTTP/1.1" 200 62425
180.156.212.250 - - [04/Jun/2022:11:17:02 +0800] "GET /xingrg/javascript/easyui/themes/default/validatebox.css HTTP/1.1" 404 1104
180.156.212.250 - - [04/Jun/2022:11:17:02 +0800] "POST /xingrg/kc/buy/cgsh_order_operate.html HTTP/1.1" 200 615
116.237.75.237 - - [04/Jun/2022:11:17:03 +0800] "GET /xingrg/kc/buy/cgsh_order_operate.html?command=get_materiel&rest_code=00106&code=00101008264&supplier_code=00100007&order_time=2022-06-01 HTTP/1.1" 200 433
180.175.103.167 - - [04/Jun/2022:11:17:04 +0800] "POST /xingrg/services/DataTransmitService HTTP/1.1" 200 524
180.175.103.167 - - [04/Jun/2022:11:17:04 +0800] "POST /xingrg/services/DataTransmitService HTTP/1.1" 200 501
101.85.120.86 - - [04/Jun/2022:11:17:04 +0800] "GET /xingrg/all/function/internal_message.html?_=1654312621486&CODE_STATE=getMsg HTTP/1.1" 200 27
180.156.212.250 - - [04/Jun/2022:11:17:05 +0800] "GET /xingrg/kc/print/load_data.html?order_code=212022060400296&kc_code=cgsh&condition= HTTP/1.1" 200 749
120.253.135.82 - - [04/Jun/2022:11:17:06 +0800] "GET /xingrg/all/function/internal_message.html?_=1654312714795&CODE_STATE=getMsg HTTP/1.1" 200 27
114.84.82.172 - - [04/Jun/2022:11:17:07 +0800] "GET /xingrg/all/function/internal_message.html?_=1654312624357&CODE_STATE=getMsg HTTP/1.1" 200 27
116.237.75.237 - - [04/Jun/2022:11:17:14 +0800] "GET /xingrg/kc/buy/cgsh_order_operate.html?command=get_materiel&rest_code=00106&code=00101008357&supplier_code=00100007&order_time=2022-06-01 HTTP/1.1" 200 429
116.237.75.237 - - [04/Jun/2022:11:17:19 +0800] "GET /xingrg/all/function/internal_message.html?_=1654312640121&CODE_STATE=getMsg HTTP/1.1" 200 27
114.83.218.142 - - [04/Jun/2022:11:17:25 +0800] "GET /xingrg/all/function/internal_message.html?_=1654312637333&CODE_STATE=getMsg HTTP/1.1" 200 27
58.40.7.146 - - [04/Jun/2022:11:17:27 +0800] "GET /xingrg/all/function/internal_message.html?_=1654312624984&CODE_STATE=getMsg HTTP/1.1" 200 27
58.40.7.146 - - [04/Jun/2022:11:17:27 +0800] "GET /xingrg/check_reg.html?_=1654312624985 HTTP/1.1" 200 22
58.39.61.91 - - [04/Jun/2022:11:17:31 +0800] "GET /xingrg/all/function/internal_message.html?_=1654312646627&CODE_STATE=getMsg HTTP/1.1" 200 27
116.237.75.237 - - [04/Jun/2022:11:17:31 +0800] "GET /xingrg/kc/buy/cgsh_order_operate.html?command=get_materiel&rest_code=00106&code=00101008286&supplier_code=00100007&order_time=2022-06-01 HTTP/1.1" 200 429
180.169.147.146 - - [04/Jun/2022:11:17:38 +0800] "GET /xingrg/all/function/internal_message.html?_=1654312657599&CODE_STATE=getMsg HTTP/1.1" 200 27
58.39.61.91 - - [04/Jun/2022:11:17:38 +0800] "GET /xingrg/all/function/internal_message.html?_=1654312611300&CODE_STATE=getMsg HTTP/1.1" 200 27
58.35.194.53 - - [04/Jun/2022:11:17:41 +0800] "GET /xingrg/all/function/internal_message.html?_=1654312657583&CODE_STATE=getMsg HTTP/1.1" 200 27
180.175.103.167 - - [04/Jun/2022:11:17:41 +0800] "GET /xingrg/all/function/internal_message.html?_=1654312576400&CODE_STATE=getMsg HTTP/1.1" 200 27
180.175.103.167 - - [04/Jun/2022:11:17:42 +0800] "GET /xingrg/all/function/internal_message.html?_=1654312662566&CODE_STATE=getMsg HTTP/1.1" 200 27
180.156.212.250 - - [04/Jun/2022:11:17:46 +0800] "GET /xingrg/all/function/internal_message.html?_=1654312730277&CODE_STATE=getMsg HTTP/1.1" 200 27
58.40.7.146 - - [04/Jun/2022:11:17:46 +0800] "GET /xingrg/all/function/internal_message.html?_=1654312663650&CODE_STATE=getMsg HTTP/1.1" 200 27
180.156.212.250 - - [04/Jun/2022:11:17:48 +0800] "POST /xingrg/kc/buy/cgsh_list_operate.html HTTP/1.1" 200 1689
222.69.129.153 - - [04/Jun/2022:11:17:49 +0800] "GET /xingrg/all/function/internal_message.html?_=1654312840013&CODE_STATE=getMsg HTTP/1.1" 200 27
180.156.212.250 - - [04/Jun/2022:11:17:50 +0800] "POST /xingrg/kc/buy/cgsh_list_operate.html HTTP/1.1" 200 587
180.156.212.250 - - [04/Jun/2022:11:17:51 +0800] "GET /xingrg/kc/buy/cgsh_order_info.html?code=212022060400295 HTTP/1.1" 200 67535
116.235.92.88 - - [04/Jun/2022:11:17:51 +0800] "GET /xingrg/all/function/internal_message.html?_=1654312845498&CODE_STATE=getMsg HTTP/1.1" 200 27
180.156.212.250 - - [04/Jun/2022:11:17:52 +0800] "GET /xingrg/javascript/easyui/themes/default/validatebox.css HTTP/1.1" 404 1104
180.156.212.250 - - [04/Jun/2022:11:17:52 +0800] "POST /xingrg/kc/buy/cgsh_order_operate.html HTTP/1.1" 200 8060
116.230.110.173 - - [04/Jun/2022:11:17:54 +0800] "GET /xingrg/all/function/internal_message.html?_=1654312668526&CODE_STATE=getMsg HTTP/1.1" 200 27
114.83.218.142 - - [04/Jun/2022:11:17:54 +0800] "GET /xingrg/kc/buy/cgsh_order_add.html HTTP/1.1" 200 67616
114.83.218.142 - - [04/Jun/2022:11:17:55 +0800] "POST /xingrg/kc/buy/cgsh_order_operate.html HTTP/1.1" 200 8245
114.83.218.142 - - [04/Jun/2022:11:17:55 +0800] "GET /xingrg/all/common/auto_word.html?type=employee&rest_code=00149 HTTP/1.1" 200 197
114.83.218.142 - - [04/Jun/2022:11:17:55 +0800] "GET /xingrg/all/common/auto_word.html?type=employee&rest_code=00149 HTTP/1.1" 200 197
114.83.218.142 - - [04/Jun/2022:11:17:55 +0800] "GET /xingrg/javascript/easyui/themes/default/validatebox.css HTTP/1.1" 404 1104
114.83.218.142 - - [04/Jun/2022:11:17:58 +0800] "GET /xingrg/javascript/auto/indicator.gif HTTP/1.1" 404 1066
180.156.212.250 - - [04/Jun/2022:11:17:58 +0800] "POST /xingrg/kc/buy/cgsh_order_operate.html HTTP/1.1" 200 37
114.83.218.142 - - [04/Jun/2022:11:18:00 +0800] "GET /xingrg/javascript/jquery_tools/images/prev.gif HTTP/1.1" 404 1086
114.83.218.142 - - [04/Jun/2022:11:18:00 +0800] "GET /xingrg/javascript/jquery_tools/images/next.gif HTTP/1.1" 404 1086
180.156.212.250 - - [04/Jun/2022:11:18:02 +0800] "POST /xingrg/kc/buy/cgsh_order_operate.html HTTP/1.1" 200 12
180.156.212.250 - - [04/Jun/2022:11:18:03 +0800] "GET /xingrg/kc/buy/cgsh_order_info.html?code=212022060400295 HTTP/1.1" 200 62427
101.85.120.86 - - [04/Jun/2022:11:18:04 +0800] "GET /xingrg/check_reg.html?_=1654312681490 HTTP/1.1" 200 22
101.85.120.86 - - [04/Jun/2022:11:18:04 +0800] "GET /xingrg/all/function/internal_message.html?_=1654312681486&CODE_STATE=getMsg HTTP/1.1" 200 27
180.156.212.250 - - [04/Jun/2022:11:18:05 +0800] "GET /xingrg/javascript/easyui/themes/default/validatebox.css HTTP/1.1" 404 1104
180.156.212.250 - - [04/Jun/2022:11:18:05 +0800] "POST /xingrg/kc/buy/cgsh_order_operate.html HTTP/1.1" 200 6005
114.83.218.142 - - [04/Jun/2022:11:18:06 +0800] "GET /xingrg/kc/buy/cgsh_order_operate.html?command=get_materiel&rest_code=00149&code=00101002048&supplier_code=00100151&order_time=2022-06-04 HTTP/1.1" 200 435
120.253.135.82 - - [04/Jun/2022:11:18:06 +0800] "GET /xingrg/all/function/internal_message.html?_=1654312774875&CODE_STATE=getMsg HTTP/1.1" 200 27
114.84.82.172 - - [04/Jun/2022:11:18:07 +0800] "GET /xingrg/all/function/internal_message.html?_=1654312684359&CODE_STATE=getMsg HTTP/1.1" 200 27
180.156.212.250 - - [04/Jun/2022:11:18:08 +0800] "GET /xingrg/kc/print/load_data.html?order_code=212022060400295&kc_code=cgsh&condition= HTTP/1.1" 200 2856
116.237.75.237 - - [04/Jun/2022:11:18:10 +0800] "GET /xingrg/kc/buy/cgsh_order_operate.html?command=get_materiel&rest_code=00106&code=00101008296&supplier_code=00100007&order_time=2022-06-01 HTTP/1.1" 200 416
116.237.75.237 - - [04/Jun/2022:11:18:19 +0800] "GET /xingrg/all/function/internal_message.html?_=1654312700130&CODE_STATE=getMsg HTTP/1.1" 200 27
114.83.218.142 - - [04/Jun/2022:11:18:25 +0800] "GET /xingrg/all/function/internal_message.html?_=1654312697343&CODE_STATE=getMsg HTTP/1.1" 200 27
114.83.218.142 - - [04/Jun/2022:11:18:26 +0800] "POST /xingrg/kc/buy/cgsh_order_operate.html HTTP/1.1" 200 37
58.40.7.146 - - [04/Jun/2022:11:18:27 +0800] "GET /xingrg/all/function/internal_message.html?_=1654312684989&CODE_STATE=getMsg HTTP/1.1" 200 27
114.83.218.142 - - [04/Jun/2022:11:18:30 +0800] "POST /xingrg/kc/buy/cgsh_order_operate.html HTTP/1.1" 200 12
58.39.61.91 - - [04/Jun/2022:11:18:31 +0800] "GET /xingrg/all/function/internal_message.html?_=1654312706634&CODE_STATE=getMsg HTTP/1.1" 200 27
116.237.75.237 - - [04/Jun/2022:11:18:35 +0800] "GET /xingrg/kc/buy/cgsh_order_operate.html?command=get_materiel&rest_code=00106&code=00101008005&supplier_code=00100007&order_time=2022-06-01 HTTP/1.1" 200 433
58.39.61.91 - - [04/Jun/2022:11:18:35 +0800] "POST /xingrg/services/DataTransmitService HTTP/1.1" 200 524
58.39.61.91 - - [04/Jun/2022:11:18:35 +0800] "POST /xingrg/services/DataTransmitService HTTP/1.1" 200 2091
58.39.61.91 - - [04/Jun/2022:11:18:36 +0800] "POST /xingrg/services/DataTransmitService HTTP/1.1" 200 103308
114.83.218.142 - - [04/Jun/2022:11:18:36 +0800] "GET /xingrg/kc/buy/cgsh_order_info.html?code=212022060400300 HTTP/1.1" 200 62509
114.83.218.142 - - [04/Jun/2022:11:18:37 +0800] "GET /xingrg/words/20220603115358_words.js HTTP/1.1" 304 -
114.83.218.142 - - [04/Jun/2022:11:18:37 +0800] "GET /xingrg/javascript/easyui/themes/default/validatebox.css HTTP/1.1" 404 1104
114.83.218.142 - - [04/Jun/2022:11:18:38 +0800] "POST /xingrg/kc/buy/cgsh_order_operate.html HTTP/1.1" 200 1213
180.156.212.250 - - [04/Jun/2022:11:18:38 +0800] "POST /xingrg/kc/buy/cgsh_list_operate.html HTTP/1.1" 200 876
180.169.147.146 - - [04/Jun/2022:11:18:38 +0800] "GET /xingrg/all/function/internal_message.html?_=1654312717617&CODE_STATE=getMsg HTTP/1.1" 200 27
180.169.147.146 - - [04/Jun/2022:11:18:38 +0800] "GET /xingrg/check_reg.html?_=1654312717620 HTTP/1.1" 200 22
58.39.61.91 - - [04/Jun/2022:11:18:38 +0800] "GET /xingrg/all/function/internal_message.html?_=1654312671373&CODE_STATE=getMsg HTTP/1.1" 200 27
58.35.194.53 - - [04/Jun/2022:11:18:41 +0800] "GET /xingrg/all/function/internal_message.html?_=1654312717584&CODE_STATE=getMsg HTTP/1.1" 200 27
114.83.218.142 - - [04/Jun/2022:11:18:41 +0800] "GET /xingrg/kc/print/load_config.html?kc_code=cgsh HTTP/1.1" 200 1943
180.175.103.167 - - [04/Jun/2022:11:18:41 +0800] "GET /xingrg/all/function/internal_message.html?_=1654312636385&CODE_STATE=getMsg HTTP/1.1" 200 27
114.83.218.142 - - [04/Jun/2022:11:18:41 +0800] "GET /xingrg/kc/print/load_data.html?order_code=212022060400300&kc_code=cgsh&condition= HTTP/1.1" 200 930
180.175.103.167 - - [04/Jun/2022:11:18:42 +0800] "GET /xingrg/all/function/internal_message.html?_=1654312722543&CODE_STATE=getMsg HTTP/1.1" 200 27
180.156.212.250 - - [04/Jun/2022:11:18:46 +0800] "GET /xingrg/all/function/internal_message.html?_=1654312790291&CODE_STATE=getMsg HTTP/1.1" 200 27
58.40.7.146 - - [04/Jun/2022:11:18:46 +0800] "GET /xingrg/all/function/internal_message.html?_=1654312723652&CODE_STATE=getMsg HTTP/1.1" 200 27
116.237.75.237 - - [04/Jun/2022:11:18:47 +0800] "GET /xingrg/kc/buy/cgsh_order_operate.html?command=get_materiel&rest_code=00106&code=00101008271&supplier_code=00100007&order_time=2022-06-01 HTTP/1.1" 200 408
222.69.129.153 - - [04/Jun/2022:11:18:49 +0800] "GET /xingrg/all/function/internal_message.html?_=1654312900008&CODE_STATE=getMsg HTTP/1.1" 200 27
116.235.92.88 - - [04/Jun/2022:11:18:51 +0800] "GET /xingrg/all/function/internal_message.html?_=1654312905495&CODE_STATE=getMsg HTTP/1.1" 200 27
116.235.92.88 - - [04/Jun/2022:11:18:51 +0800] "GET /xingrg/check_reg.html?_=1654312905496 HTTP/1.1" 200 22
116.230.110.173 - - [04/Jun/2022:11:18:54 +0800] "GET /xingrg/all/function/internal_message.html?_=1654312728515&CODE_STATE=getMsg HTTP/1.1" 200 27
120.253.135.82 - - [04/Jun/2022:11:18:59 +0800] "GET /xingrg/check_reg.html?_=1654312827770 HTTP/1.1" 200 22
101.85.120.86 - - [04/Jun/2022:11:19:04 +0800] "GET /xingrg/all/function/internal_message.html?_=1654312741499&CODE_STATE=getMsg HTTP/1.1" 200 27
116.237.75.237 - - [04/Jun/2022:11:19:05 +0800] "GET /xingrg/kc/buy/cgsh_order_operate.html?command=get_materiel&rest_code=00106&code=00101008331&supplier_code=00100007&order_time=2022-06-01 HTTP/1.1" 200 437
120.253.135.82 - - [04/Jun/2022:11:19:06 +0800] "GET /xingrg/all/function/internal_message.html?_=1654312834884&CODE_STATE=getMsg HTTP/1.1" 200 27
114.84.82.172 - - [04/Jun/2022:11:19:07 +0800] "GET /xingrg/all/function/internal_message.html?_=1654312744360&CODE_STATE=getMsg HTTP/1.1" 200 27
120.253.135.82 - - [04/Jun/2022:11:19:14 +0800] "GET /xingrg/check_reg.html?_=1654312560583 HTTP/1.1" 200 22
116.237.75.237 - - [04/Jun/2022:11:19:19 +0800] "GET /xingrg/all/function/internal_message.html?_=1654312760128&CODE_STATE=getMsg HTTP/1.1" 200 27
128.14.134.134 - - [04/Jun/2022:11:19:24 +0800] "GET / HTTP/1.1" 404 -
114.83.218.142 - - [04/Jun/2022:11:19:25 +0800] "GET /xingrg/all/function/internal_message.html?_=1654312757354&CODE_STATE=getMsg HTTP/1.1" 200 27
58.40.7.146 - - [04/Jun/2022:11:19:27 +0800] "GET /xingrg/all/function/internal_message.html?_=1654312744982&CODE_STATE=getMsg HTTP/1.1" 200 27
116.237.75.237 - - [04/Jun/2022:11:19:28 +0800] "GET /xingrg/kc/buy/cgsh_order_operate.html?command=get_materiel&rest_code=00106&code=00101008201&supplier_code=00100007&order_time=2022-06-01 HTTP/1.1" 200 412
58.39.61.91 - - [04/Jun/2022:11:19:31 +0800] "GET /xingrg/check_reg.html?_=1654312766637 HTTP/1.1" 200 22
58.39.61.91 - - [04/Jun/2022:11:19:31 +0800] "GET /xingrg/all/function/internal_message.html?_=1654312766638&CODE_STATE=getMsg HTTP/1.1" 200 27
180.169.147.146 - - [04/Jun/2022:11:19:38 +0800] "GET /xingrg/all/function/internal_message.html?_=1654312777605&CODE_STATE=getMsg HTTP/1.1" 200 27
58.39.61.91 - - [04/Jun/2022:11:19:38 +0800] "GET /xingrg/all/function/internal_message.html?_=1654312731374&CODE_STATE=getMsg HTTP/1.1" 200 27
58.35.194.53 - - [04/Jun/2022:11:19:41 +0800] "GET /xingrg/check_reg.html?_=1654312777570 HTTP/1.1" 200 22
58.35.194.53 - - [04/Jun/2022:11:19:41 +0800] "GET /xingrg/all/function/internal_message.html?_=1654312777570&CODE_STATE=getMsg HTTP/1.1" 200 27
180.175.103.167 - - [04/Jun/2022:11:19:41 +0800] "GET /xingrg/all/function/internal_message.html?_=1654312696370&CODE_STATE=getMsg HTTP/1.1" 200 27
116.237.75.237 - - [04/Jun/2022:11:19:42 +0800] "GET /xingrg/kc/buy/cgsh_order_operate.html?command=get_materiel&rest_code=00106&code=00101008298&supplier_code=00100007&order_time=2022-06-01 HTTP/1.1" 200 433
180.175.103.167 - - [04/Jun/2022:11:19:42 +0800] "GET /xingrg/all/function/internal_message.html?_=1654312782512&CODE_STATE=getMsg HTTP/1.1" 200 27
180.156.212.250 - - [04/Jun/2022:11:19:46 +0800] "GET /xingrg/all/function/internal_message.html?_=1654312850305&CODE_STATE=getMsg HTTP/1.1" 200 27
58.40.7.146 - - [04/Jun/2022:11:19:46 +0800] "GET /xingrg/all/function/internal_message.html?_=1654312783655&CODE_STATE=getMsg HTTP/1.1" 200 27
222.69.129.153 - - [04/Jun/2022:11:19:49 +0800] "GET /xingrg/all/function/internal_message.html?_=1654312960013&CODE_STATE=getMsg HTTP/1.1" 200 27
222.69.129.153 - - [04/Jun/2022:11:19:49 +0800] "GET /xingrg/check_reg.html?_=1654312960016 HTTP/1.1" 200 22
101.85.120.86 - - [04/Jun/2022:11:19:50 +0800] "GET /xingrg/javascript/jquery_tools/images/next.gif HTTP/1.1" 404 1086
101.85.120.86 - - [04/Jun/2022:11:19:50 +0800] "GET /xingrg/javascript/jquery_tools/images/prev.gif HTTP/1.1" 404 1086
116.235.92.88 - - [04/Jun/2022:11:19:51 +0800] "GET /xingrg/all/function/internal_message.html?_=1654312965494&CODE_STATE=getMsg HTTP/1.1" 200 27
116.230.110.173 - - [04/Jun/2022:11:19:54 +0800] "GET /xingrg/check_reg.html?_=1654312788527 HTTP/1.1" 200 22
116.230.110.173 - - [04/Jun/2022:11:19:54 +0800] "GET /xingrg/all/function/internal_message.html?_=1654312788530&CODE_STATE=getMsg HTTP/1.1" 200 27
116.237.75.237 - - [04/Jun/2022:11:19:57 +0800] "GET /xingrg/kc/buy/cgsh_order_operate.html?command=get_materiel&rest_code=00106&code=00101008283&supplier_code=00100007&order_time=2022-06-01 HTTP/1.1" 200 408
101.85.120.86 - - [04/Jun/2022:11:20:04 +0800] "GET /xingrg/all/function/internal_message.html?_=1654312801489&CODE_STATE=getMsg HTTP/1.1" 200 27
120.253.135.82 - - [04/Jun/2022:11:20:07 +0800] "GET /xingrg/all/function/internal_message.html?_=1654312894897&CODE_STATE=getMsg HTTP/1.1" 200 27
114.84.82.172 - - [04/Jun/2022:11:20:07 +0800] "GET /xingrg/check_reg.html?_=1654312804362 HTTP/1.1" 200 22
114.84.82.172 - - [04/Jun/2022:11:20:07 +0800] "GET /xingrg/all/function/internal_message.html?_=1654312804363&CODE_STATE=getMsg HTTP/1.1" 200 27
101.85.120.86 - - [04/Jun/2022:11:20:09 +0800] "GET /xingrg/kc/buy/cgsh_order_operate.html?command=get_materiel&rest_code=00142&code=00101028032&supplier_code=00100156&order_time=2022-06-03 HTTP/1.1" 200 458
116.237.75.237 - - [04/Jun/2022:11:20:11 +0800] "GET /xingrg/kc/buy/cgsh_order_operate.html?command=get_materiel&rest_code=00106&code=00101008312&supplier_code=00100007&order_time=2022-06-01 HTTP/1.1" 200 412
101.85.120.86 - - [04/Jun/2022:11:20:17 +0800] "POST /xingrg/all/common/load_select.html HTTP/1.1" 200 25
116.237.75.237 - - [04/Jun/2022:11:20:20 +0800] "GET /xingrg/all/function/internal_message.html?_=1654312820137&CODE_STATE=getMsg HTTP/1.1" 200 27
101.85.120.86 - - [04/Jun/2022:11:20:21 +0800] "GET /xingrg/kc/buy/cgsh_order_operate.html?command=get_materiel_price&rest_code=00142&code=00101028032&unit_code=00100157&supplier_code=00100156&order_time=2022-06-03 HTTP/1.1" 200 29
114.83.218.142 - - [04/Jun/2022:11:20:25 +0800] "GET /xingrg/check_reg.html?_=1654312817358 HTTP/1.1" 200 22
114.83.218.142 - - [04/Jun/2022:11:20:25 +0800] "GET /xingrg/all/function/internal_message.html?_=1654312817362&CODE_STATE=getMsg HTTP/1.1" 200 27
116.237.75.237 - - [04/Jun/2022:11:20:26 +0800] "GET /xingrg/kc/buy/cgsh_order_operate.html?command=get_materiel&rest_code=00106&code=00101008268&supplier_code=00100007&order_time=2022-06-01 HTTP/1.1" 200 429
58.40.7.146 - - [04/Jun/2022:11:20:27 +0800] "GET /xingrg/all/function/internal_message.html?_=1654312804983&CODE_STATE=getMsg HTTP/1.1" 200 27
180.156.212.250 - - [04/Jun/2022:11:20:30 +0800] "GET /xingrg/check_reg.html?_=1654312893751 HTTP/1.1" 200 22
58.39.61.91 - - [04/Jun/2022:11:20:31 +0800] "GET /xingrg/all/function/internal_message.html?_=1654312826634&CODE_STATE=getMsg HTTP/1.1" 200 27
116.237.75.237 - - [04/Jun/2022:11:20:32 +0800] "POST /xingrg/kc/buy/cgsh_order_operate.html HTTP/1.1" 200 2065
180.169.147.146 - - [04/Jun/2022:11:20:38 +0800] "GET /xingrg/all/function/internal_message.html?_=1654312837605&CODE_STATE=getMsg HTTP/1.1" 200 27
58.39.61.91 - - [04/Jun/2022:11:20:38 +0800] "GET /xingrg/all/function/internal_message.html?_=1654312791448&CODE_STATE=getMsg HTTP/1.1" 200 27
101.85.120.86 - - [04/Jun/2022:11:20:40 +0800] "POST /xingrg/kc/buy/cgsh_order_operate.html HTTP/1.1" 200 37
58.35.194.53 - - [04/Jun/2022:11:20:41 +0800] "GET /xingrg/all/function/internal_message.html?_=1654312837571&CODE_STATE=getMsg HTTP/1.1" 200 27
180.175.103.167 - - [04/Jun/2022:11:20:41 +0800] "GET /xingrg/all/function/internal_message.html?_=1654312756356&CODE_STATE=getMsg HTTP/1.1" 200 27
180.175.103.167 - - [04/Jun/2022:11:20:42 +0800] "GET /xingrg/all/function/internal_message.html?_=1654312842481&CODE_STATE=getMsg HTTP/1.1" 200 27
101.85.120.86 - - [04/Jun/2022:11:20:44 +0800] "POST /xingrg/kc/buy/cgsh_order_operate.html HTTP/1.1" 200 2676
180.156.212.250 - - [04/Jun/2022:11:20:46 +0800] "GET /xingrg/all/function/internal_message.html?_=1654312910329&CODE_STATE=getMsg HTTP/1.1" 200 27
58.40.7.146 - - [04/Jun/2022:11:20:46 +0800] "GET /xingrg/all/function/internal_message.html?_=1654312843656&CODE_STATE=getMsg HTTP/1.1" 200 27
58.40.7.146 - - [04/Jun/2022:11:20:46 +0800] "GET /xingrg/check_reg.html?_=1654312843658 HTTP/1.1" 200 22
222.69.129.153 - - [04/Jun/2022:11:20:49 +0800] "GET /xingrg/all/function/internal_message.html?_=1654313020012&CODE_STATE=getMsg HTTP/1.1" 200 27
116.235.92.88 - - [04/Jun/2022:11:20:51 +0800] "GET /xingrg/all/function/internal_message.html?_=1654313025493&CODE_STATE=getMsg HTTP/1.1" 200 27
116.237.75.237 - - [04/Jun/2022:11:20:53 +0800] "GET /xingrg/kc/buy/cgsh_order_operate.html?command=get_materiel&rest_code=00106&code=00101008072&supplier_code=00100007&order_time=2022-06-01 HTTP/1.1" 200 408
116.230.110.173 - - [04/Jun/2022:11:20:54 +0800] "GET /xingrg/all/function/internal_message.html?_=1654312848529&CODE_STATE=getMsg HTTP/1.1" 200 27
58.39.61.91 - - [04/Jun/2022:11:21:01 +0800] "GET /xingrg/check_reg.html?_=1654312814407 HTTP/1.1" 200 22
101.85.120.86 - - [04/Jun/2022:11:21:04 +0800] "GET /xingrg/all/function/internal_message.html?_=1654312861491&CODE_STATE=getMsg HTTP/1.1" 200 27
120.253.135.82 - - [04/Jun/2022:11:21:07 +0800] "GET /xingrg/all/function/internal_message.html?_=1654312954984&CODE_STATE=getMsg HTTP/1.1" 200 27
114.84.82.172 - - [04/Jun/2022:11:21:07 +0800] "GET /xingrg/all/function/internal_message.html?_=1654312864374&CODE_STATE=getMsg HTTP/1.1" 200 27
180.175.103.167 - - [04/Jun/2022:11:21:08 +0800] "GET /xingrg/check_reg.html?_=1654312868418 HTTP/1.1" 200 22
116.237.75.237 - - [04/Jun/2022:11:21:20 +0800] "GET /xingrg/all/function/internal_message.html?_=1654312880160&CODE_STATE=getMsg HTTP/1.1" 200 27
116.237.75.237 - - [04/Jun/2022:11:21:20 +0800] "GET /xingrg/check_reg.html?_=1654312880156 HTTP/1.1" 200 22
114.83.218.142 - - [04/Jun/2022:11:21:25 +0800] "GET /xingrg/all/function/internal_message.html?_=1654312877360&CODE_STATE=getMsg HTTP/1.1" 200 27
180.175.103.167 - - [04/Jun/2022:11:21:26 +0800] "GET /xingrg/check_reg.html?_=1654312800819 HTTP/1.1" 200 22
58.40.7.146 - - [04/Jun/2022:11:21:27 +0800] "GET /xingrg/all/function/internal_message.html?_=1654312864986&CODE_STATE=getMsg HTTP/1.1" 200 27
116.237.75.237 - - [04/Jun/2022:11:21:28 +0800] "GET /xingrg/kc/buy/cgsh_order_operate.html?command=get_materiel&rest_code=00106&code=00101008067&supplier_code=00100007&order_time=2022-06-01 HTTP/1.1" 200 416
58.39.61.91 - - [04/Jun/2022:11:21:31 +0800] "GET /xingrg/all/function/internal_message.html?_=1654312886641&CODE_STATE=getMsg HTTP/1.1" 200 27
180.169.147.146 - - [04/Jun/2022:11:21:35 +0800] "GET /xingrg/check_reg.html?_=1654312893443 HTTP/1.1" 200 22
180.169.147.146 - - [04/Jun/2022:11:21:38 +0800] "GET /xingrg/all/function/internal_message.html?_=1654312897615&CODE_STATE=getMsg HTTP/1.1" 200 27
58.39.61.91 - - [04/Jun/2022:11:21:38 +0800] "GET /xingrg/all/function/internal_message.html?_=1654312851448&CODE_STATE=getMsg HTTP/1.1" 200 27
58.35.194.53 - - [04/Jun/2022:11:21:41 +0800] "GET /xingrg/all/function/internal_message.html?_=1654312897573&CODE_STATE=getMsg HTTP/1.1" 200 27
180.175.103.167 - - [04/Jun/2022:11:21:41 +0800] "GET /xingrg/all/function/internal_message.html?_=1654312816329&CODE_STATE=getMsg HTTP/1.1" 200 27
180.175.103.167 - - [04/Jun/2022:11:21:42 +0800] "GET /xingrg/all/function/internal_message.html?_=1654312902453&CODE_STATE=getMsg HTTP/1.1" 200 27
180.156.212.250 - - [04/Jun/2022:11:21:46 +0800] "GET /xingrg/all/function/internal_message.html?_=1654312970346&CODE_STATE=getMsg HTTP/1.1" 200 27
58.40.7.146 - - [04/Jun/2022:11:21:46 +0800] "GET /xingrg/all/function/internal_message.html?_=1654312903659&CODE_STATE=getMsg HTTP/1.1" 200 27
222.69.129.153 - - [04/Jun/2022:11:21:49 +0800] "GET /xingrg/all/function/internal_message.html?_=1654313080015&CODE_STATE=getMsg HTTP/1.1" 200 27
116.235.92.88 - - [04/Jun/2022:11:21:51 +0800] "GET /xingrg/all/function/internal_message.html?_=1654313085507&CODE_STATE=getMsg HTTP/1.1" 200 27
101.85.120.86 - - [04/Jun/2022:11:21:52 +0800] "POST /xingrg/kc/buy/cgsh_order_operate.html HTTP/1.1" 200 37
116.230.110.173 - - [04/Jun/2022:11:21:54 +0800] "GET /xingrg/all/function/internal_message.html?_=1654312908531&CODE_STATE=getMsg HTTP/1.1" 200 27
101.85.120.86 - - [04/Jun/2022:11:21:55 +0800] "POST /xingrg/kc/buy/cgsh_order_operate.html HTTP/1.1" 200 12
101.85.120.86 - - [04/Jun/2022:11:21:56 +0800] "GET /xingrg/kc/buy/cgsh_order_info.html?code=212022060400301 HTTP/1.1" 200 61550
101.85.120.86 - - [04/Jun/2022:11:21:56 +0800] "GET /xingrg/javascript/easyui/themes/default/validatebox.css HTTP/1.1" 404 1104
101.85.120.86 - - [04/Jun/2022:11:21:57 +0800] "POST /xingrg/kc/buy/cgsh_order_operate.html HTTP/1.1" 200 626
101.85.120.86 - - [04/Jun/2022:11:21:58 +0800] "GET /xingrg/kc/print/load_config.html?kc_code=cgsh HTTP/1.1" 200 1943
101.85.120.86 - - [04/Jun/2022:11:21:59 +0800] "GET /xingrg/kc/print/load_data.html?order_code=212022060400301&kc_code=cgsh&condition= HTTP/1.1" 200 792
101.85.120.86 - - [04/Jun/2022:11:22:04 +0800] "GET /xingrg/all/function/internal_message.html?_=1654312921491&CODE_STATE=getMsg HTTP/1.1" 200 27
120.253.135.82 - - [04/Jun/2022:11:22:07 +0800] "GET /xingrg/all/function/internal_message.html?_=1654313014986&CODE_STATE=getMsg HTTP/1.1" 200 27
114.84.82.172 - - [04/Jun/2022:11:22:07 +0800] "GET /xingrg/all/function/internal_message.html?_=1654312924377&CODE_STATE=getMsg HTTP/1.1" 200 27
116.237.75.237 - - [04/Jun/2022:11:22:10 +0800] "POST /xingrg/kc/buy/cgsh_order_operate.html HTTP/1.1" 200 37
101.85.120.86 - - [04/Jun/2022:11:22:10 +0800] "GET /xingrg/kc/buy/cgth_order_list.html HTTP/1.1" 200 51155
101.85.120.86 - - [04/Jun/2022:11:22:10 +0800] "POST /xingrg/kc/buy/cgth_list_operate.html HTTP/1.1" 200 1035
116.237.75.237 - - [04/Jun/2022:11:22:16 +0800] "POST /xingrg/kc/buy/cgsh_order_operate.html HTTP/1.1" 200 13900
116.237.75.237 - - [04/Jun/2022:11:22:19 +0800] "GET /xingrg/kc/buy/cgsh_order_add.html HTTP/1.1" 200 67563
101.85.120.86 - - [04/Jun/2022:11:22:19 +0800] "GET /xingrg/kc/buy/cgth_order_add.html HTTP/1.1" 200 67631
101.85.120.86 - - [04/Jun/2022:11:22:19 +0800] "GET /xingrg/dwr/interface/AjaxComOrderService.js HTTP/1.1" 200 18264
101.85.120.86 - - [04/Jun/2022:11:22:19 +0800] "GET /xingrg/dwr/engine.js HTTP/1.1" 200 43631
101.85.120.86 - - [04/Jun/2022:11:22:19 +0800] "GET /xingrg/dwr/interface/AjaxCgthService.js HTTP/1.1" 200 14519
101.85.120.86 - - [04/Jun/2022:11:22:19 +0800] "GET /xingrg/javascript/tools/jquery.qtip-1.0.0-rc3.min.js HTTP/1.1" 200 38404
116.237.75.237 - - [04/Jun/2022:11:22:19 +0800] "POST /xingrg/kc/buy/cgsh_order_operate.html HTTP/1.1" 200 8245
116.237.75.237 - - [04/Jun/2022:11:22:19 +0800] "GET /xingrg/javascript/easyui/themes/default/validatebox.css HTTP/1.1" 404 1104
116.237.75.237 - - [04/Jun/2022:11:22:20 +0800] "GET /xingrg/all/function/internal_message.html?_=1654312940158&CODE_STATE=getMsg HTTP/1.1" 200 27
101.85.120.86 - - [04/Jun/2022:11:22:20 +0800] "POST /xingrg/all/common/load_tree.html?tree=supplier_tree_json&isDelete=1 HTTP/1.1" 200 66214
101.85.120.86 - - [04/Jun/2022:11:22:20 +0800] "GET /xingrg/javascript/jquery_easy_ui/themes/icons/ok.png HTTP/1.1" 304 -
101.85.120.86 - - [04/Jun/2022:11:22:20 +0800] "GET /xingrg/javascript/jquery_easy_ui/themes/default/images/combo_arrow_dot.gif HTTP/1.1" 200 79
101.85.120.86 - - [04/Jun/2022:11:22:20 +0800] "GET /xingrg/javascript/jquery_easy_ui/themes/default/images/validatebox_pointer.gif HTTP/1.1" 200 82
101.85.120.86 - - [04/Jun/2022:11:22:20 +0800] "GET /xingrg/javascript/jquery_easy_ui/themes/default/images/validatebox_warning.png HTTP/1.1" 200 921
101.85.120.86 - - [04/Jun/2022:11:22:20 +0800] "GET /xingrg/javascript/jquery_easy_ui/themes/default/images/calendar_prevmonth.gif HTTP/1.1" 200 66
101.85.120.86 - - [04/Jun/2022:11:22:20 +0800] "GET /xingrg/javascript/jquery_easy_ui/themes/default/images/calendar_nextmonth.gif HTTP/1.1" 200 64
101.85.120.86 - - [04/Jun/2022:11:22:20 +0800] "GET /xingrg/javascript/jquery_easy_ui/themes/default/images/calendar_nextyear.gif HTTP/1.1" 200 75
101.85.120.86 - - [04/Jun/2022:11:22:20 +0800] "GET /xingrg/javascript/jquery_easy_ui/themes/default/images/calendar_prevyear.gif HTTP/1.1" 200 76
116.237.75.237 - - [04/Jun/2022:11:22:21 +0800] "GET /xingrg/javascript/easyui/themes/default/tree.css HTTP/1.1" 404 1090
116.237.75.237 - - [04/Jun/2022:11:22:21 +0800] "POST /xingrg/all/common/load_tree.html?tree=supplier_tree_json&isDelete=1 HTTP/1.1" 200 66214
114.83.218.142 - - [04/Jun/2022:11:22:25 +0800] "GET /xingrg/all/function/internal_message.html?_=1654312937348&CODE_STATE=getMsg HTTP/1.1" 200 27
58.40.7.146 - - [04/Jun/2022:11:22:27 +0800] "GET /xingrg/check_reg.html?_=1654312924990 HTTP/1.1" 200 22
58.40.7.146 - - [04/Jun/2022:11:22:27 +0800] "GET /xingrg/all/function/internal_message.html?_=1654312924992&CODE_STATE=getMsg HTTP/1.1" 200 27
58.39.61.91 - - [04/Jun/2022:11:22:31 +0800] "GET /xingrg/all/function/internal_message.html?_=1654312946646&CODE_STATE=getMsg HTTP/1.1" 200 27
180.169.147.146 - - [04/Jun/2022:11:22:38 +0800] "GET /xingrg/all/function/internal_message.html?_=1654312957615&CODE_STATE=getMsg HTTP/1.1" 200 27
58.39.61.91 - - [04/Jun/2022:11:22:38 +0800] "GET /xingrg/all/function/internal_message.html?_=1654312911462&CODE_STATE=getMsg HTTP/1.1" 200 27
58.35.194.53 - - [04/Jun/2022:11:22:41 +0800] "GET /xingrg/all/function/internal_message.html?_=1654312957575&CODE_STATE=getMsg HTTP/1.1" 200 27
180.175.103.167 - - [04/Jun/2022:11:22:41 +0800] "GET /xingrg/all/function/internal_message.html?_=1654312876314&CODE_STATE=getMsg HTTP/1.1" 200 27
180.175.103.167 - - [04/Jun/2022:11:22:42 +0800] "GET /xingrg/all/function/internal_message.html?_=1654312962434&CODE_STATE=getMsg HTTP/1.1" 200 27
180.156.212.250 - - [04/Jun/2022:11:22:46 +0800] "GET /xingrg/all/function/internal_message.html?_=1654313030835&CODE_STATE=getMsg HTTP/1.1" 200 27
58.40.7.146 - - [04/Jun/2022:11:22:46 +0800] "GET /xingrg/all/function/internal_message.html?_=1654312963646&CODE_STATE=getMsg HTTP/1.1" 200 27
222.69.129.153 - - [04/Jun/2022:11:22:49 +0800] "GET /xingrg/all/function/internal_message.html?_=1654313140017&CODE_STATE=getMsg HTTP/1.1" 200 27
116.235.92.88 - - [04/Jun/2022:11:22:51 +0800] "GET /xingrg/all/function/internal_message.html?_=1654313145505&CODE_STATE=getMsg HTTP/1.1" 200 27
116.230.110.173 - - [04/Jun/2022:11:22:54 +0800] "GET /xingrg/all/function/internal_message.html?_=1654312968518&CODE_STATE=getMsg HTTP/1.1" 200 27
116.237.75.237 - - [04/Jun/2022:11:22:59 +0800] "GET /xingrg/kc/buy/cgsh_order_operate.html?command=get_materiel&rest_code=00106&code=00101008356&supplier_code=00100007&order_time=2022-06-02 HTTP/1.1" 200 428
101.85.120.86 - - [04/Jun/2022:11:23:04 +0800] "GET /xingrg/all/function/internal_message.html?_=1654312981496&CODE_STATE=getMsg HTTP/1.1" 200 27
101.85.120.86 - - [04/Jun/2022:11:23:04 +0800] "GET /xingrg/check_reg.html?_=1654312981498 HTTP/1.1" 200 22
101.85.120.86 - - [04/Jun/2022:11:23:05 +0800] "POST /xingrg/dwr/call/plaincall/AjaxCgthService.saveOrder.dwr HTTP/1.1" 200 78
120.253.135.82 - - [04/Jun/2022:11:23:07 +0800] "GET /xingrg/all/function/internal_message.html?_=1654313075077&CODE_STATE=getMsg HTTP/1.1" 200 27
114.84.82.172 - - [04/Jun/2022:11:23:07 +0800] "GET /xingrg/all/function/internal_message.html?_=1654312984381&CODE_STATE=getMsg HTTP/1.1" 200 27
101.85.120.86 - - [04/Jun/2022:11:23:13 +0800] "POST /xingrg/dwr/call/plaincall/AjaxComOrderService.getMaterielSearchList.dwr HTTP/1.1" 200 470810
101.85.120.86 - - [04/Jun/2022:11:23:14 +0800] "POST /xingrg/dwr/call/plaincall/AjaxComOrderService.getMaterielSearchList.dwr HTTP/1.1" 200 11486
101.85.120.86 - - [04/Jun/2022:11:23:17 +0800] "POST /xingrg/dwr/call/plaincall/AjaxComOrderService.getMaterielSearchList.dwr HTTP/1.1" 200 11486
101.85.120.86 - - [04/Jun/2022:11:23:18 +0800] "POST /xingrg/dwr/call/plaincall/AjaxComOrderService.getMaterielSearchList.dwr HTTP/1.1" 200 287
116.237.75.237 - - [04/Jun/2022:11:23:19 +0800] "GET /xingrg/kc/buy/cgsh_order_operate.html?command=get_materiel&rest_code=00106&code=00101008337&supplier_code=00100007&order_time=2022-06-02 HTTP/1.1" 200 408
116.237.75.237 - - [04/Jun/2022:11:23:19 +0800] "GET /xingrg/all/function/internal_message.html?_=1654313000153&CODE_STATE=getMsg HTTP/1.1" 200 27
101.85.120.86 - - [04/Jun/2022:11:23:21 +0800] "POST /xingrg/dwr/call/plaincall/AjaxCgthService.getMaterielByMap.dwr HTTP/1.1" 200 1640
114.83.218.142 - - [04/Jun/2022:11:23:25 +0800] "GET /xingrg/all/function/internal_message.html?_=1654312997356&CODE_STATE=getMsg HTTP/1.1" 200 27
58.40.7.146 - - [04/Jun/2022:11:23:27 +0800] "GET /xingrg/all/function/internal_message.html?_=1654312984979&CODE_STATE=getMsg HTTP/1.1" 200 27
101.85.120.86 - - [04/Jun/2022:11:23:28 +0800] "POST /xingrg/dwr/call/plaincall/AjaxCgthService.getUnitPrice.dwr HTTP/1.1" 200 86
58.39.61.91 - - [04/Jun/2022:11:23:31 +0800] "GET /xingrg/all/function/internal_message.html?_=1654313006650&CODE_STATE=getMsg HTTP/1.1" 200 27
116.237.75.237 - - [04/Jun/2022:11:23:32 +0800] "GET /xingrg/kc/buy/cgsh_order_operate.html?command=get_materiel&rest_code=00106&code=00101008244&supplier_code=00100007&order_time=2022-06-02 HTTP/1.1" 200 423
180.169.147.146 - - [04/Jun/2022:11:23:38 +0800] "GET /xingrg/all/function/internal_message.html?_=1654313017609&CODE_STATE=getMsg HTTP/1.1" 200 27
180.169.147.146 - - [04/Jun/2022:11:23:38 +0800] "GET /xingrg/check_reg.html?_=1654313017612 HTTP/1.1" 200 22
58.39.61.91 - - [04/Jun/2022:11:23:39 +0800] "GET /xingrg/all/function/internal_message.html?_=1654312971537&CODE_STATE=getMsg HTTP/1.1" 200 27
58.35.194.53 - - [04/Jun/2022:11:23:41 +0800] "GET /xingrg/all/function/internal_message.html?_=1654313017576&CODE_STATE=getMsg HTTP/1.1" 200 27
180.175.103.167 - - [04/Jun/2022:11:23:41 +0800] "GET /xingrg/all/function/internal_message.html?_=1654312936284&CODE_STATE=getMsg HTTP/1.1" 200 27
180.175.103.167 - - [04/Jun/2022:11:23:42 +0800] "GET /xingrg/all/function/internal_message.html?_=1654313022416&CODE_STATE=getMsg HTTP/1.1" 200 27
180.156.212.250 - - [04/Jun/2022:11:23:46 +0800] "GET /xingrg/all/function/internal_message.html?_=1654313090857&CODE_STATE=getMsg HTTP/1.1" 200 27
58.40.7.146 - - [04/Jun/2022:11:23:46 +0800] "GET /xingrg/all/function/internal_message.html?_=1654313023650&CODE_STATE=getMsg HTTP/1.1" 200 27
222.69.129.153 - - [04/Jun/2022:11:23:49 +0800] "GET /xingrg/all/function/internal_message.html?_=1654313200009&CODE_STATE=getMsg HTTP/1.1" 200 27
116.235.92.88 - - [04/Jun/2022:11:23:51 +0800] "GET /xingrg/check_reg.html?_=1654313205503 HTTP/1.1" 200 22
116.235.92.88 - - [04/Jun/2022:11:23:51 +0800] "GET /xingrg/all/function/internal_message.html?_=1654313205504&CODE_STATE=getMsg HTTP/1.1" 200 27
116.230.110.173 - - [04/Jun/2022:11:23:54 +0800] "GET /xingrg/all/function/internal_message.html?_=1654313028527&CODE_STATE=getMsg HTTP/1.1" 200 27
101.85.120.86 - - [04/Jun/2022:11:23:58 +0800] "GET /xingrg/login.html HTTP/1.1" 200 7641
101.85.120.86 - - [04/Jun/2022:11:23:59 +0800] "GET /favicon.ico HTTP/1.1" 404 -
120.253.135.82 - - [04/Jun/2022:11:23:59 +0800] "GET /xingrg/check_reg.html?_=1654313127778 HTTP/1.1" 200 22
120.253.135.82 - - [04/Jun/2022:11:24:07 +0800] "GET /xingrg/all/function/internal_message.html?_=1654313135092&CODE_STATE=getMsg HTTP/1.1" 200 27
114.84.82.172 - - [04/Jun/2022:11:24:07 +0800] "GET /xingrg/all/function/internal_message.html?_=1654313044377&CODE_STATE=getMsg HTTP/1.1" 200 27
101.85.120.86 - - [04/Jun/2022:11:24:09 +0800] "POST /xingrg/login.do HTTP/1.1" 302 -
101.85.120.86 - - [04/Jun/2022:11:24:09 +0800] "GET /xingrg/index.html?sysBaseUrl=http%3A%2F%2F180.169.147.146%3A18081%2Fxingrg%2F&costTime=40×tamp=1654313049042 HTTP/1.1" 200 17179
101.85.120.86 - - [04/Jun/2022:11:24:09 +0800] "GET /favicon.ico HTTP/1.1" 404 -
101.85.120.86 - - [04/Jun/2022:11:24:09 +0800] "POST /xingrg/all/common/load_tree.html?tree=area_rest_tree_json&manage=1 HTTP/1.1" 200 351
101.85.120.86 - - [04/Jun/2022:11:24:09 +0800] "GET /xingrg/all/function/internal_message.html?_=1654313046001&CODE_STATE=count HTTP/1.1" 200 11
101.85.120.86 - - [04/Jun/2022:11:24:09 +0800] "POST /xingrg/load_menu.html HTTP/1.1" 200 5138
101.85.120.86 - - [04/Jun/2022:11:24:09 +0800] "GET /xingrg/check_reg.html?_=1654313046002 HTTP/1.1" 200 22
120.253.135.82 - - [04/Jun/2022:11:24:14 +0800] "GET /xingrg/check_reg.html?_=1654312860591 HTTP/1.1" 200 22
101.85.120.86 - - [04/Jun/2022:11:24:17 +0800] "GET /xingrg/kc/buy/cgth_order_list.html HTTP/1.1" 200 51155
101.85.120.86 - - [04/Jun/2022:11:24:17 +0800] "POST /xingrg/kc/buy/cgth_list_operate.html HTTP/1.1" 200 1932
116.237.75.237 - - [04/Jun/2022:11:24:17 +0800] "GET /xingrg/kc/buy/cgsh_order_operate.html?command=get_materiel&rest_code=00106&code=00101008361&supplier_code=00100007&order_time=2022-06-02 HTTP/1.1" 200 408
116.237.75.237 - - [04/Jun/2022:11:24:20 +0800] "GET /xingrg/all/function/internal_message.html?_=1654313060155&CODE_STATE=getMsg HTTP/1.1" 200 27
101.85.120.86 - - [04/Jun/2022:11:24:20 +0800] "POST /xingrg/kc/buy/cgth_list_operate.html HTTP/1.1" 200 -
101.85.120.86 - - [04/Jun/2022:11:24:20 +0800] "GET /xingrg/kc/buy/cgth_order_info.html?code=232022060400006 HTTP/1.1" 200 67712
101.85.120.86 - - [04/Jun/2022:11:24:20 +0800] "GET /xingrg/dwr/interface/AjaxComOrderService.js HTTP/1.1" 200 18264
101.85.120.86 - - [04/Jun/2022:11:24:20 +0800] "GET /xingrg/dwr/interface/AjaxCgthService.js HTTP/1.1" 200 14519
101.85.120.86 - - [04/Jun/2022:11:24:20 +0800] "GET /xingrg/dwr/engine.js HTTP/1.1" 200 43631
101.85.120.86 - - [04/Jun/2022:11:24:21 +0800] "POST /xingrg/all/common/load_tree.html?tree=supplier_tree_json&isDelete=1 HTTP/1.1" 200 66214
101.85.120.86 - - [04/Jun/2022:11:24:21 +0800] "POST /xingrg/dwr/call/plaincall/AjaxCgthService.loadMaterielItems.dwr HTTP/1.1" 200 76
114.83.218.142 - - [04/Jun/2022:11:24:25 +0800] "GET /xingrg/all/function/internal_message.html?_=1654313057360&CODE_STATE=getMsg HTTP/1.1" 200 27
58.40.7.146 - - [04/Jun/2022:11:24:27 +0800] "GET /xingrg/all/function/internal_message.html?_=1654313044982&CODE_STATE=getMsg HTTP/1.1" 200 27
58.39.61.91 - - [04/Jun/2022:11:24:31 +0800] "GET /xingrg/check_reg.html?_=1654313066654 HTTP/1.1" 200 22
58.39.61.91 - - [04/Jun/2022:11:24:31 +0800] "GET /xingrg/all/function/internal_message.html?_=1654313066659&CODE_STATE=getMsg HTTP/1.1" 200 27
101.85.120.86 - - [04/Jun/2022:11:24:37 +0800] "POST /xingrg/dwr/call/plaincall/AjaxCgthService.saveOrder.dwr HTTP/1.1" 200 78
101.85.120.86 - - [04/Jun/2022:11:24:38 +0800] "GET /xingrg/images/yd/bt.gif HTTP/1.1" 404 1040
180.169.147.146 - - [04/Jun/2022:11:24:38 +0800] "GET /xingrg/all/function/internal_message.html?_=1654313077617&CODE_STATE=getMsg HTTP/1.1" 200 27
116.237.75.237 - - [04/Jun/2022:11:24:38 +0800] "GET /xingrg/kc/buy/cgsh_order_operate.html?command=get_materiel&rest_code=00106&code=00101008152&supplier_code=00100007&order_time=2022-06-02 HTTP/1.1" 200 428
58.39.61.91 - - [04/Jun/2022:11:24:39 +0800] "GET /xingrg/all/function/internal_message.html?_=1654313031551&CODE_STATE=getMsg HTTP/1.1" 200 27
58.35.194.53 - - [04/Jun/2022:11:24:41 +0800] "GET /xingrg/check_reg.html?_=1654313077578 HTTP/1.1" 200 22
58.35.194.53 - - [04/Jun/2022:11:24:41 +0800] "GET /xingrg/all/function/internal_message.html?_=1654313077579&CODE_STATE=getMsg HTTP/1.1" 200 27
180.175.103.167 - - [04/Jun/2022:11:24:41 +0800] "GET /xingrg/all/function/internal_message.html?_=1654312996269&CODE_STATE=getMsg HTTP/1.1" 200 27
180.175.103.167 - - [04/Jun/2022:11:24:42 +0800] "GET /xingrg/all/function/internal_message.html?_=1654313082395&CODE_STATE=getMsg HTTP/1.1" 200 27
101.85.120.86 - - [04/Jun/2022:11:24:45 +0800] "POST /xingrg/dwr/call/plaincall/AjaxComOrderService.getMaterielSearchList.dwr HTTP/1.1" 200 11486
