180.156.212.250 - - [04/Jun/2022:10:20:53 +0800] "POST /xingrg/kc/buy/cgsh_list_operate.html HTTP/1.1" 200 6069
101.85.120.86 - - [04/Jun/2022:10:20:53 +0800] "GET /xingrg/kc/base/wldb_order_list.html HTTP/1.1" 200 19107
101.85.120.86 - - [04/Jun/2022:10:20:53 +0800] "POST /xingrg/kc/base/wldb_list_operate.html HTTP/1.1" 200 928
116.230.110.173 - - [04/Jun/2022:10:20:54 +0800] "GET /xingrg/all/function/internal_message.html?_=1654309248532&CODE_STATE=getMsg HTTP/1.1" 200 27
101.85.120.86 - - [04/Jun/2022:10:20:54 +0800] "GET /xingrg/kc/base/wldb_order_add.html HTTP/1.1" 200 30325
101.85.120.86 - - [04/Jun/2022:10:20:54 +0800] "GET /xingrg/javascript/easyui/themes/icons/cancel.png HTTP/1.1" 304 -
101.85.120.86 - - [04/Jun/2022:10:20:54 +0800] "GET /xingrg/javascript/easyui/themes/icons/template_new.png HTTP/1.1" 304 -
101.85.120.86 - - [04/Jun/2022:10:20:55 +0800] "GET /xingrg/all/common/auto_word.html?type=base&rest_code=00142 HTTP/1.1" 200 719
101.85.120.86 - - [04/Jun/2022:10:20:55 +0800] "GET /xingrg/all/common/auto_word.html?type=base&rest_code=00142 HTTP/1.1" 200 719
101.85.120.86 - - [04/Jun/2022:10:20:55 +0800] "GET /xingrg/javascript/easyui/themes/default/validatebox.css HTTP/1.1" 404 1104
101.85.120.86 - - [04/Jun/2022:10:20:55 +0800] "POST /xingrg/kc/base/wldb_order_operate.html HTTP/1.1" 200 6806
101.85.120.86 - - [04/Jun/2022:10:20:55 +0800] "GET /xingrg/javascript/easyui/themes/icons/edit_remove.png HTTP/1.1" 304 -
101.85.120.86 - - [04/Jun/2022:10:20:57 +0800] "GET /xingrg/javascript/auto/indicator.gif HTTP/1.1" 404 1066
180.156.212.250 - - [04/Jun/2022:10:20:58 +0800] "POST /xingrg/kc/buy/cgsh_list_operate.html HTTP/1.1" 200 6084
120.253.135.82 - - [04/Jun/2022:10:21:00 +0800] "GET /xingrg/all/function/internal_message.html?_=1654309348089&CODE_STATE=getMsg HTTP/1.1" 200 27
58.39.61.91 - - [04/Jun/2022:10:21:01 +0800] "GET /xingrg/check_reg.html?_=1654309214331 HTTP/1.1" 200 22
117.143.51.21 - - [04/Jun/2022:10:21:02 +0800] "GET /xingrg/all/function/internal_message.html?_=1654309259412&CODE_STATE=getMsg HTTP/1.1" 200 27
101.85.120.86 - - [04/Jun/2022:10:21:04 +0800] "GET /xingrg/all/function/internal_message.html?_=1654309261439&CODE_STATE=getMsg HTTP/1.1" 200 27
180.156.212.250 - - [04/Jun/2022:10:21:06 +0800] "POST /xingrg/kc/buy/cgsh_list_operate.html HTTP/1.1" 200 6052
114.84.82.172 - - [04/Jun/2022:10:21:07 +0800] "GET /xingrg/all/function/internal_message.html?_=1654309264264&CODE_STATE=getMsg HTTP/1.1" 200 27
180.175.103.167 - - [04/Jun/2022:10:21:08 +0800] "GET /xingrg/check_reg.html?_=1654309268338 HTTP/1.1" 200 22
120.253.135.82 - - [04/Jun/2022:10:21:08 +0800] "POST /xingrg/kc/pszx/mdps_list_operate.html HTTP/1.1" 200 4845
101.85.120.86 - - [04/Jun/2022:10:21:12 +0800] "GET /xingrg/kc/base/wldb_order_operate.html?command=get_materiel&rest_code=00142&base_code=0010186&code=00101033003 HTTP/1.1" 200 450
120.253.135.82 - - [04/Jun/2022:10:21:13 +0800] "POST /xingrg/kc/pszx/mdps_list_operate.html HTTP/1.1" 200 360
120.253.135.82 - - [04/Jun/2022:10:21:13 +0800] "GET /xingrg/kc/pszx/mdps_order_info.html?code=312022060100019 HTTP/1.1" 200 23978
120.253.135.82 - - [04/Jun/2022:10:21:14 +0800] "GET /xingrg/javascript/easyui/themes/default/validatebox.css HTTP/1.1" 404 1104
120.253.135.82 - - [04/Jun/2022:10:21:14 +0800] "POST /xingrg/kc/pszx/mdps_order_operate.html HTTP/1.1" 200 3244
180.156.212.250 - - [04/Jun/2022:10:21:15 +0800] "POST /xingrg/kc/buy/cgsh_list_operate.html HTTP/1.1" 200 6064
120.253.135.82 - - [04/Jun/2022:10:21:19 +0800] "POST /xingrg/kc/pszx/mdps_order_operate.html HTTP/1.1" 200 37
120.253.135.82 - - [04/Jun/2022:10:21:21 +0800] "POST /xingrg/kc/pszx/mdps_order_operate.html HTTP/1.1" 200 12
180.156.212.250 - - [04/Jun/2022:10:21:21 +0800] "POST /xingrg/kc/buy/cgsh_list_operate.html HTTP/1.1" 200 6086
120.253.135.82 - - [04/Jun/2022:10:21:26 +0800] "GET /xingrg/kc/pszx/mdps_order_info.html?code=312022060100019 HTTP/1.1" 200 19636
120.253.135.82 - - [04/Jun/2022:10:21:26 +0800] "POST /xingrg/kc/pszx/mdps_order_operate.html HTTP/1.1" 200 1457
120.253.135.82 - - [04/Jun/2022:10:21:26 +0800] "GET /xingrg/javascript/easyui/themes/default/validatebox.css HTTP/1.1" 404 1104
180.175.103.167 - - [04/Jun/2022:10:21:26 +0800] "GET /xingrg/check_reg.html?_=1654309201035 HTTP/1.1" 200 22
58.40.7.146 - - [04/Jun/2022:10:21:26 +0800] "GET /xingrg/all/function/internal_message.html?_=1654309264984&CODE_STATE=getMsg HTTP/1.1" 200 27
180.156.212.250 - - [04/Jun/2022:10:21:28 +0800] "POST /xingrg/kc/buy/cgsh_list_operate.html HTTP/1.1" 200 5967
180.156.212.250 - - [04/Jun/2022:10:21:31 +0800] "GET /xingrg/all/function/internal_message.html?_=1654309355057&CODE_STATE=getMsg HTTP/1.1" 200 27
58.39.61.91 - - [04/Jun/2022:10:21:31 +0800] "GET /xingrg/all/function/internal_message.html?_=1654309286483&CODE_STATE=getMsg HTTP/1.1" 200 27
101.85.120.86 - - [04/Jun/2022:10:21:32 +0800] "GET /xingrg/kc/base/wldb_order_operate.html?command=get_materiel&rest_code=00142&base_code=0010186&code=00101033005 HTTP/1.1" 200 450
120.253.135.82 - - [04/Jun/2022:10:21:33 +0800] "POST /xingrg/kc/pszx/mdps_list_operate.html HTTP/1.1" 200 4474
180.156.212.250 - - [04/Jun/2022:10:21:33 +0800] "POST /xingrg/kc/buy/cgsh_list_operate.html HTTP/1.1" 200 6015
180.169.147.146 - - [04/Jun/2022:10:21:35 +0800] "GET /xingrg/check_reg.html?_=1654309293754 HTTP/1.1" 200 22
58.39.61.91 - - [04/Jun/2022:10:21:36 +0800] "GET /xingrg/all/function/internal_message.html?_=1654309249307&CODE_STATE=getMsg HTTP/1.1" 200 27
218.81.223.53 - - [04/Jun/2022:10:21:37 +0800] "GET /xingrg/all/function/internal_message.html?_=1654309316253&CODE_STATE=getMsg HTTP/1.1" 200 27
180.169.147.146 - - [04/Jun/2022:10:21:38 +0800] "GET /xingrg/all/function/internal_message.html?_=1654309297523&CODE_STATE=getMsg HTTP/1.1" 200 27
180.156.212.250 - - [04/Jun/2022:10:21:38 +0800] "POST /xingrg/kc/buy/cgsh_list_operate.html HTTP/1.1" 200 6102
58.35.194.53 - - [04/Jun/2022:10:21:41 +0800] "GET /xingrg/all/function/internal_message.html?_=1654309297586&CODE_STATE=getMsg HTTP/1.1" 200 27
180.175.103.167 - - [04/Jun/2022:10:21:42 +0800] "GET /xingrg/all/function/internal_message.html?_=1654309217481&CODE_STATE=getMsg HTTP/1.1" 200 27
180.175.103.167 - - [04/Jun/2022:10:21:44 +0800] "GET /xingrg/all/function/internal_message.html?_=1654309303853&CODE_STATE=getMsg HTTP/1.1" 200 27
180.156.212.250 - - [04/Jun/2022:10:21:45 +0800] "POST /xingrg/kc/buy/cgsh_list_operate.html HTTP/1.1" 200 5971
58.40.7.146 - - [04/Jun/2022:10:21:46 +0800] "GET /xingrg/all/function/internal_message.html?_=1654309303628&CODE_STATE=getMsg HTTP/1.1" 200 27
116.232.52.139 - - [04/Jun/2022:10:21:47 +0800] "GET /xingrg/all/function/internal_message.html?_=1654309313932&CODE_STATE=getMsg HTTP/1.1" 200 27
116.235.92.88 - - [04/Jun/2022:10:21:51 +0800] "GET /xingrg/all/function/internal_message.html?_=1654309485402&CODE_STATE=getMsg HTTP/1.1" 200 27
180.156.212.250 - - [04/Jun/2022:10:21:52 +0800] "POST /xingrg/kc/buy/cgsh_list_operate.html HTTP/1.1" 200 6044
116.230.110.173 - - [04/Jun/2022:10:21:54 +0800] "GET /xingrg/all/function/internal_message.html?_=1654309308533&CODE_STATE=getMsg HTTP/1.1" 200 27
180.156.212.250 - - [04/Jun/2022:10:21:59 +0800] "POST /xingrg/kc/buy/cgsh_list_operate.html HTTP/1.1" 200 6112
120.253.135.82 - - [04/Jun/2022:10:22:00 +0800] "GET /xingrg/all/function/internal_message.html?_=1654309408142&CODE_STATE=getMsg HTTP/1.1" 200 27
117.143.51.21 - - [04/Jun/2022:10:22:02 +0800] "GET /xingrg/all/function/internal_message.html?_=1654309319413&CODE_STATE=getMsg HTTP/1.1" 200 27
180.156.212.250 - - [04/Jun/2022:10:22:04 +0800] "POST /xingrg/kc/buy/cgsh_list_operate.html HTTP/1.1" 200 215
101.85.120.86 - - [04/Jun/2022:10:22:04 +0800] "GET /xingrg/all/function/internal_message.html?_=1654309321430&CODE_STATE=getMsg HTTP/1.1" 200 27
180.156.212.250 - - [04/Jun/2022:10:22:07 +0800] "POST /xingrg/kc/buy/cgsh_list_operate.html HTTP/1.1" 200 203
114.84.82.172 - - [04/Jun/2022:10:22:07 +0800] "GET /xingrg/all/function/internal_message.html?_=1654309324262&CODE_STATE=getMsg HTTP/1.1" 200 27
180.156.212.250 - - [04/Jun/2022:10:22:13 +0800] "POST /xingrg/kc/buy/cgsh_list_operate.html HTTP/1.1" 200 6071
58.40.7.146 - - [04/Jun/2022:10:22:27 +0800] "GET /xingrg/all/function/internal_message.html?_=1654309324984&CODE_STATE=getMsg HTTP/1.1" 200 27
58.40.7.146 - - [04/Jun/2022:10:22:27 +0800] "GET /xingrg/check_reg.html?_=1654309324986 HTTP/1.1" 200 22
180.156.212.250 - - [04/Jun/2022:10:22:30 +0800] "POST /xingrg/kc/buy/cgsh_list_operate.html HTTP/1.1" 200 6076
58.39.61.91 - - [04/Jun/2022:10:22:31 +0800] "GET /xingrg/all/function/internal_message.html?_=1654309346484&CODE_STATE=getMsg HTTP/1.1" 200 27
180.156.212.250 - - [04/Jun/2022:10:22:31 +0800] "GET /xingrg/all/function/internal_message.html?_=1654309415068&CODE_STATE=getMsg HTTP/1.1" 200 27
58.39.61.91 - - [04/Jun/2022:10:22:36 +0800] "GET /xingrg/all/function/internal_message.html?_=1654309309321&CODE_STATE=getMsg HTTP/1.1" 200 27
180.156.212.250 - - [04/Jun/2022:10:22:37 +0800] "POST /xingrg/kc/buy/cgsh_list_operate.html HTTP/1.1" 200 6070
120.253.135.82 - - [04/Jun/2022:10:22:37 +0800] "POST /xingrg/kc/pszx/mdps_list_operate.html HTTP/1.1" 200 8822
218.81.223.53 - - [04/Jun/2022:10:22:38 +0800] "GET /xingrg/all/function/internal_message.html?_=1654309376439&CODE_STATE=getMsg HTTP/1.1" 200 27
180.169.147.146 - - [04/Jun/2022:10:22:38 +0800] "GET /xingrg/all/function/internal_message.html?_=1654309357527&CODE_STATE=getMsg HTTP/1.1" 200 27
58.35.194.53 - - [04/Jun/2022:10:22:41 +0800] "GET /xingrg/all/function/internal_message.html?_=1654309357570&CODE_STATE=getMsg HTTP/1.1" 200 27
180.175.103.167 - - [04/Jun/2022:10:22:42 +0800] "GET /xingrg/all/function/internal_message.html?_=1654309277466&CODE_STATE=getMsg HTTP/1.1" 200 27
180.156.212.250 - - [04/Jun/2022:10:22:43 +0800] "POST /xingrg/kc/buy/cgsh_list_operate.html HTTP/1.1" 200 6095
218.81.223.53 - - [04/Jun/2022:10:22:43 +0800] "GET /xingrg/check_reg.html?_=1654309381703 HTTP/1.1" 200 22
180.175.103.167 - - [04/Jun/2022:10:22:44 +0800] "GET /xingrg/all/function/internal_message.html?_=1654309363822&CODE_STATE=getMsg HTTP/1.1" 200 27
58.40.7.146 - - [04/Jun/2022:10:22:46 +0800] "GET /xingrg/all/function/internal_message.html?_=1654309363630&CODE_STATE=getMsg HTTP/1.1" 200 27
116.232.52.139 - - [04/Jun/2022:10:22:47 +0800] "GET /xingrg/all/function/internal_message.html?_=1654309373932&CODE_STATE=getMsg HTTP/1.1" 200 27
180.156.212.250 - - [04/Jun/2022:10:22:51 +0800] "POST /xingrg/kc/buy/cgsh_list_operate.html HTTP/1.1" 200 5988
116.235.92.88 - - [04/Jun/2022:10:22:51 +0800] "GET /xingrg/all/function/internal_message.html?_=1654309545401&CODE_STATE=getMsg HTTP/1.1" 200 27
116.230.110.173 - - [04/Jun/2022:10:22:54 +0800] "GET /xingrg/all/function/internal_message.html?_=1654309368533&CODE_STATE=getMsg HTTP/1.1" 200 27
120.253.135.82 - - [04/Jun/2022:10:22:55 +0800] "POST /xingrg/kc/pszx/mdps_list_operate.html HTTP/1.1" 200 623
120.253.135.82 - - [04/Jun/2022:10:22:55 +0800] "GET /xingrg/kc/pszx/mdps_order_info.html?code=312022060400104 HTTP/1.1" 200 23976
120.253.135.82 - - [04/Jun/2022:10:22:55 +0800] "POST /xingrg/kc/pszx/mdps_order_operate.html HTTP/1.1" 200 11530
120.253.135.82 - - [04/Jun/2022:10:22:55 +0800] "GET /xingrg/javascript/easyui/themes/default/validatebox.css HTTP/1.1" 404 1104
180.156.212.250 - - [04/Jun/2022:10:22:58 +0800] "POST /xingrg/kc/buy/cgsh_list_operate.html HTTP/1.1" 200 6081
120.253.135.82 - - [04/Jun/2022:10:23:00 +0800] "GET /xingrg/all/function/internal_message.html?_=1654309468147&CODE_STATE=getMsg HTTP/1.1" 200 27
117.143.51.21 - - [04/Jun/2022:10:23:02 +0800] "GET /xingrg/check_reg.html?_=1654309379407 HTTP/1.1" 200 22
117.143.51.21 - - [04/Jun/2022:10:23:02 +0800] "GET /xingrg/all/function/internal_message.html?_=1654309379408&CODE_STATE=getMsg HTTP/1.1" 200 27
101.85.120.86 - - [04/Jun/2022:10:23:04 +0800] "GET /xingrg/check_reg.html?_=1654309381416 HTTP/1.1" 200 22
101.85.120.86 - - [04/Jun/2022:10:23:04 +0800] "GET /xingrg/all/function/internal_message.html?_=1654309381420&CODE_STATE=getMsg HTTP/1.1" 200 27
180.156.212.250 - - [04/Jun/2022:10:23:04 +0800] "POST /xingrg/kc/buy/cgsh_list_operate.html HTTP/1.1" 200 6088
120.253.135.82 - - [04/Jun/2022:10:23:05 +0800] "POST /xingrg/kc/pszx/mdps_order_operate.html HTTP/1.1" 200 37
114.84.82.172 - - [04/Jun/2022:10:23:07 +0800] "GET /xingrg/all/function/internal_message.html?_=1654309384262&CODE_STATE=getMsg HTTP/1.1" 200 27
120.253.135.82 - - [04/Jun/2022:10:23:07 +0800] "POST /xingrg/kc/pszx/mdps_order_operate.html HTTP/1.1" 200 12
120.253.135.82 - - [04/Jun/2022:10:23:08 +0800] "GET /xingrg/kc/pszx/mdps_order_info.html?code=312022060400104 HTTP/1.1" 200 19634
120.253.135.82 - - [04/Jun/2022:10:23:08 +0800] "POST /xingrg/kc/pszx/mdps_order_operate.html HTTP/1.1" 200 9678
120.253.135.82 - - [04/Jun/2022:10:23:08 +0800] "GET /xingrg/javascript/easyui/themes/default/validatebox.css HTTP/1.1" 404 1104
180.156.212.250 - - [04/Jun/2022:10:23:10 +0800] "POST /xingrg/kc/buy/cgsh_list_operate.html HTTP/1.1" 200 5985
120.253.135.82 - - [04/Jun/2022:10:23:10 +0800] "POST /xingrg/kc/pszx/mdps_list_operate.html HTTP/1.1" 200 8812
120.253.135.82 - - [04/Jun/2022:10:23:13 +0800] "POST /xingrg/kc/pszx/mdps_list_operate.html HTTP/1.1" 200 214
120.253.135.82 - - [04/Jun/2022:10:23:13 +0800] "GET /xingrg/kc/pszx/mdps_order_info.html?code=312022060200056 HTTP/1.1" 200 23976
120.253.135.82 - - [04/Jun/2022:10:23:13 +0800] "POST /xingrg/kc/pszx/mdps_order_operate.html HTTP/1.1" 200 2291
120.253.135.82 - - [04/Jun/2022:10:23:13 +0800] "GET /xingrg/javascript/easyui/themes/default/validatebox.css HTTP/1.1" 404 1104
180.156.212.250 - - [04/Jun/2022:10:23:17 +0800] "POST /xingrg/kc/buy/cgsh_list_operate.html HTTP/1.1" 200 5890
120.253.135.82 - - [04/Jun/2022:10:23:17 +0800] "POST /xingrg/kc/pszx/mdps_order_operate.html HTTP/1.1" 200 37
120.253.135.82 - - [04/Jun/2022:10:23:19 +0800] "POST /xingrg/kc/pszx/mdps_order_operate.html HTTP/1.1" 200 12
120.253.135.82 - - [04/Jun/2022:10:23:20 +0800] "GET /xingrg/kc/pszx/mdps_order_info.html?code=312022060200056 HTTP/1.1" 200 19634
120.253.135.82 - - [04/Jun/2022:10:23:20 +0800] "POST /xingrg/kc/pszx/mdps_order_operate.html HTTP/1.1" 200 512
120.253.135.82 - - [04/Jun/2022:10:23:20 +0800] "GET /xingrg/javascript/easyui/themes/default/validatebox.css HTTP/1.1" 404 1104
180.156.212.250 - - [04/Jun/2022:10:23:22 +0800] "POST /xingrg/kc/buy/cgsh_list_operate.html HTTP/1.1" 200 6058
120.253.135.82 - - [04/Jun/2022:10:23:22 +0800] "POST /xingrg/kc/pszx/mdps_list_operate.html HTTP/1.1" 200 8812
58.40.7.146 - - [04/Jun/2022:10:23:27 +0800] "GET /xingrg/all/function/internal_message.html?_=1654309384991&CODE_STATE=getMsg HTTP/1.1" 200 27
180.156.212.250 - - [04/Jun/2022:10:23:28 +0800] "POST /xingrg/kc/buy/cgsh_list_operate.html HTTP/1.1" 200 6092
180.156.212.250 - - [04/Jun/2022:10:23:30 +0800] "GET /xingrg/all/function/internal_message.html?_=1654309475082&CODE_STATE=getMsg HTTP/1.1" 200 27
58.39.61.91 - - [04/Jun/2022:10:23:31 +0800] "GET /xingrg/all/function/internal_message.html?_=1654309406482&CODE_STATE=getMsg HTTP/1.1" 200 27
180.156.212.250 - - [04/Jun/2022:10:23:36 +0800] "POST /xingrg/kc/buy/cgsh_list_operate.html HTTP/1.1" 200 6088
58.39.61.91 - - [04/Jun/2022:10:23:36 +0800] "GET /xingrg/all/function/internal_message.html?_=1654309369400&CODE_STATE=getMsg HTTP/1.1" 200 27
218.81.223.53 - - [04/Jun/2022:10:23:38 +0800] "GET /xingrg/all/function/internal_message.html?_=1654309436451&CODE_STATE=getMsg HTTP/1.1" 200 27
180.169.147.146 - - [04/Jun/2022:10:23:38 +0800] "GET /xingrg/check_reg.html?_=1654309417527 HTTP/1.1" 200 22
180.169.147.146 - - [04/Jun/2022:10:23:38 +0800] "GET /xingrg/all/function/internal_message.html?_=1654309417528&CODE_STATE=getMsg HTTP/1.1" 200 27
58.35.194.53 - - [04/Jun/2022:10:23:41 +0800] "GET /xingrg/all/function/internal_message.html?_=1654309417571&CODE_STATE=getMsg HTTP/1.1" 200 27
180.156.212.250 - - [04/Jun/2022:10:23:41 +0800] "POST /xingrg/kc/buy/cgsh_list_operate.html HTTP/1.1" 200 5978
180.175.103.167 - - [04/Jun/2022:10:23:42 +0800] "GET /xingrg/all/function/internal_message.html?_=1654309337452&CODE_STATE=getMsg HTTP/1.1" 200 27
180.175.103.167 - - [04/Jun/2022:10:23:44 +0800] "GET /xingrg/all/function/internal_message.html?_=1654309423794&CODE_STATE=getMsg HTTP/1.1" 200 27
58.40.7.146 - - [04/Jun/2022:10:23:46 +0800] "GET /xingrg/all/function/internal_message.html?_=1654309423631&CODE_STATE=getMsg HTTP/1.1" 200 27
116.232.52.139 - - [04/Jun/2022:10:23:47 +0800] "GET /xingrg/all/function/internal_message.html?_=1654309433933&CODE_STATE=getMsg HTTP/1.1" 200 27
180.156.212.250 - - [04/Jun/2022:10:23:47 +0800] "POST /xingrg/kc/buy/cgsh_list_operate.html HTTP/1.1" 200 6089
116.235.92.88 - - [04/Jun/2022:10:23:51 +0800] "GET /xingrg/all/function/internal_message.html?_=1654309605400&CODE_STATE=getMsg HTTP/1.1" 200 27
116.235.92.88 - - [04/Jun/2022:10:23:51 +0800] "GET /xingrg/check_reg.html?_=1654309605399 HTTP/1.1" 200 22
180.156.212.250 - - [04/Jun/2022:10:23:52 +0800] "POST /xingrg/kc/buy/cgsh_list_operate.html HTTP/1.1" 200 6080
116.230.110.173 - - [04/Jun/2022:10:23:54 +0800] "GET /xingrg/all/function/internal_message.html?_=1654309428535&CODE_STATE=getMsg HTTP/1.1" 200 27
120.253.135.82 - - [04/Jun/2022:10:23:59 +0800] "GET /xingrg/check_reg.html?_=1654309527494 HTTP/1.1" 200 22
120.253.135.82 - - [04/Jun/2022:10:24:00 +0800] "GET /xingrg/all/function/internal_message.html?_=1654309528161&CODE_STATE=getMsg HTTP/1.1" 200 27
117.143.51.21 - - [04/Jun/2022:10:24:02 +0800] "GET /xingrg/all/function/internal_message.html?_=1654309439421&CODE_STATE=getMsg HTTP/1.1" 200 27
101.85.120.86 - - [04/Jun/2022:10:24:04 +0800] "GET /xingrg/all/function/internal_message.html?_=1654309441415&CODE_STATE=getMsg HTTP/1.1" 200 27
114.84.82.172 - - [04/Jun/2022:10:24:07 +0800] "GET /xingrg/all/function/internal_message.html?_=1654309444260&CODE_STATE=getMsg HTTP/1.1" 200 27
120.253.135.82 - - [04/Jun/2022:10:24:09 +0800] "POST /xingrg/kc/pszx/mdps_list_operate.html HTTP/1.1" 200 287
120.253.135.82 - - [04/Jun/2022:10:24:09 +0800] "GET /xingrg/kc/pszx/mdps_order_info.html?code=312022060400107 HTTP/1.1" 200 23970
120.253.135.82 - - [04/Jun/2022:10:24:10 +0800] "POST /xingrg/kc/pszx/mdps_order_operate.html HTTP/1.1" 200 2791
120.253.135.82 - - [04/Jun/2022:10:24:10 +0800] "GET /xingrg/javascript/easyui/themes/default/validatebox.css HTTP/1.1" 404 1104
120.253.135.82 - - [04/Jun/2022:10:24:16 +0800] "POST /xingrg/kc/pszx/mdps_order_operate.html HTTP/1.1" 200 37
120.253.135.82 - - [04/Jun/2022:10:24:18 +0800] "POST /xingrg/kc/pszx/mdps_order_operate.html HTTP/1.1" 200 12
120.253.135.82 - - [04/Jun/2022:10:24:19 +0800] "GET /xingrg/kc/pszx/mdps_order_info.html?code=312022060400107 HTTP/1.1" 200 19628
120.253.135.82 - - [04/Jun/2022:10:24:19 +0800] "POST /xingrg/kc/pszx/mdps_order_operate.html HTTP/1.1" 200 1007
120.253.135.82 - - [04/Jun/2022:10:24:19 +0800] "GET /xingrg/javascript/easyui/themes/default/validatebox.css HTTP/1.1" 404 1104
58.40.7.146 - - [04/Jun/2022:10:24:26 +0800] "GET /xingrg/all/function/internal_message.html?_=1654309444977&CODE_STATE=getMsg HTTP/1.1" 200 27
180.156.212.250 - - [04/Jun/2022:10:24:31 +0800] "GET /xingrg/all/function/internal_message.html?_=1654309535096&CODE_STATE=getMsg HTTP/1.1" 200 27
58.39.61.91 - - [04/Jun/2022:10:24:31 +0800] "GET /xingrg/check_reg.html?_=1654309466476 HTTP/1.1" 200 22
58.39.61.91 - - [04/Jun/2022:10:24:31 +0800] "GET /xingrg/all/function/internal_message.html?_=1654309466478&CODE_STATE=getMsg HTTP/1.1" 200 27
58.39.61.91 - - [04/Jun/2022:10:24:36 +0800] "GET /xingrg/all/function/internal_message.html?_=1654309429410&CODE_STATE=getMsg HTTP/1.1" 200 27
218.81.223.53 - - [04/Jun/2022:10:24:38 +0800] "GET /xingrg/all/function/internal_message.html?_=1654309496464&CODE_STATE=getMsg HTTP/1.1" 200 27
180.169.147.146 - - [04/Jun/2022:10:24:38 +0800] "GET /xingrg/all/function/internal_message.html?_=1654309477528&CODE_STATE=getMsg HTTP/1.1" 200 27
58.35.194.53 - - [04/Jun/2022:10:24:41 +0800] "GET /xingrg/all/function/internal_message.html?_=1654309477573&CODE_STATE=getMsg HTTP/1.1" 200 27
58.35.194.53 - - [04/Jun/2022:10:24:41 +0800] "GET /xingrg/check_reg.html?_=1654309477574 HTTP/1.1" 200 22
180.175.103.167 - - [04/Jun/2022:10:24:42 +0800] "GET /xingrg/all/function/internal_message.html?_=1654309397437&CODE_STATE=getMsg HTTP/1.1" 200 27
180.175.103.167 - - [04/Jun/2022:10:24:44 +0800] "GET /xingrg/all/function/internal_message.html?_=1654309483772&CODE_STATE=getMsg HTTP/1.1" 200 27
58.40.7.146 - - [04/Jun/2022:10:24:46 +0800] "GET /xingrg/all/function/internal_message.html?_=1654309483635&CODE_STATE=getMsg HTTP/1.1" 200 27
116.232.52.139 - - [04/Jun/2022:10:24:47 +0800] "GET /xingrg/all/function/internal_message.html?_=1654309493917&CODE_STATE=getMsg HTTP/1.1" 200 27
116.235.92.88 - - [04/Jun/2022:10:24:51 +0800] "GET /xingrg/all/function/internal_message.html?_=1654309665398&CODE_STATE=getMsg HTTP/1.1" 200 27
116.230.110.173 - - [04/Jun/2022:10:24:54 +0800] "GET /xingrg/check_reg.html?_=1654309488527 HTTP/1.1" 200 22
116.230.110.173 - - [04/Jun/2022:10:24:54 +0800] "GET /xingrg/all/function/internal_message.html?_=1654309488532&CODE_STATE=getMsg HTTP/1.1" 200 27
120.253.135.82 - - [04/Jun/2022:10:24:56 +0800] "POST /xingrg/kc/pszx/mdps_list_operate.html HTTP/1.1" 200 8824
120.253.135.82 - - [04/Jun/2022:10:25:00 +0800] "GET /xingrg/all/function/internal_message.html?_=1654309588175&CODE_STATE=getMsg HTTP/1.1" 200 27
117.143.51.21 - - [04/Jun/2022:10:25:02 +0800] "GET /xingrg/all/function/internal_message.html?_=1654309499420&CODE_STATE=getMsg HTTP/1.1" 200 27
101.85.120.86 - - [04/Jun/2022:10:25:04 +0800] "GET /xingrg/all/function/internal_message.html?_=1654309501437&CODE_STATE=getMsg HTTP/1.1" 200 27
114.84.82.172 - - [04/Jun/2022:10:25:07 +0800] "GET /xingrg/all/function/internal_message.html?_=1654309504259&CODE_STATE=getMsg HTTP/1.1" 200 27
114.84.82.172 - - [04/Jun/2022:10:25:07 +0800] "GET /xingrg/check_reg.html?_=1654309504261 HTTP/1.1" 200 22
120.253.135.82 - - [04/Jun/2022:10:25:07 +0800] "GET /xingrg/kc/pszx/mdps_order_add.html HTTP/1.1" 200 29035
120.253.135.82 - - [04/Jun/2022:10:25:08 +0800] "POST /xingrg/kc/pszx/mdps_order_operate.html HTTP/1.1" 200 7126
120.253.135.82 - - [04/Jun/2022:10:25:08 +0800] "GET /xingrg/javascript/easyui/themes/default/validatebox.css HTTP/1.1" 404 1104
120.253.135.82 - - [04/Jun/2022:10:25:10 +0800] "POST /xingrg/all/common/load_combo.html?type=base HTTP/1.1" 200 1169
120.253.135.82 - - [04/Jun/2022:10:25:13 +0800] "GET /xingrg/javascript/easyui/plugins/jquery.draggable.js HTTP/1.1" 200 6121
120.253.135.82 - - [04/Jun/2022:10:25:14 +0800] "GET /xingrg/javascript/easyui/plugins/jquery.droppable.js HTTP/1.1" 200 1167
120.253.135.82 - - [04/Jun/2022:10:25:14 +0800] "GET /xingrg/javascript/easyui/themes/default/tree.css HTTP/1.1" 404 1090
120.253.135.82 - - [04/Jun/2022:10:25:14 +0800] "GET /xingrg/javascript/easyui/plugins/jquery.tree.js HTTP/1.1" 200 20874
120.253.135.82 - - [04/Jun/2022:10:25:14 +0800] "POST /xingrg/all/common/load_tree.html?tree=area_rest_tree_json&only_rest=1 HTTP/1.1" 200 3351
120.253.135.82 - - [04/Jun/2022:10:25:14 +0800] "GET /xingrg/javascript/easyui/themes/default/images/tree_arrows.gif HTTP/1.1" 200 617
120.253.135.82 - - [04/Jun/2022:10:25:14 +0800] "GET /xingrg/javascript/easyui/themes/icons/rest.png HTTP/1.1" 200 695
120.253.135.82 - - [04/Jun/2022:10:25:14 +0800] "GET /xingrg/javascript/easyui/themes/default/images/tree_folder_open.gif HTTP/1.1" 200 956
120.253.135.82 - - [04/Jun/2022:10:25:14 +0800] "GET /xingrg/javascript/easyui/themes/icons/area.png HTTP/1.1" 200 262
120.253.135.82 - - [04/Jun/2022:10:25:19 +0800] "GET /xingrg/javascript/auto/indicator.gif HTTP/1.1" 404 1066
120.253.135.82 - - [04/Jun/2022:10:25:26 +0800] "GET /xingrg/kc/pszx/mdps_order_operate.html?command=get_materiel&pszx_code=00101&rest_code=00102&base_code=0010250&code=00102002425 HTTP/1.1" 200 429
58.40.7.146 - - [04/Jun/2022:10:25:27 +0800] "GET /xingrg/all/function/internal_message.html?_=1654309504981&CODE_STATE=getMsg HTTP/1.1" 200 27
180.156.212.250 - - [04/Jun/2022:10:25:29 +0800] "GET /xingrg/check_reg.html?_=1654309593553 HTTP/1.1" 200 22
180.156.212.250 - - [04/Jun/2022:10:25:31 +0800] "GET /xingrg/all/function/internal_message.html?_=1654309595109&CODE_STATE=getMsg HTTP/1.1" 200 27
58.39.61.91 - - [04/Jun/2022:10:25:31 +0800] "GET /xingrg/all/function/internal_message.html?_=1654309526480&CODE_STATE=getMsg HTTP/1.1" 200 27
58.39.61.91 - - [04/Jun/2022:10:25:36 +0800] "GET /xingrg/all/function/internal_message.html?_=1654309489485&CODE_STATE=getMsg HTTP/1.1" 200 27
218.81.223.53 - - [04/Jun/2022:10:25:38 +0800] "GET /xingrg/all/function/internal_message.html?_=1654309556679&CODE_STATE=getMsg HTTP/1.1" 200 27
180.169.147.146 - - [04/Jun/2022:10:25:38 +0800] "GET /xingrg/all/function/internal_message.html?_=1654309537533&CODE_STATE=getMsg HTTP/1.1" 200 27
58.35.194.53 - - [04/Jun/2022:10:25:41 +0800] "GET /xingrg/all/function/internal_message.html?_=1654309537575&CODE_STATE=getMsg HTTP/1.1" 200 27
180.175.103.167 - - [04/Jun/2022:10:25:42 +0800] "GET /xingrg/all/function/internal_message.html?_=1654309457422&CODE_STATE=getMsg HTTP/1.1" 200 27
180.175.103.167 - - [04/Jun/2022:10:25:44 +0800] "GET /xingrg/all/function/internal_message.html?_=1654309543749&CODE_STATE=getMsg HTTP/1.1" 200 27
58.40.7.146 - - [04/Jun/2022:10:25:46 +0800] "GET /xingrg/check_reg.html?_=1654309543636 HTTP/1.1" 200 22
58.40.7.146 - - [04/Jun/2022:10:25:46 +0800] "GET /xingrg/all/function/internal_message.html?_=1654309543638&CODE_STATE=getMsg HTTP/1.1" 200 27
116.232.52.139 - - [04/Jun/2022:10:25:47 +0800] "GET /xingrg/all/function/internal_message.html?_=1654309553918&CODE_STATE=getMsg HTTP/1.1" 200 27
116.232.52.139 - - [04/Jun/2022:10:25:47 +0800] "GET /xingrg/check_reg.html?_=1654309553921 HTTP/1.1" 200 22
116.235.92.88 - - [04/Jun/2022:10:25:51 +0800] "GET /xingrg/all/function/internal_message.html?_=1654309725397&CODE_STATE=getMsg HTTP/1.1" 200 27
116.230.110.173 - - [04/Jun/2022:10:25:54 +0800] "GET /xingrg/all/function/internal_message.html?_=1654309548533&CODE_STATE=getMsg HTTP/1.1" 200 27
120.253.135.82 - - [04/Jun/2022:10:26:00 +0800] "GET /xingrg/all/function/internal_message.html?_=1654309648189&CODE_STATE=getMsg HTTP/1.1" 200 27
120.253.135.82 - - [04/Jun/2022:10:26:01 +0800] "GET /xingrg/kc/pszx/mdps_order_operate.html?command=get_materiel&pszx_code=00101&rest_code=00102&base_code=0010250&code=00102034060 HTTP/1.1" 200 435
58.39.61.91 - - [04/Jun/2022:10:26:01 +0800] "GET /xingrg/check_reg.html?_=1654309514337 HTTP/1.1" 200 22
117.143.51.21 - - [04/Jun/2022:10:26:02 +0800] "GET /xingrg/all/function/internal_message.html?_=1654309559420&CODE_STATE=getMsg HTTP/1.1" 200 27
101.85.120.86 - - [04/Jun/2022:10:26:04 +0800] "GET /xingrg/all/function/internal_message.html?_=1654309561422&CODE_STATE=getMsg HTTP/1.1" 200 27
114.84.82.172 - - [04/Jun/2022:10:26:07 +0800] "GET /xingrg/all/function/internal_message.html?_=1654309564259&CODE_STATE=getMsg HTTP/1.1" 200 27
180.175.103.167 - - [04/Jun/2022:10:26:08 +0800] "GET /xingrg/check_reg.html?_=1654309568335 HTTP/1.1" 200 22
120.253.135.82 - - [04/Jun/2022:10:26:26 +0800] "POST /xingrg/kc/pszx/mdps_order_operate.html HTTP/1.1" 200 37
180.175.103.167 - - [04/Jun/2022:10:26:26 +0800] "GET /xingrg/check_reg.html?_=1654309501012 HTTP/1.1" 200 22
58.40.7.146 - - [04/Jun/2022:10:26:27 +0800] "GET /xingrg/all/function/internal_message.html?_=1654309564984&CODE_STATE=getMsg HTTP/1.1" 200 27
120.253.135.82 - - [04/Jun/2022:10:26:27 +0800] "GET /xingrg/kc/pszx/mdps_order_info.html?code=312022060400111 HTTP/1.1" 200 23970
120.253.135.82 - - [04/Jun/2022:10:26:27 +0800] "POST /xingrg/kc/pszx/mdps_order_operate.html HTTP/1.1" 200 2783
120.253.135.82 - - [04/Jun/2022:10:26:27 +0800] "GET /xingrg/javascript/easyui/themes/default/validatebox.css HTTP/1.1" 404 1104
180.156.212.250 - - [04/Jun/2022:10:26:31 +0800] "GET /xingrg/all/function/internal_message.html?_=1654309655123&CODE_STATE=getMsg HTTP/1.1" 200 27
58.39.61.91 - - [04/Jun/2022:10:26:31 +0800] "GET /xingrg/all/function/internal_message.html?_=1654309586476&CODE_STATE=getMsg HTTP/1.1" 200 27
180.169.147.146 - - [04/Jun/2022:10:26:35 +0800] "GET /xingrg/check_reg.html?_=1654309593725 HTTP/1.1" 200 22
58.39.61.91 - - [04/Jun/2022:10:26:36 +0800] "GET /xingrg/all/function/internal_message.html?_=1654309549500&CODE_STATE=getMsg HTTP/1.1" 200 27
218.81.223.53 - - [04/Jun/2022:10:26:38 +0800] "GET /xingrg/all/function/internal_message.html?_=1654309616695&CODE_STATE=getMsg HTTP/1.1" 200 27
180.169.147.146 - - [04/Jun/2022:10:26:38 +0800] "GET /xingrg/all/function/internal_message.html?_=1654309597524&CODE_STATE=getMsg HTTP/1.1" 200 27
58.35.194.53 - - [04/Jun/2022:10:26:41 +0800] "GET /xingrg/all/function/internal_message.html?_=1654309597577&CODE_STATE=getMsg HTTP/1.1" 200 27
180.175.103.167 - - [04/Jun/2022:10:26:42 +0800] "GET /xingrg/all/function/internal_message.html?_=1654309517396&CODE_STATE=getMsg HTTP/1.1" 200 27
180.175.103.167 - - [04/Jun/2022:10:26:44 +0800] "GET /xingrg/all/function/internal_message.html?_=1654309603727&CODE_STATE=getMsg HTTP/1.1" 200 27
58.40.7.146 - - [04/Jun/2022:10:26:46 +0800] "GET /xingrg/all/function/internal_message.html?_=1654309603640&CODE_STATE=getMsg HTTP/1.1" 200 27
116.232.52.139 - - [04/Jun/2022:10:26:47 +0800] "GET /xingrg/all/function/internal_message.html?_=1654309613920&CODE_STATE=getMsg HTTP/1.1" 200 27
116.235.92.88 - - [04/Jun/2022:10:26:51 +0800] "GET /xingrg/all/function/internal_message.html?_=1654309785395&CODE_STATE=getMsg HTTP/1.1" 200 27
120.253.135.82 - - [04/Jun/2022:10:26:52 +0800] "GET /xingrg/kc/pszx/mdps_order_list.html?orderType=0 HTTP/1.1" 200 20966
120.253.135.82 - - [04/Jun/2022:10:26:52 +0800] "POST /xingrg/kc/pszx/mdps_list_operate.html HTTP/1.1" 200 8812
116.230.110.173 - - [04/Jun/2022:10:26:54 +0800] "GET /xingrg/all/function/internal_message.html?_=1654309608532&CODE_STATE=getMsg HTTP/1.1" 200 27
120.253.135.82 - - [04/Jun/2022:10:27:00 +0800] "GET /xingrg/all/function/internal_message.html?_=1654309708244&CODE_STATE=getMsg HTTP/1.1" 200 27
117.143.51.21 - - [04/Jun/2022:10:27:02 +0800] "GET /xingrg/all/function/internal_message.html?_=1654309619412&CODE_STATE=getMsg HTTP/1.1" 200 27
101.85.120.86 - - [04/Jun/2022:10:27:04 +0800] "GET /xingrg/all/function/internal_message.html?_=1654309621427&CODE_STATE=getMsg HTTP/1.1" 200 27
120.253.135.82 - - [04/Jun/2022:10:27:04 +0800] "GET /xingrg/javascript/easyui/themes/default/tree.css HTTP/1.1" 404 1090
120.253.135.82 - - [04/Jun/2022:10:27:04 +0800] "POST /xingrg/all/common/load_tree.html?tree=area_rest_tree_json HTTP/1.1" 200 3472
120.253.135.82 - - [04/Jun/2022:10:27:04 +0800] "GET /xingrg/javascript/easyui/themes/default/images/tree_checkbox_0.gif HTTP/1.1" 200 168
120.253.135.82 - - [04/Jun/2022:10:27:04 +0800] "GET /xingrg/javascript/easyui/themes/icons/manage.png HTTP/1.1" 200 696
120.253.135.82 - - [04/Jun/2022:10:27:07 +0800] "GET /xingrg/javascript/easyui/themes/default/images/tree_checkbox_1.gif HTTP/1.1" 200 174
120.253.135.82 - - [04/Jun/2022:10:27:07 +0800] "GET /xingrg/javascript/easyui/themes/default/images/tree_checkbox_2.gif HTTP/1.1" 200 181
114.84.82.172 - - [04/Jun/2022:10:27:07 +0800] "GET /xingrg/all/function/internal_message.html?_=1654309624258&CODE_STATE=getMsg HTTP/1.1" 200 27
120.253.135.82 - - [04/Jun/2022:10:27:14 +0800] "POST /xingrg/kc/pszx/mdps_list_operate.html HTTP/1.1" 200 868
120.253.135.82 - - [04/Jun/2022:10:27:15 +0800] "POST /xingrg/kc/pszx/mdps_list_operate.html HTTP/1.1" 200 868
120.253.135.82 - - [04/Jun/2022:10:27:16 +0800] "POST /xingrg/kc/pszx/mdps_list_operate.html HTTP/1.1" 200 868
120.253.135.82 - - [04/Jun/2022:10:27:25 +0800] "POST /xingrg/kc/pszx/mdps_list_operate.html HTTP/1.1" 200 868
120.253.135.82 - - [04/Jun/2022:10:27:26 +0800] "POST /xingrg/kc/pszx/mdps_list_operate.html HTTP/1.1" 200 868
120.253.135.82 - - [04/Jun/2022:10:27:26 +0800] "POST /xingrg/kc/pszx/mdps_list_operate.html HTTP/1.1" 200 868
58.40.7.146 - - [04/Jun/2022:10:27:27 +0800] "GET /xingrg/all/function/internal_message.html?_=1654309624987&CODE_STATE=getMsg HTTP/1.1" 200 27
58.40.7.146 - - [04/Jun/2022:10:27:27 +0800] "GET /xingrg/check_reg.html?_=1654309624989 HTTP/1.1" 200 22
120.253.135.82 - - [04/Jun/2022:10:27:27 +0800] "POST /xingrg/kc/pszx/mdps_list_operate.html HTTP/1.1" 200 868
120.253.135.82 - - [04/Jun/2022:10:27:27 +0800] "POST /xingrg/kc/pszx/mdps_list_operate.html HTTP/1.1" 200 868
180.156.212.250 - - [04/Jun/2022:10:27:31 +0800] "GET /xingrg/all/function/internal_message.html?_=1654309715137&CODE_STATE=getMsg HTTP/1.1" 200 27
58.39.61.91 - - [04/Jun/2022:10:27:31 +0800] "GET /xingrg/all/function/internal_message.html?_=1654309646505&CODE_STATE=getMsg HTTP/1.1" 200 27
58.39.61.91 - - [04/Jun/2022:10:27:36 +0800] "GET /xingrg/all/function/internal_message.html?_=1654309609513&CODE_STATE=getMsg HTTP/1.1" 200 27
180.169.147.146 - - [04/Jun/2022:10:27:38 +0800] "GET /xingrg/all/function/internal_message.html?_=1654309657521&CODE_STATE=getMsg HTTP/1.1" 200 27
218.81.223.53 - - [04/Jun/2022:10:27:38 +0800] "GET /xingrg/all/function/internal_message.html?_=1654309676888&CODE_STATE=getMsg HTTP/1.1" 200 27
120.253.135.82 - - [04/Jun/2022:10:27:39 +0800] "POST /xingrg/kc/pszx/mdps_list_operate.html HTTP/1.1" 200 868
120.253.135.82 - - [04/Jun/2022:10:27:39 +0800] "POST /xingrg/kc/pszx/mdps_list_operate.html HTTP/1.1" 200 868
120.253.135.82 - - [04/Jun/2022:10:27:40 +0800] "POST /xingrg/kc/pszx/mdps_list_operate.html HTTP/1.1" 200 868
120.253.135.82 - - [04/Jun/2022:10:27:40 +0800] "POST /xingrg/kc/pszx/mdps_list_operate.html HTTP/1.1" 200 868
120.253.135.82 - - [04/Jun/2022:10:27:41 +0800] "POST /xingrg/kc/pszx/mdps_list_operate.html HTTP/1.1" 200 868
58.35.194.53 - - [04/Jun/2022:10:27:41 +0800] "GET /xingrg/all/function/internal_message.html?_=1654309657578&CODE_STATE=getMsg HTTP/1.1" 200 27
120.253.135.82 - - [04/Jun/2022:10:27:41 +0800] "POST /xingrg/kc/pszx/mdps_list_operate.html HTTP/1.1" 200 868
120.253.135.82 - - [04/Jun/2022:10:27:41 +0800] "POST /xingrg/kc/pszx/mdps_list_operate.html HTTP/1.1" 200 868
120.253.135.82 - - [04/Jun/2022:10:27:42 +0800] "POST /xingrg/kc/pszx/mdps_list_operate.html HTTP/1.1" 200 868
120.253.135.82 - - [04/Jun/2022:10:27:42 +0800] "POST /xingrg/kc/pszx/mdps_list_operate.html HTTP/1.1" 200 868
180.175.103.167 - - [04/Jun/2022:10:27:42 +0800] "GET /xingrg/all/function/internal_message.html?_=1654309577381&CODE_STATE=getMsg HTTP/1.1" 200 27
218.81.223.53 - - [04/Jun/2022:10:27:43 +0800] "GET /xingrg/check_reg.html?_=1654309681700 HTTP/1.1" 200 22
180.175.103.167 - - [04/Jun/2022:10:27:44 +0800] "GET /xingrg/all/function/internal_message.html?_=1654309663699&CODE_STATE=getMsg HTTP/1.1" 200 27
120.253.135.82 - - [04/Jun/2022:10:27:44 +0800] "POST /xingrg/kc/pszx/mdps_list_operate.html HTTP/1.1" 200 868
58.40.7.146 - - [04/Jun/2022:10:27:46 +0800] "GET /xingrg/all/function/internal_message.html?_=1654309663627&CODE_STATE=getMsg HTTP/1.1" 200 27
116.232.52.139 - - [04/Jun/2022:10:27:47 +0800] "GET /xingrg/all/function/internal_message.html?_=1654309673924&CODE_STATE=getMsg HTTP/1.1" 200 27
116.235.92.88 - - [04/Jun/2022:10:27:51 +0800] "GET /xingrg/all/function/internal_message.html?_=1654309845394&CODE_STATE=getMsg HTTP/1.1" 200 27
116.230.110.173 - - [04/Jun/2022:10:27:54 +0800] "GET /xingrg/all/function/internal_message.html?_=1654309668519&CODE_STATE=getMsg HTTP/1.1" 200 27
120.253.135.82 - - [04/Jun/2022:10:28:00 +0800] "GET /xingrg/all/function/internal_message.html?_=1654309768248&CODE_STATE=getMsg HTTP/1.1" 200 27
117.143.51.21 - - [04/Jun/2022:10:28:02 +0800] "GET /xingrg/check_reg.html?_=1654309679415 HTTP/1.1" 200 22
117.143.51.21 - - [04/Jun/2022:10:28:02 +0800] "GET /xingrg/all/function/internal_message.html?_=1654309679416&CODE_STATE=getMsg HTTP/1.1" 200 27
101.85.120.86 - - [04/Jun/2022:10:28:04 +0800] "GET /xingrg/check_reg.html?_=1654309681429 HTTP/1.1" 200 22
101.85.120.86 - - [04/Jun/2022:10:28:04 +0800] "GET /xingrg/all/function/internal_message.html?_=1654309681433&CODE_STATE=getMsg HTTP/1.1" 200 27
114.84.82.172 - - [04/Jun/2022:10:28:07 +0800] "GET /xingrg/all/function/internal_message.html?_=1654309684258&CODE_STATE=getMsg HTTP/1.1" 200 27
120.253.135.82 - - [04/Jun/2022:10:28:21 +0800] "POST /xingrg/kc/pszx/mdps_list_operate.html HTTP/1.1" 200 868
120.253.135.82 - - [04/Jun/2022:10:28:22 +0800] "POST /xingrg/kc/pszx/mdps_list_operate.html HTTP/1.1" 200 868
120.253.135.82 - - [04/Jun/2022:10:28:22 +0800] "POST /xingrg/kc/pszx/mdps_list_operate.html HTTP/1.1" 200 868
120.253.135.82 - - [04/Jun/2022:10:28:23 +0800] "POST /xingrg/kc/pszx/mdps_list_operate.html HTTP/1.1" 200 868
120.253.135.82 - - [04/Jun/2022:10:28:23 +0800] "POST /xingrg/kc/pszx/mdps_list_operate.html HTTP/1.1" 200 868
120.253.135.82 - - [04/Jun/2022:10:28:24 +0800] "POST /xingrg/kc/pszx/mdps_list_operate.html HTTP/1.1" 200 868
120.253.135.82 - - [04/Jun/2022:10:28:25 +0800] "POST /xingrg/kc/pszx/mdps_list_operate.html HTTP/1.1" 200 868
120.253.135.82 - - [04/Jun/2022:10:28:26 +0800] "POST /xingrg/kc/pszx/mdps_list_operate.html HTTP/1.1" 200 868
58.40.7.146 - - [04/Jun/2022:10:28:26 +0800] "GET /xingrg/all/function/internal_message.html?_=1654309684977&CODE_STATE=getMsg HTTP/1.1" 200 27
58.39.61.91 - - [04/Jun/2022:10:28:31 +0800] "GET /xingrg/all/function/internal_message.html?_=1654309706500&CODE_STATE=getMsg HTTP/1.1" 200 27
180.156.212.250 - - [04/Jun/2022:10:28:31 +0800] "GET /xingrg/all/function/internal_message.html?_=1654309775232&CODE_STATE=getMsg HTTP/1.1" 200 27
58.39.61.91 - - [04/Jun/2022:10:28:37 +0800] "GET /xingrg/all/function/internal_message.html?_=1654309669587&CODE_STATE=getMsg HTTP/1.1" 200 27
218.81.223.53 - - [04/Jun/2022:10:28:38 +0800] "GET /xingrg/all/function/internal_message.html?_=1654309736893&CODE_STATE=getMsg HTTP/1.1" 200 27
180.169.147.146 - - [04/Jun/2022:10:28:38 +0800] "GET /xingrg/all/function/internal_message.html?_=1654309717524&CODE_STATE=getMsg HTTP/1.1" 200 27
180.169.147.146 - - [04/Jun/2022:10:28:38 +0800] "GET /xingrg/check_reg.html?_=1654309717531 HTTP/1.1" 200 22
58.35.194.53 - - [04/Jun/2022:10:28:41 +0800] "GET /xingrg/all/function/internal_message.html?_=1654309717579&CODE_STATE=getMsg HTTP/1.1" 200 27
180.175.103.167 - - [04/Jun/2022:10:28:42 +0800] "GET /xingrg/all/function/internal_message.html?_=1654309637366&CODE_STATE=getMsg HTTP/1.1" 200 27
180.175.103.167 - - [04/Jun/2022:10:28:43 +0800] "GET /xingrg/all/function/internal_message.html?_=1654309723669&CODE_STATE=getMsg HTTP/1.1" 200 27
58.40.7.146 - - [04/Jun/2022:10:28:46 +0800] "GET /xingrg/all/function/internal_message.html?_=1654309723629&CODE_STATE=getMsg HTTP/1.1" 200 27
116.232.52.139 - - [04/Jun/2022:10:28:47 +0800] "GET /xingrg/all/function/internal_message.html?_=1654309733925&CODE_STATE=getMsg HTTP/1.1" 200 27
116.235.92.88 - - [04/Jun/2022:10:28:51 +0800] "GET /xingrg/all/function/internal_message.html?_=1654309905392&CODE_STATE=getMsg HTTP/1.1" 200 27
116.235.92.88 - - [04/Jun/2022:10:28:51 +0800] "GET /xingrg/check_reg.html?_=1654309905393 HTTP/1.1" 200 22
116.230.110.173 - - [04/Jun/2022:10:28:54 +0800] "GET /xingrg/all/function/internal_message.html?_=1654309728533&CODE_STATE=getMsg HTTP/1.1" 200 27
120.253.135.82 - - [04/Jun/2022:10:28:54 +0800] "POST /xingrg/kc/pszx/mdps_list_operate.html HTTP/1.1" 200 868
120.253.135.82 - - [04/Jun/2022:10:28:54 +0800] "POST /xingrg/kc/pszx/mdps_list_operate.html HTTP/1.1" 200 868
120.253.135.82 - - [04/Jun/2022:10:28:54 +0800] "POST /xingrg/kc/pszx/mdps_list_operate.html HTTP/1.1" 200 868
120.253.135.82 - - [04/Jun/2022:10:28:56 +0800] "POST /xingrg/kc/pszx/mdps_list_operate.html HTTP/1.1" 200 868
120.253.135.82 - - [04/Jun/2022:10:28:59 +0800] "GET /xingrg/check_reg.html?_=1654309827498 HTTP/1.1" 200 22
120.253.135.82 - - [04/Jun/2022:10:29:00 +0800] "GET /xingrg/all/function/internal_message.html?_=1654309828260&CODE_STATE=getMsg HTTP/1.1" 200 27
117.143.51.21 - - [04/Jun/2022:10:29:02 +0800] "GET /xingrg/all/function/internal_message.html?_=1654309739407&CODE_STATE=getMsg HTTP/1.1" 200 27
120.253.135.82 - - [04/Jun/2022:10:29:03 +0800] "POST /xingrg/kc/pszx/mdps_list_operate.html HTTP/1.1" 200 868
101.85.120.86 - - [04/Jun/2022:10:29:04 +0800] "GET /xingrg/all/function/internal_message.html?_=1654309741415&CODE_STATE=getMsg HTTP/1.1" 200 27
114.84.82.172 - - [04/Jun/2022:10:29:07 +0800] "GET /xingrg/all/function/internal_message.html?_=1654309744257&CODE_STATE=getMsg HTTP/1.1" 200 27
58.40.7.146 - - [04/Jun/2022:10:29:27 +0800] "GET /xingrg/all/function/internal_message.html?_=1654309744979&CODE_STATE=getMsg HTTP/1.1" 200 27
120.253.135.82 - - [04/Jun/2022:10:29:27 +0800] "POST /xingrg/kc/pszx/mdps_list_operate.html HTTP/1.1" 200 868
120.253.135.82 - - [04/Jun/2022:10:29:28 +0800] "POST /xingrg/kc/pszx/mdps_list_operate.html HTTP/1.1" 200 868
58.39.61.91 - - [04/Jun/2022:10:29:31 +0800] "GET /xingrg/check_reg.html?_=1654309766502 HTTP/1.1" 200 22
58.39.61.91 - - [04/Jun/2022:10:29:31 +0800] "GET /xingrg/all/function/internal_message.html?_=1654309766503&CODE_STATE=getMsg HTTP/1.1" 200 27
180.156.212.250 - - [04/Jun/2022:10:29:31 +0800] "GET /xingrg/all/function/internal_message.html?_=1654309835241&CODE_STATE=getMsg HTTP/1.1" 200 27
120.253.135.82 - - [04/Jun/2022:10:29:31 +0800] "POST /xingrg/kc/pszx/mdps_list_operate.html HTTP/1.1" 200 868
120.253.135.82 - - [04/Jun/2022:10:29:32 +0800] "POST /xingrg/kc/pszx/mdps_list_operate.html HTTP/1.1" 200 868
120.253.135.82 - - [04/Jun/2022:10:29:32 +0800] "POST /xingrg/kc/pszx/mdps_list_operate.html HTTP/1.1" 200 868
101.85.120.86 - - [04/Jun/2022:10:29:36 +0800] "GET /xingrg/kc/base/yddb_order_list.html HTTP/1.1" 200 16713
58.39.61.91 - - [04/Jun/2022:10:29:37 +0800] "GET /xingrg/all/function/internal_message.html?_=1654309729588&CODE_STATE=getMsg HTTP/1.1" 200 27
101.85.120.86 - - [04/Jun/2022:10:29:37 +0800] "POST /xingrg/kc/base/yddb_list_operate.html HTTP/1.1" 200 636
218.81.223.53 - - [04/Jun/2022:10:29:38 +0800] "GET /xingrg/all/function/internal_message.html?_=1654309796907&CODE_STATE=getMsg HTTP/1.1" 200 27
180.169.147.146 - - [04/Jun/2022:10:29:38 +0800] "GET /xingrg/all/function/internal_message.html?_=1654309777529&CODE_STATE=getMsg HTTP/1.1" 200 27
120.253.135.82 - - [04/Jun/2022:10:29:40 +0800] "POST /xingrg/kc/pszx/mdps_list_operate.html HTTP/1.1" 200 868
101.85.120.86 - - [04/Jun/2022:10:29:40 +0800] "POST /xingrg/kc/base/yddb_list_operate.html HTTP/1.1" 200 4368
120.253.135.82 - - [04/Jun/2022:10:29:40 +0800] "POST /xingrg/kc/pszx/mdps_list_operate.html HTTP/1.1" 200 868
101.85.120.86 - - [04/Jun/2022:10:29:41 +0800] "POST /xingrg/kc/base/yddb_list_operate.html HTTP/1.1" 200 4368
58.35.194.53 - - [04/Jun/2022:10:29:41 +0800] "GET /xingrg/check_reg.html?_=1654309777579 HTTP/1.1" 200 22
58.35.194.53 - - [04/Jun/2022:10:29:41 +0800] "GET /xingrg/all/function/internal_message.html?_=1654309777581&CODE_STATE=getMsg HTTP/1.1" 200 27
180.175.103.167 - - [04/Jun/2022:10:29:42 +0800] "GET /xingrg/all/function/internal_message.html?_=1654309697336&CODE_STATE=getMsg HTTP/1.1" 200 27
180.175.103.167 - - [04/Jun/2022:10:29:43 +0800] "GET /xingrg/all/function/internal_message.html?_=1654309783650&CODE_STATE=getMsg HTTP/1.1" 200 27
120.253.135.82 - - [04/Jun/2022:10:29:45 +0800] "POST /xingrg/kc/pszx/mdps_list_operate.html HTTP/1.1" 200 1678
58.40.7.146 - - [04/Jun/2022:10:29:46 +0800] "GET /xingrg/all/function/internal_message.html?_=1654309783631&CODE_STATE=getMsg HTTP/1.1" 200 27
116.232.52.139 - - [04/Jun/2022:10:29:47 +0800] "GET /xingrg/all/function/internal_message.html?_=1654309793931&CODE_STATE=getMsg HTTP/1.1" 200 27
180.156.212.250 - - [04/Jun/2022:10:29:48 +0800] "POST /xingrg/kc/buy/cgsh_list_operate.html HTTP/1.1" 200 6107
120.253.135.82 - - [04/Jun/2022:10:29:49 +0800] "POST /xingrg/kc/pszx/mdps_list_operate.html HTTP/1.1" 200 287
120.253.135.82 - - [04/Jun/2022:10:29:49 +0800] "GET /xingrg/kc/pszx/mdps_order_info.html?code=312022060400111 HTTP/1.1" 200 23970
120.253.135.82 - - [04/Jun/2022:10:29:50 +0800] "POST /xingrg/kc/pszx/mdps_order_operate.html HTTP/1.1" 200 2783
120.253.135.82 - - [04/Jun/2022:10:29:50 +0800] "GET /xingrg/javascript/easyui/themes/default/validatebox.css HTTP/1.1" 404 1104
116.235.92.88 - - [04/Jun/2022:10:29:51 +0800] "GET /xingrg/all/function/internal_message.html?_=1654309965391&CODE_STATE=getMsg HTTP/1.1" 200 27
116.230.110.173 - - [04/Jun/2022:10:29:54 +0800] "GET /xingrg/check_reg.html?_=1654309788533 HTTP/1.1" 200 22
116.230.110.173 - - [04/Jun/2022:10:29:54 +0800] "GET /xingrg/all/function/internal_message.html?_=1654309788534&CODE_STATE=getMsg HTTP/1.1" 200 27
120.253.135.82 - - [04/Jun/2022:10:30:00 +0800] "GET /xingrg/all/function/internal_message.html?_=1654309888275&CODE_STATE=getMsg HTTP/1.1" 200 27
117.143.51.21 - - [04/Jun/2022:10:30:02 +0800] "GET /xingrg/all/function/internal_message.html?_=1654309799427&CODE_STATE=getMsg HTTP/1.1" 200 27
101.85.120.86 - - [04/Jun/2022:10:30:04 +0800] "GET /xingrg/all/function/internal_message.html?_=1654309801425&CODE_STATE=getMsg HTTP/1.1" 200 27
114.84.82.172 - - [04/Jun/2022:10:30:07 +0800] "GET /xingrg/all/function/internal_message.html?_=1654309804254&CODE_STATE=getMsg HTTP/1.1" 200 27
114.84.82.172 - - [04/Jun/2022:10:30:07 +0800] "GET /xingrg/check_reg.html?_=1654309804255 HTTP/1.1" 200 22
120.253.135.82 - - [04/Jun/2022:10:30:11 +0800] "POST /xingrg/kc/pszx/mdps_list_operate.html HTTP/1.1" 200 1678
58.40.7.146 - - [04/Jun/2022:10:30:27 +0800] "GET /xingrg/all/function/internal_message.html?_=1654309804981&CODE_STATE=getMsg HTTP/1.1" 200 27
180.156.212.250 - - [04/Jun/2022:10:30:29 +0800] "GET /xingrg/check_reg.html?_=1654309893555 HTTP/1.1" 200 22
58.39.61.91 - - [04/Jun/2022:10:30:31 +0800] "GET /xingrg/all/function/internal_message.html?_=1654309826497&CODE_STATE=getMsg HTTP/1.1" 200 27
180.156.212.250 - - [04/Jun/2022:10:30:31 +0800] "GET /xingrg/all/function/internal_message.html?_=1654309895256&CODE_STATE=getMsg HTTP/1.1" 200 27
58.39.61.91 - - [04/Jun/2022:10:30:37 +0800] "GET /xingrg/all/function/internal_message.html?_=1654309789659&CODE_STATE=getMsg HTTP/1.1" 200 27
180.169.147.146 - - [04/Jun/2022:10:30:38 +0800] "GET /xingrg/all/function/internal_message.html?_=1654309837529&CODE_STATE=getMsg HTTP/1.1" 200 27
218.81.223.53 - - [04/Jun/2022:10:30:38 +0800] "GET /xingrg/all/function/internal_message.html?_=1654309857111&CODE_STATE=getMsg HTTP/1.1" 200 27
58.35.194.53 - - [04/Jun/2022:10:30:41 +0800] "GET /xingrg/all/function/internal_message.html?_=1654309837582&CODE_STATE=getMsg HTTP/1.1" 200 27
180.175.103.167 - - [04/Jun/2022:10:30:42 +0800] "GET /xingrg/all/function/internal_message.html?_=1654309757321&CODE_STATE=getMsg HTTP/1.1" 200 27
180.175.103.167 - - [04/Jun/2022:10:30:43 +0800] "GET /xingrg/all/function/internal_message.html?_=1654309843623&CODE_STATE=getMsg HTTP/1.1" 200 27
58.40.7.146 - - [04/Jun/2022:10:30:46 +0800] "GET /xingrg/all/function/internal_message.html?_=1654309843635&CODE_STATE=getMsg HTTP/1.1" 200 27
58.40.7.146 - - [04/Jun/2022:10:30:46 +0800] "GET /xingrg/check_reg.html?_=1654309843637 HTTP/1.1" 200 22
120.253.135.82 - - [04/Jun/2022:10:30:47 +0800] "POST /xingrg/kc/pszx/mdps_list_operate.html HTTP/1.1" 200 868
116.232.52.139 - - [04/Jun/2022:10:30:47 +0800] "GET /xingrg/check_reg.html?_=1654309853920 HTTP/1.1" 200 22
116.232.52.139 - - [04/Jun/2022:10:30:47 +0800] "GET /xingrg/all/function/internal_message.html?_=1654309853923&CODE_STATE=getMsg HTTP/1.1" 200 27
120.253.135.82 - - [04/Jun/2022:10:30:48 +0800] "POST /xingrg/kc/pszx/mdps_list_operate.html HTTP/1.1" 200 868
120.253.135.82 - - [04/Jun/2022:10:30:48 +0800] "POST /xingrg/kc/pszx/mdps_list_operate.html HTTP/1.1" 200 868
120.253.135.82 - - [04/Jun/2022:10:30:49 +0800] "POST /xingrg/kc/pszx/mdps_list_operate.html HTTP/1.1" 200 868
116.235.92.88 - - [04/Jun/2022:10:30:51 +0800] "GET /xingrg/all/function/internal_message.html?_=1654310025388&CODE_STATE=getMsg HTTP/1.1" 200 27
116.230.110.173 - - [04/Jun/2022:10:30:54 +0800] "GET /xingrg/all/function/internal_message.html?_=1654309848534&CODE_STATE=getMsg HTTP/1.1" 200 27
120.253.135.82 - - [04/Jun/2022:10:30:55 +0800] "POST /xingrg/kc/pszx/mdps_list_operate.html HTTP/1.1" 200 868
120.253.135.82 - - [04/Jun/2022:10:30:55 +0800] "POST /xingrg/kc/pszx/mdps_list_operate.html HTTP/1.1" 200 868
120.253.135.82 - - [04/Jun/2022:10:30:56 +0800] "POST /xingrg/kc/pszx/mdps_list_operate.html HTTP/1.1" 200 868
120.253.135.82 - - [04/Jun/2022:10:31:00 +0800] "GET /xingrg/all/function/internal_message.html?_=1654309948329&CODE_STATE=getMsg HTTP/1.1" 200 27
58.39.61.91 - - [04/Jun/2022:10:31:01 +0800] "GET /xingrg/check_reg.html?_=1654309814342 HTTP/1.1" 200 22
117.143.51.21 - - [04/Jun/2022:10:31:02 +0800] "GET /xingrg/all/function/internal_message.html?_=1654309859420&CODE_STATE=getMsg HTTP/1.1" 200 27
120.253.135.82 - - [04/Jun/2022:10:31:04 +0800] "POST /xingrg/kc/pszx/mdps_list_operate.html HTTP/1.1" 200 1710
101.85.120.86 - - [04/Jun/2022:10:31:04 +0800] "GET /xingrg/all/function/internal_message.html?_=1654309861432&CODE_STATE=getMsg HTTP/1.1" 200 27
180.156.212.250 - - [04/Jun/2022:10:31:05 +0800] "POST /xingrg/kc/buy/cgsh_list_operate.html HTTP/1.1" 200 6073
114.84.82.172 - - [04/Jun/2022:10:31:07 +0800] "GET /xingrg/all/function/internal_message.html?_=1654309864253&CODE_STATE=getMsg HTTP/1.1" 200 27
120.253.135.82 - - [04/Jun/2022:10:31:08 +0800] "POST /xingrg/kc/pszx/mdps_list_operate.html HTTP/1.1" 200 213
120.253.135.82 - - [04/Jun/2022:10:31:08 +0800] "GET /xingrg/kc/pszx/mdps_order_info.html?code=312022060300090 HTTP/1.1" 200 19636
120.253.135.82 - - [04/Jun/2022:10:31:08 +0800] "POST /xingrg/kc/pszx/mdps_order_operate.html HTTP/1.1" 200 516
120.253.135.82 - - [04/Jun/2022:10:31:08 +0800] "GET /xingrg/javascript/easyui/themes/default/validatebox.css HTTP/1.1" 404 1104
