180.175.103.167 - - [04/Jun/2022:08:15:45 +0800] "GET /xingrg/all/function/internal_message.html?_=1654301659896&CODE_STATE=getMsg HTTP/1.1" 200 27
180.175.103.167 - - [04/Jun/2022:08:15:46 +0800] "GET /xingrg/all/function/internal_message.html?_=1654301746411&CODE_STATE=getMsg HTTP/1.1" 200 27
116.230.110.173 - - [04/Jun/2022:08:15:53 +0800] "GET /xingrg/all/function/internal_message.html?_=1654301748523&CODE_STATE=getMsg HTTP/1.1" 200 27
58.39.61.91 - - [04/Jun/2022:08:16:01 +0800] "GET /xingrg/check_reg.html?_=1654301714194 HTTP/1.1" 200 22
180.175.103.167 - - [04/Jun/2022:08:16:08 +0800] "GET /xingrg/check_reg.html?_=1654301768144 HTTP/1.1" 200 22
58.40.7.146 - - [04/Jun/2022:08:16:26 +0800] "GET /xingrg/all/function/internal_message.html?_=1654301764984&CODE_STATE=getMsg HTTP/1.1" 200 27
180.175.103.167 - - [04/Jun/2022:08:16:26 +0800] "GET /xingrg/check_reg.html?_=1654301701519 HTTP/1.1" 200 22
218.81.223.53 - - [04/Jun/2022:08:16:27 +0800] "GET /xingrg/all/function/internal_message.html?_=1654301805840&CODE_STATE=getMsg HTTP/1.1" 200 27
58.39.61.91 - - [04/Jun/2022:08:16:29 +0800] "GET /xingrg/all/function/internal_message.html?_=1654301784829&CODE_STATE=getMsg HTTP/1.1" 200 27
180.175.103.167 - - [04/Jun/2022:08:16:31 +0800] "POST /xingrg/kc/buy/cgsh_order_operate.html HTTP/1.1" 200 37
58.39.61.91 - - [04/Jun/2022:08:16:32 +0800] "GET /xingrg/all/function/internal_message.html?_=1654301744880&CODE_STATE=getMsg HTTP/1.1" 200 27
180.175.103.167 - - [04/Jun/2022:08:16:32 +0800] "POST /xingrg/kc/buy/cgsh_order_operate.html HTTP/1.1" 200 15714
120.253.135.82 - - [04/Jun/2022:08:16:33 +0800] "GET /xingrg/all/function/internal_message.html?_=1654301881896&CODE_STATE=getMsg HTTP/1.1" 200 27
180.175.103.167 - - [04/Jun/2022:08:16:33 +0800] "GET /xingrg/kc/print/load_data.html?order_code=212022060400277&kc_code=cgsh&condition= HTTP/1.1" 200 5612
180.169.147.146 - - [04/Jun/2022:08:16:36 +0800] "GET /xingrg/check_reg.html?_=1654301794365 HTTP/1.1" 200 22
180.169.147.146 - - [04/Jun/2022:08:16:38 +0800] "GET /xingrg/all/function/internal_message.html?_=1654301797325&CODE_STATE=getMsg HTTP/1.1" 200 27
58.35.194.53 - - [04/Jun/2022:08:16:41 +0800] "GET /xingrg/all/function/internal_message.html?_=1654301797631&CODE_STATE=getMsg HTTP/1.1" 200 27
120.253.135.82 - - [04/Jun/2022:08:16:41 +0800] "GET /xingrg/all/function/internal_message.html?_=1654301607207&CODE_STATE=getMsg HTTP/1.1" 200 27
180.175.103.167 - - [04/Jun/2022:08:16:45 +0800] "GET /xingrg/all/function/internal_message.html?_=1654301719867&CODE_STATE=getMsg HTTP/1.1" 200 27
180.175.103.167 - - [04/Jun/2022:08:16:46 +0800] "GET /xingrg/kc/buy/cgsh_order_add.html HTTP/1.1" 200 67610
180.175.103.167 - - [04/Jun/2022:08:16:47 +0800] "GET /xingrg/all/function/internal_message.html?_=1654301806779&CODE_STATE=getMsg HTTP/1.1" 200 27
180.175.103.167 - - [04/Jun/2022:08:16:47 +0800] "GET /xingrg/javascript/easyui/themes/default/validatebox.css HTTP/1.1" 404 1104
180.175.103.167 - - [04/Jun/2022:08:16:47 +0800] "POST /xingrg/kc/buy/cgsh_order_operate.html HTTP/1.1" 200 8245
116.230.110.173 - - [04/Jun/2022:08:16:53 +0800] "GET /xingrg/all/function/internal_message.html?_=1654301808518&CODE_STATE=getMsg HTTP/1.1" 200 27
180.175.103.167 - - [04/Jun/2022:08:16:58 +0800] "GET /xingrg/kc/buy/cgsh_order_operate.html?command=get_materiel&rest_code=00105&code=00101012070&supplier_code=00100034&order_time=2022-06-04 HTTP/1.1" 200 413
180.175.103.167 - - [04/Jun/2022:08:16:59 +0800] "POST /xingrg/services/DataTransmitService HTTP/1.1" 200 524
120.253.135.82 - - [04/Jun/2022:08:17:12 +0800] "POST /xingrg/kc/pszx/mdps_order_operate.html HTTP/1.1" 200 37
120.253.135.82 - - [04/Jun/2022:08:17:13 +0800] "GET /xingrg/kc/pszx/mdps_order_info.html?code=312022060400108 HTTP/1.1" 200 23976
120.253.135.82 - - [04/Jun/2022:08:17:14 +0800] "POST /xingrg/kc/pszx/mdps_order_operate.html HTTP/1.1" 200 9490
120.253.135.82 - - [04/Jun/2022:08:17:14 +0800] "GET /xingrg/javascript/easyui/themes/default/validatebox.css HTTP/1.1" 404 1104
120.253.135.82 - - [04/Jun/2022:08:17:14 +0800] "GET /xingrg/kc/pszx/mdqp_order_list.html?state=10 HTTP/1.1" 200 10661
120.253.135.82 - - [04/Jun/2022:08:17:14 +0800] "GET /xingrg/css/blue.css HTTP/1.1" 304 -
120.253.135.82 - - [04/Jun/2022:08:17:15 +0800] "GET /xingrg/javascript/Calendar.js HTTP/1.1" 304 -
120.253.135.82 - - [04/Jun/2022:08:17:15 +0800] "GET /xingrg/dwr/util.js HTTP/1.1" 304 -
120.253.135.82 - - [04/Jun/2022:08:17:15 +0800] "GET /xingrg/dwr/engine.js HTTP/1.1" 200 43631
120.253.135.82 - - [04/Jun/2022:08:17:15 +0800] "GET /xingrg/dwr/interface/AjaxReportQueryService.js HTTP/1.1" 200 13203
120.253.135.82 - - [04/Jun/2022:08:17:15 +0800] "GET /xingrg/dwr/interface/AjaxQqpsService.js HTTP/1.1" 200 16326
120.253.135.82 - - [04/Jun/2022:08:17:15 +0800] "GET /xingrg/javascript/jquery_easy_ui/themes/icons/uncheck_new.png HTTP/1.1" 304 -
120.253.135.82 - - [04/Jun/2022:08:17:15 +0800] "GET /xingrg/javascript/jquery_easy_ui/themes/icons/check_new.png HTTP/1.1" 304 -
120.253.135.82 - - [04/Jun/2022:08:17:15 +0800] "GET /xingrg/javascript/jquery_easy_ui/themes/icons/back_new.png HTTP/1.1" 304 -
120.253.135.82 - - [04/Jun/2022:08:17:17 +0800] "GET /xingrg/kc/pszx/mdps_order_list.html?orderType=0 HTTP/1.1" 200 20966
120.253.135.82 - - [04/Jun/2022:08:17:18 +0800] "POST /xingrg/kc/pszx/mdps_list_operate.html HTTP/1.1" 200 8837
180.175.103.167 - - [04/Jun/2022:08:17:23 +0800] "GET /xingrg/kc/buy/cgsh_order_operate.html?command=get_materiel&rest_code=00105&code=00101016030&supplier_code=00100034&order_time=2022-06-04 HTTP/1.1" 200 412
58.40.7.146 - - [04/Jun/2022:08:17:26 +0800] "GET /xingrg/check_reg.html?_=1654301824987 HTTP/1.1" 200 22
58.40.7.146 - - [04/Jun/2022:08:17:26 +0800] "GET /xingrg/all/function/internal_message.html?_=1654301824989&CODE_STATE=getMsg HTTP/1.1" 200 27
218.81.223.53 - - [04/Jun/2022:08:17:27 +0800] "GET /xingrg/all/function/internal_message.html?_=1654301865848&CODE_STATE=getMsg HTTP/1.1" 200 27
58.39.61.91 - - [04/Jun/2022:08:17:29 +0800] "GET /xingrg/all/function/internal_message.html?_=1654301844828&CODE_STATE=getMsg HTTP/1.1" 200 27
58.39.61.91 - - [04/Jun/2022:08:17:32 +0800] "GET /xingrg/all/function/internal_message.html?_=1654301804893&CODE_STATE=getMsg HTTP/1.1" 200 27
120.253.135.82 - - [04/Jun/2022:08:17:33 +0800] "GET /xingrg/all/function/internal_message.html?_=1654301941943&CODE_STATE=getMsg HTTP/1.1" 200 27
180.175.103.167 - - [04/Jun/2022:08:17:35 +0800] "POST /xingrg/kc/buy/cgsh_order_operate.html HTTP/1.1" 200 37
180.175.103.167 - - [04/Jun/2022:08:17:36 +0800] "POST /xingrg/kc/buy/cgsh_order_operate.html HTTP/1.1" 200 3252
180.169.147.146 - - [04/Jun/2022:08:17:38 +0800] "GET /xingrg/all/function/internal_message.html?_=1654301857325&CODE_STATE=getMsg HTTP/1.1" 200 27
180.175.103.167 - - [04/Jun/2022:08:17:39 +0800] "GET /xingrg/kc/print/load_data.html?order_code=212022060400278&kc_code=cgsh&condition= HTTP/1.1" 200 947
58.35.194.53 - - [04/Jun/2022:08:17:41 +0800] "GET /xingrg/all/function/internal_message.html?_=1654301857634&CODE_STATE=getMsg HTTP/1.1" 200 27
120.253.135.82 - - [04/Jun/2022:08:17:41 +0800] "GET /xingrg/all/function/internal_message.html?_=1654301667222&CODE_STATE=getMsg HTTP/1.1" 200 27
218.81.223.53 - - [04/Jun/2022:08:17:42 +0800] "GET /xingrg/check_reg.html?_=1654301881091 HTTP/1.1" 200 22
180.175.103.167 - - [04/Jun/2022:08:17:45 +0800] "GET /xingrg/all/function/internal_message.html?_=1654301779852&CODE_STATE=getMsg HTTP/1.1" 200 27
180.175.103.167 - - [04/Jun/2022:08:17:47 +0800] "GET /xingrg/all/function/internal_message.html?_=1654301866731&CODE_STATE=getMsg HTTP/1.1" 200 27
116.230.110.173 - - [04/Jun/2022:08:17:53 +0800] "GET /xingrg/all/function/internal_message.html?_=1654301868526&CODE_STATE=getMsg HTTP/1.1" 200 27
58.40.7.146 - - [04/Jun/2022:08:18:26 +0800] "GET /xingrg/all/function/internal_message.html?_=1654301884990&CODE_STATE=getMsg HTTP/1.1" 200 27
218.81.223.53 - - [04/Jun/2022:08:18:27 +0800] "GET /xingrg/all/function/internal_message.html?_=1654301925861&CODE_STATE=getMsg HTTP/1.1" 200 27
58.39.61.91 - - [04/Jun/2022:08:18:29 +0800] "GET /xingrg/all/function/internal_message.html?_=1654301904827&CODE_STATE=getMsg HTTP/1.1" 200 27
58.39.61.91 - - [04/Jun/2022:08:18:32 +0800] "GET /xingrg/all/function/internal_message.html?_=1654301864965&CODE_STATE=getMsg HTTP/1.1" 200 27
120.253.135.82 - - [04/Jun/2022:08:18:33 +0800] "GET /xingrg/all/function/internal_message.html?_=1654302001955&CODE_STATE=getMsg HTTP/1.1" 200 27
180.169.147.146 - - [04/Jun/2022:08:18:38 +0800] "GET /xingrg/check_reg.html?_=1654301917326 HTTP/1.1" 200 22
180.169.147.146 - - [04/Jun/2022:08:18:38 +0800] "GET /xingrg/all/function/internal_message.html?_=1654301917324&CODE_STATE=getMsg HTTP/1.1" 200 27
58.35.194.53 - - [04/Jun/2022:08:18:41 +0800] "GET /xingrg/all/function/internal_message.html?_=1654301917619&CODE_STATE=getMsg HTTP/1.1" 200 27
120.253.135.82 - - [04/Jun/2022:08:18:41 +0800] "GET /xingrg/all/function/internal_message.html?_=1654301727257&CODE_STATE=getMsg HTTP/1.1" 200 27
180.175.103.167 - - [04/Jun/2022:08:18:43 +0800] "GET /xingrg/kc/buy/cgsh_order_add.html HTTP/1.1" 200 67610
180.175.103.167 - - [04/Jun/2022:08:18:43 +0800] "POST /xingrg/kc/buy/cgsh_order_operate.html HTTP/1.1" 200 8245
180.175.103.167 - - [04/Jun/2022:08:18:43 +0800] "GET /xingrg/javascript/easyui/themes/default/validatebox.css HTTP/1.1" 404 1104
180.175.103.167 - - [04/Jun/2022:08:18:45 +0800] "GET /xingrg/all/function/internal_message.html?_=1654301839838&CODE_STATE=getMsg HTTP/1.1" 200 27
180.175.103.167 - - [04/Jun/2022:08:18:46 +0800] "GET /xingrg/all/function/internal_message.html?_=1654301926704&CODE_STATE=getMsg HTTP/1.1" 200 27
116.230.110.173 - - [04/Jun/2022:08:18:53 +0800] "GET /xingrg/all/function/internal_message.html?_=1654301928522&CODE_STATE=getMsg HTTP/1.1" 200 27
180.175.103.167 - - [04/Jun/2022:08:18:56 +0800] "GET /xingrg/kc/buy/cgsh_order_operate.html?command=get_materiel&rest_code=00105&code=00101007021&supplier_code=00100002&order_time=2022-06-04 HTTP/1.1" 200 409
180.175.103.167 - - [04/Jun/2022:08:19:11 +0800] "GET /xingrg/kc/buy/cgsh_order_operate.html?command=get_materiel&rest_code=00105&code=00101007081&supplier_code=00100002&order_time=2022-06-04 HTTP/1.1" 200 413
58.40.7.146 - - [04/Jun/2022:08:19:26 +0800] "GET /xingrg/all/function/internal_message.html?_=1654301944978&CODE_STATE=getMsg HTTP/1.1" 200 27
218.81.223.53 - - [04/Jun/2022:08:19:27 +0800] "GET /xingrg/all/function/internal_message.html?_=1654301985874&CODE_STATE=getMsg HTTP/1.1" 200 27
180.175.103.167 - - [04/Jun/2022:08:19:28 +0800] "GET /xingrg/kc/buy/cgsh_order_operate.html?command=get_materiel&rest_code=00105&code=00101007032&supplier_code=00100002&order_time=2022-06-04 HTTP/1.1" 200 413
58.39.61.91 - - [04/Jun/2022:08:19:29 +0800] "GET /xingrg/all/function/internal_message.html?_=1654301964838&CODE_STATE=getMsg HTTP/1.1" 200 27
120.253.135.82 - - [04/Jun/2022:08:19:32 +0800] "POST /xingrg/kc/pszx/mdps_list_operate.html HTTP/1.1" 200 623
58.39.61.91 - - [04/Jun/2022:08:19:32 +0800] "GET /xingrg/all/function/internal_message.html?_=1654301924967&CODE_STATE=getMsg HTTP/1.1" 200 27
120.253.135.82 - - [04/Jun/2022:08:19:33 +0800] "GET /xingrg/all/function/internal_message.html?_=1654302061968&CODE_STATE=getMsg HTTP/1.1" 200 27
120.253.135.82 - - [04/Jun/2022:08:19:34 +0800] "POST /xingrg/kc/pszx/mdps_list_operate.html HTTP/1.1" 200 359
120.253.135.82 - - [04/Jun/2022:08:19:36 +0800] "POST /xingrg/kc/pszx/mdps_list_operate.html HTTP/1.1" 200 201
180.169.147.146 - - [04/Jun/2022:08:19:38 +0800] "GET /xingrg/all/function/internal_message.html?_=1654301977327&CODE_STATE=getMsg HTTP/1.1" 200 27
58.35.194.53 - - [04/Jun/2022:08:19:41 +0800] "GET /xingrg/all/function/internal_message.html?_=1654301977621&CODE_STATE=getMsg HTTP/1.1" 200 27
58.35.194.53 - - [04/Jun/2022:08:19:41 +0800] "GET /xingrg/check_reg.html?_=1654301977621 HTTP/1.1" 200 22
120.253.135.82 - - [04/Jun/2022:08:19:41 +0800] "GET /xingrg/all/function/internal_message.html?_=1654301787265&CODE_STATE=getMsg HTTP/1.1" 200 27
180.175.103.167 - - [04/Jun/2022:08:19:45 +0800] "GET /xingrg/all/function/internal_message.html?_=1654301899824&CODE_STATE=getMsg HTTP/1.1" 200 27
180.175.103.167 - - [04/Jun/2022:08:19:46 +0800] "GET /xingrg/all/function/internal_message.html?_=1654301986679&CODE_STATE=getMsg HTTP/1.1" 200 27
120.253.135.82 - - [04/Jun/2022:08:19:52 +0800] "POST /xingrg/kc/pszx/mdps_list_operate.html HTTP/1.1" 200 5579
116.230.110.173 - - [04/Jun/2022:08:19:53 +0800] "GET /xingrg/all/function/internal_message.html?_=1654301988515&CODE_STATE=getMsg HTTP/1.1" 200 27
116.230.110.173 - - [04/Jun/2022:08:19:53 +0800] "GET /xingrg/check_reg.html?_=1654301988516 HTTP/1.1" 200 22
120.253.135.82 - - [04/Jun/2022:08:20:05 +0800] "POST /xingrg/kc/pszx/mdps_list_operate.html HTTP/1.1" 200 360
120.253.135.82 - - [04/Jun/2022:08:20:07 +0800] "POST /xingrg/kc/pszx/mdps_list_operate.html HTTP/1.1" 200 282
120.253.135.82 - - [04/Jun/2022:08:20:11 +0800] "POST /xingrg/kc/pszx/mdps_list_operate.html HTTP/1.1" 200 360
120.253.135.82 - - [04/Jun/2022:08:20:13 +0800] "GET /xingrg/kc/pszx/mdps_order_info.html?code=312022060100019 HTTP/1.1" 200 23978
120.253.135.82 - - [04/Jun/2022:08:20:14 +0800] "POST /xingrg/kc/pszx/mdps_order_operate.html HTTP/1.1" 200 3244
120.253.135.82 - - [04/Jun/2022:08:20:14 +0800] "GET /xingrg/javascript/easyui/themes/default/validatebox.css HTTP/1.1" 404 1104
58.40.7.146 - - [04/Jun/2022:08:20:26 +0800] "GET /xingrg/all/function/internal_message.html?_=1654302004980&CODE_STATE=getMsg HTTP/1.1" 200 27
218.81.223.53 - - [04/Jun/2022:08:20:27 +0800] "GET /xingrg/all/function/internal_message.html?_=1654302046060&CODE_STATE=getMsg HTTP/1.1" 200 27
58.39.61.91 - - [04/Jun/2022:08:20:29 +0800] "GET /xingrg/all/function/internal_message.html?_=1654302024840&CODE_STATE=getMsg HTTP/1.1" 200 27
58.39.61.91 - - [04/Jun/2022:08:20:29 +0800] "GET /xingrg/check_reg.html?_=1654302024844 HTTP/1.1" 200 22
58.39.61.91 - - [04/Jun/2022:08:20:32 +0800] "GET /xingrg/all/function/internal_message.html?_=1654301985036&CODE_STATE=getMsg HTTP/1.1" 200 27
120.253.135.82 - - [04/Jun/2022:08:20:33 +0800] "POST /xingrg/kc/pszx/mdps_list_operate.html HTTP/1.1" 200 5420
120.253.135.82 - - [04/Jun/2022:08:20:33 +0800] "GET /xingrg/check_reg.html?_=1654302121798 HTTP/1.1" 200 22
120.253.135.82 - - [04/Jun/2022:08:20:33 +0800] "GET /xingrg/all/function/internal_message.html?_=1654302121982&CODE_STATE=getMsg HTTP/1.1" 200 27
120.253.135.82 - - [04/Jun/2022:08:20:36 +0800] "POST /xingrg/kc/pszx/mdps_list_operate.html HTTP/1.1" 200 1998
180.169.147.146 - - [04/Jun/2022:08:20:38 +0800] "GET /xingrg/all/function/internal_message.html?_=1654302037346&CODE_STATE=getMsg HTTP/1.1" 200 27
120.253.135.82 - - [04/Jun/2022:08:20:39 +0800] "POST /xingrg/kc/pszx/mdps_list_operate.html HTTP/1.1" 200 5454
120.253.135.82 - - [04/Jun/2022:08:20:40 +0800] "GET /xingrg/check_reg.html?_=1654301846475 HTTP/1.1" 200 22
58.35.194.53 - - [04/Jun/2022:08:20:41 +0800] "GET /xingrg/all/function/internal_message.html?_=1654302037622&CODE_STATE=getMsg HTTP/1.1" 200 27
120.253.135.82 - - [04/Jun/2022:08:20:41 +0800] "GET /xingrg/all/function/internal_message.html?_=1654301847277&CODE_STATE=getMsg HTTP/1.1" 200 27
120.253.135.82 - - [04/Jun/2022:08:20:43 +0800] "POST /xingrg/kc/pszx/mdps_list_operate.html HTTP/1.1" 200 360
180.175.103.167 - - [04/Jun/2022:08:20:45 +0800] "GET /xingrg/all/function/internal_message.html?_=1654301959809&CODE_STATE=getMsg HTTP/1.1" 200 27
120.253.135.82 - - [04/Jun/2022:08:20:46 +0800] "POST /xingrg/kc/pszx/mdps_list_operate.html HTTP/1.1" 200 205
180.175.103.167 - - [04/Jun/2022:08:20:46 +0800] "GET /xingrg/all/function/internal_message.html?_=1654302046649&CODE_STATE=getMsg HTTP/1.1" 200 27
120.253.135.82 - - [04/Jun/2022:08:20:53 +0800] "GET /xingrg/kc/pszx/mdps_order_info.html?code=312022060100019 HTTP/1.1" 200 23978
116.230.110.173 - - [04/Jun/2022:08:20:53 +0800] "GET /xingrg/all/function/internal_message.html?_=1654302048522&CODE_STATE=getMsg HTTP/1.1" 200 27
120.253.135.82 - - [04/Jun/2022:08:20:54 +0800] "POST /xingrg/kc/pszx/mdps_order_operate.html HTTP/1.1" 200 3244
120.253.135.82 - - [04/Jun/2022:08:20:54 +0800] "GET /xingrg/javascript/easyui/themes/default/validatebox.css HTTP/1.1" 404 1104
120.253.135.82 - - [04/Jun/2022:08:20:57 +0800] "GET /xingrg/kc/print/load_data.html?order_code=312022060100019&kc_code=mdps&condition= HTTP/1.1" 200 1111
58.39.61.91 - - [04/Jun/2022:08:21:01 +0800] "GET /xingrg/check_reg.html?_=1654302014208 HTTP/1.1" 200 22
180.175.103.167 - - [04/Jun/2022:08:21:05 +0800] "POST /xingrg/kc/buy/cgsh_order_operate.html HTTP/1.1" 200 37
180.175.103.167 - - [04/Jun/2022:08:21:07 +0800] "POST /xingrg/kc/buy/cgsh_order_operate.html HTTP/1.1" 200 3839
180.175.103.167 - - [04/Jun/2022:08:21:08 +0800] "GET /xingrg/check_reg.html?_=1654302068131 HTTP/1.1" 200 22
180.175.103.167 - - [04/Jun/2022:08:21:11 +0800] "GET /xingrg/kc/buy/cgsh_order_add.html HTTP/1.1" 200 67610
180.175.103.167 - - [04/Jun/2022:08:21:11 +0800] "POST /xingrg/kc/buy/cgsh_order_operate.html HTTP/1.1" 200 8245
180.175.103.167 - - [04/Jun/2022:08:21:11 +0800] "GET /xingrg/javascript/easyui/themes/default/validatebox.css HTTP/1.1" 404 1104
58.40.7.146 - - [04/Jun/2022:08:21:26 +0800] "GET /xingrg/all/function/internal_message.html?_=1654302064981&CODE_STATE=getMsg HTTP/1.1" 200 27
180.175.103.167 - - [04/Jun/2022:08:21:26 +0800] "GET /xingrg/check_reg.html?_=1654302001496 HTTP/1.1" 200 22
218.81.223.53 - - [04/Jun/2022:08:21:28 +0800] "GET /xingrg/all/function/internal_message.html?_=1654302106075&CODE_STATE=getMsg HTTP/1.1" 200 27
58.39.61.91 - - [04/Jun/2022:08:21:29 +0800] "GET /xingrg/all/function/internal_message.html?_=1654302084844&CODE_STATE=getMsg HTTP/1.1" 200 27
58.39.61.91 - - [04/Jun/2022:08:21:32 +0800] "GET /xingrg/all/function/internal_message.html?_=1654302045041&CODE_STATE=getMsg HTTP/1.1" 200 27
120.253.135.82 - - [04/Jun/2022:08:21:33 +0800] "GET /xingrg/all/function/internal_message.html?_=1654302181997&CODE_STATE=getMsg HTTP/1.1" 200 27
180.169.147.146 - - [04/Jun/2022:08:21:36 +0800] "GET /xingrg/check_reg.html?_=1654302094337 HTTP/1.1" 200 22
180.169.147.146 - - [04/Jun/2022:08:21:38 +0800] "GET /xingrg/all/function/internal_message.html?_=1654302097336&CODE_STATE=getMsg HTTP/1.1" 200 27
58.35.194.53 - - [04/Jun/2022:08:21:41 +0800] "GET /xingrg/all/function/internal_message.html?_=1654302097623&CODE_STATE=getMsg HTTP/1.1" 200 27
120.253.135.82 - - [04/Jun/2022:08:21:41 +0800] "GET /xingrg/all/function/internal_message.html?_=1654301907294&CODE_STATE=getMsg HTTP/1.1" 200 27
180.175.103.167 - - [04/Jun/2022:08:21:45 +0800] "GET /xingrg/all/function/internal_message.html?_=1654302019782&CODE_STATE=getMsg HTTP/1.1" 200 27
180.175.103.167 - - [04/Jun/2022:08:21:46 +0800] "GET /xingrg/all/function/internal_message.html?_=1654302106625&CODE_STATE=getMsg HTTP/1.1" 200 27
116.230.110.173 - - [04/Jun/2022:08:21:53 +0800] "GET /xingrg/all/function/internal_message.html?_=1654302108517&CODE_STATE=getMsg HTTP/1.1" 200 27
180.175.103.167 - - [04/Jun/2022:08:22:17 +0800] "GET /xingrg/kc/buy/cgsh_order_operate.html?command=get_materiel&rest_code=00105&code=00101007048&supplier_code=00100002&order_time=2022-06-04 HTTP/1.1" 200 408
58.40.7.146 - - [04/Jun/2022:08:22:26 +0800] "GET /xingrg/all/function/internal_message.html?_=1654302124983&CODE_STATE=getMsg HTTP/1.1" 200 27
58.40.7.146 - - [04/Jun/2022:08:22:26 +0800] "GET /xingrg/check_reg.html?_=1654302124984 HTTP/1.1" 200 22
218.81.223.53 - - [04/Jun/2022:08:22:28 +0800] "GET /xingrg/all/function/internal_message.html?_=1654302166260&CODE_STATE=getMsg HTTP/1.1" 200 27
58.39.61.91 - - [04/Jun/2022:08:22:29 +0800] "GET /xingrg/all/function/internal_message.html?_=1654302144845&CODE_STATE=getMsg HTTP/1.1" 200 27
58.39.61.91 - - [04/Jun/2022:08:22:32 +0800] "GET /xingrg/all/function/internal_message.html?_=1654302105054&CODE_STATE=getMsg HTTP/1.1" 200 27
120.253.135.82 - - [04/Jun/2022:08:22:33 +0800] "GET /xingrg/all/function/internal_message.html?_=1654302242009&CODE_STATE=getMsg HTTP/1.1" 200 27
180.169.147.146 - - [04/Jun/2022:08:22:38 +0800] "GET /xingrg/all/function/internal_message.html?_=1654302157335&CODE_STATE=getMsg HTTP/1.1" 200 27
58.35.194.53 - - [04/Jun/2022:08:22:41 +0800] "GET /xingrg/all/function/internal_message.html?_=1654302157625&CODE_STATE=getMsg HTTP/1.1" 200 27
120.253.135.82 - - [04/Jun/2022:08:22:41 +0800] "GET /xingrg/all/function/internal_message.html?_=1654301967338&CODE_STATE=getMsg HTTP/1.1" 200 27
218.81.223.53 - - [04/Jun/2022:08:22:43 +0800] "GET /xingrg/check_reg.html?_=1654302181095 HTTP/1.1" 200 22
120.253.135.82 - - [04/Jun/2022:08:22:44 +0800] "POST /xingrg/kc/pszx/mdps_list_operate.html HTTP/1.1" 200 5454
180.175.103.167 - - [04/Jun/2022:08:22:45 +0800] "GET /xingrg/all/function/internal_message.html?_=1654302079766&CODE_STATE=getMsg HTTP/1.1" 200 27
180.175.103.167 - - [04/Jun/2022:08:22:46 +0800] "GET /xingrg/all/function/internal_message.html?_=1654302166600&CODE_STATE=getMsg HTTP/1.1" 200 27
116.230.110.173 - - [04/Jun/2022:08:22:53 +0800] "GET /xingrg/all/function/internal_message.html?_=1654302168526&CODE_STATE=getMsg HTTP/1.1" 200 27
120.253.135.82 - - [04/Jun/2022:08:22:54 +0800] "POST /xingrg/kc/pszx/mdps_list_operate.html HTTP/1.1" 200 282
180.175.103.167 - - [04/Jun/2022:08:22:56 +0800] "POST /xingrg/kc/buy/cgsh_order_operate.html HTTP/1.1" 200 37
180.175.103.167 - - [04/Jun/2022:08:22:57 +0800] "POST /xingrg/kc/buy/cgsh_order_operate.html HTTP/1.1" 200 3836
180.175.103.167 - - [04/Jun/2022:08:22:58 +0800] "GET /xingrg/kc/print/load_data.html?order_code=212022060400280&kc_code=cgsh&condition= HTTP/1.1" 200 1188
180.175.103.167 - - [04/Jun/2022:08:23:01 +0800] "GET /xingrg/kc/buy/cgsh_order_add.html HTTP/1.1" 200 67610
180.175.103.167 - - [04/Jun/2022:08:23:01 +0800] "POST /xingrg/kc/buy/cgsh_order_operate.html HTTP/1.1" 200 8245
180.175.103.167 - - [04/Jun/2022:08:23:01 +0800] "GET /xingrg/javascript/easyui/themes/default/validatebox.css HTTP/1.1" 404 1104
120.253.135.82 - - [04/Jun/2022:08:23:02 +0800] "POST /xingrg/kc/pszx/mdps_list_operate.html HTTP/1.1" 200 205
120.253.135.82 - - [04/Jun/2022:08:23:06 +0800] "POST /xingrg/kc/pszx/mdps_list_operate.html HTTP/1.1" 200 282
120.253.135.82 - - [04/Jun/2022:08:23:15 +0800] "POST /xingrg/kc/pszx/mdps_list_operate.html HTTP/1.1" 200 360
58.40.7.146 - - [04/Jun/2022:08:23:26 +0800] "GET /xingrg/all/function/internal_message.html?_=1654302184985&CODE_STATE=getMsg HTTP/1.1" 200 27
218.81.223.53 - - [04/Jun/2022:08:23:28 +0800] "GET /xingrg/all/function/internal_message.html?_=1654302226272&CODE_STATE=getMsg HTTP/1.1" 200 27
58.39.61.91 - - [04/Jun/2022:08:23:29 +0800] "GET /xingrg/all/function/internal_message.html?_=1654302204843&CODE_STATE=getMsg HTTP/1.1" 200 27
58.39.61.91 - - [04/Jun/2022:08:23:32 +0800] "GET /xingrg/all/function/internal_message.html?_=1654302165125&CODE_STATE=getMsg HTTP/1.1" 200 27
120.253.135.82 - - [04/Jun/2022:08:23:33 +0800] "GET /xingrg/all/function/internal_message.html?_=1654302302042&CODE_STATE=getMsg HTTP/1.1" 200 27
180.169.147.146 - - [04/Jun/2022:08:23:38 +0800] "GET /xingrg/check_reg.html?_=1654302217333 HTTP/1.1" 200 22
180.169.147.146 - - [04/Jun/2022:08:23:38 +0800] "GET /xingrg/all/function/internal_message.html?_=1654302217337&CODE_STATE=getMsg HTTP/1.1" 200 27
58.35.194.53 - - [04/Jun/2022:08:23:41 +0800] "GET /xingrg/all/function/internal_message.html?_=1654302217625&CODE_STATE=getMsg HTTP/1.1" 200 27
120.253.135.82 - - [04/Jun/2022:08:23:41 +0800] "GET /xingrg/all/function/internal_message.html?_=1654302027372&CODE_STATE=getMsg HTTP/1.1" 200 27
180.175.103.167 - - [04/Jun/2022:08:23:45 +0800] "GET /xingrg/all/function/internal_message.html?_=1654302139752&CODE_STATE=getMsg HTTP/1.1" 200 27
180.175.103.167 - - [04/Jun/2022:08:23:46 +0800] "GET /xingrg/all/function/internal_message.html?_=1654302226585&CODE_STATE=getMsg HTTP/1.1" 200 27
180.175.103.167 - - [04/Jun/2022:08:23:46 +0800] "GET /xingrg/kc/buy/cgsh_order_operate.html?command=get_materiel&rest_code=00105&code=00101007023&supplier_code=00100002&order_time=2022-06-04 HTTP/1.1" 200 423
116.230.110.173 - - [04/Jun/2022:08:23:53 +0800] "GET /xingrg/all/function/internal_message.html?_=1654302228525&CODE_STATE=getMsg HTTP/1.1" 200 27
180.175.103.167 - - [04/Jun/2022:08:23:55 +0800] "GET /xingrg/kc/buy/cgsh_order_operate.html?command=get_materiel&rest_code=00105&code=00101007024&supplier_code=00100002&order_time=2022-06-04 HTTP/1.1" 200 415
180.175.103.167 - - [04/Jun/2022:08:24:18 +0800] "GET /xingrg/kc/buy/cgsh_order_operate.html?command=get_materiel&rest_code=00105&code=00101007125&supplier_code=00100002&order_time=2022-06-04 HTTP/1.1" 200 421
58.40.7.146 - - [04/Jun/2022:08:24:26 +0800] "GET /xingrg/all/function/internal_message.html?_=1654302244988&CODE_STATE=getMsg HTTP/1.1" 200 27
218.81.223.53 - - [04/Jun/2022:08:24:28 +0800] "GET /xingrg/all/function/internal_message.html?_=1654302286286&CODE_STATE=getMsg HTTP/1.1" 200 27
58.39.61.91 - - [04/Jun/2022:08:24:29 +0800] "GET /xingrg/all/function/internal_message.html?_=1654302264841&CODE_STATE=getMsg HTTP/1.1" 200 27
58.39.61.91 - - [04/Jun/2022:08:24:32 +0800] "GET /xingrg/all/function/internal_message.html?_=1654302225129&CODE_STATE=getMsg HTTP/1.1" 200 27
120.253.135.82 - - [04/Jun/2022:08:24:33 +0800] "GET /xingrg/all/function/internal_message.html?_=1654302362052&CODE_STATE=getMsg HTTP/1.1" 200 27
180.169.147.146 - - [04/Jun/2022:08:24:38 +0800] "GET /xingrg/all/function/internal_message.html?_=1654302277346&CODE_STATE=getMsg HTTP/1.1" 200 27
58.35.194.53 - - [04/Jun/2022:08:24:41 +0800] "GET /xingrg/check_reg.html?_=1654302277627 HTTP/1.1" 200 22
58.35.194.53 - - [04/Jun/2022:08:24:41 +0800] "GET /xingrg/all/function/internal_message.html?_=1654302277628&CODE_STATE=getMsg HTTP/1.1" 200 27
120.253.135.82 - - [04/Jun/2022:08:24:41 +0800] "GET /xingrg/all/function/internal_message.html?_=1654302087379&CODE_STATE=getMsg HTTP/1.1" 200 27
180.175.103.167 - - [04/Jun/2022:08:24:45 +0800] "GET /xingrg/all/function/internal_message.html?_=1654302199722&CODE_STATE=getMsg HTTP/1.1" 200 27
180.175.103.167 - - [04/Jun/2022:08:24:46 +0800] "GET /xingrg/all/function/internal_message.html?_=1654302286562&CODE_STATE=getMsg HTTP/1.1" 200 27
116.230.110.173 - - [04/Jun/2022:08:24:53 +0800] "GET /xingrg/check_reg.html?_=1654302288515 HTTP/1.1" 200 22
116.230.110.173 - - [04/Jun/2022:08:24:53 +0800] "GET /xingrg/all/function/internal_message.html?_=1654302288518&CODE_STATE=getMsg HTTP/1.1" 200 27
180.175.103.167 - - [04/Jun/2022:08:25:23 +0800] "GET /xingrg/kc/buy/cgsh_order_operate.html?command=get_materiel&rest_code=00105&code=00101007061&supplier_code=00100002&order_time=2022-06-04 HTTP/1.1" 200 428
58.40.7.146 - - [04/Jun/2022:08:25:26 +0800] "GET /xingrg/all/function/internal_message.html?_=1654302304989&CODE_STATE=getMsg HTTP/1.1" 200 27
218.81.223.53 - - [04/Jun/2022:08:25:28 +0800] "GET /xingrg/all/function/internal_message.html?_=1654302346471&CODE_STATE=getMsg HTTP/1.1" 200 27
58.39.61.91 - - [04/Jun/2022:08:25:29 +0800] "GET /xingrg/all/function/internal_message.html?_=1654302324864&CODE_STATE=getMsg HTTP/1.1" 200 27
58.39.61.91 - - [04/Jun/2022:08:25:29 +0800] "GET /xingrg/check_reg.html?_=1654302324866 HTTP/1.1" 200 22
58.39.61.91 - - [04/Jun/2022:08:25:32 +0800] "GET /xingrg/all/function/internal_message.html?_=1654302285204&CODE_STATE=getMsg HTTP/1.1" 200 27
120.253.135.82 - - [04/Jun/2022:08:25:33 +0800] "GET /xingrg/check_reg.html?_=1654302421821 HTTP/1.1" 200 22
120.253.135.82 - - [04/Jun/2022:08:25:33 +0800] "GET /xingrg/all/function/internal_message.html?_=1654302422066&CODE_STATE=getMsg HTTP/1.1" 200 27
180.169.147.146 - - [04/Jun/2022:08:25:38 +0800] "GET /xingrg/all/function/internal_message.html?_=1654302337336&CODE_STATE=getMsg HTTP/1.1" 200 27
120.253.135.82 - - [04/Jun/2022:08:25:40 +0800] "GET /xingrg/check_reg.html?_=1654302146503 HTTP/1.1" 200 22
58.35.194.53 - - [04/Jun/2022:08:25:41 +0800] "GET /xingrg/all/function/internal_message.html?_=1654302337629&CODE_STATE=getMsg HTTP/1.1" 200 27
120.253.135.82 - - [04/Jun/2022:08:25:41 +0800] "GET /xingrg/all/function/internal_message.html?_=1654302147392&CODE_STATE=getMsg HTTP/1.1" 200 27
180.175.103.167 - - [04/Jun/2022:08:25:45 +0800] "GET /xingrg/all/function/internal_message.html?_=1654302259706&CODE_STATE=getMsg HTTP/1.1" 200 27
180.175.103.167 - - [04/Jun/2022:08:25:46 +0800] "GET /xingrg/all/function/internal_message.html?_=1654302346525&CODE_STATE=getMsg HTTP/1.1" 200 27
116.230.110.173 - - [04/Jun/2022:08:25:53 +0800] "GET /xingrg/all/function/internal_message.html?_=1654302348523&CODE_STATE=getMsg HTTP/1.1" 200 27
58.39.61.91 - - [04/Jun/2022:08:26:01 +0800] "GET /xingrg/check_reg.html?_=1654302314211 HTTP/1.1" 200 22
180.175.103.167 - - [04/Jun/2022:08:26:08 +0800] "GET /xingrg/check_reg.html?_=1654302368129 HTTP/1.1" 200 22
180.175.103.167 - - [04/Jun/2022:08:26:26 +0800] "GET /xingrg/check_reg.html?_=1654302301471 HTTP/1.1" 200 22
58.40.7.146 - - [04/Jun/2022:08:26:26 +0800] "GET /xingrg/all/function/internal_message.html?_=1654302364976&CODE_STATE=getMsg HTTP/1.1" 200 27
218.81.223.53 - - [04/Jun/2022:08:26:28 +0800] "GET /xingrg/all/function/internal_message.html?_=1654302406485&CODE_STATE=getMsg HTTP/1.1" 200 27
58.39.61.91 - - [04/Jun/2022:08:26:29 +0800] "GET /xingrg/all/function/internal_message.html?_=1654302384850&CODE_STATE=getMsg HTTP/1.1" 200 27
58.39.61.91 - - [04/Jun/2022:08:26:32 +0800] "GET /xingrg/all/function/internal_message.html?_=1654302345218&CODE_STATE=getMsg HTTP/1.1" 200 27
120.253.135.82 - - [04/Jun/2022:08:26:35 +0800] "GET /xingrg/all/function/internal_message.html?_=1654302482080&CODE_STATE=getMsg HTTP/1.1" 200 27
180.169.147.146 - - [04/Jun/2022:08:26:36 +0800] "GET /xingrg/check_reg.html?_=1654302394309 HTTP/1.1" 200 22
180.169.147.146 - - [04/Jun/2022:08:26:38 +0800] "GET /xingrg/all/function/internal_message.html?_=1654302397353&CODE_STATE=getMsg HTTP/1.1" 200 27
58.35.194.53 - - [04/Jun/2022:08:26:41 +0800] "GET /xingrg/all/function/internal_message.html?_=1654302397630&CODE_STATE=getMsg HTTP/1.1" 200 27
120.253.135.82 - - [04/Jun/2022:08:26:41 +0800] "GET /xingrg/all/function/internal_message.html?_=1654302207406&CODE_STATE=getMsg HTTP/1.1" 200 27
180.175.103.167 - - [04/Jun/2022:08:26:45 +0800] "GET /xingrg/all/function/internal_message.html?_=1654302319680&CODE_STATE=getMsg HTTP/1.1" 200 27
180.175.103.167 - - [04/Jun/2022:08:26:46 +0800] "GET /xingrg/all/function/internal_message.html?_=1654302406503&CODE_STATE=getMsg HTTP/1.1" 200 27
116.230.110.173 - - [04/Jun/2022:08:26:53 +0800] "GET /xingrg/all/function/internal_message.html?_=1654302408522&CODE_STATE=getMsg HTTP/1.1" 200 27
58.40.7.146 - - [04/Jun/2022:08:27:26 +0800] "GET /xingrg/all/function/internal_message.html?_=1654302424978&CODE_STATE=getMsg HTTP/1.1" 200 27
58.40.7.146 - - [04/Jun/2022:08:27:26 +0800] "GET /xingrg/check_reg.html?_=1654302424981 HTTP/1.1" 200 22
218.81.223.53 - - [04/Jun/2022:08:27:28 +0800] "GET /xingrg/all/function/internal_message.html?_=1654302466676&CODE_STATE=getMsg HTTP/1.1" 200 27
58.39.61.91 - - [04/Jun/2022:08:27:29 +0800] "GET /xingrg/all/function/internal_message.html?_=1654302444849&CODE_STATE=getMsg HTTP/1.1" 200 27
58.39.61.91 - - [04/Jun/2022:08:27:32 +0800] "GET /xingrg/all/function/internal_message.html?_=1654302405232&CODE_STATE=getMsg HTTP/1.1" 200 27
120.253.135.82 - - [04/Jun/2022:08:27:34 +0800] "GET /xingrg/all/function/internal_message.html?_=1654302542093&CODE_STATE=getMsg HTTP/1.1" 200 27
180.169.147.146 - - [04/Jun/2022:08:27:38 +0800] "GET /xingrg/all/function/internal_message.html?_=1654302457353&CODE_STATE=getMsg HTTP/1.1" 200 27
58.35.194.53 - - [04/Jun/2022:08:27:41 +0800] "GET /xingrg/all/function/internal_message.html?_=1654302457631&CODE_STATE=getMsg HTTP/1.1" 200 27
120.253.135.82 - - [04/Jun/2022:08:27:41 +0800] "GET /xingrg/all/function/internal_message.html?_=1654302267419&CODE_STATE=getMsg HTTP/1.1" 200 27
218.81.223.53 - - [04/Jun/2022:08:27:43 +0800] "GET /xingrg/check_reg.html?_=1654302481255 HTTP/1.1" 200 22
180.175.103.167 - - [04/Jun/2022:08:27:45 +0800] "GET /xingrg/all/function/internal_message.html?_=1654302379650&CODE_STATE=getMsg HTTP/1.1" 200 27
180.175.103.167 - - [04/Jun/2022:08:27:46 +0800] "GET /xingrg/all/function/internal_message.html?_=1654302466485&CODE_STATE=getMsg HTTP/1.1" 200 27
116.230.110.173 - - [04/Jun/2022:08:27:53 +0800] "GET /xingrg/all/function/internal_message.html?_=1654302468515&CODE_STATE=getMsg HTTP/1.1" 200 27
58.40.7.146 - - [04/Jun/2022:08:28:26 +0800] "GET /xingrg/all/function/internal_message.html?_=1654302484984&CODE_STATE=getMsg HTTP/1.1" 200 27
218.81.223.53 - - [04/Jun/2022:08:28:28 +0800] "GET /xingrg/all/function/internal_message.html?_=1654302526683&CODE_STATE=getMsg HTTP/1.1" 200 27
58.39.61.91 - - [04/Jun/2022:08:28:29 +0800] "GET /xingrg/all/function/internal_message.html?_=1654302504871&CODE_STATE=getMsg HTTP/1.1" 200 27
58.39.61.91 - - [04/Jun/2022:08:28:32 +0800] "GET /xingrg/all/function/internal_message.html?_=1654302465302&CODE_STATE=getMsg HTTP/1.1" 200 27
120.253.135.82 - - [04/Jun/2022:08:28:34 +0800] "GET /xingrg/all/function/internal_message.html?_=1654302602128&CODE_STATE=getMsg HTTP/1.1" 200 27
180.169.147.146 - - [04/Jun/2022:08:28:38 +0800] "GET /xingrg/check_reg.html?_=1654302517352 HTTP/1.1" 200 22
180.169.147.146 - - [04/Jun/2022:08:28:38 +0800] "GET /xingrg/all/function/internal_message.html?_=1654302517354&CODE_STATE=getMsg HTTP/1.1" 200 27
58.35.194.53 - - [04/Jun/2022:08:28:41 +0800] "GET /xingrg/all/function/internal_message.html?_=1654302517632&CODE_STATE=getMsg HTTP/1.1" 200 27
120.253.135.82 - - [04/Jun/2022:08:28:41 +0800] "GET /xingrg/all/function/internal_message.html?_=1654302327434&CODE_STATE=getMsg HTTP/1.1" 200 27
180.175.103.167 - - [04/Jun/2022:08:28:45 +0800] "GET /xingrg/all/function/internal_message.html?_=1654302439635&CODE_STATE=getMsg HTTP/1.1" 200 27
180.175.103.167 - - [04/Jun/2022:08:28:46 +0800] "GET /xingrg/all/function/internal_message.html?_=1654302526457&CODE_STATE=getMsg HTTP/1.1" 200 27
116.230.110.173 - - [04/Jun/2022:08:28:53 +0800] "GET /xingrg/all/function/internal_message.html?_=1654302528532&CODE_STATE=getMsg HTTP/1.1" 200 27
114.83.218.142 - - [04/Jun/2022:08:28:54 +0800] "POST /xingrg/services/DataTransmitService HTTP/1.1" 200 524
58.40.7.146 - - [04/Jun/2022:08:29:26 +0800] "GET /xingrg/all/function/internal_message.html?_=1654302544986&CODE_STATE=getMsg HTTP/1.1" 200 27
218.81.223.53 - - [04/Jun/2022:08:29:28 +0800] "GET /xingrg/all/function/internal_message.html?_=1654302586697&CODE_STATE=getMsg HTTP/1.1" 200 27
58.39.61.91 - - [04/Jun/2022:08:29:29 +0800] "GET /xingrg/all/function/internal_message.html?_=1654302564870&CODE_STATE=getMsg HTTP/1.1" 200 27
58.39.61.91 - - [04/Jun/2022:08:29:32 +0800] "GET /xingrg/all/function/internal_message.html?_=1654302525305&CODE_STATE=getMsg HTTP/1.1" 200 27
120.253.135.82 - - [04/Jun/2022:08:29:34 +0800] "GET /xingrg/all/function/internal_message.html?_=1654302662137&CODE_STATE=getMsg HTTP/1.1" 200 27
180.169.147.146 - - [04/Jun/2022:08:29:38 +0800] "GET /xingrg/all/function/internal_message.html?_=1654302577353&CODE_STATE=getMsg HTTP/1.1" 200 27
58.35.194.53 - - [04/Jun/2022:08:29:41 +0800] "GET /xingrg/check_reg.html?_=1654302577619 HTTP/1.1" 200 22
58.35.194.53 - - [04/Jun/2022:08:29:41 +0800] "GET /xingrg/all/function/internal_message.html?_=1654302577619&CODE_STATE=getMsg HTTP/1.1" 200 27
120.253.135.82 - - [04/Jun/2022:08:29:41 +0800] "GET /xingrg/all/function/internal_message.html?_=1654302387447&CODE_STATE=getMsg HTTP/1.1" 200 27
180.175.103.167 - - [04/Jun/2022:08:29:45 +0800] "GET /xingrg/all/function/internal_message.html?_=1654302499621&CODE_STATE=getMsg HTTP/1.1" 200 27
180.175.103.167 - - [04/Jun/2022:08:29:46 +0800] "GET /xingrg/all/function/internal_message.html?_=1654302586434&CODE_STATE=getMsg HTTP/1.1" 200 27
116.230.110.173 - - [04/Jun/2022:08:29:53 +0800] "GET /xingrg/check_reg.html?_=1654302588526 HTTP/1.1" 200 22
116.230.110.173 - - [04/Jun/2022:08:29:53 +0800] "GET /xingrg/all/function/internal_message.html?_=1654302588527&CODE_STATE=getMsg HTTP/1.1" 200 27
58.40.7.146 - - [04/Jun/2022:08:30:26 +0800] "GET /xingrg/all/function/internal_message.html?_=1654302604989&CODE_STATE=getMsg HTTP/1.1" 200 27
218.81.223.53 - - [04/Jun/2022:08:30:28 +0800] "GET /xingrg/all/function/internal_message.html?_=1654302646867&CODE_STATE=getMsg HTTP/1.1" 200 27
58.39.61.91 - - [04/Jun/2022:08:30:29 +0800] "GET /xingrg/all/function/internal_message.html?_=1654302624869&CODE_STATE=getMsg HTTP/1.1" 200 27
58.39.61.91 - - [04/Jun/2022:08:30:29 +0800] "GET /xingrg/check_reg.html?_=1654302624870 HTTP/1.1" 200 22
58.39.61.91 - - [04/Jun/2022:08:30:32 +0800] "GET /xingrg/all/function/internal_message.html?_=1654302585375&CODE_STATE=getMsg HTTP/1.1" 200 27
120.253.135.82 - - [04/Jun/2022:08:30:33 +0800] "GET /xingrg/check_reg.html?_=1654302721824 HTTP/1.1" 200 22
120.253.135.82 - - [04/Jun/2022:08:30:34 +0800] "GET /xingrg/all/function/internal_message.html?_=1654302722149&CODE_STATE=getMsg HTTP/1.1" 200 27
180.169.147.146 - - [04/Jun/2022:08:30:38 +0800] "GET /xingrg/all/function/internal_message.html?_=1654302637355&CODE_STATE=getMsg HTTP/1.1" 200 27
120.253.135.82 - - [04/Jun/2022:08:30:41 +0800] "GET /xingrg/check_reg.html?_=1654302446508 HTTP/1.1" 200 22
58.35.194.53 - - [04/Jun/2022:08:30:41 +0800] "GET /xingrg/all/function/internal_message.html?_=1654302637620&CODE_STATE=getMsg HTTP/1.1" 200 27
120.253.135.82 - - [04/Jun/2022:08:30:41 +0800] "GET /xingrg/all/function/internal_message.html?_=1654302447461&CODE_STATE=getMsg HTTP/1.1" 200 27
180.175.103.167 - - [04/Jun/2022:08:30:45 +0800] "GET /xingrg/all/function/internal_message.html?_=1654302559591&CODE_STATE=getMsg HTTP/1.1" 200 27
180.175.103.167 - - [04/Jun/2022:08:30:46 +0800] "GET /xingrg/all/function/internal_message.html?_=1654302646414&CODE_STATE=getMsg HTTP/1.1" 200 27
116.230.110.173 - - [04/Jun/2022:08:30:53 +0800] "GET /xingrg/all/function/internal_message.html?_=1654302648525&CODE_STATE=getMsg HTTP/1.1" 200 27
58.39.61.91 - - [04/Jun/2022:08:31:01 +0800] "GET /xingrg/check_reg.html?_=1654302614216 HTTP/1.1" 200 22
180.175.103.167 - - [04/Jun/2022:08:31:08 +0800] "GET /xingrg/check_reg.html?_=1654302668136 HTTP/1.1" 200 22
180.175.103.167 - - [04/Jun/2022:08:31:26 +0800] "GET /xingrg/check_reg.html?_=1654302601448 HTTP/1.1" 200 22
58.40.7.146 - - [04/Jun/2022:08:31:26 +0800] "GET /xingrg/all/function/internal_message.html?_=1654302664975&CODE_STATE=getMsg HTTP/1.1" 200 27
218.81.223.53 - - [04/Jun/2022:08:31:28 +0800] "GET /xingrg/all/function/internal_message.html?_=1654302706880&CODE_STATE=getMsg HTTP/1.1" 200 27
58.39.61.91 - - [04/Jun/2022:08:31:29 +0800] "GET /xingrg/all/function/internal_message.html?_=1654302684869&CODE_STATE=getMsg HTTP/1.1" 200 27
58.39.61.91 - - [04/Jun/2022:08:31:32 +0800] "GET /xingrg/all/function/internal_message.html?_=1654302645379&CODE_STATE=getMsg HTTP/1.1" 200 27
120.253.135.82 - - [04/Jun/2022:08:31:34 +0800] "GET /xingrg/all/function/internal_message.html?_=1654302782163&CODE_STATE=getMsg HTTP/1.1" 200 27
180.169.147.146 - - [04/Jun/2022:08:31:36 +0800] "GET /xingrg/check_reg.html?_=1654302694280 HTTP/1.1" 200 22
180.169.147.146 - - [04/Jun/2022:08:31:38 +0800] "GET /xingrg/all/function/internal_message.html?_=1654302697353&CODE_STATE=getMsg HTTP/1.1" 200 27
58.35.194.53 - - [04/Jun/2022:08:31:41 +0800] "GET /xingrg/all/function/internal_message.html?_=1654302697622&CODE_STATE=getMsg HTTP/1.1" 200 27
120.253.135.82 - - [04/Jun/2022:08:31:41 +0800] "GET /xingrg/all/function/internal_message.html?_=1654302507475&CODE_STATE=getMsg HTTP/1.1" 200 27
180.175.103.167 - - [04/Jun/2022:08:31:44 +0800] "GET /xingrg/all/function/internal_message.html?_=1654302619562&CODE_STATE=getMsg HTTP/1.1" 200 27
180.175.103.167 - - [04/Jun/2022:08:31:46 +0800] "GET /xingrg/all/function/internal_message.html?_=1654302706386&CODE_STATE=getMsg HTTP/1.1" 200 27
116.230.110.173 - - [04/Jun/2022:08:31:53 +0800] "GET /xingrg/all/function/internal_message.html?_=1654302708520&CODE_STATE=getMsg HTTP/1.1" 200 27
58.40.7.146 - - [04/Jun/2022:08:32:26 +0800] "GET /xingrg/all/function/internal_message.html?_=1654302724978&CODE_STATE=getMsg HTTP/1.1" 200 27
58.40.7.146 - - [04/Jun/2022:08:32:26 +0800] "GET /xingrg/check_reg.html?_=1654302724980 HTTP/1.1" 200 22
218.81.223.53 - - [04/Jun/2022:08:32:28 +0800] "GET /xingrg/all/function/internal_message.html?_=1654302767080&CODE_STATE=getMsg HTTP/1.1" 200 27
58.39.61.91 - - [04/Jun/2022:08:32:29 +0800] "GET /xingrg/all/function/internal_message.html?_=1654302744868&CODE_STATE=getMsg HTTP/1.1" 200 27
58.39.61.91 - - [04/Jun/2022:08:32:32 +0800] "GET /xingrg/all/function/internal_message.html?_=1654302705393&CODE_STATE=getMsg HTTP/1.1" 200 27
120.253.135.82 - - [04/Jun/2022:08:32:34 +0800] "GET /xingrg/all/function/internal_message.html?_=1654302842176&CODE_STATE=getMsg HTTP/1.1" 200 27
180.169.147.146 - - [04/Jun/2022:08:32:38 +0800] "GET /xingrg/all/function/internal_message.html?_=1654302757353&CODE_STATE=getMsg HTTP/1.1" 200 27
58.35.194.53 - - [04/Jun/2022:08:32:41 +0800] "GET /xingrg/all/function/internal_message.html?_=1654302757623&CODE_STATE=getMsg HTTP/1.1" 200 27
120.253.135.82 - - [04/Jun/2022:08:32:41 +0800] "GET /xingrg/all/function/internal_message.html?_=1654302567487&CODE_STATE=getMsg HTTP/1.1" 200 27
218.81.223.53 - - [04/Jun/2022:08:32:43 +0800] "GET /xingrg/check_reg.html?_=1654302781266 HTTP/1.1" 200 22
180.175.103.167 - - [04/Jun/2022:08:32:44 +0800] "GET /xingrg/all/function/internal_message.html?_=1654302679548&CODE_STATE=getMsg HTTP/1.1" 200 27
180.175.103.167 - - [04/Jun/2022:08:32:46 +0800] "GET /xingrg/all/function/internal_message.html?_=1654302766360&CODE_STATE=getMsg HTTP/1.1" 200 27
116.230.110.173 - - [04/Jun/2022:08:32:53 +0800] "GET /xingrg/all/function/internal_message.html?_=1654302768533&CODE_STATE=getMsg HTTP/1.1" 200 27
58.40.7.146 - - [04/Jun/2022:08:33:26 +0800] "GET /xingrg/all/function/internal_message.html?_=1654302784982&CODE_STATE=getMsg HTTP/1.1" 200 27
218.81.223.53 - - [04/Jun/2022:08:33:28 +0800] "GET /xingrg/all/function/internal_message.html?_=1654302827095&CODE_STATE=getMsg HTTP/1.1" 200 27
58.39.61.91 - - [04/Jun/2022:08:33:29 +0800] "GET /xingrg/all/function/internal_message.html?_=1654302804881&CODE_STATE=getMsg HTTP/1.1" 200 27
218.81.223.53 - - [04/Jun/2022:08:33:30 +0800] "POST /xingrg/services/DataTransmitService HTTP/1.1" 200 524
218.81.223.53 - - [04/Jun/2022:08:33:31 +0800] "POST /xingrg/services/DataTransmitService HTTP/1.1" 200 412
58.39.61.91 - - [04/Jun/2022:08:33:32 +0800] "GET /xingrg/all/function/internal_message.html?_=1654302765463&CODE_STATE=getMsg HTTP/1.1" 200 27
120.253.135.82 - - [04/Jun/2022:08:33:34 +0800] "GET /xingrg/all/function/internal_message.html?_=1654302902206&CODE_STATE=getMsg HTTP/1.1" 200 27
180.169.147.146 - - [04/Jun/2022:08:33:38 +0800] "GET /xingrg/check_reg.html?_=1654302817353 HTTP/1.1" 200 22
180.169.147.146 - - [04/Jun/2022:08:33:38 +0800] "GET /xingrg/all/function/internal_message.html?_=1654302817362&CODE_STATE=getMsg HTTP/1.1" 200 27
180.175.103.167 - - [04/Jun/2022:08:33:39 +0800] "POST /xingrg/kc/buy/cgsh_order_operate.html HTTP/1.1" 200 37
180.175.103.167 - - [04/Jun/2022:08:33:41 +0800] "POST /xingrg/kc/buy/cgsh_order_operate.html HTTP/1.1" 200 4429
58.35.194.53 - - [04/Jun/2022:08:33:41 +0800] "GET /xingrg/all/function/internal_message.html?_=1654302817626&CODE_STATE=getMsg HTTP/1.1" 200 27
120.253.135.82 - - [04/Jun/2022:08:33:42 +0800] "GET /xingrg/all/function/internal_message.html?_=1654302627526&CODE_STATE=getMsg HTTP/1.1" 200 27
180.175.103.167 - - [04/Jun/2022:08:33:43 +0800] "GET /xingrg/kc/print/load_data.html?order_code=212022060400281&kc_code=cgsh&condition= HTTP/1.1" 200 1422
180.175.103.167 - - [04/Jun/2022:08:33:44 +0800] "GET /xingrg/all/function/internal_message.html?_=1654302739533&CODE_STATE=getMsg HTTP/1.1" 200 27
180.175.103.167 - - [04/Jun/2022:08:33:46 +0800] "GET /xingrg/all/function/internal_message.html?_=1654302826349&CODE_STATE=getMsg HTTP/1.1" 200 27
116.230.110.173 - - [04/Jun/2022:08:33:53 +0800] "GET /xingrg/all/function/internal_message.html?_=1654302828523&CODE_STATE=getMsg HTTP/1.1" 200 27
180.175.103.167 - - [04/Jun/2022:08:33:54 +0800] "GET /xingrg/kc/buy/cgsh_order_list.html HTTP/1.1" 200 51746
180.175.103.167 - - [04/Jun/2022:08:33:56 +0800] "POST /xingrg/kc/buy/cgsh_list_operate.html HTTP/1.1" 200 3844
58.40.7.146 - - [04/Jun/2022:08:34:26 +0800] "GET /xingrg/all/function/internal_message.html?_=1654302844985&CODE_STATE=getMsg HTTP/1.1" 200 27
180.175.103.167 - - [04/Jun/2022:08:34:28 +0800] "POST /xingrg/kc/buy/cgsh_list_operate.html HTTP/1.1" 200 350
180.175.103.167 - - [04/Jun/2022:08:34:28 +0800] "GET /xingrg/kc/buy/cgsh_order_info.html?code=212022060400279 HTTP/1.1" 200 67619
180.175.103.167 - - [04/Jun/2022:08:34:28 +0800] "GET /xingrg/javascript/easyui/themes/default/validatebox.css HTTP/1.1" 404 1104
218.81.223.53 - - [04/Jun/2022:08:34:28 +0800] "GET /xingrg/all/function/internal_message.html?_=1654302887107&CODE_STATE=getMsg HTTP/1.1" 200 27
58.39.61.91 - - [04/Jun/2022:08:34:29 +0800] "GET /xingrg/all/function/internal_message.html?_=1654302864884&CODE_STATE=getMsg HTTP/1.1" 200 27
180.175.103.167 - - [04/Jun/2022:08:34:29 +0800] "POST /xingrg/kc/buy/cgsh_order_operate.html HTTP/1.1" 200 3839
58.39.61.91 - - [04/Jun/2022:08:34:32 +0800] "GET /xingrg/all/function/internal_message.html?_=1654302825466&CODE_STATE=getMsg HTTP/1.1" 200 27
120.253.135.82 - - [04/Jun/2022:08:34:34 +0800] "GET /xingrg/all/function/internal_message.html?_=1654302962220&CODE_STATE=getMsg HTTP/1.1" 200 27
180.169.147.146 - - [04/Jun/2022:08:34:38 +0800] "GET /xingrg/all/function/internal_message.html?_=1654302877361&CODE_STATE=getMsg HTTP/1.1" 200 27
58.35.194.53 - - [04/Jun/2022:08:34:41 +0800] "GET /xingrg/check_reg.html?_=1654302877627 HTTP/1.1" 200 22
58.35.194.53 - - [04/Jun/2022:08:34:41 +0800] "GET /xingrg/all/function/internal_message.html?_=1654302877628&CODE_STATE=getMsg HTTP/1.1" 200 27
120.253.135.82 - - [04/Jun/2022:08:34:41 +0800] "GET /xingrg/all/function/internal_message.html?_=1654302687531&CODE_STATE=getMsg HTTP/1.1" 200 27
180.175.103.167 - - [04/Jun/2022:08:34:44 +0800] "GET /xingrg/all/function/internal_message.html?_=1654302799518&CODE_STATE=getMsg HTTP/1.1" 200 27
180.175.103.167 - - [04/Jun/2022:08:34:46 +0800] "GET /xingrg/all/function/internal_message.html?_=1654302886327&CODE_STATE=getMsg HTTP/1.1" 200 27
116.230.110.173 - - [04/Jun/2022:08:34:53 +0800] "GET /xingrg/all/function/internal_message.html?_=1654302888524&CODE_STATE=getMsg HTTP/1.1" 200 27
116.230.110.173 - - [04/Jun/2022:08:34:53 +0800] "GET /xingrg/check_reg.html?_=1654302888526 HTTP/1.1" 200 22
58.40.7.146 - - [04/Jun/2022:08:35:26 +0800] "GET /xingrg/all/function/internal_message.html?_=1654302904987&CODE_STATE=getMsg HTTP/1.1" 200 27
180.175.103.167 - - [04/Jun/2022:08:35:28 +0800] "GET /xingrg/kc/print/load_data.html?order_code=212022060400279&kc_code=cgsh&condition= HTTP/1.1" 200 1194
218.81.223.53 - - [04/Jun/2022:08:35:29 +0800] "GET /xingrg/all/function/internal_message.html?_=1654302947302&CODE_STATE=getMsg HTTP/1.1" 200 27
58.39.61.91 - - [04/Jun/2022:08:35:29 +0800] "GET /xingrg/all/function/internal_message.html?_=1654302924882&CODE_STATE=getMsg HTTP/1.1" 200 27
58.39.61.91 - - [04/Jun/2022:08:35:29 +0800] "GET /xingrg/check_reg.html?_=1654302924885 HTTP/1.1" 200 22
58.39.61.91 - - [04/Jun/2022:08:35:32 +0800] "GET /xingrg/all/function/internal_message.html?_=1654302885549&CODE_STATE=getMsg HTTP/1.1" 200 27
120.253.135.82 - - [04/Jun/2022:08:35:33 +0800] "GET /xingrg/check_reg.html?_=1654303021850 HTTP/1.1" 200 22
120.253.135.82 - - [04/Jun/2022:08:35:34 +0800] "GET /xingrg/all/function/internal_message.html?_=1654303022233&CODE_STATE=getMsg HTTP/1.1" 200 27
180.169.147.146 - - [04/Jun/2022:08:35:38 +0800] "GET /xingrg/all/function/internal_message.html?_=1654302937359&CODE_STATE=getMsg HTTP/1.1" 200 27
120.253.135.82 - - [04/Jun/2022:08:35:41 +0800] "GET /xingrg/check_reg.html?_=1654302746592 HTTP/1.1" 200 22
58.35.194.53 - - [04/Jun/2022:08:35:41 +0800] "GET /xingrg/all/function/internal_message.html?_=1654302937632&CODE_STATE=getMsg HTTP/1.1" 200 27
120.253.135.82 - - [04/Jun/2022:08:35:41 +0800] "GET /xingrg/all/function/internal_message.html?_=1654302747544&CODE_STATE=getMsg HTTP/1.1" 200 27
180.175.103.167 - - [04/Jun/2022:08:35:44 +0800] "GET /xingrg/all/function/internal_message.html?_=1654302859504&CODE_STATE=getMsg HTTP/1.1" 200 27
180.175.103.167 - - [04/Jun/2022:08:35:46 +0800] "GET /xingrg/all/function/internal_message.html?_=1654302946300&CODE_STATE=getMsg HTTP/1.1" 200 27
116.230.110.173 - - [04/Jun/2022:08:35:53 +0800] "GET /xingrg/all/function/internal_message.html?_=1654302948523&CODE_STATE=getMsg HTTP/1.1" 200 27
58.39.61.91 - - [04/Jun/2022:08:36:01 +0800] "GET /xingrg/check_reg.html?_=1654302914217 HTTP/1.1" 200 22
180.175.103.167 - - [04/Jun/2022:08:36:08 +0800] "GET /xingrg/check_reg.html?_=1654302968156 HTTP/1.1" 200 22
180.175.103.167 - - [04/Jun/2022:08:36:26 +0800] "GET /xingrg/check_reg.html?_=1654302901425 HTTP/1.1" 200 22
58.40.7.146 - - [04/Jun/2022:08:36:26 +0800] "GET /xingrg/all/function/internal_message.html?_=1654302964988&CODE_STATE=getMsg HTTP/1.1" 200 27
218.81.223.53 - - [04/Jun/2022:08:36:29 +0800] "GET /xingrg/all/function/internal_message.html?_=1654303007306&CODE_STATE=getMsg HTTP/1.1" 200 27
58.39.61.91 - - [04/Jun/2022:08:36:29 +0800] "GET /xingrg/all/function/internal_message.html?_=1654302984886&CODE_STATE=getMsg HTTP/1.1" 200 27
58.39.61.91 - - [04/Jun/2022:08:36:32 +0800] "GET /xingrg/all/function/internal_message.html?_=1654302945556&CODE_STATE=getMsg HTTP/1.1" 200 27
