180.169.147.146 - - [04/Jun/2022:09:59:38 +0800] "GET /xingrg/all/function/internal_message.html?_=1654307977487&CODE_STATE=getMsg HTTP/1.1" 200 27
58.35.194.53 - - [04/Jun/2022:09:59:41 +0800] "GET /xingrg/all/function/internal_message.html?_=1654307977575&CODE_STATE=getMsg HTTP/1.1" 200 27
58.35.194.53 - - [04/Jun/2022:09:59:41 +0800] "GET /xingrg/check_reg.html?_=1654307977576 HTTP/1.1" 200 22
180.175.103.167 - - [04/Jun/2022:09:59:43 +0800] "GET /xingrg/all/function/internal_message.html?_=1654307897942&CODE_STATE=getMsg HTTP/1.1" 200 27
180.175.103.167 - - [04/Jun/2022:09:59:44 +0800] "GET /xingrg/all/function/internal_message.html?_=1654307984347&CODE_STATE=getMsg HTTP/1.1" 200 27
116.232.52.139 - - [04/Jun/2022:09:59:45 +0800] "POST /xingrg/kc/buy/cgsh_list_operate.html HTTP/1.1" 200 5366
101.85.120.86 - - [04/Jun/2022:09:59:46 +0800] "POST /xingrg/dwr/call/plaincall/AjaxComOrderService.getMaterielSearchList.dwr HTTP/1.1" 200 168110
101.85.120.86 - - [04/Jun/2022:09:59:46 +0800] "POST /xingrg/dwr/call/plaincall/AjaxComOrderService.getMaterielSearchList.dwr HTTP/1.1" 200 9521
58.40.7.146 - - [04/Jun/2022:09:59:46 +0800] "GET /xingrg/all/function/internal_message.html?_=1654307983615&CODE_STATE=getMsg HTTP/1.1" 200 27
101.85.120.86 - - [04/Jun/2022:09:59:47 +0800] "POST /xingrg/dwr/call/plaincall/AjaxComOrderService.getMaterielSearchList.dwr HTTP/1.1" 200 424
116.232.52.139 - - [04/Jun/2022:09:59:47 +0800] "GET /xingrg/all/function/internal_message.html?_=1654307993870&CODE_STATE=getMsg HTTP/1.1" 200 27
101.85.120.86 - - [04/Jun/2022:09:59:49 +0800] "POST /xingrg/dwr/call/plaincall/AjaxYddbService.getMaterielByMap.dwr HTTP/1.1" 200 1629
180.175.103.167 - - [04/Jun/2022:09:59:50 +0800] "POST /xingrg/kc/mdqp/pssh_list_operate.html HTTP/1.1" 200 5677
116.235.92.88 - - [04/Jun/2022:09:59:51 +0800] "GET /xingrg/all/function/internal_message.html?_=1654308165351&CODE_STATE=getMsg HTTP/1.1" 200 27
180.175.103.167 - - [04/Jun/2022:09:59:52 +0800] "POST /xingrg/kc/mdqp/pssh_list_operate.html HTTP/1.1" 200 767
116.230.110.173 - - [04/Jun/2022:09:59:53 +0800] "GET /xingrg/check_reg.html?_=1654307988533 HTTP/1.1" 200 22
116.230.110.173 - - [04/Jun/2022:09:59:54 +0800] "GET /xingrg/all/function/internal_message.html?_=1654307988537&CODE_STATE=getMsg HTTP/1.1" 200 27
180.175.103.167 - - [04/Jun/2022:09:59:54 +0800] "GET /xingrg/kc/mdqp/pssh_order_info.html?code=312022053000978 HTTP/1.1" 200 14386
180.175.103.167 - - [04/Jun/2022:09:59:54 +0800] "GET /xingrg/javascript/jquery_tools/jquery-1.4.2.min.js HTTP/1.1" 404 1094
116.232.52.139 - - [04/Jun/2022:09:59:54 +0800] "POST /xingrg/kc/buy/cgsh_list_operate.html HTTP/1.1" 200 5226
180.175.103.167 - - [04/Jun/2022:09:59:54 +0800] "POST /xingrg/kc/mdqp/pssh_order_operate.html HTTP/1.1" 200 3637
180.175.103.167 - - [04/Jun/2022:09:59:54 +0800] "GET /xingrg/javascript/easyui/themes/default/validatebox.css HTTP/1.1" 404 1104
180.175.103.167 - - [04/Jun/2022:09:59:56 +0800] "POST /xingrg/kc/mdqp/pssh_list_operate.html HTTP/1.1" 200 5677
180.175.103.167 - - [04/Jun/2022:09:59:58 +0800] "POST /xingrg/kc/mdqp/pssh_list_operate.html HTTP/1.1" 200 684
120.253.135.82 - - [04/Jun/2022:09:59:59 +0800] "GET /xingrg/all/function/internal_message.html?_=1654308087663&CODE_STATE=getMsg HTTP/1.1" 200 27
180.175.103.167 - - [04/Jun/2022:09:59:59 +0800] "POST /xingrg/kc/mdqp/pssh_list_operate.html HTTP/1.1" 200 397
101.85.120.86 - - [04/Jun/2022:10:00:01 +0800] "GET /xingrg/images/yd/bt2.gif HTTP/1.1" 404 1042
101.85.120.86 - - [04/Jun/2022:10:00:02 +0800] "POST /xingrg/dwr/call/plaincall/AjaxYddbService.saveMaterielItem.dwr HTTP/1.1" 200 78
180.175.103.167 - - [04/Jun/2022:10:00:03 +0800] "POST /xingrg/kc/mdqp/pssh_list_operate.html HTTP/1.1" 200 760
101.85.120.86 - - [04/Jun/2022:10:00:04 +0800] "GET /xingrg/all/function/internal_message.html?_=1654308001390&CODE_STATE=getMsg HTTP/1.1" 200 27
180.175.103.167 - - [04/Jun/2022:10:00:04 +0800] "GET /xingrg/kc/mdqp/pssh_order_info.html?code=312022052800893 HTTP/1.1" 200 14395
180.175.103.167 - - [04/Jun/2022:10:00:04 +0800] "GET /xingrg/javascript/jquery_tools/jquery-1.4.2.min.js HTTP/1.1" 404 1094
180.175.103.167 - - [04/Jun/2022:10:00:04 +0800] "POST /xingrg/kc/mdqp/pssh_order_operate.html HTTP/1.1" 200 6719
180.175.103.167 - - [04/Jun/2022:10:00:04 +0800] "GET /xingrg/javascript/easyui/themes/default/validatebox.css HTTP/1.1" 404 1104
114.84.82.172 - - [04/Jun/2022:10:00:07 +0800] "GET /xingrg/all/function/internal_message.html?_=1654308004208&CODE_STATE=getMsg HTTP/1.1" 200 27
114.84.82.172 - - [04/Jun/2022:10:00:07 +0800] "GET /xingrg/check_reg.html?_=1654308004210 HTTP/1.1" 200 22
58.35.194.53 - - [04/Jun/2022:10:00:12 +0800] "GET /xingrg/kc/buy/cgsh_order_add.html HTTP/1.1" 200 67569
58.35.194.53 - - [04/Jun/2022:10:00:12 +0800] "POST /xingrg/kc/buy/cgsh_order_operate.html HTTP/1.1" 200 8245
58.35.194.53 - - [04/Jun/2022:10:00:12 +0800] "GET /xingrg/javascript/easyui/themes/default/validatebox.css HTTP/1.1" 404 1104
114.83.218.142 - - [04/Jun/2022:10:00:15 +0800] "GET /xingrg/all/function/internal_message.html?_=1654308008265&CODE_STATE=getMsg HTTP/1.1" 200 27
114.83.218.142 - - [04/Jun/2022:10:00:16 +0800] "GET /favicon.ico HTTP/1.1" 404 -
180.175.103.167 - - [04/Jun/2022:10:00:21 +0800] "POST /xingrg/kc/mdqp/pssh_list_operate.html HTTP/1.1" 200 5677
180.175.103.167 - - [04/Jun/2022:10:00:23 +0800] "POST /xingrg/kc/mdqp/pssh_list_operate.html HTTP/1.1" 200 261
180.175.103.167 - - [04/Jun/2022:10:00:25 +0800] "POST /xingrg/kc/mdqp/pssh_list_operate.html HTTP/1.1" 200 259
180.175.103.167 - - [04/Jun/2022:10:00:26 +0800] "POST /xingrg/kc/mdqp/pssh_list_operate.html HTTP/1.1" 200 794
58.40.7.146 - - [04/Jun/2022:10:00:26 +0800] "GET /xingrg/all/function/internal_message.html?_=1654308004986&CODE_STATE=getMsg HTTP/1.1" 200 27
180.175.103.167 - - [04/Jun/2022:10:00:28 +0800] "POST /xingrg/kc/mdqp/pssh_list_operate.html HTTP/1.1" 200 264
180.156.212.250 - - [04/Jun/2022:10:00:29 +0800] "GET /xingrg/check_reg.html?_=1654308093519 HTTP/1.1" 200 22
180.156.212.250 - - [04/Jun/2022:10:00:30 +0800] "GET /xingrg/all/function/internal_message.html?_=1654308094427&CODE_STATE=getMsg HTTP/1.1" 200 27
58.35.194.53 - - [04/Jun/2022:10:00:30 +0800] "GET /xingrg/kc/buy/cgsh_order_operate.html?command=get_materiel&rest_code=00156&code=00101006124&supplier_code=00100012&order_time=2022-06-04 HTTP/1.1" 200 424
58.39.61.91 - - [04/Jun/2022:10:00:31 +0800] "GET /xingrg/all/function/internal_message.html?_=1654308026422&CODE_STATE=getMsg HTTP/1.1" 200 27
180.175.103.167 - - [04/Jun/2022:10:00:31 +0800] "POST /xingrg/kc/mdqp/pssh_list_operate.html HTTP/1.1" 200 5707
180.175.103.167 - - [04/Jun/2022:10:00:32 +0800] "POST /xingrg/kc/mdqp/pssh_list_operate.html HTTP/1.1" 200 469
180.175.103.167 - - [04/Jun/2022:10:00:34 +0800] "GET /xingrg/kc/mdqp/pssh_order_info.html?code=312022042300190 HTTP/1.1" 200 14386
180.175.103.167 - - [04/Jun/2022:10:00:34 +0800] "GET /xingrg/javascript/jquery_tools/jquery-1.4.2.min.js HTTP/1.1" 404 1094
180.175.103.167 - - [04/Jun/2022:10:00:34 +0800] "POST /xingrg/kc/mdqp/pssh_order_operate.html HTTP/1.1" 200 1596
180.175.103.167 - - [04/Jun/2022:10:00:34 +0800] "GET /xingrg/javascript/easyui/themes/default/validatebox.css HTTP/1.1" 404 1104
58.39.61.91 - - [04/Jun/2022:10:00:35 +0800] "GET /xingrg/all/function/internal_message.html?_=1654307988580&CODE_STATE=getMsg HTTP/1.1" 200 27
218.81.223.53 - - [04/Jun/2022:10:00:36 +0800] "GET /xingrg/all/function/internal_message.html?_=1654308054499&CODE_STATE=getMsg HTTP/1.1" 200 27
180.175.103.167 - - [04/Jun/2022:10:00:36 +0800] "POST /xingrg/kc/mdqp/pssh_list_operate.html HTTP/1.1" 200 5707
180.175.103.167 - - [04/Jun/2022:10:00:37 +0800] "POST /xingrg/kc/mdqp/pssh_list_operate.html HTTP/1.1" 200 366
180.175.103.167 - - [04/Jun/2022:10:00:38 +0800] "POST /xingrg/kc/mdqp/pssh_list_operate.html HTTP/1.1" 200 365
180.169.147.146 - - [04/Jun/2022:10:00:38 +0800] "GET /xingrg/all/function/internal_message.html?_=1654308037489&CODE_STATE=getMsg HTTP/1.1" 200 27
180.175.103.167 - - [04/Jun/2022:10:00:39 +0800] "POST /xingrg/kc/mdqp/pssh_list_operate.html HTTP/1.1" 200 658
180.175.103.167 - - [04/Jun/2022:10:00:41 +0800] "GET /xingrg/kc/mdqp/pssh_order_info.html?code=312022052700869 HTTP/1.1" 200 14395
180.175.103.167 - - [04/Jun/2022:10:00:41 +0800] "GET /xingrg/javascript/jquery_tools/jquery-1.4.2.min.js HTTP/1.1" 404 1094
58.35.194.53 - - [04/Jun/2022:10:00:41 +0800] "GET /xingrg/all/function/internal_message.html?_=1654308037581&CODE_STATE=getMsg HTTP/1.1" 200 27
180.175.103.167 - - [04/Jun/2022:10:00:41 +0800] "POST /xingrg/kc/mdqp/pssh_order_operate.html HTTP/1.1" 200 2585
180.175.103.167 - - [04/Jun/2022:10:00:41 +0800] "GET /xingrg/javascript/easyui/themes/default/validatebox.css HTTP/1.1" 404 1104
58.35.194.53 - - [04/Jun/2022:10:00:42 +0800] "GET /xingrg/kc/buy/cgsh_order_operate.html?command=get_materiel&rest_code=00156&code=00101006055&supplier_code=00100012&order_time=2022-06-04 HTTP/1.1" 200 424
180.175.103.167 - - [04/Jun/2022:10:00:42 +0800] "POST /xingrg/kc/mdqp/pssh_list_operate.html HTTP/1.1" 200 5707
180.175.103.167 - - [04/Jun/2022:10:00:43 +0800] "GET /xingrg/all/function/internal_message.html?_=1654307957912&CODE_STATE=getMsg HTTP/1.1" 200 27
180.175.103.167 - - [04/Jun/2022:10:00:44 +0800] "POST /xingrg/kc/mdqp/pssh_list_operate.html HTTP/1.1" 200 261
180.175.103.167 - - [04/Jun/2022:10:00:44 +0800] "GET /xingrg/all/function/internal_message.html?_=1654308044343&CODE_STATE=getMsg HTTP/1.1" 200 27
180.175.103.167 - - [04/Jun/2022:10:00:45 +0800] "POST /xingrg/kc/mdqp/pssh_list_operate.html HTTP/1.1" 200 259
58.40.7.146 - - [04/Jun/2022:10:00:46 +0800] "GET /xingrg/all/function/internal_message.html?_=1654308043619&CODE_STATE=getMsg HTTP/1.1" 200 27
58.40.7.146 - - [04/Jun/2022:10:00:46 +0800] "GET /xingrg/check_reg.html?_=1654308043620 HTTP/1.1" 200 22
101.85.120.86 - - [04/Jun/2022:10:00:46 +0800] "GET /xingrg/javascript/jquery_easy_ui/themes/default/images/button_plain_hover.png HTTP/1.1" 200 252
180.175.103.167 - - [04/Jun/2022:10:00:47 +0800] "POST /xingrg/kc/mdqp/pssh_list_operate.html HTTP/1.1" 200 266
116.232.52.139 - - [04/Jun/2022:10:00:47 +0800] "GET /xingrg/check_reg.html?_=1654308053871 HTTP/1.1" 200 22
116.232.52.139 - - [04/Jun/2022:10:00:47 +0800] "GET /xingrg/all/function/internal_message.html?_=1654308053874&CODE_STATE=getMsg HTTP/1.1" 200 27
101.85.120.86 - - [04/Jun/2022:10:00:50 +0800] "POST /xingrg/dwr/call/plaincall/AjaxYddbService.checkOrder.dwr HTTP/1.1" 200 78
116.235.92.88 - - [04/Jun/2022:10:00:51 +0800] "GET /xingrg/all/function/internal_message.html?_=1654308225375&CODE_STATE=getMsg HTTP/1.1" 200 27
101.85.120.86 - - [04/Jun/2022:10:00:51 +0800] "GET /xingrg/kc/base/yddb_order_info.html?code=482022060400046 HTTP/1.1" 200 28719
101.85.120.86 - - [04/Jun/2022:10:00:51 +0800] "GET /xingrg/dwr/interface/AjaxComOrderService.js HTTP/1.1" 200 18264
101.85.120.86 - - [04/Jun/2022:10:00:51 +0800] "GET /xingrg/dwr/interface/AjaxYddbService.js HTTP/1.1" 200 13201
101.85.120.86 - - [04/Jun/2022:10:00:51 +0800] "GET /xingrg/dwr/engine.js HTTP/1.1" 200 43631
101.85.120.86 - - [04/Jun/2022:10:00:51 +0800] "POST /xingrg/dwr/call/plaincall/AjaxYddbService.loadMaterielItems.dwr HTTP/1.1" 200 432
180.175.103.167 - - [04/Jun/2022:10:00:52 +0800] "POST /xingrg/kc/mdqp/pssh_list_operate.html HTTP/1.1" 200 5677
101.85.120.86 - - [04/Jun/2022:10:00:53 +0800] "GET /xingrg/javascript/jquery_easy_ui/themes/default/images/tabs_active.png HTTP/1.1" 304 -
116.230.110.173 - - [04/Jun/2022:10:00:53 +0800] "GET /xingrg/all/function/internal_message.html?_=1654308048536&CODE_STATE=getMsg HTTP/1.1" 200 27
180.175.103.167 - - [04/Jun/2022:10:00:54 +0800] "POST /xingrg/kc/mdqp/pssh_list_operate.html HTTP/1.1" 200 760
180.175.103.167 - - [04/Jun/2022:10:00:55 +0800] "GET /xingrg/kc/mdqp/pssh_order_info.html?code=312022052800893 HTTP/1.1" 200 14395
180.175.103.167 - - [04/Jun/2022:10:00:55 +0800] "GET /xingrg/javascript/jquery_tools/jquery-1.4.2.min.js HTTP/1.1" 404 1094
101.85.120.86 - - [04/Jun/2022:10:00:55 +0800] "POST /xingrg/kc/base/yddb_list_operate.html HTTP/1.1" 200 1602
180.175.103.167 - - [04/Jun/2022:10:00:55 +0800] "POST /xingrg/kc/mdqp/pssh_order_operate.html HTTP/1.1" 200 6719
180.175.103.167 - - [04/Jun/2022:10:00:56 +0800] "GET /xingrg/javascript/easyui/themes/default/validatebox.css HTTP/1.1" 404 1104
58.35.194.53 - - [04/Jun/2022:10:00:58 +0800] "GET /xingrg/kc/buy/cgsh_order_operate.html?command=get_materiel&rest_code=00156&code=00101006129&supplier_code=00100012&order_time=2022-06-04 HTTP/1.1" 200 452
101.85.120.86 - - [04/Jun/2022:10:00:58 +0800] "POST /xingrg/kc/base/yddb_list_operate.html HTTP/1.1" 200 4368
101.85.120.86 - - [04/Jun/2022:10:00:59 +0800] "POST /xingrg/kc/base/yddb_list_operate.html HTTP/1.1" 200 4368
120.253.135.82 - - [04/Jun/2022:10:00:59 +0800] "GET /xingrg/all/function/internal_message.html?_=1654308147677&CODE_STATE=getMsg HTTP/1.1" 200 27
58.39.61.91 - - [04/Jun/2022:10:01:01 +0800] "GET /xingrg/check_reg.html?_=1654308014312 HTTP/1.1" 200 22
101.85.120.86 - - [04/Jun/2022:10:01:04 +0800] "GET /xingrg/all/function/internal_message.html?_=1654308061400&CODE_STATE=getMsg HTTP/1.1" 200 27
116.232.52.139 - - [04/Jun/2022:10:01:06 +0800] "GET /favicon.ico HTTP/1.1" 404 -
114.84.82.172 - - [04/Jun/2022:10:01:07 +0800] "GET /xingrg/all/function/internal_message.html?_=1654308064210&CODE_STATE=getMsg HTTP/1.1" 200 27
180.175.103.167 - - [04/Jun/2022:10:01:08 +0800] "GET /xingrg/check_reg.html?_=1654308068305 HTTP/1.1" 200 22
58.35.194.53 - - [04/Jun/2022:10:01:09 +0800] "GET /xingrg/kc/buy/cgsh_order_operate.html?command=get_materiel&rest_code=00156&code=00101006027&supplier_code=00100012&order_time=2022-06-04 HTTP/1.1" 200 408
114.83.218.142 - - [04/Jun/2022:10:01:15 +0800] "GET /xingrg/all/function/internal_message.html?_=1654308068264&CODE_STATE=getMsg HTTP/1.1" 200 27
58.35.194.53 - - [04/Jun/2022:10:01:23 +0800] "GET /xingrg/kc/buy/cgsh_order_operate.html?command=get_materiel&rest_code=00156&code=00101006193&supplier_code=00100012&order_time=2022-06-04 HTTP/1.1" 200 409
180.175.103.167 - - [04/Jun/2022:10:01:26 +0800] "GET /xingrg/check_reg.html?_=1654308001128 HTTP/1.1" 200 22
58.40.7.146 - - [04/Jun/2022:10:01:26 +0800] "GET /xingrg/all/function/internal_message.html?_=1654308064989&CODE_STATE=getMsg HTTP/1.1" 200 27
180.156.212.250 - - [04/Jun/2022:10:01:30 +0800] "GET /xingrg/all/function/internal_message.html?_=1654308154439&CODE_STATE=getMsg HTTP/1.1" 200 27
58.39.61.91 - - [04/Jun/2022:10:01:31 +0800] "GET /xingrg/all/function/internal_message.html?_=1654308086432&CODE_STATE=getMsg HTTP/1.1" 200 27
180.169.147.146 - - [04/Jun/2022:10:01:35 +0800] "GET /xingrg/check_reg.html?_=1654308093836 HTTP/1.1" 200 22
58.39.61.91 - - [04/Jun/2022:10:01:35 +0800] "GET /xingrg/all/function/internal_message.html?_=1654308048583&CODE_STATE=getMsg HTTP/1.1" 200 27
218.81.223.53 - - [04/Jun/2022:10:01:36 +0800] "GET /xingrg/all/function/internal_message.html?_=1654308114514&CODE_STATE=getMsg HTTP/1.1" 200 27
180.169.147.146 - - [04/Jun/2022:10:01:38 +0800] "GET /xingrg/all/function/internal_message.html?_=1654308097489&CODE_STATE=getMsg HTTP/1.1" 200 27
58.35.194.53 - - [04/Jun/2022:10:01:41 +0800] "GET /xingrg/all/function/internal_message.html?_=1654308097580&CODE_STATE=getMsg HTTP/1.1" 200 27
180.175.103.167 - - [04/Jun/2022:10:01:43 +0800] "GET /xingrg/all/function/internal_message.html?_=1654308017886&CODE_STATE=getMsg HTTP/1.1" 200 27
180.175.103.167 - - [04/Jun/2022:10:01:44 +0800] "GET /xingrg/all/function/internal_message.html?_=1654308104312&CODE_STATE=getMsg HTTP/1.1" 200 27
58.40.7.146 - - [04/Jun/2022:10:01:46 +0800] "GET /xingrg/all/function/internal_message.html?_=1654308103621&CODE_STATE=getMsg HTTP/1.1" 200 27
116.235.92.88 - - [04/Jun/2022:10:01:51 +0800] "GET /xingrg/all/function/internal_message.html?_=1654308285374&CODE_STATE=getMsg HTTP/1.1" 200 27
116.232.52.139 - - [04/Jun/2022:10:01:52 +0800] "GET /xingrg/all/function/internal_message.html?_=1654308113874&CODE_STATE=getMsg HTTP/1.1" 200 27
116.230.110.173 - - [04/Jun/2022:10:01:53 +0800] "GET /xingrg/all/function/internal_message.html?_=1654308108518&CODE_STATE=getMsg HTTP/1.1" 200 27
58.35.194.53 - - [04/Jun/2022:10:01:55 +0800] "POST /xingrg/kc/buy/cgsh_order_operate.html HTTP/1.1" 200 37
58.35.194.53 - - [04/Jun/2022:10:01:57 +0800] "POST /xingrg/kc/buy/cgsh_order_operate.html HTTP/1.1" 200 5027
58.35.194.53 - - [04/Jun/2022:10:01:58 +0800] "GET /xingrg/kc/print/load_data.html?order_code=212022060400292&kc_code=cgsh&condition= HTTP/1.1" 200 1659
120.253.135.82 - - [04/Jun/2022:10:01:59 +0800] "GET /xingrg/all/function/internal_message.html?_=1654308207701&CODE_STATE=getMsg HTTP/1.1" 200 27
101.85.120.86 - - [04/Jun/2022:10:02:04 +0800] "GET /xingrg/all/function/internal_message.html?_=1654308121405&CODE_STATE=getMsg HTTP/1.1" 200 27
114.84.82.172 - - [04/Jun/2022:10:02:07 +0800] "GET /xingrg/all/function/internal_message.html?_=1654308124209&CODE_STATE=getMsg HTTP/1.1" 200 27
101.85.120.86 - - [04/Jun/2022:10:02:09 +0800] "POST /xingrg/kc/base/yddb_list_operate.html HTTP/1.1" 200 4368
101.85.120.86 - - [04/Jun/2022:10:02:14 +0800] "GET /xingrg/kc/base/yddb_order_list.html HTTP/1.1" 200 16713
101.85.120.86 - - [04/Jun/2022:10:02:14 +0800] "POST /xingrg/kc/base/yddb_list_operate.html HTTP/1.1" 200 1602
114.83.218.142 - - [04/Jun/2022:10:02:15 +0800] "GET /xingrg/all/function/internal_message.html?_=1654308128266&CODE_STATE=getMsg HTTP/1.1" 200 27
58.40.7.146 - - [04/Jun/2022:10:02:26 +0800] "GET /xingrg/check_reg.html?_=1654308124976 HTTP/1.1" 200 22
58.40.7.146 - - [04/Jun/2022:10:02:27 +0800] "GET /xingrg/all/function/internal_message.html?_=1654308124980&CODE_STATE=getMsg HTTP/1.1" 200 27
180.156.212.250 - - [04/Jun/2022:10:02:30 +0800] "GET /xingrg/all/function/internal_message.html?_=1654308214454&CODE_STATE=getMsg HTTP/1.1" 200 27
58.39.61.91 - - [04/Jun/2022:10:02:31 +0800] "GET /xingrg/all/function/internal_message.html?_=1654308146428&CODE_STATE=getMsg HTTP/1.1" 200 27
58.39.61.91 - - [04/Jun/2022:10:02:35 +0800] "GET /xingrg/all/function/internal_message.html?_=1654308108597&CODE_STATE=getMsg HTTP/1.1" 200 27
218.81.223.53 - - [04/Jun/2022:10:02:36 +0800] "GET /xingrg/all/function/internal_message.html?_=1654308174724&CODE_STATE=getMsg HTTP/1.1" 200 27
180.169.147.146 - - [04/Jun/2022:10:02:38 +0800] "GET /xingrg/all/function/internal_message.html?_=1654308157488&CODE_STATE=getMsg HTTP/1.1" 200 27
58.35.194.53 - - [04/Jun/2022:10:02:41 +0800] "GET /xingrg/all/function/internal_message.html?_=1654308157572&CODE_STATE=getMsg HTTP/1.1" 200 27
218.81.223.53 - - [04/Jun/2022:10:02:43 +0800] "GET /xingrg/check_reg.html?_=1654308181676 HTTP/1.1" 200 22
180.175.103.167 - - [04/Jun/2022:10:02:43 +0800] "GET /xingrg/all/function/internal_message.html?_=1654308077872&CODE_STATE=getMsg HTTP/1.1" 200 27
180.175.103.167 - - [04/Jun/2022:10:02:44 +0800] "GET /xingrg/all/function/internal_message.html?_=1654308164295&CODE_STATE=getMsg HTTP/1.1" 200 27
58.40.7.146 - - [04/Jun/2022:10:02:46 +0800] "GET /xingrg/all/function/internal_message.html?_=1654308163625&CODE_STATE=getMsg HTTP/1.1" 200 27
116.232.52.139 - - [04/Jun/2022:10:02:47 +0800] "GET /xingrg/all/function/internal_message.html?_=1654308173886&CODE_STATE=getMsg HTTP/1.1" 200 27
116.235.92.88 - - [04/Jun/2022:10:02:51 +0800] "GET /xingrg/all/function/internal_message.html?_=1654308345373&CODE_STATE=getMsg HTTP/1.1" 200 27
116.230.110.173 - - [04/Jun/2022:10:02:53 +0800] "GET /xingrg/all/function/internal_message.html?_=1654308168523&CODE_STATE=getMsg HTTP/1.1" 200 27
120.253.135.82 - - [04/Jun/2022:10:02:59 +0800] "GET /xingrg/all/function/internal_message.html?_=1654308267705&CODE_STATE=getMsg HTTP/1.1" 200 27
101.85.120.86 - - [04/Jun/2022:10:03:04 +0800] "GET /xingrg/check_reg.html?_=1654308181399 HTTP/1.1" 200 22
101.85.120.86 - - [04/Jun/2022:10:03:04 +0800] "GET /xingrg/all/function/internal_message.html?_=1654308181405&CODE_STATE=getMsg HTTP/1.1" 200 27
114.84.82.172 - - [04/Jun/2022:10:03:07 +0800] "GET /xingrg/all/function/internal_message.html?_=1654308184208&CODE_STATE=getMsg HTTP/1.1" 200 27
114.83.218.142 - - [04/Jun/2022:10:03:15 +0800] "GET /xingrg/all/function/internal_message.html?_=1654308188274&CODE_STATE=getMsg HTTP/1.1" 200 27
114.83.218.142 - - [04/Jun/2022:10:03:15 +0800] "GET /xingrg/check_reg.html?_=1654308188287 HTTP/1.1" 200 22
58.40.7.146 - - [04/Jun/2022:10:03:26 +0800] "GET /xingrg/all/function/internal_message.html?_=1654308184981&CODE_STATE=getMsg HTTP/1.1" 200 27
180.175.103.167 - - [04/Jun/2022:10:03:28 +0800] "POST /xingrg/kc/mdqp/pssh_list_operate.html HTTP/1.1" 200 5677
180.175.103.167 - - [04/Jun/2022:10:03:29 +0800] "POST /xingrg/kc/mdqp/pssh_list_operate.html HTTP/1.1" 200 760
180.156.212.250 - - [04/Jun/2022:10:03:30 +0800] "GET /xingrg/all/function/internal_message.html?_=1654308274546&CODE_STATE=getMsg HTTP/1.1" 200 27
58.39.61.91 - - [04/Jun/2022:10:03:31 +0800] "GET /xingrg/all/function/internal_message.html?_=1654308206423&CODE_STATE=getMsg HTTP/1.1" 200 27
218.81.223.53 - - [04/Jun/2022:10:03:31 +0800] "POST /xingrg/services/DataTransmitService HTTP/1.1" 200 524
180.175.103.167 - - [04/Jun/2022:10:03:31 +0800] "GET /xingrg/kc/mdqp/pssh_order_info.html?code=312022052800893 HTTP/1.1" 200 14395
180.175.103.167 - - [04/Jun/2022:10:03:31 +0800] "GET /xingrg/javascript/jquery_tools/jquery-1.4.2.min.js HTTP/1.1" 404 1094
180.175.103.167 - - [04/Jun/2022:10:03:31 +0800] "POST /xingrg/kc/mdqp/pssh_order_operate.html HTTP/1.1" 200 6719
180.175.103.167 - - [04/Jun/2022:10:03:31 +0800] "GET /xingrg/javascript/easyui/themes/default/validatebox.css HTTP/1.1" 404 1104
218.81.223.53 - - [04/Jun/2022:10:03:32 +0800] "POST /xingrg/services/DataTransmitService HTTP/1.1" 200 412
58.39.61.91 - - [04/Jun/2022:10:03:36 +0800] "GET /xingrg/all/function/internal_message.html?_=1654308168670&CODE_STATE=getMsg HTTP/1.1" 200 27
218.81.223.53 - - [04/Jun/2022:10:03:36 +0800] "GET /xingrg/all/function/internal_message.html?_=1654308234728&CODE_STATE=getMsg HTTP/1.1" 200 27
180.169.147.146 - - [04/Jun/2022:10:03:38 +0800] "GET /xingrg/all/function/internal_message.html?_=1654308217490&CODE_STATE=getMsg HTTP/1.1" 200 27
180.169.147.146 - - [04/Jun/2022:10:03:38 +0800] "GET /xingrg/check_reg.html?_=1654308217495 HTTP/1.1" 200 22
58.35.194.53 - - [04/Jun/2022:10:03:41 +0800] "GET /xingrg/all/function/internal_message.html?_=1654308217575&CODE_STATE=getMsg HTTP/1.1" 200 27
180.175.103.167 - - [04/Jun/2022:10:03:43 +0800] "GET /xingrg/all/function/internal_message.html?_=1654308137857&CODE_STATE=getMsg HTTP/1.1" 200 27
180.175.103.167 - - [04/Jun/2022:10:03:44 +0800] "GET /xingrg/all/function/internal_message.html?_=1654308224273&CODE_STATE=getMsg HTTP/1.1" 200 27
58.40.7.146 - - [04/Jun/2022:10:03:46 +0800] "GET /xingrg/all/function/internal_message.html?_=1654308223628&CODE_STATE=getMsg HTTP/1.1" 200 27
116.232.52.139 - - [04/Jun/2022:10:03:47 +0800] "GET /xingrg/all/function/internal_message.html?_=1654308233874&CODE_STATE=getMsg HTTP/1.1" 200 27
116.235.92.88 - - [04/Jun/2022:10:03:51 +0800] "GET /xingrg/all/function/internal_message.html?_=1654308405372&CODE_STATE=getMsg HTTP/1.1" 200 27
116.235.92.88 - - [04/Jun/2022:10:03:51 +0800] "GET /xingrg/check_reg.html?_=1654308405371 HTTP/1.1" 200 22
116.230.110.173 - - [04/Jun/2022:10:03:53 +0800] "GET /xingrg/all/function/internal_message.html?_=1654308228522&CODE_STATE=getMsg HTTP/1.1" 200 27
120.253.135.82 - - [04/Jun/2022:10:03:59 +0800] "GET /xingrg/check_reg.html?_=1654308327436 HTTP/1.1" 200 22
120.253.135.82 - - [04/Jun/2022:10:03:59 +0800] "GET /xingrg/all/function/internal_message.html?_=1654308327719&CODE_STATE=getMsg HTTP/1.1" 200 27
101.85.120.86 - - [04/Jun/2022:10:04:04 +0800] "GET /xingrg/all/function/internal_message.html?_=1654308241407&CODE_STATE=getMsg HTTP/1.1" 200 27
114.84.82.172 - - [04/Jun/2022:10:04:07 +0800] "GET /xingrg/all/function/internal_message.html?_=1654308244208&CODE_STATE=getMsg HTTP/1.1" 200 27
114.83.218.142 - - [04/Jun/2022:10:04:25 +0800] "GET /xingrg/all/function/internal_message.html?_=1654308248275&CODE_STATE=getMsg HTTP/1.1" 200 27
58.40.7.146 - - [04/Jun/2022:10:04:26 +0800] "GET /xingrg/all/function/internal_message.html?_=1654308244983&CODE_STATE=getMsg HTTP/1.1" 200 27
120.253.135.82 - - [04/Jun/2022:10:04:30 +0800] "GET /xingrg/check_reg.html?_=1654308076352 HTTP/1.1" 200 22
180.156.212.250 - - [04/Jun/2022:10:04:30 +0800] "GET /xingrg/all/function/internal_message.html?_=1654308334560&CODE_STATE=getMsg HTTP/1.1" 200 27
58.39.61.91 - - [04/Jun/2022:10:04:31 +0800] "GET /xingrg/check_reg.html?_=1654308266431 HTTP/1.1" 200 22
58.39.61.91 - - [04/Jun/2022:10:04:31 +0800] "GET /xingrg/all/function/internal_message.html?_=1654308266446&CODE_STATE=getMsg HTTP/1.1" 200 27
180.174.214.20 - - [04/Jun/2022:10:04:32 +0800] "GET /favicon.ico HTTP/1.1" 404 -
58.39.61.91 - - [04/Jun/2022:10:04:36 +0800] "GET /xingrg/all/function/internal_message.html?_=1654308228670&CODE_STATE=getMsg HTTP/1.1" 200 27
218.81.223.53 - - [04/Jun/2022:10:04:36 +0800] "GET /xingrg/all/function/internal_message.html?_=1654308294742&CODE_STATE=getMsg HTTP/1.1" 200 27
180.169.147.146 - - [04/Jun/2022:10:04:38 +0800] "GET /xingrg/all/function/internal_message.html?_=1654308277496&CODE_STATE=getMsg HTTP/1.1" 200 27
58.35.194.53 - - [04/Jun/2022:10:04:41 +0800] "GET /xingrg/all/function/internal_message.html?_=1654308277577&CODE_STATE=getMsg HTTP/1.1" 200 27
58.35.194.53 - - [04/Jun/2022:10:04:41 +0800] "GET /xingrg/check_reg.html?_=1654308277577 HTTP/1.1" 200 22
180.175.103.167 - - [04/Jun/2022:10:04:43 +0800] "GET /xingrg/all/function/internal_message.html?_=1654308197842&CODE_STATE=getMsg HTTP/1.1" 200 27
180.175.103.167 - - [04/Jun/2022:10:04:44 +0800] "POST /xingrg/kc/mdqp/pssh_list_operate.html HTTP/1.1" 200 5677
180.175.103.167 - - [04/Jun/2022:10:04:44 +0800] "GET /xingrg/all/function/internal_message.html?_=1654308284246&CODE_STATE=getMsg HTTP/1.1" 200 27
180.175.103.167 - - [04/Jun/2022:10:04:45 +0800] "POST /xingrg/kc/mdqp/pssh_list_operate.html HTTP/1.1" 200 684
58.40.7.146 - - [04/Jun/2022:10:04:46 +0800] "GET /xingrg/all/function/internal_message.html?_=1654308283631&CODE_STATE=getMsg HTTP/1.1" 200 27
180.175.103.167 - - [04/Jun/2022:10:04:47 +0800] "GET /xingrg/kc/mdqp/pssh_order_info.html?code=312022042900246 HTTP/1.1" 200 14386
180.175.103.167 - - [04/Jun/2022:10:04:47 +0800] "GET /xingrg/javascript/jquery_tools/jquery-1.4.2.min.js HTTP/1.1" 404 1094
180.175.103.167 - - [04/Jun/2022:10:04:47 +0800] "POST /xingrg/kc/mdqp/pssh_order_operate.html HTTP/1.1" 200 2657
116.232.52.139 - - [04/Jun/2022:10:04:47 +0800] "GET /xingrg/all/function/internal_message.html?_=1654308293878&CODE_STATE=getMsg HTTP/1.1" 200 27
180.175.103.167 - - [04/Jun/2022:10:04:47 +0800] "GET /xingrg/javascript/easyui/themes/default/validatebox.css HTTP/1.1" 404 1104
180.175.103.167 - - [04/Jun/2022:10:04:50 +0800] "POST /xingrg/kc/mdqp/pssh_list_operate.html HTTP/1.1" 200 5677
116.235.92.88 - - [04/Jun/2022:10:04:51 +0800] "GET /xingrg/all/function/internal_message.html?_=1654308465370&CODE_STATE=getMsg HTTP/1.1" 200 27
180.175.103.167 - - [04/Jun/2022:10:04:51 +0800] "POST /xingrg/kc/mdqp/pssh_list_operate.html HTTP/1.1" 200 397
180.175.103.167 - - [04/Jun/2022:10:04:53 +0800] "GET /xingrg/kc/mdqp/pssh_order_info.html?code=312022042900237 HTTP/1.1" 200 14386
180.175.103.167 - - [04/Jun/2022:10:04:53 +0800] "GET /xingrg/javascript/jquery_tools/jquery-1.4.2.min.js HTTP/1.1" 404 1094
180.175.103.167 - - [04/Jun/2022:10:04:53 +0800] "POST /xingrg/kc/mdqp/pssh_order_operate.html HTTP/1.1" 200 1084
180.175.103.167 - - [04/Jun/2022:10:04:53 +0800] "GET /xingrg/javascript/easyui/themes/default/validatebox.css HTTP/1.1" 404 1104
116.230.110.173 - - [04/Jun/2022:10:04:53 +0800] "GET /xingrg/all/function/internal_message.html?_=1654308288516&CODE_STATE=getMsg HTTP/1.1" 200 27
116.230.110.173 - - [04/Jun/2022:10:04:54 +0800] "GET /xingrg/check_reg.html?_=1654308288519 HTTP/1.1" 200 22
180.175.103.167 - - [04/Jun/2022:10:04:54 +0800] "POST /xingrg/kc/mdqp/pssh_list_operate.html HTTP/1.1" 200 5677
120.253.135.82 - - [04/Jun/2022:10:04:59 +0800] "GET /xingrg/all/function/internal_message.html?_=1654308387732&CODE_STATE=getMsg HTTP/1.1" 200 27
180.175.103.167 - - [04/Jun/2022:10:05:03 +0800] "POST /xingrg/kc/mdqp/pssh_list_operate.html HTTP/1.1" 200 260
101.85.120.86 - - [04/Jun/2022:10:05:04 +0800] "GET /xingrg/all/function/internal_message.html?_=1654308301394&CODE_STATE=getMsg HTTP/1.1" 200 27
114.84.82.172 - - [04/Jun/2022:10:05:07 +0800] "GET /xingrg/all/function/internal_message.html?_=1654308304209&CODE_STATE=getMsg HTTP/1.1" 200 27
114.84.82.172 - - [04/Jun/2022:10:05:07 +0800] "GET /xingrg/check_reg.html?_=1654308304211 HTTP/1.1" 200 22
114.83.218.142 - - [04/Jun/2022:10:05:15 +0800] "GET /xingrg/all/function/internal_message.html?_=1654308308279&CODE_STATE=getMsg HTTP/1.1" 200 27
58.40.7.146 - - [04/Jun/2022:10:05:26 +0800] "GET /xingrg/all/function/internal_message.html?_=1654308304985&CODE_STATE=getMsg HTTP/1.1" 200 27
180.156.212.250 - - [04/Jun/2022:10:05:29 +0800] "GET /xingrg/check_reg.html?_=1654308393530 HTTP/1.1" 200 22
180.156.212.250 - - [04/Jun/2022:10:05:30 +0800] "GET /xingrg/all/function/internal_message.html?_=1654308394573&CODE_STATE=getMsg HTTP/1.1" 200 27
58.39.61.91 - - [04/Jun/2022:10:05:31 +0800] "GET /xingrg/all/function/internal_message.html?_=1654308326440&CODE_STATE=getMsg HTTP/1.1" 200 27
58.39.61.91 - - [04/Jun/2022:10:05:36 +0800] "GET /xingrg/all/function/internal_message.html?_=1654308288748&CODE_STATE=getMsg HTTP/1.1" 200 27
218.81.223.53 - - [04/Jun/2022:10:05:36 +0800] "GET /xingrg/all/function/internal_message.html?_=1654308354940&CODE_STATE=getMsg HTTP/1.1" 200 27
180.169.147.146 - - [04/Jun/2022:10:05:38 +0800] "GET /xingrg/all/function/internal_message.html?_=1654308337494&CODE_STATE=getMsg HTTP/1.1" 200 27
58.39.61.91 - - [04/Jun/2022:10:05:40 +0800] "GET /xingrg/kc/buy/cgsh_order_operate.html?command=get_materiel&rest_code=00150&code=00101002002&supplier_code=00100090&order_time=2022-06-04 HTTP/1.1" 200 440
58.35.194.53 - - [04/Jun/2022:10:05:41 +0800] "GET /xingrg/all/function/internal_message.html?_=1654308337578&CODE_STATE=getMsg HTTP/1.1" 200 27
180.175.103.167 - - [04/Jun/2022:10:05:43 +0800] "GET /xingrg/all/function/internal_message.html?_=1654308257827&CODE_STATE=getMsg HTTP/1.1" 200 27
180.175.103.167 - - [04/Jun/2022:10:05:44 +0800] "GET /xingrg/all/function/internal_message.html?_=1654308344218&CODE_STATE=getMsg HTTP/1.1" 200 27
58.40.7.146 - - [04/Jun/2022:10:05:46 +0800] "GET /xingrg/check_reg.html?_=1654308343616 HTTP/1.1" 200 22
58.40.7.146 - - [04/Jun/2022:10:05:46 +0800] "GET /xingrg/all/function/internal_message.html?_=1654308343617&CODE_STATE=getMsg HTTP/1.1" 200 27
116.232.52.139 - - [04/Jun/2022:10:05:47 +0800] "GET /xingrg/check_reg.html?_=1654308353875 HTTP/1.1" 200 22
116.232.52.139 - - [04/Jun/2022:10:05:47 +0800] "GET /xingrg/all/function/internal_message.html?_=1654308353879&CODE_STATE=getMsg HTTP/1.1" 200 27
58.39.61.91 - - [04/Jun/2022:10:05:51 +0800] "GET /xingrg/kc/buy/cgsh_order_operate.html?command=get_materiel&rest_code=00150&code=00102026001&supplier_code=00100090&order_time=2022-06-04 HTTP/1.1" 200 409
116.235.92.88 - - [04/Jun/2022:10:05:51 +0800] "GET /xingrg/all/function/internal_message.html?_=1654308525369&CODE_STATE=getMsg HTTP/1.1" 200 27
116.230.110.173 - - [04/Jun/2022:10:05:54 +0800] "GET /xingrg/all/function/internal_message.html?_=1654308348534&CODE_STATE=getMsg HTTP/1.1" 200 27
120.253.135.82 - - [04/Jun/2022:10:05:59 +0800] "GET /xingrg/all/function/internal_message.html?_=1654308447744&CODE_STATE=getMsg HTTP/1.1" 200 27
58.39.61.91 - - [04/Jun/2022:10:06:01 +0800] "GET /xingrg/check_reg.html?_=1654308314324 HTTP/1.1" 200 22
101.85.120.86 - - [04/Jun/2022:10:06:04 +0800] "GET /xingrg/all/function/internal_message.html?_=1654308361398&CODE_STATE=getMsg HTTP/1.1" 200 27
114.84.82.172 - - [04/Jun/2022:10:06:07 +0800] "GET /xingrg/all/function/internal_message.html?_=1654308364211&CODE_STATE=getMsg HTTP/1.1" 200 27
180.175.103.167 - - [04/Jun/2022:10:06:08 +0800] "GET /xingrg/check_reg.html?_=1654308368305 HTTP/1.1" 200 22
180.175.103.167 - - [04/Jun/2022:10:06:26 +0800] "GET /xingrg/check_reg.html?_=1654308301105 HTTP/1.1" 200 22
58.40.7.146 - - [04/Jun/2022:10:06:26 +0800] "GET /xingrg/all/function/internal_message.html?_=1654308364987&CODE_STATE=getMsg HTTP/1.1" 200 27
180.156.212.250 - - [04/Jun/2022:10:06:30 +0800] "GET /xingrg/all/function/internal_message.html?_=1654308454648&CODE_STATE=getMsg HTTP/1.1" 200 27
58.39.61.91 - - [04/Jun/2022:10:06:31 +0800] "GET /xingrg/all/function/internal_message.html?_=1654308386440&CODE_STATE=getMsg HTTP/1.1" 200 27
180.169.147.146 - - [04/Jun/2022:10:06:35 +0800] "GET /xingrg/check_reg.html?_=1654308393836 HTTP/1.1" 200 22
58.39.61.91 - - [04/Jun/2022:10:06:36 +0800] "GET /xingrg/all/function/internal_message.html?_=1654308348760&CODE_STATE=getMsg HTTP/1.1" 200 27
218.81.223.53 - - [04/Jun/2022:10:06:36 +0800] "GET /xingrg/all/function/internal_message.html?_=1654308414940&CODE_STATE=getMsg HTTP/1.1" 200 27
180.169.147.146 - - [04/Jun/2022:10:06:38 +0800] "GET /xingrg/all/function/internal_message.html?_=1654308397492&CODE_STATE=getMsg HTTP/1.1" 200 27
58.35.194.53 - - [04/Jun/2022:10:06:41 +0800] "GET /xingrg/all/function/internal_message.html?_=1654308397579&CODE_STATE=getMsg HTTP/1.1" 200 27
180.175.103.167 - - [04/Jun/2022:10:06:43 +0800] "GET /xingrg/all/function/internal_message.html?_=1654308317801&CODE_STATE=getMsg HTTP/1.1" 200 27
180.175.103.167 - - [04/Jun/2022:10:06:44 +0800] "GET /xingrg/all/function/internal_message.html?_=1654308404195&CODE_STATE=getMsg HTTP/1.1" 200 27
58.40.7.146 - - [04/Jun/2022:10:06:46 +0800] "GET /xingrg/all/function/internal_message.html?_=1654308403620&CODE_STATE=getMsg HTTP/1.1" 200 27
116.232.52.139 - - [04/Jun/2022:10:06:47 +0800] "GET /xingrg/all/function/internal_message.html?_=1654308413879&CODE_STATE=getMsg HTTP/1.1" 200 27
116.235.92.88 - - [04/Jun/2022:10:06:51 +0800] "GET /xingrg/all/function/internal_message.html?_=1654308585368&CODE_STATE=getMsg HTTP/1.1" 200 27
116.230.110.173 - - [04/Jun/2022:10:06:54 +0800] "GET /xingrg/all/function/internal_message.html?_=1654308408535&CODE_STATE=getMsg HTTP/1.1" 200 27
120.253.135.82 - - [04/Jun/2022:10:06:59 +0800] "GET /xingrg/all/function/internal_message.html?_=1654308507768&CODE_STATE=getMsg HTTP/1.1" 200 27
116.232.37.118 - - [04/Jun/2022:10:07:01 +0800] "POST /xingrg/services/DataTransmitService HTTP/1.1" 200 524
101.85.120.86 - - [04/Jun/2022:10:07:04 +0800] "GET /xingrg/all/function/internal_message.html?_=1654308421393&CODE_STATE=getMsg HTTP/1.1" 200 27
114.84.82.172 - - [04/Jun/2022:10:07:07 +0800] "GET /xingrg/all/function/internal_message.html?_=1654308424211&CODE_STATE=getMsg HTTP/1.1" 200 27
58.39.61.91 - - [04/Jun/2022:10:07:08 +0800] "POST /xingrg/kc/buy/cgsh_order_operate.html HTTP/1.1" 200 37
58.39.61.91 - - [04/Jun/2022:10:07:12 +0800] "POST /xingrg/kc/buy/cgsh_order_operate.html HTTP/1.1" 200 12
58.39.61.91 - - [04/Jun/2022:10:07:12 +0800] "GET /xingrg/kc/buy/cgsh_order_info.html?code=212022060400290 HTTP/1.1" 200 62353
58.39.61.91 - - [04/Jun/2022:10:07:13 +0800] "GET /xingrg/javascript/easyui/themes/default/validatebox.css HTTP/1.1" 404 1104
58.39.61.91 - - [04/Jun/2022:10:07:14 +0800] "POST /xingrg/kc/buy/cgsh_order_operate.html HTTP/1.1" 200 5404
58.39.61.91 - - [04/Jun/2022:10:07:15 +0800] "GET /xingrg/kc/print/load_data.html?order_code=212022060400290&kc_code=cgsh&condition= HTTP/1.1" 200 2648
58.40.7.146 - - [04/Jun/2022:10:07:26 +0800] "GET /xingrg/check_reg.html?_=1654308424990 HTTP/1.1" 200 22
58.40.7.146 - - [04/Jun/2022:10:07:27 +0800] "GET /xingrg/all/function/internal_message.html?_=1654308424994&CODE_STATE=getMsg HTTP/1.1" 200 27
180.156.212.250 - - [04/Jun/2022:10:07:30 +0800] "GET /xingrg/all/function/internal_message.html?_=1654308514662&CODE_STATE=getMsg HTTP/1.1" 200 27
58.39.61.91 - - [04/Jun/2022:10:07:31 +0800] "GET /xingrg/all/function/internal_message.html?_=1654308446451&CODE_STATE=getMsg HTTP/1.1" 200 27
58.39.61.91 - - [04/Jun/2022:10:07:36 +0800] "GET /xingrg/all/function/internal_message.html?_=1654308408773&CODE_STATE=getMsg HTTP/1.1" 200 27
218.81.223.53 - - [04/Jun/2022:10:07:36 +0800] "GET /xingrg/all/function/internal_message.html?_=1654308475147&CODE_STATE=getMsg HTTP/1.1" 200 27
180.169.147.146 - - [04/Jun/2022:10:07:38 +0800] "GET /xingrg/all/function/internal_message.html?_=1654308457493&CODE_STATE=getMsg HTTP/1.1" 200 27
58.35.194.53 - - [04/Jun/2022:10:07:41 +0800] "GET /xingrg/all/function/internal_message.html?_=1654308457581&CODE_STATE=getMsg HTTP/1.1" 200 27
180.175.103.167 - - [04/Jun/2022:10:07:43 +0800] "GET /xingrg/all/function/internal_message.html?_=1654308377786&CODE_STATE=getMsg HTTP/1.1" 200 27
218.81.223.53 - - [04/Jun/2022:10:07:43 +0800] "GET /xingrg/check_reg.html?_=1654308481684 HTTP/1.1" 200 22
180.175.103.167 - - [04/Jun/2022:10:07:44 +0800] "GET /xingrg/all/function/internal_message.html?_=1654308464164&CODE_STATE=getMsg HTTP/1.1" 200 27
58.40.7.146 - - [04/Jun/2022:10:07:46 +0800] "GET /xingrg/all/function/internal_message.html?_=1654308463621&CODE_STATE=getMsg HTTP/1.1" 200 27
116.232.52.139 - - [04/Jun/2022:10:07:47 +0800] "GET /xingrg/all/function/internal_message.html?_=1654308473878&CODE_STATE=getMsg HTTP/1.1" 200 27
116.235.92.88 - - [04/Jun/2022:10:07:51 +0800] "GET /xingrg/all/function/internal_message.html?_=1654308645367&CODE_STATE=getMsg HTTP/1.1" 200 27
116.230.110.173 - - [04/Jun/2022:10:07:54 +0800] "GET /xingrg/all/function/internal_message.html?_=1654308468534&CODE_STATE=getMsg HTTP/1.1" 200 27
117.143.51.21 - - [04/Jun/2022:10:07:58 +0800] "GET /favicon.ico HTTP/1.1" 404 -
120.253.135.82 - - [04/Jun/2022:10:07:59 +0800] "GET /xingrg/all/function/internal_message.html?_=1654308567773&CODE_STATE=getMsg HTTP/1.1" 200 27
117.143.51.21 - - [04/Jun/2022:10:08:00 +0800] "GET /xingrg/index.html?sysBaseUrl=http%3A%2F%2F180.169.147.146%3A18081%2Fxingrg%2F&costTime=39×tamp=1592034574635 HTTP/1.1" 302 -
117.143.51.21 - - [04/Jun/2022:10:08:00 +0800] "GET /xingrg/login.html HTTP/1.1" 200 7641
117.143.51.21 - - [04/Jun/2022:10:08:00 +0800] "GET /favicon.ico HTTP/1.1" 404 -
117.143.51.21 - - [04/Jun/2022:10:08:02 +0800] "POST /xingrg/login.do HTTP/1.1" 302 -
117.143.51.21 - - [04/Jun/2022:10:08:02 +0800] "GET /xingrg/index.html?sysBaseUrl=http%3A%2F%2F180.169.147.146%3A18081%2Fxingrg%2F&costTime=40×tamp=1654308482369 HTTP/1.1" 200 17503
117.143.51.21 - - [04/Jun/2022:10:08:02 +0800] "GET /favicon.ico HTTP/1.1" 404 -
117.143.51.21 - - [04/Jun/2022:10:08:02 +0800] "POST /xingrg/all/common/load_tree.html?tree=area_rest_tree_json&manage=1 HTTP/1.1" 200 3472
117.143.51.21 - - [04/Jun/2022:10:08:02 +0800] "GET /xingrg/check_reg.html?_=1654308479397 HTTP/1.1" 200 22
117.143.51.21 - - [04/Jun/2022:10:08:02 +0800] "GET /xingrg/all/function/internal_message.html?_=1654308479396&CODE_STATE=count HTTP/1.1" 200 11
117.143.51.21 - - [04/Jun/2022:10:08:02 +0800] "POST /xingrg/load_menu.html HTTP/1.1" 200 11564
117.143.51.21 - - [04/Jun/2022:10:08:04 +0800] "GET /xingrg/kc/report/report_main.html HTTP/1.1" 200 8599
101.85.120.86 - - [04/Jun/2022:10:08:04 +0800] "GET /xingrg/check_reg.html?_=1654308481405 HTTP/1.1" 200 22
101.85.120.86 - - [04/Jun/2022:10:08:04 +0800] "GET /xingrg/all/function/internal_message.html?_=1654308481401&CODE_STATE=getMsg HTTP/1.1" 200 27
114.84.82.172 - - [04/Jun/2022:10:08:07 +0800] "GET /xingrg/all/function/internal_message.html?_=1654308484237&CODE_STATE=getMsg HTTP/1.1" 200 27
117.143.51.21 - - [04/Jun/2022:10:08:21 +0800] "GET /xingrg/all/report/report_query.html?fileName=kc/make/wlps_cate_hz.xml HTTP/1.1" 200 55669
117.143.51.21 - - [04/Jun/2022:10:08:21 +0800] "GET /xingrg/dwr/interface/AjaxReportQueryService.js HTTP/1.1" 200 13203
117.143.51.21 - - [04/Jun/2022:10:08:21 +0800] "GET /xingrg/dwr/engine.js HTTP/1.1" 200 43631
117.143.51.21 - - [04/Jun/2022:10:08:21 +0800] "POST /xingrg/dwr/call/plaincall/AjaxReportQueryService.getFixDate.dwr HTTP/1.1" 200 111
117.143.51.21 - - [04/Jun/2022:10:08:21 +0800] "POST /xingrg/all/common/load_tree.html?tree=materiel_sort_tree_json HTTP/1.1" 200 9388
117.143.51.21 - - [04/Jun/2022:10:08:21 +0800] "POST /xingrg/dwr/call/plaincall/AjaxReportQueryService.getInitString.dwr HTTP/1.1" 200 1238
101.85.120.86 - - [04/Jun/2022:10:08:24 +0800] "POST /xingrg/kc/base/yddb_list_operate.html HTTP/1.1" 200 282
101.85.120.86 - - [04/Jun/2022:10:08:25 +0800] "GET /xingrg/kc/base/yddb_order_info.html?code=482022060300043 HTTP/1.1" 200 30539
101.85.120.86 - - [04/Jun/2022:10:08:25 +0800] "GET /xingrg/dwr/interface/AjaxComOrderService.js HTTP/1.1" 200 18264
101.85.120.86 - - [04/Jun/2022:10:08:25 +0800] "GET /xingrg/dwr/interface/AjaxYddbService.js HTTP/1.1" 200 13201
101.85.120.86 - - [04/Jun/2022:10:08:25 +0800] "GET /xingrg/dwr/engine.js HTTP/1.1" 200 43631
101.85.120.86 - - [04/Jun/2022:10:08:25 +0800] "POST /xingrg/dwr/call/plaincall/AjaxYddbService.loadMaterielItems.dwr HTTP/1.1" 200 719
58.40.7.146 - - [04/Jun/2022:10:08:26 +0800] "GET /xingrg/all/function/internal_message.html?_=1654308484979&CODE_STATE=getMsg HTTP/1.1" 200 27
180.156.212.250 - - [04/Jun/2022:10:08:30 +0800] "GET /xingrg/all/function/internal_message.html?_=1654308574744&CODE_STATE=getMsg HTTP/1.1" 200 27
58.39.61.91 - - [04/Jun/2022:10:08:31 +0800] "GET /xingrg/all/function/internal_message.html?_=1654308506449&CODE_STATE=getMsg HTTP/1.1" 200 27
117.143.51.21 - - [04/Jun/2022:10:08:31 +0800] "GET /xingrg/all/report/report_query.html?fileName=kc/pszx/ps_report_mdps_mx_report.xml HTTP/1.1" 200 51571
117.143.51.21 - - [04/Jun/2022:10:08:31 +0800] "GET /xingrg/dwr/engine.js HTTP/1.1" 200 43631
117.143.51.21 - - [04/Jun/2022:10:08:31 +0800] "POST /xingrg/dwr/call/plaincall/AjaxReportQueryService.getFixDate.dwr HTTP/1.1" 200 111
117.143.51.21 - - [04/Jun/2022:10:08:31 +0800] "GET /favicon.ico HTTP/1.1" 404 -
117.143.51.21 - - [04/Jun/2022:10:08:31 +0800] "POST /xingrg/dwr/call/plaincall/AjaxReportQueryService.getInitString.dwr HTTP/1.1" 200 1238
117.143.51.21 - - [04/Jun/2022:10:08:31 +0800] "POST /xingrg/dwr/call/plaincall/AjaxReportQueryService.getInitString.dwr HTTP/1.1" 200 125
117.143.51.21 - - [04/Jun/2022:10:08:31 +0800] "POST /xingrg/dwr/call/plaincall/AjaxReportQueryService.getInitString.dwr HTTP/1.1" 200 76
58.39.61.91 - - [04/Jun/2022:10:08:36 +0800] "GET /xingrg/all/function/internal_message.html?_=1654308468850&CODE_STATE=getMsg HTTP/1.1" 200 27
218.81.223.53 - - [04/Jun/2022:10:08:36 +0800] "GET /xingrg/all/function/internal_message.html?_=1654308535156&CODE_STATE=getMsg HTTP/1.1" 200 27
180.169.147.146 - - [04/Jun/2022:10:08:38 +0800] "GET /xingrg/all/function/internal_message.html?_=1654308517498&CODE_STATE=getMsg HTTP/1.1" 200 27
180.169.147.146 - - [04/Jun/2022:10:08:38 +0800] "GET /xingrg/check_reg.html?_=1654308517498 HTTP/1.1" 200 22
58.35.194.53 - - [04/Jun/2022:10:08:41 +0800] "GET /xingrg/all/function/internal_message.html?_=1654308517582&CODE_STATE=getMsg HTTP/1.1" 200 27
180.175.103.167 - - [04/Jun/2022:10:08:43 +0800] "GET /xingrg/all/function/internal_message.html?_=1654308437771&CODE_STATE=getMsg HTTP/1.1" 200 27
180.175.103.167 - - [04/Jun/2022:10:08:44 +0800] "GET /xingrg/all/function/internal_message.html?_=1654308524136&CODE_STATE=getMsg HTTP/1.1" 200 27
117.143.51.21 - - [04/Jun/2022:10:08:45 +0800] "POST /xingrg/dwr/call/plaincall/AjaxReportQueryService.refreshCache.dwr HTTP/1.1" 200 78
117.143.51.21 - - [04/Jun/2022:10:08:46 +0800] "POST /xingrg/all/report/load_report_page.html HTTP/1.1" 200 165270
117.143.51.21 - - [04/Jun/2022:10:08:46 +0800] "GET /xingrg/servlets/image?cache=0.9468822190243747&image=px HTTP/1.1" 200 807
58.40.7.146 - - [04/Jun/2022:10:08:46 +0800] "GET /xingrg/all/function/internal_message.html?_=1654308523624&CODE_STATE=getMsg HTTP/1.1" 200 27
116.232.52.139 - - [04/Jun/2022:10:08:47 +0800] "GET /xingrg/all/function/internal_message.html?_=1654308533879&CODE_STATE=getMsg HTTP/1.1" 200 27
116.235.92.88 - - [04/Jun/2022:10:08:51 +0800] "GET /xingrg/all/function/internal_message.html?_=1654308705365&CODE_STATE=getMsg HTTP/1.1" 200 27
116.235.92.88 - - [04/Jun/2022:10:08:51 +0800] "GET /xingrg/check_reg.html?_=1654308705366 HTTP/1.1" 200 22
116.230.110.173 - - [04/Jun/2022:10:08:54 +0800] "GET /xingrg/all/function/internal_message.html?_=1654308528534&CODE_STATE=getMsg HTTP/1.1" 200 27
120.253.135.82 - - [04/Jun/2022:10:08:59 +0800] "GET /xingrg/check_reg.html?_=1654308627453 HTTP/1.1" 200 22
120.253.135.82 - - [04/Jun/2022:10:08:59 +0800] "GET /xingrg/all/function/internal_message.html?_=1654308627786&CODE_STATE=getMsg HTTP/1.1" 200 27
117.143.51.21 - - [04/Jun/2022:10:09:00 +0800] "POST /xingrg/all/report/load_report_page.html HTTP/1.1" 200 24264
117.143.51.21 - - [04/Jun/2022:10:09:00 +0800] "GET /xingrg/servlets/image?cache=0.5118810643707148&image=px HTTP/1.1" 200 807
117.143.51.21 - - [04/Jun/2022:10:09:02 +0800] "GET /xingrg/all/function/internal_message.html?_=1654308539412&CODE_STATE=getMsg HTTP/1.1" 200 27
101.85.120.86 - - [04/Jun/2022:10:09:04 +0800] "GET /xingrg/all/function/internal_message.html?_=1654308541416&CODE_STATE=getMsg HTTP/1.1" 200 27
114.84.82.172 - - [04/Jun/2022:10:09:07 +0800] "GET /xingrg/all/function/internal_message.html?_=1654308544236&CODE_STATE=getMsg HTTP/1.1" 200 27
117.143.51.21 - - [04/Jun/2022:10:09:09 +0800] "POST /xingrg/all/report/load_report_page.html HTTP/1.1" 200 165385
117.143.51.21 - - [04/Jun/2022:10:09:09 +0800] "GET /xingrg/servlets/image?cache=0.25685046853603377&image=px HTTP/1.1" 200 807
117.143.51.21 - - [04/Jun/2022:10:09:22 +0800] "POST /xingrg/all/report/report_print.html HTTP/1.1" 200 12821
58.40.7.146 - - [04/Jun/2022:10:09:26 +0800] "GET /xingrg/all/function/internal_message.html?_=1654308544980&CODE_STATE=getMsg HTTP/1.1" 200 27
120.253.135.82 - - [04/Jun/2022:10:09:30 +0800] "GET /xingrg/check_reg.html?_=1654308376356 HTTP/1.1" 200 22
180.156.212.250 - - [04/Jun/2022:10:09:30 +0800] "GET /xingrg/all/function/internal_message.html?_=1654308634752&CODE_STATE=getMsg HTTP/1.1" 200 27
58.39.61.91 - - [04/Jun/2022:10:09:31 +0800] "GET /xingrg/all/function/internal_message.html?_=1654308566463&CODE_STATE=getMsg HTTP/1.1" 200 27
58.39.61.91 - - [04/Jun/2022:10:09:31 +0800] "GET /xingrg/check_reg.html?_=1654308566464 HTTP/1.1" 200 22
58.39.61.91 - - [04/Jun/2022:10:09:36 +0800] "GET /xingrg/all/function/internal_message.html?_=1654308528863&CODE_STATE=getMsg HTTP/1.1" 200 27
218.81.223.53 - - [04/Jun/2022:10:09:36 +0800] "GET /xingrg/all/function/internal_message.html?_=1654308595169&CODE_STATE=getMsg HTTP/1.1" 200 27
180.169.147.146 - - [04/Jun/2022:10:09:38 +0800] "GET /xingrg/all/function/internal_message.html?_=1654308577498&CODE_STATE=getMsg HTTP/1.1" 200 27
120.253.135.82 - - [04/Jun/2022:10:09:40 +0800] "GET /xingrg/login.html HTTP/1.1" 200 7641
120.253.135.82 - - [04/Jun/2022:10:09:40 +0800] "GET /xingrg/images/blue/jxLogo.png HTTP/1.1" 304 -
120.253.135.82 - - [04/Jun/2022:10:09:40 +0800] "GET /xingrg/images/blue/login_bg.png HTTP/1.1" 304 -
120.253.135.82 - - [04/Jun/2022:10:09:40 +0800] "GET /xingrg/images/blue/hj.png HTTP/1.1" 304 -
120.253.135.82 - - [04/Jun/2022:10:09:40 +0800] "GET /xingrg/images/blue/srbg.png HTTP/1.1" 304 -
120.253.135.82 - - [04/Jun/2022:10:09:40 +0800] "GET /favicon.ico HTTP/1.1" 404 -
58.35.194.53 - - [04/Jun/2022:10:09:41 +0800] "GET /xingrg/check_reg.html?_=1654308577583 HTTP/1.1" 200 22
58.35.194.53 - - [04/Jun/2022:10:09:41 +0800] "GET /xingrg/all/function/internal_message.html?_=1654308577585&CODE_STATE=getMsg HTTP/1.1" 200 27
180.175.103.167 - - [04/Jun/2022:10:09:43 +0800] "GET /xingrg/all/function/internal_message.html?_=1654308497741&CODE_STATE=getMsg HTTP/1.1" 200 27
180.175.103.167 - - [04/Jun/2022:10:09:44 +0800] "GET /xingrg/all/function/internal_message.html?_=1654308584111&CODE_STATE=getMsg HTTP/1.1" 200 27
58.40.7.146 - - [04/Jun/2022:10:09:46 +0800] "GET /xingrg/all/function/internal_message.html?_=1654308583627&CODE_STATE=getMsg HTTP/1.1" 200 27
116.232.52.139 - - [04/Jun/2022:10:09:47 +0800] "GET /xingrg/all/function/internal_message.html?_=1654308593905&CODE_STATE=getMsg HTTP/1.1" 200 27
120.253.135.82 - - [04/Jun/2022:10:09:49 +0800] "GET /xingrg/kc/pszx/mdps_order_add.html HTTP/1.1" 200 29035
120.253.135.82 - - [04/Jun/2022:10:09:49 +0800] "POST /xingrg/kc/pszx/mdps_order_operate.html HTTP/1.1" 200 7126
120.253.135.82 - - [04/Jun/2022:10:09:49 +0800] "GET /xingrg/javascript/easyui/themes/default/validatebox.css HTTP/1.1" 404 1104
180.156.212.250 - - [04/Jun/2022:10:09:51 +0800] "POST /xingrg/kc/buy/cgsh_list_operate.html HTTP/1.1" 200 5955
116.235.92.88 - - [04/Jun/2022:10:09:51 +0800] "GET /xingrg/all/function/internal_message.html?_=1654308765364&CODE_STATE=getMsg HTTP/1.1" 200 27
120.253.135.82 - - [04/Jun/2022:10:09:52 +0800] "POST /xingrg/kc/pszx/mdps_list_operate.html HTTP/1.1" 200 8809
116.230.110.173 - - [04/Jun/2022:10:09:54 +0800] "GET /xingrg/check_reg.html?_=1654308588535 HTTP/1.1" 200 22
116.230.110.173 - - [04/Jun/2022:10:09:54 +0800] "GET /xingrg/all/function/internal_message.html?_=1654308588536&CODE_STATE=getMsg HTTP/1.1" 200 27
120.253.135.82 - - [04/Jun/2022:10:09:55 +0800] "POST /xingrg/kc/pszx/mdps_list_operate.html HTTP/1.1" 200 586
120.253.135.82 - - [04/Jun/2022:10:09:55 +0800] "GET /xingrg/kc/pszx/mdps_order_info.html?code=312022060300095 HTTP/1.1" 200 23976
120.253.135.82 - - [04/Jun/2022:10:09:55 +0800] "POST /xingrg/kc/pszx/mdps_order_operate.html HTTP/1.1" 200 10498
120.253.135.82 - - [04/Jun/2022:10:09:56 +0800] "GET /xingrg/javascript/easyui/themes/default/validatebox.css HTTP/1.1" 404 1104
120.253.135.82 - - [04/Jun/2022:10:09:59 +0800] "GET /xingrg/all/function/internal_message.html?_=1654308687800&CODE_STATE=getMsg HTTP/1.1" 200 27
