120.253.135.82 - - [03/Jun/2022:10:17:19 +0800] "GET /xingrg/all/function/internal_message.html?_=1654222646839&CODE_STATE=getMsg HTTP/1.1" 200 27
180.175.103.167 - - [03/Jun/2022:10:17:21 +0800] "GET /xingrg/kc/buy/cgsh_order_operate.html?command=get_materiel&rest_code=00105&code=00101002048&supplier_code=00100151&order_time=2022-06-03 HTTP/1.1" 200 435
180.156.212.250 - - [03/Jun/2022:10:17:22 +0800] "GET /xingrg/kc/base/wldb_order_operate.html?command=get_materiel_price&rest_code=00102&base_code=0010477&code=00102002685&unit_code=00100347 HTTP/1.1" 200 35
58.35.194.53 - - [03/Jun/2022:10:17:23 +0800] "GET /xingrg/all/function/internal_message.html?_=1654222640966&CODE_STATE=getMsg HTTP/1.1" 200 27
58.35.194.53 - - [03/Jun/2022:10:17:23 +0800] "GET /xingrg/check_reg.html?_=1654222640967 HTTP/1.1" 200 22
58.40.7.146 - - [03/Jun/2022:10:17:25 +0800] "GET /xingrg/all/function/internal_message.html?_=1654222624976&CODE_STATE=getMsg HTTP/1.1" 200 27
58.40.7.146 - - [03/Jun/2022:10:17:25 +0800] "GET /xingrg/check_reg.html?_=1654222624977 HTTP/1.1" 200 22
180.156.212.250 - - [03/Jun/2022:10:17:28 +0800] "GET /xingrg/all/function/internal_message.html?_=1654222713304&CODE_STATE=getMsg HTTP/1.1" 200 27
180.169.147.146 - - [03/Jun/2022:10:17:31 +0800] "GET /xingrg/all/function/internal_message.html?_=1654222648252&CODE_STATE=getMsg HTTP/1.1" 200 27
180.169.147.146 - - [03/Jun/2022:10:17:35 +0800] "GET /xingrg/all/function/internal_message.html?_=1654222652716&CODE_STATE=getMsg HTTP/1.1" 200 27
116.235.92.88 - - [03/Jun/2022:10:17:37 +0800] "GET /xingrg/all/function/internal_message.html?_=1654222832627&CODE_STATE=getMsg HTTP/1.1" 200 27
180.175.103.167 - - [03/Jun/2022:10:17:37 +0800] "POST /xingrg/kc/buy/cgsh_order_operate.html HTTP/1.1" 200 37
180.175.103.167 - - [03/Jun/2022:10:17:38 +0800] "POST /xingrg/kc/buy/cgsh_order_operate.html HTTP/1.1" 200 2658
180.175.103.167 - - [03/Jun/2022:10:17:39 +0800] "GET /xingrg/kc/print/load_config.html?kc_code=cgsh HTTP/1.1" 200 1943
180.175.103.167 - - [03/Jun/2022:10:17:39 +0800] "GET /xingrg/kc/print/load_data.html?order_code=212022060300202&kc_code=cgsh&condition= HTTP/1.1" 200 647
58.40.7.146 - - [03/Jun/2022:10:17:39 +0800] "GET /xingrg/all/function/internal_message.html?_=1654222657136&CODE_STATE=getMsg HTTP/1.1" 200 27
180.175.103.167 - - [03/Jun/2022:10:17:41 +0800] "GET /xingrg/all/function/internal_message.html?_=1654222660992&CODE_STATE=getMsg HTTP/1.1" 200 27
180.156.212.250 - - [03/Jun/2022:10:17:42 +0800] "GET /xingrg/kc/base/wldb_order_operate.html?command=get_materiel&rest_code=00102&base_code=0010477&code=00102021018 HTTP/1.1" 200 445
114.86.226.26 - - [03/Jun/2022:10:17:46 +0800] "GET /xingrg/all/function/internal_message.html?_=1654222670512&CODE_STATE=getMsg HTTP/1.1" 200 27
116.230.110.173 - - [03/Jun/2022:10:17:51 +0800] "GET /xingrg/all/function/internal_message.html?_=1654222668537&CODE_STATE=getMsg HTTP/1.1" 200 27
114.84.82.172 - - [03/Jun/2022:10:17:51 +0800] "GET /xingrg/all/function/internal_message.html?_=1654222669364&CODE_STATE=getMsg HTTP/1.1" 200 27
172.20.0.100 - - [03/Jun/2022:10:17:56 +0800] "GET /xingrg/all/function/internal_message.html?_=1654222673607&CODE_STATE=getMsg HTTP/1.1" 200 27
180.175.103.167 - - [03/Jun/2022:10:18:09 +0800] "GET /xingrg/all/function/internal_message.html?_=1654222605322&CODE_STATE=getMsg HTTP/1.1" 200 27
120.253.135.82 - - [03/Jun/2022:10:18:09 +0800] "GET /xingrg/check_reg.html?_=1654222779416 HTTP/1.1" 200 22
120.253.135.82 - - [03/Jun/2022:10:18:10 +0800] "GET /xingrg/all/function/internal_message.html?_=1654222780062&CODE_STATE=getMsg HTTP/1.1" 200 27
58.39.61.91 - - [03/Jun/2022:10:18:13 +0800] "GET /xingrg/check_reg.html?_=1654222689845 HTTP/1.1" 200 22
58.39.61.91 - - [03/Jun/2022:10:18:13 +0800] "GET /xingrg/all/function/internal_message.html?_=1654222689847&CODE_STATE=getMsg HTTP/1.1" 200 27
114.88.162.248 - - [03/Jun/2022:10:18:14 +0800] "GET /xingrg/check_reg.html?_=1654222688011 HTTP/1.1" 200 22
114.88.162.248 - - [03/Jun/2022:10:18:14 +0800] "GET /xingrg/all/function/internal_message.html?_=1654222688013&CODE_STATE=getMsg HTTP/1.1" 200 27
120.253.135.82 - - [03/Jun/2022:10:18:19 +0800] "GET /xingrg/all/function/internal_message.html?_=1654222706853&CODE_STATE=getMsg HTTP/1.1" 200 27
58.35.194.53 - - [03/Jun/2022:10:18:23 +0800] "GET /xingrg/all/function/internal_message.html?_=1654222700966&CODE_STATE=getMsg HTTP/1.1" 200 27
58.40.7.146 - - [03/Jun/2022:10:18:25 +0800] "GET /xingrg/all/function/internal_message.html?_=1654222684979&CODE_STATE=getMsg HTTP/1.1" 200 27
180.156.212.250 - - [03/Jun/2022:10:18:28 +0800] "GET /xingrg/all/function/internal_message.html?_=1654222773316&CODE_STATE=getMsg HTTP/1.1" 200 27
180.169.147.146 - - [03/Jun/2022:10:18:31 +0800] "GET /xingrg/all/function/internal_message.html?_=1654222708253&CODE_STATE=getMsg HTTP/1.1" 200 27
180.169.147.146 - - [03/Jun/2022:10:18:35 +0800] "GET /xingrg/all/function/internal_message.html?_=1654222712733&CODE_STATE=getMsg HTTP/1.1" 200 27
114.84.82.172 - - [03/Jun/2022:10:18:36 +0800] "GET /xingrg/check_reg.html?_=1654222714691 HTTP/1.1" 200 22
116.235.92.88 - - [03/Jun/2022:10:18:37 +0800] "GET /xingrg/all/function/internal_message.html?_=1654222892626&CODE_STATE=getMsg HTTP/1.1" 200 27
116.235.92.88 - - [03/Jun/2022:10:18:37 +0800] "GET /xingrg/check_reg.html?_=1654222892625 HTTP/1.1" 200 22
58.40.7.146 - - [03/Jun/2022:10:18:39 +0800] "GET /xingrg/all/function/internal_message.html?_=1654222717139&CODE_STATE=getMsg HTTP/1.1" 200 27
180.175.103.167 - - [03/Jun/2022:10:18:41 +0800] "GET /xingrg/all/function/internal_message.html?_=1654222720983&CODE_STATE=getMsg HTTP/1.1" 200 27
114.86.226.26 - - [03/Jun/2022:10:18:46 +0800] "GET /xingrg/all/function/internal_message.html?_=1654222730503&CODE_STATE=getMsg HTTP/1.1" 200 27
116.230.110.173 - - [03/Jun/2022:10:18:51 +0800] "GET /xingrg/all/function/internal_message.html?_=1654222728519&CODE_STATE=getMsg HTTP/1.1" 200 27
114.84.82.172 - - [03/Jun/2022:10:18:51 +0800] "GET /xingrg/all/function/internal_message.html?_=1654222729363&CODE_STATE=getMsg HTTP/1.1" 200 27
172.20.0.100 - - [03/Jun/2022:10:18:56 +0800] "GET /xingrg/all/function/internal_message.html?_=1654222733609&CODE_STATE=getMsg HTTP/1.1" 200 27
180.175.103.167 - - [03/Jun/2022:10:19:09 +0800] "GET /xingrg/all/function/internal_message.html?_=1654222665308&CODE_STATE=getMsg HTTP/1.1" 200 27
120.253.135.82 - - [03/Jun/2022:10:19:10 +0800] "GET /xingrg/all/function/internal_message.html?_=1654222840075&CODE_STATE=getMsg HTTP/1.1" 200 27
180.169.147.146 - - [03/Jun/2022:10:19:13 +0800] "GET /xingrg/kc/base/kc_stocks.html HTTP/1.1" 200 16437
180.169.147.146 - - [03/Jun/2022:10:19:13 +0800] "GET /xingrg/javascript/easyui/themes/sunny/easyui.css HTTP/1.1" 200 34304
180.169.147.146 - - [03/Jun/2022:10:19:13 +0800] "GET /xingrg/javascript/easyui/themes/icons/filter_new.png HTTP/1.1" 200 795
180.169.147.146 - - [03/Jun/2022:10:19:13 +0800] "GET /xingrg/javascript/easyui/themes/icons/print_new.png HTTP/1.1" 200 3580
180.169.147.146 - - [03/Jun/2022:10:19:13 +0800] "GET /xingrg/javascript/easyui/themes/icons/refresh_new.png HTTP/1.1" 200 685
180.169.147.146 - - [03/Jun/2022:10:19:13 +0800] "GET /xingrg/javascript/easyui/themes/default/tree.css HTTP/1.1" 404 1090
180.169.147.146 - - [03/Jun/2022:10:19:13 +0800] "POST /xingrg/all/common/load_tree.html?tree=materiel_sort_tree_json HTTP/1.1" 200 9388
180.169.147.146 - - [03/Jun/2022:10:19:13 +0800] "GET /xingrg/javascript/easyui/themes/sunny/images/tree_folder.gif HTTP/1.1" 200 952
180.169.147.146 - - [03/Jun/2022:10:19:13 +0800] "GET /xingrg/javascript/easyui/themes/sunny/images/tree_arrows.gif HTTP/1.1" 200 617
180.169.147.146 - - [03/Jun/2022:10:19:13 +0800] "GET /xingrg/javascript/easyui/themes/sunny/images/tree_folder_open.gif HTTP/1.1" 200 956
58.39.61.91 - - [03/Jun/2022:10:19:13 +0800] "GET /xingrg/all/function/internal_message.html?_=1654222749848&CODE_STATE=getMsg HTTP/1.1" 200 27
180.169.147.146 - - [03/Jun/2022:10:19:13 +0800] "GET /xingrg/javascript/easyui/themes/sunny/images/tree_file.gif HTTP/1.1" 200 118
114.88.162.248 - - [03/Jun/2022:10:19:14 +0800] "GET /xingrg/all/function/internal_message.html?_=1654222747997&CODE_STATE=getMsg HTTP/1.1" 200 27
180.169.147.146 - - [03/Jun/2022:10:19:18 +0800] "POST /xingrg/kc/base/stock_operate.html HTTP/1.1" 200 1452
180.169.147.146 - - [03/Jun/2022:10:19:18 +0800] "GET /xingrg/javascript/jquery_tools/fix_table.js HTTP/1.1" 200 6528
180.169.147.146 - - [03/Jun/2022:10:19:19 +0800] "GET /xingrg/kc/base/stock_detail.html?m=00101006124 HTTP/1.1" 200 6389
180.169.147.146 - - [03/Jun/2022:10:19:19 +0800] "GET /xingrg/javascript/jquery_easy_ui/themes/default/images/calendar_nextmonth.gif HTTP/1.1" 200 64
180.169.147.146 - - [03/Jun/2022:10:19:19 +0800] "GET /xingrg/javascript/jquery_easy_ui/themes/default/images/calendar_prevyear.gif HTTP/1.1" 200 76
180.169.147.146 - - [03/Jun/2022:10:19:19 +0800] "GET /xingrg/javascript/jquery_easy_ui/themes/default/images/calendar_prevmonth.gif HTTP/1.1" 200 66
180.169.147.146 - - [03/Jun/2022:10:19:19 +0800] "GET /xingrg/javascript/jquery_easy_ui/themes/icons/search.png HTTP/1.1" 200 813
180.169.147.146 - - [03/Jun/2022:10:19:19 +0800] "GET /xingrg/javascript/jquery_easy_ui/themes/default/images/calendar_nextyear.gif HTTP/1.1" 200 75
120.253.135.82 - - [03/Jun/2022:10:19:19 +0800] "GET /xingrg/all/function/internal_message.html?_=1654222766929&CODE_STATE=getMsg HTTP/1.1" 200 27
180.169.147.146 - - [03/Jun/2022:10:19:22 +0800] "GET /xingrg/kc/base/stock_operate.html?_=1654222760253&command=get_report_file&start_day=20220401 HTTP/1.1" 200 53
180.169.147.146 - - [03/Jun/2022:10:19:23 +0800] "GET /xingrg/all/report/report_query.html?isQuery=1&onlyBody=1&rh=2000&fileName=kc/base/kc_stock_detail_new.xml&queryString=(1=1)&queryText=&tableQueryString=init_table$sp1$$sp$crk_table$sp1$order_day%20between%2020220401%20and%2020220630&varString=start_day:20220401,materiel_code:00101006124,cost_id:3647,end_date:20220331 HTTP/1.1" 200 48701
180.169.147.146 - - [03/Jun/2022:10:19:23 +0800] "GET /xingrg/dwr/interface/AjaxReportQueryService.js HTTP/1.1" 200 13203
180.169.147.146 - - [03/Jun/2022:10:19:23 +0800] "GET /xingrg/dwr/engine.js HTTP/1.1" 200 43631
58.35.194.53 - - [03/Jun/2022:10:19:23 +0800] "GET /xingrg/all/function/internal_message.html?_=1654222760968&CODE_STATE=getMsg HTTP/1.1" 200 27
180.169.147.146 - - [03/Jun/2022:10:19:23 +0800] "POST /xingrg/all/report/load_report_page.html HTTP/1.1" 200 211167
180.169.147.146 - - [03/Jun/2022:10:19:23 +0800] "GET /xingrg/servlets/image?cache=0.2018290717780541&image=px HTTP/1.1" 200 807
58.40.7.146 - - [03/Jun/2022:10:19:25 +0800] "GET /xingrg/all/function/internal_message.html?_=1654222744984&CODE_STATE=getMsg HTTP/1.1" 200 27
180.156.212.250 - - [03/Jun/2022:10:19:28 +0800] "GET /xingrg/all/function/internal_message.html?_=1654222833330&CODE_STATE=getMsg HTTP/1.1" 200 27
180.169.147.146 - - [03/Jun/2022:10:19:31 +0800] "GET /xingrg/all/function/internal_message.html?_=1654222768254&CODE_STATE=getMsg HTTP/1.1" 200 27
180.169.147.146 - - [03/Jun/2022:10:19:35 +0800] "GET /xingrg/check_reg.html?_=1654222772729 HTTP/1.1" 200 22
180.169.147.146 - - [03/Jun/2022:10:19:35 +0800] "GET /xingrg/all/function/internal_message.html?_=1654222772731&CODE_STATE=getMsg HTTP/1.1" 200 27
116.235.92.88 - - [03/Jun/2022:10:19:37 +0800] "GET /xingrg/all/function/internal_message.html?_=1654222952624&CODE_STATE=getMsg HTTP/1.1" 200 27
58.40.7.146 - - [03/Jun/2022:10:19:39 +0800] "GET /xingrg/all/function/internal_message.html?_=1654222777143&CODE_STATE=getMsg HTTP/1.1" 200 27
58.40.7.146 - - [03/Jun/2022:10:19:39 +0800] "GET /xingrg/check_reg.html?_=1654222777144 HTTP/1.1" 200 22
180.175.103.167 - - [03/Jun/2022:10:19:41 +0800] "GET /xingrg/all/function/internal_message.html?_=1654222780986&CODE_STATE=getMsg HTTP/1.1" 200 27
114.86.226.26 - - [03/Jun/2022:10:19:46 +0800] "GET /xingrg/all/function/internal_message.html?_=1654222790507&CODE_STATE=getMsg HTTP/1.1" 200 27
116.230.110.173 - - [03/Jun/2022:10:19:51 +0800] "GET /xingrg/all/function/internal_message.html?_=1654222788512&CODE_STATE=getMsg HTTP/1.1" 200 27
116.230.110.173 - - [03/Jun/2022:10:19:51 +0800] "GET /xingrg/check_reg.html?_=1654222788516 HTTP/1.1" 200 22
114.84.82.172 - - [03/Jun/2022:10:19:51 +0800] "GET /xingrg/all/function/internal_message.html?_=1654222789362&CODE_STATE=getMsg HTTP/1.1" 200 27
114.84.82.172 - - [03/Jun/2022:10:19:51 +0800] "GET /xingrg/check_reg.html?_=1654222789363 HTTP/1.1" 200 22
172.20.0.100 - - [03/Jun/2022:10:19:56 +0800] "GET /xingrg/all/function/internal_message.html?_=1654222793614&CODE_STATE=getMsg HTTP/1.1" 200 27
180.175.103.167 - - [03/Jun/2022:10:20:09 +0800] "GET /xingrg/all/function/internal_message.html?_=1654222725292&CODE_STATE=getMsg HTTP/1.1" 200 27
120.253.135.82 - - [03/Jun/2022:10:20:10 +0800] "GET /xingrg/all/function/internal_message.html?_=1654222900089&CODE_STATE=getMsg HTTP/1.1" 200 27
58.39.61.91 - - [03/Jun/2022:10:20:13 +0800] "GET /xingrg/all/function/internal_message.html?_=1654222809849&CODE_STATE=getMsg HTTP/1.1" 200 27
114.88.162.248 - - [03/Jun/2022:10:20:14 +0800] "GET /xingrg/all/function/internal_message.html?_=1654222808012&CODE_STATE=getMsg HTTP/1.1" 200 27
120.253.135.82 - - [03/Jun/2022:10:20:20 +0800] "GET /xingrg/all/function/internal_message.html?_=1654222826942&CODE_STATE=getMsg HTTP/1.1" 200 27
58.35.194.53 - - [03/Jun/2022:10:20:23 +0800] "GET /xingrg/all/function/internal_message.html?_=1654222820970&CODE_STATE=getMsg HTTP/1.1" 200 27
180.156.212.250 - - [03/Jun/2022:10:20:25 +0800] "GET /xingrg/check_reg.html?_=1654222889851 HTTP/1.1" 200 22
58.40.7.146 - - [03/Jun/2022:10:20:25 +0800] "GET /xingrg/all/function/internal_message.html?_=1654222804987&CODE_STATE=getMsg HTTP/1.1" 200 27
180.156.212.250 - - [03/Jun/2022:10:20:28 +0800] "GET /xingrg/all/function/internal_message.html?_=1654222893534&CODE_STATE=getMsg HTTP/1.1" 200 27
180.169.147.146 - - [03/Jun/2022:10:20:31 +0800] "GET /xingrg/all/function/internal_message.html?_=1654222828255&CODE_STATE=getMsg HTTP/1.1" 200 27
180.169.147.146 - - [03/Jun/2022:10:20:35 +0800] "GET /xingrg/kc/base/stock_operate.html?_=1654222832305&command=get_report_file&start_day=20220401 HTTP/1.1" 200 53
180.169.147.146 - - [03/Jun/2022:10:20:35 +0800] "GET /xingrg/all/report/report_query.html?isQuery=1&onlyBody=1&rh=2000&fileName=kc/base/kc_stock_detail_new.xml&queryString=(1=1)&queryText=&tableQueryString=init_table$sp1$base_code='0010851'$sp$crk_table$sp1$order_day%20between%2020220401%20and%2020220630%20and%20base_code='0010851'&varString=start_day:20220401,materiel_code:00101006124,cost_id:3647,end_date:20220331 HTTP/1.1" 200 48744
180.169.147.146 - - [03/Jun/2022:10:20:35 +0800] "GET /xingrg/dwr/interface/AjaxReportQueryService.js HTTP/1.1" 200 13203
180.169.147.146 - - [03/Jun/2022:10:20:35 +0800] "GET /xingrg/dwr/engine.js HTTP/1.1" 200 43631
180.169.147.146 - - [03/Jun/2022:10:20:35 +0800] "GET /xingrg/all/function/internal_message.html?_=1654222832717&CODE_STATE=getMsg HTTP/1.1" 200 27
180.169.147.146 - - [03/Jun/2022:10:20:35 +0800] "POST /xingrg/all/report/load_report_page.html HTTP/1.1" 200 93832
180.169.147.146 - - [03/Jun/2022:10:20:35 +0800] "GET /xingrg/servlets/image?cache=0.9310205078814443&image=px HTTP/1.1" 200 807
116.235.92.88 - - [03/Jun/2022:10:20:37 +0800] "GET /xingrg/all/function/internal_message.html?_=1654223012622&CODE_STATE=getMsg HTTP/1.1" 200 27
180.169.147.146 - - [03/Jun/2022:10:20:39 +0800] "GET /xingrg/kc/base/stock_operate.html?_=1654222836587&command=get_report_file&start_day=20220401 HTTP/1.1" 200 53
180.169.147.146 - - [03/Jun/2022:10:20:39 +0800] "GET /xingrg/all/report/report_query.html?isQuery=1&onlyBody=1&rh=2000&fileName=kc/base/kc_stock_detail_new.xml&queryString=(1=1)&queryText=&tableQueryString=init_table$sp1$base_code='0010246'$sp$crk_table$sp1$order_day%20between%2020220401%20and%2020220630%20and%20base_code='0010246'&varString=start_day:20220401,materiel_code:00101006124,cost_id:3647,end_date:20220331 HTTP/1.1" 200 48744
180.169.147.146 - - [03/Jun/2022:10:20:39 +0800] "GET /xingrg/dwr/interface/AjaxReportQueryService.js HTTP/1.1" 200 13203
180.169.147.146 - - [03/Jun/2022:10:20:39 +0800] "GET /xingrg/dwr/engine.js HTTP/1.1" 200 43631
58.40.7.146 - - [03/Jun/2022:10:20:39 +0800] "GET /xingrg/all/function/internal_message.html?_=1654222837148&CODE_STATE=getMsg HTTP/1.1" 200 27
180.169.147.146 - - [03/Jun/2022:10:20:39 +0800] "POST /xingrg/all/report/load_report_page.html HTTP/1.1" 200 118255
180.169.147.146 - - [03/Jun/2022:10:20:40 +0800] "GET /xingrg/servlets/image?cache=0.15078906343527876&image=px HTTP/1.1" 200 807
180.175.103.167 - - [03/Jun/2022:10:20:41 +0800] "GET /xingrg/all/function/internal_message.html?_=1654222840991&CODE_STATE=getMsg HTTP/1.1" 200 27
180.175.103.167 - - [03/Jun/2022:10:20:42 +0800] "GET /xingrg/kc/base/wldb_order_list.html HTTP/1.1" 200 19101
180.175.103.167 - - [03/Jun/2022:10:20:42 +0800] "POST /xingrg/kc/base/wldb_list_operate.html HTTP/1.1" 200 2165
180.175.103.167 - - [03/Jun/2022:10:20:43 +0800] "GET /xingrg/kc/base/wldb_order_add.html HTTP/1.1" 200 30315
180.175.103.167 - - [03/Jun/2022:10:20:43 +0800] "GET /xingrg/all/common/auto_word.html?type=base&rest_code=00105 HTTP/1.1" 200 1907
180.175.103.167 - - [03/Jun/2022:10:20:43 +0800] "GET /xingrg/all/common/auto_word.html?type=base&rest_code=00105 HTTP/1.1" 200 1907
180.175.103.167 - - [03/Jun/2022:10:20:43 +0800] "POST /xingrg/kc/base/wldb_order_operate.html HTTP/1.1" 200 6806
180.175.103.167 - - [03/Jun/2022:10:20:43 +0800] "GET /xingrg/javascript/easyui/themes/default/validatebox.css HTTP/1.1" 404 1104
180.169.147.146 - - [03/Jun/2022:10:20:45 +0800] "GET /xingrg/kc/base/stock_operate.html?_=1654222842726&command=get_report_file&start_day=20220401 HTTP/1.1" 200 53
180.169.147.146 - - [03/Jun/2022:10:20:45 +0800] "GET /xingrg/all/report/report_query.html?isQuery=1&onlyBody=1&rh=2000&fileName=kc/base/kc_stock_detail_new.xml&queryString=(1=1)&queryText=&tableQueryString=init_table$sp1$base_code='0010254'$sp$crk_table$sp1$order_day%20between%2020220401%20and%2020220630%20and%20base_code='0010254'&varString=start_day:20220401,materiel_code:00101006124,cost_id:3647,end_date:20220331 HTTP/1.1" 200 48744
180.169.147.146 - - [03/Jun/2022:10:20:45 +0800] "GET /xingrg/dwr/interface/AjaxReportQueryService.js HTTP/1.1" 200 13203
180.169.147.146 - - [03/Jun/2022:10:20:45 +0800] "GET /xingrg/dwr/engine.js HTTP/1.1" 200 43631
114.86.226.26 - - [03/Jun/2022:10:20:46 +0800] "GET /xingrg/all/function/internal_message.html?_=1654222850514&CODE_STATE=getMsg HTTP/1.1" 200 27
180.169.147.146 - - [03/Jun/2022:10:20:46 +0800] "POST /xingrg/all/report/load_report_page.html HTTP/1.1" 200 25076
180.169.147.146 - - [03/Jun/2022:10:20:46 +0800] "GET /xingrg/servlets/image?cache=0.4077871695314055&image=px HTTP/1.1" 200 807
180.169.147.146 - - [03/Jun/2022:10:20:49 +0800] "GET /xingrg/kc/guide/show_order.html?code=602022060200051&type=60 HTTP/1.1" 302 -
180.169.147.146 - - [03/Jun/2022:10:20:49 +0800] "GET /xingrg/kc/base/cbtz_order_add.html?code=602022060200051&sysBaseUrl=http%3A%2F%2F180.169.147.146%3A18081%2Fxingrg%2F&costTime=1×tamp=1654222849544 HTTP/1.1" 200 18933
180.169.147.146 - - [03/Jun/2022:10:20:49 +0800] "GET /xingrg/dwr/interface/AjaxComOrderService.js HTTP/1.1" 200 18264
180.169.147.146 - - [03/Jun/2022:10:20:49 +0800] "GET /xingrg/dwr/interface/AjaxCbtzService.js HTTP/1.1" 200 13221
180.169.147.146 - - [03/Jun/2022:10:20:49 +0800] "GET /xingrg/javascript/Grid.js HTTP/1.1" 200 58908
180.169.147.146 - - [03/Jun/2022:10:20:49 +0800] "GET /xingrg/javascript/checkform.js HTTP/1.1" 200 18351
180.169.147.146 - - [03/Jun/2022:10:20:49 +0800] "GET /xingrg/javascript/ToolTips.js HTTP/1.1" 200 5615
180.169.147.146 - - [03/Jun/2022:10:20:49 +0800] "GET /xingrg/dwr/engine.js HTTP/1.1" 200 43631
180.169.147.146 - - [03/Jun/2022:10:20:49 +0800] "GET /favicon.ico HTTP/1.1" 404 -
180.169.147.146 - - [03/Jun/2022:10:20:49 +0800] "GET /xingrg/javascript/AjaxInfoList.js HTTP/1.1" 200 3774
180.169.147.146 - - [03/Jun/2022:10:20:49 +0800] "GET /xingrg/images/blue/button/kc_tab_add.gif HTTP/1.1" 200 375
180.169.147.146 - - [03/Jun/2022:10:20:49 +0800] "GET /xingrg/images/blue/button/kc_tab_edit.gif HTTP/1.1" 200 551
180.169.147.146 - - [03/Jun/2022:10:20:49 +0800] "GET /xingrg/images/blue/button/kc_tab_save.gif HTTP/1.1" 200 777
180.169.147.146 - - [03/Jun/2022:10:20:49 +0800] "GET /xingrg/images/blue/button/kc_tab_del.gif HTTP/1.1" 200 383
180.169.147.146 - - [03/Jun/2022:10:20:49 +0800] "GET /xingrg/images/blue/kc_tab_left.gif HTTP/1.1" 200 188
180.169.147.146 - - [03/Jun/2022:10:20:49 +0800] "GET /xingrg/images/blue/kc_tab_mid.gif HTTP/1.1" 200 44
180.169.147.146 - - [03/Jun/2022:10:20:49 +0800] "GET /xingrg/images/blue/kc_tab_right.gif HTTP/1.1" 200 643
180.169.147.146 - - [03/Jun/2022:10:20:49 +0800] "GET /xingrg/images/blue/kc_tab2_left.gif HTTP/1.1" 200 625
180.169.147.146 - - [03/Jun/2022:10:20:49 +0800] "GET /xingrg/images/blue/kc_tab2_right.gif HTTP/1.1" 200 192
116.230.110.173 - - [03/Jun/2022:10:20:51 +0800] "GET /xingrg/all/function/internal_message.html?_=1654222848525&CODE_STATE=getMsg HTTP/1.1" 200 27
114.84.82.172 - - [03/Jun/2022:10:20:51 +0800] "GET /xingrg/all/function/internal_message.html?_=1654222849363&CODE_STATE=getMsg HTTP/1.1" 200 27
180.169.147.146 - - [03/Jun/2022:10:20:53 +0800] "GET /xingrg/javascript/jquery_easy_ui/themes/default/images/button_plain_hover.png HTTP/1.1" 200 252
180.175.103.167 - - [03/Jun/2022:10:20:55 +0800] "GET /xingrg/kc/base/wldb_order_operate.html?command=get_materiel&rest_code=00105&base_code=0010508&code=00102002357 HTTP/1.1" 200 434
172.20.0.100 - - [03/Jun/2022:10:20:56 +0800] "GET /xingrg/check_reg.html?_=1654222853601 HTTP/1.1" 200 22
172.20.0.100 - - [03/Jun/2022:10:20:56 +0800] "GET /xingrg/all/function/internal_message.html?_=1654222853602&CODE_STATE=getMsg HTTP/1.1" 200 27
180.175.103.167 - - [03/Jun/2022:10:21:02 +0800] "GET /xingrg/kc/base/wldb_order_operate.html?command=get_materiel&rest_code=00105&base_code=0010508&code=00102002356 HTTP/1.1" 200 443
180.169.147.146 - - [03/Jun/2022:10:21:08 +0800] "GET /xingrg/kc/base/kc_stocks_rest.html?code=00101006124 HTTP/1.1" 200 7841
180.169.147.146 - - [03/Jun/2022:10:21:08 +0800] "POST /xingrg/kc/base/stock_operate.html HTTP/1.1" 200 5223
180.169.147.146 - - [03/Jun/2022:10:21:08 +0800] "GET /xingrg/kc/base/stock_operate.html?command=query_base_stocks&rest_code=00101&materiel_code=00101006124&_setting=%257B%2522pk%2522%3A%2522base_code%2522%2C%2522fields%2522%3A%257B%2522base_name%2522%3A%257B%2522h%2522%3A0%2C%2522w%2522%3A140%2C%2522t%2522%3A%2522%25E4%25BB%2593%25E5%25BA%2593%25E5%2590%258D%25E7%25A7%25B0%2522%257D%2C%2522number%2522%3A%257B%2522h%2522%3A0%2C%2522w%2522%3A80%2C%2522t%2522%3A%2522%25E6%2595%25B0%25E9%2587%258F%2522%2C%2522s%2522%3A1%257D%2C%2522price%2522%3A%257B%2522h%2522%3A0%2C%2522w%2522%3A80%2C%2522t%2522%3A%2522%25E5%258D%2595%25E4%25BB%25B7%2522%257D%2C%2522total_money%2522%3A%257B%2522h%2522%3A0%2C%2522w%2522%3A100%2C%2522t%2522%3A%2522%25E9%2587%2591%25E9%25A2%259D%2522%2C%2522s%2522%3A1%257D%2C%2522assist_unit%2522%3A%257B%2522h%2522%3A0%2C%2522w%2522%3A100%2C%2522t%2522%3A%2522%25E8%25BE%2585%25E5%258D%2595%25E4%25BD%258D%2522%257D%2C%2522assist_number%2522%3A%257B%2522h%2522%3A0%2C%2522w%2522%3A100%2C%2522t%2522%3A%2522%25E8%25BE%2585%25E6%2595%25B0%25E9%2587%258F%2522%2C%2522s%2522%3A1%257D%257D%257D HTTP/1.1" 200 2487
180.175.103.167 - - [03/Jun/2022:10:21:09 +0800] "GET /xingrg/all/function/internal_message.html?_=1654222785278&CODE_STATE=getMsg HTTP/1.1" 200 27
120.253.135.82 - - [03/Jun/2022:10:21:10 +0800] "GET /xingrg/all/function/internal_message.html?_=1654222960125&CODE_STATE=getMsg HTTP/1.1" 200 27
58.39.61.91 - - [03/Jun/2022:10:21:13 +0800] "GET /xingrg/all/function/internal_message.html?_=1654222869847&CODE_STATE=getMsg HTTP/1.1" 200 27
114.88.162.248 - - [03/Jun/2022:10:21:14 +0800] "GET /xingrg/all/function/internal_message.html?_=1654222868011&CODE_STATE=getMsg HTTP/1.1" 200 27
120.253.135.82 - - [03/Jun/2022:10:21:18 +0800] "GET /xingrg/check_reg.html?_=1654222886009 HTTP/1.1" 200 22
120.253.135.82 - - [03/Jun/2022:10:21:19 +0800] "GET /xingrg/all/function/internal_message.html?_=1654222886956&CODE_STATE=getMsg HTTP/1.1" 200 27
58.35.194.53 - - [03/Jun/2022:10:21:23 +0800] "GET /xingrg/all/function/internal_message.html?_=1654222880971&CODE_STATE=getMsg HTTP/1.1" 200 27
180.175.103.167 - - [03/Jun/2022:10:21:25 +0800] "POST /xingrg/services/DataTransmitService HTTP/1.1" 200 524
58.40.7.146 - - [03/Jun/2022:10:21:25 +0800] "GET /xingrg/all/function/internal_message.html?_=1654222864990&CODE_STATE=getMsg HTTP/1.1" 200 27
180.175.103.167 - - [03/Jun/2022:10:21:26 +0800] "POST /xingrg/services/DataTransmitService HTTP/1.1" 200 412
180.156.212.250 - - [03/Jun/2022:10:21:29 +0800] "GET /xingrg/all/function/internal_message.html?_=1654222953965&CODE_STATE=getMsg HTTP/1.1" 200 27
180.175.103.167 - - [03/Jun/2022:10:21:31 +0800] "GET /xingrg/check_reg.html?_=1654222806747 HTTP/1.1" 200 22
180.169.147.146 - - [03/Jun/2022:10:21:31 +0800] "GET /xingrg/check_reg.html?_=1654222888254 HTTP/1.1" 200 22
180.169.147.146 - - [03/Jun/2022:10:21:31 +0800] "GET /xingrg/all/function/internal_message.html?_=1654222888257&CODE_STATE=getMsg HTTP/1.1" 200 27
180.169.147.146 - - [03/Jun/2022:10:21:35 +0800] "GET /xingrg/all/function/internal_message.html?_=1654222892723&CODE_STATE=getMsg HTTP/1.1" 200 27
116.235.92.88 - - [03/Jun/2022:10:21:37 +0800] "GET /xingrg/all/function/internal_message.html?_=1654223072621&CODE_STATE=getMsg HTTP/1.1" 200 27
58.40.7.146 - - [03/Jun/2022:10:21:39 +0800] "GET /xingrg/all/function/internal_message.html?_=1654222897149&CODE_STATE=getMsg HTTP/1.1" 200 27
180.175.103.167 - - [03/Jun/2022:10:21:41 +0800] "GET /xingrg/check_reg.html?_=1654222900995 HTTP/1.1" 200 22
180.175.103.167 - - [03/Jun/2022:10:21:41 +0800] "GET /xingrg/all/function/internal_message.html?_=1654222900998&CODE_STATE=getMsg HTTP/1.1" 200 27
180.169.147.146 - - [03/Jun/2022:10:21:42 +0800] "GET /xingrg/check_reg.html?_=1654222900520 HTTP/1.1" 200 22
114.86.226.26 - - [03/Jun/2022:10:21:46 +0800] "GET /xingrg/check_reg.html?_=1654222910531 HTTP/1.1" 200 22
114.86.226.26 - - [03/Jun/2022:10:21:46 +0800] "GET /xingrg/all/function/internal_message.html?_=1654222910543&CODE_STATE=getMsg HTTP/1.1" 200 27
180.175.103.167 - - [03/Jun/2022:10:21:50 +0800] "GET /xingrg/kc/base/wldb_order_operate.html?command=get_materiel&rest_code=00105&base_code=0010508&code=00102002685 HTTP/1.1" 200 459
116.230.110.173 - - [03/Jun/2022:10:21:51 +0800] "GET /xingrg/all/function/internal_message.html?_=1654222908518&CODE_STATE=getMsg HTTP/1.1" 200 27
114.84.82.172 - - [03/Jun/2022:10:21:51 +0800] "GET /xingrg/all/function/internal_message.html?_=1654222909389&CODE_STATE=getMsg HTTP/1.1" 200 27
172.20.0.100 - - [03/Jun/2022:10:21:56 +0800] "GET /xingrg/all/function/internal_message.html?_=1654222913604&CODE_STATE=getMsg HTTP/1.1" 200 27
180.169.147.146 - - [03/Jun/2022:10:21:59 +0800] "GET /xingrg/kc/report/report_main.html HTTP/1.1" 200 8599
180.169.147.146 - - [03/Jun/2022:10:21:59 +0800] "GET /xingrg/all/report/report_query.html?fileName=kc/buy/wlcg_mx.xml HTTP/1.1" 200 51648
180.169.147.146 - - [03/Jun/2022:10:21:59 +0800] "GET /xingrg/dwr/interface/AjaxReportQueryService.js HTTP/1.1" 200 13203
180.169.147.146 - - [03/Jun/2022:10:21:59 +0800] "GET /xingrg/dwr/engine.js HTTP/1.1" 200 43631
180.169.147.146 - - [03/Jun/2022:10:21:59 +0800] "POST /xingrg/dwr/call/plaincall/AjaxReportQueryService.getFixDate.dwr HTTP/1.1" 200 111
180.169.147.146 - - [03/Jun/2022:10:22:00 +0800] "POST /xingrg/dwr/call/plaincall/AjaxReportQueryService.getInitString.dwr HTTP/1.1" 200 30635
180.169.147.146 - - [03/Jun/2022:10:22:00 +0800] "POST /xingrg/dwr/call/plaincall/AjaxReportQueryService.getInitString.dwr HTTP/1.1" 200 456
180.169.147.146 - - [03/Jun/2022:10:22:00 +0800] "POST /xingrg/dwr/call/plaincall/AjaxReportQueryService.getInitString.dwr HTTP/1.1" 200 125
180.169.147.146 - - [03/Jun/2022:10:22:07 +0800] "POST /xingrg/dwr/call/plaincall/AjaxReportQueryService.refreshCache.dwr HTTP/1.1" 200 78
180.175.103.167 - - [03/Jun/2022:10:22:08 +0800] "GET /xingrg/kc/base/wldb_order_operate.html?command=get_materiel&rest_code=00105&base_code=0010508&code=00102002457 HTTP/1.1" 200 454
180.175.103.167 - - [03/Jun/2022:10:22:09 +0800] "GET /xingrg/all/function/internal_message.html?_=1654222845251&CODE_STATE=getMsg HTTP/1.1" 200 27
120.253.135.82 - - [03/Jun/2022:10:22:10 +0800] "GET /xingrg/all/function/internal_message.html?_=1654223020131&CODE_STATE=getMsg HTTP/1.1" 200 27
180.169.147.146 - - [03/Jun/2022:10:22:11 +0800] "POST /xingrg/all/report/load_report_page.html HTTP/1.1" 200 18838
180.169.147.146 - - [03/Jun/2022:10:22:11 +0800] "GET /xingrg/servlets/image?cache=0.7331286138980008&image=px HTTP/1.1" 200 807
180.175.103.167 - - [03/Jun/2022:10:22:13 +0800] "POST /xingrg/kc/base/wldb_order_operate.html HTTP/1.1" 200 37
180.169.147.146 - - [03/Jun/2022:10:22:13 +0800] "GET /xingrg/kc/buy/cgsh_order_info.html?isLook=1&code=212022050800491 HTTP/1.1" 200 61736
180.169.147.146 - - [03/Jun/2022:10:22:13 +0800] "GET /favicon.ico HTTP/1.1" 404 -
180.169.147.146 - - [03/Jun/2022:10:22:13 +0800] "GET /xingrg/javascript/easyui/themes/default/validatebox.css HTTP/1.1" 404 1104
180.175.103.167 - - [03/Jun/2022:10:22:13 +0800] "POST /xingrg/kc/base/wldb_order_operate.html HTTP/1.1" 200 3164
58.39.61.91 - - [03/Jun/2022:10:22:13 +0800] "GET /xingrg/all/function/internal_message.html?_=1654222929854&CODE_STATE=getMsg HTTP/1.1" 200 27
180.169.147.146 - - [03/Jun/2022:10:22:14 +0800] "POST /xingrg/kc/buy/cgsh_order_operate.html HTTP/1.1" 200 6054
180.175.103.167 - - [03/Jun/2022:10:22:14 +0800] "GET /xingrg/kc/base/wldb_order_info.html?code=422022060300093 HTTP/1.1" 200 30331
114.88.162.248 - - [03/Jun/2022:10:22:14 +0800] "GET /xingrg/all/function/internal_message.html?_=1654222928011&CODE_STATE=getMsg HTTP/1.1" 200 27
180.175.103.167 - - [03/Jun/2022:10:22:14 +0800] "GET /xingrg/javascript/easyui/themes/default/validatebox.css HTTP/1.1" 404 1104
180.175.103.167 - - [03/Jun/2022:10:22:15 +0800] "POST /xingrg/kc/base/wldb_order_operate.html HTTP/1.1" 200 3164
120.253.135.82 - - [03/Jun/2022:10:22:19 +0800] "GET /xingrg/all/function/internal_message.html?_=1654222946970&CODE_STATE=getMsg HTTP/1.1" 200 27
58.35.194.53 - - [03/Jun/2022:10:22:23 +0800] "GET /xingrg/check_reg.html?_=1654222940972 HTTP/1.1" 200 22
58.35.194.53 - - [03/Jun/2022:10:22:23 +0800] "GET /xingrg/all/function/internal_message.html?_=1654222940973&CODE_STATE=getMsg HTTP/1.1" 200 27
58.40.7.146 - - [03/Jun/2022:10:22:25 +0800] "GET /xingrg/check_reg.html?_=1654222924976 HTTP/1.1" 200 22
58.40.7.146 - - [03/Jun/2022:10:22:25 +0800] "GET /xingrg/all/function/internal_message.html?_=1654222924977&CODE_STATE=getMsg HTTP/1.1" 200 27
180.156.212.250 - - [03/Jun/2022:10:22:29 +0800] "GET /xingrg/all/function/internal_message.html?_=1654223013980&CODE_STATE=getMsg HTTP/1.1" 200 27
180.169.147.146 - - [03/Jun/2022:10:22:31 +0800] "GET /xingrg/all/function/internal_message.html?_=1654222948240&CODE_STATE=getMsg HTTP/1.1" 200 27
180.169.147.146 - - [03/Jun/2022:10:22:35 +0800] "GET /xingrg/all/function/internal_message.html?_=1654222952732&CODE_STATE=getMsg HTTP/1.1" 200 27
116.235.92.88 - - [03/Jun/2022:10:22:37 +0800] "GET /xingrg/all/function/internal_message.html?_=1654223132620&CODE_STATE=getMsg HTTP/1.1" 200 27
58.40.7.146 - - [03/Jun/2022:10:22:39 +0800] "GET /xingrg/all/function/internal_message.html?_=1654222957152&CODE_STATE=getMsg HTTP/1.1" 200 27
180.175.103.167 - - [03/Jun/2022:10:22:41 +0800] "GET /xingrg/all/function/internal_message.html?_=1654222961032&CODE_STATE=getMsg HTTP/1.1" 200 27
114.86.226.26 - - [03/Jun/2022:10:22:46 +0800] "GET /xingrg/all/function/internal_message.html?_=1654222970540&CODE_STATE=getMsg HTTP/1.1" 200 27
116.230.110.173 - - [03/Jun/2022:10:22:51 +0800] "GET /xingrg/all/function/internal_message.html?_=1654222968532&CODE_STATE=getMsg HTTP/1.1" 200 27
114.84.82.172 - - [03/Jun/2022:10:22:51 +0800] "GET /xingrg/all/function/internal_message.html?_=1654222969389&CODE_STATE=getMsg HTTP/1.1" 200 27
172.20.0.100 - - [03/Jun/2022:10:22:56 +0800] "GET /xingrg/all/function/internal_message.html?_=1654222973613&CODE_STATE=getMsg HTTP/1.1" 200 27
180.175.103.167 - - [03/Jun/2022:10:23:09 +0800] "GET /xingrg/all/function/internal_message.html?_=1654222905236&CODE_STATE=getMsg HTTP/1.1" 200 27
120.253.135.82 - - [03/Jun/2022:10:23:09 +0800] "GET /xingrg/check_reg.html?_=1654223079433 HTTP/1.1" 200 22
120.253.135.82 - - [03/Jun/2022:10:23:10 +0800] "GET /xingrg/all/function/internal_message.html?_=1654223080145&CODE_STATE=getMsg HTTP/1.1" 200 27
180.156.212.250 - - [03/Jun/2022:10:23:11 +0800] "GET /xingrg/kc/base/wldb_order_operate.html?command=get_materiel&rest_code=00102&base_code=0010477&code=00102008144 HTTP/1.1" 200 441
58.39.61.91 - - [03/Jun/2022:10:23:13 +0800] "GET /xingrg/all/function/internal_message.html?_=1654222989855&CODE_STATE=getMsg HTTP/1.1" 200 27
58.39.61.91 - - [03/Jun/2022:10:23:13 +0800] "GET /xingrg/check_reg.html?_=1654222989856 HTTP/1.1" 200 22
114.88.162.248 - - [03/Jun/2022:10:23:14 +0800] "GET /xingrg/check_reg.html?_=1654222988010 HTTP/1.1" 200 22
114.88.162.248 - - [03/Jun/2022:10:23:14 +0800] "GET /xingrg/all/function/internal_message.html?_=1654222988013&CODE_STATE=getMsg HTTP/1.1" 200 27
120.253.135.82 - - [03/Jun/2022:10:23:19 +0800] "GET /xingrg/all/function/internal_message.html?_=1654223006983&CODE_STATE=getMsg HTTP/1.1" 200 27
58.35.194.53 - - [03/Jun/2022:10:23:23 +0800] "GET /xingrg/all/function/internal_message.html?_=1654223000976&CODE_STATE=getMsg HTTP/1.1" 200 27
58.40.7.146 - - [03/Jun/2022:10:23:25 +0800] "GET /xingrg/all/function/internal_message.html?_=1654222984977&CODE_STATE=getMsg HTTP/1.1" 200 27
180.156.212.250 - - [03/Jun/2022:10:23:29 +0800] "GET /xingrg/all/function/internal_message.html?_=1654223073992&CODE_STATE=getMsg HTTP/1.1" 200 27
180.169.147.146 - - [03/Jun/2022:10:23:31 +0800] "GET /xingrg/all/function/internal_message.html?_=1654223008240&CODE_STATE=getMsg HTTP/1.1" 200 27
180.169.147.146 - - [03/Jun/2022:10:23:35 +0800] "GET /xingrg/all/function/internal_message.html?_=1654223012737&CODE_STATE=getMsg HTTP/1.1" 200 27
114.84.82.172 - - [03/Jun/2022:10:23:36 +0800] "GET /xingrg/check_reg.html?_=1654223014670 HTTP/1.1" 200 22
116.235.92.88 - - [03/Jun/2022:10:23:37 +0800] "GET /xingrg/all/function/internal_message.html?_=1654223192618&CODE_STATE=getMsg HTTP/1.1" 200 27
116.235.92.88 - - [03/Jun/2022:10:23:37 +0800] "GET /xingrg/check_reg.html?_=1654223192620 HTTP/1.1" 200 22
58.40.7.146 - - [03/Jun/2022:10:23:39 +0800] "GET /xingrg/all/function/internal_message.html?_=1654223017154&CODE_STATE=getMsg HTTP/1.1" 200 27
180.175.103.167 - - [03/Jun/2022:10:23:41 +0800] "GET /xingrg/all/function/internal_message.html?_=1654223021001&CODE_STATE=getMsg HTTP/1.1" 200 27
114.86.226.26 - - [03/Jun/2022:10:23:46 +0800] "GET /xingrg/all/function/internal_message.html?_=1654223030541&CODE_STATE=getMsg HTTP/1.1" 200 27
116.230.110.173 - - [03/Jun/2022:10:23:51 +0800] "GET /xingrg/all/function/internal_message.html?_=1654223028526&CODE_STATE=getMsg HTTP/1.1" 200 27
114.84.82.172 - - [03/Jun/2022:10:23:51 +0800] "GET /xingrg/all/function/internal_message.html?_=1654223029387&CODE_STATE=getMsg HTTP/1.1" 200 27
172.20.0.100 - - [03/Jun/2022:10:23:56 +0800] "GET /xingrg/all/function/internal_message.html?_=1654223033598&CODE_STATE=getMsg HTTP/1.1" 200 27
180.175.103.167 - - [03/Jun/2022:10:24:09 +0800] "GET /xingrg/all/function/internal_message.html?_=1654222965248&CODE_STATE=getMsg HTTP/1.1" 200 27
120.253.135.82 - - [03/Jun/2022:10:24:10 +0800] "GET /xingrg/all/function/internal_message.html?_=1654223140158&CODE_STATE=getMsg HTTP/1.1" 200 27
58.39.61.91 - - [03/Jun/2022:10:24:13 +0800] "GET /xingrg/all/function/internal_message.html?_=1654223049854&CODE_STATE=getMsg HTTP/1.1" 200 27
114.88.162.248 - - [03/Jun/2022:10:24:14 +0800] "GET /xingrg/all/function/internal_message.html?_=1654223048011&CODE_STATE=getMsg HTTP/1.1" 200 27
120.253.135.82 - - [03/Jun/2022:10:24:19 +0800] "GET /xingrg/all/function/internal_message.html?_=1654223067058&CODE_STATE=getMsg HTTP/1.1" 200 27
58.35.194.53 - - [03/Jun/2022:10:24:23 +0800] "GET /xingrg/all/function/internal_message.html?_=1654223060961&CODE_STATE=getMsg HTTP/1.1" 200 27
58.40.7.146 - - [03/Jun/2022:10:24:25 +0800] "GET /xingrg/all/function/internal_message.html?_=1654223044979&CODE_STATE=getMsg HTTP/1.1" 200 27
180.156.212.250 - - [03/Jun/2022:10:24:29 +0800] "GET /xingrg/all/function/internal_message.html?_=1654223134006&CODE_STATE=getMsg HTTP/1.1" 200 27
180.169.147.146 - - [03/Jun/2022:10:24:31 +0800] "GET /xingrg/all/function/internal_message.html?_=1654223068241&CODE_STATE=getMsg HTTP/1.1" 200 27
180.169.147.146 - - [03/Jun/2022:10:24:35 +0800] "GET /xingrg/check_reg.html?_=1654223072730 HTTP/1.1" 200 22
180.169.147.146 - - [03/Jun/2022:10:24:35 +0800] "GET /xingrg/all/function/internal_message.html?_=1654223072731&CODE_STATE=getMsg HTTP/1.1" 200 27
116.235.92.88 - - [03/Jun/2022:10:24:37 +0800] "GET /xingrg/all/function/internal_message.html?_=1654223252618&CODE_STATE=getMsg HTTP/1.1" 200 27
58.40.7.146 - - [03/Jun/2022:10:24:39 +0800] "GET /xingrg/check_reg.html?_=1654223077141 HTTP/1.1" 200 22
58.40.7.146 - - [03/Jun/2022:10:24:39 +0800] "GET /xingrg/all/function/internal_message.html?_=1654223077142&CODE_STATE=getMsg HTTP/1.1" 200 27
180.175.103.167 - - [03/Jun/2022:10:24:41 +0800] "GET /xingrg/all/function/internal_message.html?_=1654223081002&CODE_STATE=getMsg HTTP/1.1" 200 27
114.86.226.26 - - [03/Jun/2022:10:24:46 +0800] "GET /xingrg/all/function/internal_message.html?_=1654223090541&CODE_STATE=getMsg HTTP/1.1" 200 27
116.230.110.173 - - [03/Jun/2022:10:24:51 +0800] "GET /xingrg/check_reg.html?_=1654223088518 HTTP/1.1" 200 22
116.230.110.173 - - [03/Jun/2022:10:24:51 +0800] "GET /xingrg/all/function/internal_message.html?_=1654223088522&CODE_STATE=getMsg HTTP/1.1" 200 27
114.84.82.172 - - [03/Jun/2022:10:24:51 +0800] "GET /xingrg/all/function/internal_message.html?_=1654223089387&CODE_STATE=getMsg HTTP/1.1" 200 27
114.84.82.172 - - [03/Jun/2022:10:24:51 +0800] "GET /xingrg/check_reg.html?_=1654223089389 HTTP/1.1" 200 22
172.20.0.100 - - [03/Jun/2022:10:24:56 +0800] "GET /xingrg/all/function/internal_message.html?_=1654223093600&CODE_STATE=getMsg HTTP/1.1" 200 27
180.175.103.167 - - [03/Jun/2022:10:25:09 +0800] "GET /xingrg/all/function/internal_message.html?_=1654223025233&CODE_STATE=getMsg HTTP/1.1" 200 27
120.253.135.82 - - [03/Jun/2022:10:25:10 +0800] "GET /xingrg/all/function/internal_message.html?_=1654223200172&CODE_STATE=getMsg HTTP/1.1" 200 27
58.39.61.91 - - [03/Jun/2022:10:25:13 +0800] "GET /xingrg/all/function/internal_message.html?_=1654223109853&CODE_STATE=getMsg HTTP/1.1" 200 27
114.88.162.248 - - [03/Jun/2022:10:25:14 +0800] "GET /xingrg/all/function/internal_message.html?_=1654223108011&CODE_STATE=getMsg HTTP/1.1" 200 27
120.253.135.82 - - [03/Jun/2022:10:25:19 +0800] "GET /xingrg/all/function/internal_message.html?_=1654223127074&CODE_STATE=getMsg HTTP/1.1" 200 27
58.35.194.53 - - [03/Jun/2022:10:25:23 +0800] "GET /xingrg/all/function/internal_message.html?_=1654223120963&CODE_STATE=getMsg HTTP/1.1" 200 27
180.156.212.250 - - [03/Jun/2022:10:25:25 +0800] "GET /xingrg/check_reg.html?_=1654223189865 HTTP/1.1" 200 22
58.40.7.146 - - [03/Jun/2022:10:25:25 +0800] "GET /xingrg/all/function/internal_message.html?_=1654223104982&CODE_STATE=getMsg HTTP/1.1" 200 27
180.156.212.250 - - [03/Jun/2022:10:25:29 +0800] "GET /xingrg/all/function/internal_message.html?_=1654223194022&CODE_STATE=getMsg HTTP/1.1" 200 27
180.169.147.146 - - [03/Jun/2022:10:25:31 +0800] "GET /xingrg/all/function/internal_message.html?_=1654223128267&CODE_STATE=getMsg HTTP/1.1" 200 27
180.175.103.167 - - [03/Jun/2022:10:25:31 +0800] "GET /xingrg/kc/buy/buy_main.html HTTP/1.1" 200 12412
180.175.103.167 - - [03/Jun/2022:10:25:31 +0800] "GET /xingrg/css/new_ie.css HTTP/1.1" 404 1036
180.175.103.167 - - [03/Jun/2022:10:25:32 +0800] "GET /xingrg/images/yd/bt.gif HTTP/1.1" 404 1040
180.169.147.146 - - [03/Jun/2022:10:25:35 +0800] "GET /xingrg/all/function/internal_message.html?_=1654223132731&CODE_STATE=getMsg HTTP/1.1" 200 27
116.235.92.88 - - [03/Jun/2022:10:25:37 +0800] "GET /xingrg/all/function/internal_message.html?_=1654223312616&CODE_STATE=getMsg HTTP/1.1" 200 27
180.175.103.167 - - [03/Jun/2022:10:25:37 +0800] "GET /xingrg/kc/base/base_main.html HTTP/1.1" 200 12142
180.175.103.167 - - [03/Jun/2022:10:25:38 +0800] "GET /xingrg/kc/base/wldb_order_list.html HTTP/1.1" 200 19101
180.175.103.167 - - [03/Jun/2022:10:25:39 +0800] "POST /xingrg/kc/base/wldb_list_operate.html HTTP/1.1" 200 2560
58.40.7.146 - - [03/Jun/2022:10:25:39 +0800] "GET /xingrg/all/function/internal_message.html?_=1654223137146&CODE_STATE=getMsg HTTP/1.1" 200 27
101.85.120.86 - - [03/Jun/2022:10:25:40 +0800] "GET /favicon.ico HTTP/1.1" 404 -
180.175.103.167 - - [03/Jun/2022:10:25:41 +0800] "GET /xingrg/all/function/internal_message.html?_=1654223141002&CODE_STATE=getMsg HTTP/1.1" 200 27
101.85.120.86 - - [03/Jun/2022:10:25:41 +0800] "GET /xingrg/login.html HTTP/1.1" 200 7641
101.85.120.86 - - [03/Jun/2022:10:25:41 +0800] "GET /xingrg/images/blue/jxLogo.png HTTP/1.1" 304 -
101.85.120.86 - - [03/Jun/2022:10:25:42 +0800] "GET /xingrg/images/blue/hj.png HTTP/1.1" 304 -
101.85.120.86 - - [03/Jun/2022:10:25:42 +0800] "GET /xingrg/images/blue/login_bg.png HTTP/1.1" 304 -
101.85.120.86 - - [03/Jun/2022:10:25:42 +0800] "GET /xingrg/images/blue/srbg.png HTTP/1.1" 304 -
114.84.82.172 - - [03/Jun/2022:10:25:42 +0800] "GET /xingrg/kc/base/base_main.html HTTP/1.1" 200 12142
101.85.120.86 - - [03/Jun/2022:10:25:42 +0800] "GET /favicon.ico HTTP/1.1" 404 -
114.84.82.172 - - [03/Jun/2022:10:25:44 +0800] "GET /xingrg/kc/base/wldb_order_list.html HTTP/1.1" 200 19107
101.85.120.86 - - [03/Jun/2022:10:25:44 +0800] "POST /xingrg/login.do HTTP/1.1" 302 -
101.85.120.86 - - [03/Jun/2022:10:25:44 +0800] "GET /xingrg/index.html?sysBaseUrl=http%3A%2F%2F180.169.147.146%3A18081%2Fxingrg%2F&costTime=45×tamp=1654223144413 HTTP/1.1" 200 17179
101.85.120.86 - - [03/Jun/2022:10:25:44 +0800] "GET /xingrg/javascript/jquery_easy_ui/themes/default/easyui.css HTTP/1.1" 304 -
101.85.120.86 - - [03/Jun/2022:10:25:44 +0800] "GET /xingrg/css/form.css HTTP/1.1" 304 -
101.85.120.86 - - [03/Jun/2022:10:25:44 +0800] "GET /xingrg/javascript/jquery_easy_ui/themes/icon.css HTTP/1.1" 304 -
101.85.120.86 - - [03/Jun/2022:10:25:44 +0800] "GET /xingrg/javascript/jquery_easy_ui/easyui-lang-zh_CN.js HTTP/1.1" 304 -
101.85.120.86 - - [03/Jun/2022:10:25:44 +0800] "GET /xingrg/javascript/jquery.form.js HTTP/1.1" 304 -
101.85.120.86 - - [03/Jun/2022:10:25:44 +0800] "GET /xingrg/javascript/jquery.utils.js HTTP/1.1" 304 -
101.85.120.86 - - [03/Jun/2022:10:25:44 +0800] "GET /xingrg/javascript/jquery.timers.js HTTP/1.1" 304 -
101.85.120.86 - - [03/Jun/2022:10:25:44 +0800] "GET /xingrg/javascript/jquery_easy_ui/jquery.easyui.min.js HTTP/1.1" 304 -
101.85.120.86 - - [03/Jun/2022:10:25:44 +0800] "GET /xingrg/javascript/jquery-1.4.2.min.js HTTP/1.1" 304 -
101.85.120.86 - - [03/Jun/2022:10:25:44 +0800] "GET /favicon.ico HTTP/1.1" 404 -
101.85.120.86 - - [03/Jun/2022:10:25:44 +0800] "GET /xingrg/javascript/jquery_easy_ui/themes/icons/settle_new.png HTTP/1.1" 304 -
101.85.120.86 - - [03/Jun/2022:10:25:44 +0800] "GET /xingrg/images/blue/navBackgound.jpg HTTP/1.1" 304 -
101.85.120.86 - - [03/Jun/2022:10:25:44 +0800] "POST /xingrg/all/common/load_tree.html?tree=area_rest_tree_json&manage=1 HTTP/1.1" 200 351
101.85.120.86 - - [03/Jun/2022:10:25:44 +0800] "GET /xingrg/all/function/internal_message.html?_=1654223140438&CODE_STATE=count HTTP/1.1" 200 11
101.85.120.86 - - [03/Jun/2022:10:25:44 +0800] "GET /xingrg/check_reg.html?_=1654223140439 HTTP/1.1" 200 22
101.85.120.86 - - [03/Jun/2022:10:25:44 +0800] "GET /xingrg/images/blue/pingpu.png HTTP/1.1" 304 -
101.85.120.86 - - [03/Jun/2022:10:25:44 +0800] "GET /xingrg/javascript/jquery_easy_ui/themes/default/images/tabs_leftarrow.png HTTP/1.1" 304 -
101.85.120.86 - - [03/Jun/2022:10:25:44 +0800] "GET /xingrg/javascript/jquery_easy_ui/themes/default/images/tabs_rightarrow.png HTTP/1.1" 304 -
114.84.82.172 - - [03/Jun/2022:10:25:44 +0800] "POST /xingrg/kc/base/wldb_list_operate.html HTTP/1.1" 200 928
101.85.120.86 - - [03/Jun/2022:10:25:45 +0800] "POST /xingrg/load_menu.html HTTP/1.1" 200 5138
101.85.120.86 - - [03/Jun/2022:10:25:45 +0800] "GET /xingrg/javascript/jquery_easy_ui/themes/default/images/panel_tool_collapse.gif HTTP/1.1" 304 -
101.85.120.86 - - [03/Jun/2022:10:25:45 +0800] "GET /xingrg/javascript/jquery_easy_ui/themes/default/images/tree_arrows.gif HTTP/1.1" 304 -
101.85.120.86 - - [03/Jun/2022:10:25:45 +0800] "GET /xingrg/javascript/jquery_easy_ui/themes/icons/search_new.png HTTP/1.1" 304 -
101.85.120.86 - - [03/Jun/2022:10:25:45 +0800] "GET /xingrg/javascript/jquery_easy_ui/themes/default/images/tree_folder_open.gif HTTP/1.1" 304 -
101.85.120.86 - - [03/Jun/2022:10:25:45 +0800] "GET /xingrg/javascript/jquery_easy_ui/themes/icons/storage_new.png HTTP/1.1" 304 -
101.85.120.86 - - [03/Jun/2022:10:25:45 +0800] "GET /xingrg/javascript/jquery_easy_ui/themes/icons/forms_new.png HTTP/1.1" 304 -
101.85.120.86 - - [03/Jun/2022:10:25:45 +0800] "GET /xingrg/javascript/jquery_easy_ui/themes/default/images/tree_folder.gif HTTP/1.1" 304 -
101.85.120.86 - - [03/Jun/2022:10:25:45 +0800] "GET /xingrg/javascript/jquery_easy_ui/themes/default/images/tree_file.gif HTTP/1.1" 304 -
114.86.226.26 - - [03/Jun/2022:10:25:46 +0800] "GET /xingrg/all/function/internal_message.html?_=1654223150543&CODE_STATE=getMsg HTTP/1.1" 200 27
218.81.223.53 - - [03/Jun/2022:10:25:47 +0800] "GET /xingrg/check_reg.html?_=1654223162180 HTTP/1.1" 200 22
218.81.223.53 - - [03/Jun/2022:10:25:47 +0800] "GET /xingrg/css/base.css HTTP/1.1" 304 -
218.81.223.53 - - [03/Jun/2022:10:25:47 +0800] "GET /xingrg/javascript/jquery_tools/jquery.tools.table.js HTTP/1.1" 304 -
218.81.223.53 - - [03/Jun/2022:10:25:47 +0800] "GET /xingrg/javascript/jquery_tools/jquery.tools.min.js HTTP/1.1" 304 -
218.81.223.53 - - [03/Jun/2022:10:25:47 +0800] "GET /xingrg/kc/buy/cgsh_order_list.html HTTP/1.1" 200 51752
218.81.223.53 - - [03/Jun/2022:10:25:47 +0800] "GET /xingrg/javascript/jquery_tools/list_manager.js HTTP/1.1" 304 -
218.81.223.53 - - [03/Jun/2022:10:25:47 +0800] "GET /xingrg/javascript/auto/jquery.autocomplete.js HTTP/1.1" 304 -
218.81.223.53 - - [03/Jun/2022:10:25:47 +0800] "GET /xingrg/javascript/jquery_tools/datebox.css HTTP/1.1" 304 -
218.81.223.53 - - [03/Jun/2022:10:25:47 +0800] "GET /xingrg/javascript/easyui/easyloader.js HTTP/1.1" 304 -
218.81.223.53 - - [03/Jun/2022:10:25:47 +0800] "GET /xingrg/javascript/jquery_tools/jquery.tools.hotkey.js HTTP/1.1" 304 -
218.81.223.53 - - [03/Jun/2022:10:25:47 +0800] "GET /xingrg/javascript/jquery.cookie.js HTTP/1.1" 304 -
218.81.223.53 - - [03/Jun/2022:10:25:47 +0800] "GET /xingrg/javascript/print/LodopFuncs.js HTTP/1.1" 304 -
218.81.223.53 - - [03/Jun/2022:10:25:47 +0800] "GET /xingrg/javascript/jquery.utils.js HTTP/1.1" 304 -
218.81.223.53 - - [03/Jun/2022:10:25:47 +0800] "GET /xingrg/javascript/easyui/themes/default/easyui.css HTTP/1.1" 304 -
218.81.223.53 - - [03/Jun/2022:10:25:47 +0800] "GET /xingrg/css/site.css HTTP/1.1" 304 -
218.81.223.53 - - [03/Jun/2022:10:25:47 +0800] "GET /xingrg/javascript/easyui/themes/icon.css HTTP/1.1" 304 -
218.81.223.53 - - [03/Jun/2022:10:25:47 +0800] "GET /xingrg/javascript/jquery_tools/fix.css HTTP/1.1" 304 -
218.81.223.53 - - [03/Jun/2022:10:25:47 +0800] "GET /xingrg/javascript/jquery_tools/table.css HTTP/1.1" 304 -
218.81.223.53 - - [03/Jun/2022:10:25:47 +0800] "GET /xingrg/javascript/auto/jquery.autocomplete.css HTTP/1.1" 304 -
218.81.223.53 - - [03/Jun/2022:10:25:47 +0800] "GET /xingrg/javascript/jquery_tools/jquery.tools.extend.js HTTP/1.1" 304 -
218.81.223.53 - - [03/Jun/2022:10:25:47 +0800] "GET /xingrg/javascript/easyui/plugins/jquery.parser.js HTTP/1.1" 304 -
218.81.223.53 - - [03/Jun/2022:10:25:48 +0800] "POST /xingrg/kc/buy/cgsh_list_operate.html HTTP/1.1" 200 876
101.85.120.86 - - [03/Jun/2022:10:25:51 +0800] "GET /xingrg/javascript/jquery_easy_ui/themes/icons/area.png HTTP/1.1" 304 -
101.85.120.86 - - [03/Jun/2022:10:25:51 +0800] "GET /xingrg/javascript/jquery_easy_ui/themes/icons/rest.png HTTP/1.1" 304 -
116.230.110.173 - - [03/Jun/2022:10:25:51 +0800] "GET /xingrg/all/function/internal_message.html?_=1654223148510&CODE_STATE=getMsg HTTP/1.1" 200 27
114.84.82.172 - - [03/Jun/2022:10:25:51 +0800] "GET /xingrg/all/function/internal_message.html?_=1654223149387&CODE_STATE=getMsg HTTP/1.1" 200 27
218.81.223.53 - - [03/Jun/2022:10:25:54 +0800] "GET /xingrg/javascript/pic_change.js HTTP/1.1" 304 -
218.81.223.53 - - [03/Jun/2022:10:25:54 +0800] "GET /xingrg/javascript/jquery_tools/order_manager.js HTTP/1.1" 304 -
218.81.223.53 - - [03/Jun/2022:10:25:54 +0800] "GET /xingrg/javascript/json2.js HTTP/1.1" 304 -
218.81.223.53 - - [03/Jun/2022:10:25:54 +0800] "GET /xingrg/javascript/convert.js HTTP/1.1" 304 -
218.81.223.53 - - [03/Jun/2022:10:25:54 +0800] "GET /xingrg/javascript/print/kc_print.js HTTP/1.1" 304 -
218.81.223.53 - - [03/Jun/2022:10:25:54 +0800] "GET /xingrg/kc/buy/cgsh_order_add.html HTTP/1.1" 200 67528
218.81.223.53 - - [03/Jun/2022:10:25:54 +0800] "GET /xingrg/words/20220601163946_words.js HTTP/1.1" 304 -
218.81.223.53 - - [03/Jun/2022:10:25:54 +0800] "POST /xingrg/kc/buy/cgsh_order_operate.html HTTP/1.1" 200 8245
218.81.223.53 - - [03/Jun/2022:10:25:54 +0800] "GET /xingrg/all/common/auto_word.html?type=employee&rest_code=00146 HTTP/1.1" 200 101
218.81.223.53 - - [03/Jun/2022:10:25:54 +0800] "GET /xingrg/all/common/auto_word.html?type=employee&rest_code=00146 HTTP/1.1" 200 101
