114.86.226.26 - - [03/Jun/2022:09:11:49 +0800] "GET /xingrg/javascript/auto/jquery.autocomplete.css HTTP/1.1" 200 587
114.86.226.26 - - [03/Jun/2022:09:11:49 +0800] "GET /xingrg/javascript/easyui/themes/icon.css HTTP/1.1" 200 4483
114.86.226.26 - - [03/Jun/2022:09:11:49 +0800] "GET /xingrg/javascript/jquery_tools/table.css HTTP/1.1" 200 1032
114.86.226.26 - - [03/Jun/2022:09:11:49 +0800] "GET /xingrg/javascript/jquery_tools/jquery.tools.min.js HTTP/1.1" 200 138801
114.86.226.26 - - [03/Jun/2022:09:11:49 +0800] "GET /xingrg/javascript/jquery_tools/fix.css HTTP/1.1" 200 1702
114.86.226.26 - - [03/Jun/2022:09:11:49 +0800] "GET /xingrg/javascript/jquery_tools/jquery.tools.table.js HTTP/1.1" 200 6994
114.86.226.26 - - [03/Jun/2022:09:11:49 +0800] "GET /xingrg/javascript/jquery_tools/jquery.tools.hotkey.js HTTP/1.1" 200 3242
114.86.226.26 - - [03/Jun/2022:09:11:49 +0800] "GET /xingrg/javascript/jquery_tools/list_manager.js HTTP/1.1" 200 3652
114.86.226.26 - - [03/Jun/2022:09:11:49 +0800] "GET /xingrg/javascript/easyui/easyloader.js HTTP/1.1" 200 5975
114.86.226.26 - - [03/Jun/2022:09:11:49 +0800] "GET /xingrg/javascript/jquery_tools/jquery.tools.extend.js HTTP/1.1" 200 15385
114.86.226.26 - - [03/Jun/2022:09:11:49 +0800] "GET /xingrg/javascript/jquery.cookie.js HTTP/1.1" 200 5513
114.86.226.26 - - [03/Jun/2022:09:11:49 +0800] "GET /xingrg/javascript/easyui/themes/default/easyui.css HTTP/1.1" 200 30432
114.86.226.26 - - [03/Jun/2022:09:11:49 +0800] "GET /xingrg/javascript/auto/jquery.autocomplete.js HTTP/1.1" 200 21624
114.86.226.26 - - [03/Jun/2022:09:11:49 +0800] "GET /xingrg/javascript/easyui/themes/icons/check_new.png HTTP/1.1" 200 3224
114.86.226.26 - - [03/Jun/2022:09:11:49 +0800] "GET /xingrg/javascript/easyui/themes/icons/cance_new.png HTTP/1.1" 200 3986
114.86.226.26 - - [03/Jun/2022:09:11:49 +0800] "GET /xingrg/javascript/easyui/themes/icons/edit_add_new.png HTTP/1.1" 200 2997
114.86.226.26 - - [03/Jun/2022:09:11:49 +0800] "GET /xingrg/javascript/easyui/themes/icons/uncheck_new.png HTTP/1.1" 200 3197
114.86.226.26 - - [03/Jun/2022:09:11:49 +0800] "GET /xingrg/javascript/easyui/themes/icons/field_new.png HTTP/1.1" 200 1097
114.86.226.26 - - [03/Jun/2022:09:11:49 +0800] "GET /xingrg/javascript/easyui/plugins/jquery.parser.js HTTP/1.1" 200 1142
114.86.226.26 - - [03/Jun/2022:09:11:49 +0800] "POST /xingrg/kc/mdqp/psth_list_operate.html HTTP/1.1" 200 749
116.230.110.173 - - [03/Jun/2022:09:11:51 +0800] "GET /xingrg/all/function/internal_message.html?_=1654218708530&CODE_STATE=getMsg HTTP/1.1" 200 27
114.84.82.172 - - [03/Jun/2022:09:11:51 +0800] "GET /xingrg/all/function/internal_message.html?_=1654218709255&CODE_STATE=getMsg HTTP/1.1" 200 27
172.20.0.100 - - [03/Jun/2022:09:11:51 +0800] "GET /xingrg/all/function/internal_message.html?_=1654218709209&CODE_STATE=getMsg HTTP/1.1" 200 27
120.253.135.82 - - [03/Jun/2022:09:11:52 +0800] "GET /xingrg/javascript/jquery_easy_ui/themes/default/images/tabs_close.gif HTTP/1.1" 200 829
114.86.226.26 - - [03/Jun/2022:09:11:52 +0800] "POST /xingrg/kc/mdqp/psth_list_operate.html HTTP/1.1" 200 749
120.253.135.82 - - [03/Jun/2022:09:11:52 +0800] "GET /xingrg/css/base.css HTTP/1.1" 200 2811
120.253.135.82 - - [03/Jun/2022:09:11:52 +0800] "GET /xingrg/javascript/jquery_tools/fix.css HTTP/1.1" 200 1702
120.253.135.82 - - [03/Jun/2022:09:11:52 +0800] "GET /xingrg/kc/pszx/mdps_order_list.html?orderType=0 HTTP/1.1" 200 20966
120.253.135.82 - - [03/Jun/2022:09:11:52 +0800] "GET /xingrg/javascript/jquery_tools/jquery.tools.hotkey.js HTTP/1.1" 200 3242
120.253.135.82 - - [03/Jun/2022:09:11:52 +0800] "GET /xingrg/javascript/jquery_tools/jquery.tools.table.js HTTP/1.1" 200 6994
120.253.135.82 - - [03/Jun/2022:09:11:52 +0800] "GET /xingrg/javascript/jquery_tools/list_manager.js HTTP/1.1" 200 3652
120.253.135.82 - - [03/Jun/2022:09:11:52 +0800] "GET /xingrg/javascript/auto/jquery.autocomplete.js HTTP/1.1" 200 21624
120.253.135.82 - - [03/Jun/2022:09:11:52 +0800] "GET /xingrg/javascript/easyui/easyloader.js HTTP/1.1" 200 5975
120.253.135.82 - - [03/Jun/2022:09:11:52 +0800] "GET /xingrg/javascript/jquery_tools/datebox.css HTTP/1.1" 200 2597
120.253.135.82 - - [03/Jun/2022:09:11:52 +0800] "GET /xingrg/javascript/jquery.cookie.js HTTP/1.1" 200 5513
120.253.135.82 - - [03/Jun/2022:09:11:52 +0800] "GET /xingrg/javascript/print/LodopFuncs.js HTTP/1.1" 200 5121
120.253.135.82 - - [03/Jun/2022:09:11:52 +0800] "GET /xingrg/css/site.css HTTP/1.1" 200 7541
120.253.135.82 - - [03/Jun/2022:09:11:52 +0800] "GET /xingrg/javascript/auto/jquery.autocomplete.css HTTP/1.1" 200 587
120.253.135.82 - - [03/Jun/2022:09:11:52 +0800] "GET /xingrg/javascript/easyui/themes/default/easyui.css HTTP/1.1" 200 30432
120.253.135.82 - - [03/Jun/2022:09:11:52 +0800] "GET /xingrg/javascript/easyui/themes/icon.css HTTP/1.1" 200 4483
120.253.135.82 - - [03/Jun/2022:09:11:52 +0800] "GET /xingrg/javascript/jquery_tools/table.css HTTP/1.1" 200 1032
120.253.135.82 - - [03/Jun/2022:09:11:52 +0800] "GET /xingrg/javascript/jquery_tools/jquery.tools.min.js HTTP/1.1" 200 138801
120.253.135.82 - - [03/Jun/2022:09:11:53 +0800] "GET /xingrg/javascript/jquery_tools/jquery.tools.extend.js HTTP/1.1" 200 15385
120.253.135.82 - - [03/Jun/2022:09:11:53 +0800] "GET /xingrg/javascript/easyui/themes/icons/cance_new.png HTTP/1.1" 200 3986
120.253.135.82 - - [03/Jun/2022:09:11:53 +0800] "GET /xingrg/javascript/easyui/themes/icons/edit_add_new.png HTTP/1.1" 200 2997
120.253.135.82 - - [03/Jun/2022:09:11:53 +0800] "GET /xingrg/javascript/easyui/themes/icons/check_new.png HTTP/1.1" 200 3224
120.253.135.82 - - [03/Jun/2022:09:11:53 +0800] "GET /xingrg/javascript/easyui/themes/icons/uncheck_new.png HTTP/1.1" 200 3197
120.253.135.82 - - [03/Jun/2022:09:11:53 +0800] "GET /xingrg/javascript/easyui/themes/icons/field_new.png HTTP/1.1" 200 1097
120.253.135.82 - - [03/Jun/2022:09:11:53 +0800] "GET /xingrg/javascript/easyui/themes/icons/import_new.png HTTP/1.1" 200 1247
120.253.135.82 - - [03/Jun/2022:09:11:53 +0800] "GET /xingrg/javascript/easyui/plugins/jquery.parser.js HTTP/1.1" 200 1142
120.253.135.82 - - [03/Jun/2022:09:11:53 +0800] "GET /xingrg/images/control/ajaxLoader.gif HTTP/1.1" 200 4659
120.253.135.82 - - [03/Jun/2022:09:11:53 +0800] "POST /xingrg/kc/pszx/mdps_list_operate.html HTTP/1.1" 200 5307
114.86.226.26 - - [03/Jun/2022:09:11:56 +0800] "POST /xingrg/kc/mdqp/psth_list_operate.html HTTP/1.1" 200 2619
120.253.135.82 - - [03/Jun/2022:09:12:05 +0800] "POST /xingrg/kc/pszx/mdps_list_operate.html HTTP/1.1" 200 453
180.175.103.167 - - [03/Jun/2022:09:12:06 +0800] "GET /xingrg/all/function/internal_message.html?_=1654218726429&CODE_STATE=getMsg HTTP/1.1" 200 27
180.175.103.167 - - [03/Jun/2022:09:12:10 +0800] "GET /xingrg/all/function/internal_message.html?_=1654218646728&CODE_STATE=getMsg HTTP/1.1" 200 27
180.175.103.167 - - [03/Jun/2022:09:12:11 +0800] "POST /xingrg/kc/buy/cgsh_order_operate.html HTTP/1.1" 200 37
120.253.135.82 - - [03/Jun/2022:09:12:11 +0800] "GET /xingrg/javascript/easyui/themes/default/images/button_plain_hover.png HTTP/1.1" 200 144
120.253.135.82 - - [03/Jun/2022:09:12:11 +0800] "GET /xingrg/kc/pszx/mdps_order_add.html HTTP/1.1" 200 29035
120.253.135.82 - - [03/Jun/2022:09:12:11 +0800] "GET /xingrg/javascript/pic_change.js HTTP/1.1" 200 4739
120.253.135.82 - - [03/Jun/2022:09:12:11 +0800] "GET /xingrg/javascript/myfunction.js HTTP/1.1" 200 24559
120.253.135.82 - - [03/Jun/2022:09:12:11 +0800] "GET /xingrg/javascript/json2.js HTTP/1.1" 200 11259
120.253.135.82 - - [03/Jun/2022:09:12:11 +0800] "GET /xingrg/javascript/convert.js HTTP/1.1" 200 1239
120.253.135.82 - - [03/Jun/2022:09:12:11 +0800] "GET /xingrg/javascript/jquery_tools/order_manager.js HTTP/1.1" 200 11183
120.253.135.82 - - [03/Jun/2022:09:12:11 +0800] "GET /xingrg/javascript/print/kc_print.js HTTP/1.1" 200 11415
120.253.135.82 - - [03/Jun/2022:09:12:11 +0800] "GET /xingrg/words/20220601163946_words.js HTTP/1.1" 200 900171
120.253.135.82 - - [03/Jun/2022:09:12:11 +0800] "GET /xingrg/javascript/easyui/themes/icons/copy_new.png HTTP/1.1" 200 815
120.253.135.82 - - [03/Jun/2022:09:12:11 +0800] "GET /xingrg/javascript/easyui/themes/icons/print.png HTTP/1.1" 200 1057
120.253.135.82 - - [03/Jun/2022:09:12:11 +0800] "GET /xingrg/javascript/easyui/themes/icons/ok.png HTTP/1.1" 200 883
120.253.135.82 - - [03/Jun/2022:09:12:11 +0800] "GET /xingrg/javascript/easyui/themes/default/images/menu_downarrow.png HTTP/1.1" 200 173
120.253.135.82 - - [03/Jun/2022:09:12:11 +0800] "GET /xingrg/javascript/easyui/themes/icons/cancel.png HTTP/1.1" 200 1133
180.175.103.167 - - [03/Jun/2022:09:12:12 +0800] "POST /xingrg/kc/buy/cgsh_order_operate.html HTTP/1.1" 200 2659
120.253.135.82 - - [03/Jun/2022:09:12:13 +0800] "POST /xingrg/kc/pszx/mdps_order_operate.html HTTP/1.1" 200 7126
120.253.135.82 - - [03/Jun/2022:09:12:13 +0800] "GET /xingrg/all/common/auto_word.html?type=base&rest_code=00101 HTTP/1.1" 200 671
120.253.135.82 - - [03/Jun/2022:09:12:13 +0800] "GET /xingrg/javascript/easyui/themes/icons/edit_remove.png HTTP/1.1" 200 625
120.253.135.82 - - [03/Jun/2022:09:12:13 +0800] "GET /xingrg/javascript/easyui/themes/default/validatebox.css HTTP/1.1" 404 1104
120.253.135.82 - - [03/Jun/2022:09:12:13 +0800] "GET /xingrg/javascript/easyui/plugins/jquery.validatebox.js HTTP/1.1" 200 6103
120.253.135.82 - - [03/Jun/2022:09:12:13 +0800] "GET /xingrg/javascript/easyui/plugins/jquery.numberbox.js HTTP/1.1" 200 5213
120.253.135.82 - - [03/Jun/2022:09:12:15 +0800] "GET /xingrg/javascript/auto/indicator.gif HTTP/1.1" 404 1066
120.253.135.82 - - [03/Jun/2022:09:12:17 +0800] "GET /xingrg/all/function/internal_message.html?_=1654218745238&CODE_STATE=getMsg HTTP/1.1" 200 27
120.253.135.82 - - [03/Jun/2022:09:12:18 +0800] "GET /xingrg/all/function/internal_message.html?_=1654218544771&CODE_STATE=getMsg HTTP/1.1" 200 27
120.253.135.82 - - [03/Jun/2022:09:12:19 +0800] "GET /xingrg/css/images/panel_loading.gif HTTP/1.1" 200 1737
120.253.135.82 - - [03/Jun/2022:09:12:19 +0800] "POST /xingrg/all/common/load_combo.html?type=base HTTP/1.1" 200 1169
58.35.194.53 - - [03/Jun/2022:09:12:23 +0800] "GET /xingrg/all/function/internal_message.html?_=1654218740962&CODE_STATE=getMsg HTTP/1.1" 200 27
58.35.194.53 - - [03/Jun/2022:09:12:23 +0800] "GET /xingrg/check_reg.html?_=1654218740963 HTTP/1.1" 200 22
58.39.61.91 - - [03/Jun/2022:09:12:24 +0800] "GET /xingrg/all/function/internal_message.html?_=1654218699025&CODE_STATE=getMsg HTTP/1.1" 200 27
58.40.7.146 - - [03/Jun/2022:09:12:25 +0800] "GET /xingrg/all/function/internal_message.html?_=1654218724983&CODE_STATE=getMsg HTTP/1.1" 200 27
58.40.7.146 - - [03/Jun/2022:09:12:25 +0800] "GET /xingrg/check_reg.html?_=1654218724985 HTTP/1.1" 200 22
180.169.147.146 - - [03/Jun/2022:09:12:29 +0800] "GET /xingrg/all/function/internal_message.html?_=1654218746314&CODE_STATE=getMsg HTTP/1.1" 200 27
180.175.103.167 - - [03/Jun/2022:09:12:30 +0800] "GET /xingrg/check_reg.html?_=1654218750051 HTTP/1.1" 200 22
116.235.92.88 - - [03/Jun/2022:09:12:37 +0800] "GET /xingrg/all/function/internal_message.html?_=1654218932549&CODE_STATE=getMsg HTTP/1.1" 200 27
58.40.7.146 - - [03/Jun/2022:09:12:39 +0800] "GET /xingrg/all/function/internal_message.html?_=1654218757118&CODE_STATE=getMsg HTTP/1.1" 200 27
58.39.61.91 - - [03/Jun/2022:09:12:43 +0800] "GET /xingrg/all/function/internal_message.html?_=1654218759324&CODE_STATE=getMsg HTTP/1.1" 200 27
114.86.226.26 - - [03/Jun/2022:09:12:46 +0800] "GET /xingrg/all/function/internal_message.html?_=1654218770388&CODE_STATE=getMsg HTTP/1.1" 200 27
116.230.110.173 - - [03/Jun/2022:09:12:51 +0800] "GET /xingrg/all/function/internal_message.html?_=1654218768525&CODE_STATE=getMsg HTTP/1.1" 200 27
114.84.82.172 - - [03/Jun/2022:09:12:51 +0800] "GET /xingrg/all/function/internal_message.html?_=1654218769252&CODE_STATE=getMsg HTTP/1.1" 200 27
172.20.0.100 - - [03/Jun/2022:09:12:51 +0800] "GET /xingrg/all/function/internal_message.html?_=1654218769195&CODE_STATE=getMsg HTTP/1.1" 200 27
180.175.103.167 - - [03/Jun/2022:09:13:06 +0800] "GET /xingrg/all/function/internal_message.html?_=1654218786401&CODE_STATE=getMsg HTTP/1.1" 200 27
180.175.103.167 - - [03/Jun/2022:09:13:10 +0800] "GET /xingrg/all/function/internal_message.html?_=1654218706714&CODE_STATE=getMsg HTTP/1.1" 200 27
120.253.135.82 - - [03/Jun/2022:09:13:17 +0800] "GET /xingrg/all/function/internal_message.html?_=1654218805252&CODE_STATE=getMsg HTTP/1.1" 200 27
120.253.135.82 - - [03/Jun/2022:09:13:18 +0800] "GET /xingrg/all/function/internal_message.html?_=1654218604785&CODE_STATE=getMsg HTTP/1.1" 200 27
58.35.194.53 - - [03/Jun/2022:09:13:23 +0800] "GET /xingrg/all/function/internal_message.html?_=1654218800964&CODE_STATE=getMsg HTTP/1.1" 200 27
58.39.61.91 - - [03/Jun/2022:09:13:24 +0800] "GET /xingrg/all/function/internal_message.html?_=1654218759072&CODE_STATE=getMsg HTTP/1.1" 200 27
58.40.7.146 - - [03/Jun/2022:09:13:25 +0800] "GET /xingrg/all/function/internal_message.html?_=1654218784987&CODE_STATE=getMsg HTTP/1.1" 200 27
180.156.212.250 - - [03/Jun/2022:09:13:26 +0800] "GET /xingrg/check_reg.html?_=1654218870553 HTTP/1.1" 302 -
114.86.226.26 - - [03/Jun/2022:09:13:27 +0800] "GET /xingrg/javascript/easyui/themes/default/images/button_plain_hover.png HTTP/1.1" 200 144
180.156.212.250 - - [03/Jun/2022:09:13:28 +0800] "GET /xingrg/javascript/jquery_easy_ui/themes/default/images/tabs_active.png HTTP/1.1" 304 -
180.156.212.250 - - [03/Jun/2022:09:13:28 +0800] "GET /xingrg/javascript/jquery_easy_ui/themes/default/images/tabs_active.png HTTP/1.1" 304 -
180.169.147.146 - - [03/Jun/2022:09:13:28 +0800] "GET /xingrg/all/function/internal_message.html?_=1654218806323&CODE_STATE=getMsg HTTP/1.1" 200 27
180.169.147.146 - - [03/Jun/2022:09:13:29 +0800] "GET /xingrg/check_reg.html?_=1654218806325 HTTP/1.1" 200 22
180.156.212.250 - - [03/Jun/2022:09:13:30 +0800] "POST /xingrg/kc/base/yddb_list_operate.html HTTP/1.1" 302 -
180.156.212.250 - - [03/Jun/2022:09:13:30 +0800] "GET /xingrg/images/blue/login_bg.png HTTP/1.1" 304 -
180.156.212.250 - - [03/Jun/2022:09:13:30 +0800] "GET /xingrg/images/blue/srbg.png HTTP/1.1" 304 -
180.156.212.250 - - [03/Jun/2022:09:13:30 +0800] "GET /xingrg/images/blue/hj.png HTTP/1.1" 304 -
180.156.212.250 - - [03/Jun/2022:09:13:31 +0800] "GET /xingrg/javascript/jquery_tools/images/prev.gif HTTP/1.1" 404 1086
180.156.212.250 - - [03/Jun/2022:09:13:31 +0800] "GET /xingrg/javascript/jquery_tools/images/next.gif HTTP/1.1" 404 1086
114.86.226.26 - - [03/Jun/2022:09:13:36 +0800] "POST /xingrg/kc/mdqp/psth_list_operate.html HTTP/1.1" 200 316
114.84.82.172 - - [03/Jun/2022:09:13:36 +0800] "GET /xingrg/check_reg.html?_=1654218814927 HTTP/1.1" 200 22
116.235.92.88 - - [03/Jun/2022:09:13:37 +0800] "GET /xingrg/all/function/internal_message.html?_=1654218992546&CODE_STATE=getMsg HTTP/1.1" 200 27
116.235.92.88 - - [03/Jun/2022:09:13:37 +0800] "GET /xingrg/check_reg.html?_=1654218992547 HTTP/1.1" 200 22
120.253.135.82 - - [03/Jun/2022:09:13:37 +0800] "GET /xingrg/kc/pszx/mdps_order_operate.html?command=get_materiel&pszx_code=00101&rest_code=00111&base_code=0010250&code=00102034061 HTTP/1.1" 200 436
58.40.7.146 - - [03/Jun/2022:09:13:39 +0800] "GET /xingrg/all/function/internal_message.html?_=1654218817121&CODE_STATE=getMsg HTTP/1.1" 200 27
58.39.61.91 - - [03/Jun/2022:09:13:43 +0800] "GET /xingrg/all/function/internal_message.html?_=1654218819318&CODE_STATE=getMsg HTTP/1.1" 200 27
114.86.226.26 - - [03/Jun/2022:09:13:44 +0800] "POST /xingrg/kc/mdqp/psth_list_operate.html HTTP/1.1" 200 73
114.86.226.26 - - [03/Jun/2022:09:13:46 +0800] "GET /xingrg/all/function/internal_message.html?_=1654218830386&CODE_STATE=getMsg HTTP/1.1" 200 27
114.86.226.26 - - [03/Jun/2022:09:13:47 +0800] "GET /xingrg/kc/mdqp/psth_order_info1.html?code=322022052700011 HTTP/1.1" 200 22353
114.86.226.26 - - [03/Jun/2022:09:13:47 +0800] "GET /xingrg/javascript/jquery_tools/order_manager.js HTTP/1.1" 200 11183
114.86.226.26 - - [03/Jun/2022:09:13:47 +0800] "GET /xingrg/javascript/jquery_tools/jquery-1.4.2.min.js HTTP/1.1" 404 1094
114.86.226.26 - - [03/Jun/2022:09:13:47 +0800] "GET /xingrg/javascript/pic_change.js HTTP/1.1" 200 4739
114.86.226.26 - - [03/Jun/2022:09:13:47 +0800] "GET /xingrg/javascript/json2.js HTTP/1.1" 200 11259
114.86.226.26 - - [03/Jun/2022:09:13:47 +0800] "GET /xingrg/javascript/convert.js HTTP/1.1" 200 1239
114.86.226.26 - - [03/Jun/2022:09:13:47 +0800] "GET /xingrg/words/20220601163946_words.js HTTP/1.1" 200 900171
114.86.226.26 - - [03/Jun/2022:09:13:47 +0800] "GET /xingrg/javascript/print/kc_print.js HTTP/1.1" 200 11415
114.86.226.26 - - [03/Jun/2022:09:13:47 +0800] "GET /xingrg/javascript/print/LodopFuncs.js HTTP/1.1" 200 5121
114.86.226.26 - - [03/Jun/2022:09:13:48 +0800] "GET /xingrg/javascript/easyui/themes/default/images/menu_downarrow.png HTTP/1.1" 200 173
114.86.226.26 - - [03/Jun/2022:09:13:48 +0800] "GET /xingrg/javascript/easyui/themes/icons/print.png HTTP/1.1" 200 1057
114.86.226.26 - - [03/Jun/2022:09:13:48 +0800] "GET /xingrg/javascript/easyui/themes/icons/cancel.png HTTP/1.1" 200 1133
114.86.226.26 - - [03/Jun/2022:09:13:48 +0800] "GET /xingrg/javascript/easyui/themes/default/validatebox.css HTTP/1.1" 404 1104
114.86.226.26 - - [03/Jun/2022:09:13:48 +0800] "GET /xingrg/javascript/easyui/plugins/jquery.validatebox.js HTTP/1.1" 200 6103
114.86.226.26 - - [03/Jun/2022:09:13:48 +0800] "POST /xingrg/kc/mdqp/psth_order_operate.html HTTP/1.1" 200 1011
114.86.226.26 - - [03/Jun/2022:09:13:48 +0800] "GET /xingrg/javascript/easyui/plugins/jquery.numberbox.js HTTP/1.1" 200 5213
114.86.226.26 - - [03/Jun/2022:09:13:48 +0800] "GET /xingrg/javascript/easyui/themes/icons/edit_remove.png HTTP/1.1" 200 625
116.230.110.173 - - [03/Jun/2022:09:13:51 +0800] "GET /xingrg/all/function/internal_message.html?_=1654218828517&CODE_STATE=getMsg HTTP/1.1" 200 27
114.84.82.172 - - [03/Jun/2022:09:13:51 +0800] "GET /xingrg/all/function/internal_message.html?_=1654218829281&CODE_STATE=getMsg HTTP/1.1" 200 27
172.20.0.100 - - [03/Jun/2022:09:13:51 +0800] "GET /xingrg/check_reg.html?_=1654218829198 HTTP/1.1" 200 22
172.20.0.100 - - [03/Jun/2022:09:13:51 +0800] "GET /xingrg/all/function/internal_message.html?_=1654218829200&CODE_STATE=getMsg HTTP/1.1" 200 27
114.86.226.26 - - [03/Jun/2022:09:13:52 +0800] "POST /xingrg/kc/mdqp/psth_order_operate.html HTTP/1.1" 200 203
114.86.226.26 - - [03/Jun/2022:09:14:02 +0800] "GET /xingrg/kc/base/check_order_list.html HTTP/1.1" 200 16481
114.86.226.26 - - [03/Jun/2022:09:14:02 +0800] "POST /xingrg/kc/base/check_list_operate.html HTTP/1.1" 200 781
114.86.226.26 - - [03/Jun/2022:09:14:06 +0800] "POST /xingrg/kc/base/check_list_operate.html HTTP/1.1" 200 5418
180.175.103.167 - - [03/Jun/2022:09:14:06 +0800] "GET /xingrg/all/function/internal_message.html?_=1654218846373&CODE_STATE=getMsg HTTP/1.1" 200 27
180.175.103.167 - - [03/Jun/2022:09:14:10 +0800] "GET /xingrg/all/function/internal_message.html?_=1654218766699&CODE_STATE=getMsg HTTP/1.1" 200 27
114.86.226.26 - - [03/Jun/2022:09:14:15 +0800] "POST /xingrg/kc/base/check_list_operate.html HTTP/1.1" 200 4
114.86.226.26 - - [03/Jun/2022:09:14:16 +0800] "POST /xingrg/kc/base/check_list_operate.html HTTP/1.1" 200 5415
120.253.135.82 - - [03/Jun/2022:09:14:17 +0800] "GET /xingrg/all/function/internal_message.html?_=1654218865275&CODE_STATE=getMsg HTTP/1.1" 200 27
114.86.226.26 - - [03/Jun/2022:09:14:18 +0800] "GET /xingrg/kc/mdqp/psth_order_list1.html HTTP/1.1" 200 17886
114.86.226.26 - - [03/Jun/2022:09:14:18 +0800] "POST /xingrg/kc/mdqp/psth_list_operate.html HTTP/1.1" 200 749
120.253.135.82 - - [03/Jun/2022:09:14:18 +0800] "GET /xingrg/all/function/internal_message.html?_=1654218664811&CODE_STATE=getMsg HTTP/1.1" 200 27
114.86.226.26 - - [03/Jun/2022:09:14:22 +0800] "POST /xingrg/kc/mdqp/psth_list_operate.html HTTP/1.1" 200 2619
58.35.194.53 - - [03/Jun/2022:09:14:23 +0800] "GET /xingrg/all/function/internal_message.html?_=1654218860966&CODE_STATE=getMsg HTTP/1.1" 200 27
114.86.226.26 - - [03/Jun/2022:09:14:24 +0800] "POST /xingrg/kc/mdqp/psth_list_operate.html HTTP/1.1" 200 316
58.39.61.91 - - [03/Jun/2022:09:14:24 +0800] "GET /xingrg/all/function/internal_message.html?_=1654218819084&CODE_STATE=getMsg HTTP/1.1" 200 27
58.40.7.146 - - [03/Jun/2022:09:14:25 +0800] "GET /xingrg/all/function/internal_message.html?_=1654218844990&CODE_STATE=getMsg HTTP/1.1" 200 27
180.169.147.146 - - [03/Jun/2022:09:14:28 +0800] "GET /xingrg/all/function/internal_message.html?_=1654218866320&CODE_STATE=getMsg HTTP/1.1" 200 27
114.86.226.26 - - [03/Jun/2022:09:14:30 +0800] "POST /xingrg/kc/mdqp/psth_list_operate.html HTTP/1.1" 200 4
120.253.135.82 - - [03/Jun/2022:09:14:31 +0800] "GET /xingrg/kc/pszx/mdps_order_operate.html?command=get_materiel&pszx_code=00101&rest_code=00111&base_code=0010250&code=00102034062 HTTP/1.1" 200 437
114.86.226.26 - - [03/Jun/2022:09:14:31 +0800] "POST /xingrg/kc/mdqp/psth_list_operate.html HTTP/1.1" 200 2272
114.86.226.26 - - [03/Jun/2022:09:14:36 +0800] "POST /xingrg/kc/mdqp/psth_list_operate.html HTTP/1.1" 200 5340
116.235.92.88 - - [03/Jun/2022:09:14:37 +0800] "GET /xingrg/all/function/internal_message.html?_=1654219052541&CODE_STATE=getMsg HTTP/1.1" 200 27
114.86.226.26 - - [03/Jun/2022:09:14:37 +0800] "POST /xingrg/kc/mdqp/psth_list_operate.html HTTP/1.1" 200 316
114.86.226.26 - - [03/Jun/2022:09:14:38 +0800] "GET /xingrg/kc/mdqp/psth_order_info1.html?code=322022052700011 HTTP/1.1" 200 25831
114.86.226.26 - - [03/Jun/2022:09:14:38 +0800] "GET /xingrg/javascript/jquery_tools/jquery-1.4.2.min.js HTTP/1.1" 404 1094
114.86.226.26 - - [03/Jun/2022:09:14:38 +0800] "GET /xingrg/javascript/easyui/themes/icons/ok.png HTTP/1.1" 200 883
114.86.226.26 - - [03/Jun/2022:09:14:38 +0800] "GET /xingrg/all/common/auto_word.html?type=base&rest_code=00105&rest_code=00101 HTTP/1.1" 200 1907
114.86.226.26 - - [03/Jun/2022:09:14:38 +0800] "GET /xingrg/javascript/easyui/themes/default/validatebox.css HTTP/1.1" 404 1104
114.86.226.26 - - [03/Jun/2022:09:14:38 +0800] "POST /xingrg/kc/mdqp/psth_order_operate.html HTTP/1.1" 200 2716
58.40.7.146 - - [03/Jun/2022:09:14:39 +0800] "GET /xingrg/all/function/internal_message.html?_=1654218877123&CODE_STATE=getMsg HTTP/1.1" 200 27
58.40.7.146 - - [03/Jun/2022:09:14:39 +0800] "GET /xingrg/check_reg.html?_=1654218877125 HTTP/1.1" 200 22
180.175.103.167 - - [03/Jun/2022:09:14:41 +0800] "POST /xingrg/kc/buy/cgsh_order_operate.html HTTP/1.1" 200 37
180.175.103.167 - - [03/Jun/2022:09:14:42 +0800] "POST /xingrg/kc/buy/cgsh_order_operate.html HTTP/1.1" 200 2659
58.39.61.91 - - [03/Jun/2022:09:14:43 +0800] "GET /xingrg/all/function/internal_message.html?_=1654218879336&CODE_STATE=getMsg HTTP/1.1" 200 27
114.86.226.26 - - [03/Jun/2022:09:14:46 +0800] "GET /xingrg/all/function/internal_message.html?_=1654218890390&CODE_STATE=getMsg HTTP/1.1" 200 27
120.253.135.82 - - [03/Jun/2022:09:14:47 +0800] "POST /xingrg/kc/pszx/mdps_order_operate.html HTTP/1.1" 200 37
120.253.135.82 - - [03/Jun/2022:09:14:48 +0800] "GET /xingrg/kc/pszx/mdps_order_info.html?code=312022060300076 HTTP/1.1" 200 23972
180.175.103.167 - - [03/Jun/2022:09:14:48 +0800] "GET /xingrg/index.html?sysBaseUrl=http%3A%2F%2F180.169.147.146%3A18081%2Fxingrg%2F&costTime=36×tamp=1585223203754 HTTP/1.1" 302 -
180.175.103.167 - - [03/Jun/2022:09:14:48 +0800] "GET /xingrg/login.html HTTP/1.1" 200 7641
180.175.103.167 - - [03/Jun/2022:09:14:49 +0800] "GET /favicon.ico HTTP/1.1" 404 -
120.253.135.82 - - [03/Jun/2022:09:14:49 +0800] "POST /xingrg/kc/pszx/mdps_order_operate.html HTTP/1.1" 200 2788
120.253.135.82 - - [03/Jun/2022:09:14:49 +0800] "GET /xingrg/javascript/easyui/themes/default/validatebox.css HTTP/1.1" 404 1104
116.230.110.173 - - [03/Jun/2022:09:14:51 +0800] "GET /xingrg/all/function/internal_message.html?_=1654218888533&CODE_STATE=getMsg HTTP/1.1" 200 27
116.230.110.173 - - [03/Jun/2022:09:14:51 +0800] "GET /xingrg/check_reg.html?_=1654218888536 HTTP/1.1" 200 22
114.86.226.26 - - [03/Jun/2022:09:14:51 +0800] "POST /xingrg/kc/mdqp/psth_order_operate.html HTTP/1.1" 200 12
114.84.82.172 - - [03/Jun/2022:09:14:51 +0800] "GET /xingrg/all/function/internal_message.html?_=1654218889280&CODE_STATE=getMsg HTTP/1.1" 200 27
180.175.103.167 - - [03/Jun/2022:09:14:51 +0800] "POST /xingrg/login.do HTTP/1.1" 200 2421
114.84.82.172 - - [03/Jun/2022:09:14:51 +0800] "GET /xingrg/check_reg.html?_=1654218889283 HTTP/1.1" 200 22
180.175.103.167 - - [03/Jun/2022:09:14:51 +0800] "GET /favicon.ico HTTP/1.1" 404 -
172.20.0.100 - - [03/Jun/2022:09:14:51 +0800] "GET /xingrg/all/function/internal_message.html?_=1654218889201&CODE_STATE=getMsg HTTP/1.1" 200 27
180.175.103.167 - - [03/Jun/2022:09:14:52 +0800] "GET /xingrg/login.html HTTP/1.1" 200 7641
180.175.103.167 - - [03/Jun/2022:09:14:52 +0800] "GET /favicon.ico HTTP/1.1" 404 -
114.86.226.26 - - [03/Jun/2022:09:14:53 +0800] "POST /xingrg/kc/mdqp/psth_list_operate.html HTTP/1.1" 200 5349
120.253.135.82 - - [03/Jun/2022:09:14:53 +0800] "GET /xingrg/kc/pszx/mdps_order_add.html HTTP/1.1" 200 29035
180.175.103.167 - - [03/Jun/2022:09:14:54 +0800] "POST /xingrg/login.do HTTP/1.1" 302 -
180.175.103.167 - - [03/Jun/2022:09:14:54 +0800] "GET /xingrg/index.html?sysBaseUrl=http%3A%2F%2F180.169.147.146%3A18081%2Fxingrg%2F&costTime=47×tamp=1654218894084 HTTP/1.1" 200 17173
180.175.103.167 - - [03/Jun/2022:09:14:54 +0800] "GET /favicon.ico HTTP/1.1" 404 -
180.175.103.167 - - [03/Jun/2022:09:14:54 +0800] "POST /xingrg/all/common/load_tree.html?tree=area_rest_tree_json&manage=1 HTTP/1.1" 200 3472
180.175.103.167 - - [03/Jun/2022:09:14:54 +0800] "GET /xingrg/all/function/internal_message.html?_=1654218894038&CODE_STATE=count HTTP/1.1" 200 11
180.175.103.167 - - [03/Jun/2022:09:14:54 +0800] "GET /xingrg/check_reg.html?_=1654218894038 HTTP/1.1" 200 22
180.175.103.167 - - [03/Jun/2022:09:14:54 +0800] "POST /xingrg/load_menu.html HTTP/1.1" 200 5138
120.253.135.82 - - [03/Jun/2022:09:14:54 +0800] "POST /xingrg/kc/pszx/mdps_order_operate.html HTTP/1.1" 200 7126
120.253.135.82 - - [03/Jun/2022:09:14:54 +0800] "GET /xingrg/javascript/easyui/themes/default/validatebox.css HTTP/1.1" 404 1104
114.86.226.26 - - [03/Jun/2022:09:14:55 +0800] "GET /xingrg/kc/base/yddb_order_list.html HTTP/1.1" 200 16707
114.86.226.26 - - [03/Jun/2022:09:14:55 +0800] "POST /xingrg/kc/mdqp/psth_list_operate.html HTTP/1.1" 200 5349
114.86.226.26 - - [03/Jun/2022:09:14:55 +0800] "GET /xingrg/javascript/easyui/themes/icons/import_new.png HTTP/1.1" 200 1247
114.86.226.26 - - [03/Jun/2022:09:14:55 +0800] "POST /xingrg/kc/base/yddb_list_operate.html HTTP/1.1" 200 636
180.175.103.167 - - [03/Jun/2022:09:14:56 +0800] "GET /xingrg/kc/buy/cgsh_order_list.html HTTP/1.1" 200 51746
180.175.103.167 - - [03/Jun/2022:09:14:58 +0800] "POST /xingrg/kc/buy/cgsh_list_operate.html HTTP/1.1" 200 2414
180.175.103.167 - - [03/Jun/2022:09:15:00 +0800] "POST /xingrg/kc/buy/cgsh_list_operate.html HTTP/1.1" 200 199
180.175.103.167 - - [03/Jun/2022:09:15:00 +0800] "GET /xingrg/kc/buy/cgsh_order_info.html?code=212022060300185 HTTP/1.1" 200 67619
180.175.103.167 - - [03/Jun/2022:09:15:01 +0800] "GET /xingrg/all/common/auto_word.html?type=employee&rest_code=00105 HTTP/1.1" 200 193
180.175.103.167 - - [03/Jun/2022:09:15:01 +0800] "GET /xingrg/all/common/auto_word.html?type=employee&rest_code=00105 HTTP/1.1" 200 193
180.175.103.167 - - [03/Jun/2022:09:15:01 +0800] "GET /xingrg/javascript/easyui/themes/default/validatebox.css HTTP/1.1" 404 1104
180.175.103.167 - - [03/Jun/2022:09:15:01 +0800] "POST /xingrg/kc/buy/cgsh_order_operate.html HTTP/1.1" 200 2659
120.253.135.82 - - [03/Jun/2022:09:15:03 +0800] "POST /xingrg/all/common/load_combo.html?type=base HTTP/1.1" 200 1169
180.175.103.167 - - [03/Jun/2022:09:15:03 +0800] "GET /xingrg/kc/print/load_config.html?kc_code=cgsh HTTP/1.1" 200 1943
180.175.103.167 - - [03/Jun/2022:09:15:04 +0800] "GET /xingrg/kc/print/load_data.html?order_code=212022060300185&kc_code=cgsh&condition= HTTP/1.1" 200 684
180.156.212.250 - - [03/Jun/2022:09:15:07 +0800] "GET /xingrg/login.html HTTP/1.1" 200 7641
180.156.212.250 - - [03/Jun/2022:09:15:09 +0800] "GET /xingrg/images/blue/jxLogo.png HTTP/1.1" 304 -
180.156.212.250 - - [03/Jun/2022:09:15:09 +0800] "GET /xingrg/images/blue/login_bg.png HTTP/1.1" 304 -
180.156.212.250 - - [03/Jun/2022:09:15:10 +0800] "GET /xingrg/images/blue/hj.png HTTP/1.1" 304 -
180.156.212.250 - - [03/Jun/2022:09:15:10 +0800] "GET /xingrg/images/blue/srbg.png HTTP/1.1" 304 -
180.175.103.167 - - [03/Jun/2022:09:15:10 +0800] "GET /xingrg/all/function/internal_message.html?_=1654218826684&CODE_STATE=getMsg HTTP/1.1" 200 27
120.253.135.82 - - [03/Jun/2022:09:15:11 +0800] "GET /xingrg/kc/pszx/mdps_order_operate.html?command=get_materiel&pszx_code=00101&rest_code=00106&base_code=0010250&code=00102034061 HTTP/1.1" 200 436
180.156.212.250 - - [03/Jun/2022:09:15:11 +0800] "GET /favicon.ico HTTP/1.1" 404 -
120.253.135.82 - - [03/Jun/2022:09:15:17 +0800] "GET /xingrg/all/function/internal_message.html?_=1654218925297&CODE_STATE=getMsg HTTP/1.1" 200 27
180.175.103.167 - - [03/Jun/2022:09:15:20 +0800] "GET /xingrg/kc/mdqp/psth_order_list1.html HTTP/1.1" 200 17886
180.175.103.167 - - [03/Jun/2022:09:15:20 +0800] "POST /xingrg/kc/mdqp/psth_list_operate.html HTTP/1.1" 200 749
180.156.212.250 - - [03/Jun/2022:09:15:20 +0800] "POST /xingrg/login.do HTTP/1.1" 302 -
180.156.212.250 - - [03/Jun/2022:09:15:20 +0800] "GET /xingrg/index.html?sysBaseUrl=http%3A%2F%2F180.169.147.146%3A18081%2Fxingrg%2F&costTime=46×tamp=1654218920767 HTTP/1.1" 200 17173
180.156.212.250 - - [03/Jun/2022:09:15:21 +0800] "GET /xingrg/javascript/jquery_easy_ui/themes/icon.css HTTP/1.1" 304 -
180.156.212.250 - - [03/Jun/2022:09:15:21 +0800] "GET /xingrg/javascript/jquery_easy_ui/themes/default/easyui.css HTTP/1.1" 304 -
180.156.212.250 - - [03/Jun/2022:09:15:21 +0800] "GET /xingrg/javascript/jquery-1.4.2.min.js HTTP/1.1" 304 -
180.156.212.250 - - [03/Jun/2022:09:15:21 +0800] "GET /xingrg/javascript/jquery_easy_ui/jquery.easyui.min.js HTTP/1.1" 304 -
180.156.212.250 - - [03/Jun/2022:09:15:21 +0800] "GET /xingrg/css/form.css HTTP/1.1" 304 -
180.156.212.250 - - [03/Jun/2022:09:15:21 +0800] "GET /xingrg/javascript/jquery.form.js HTTP/1.1" 304 -
180.156.212.250 - - [03/Jun/2022:09:15:21 +0800] "GET /xingrg/javascript/jquery.utils.js HTTP/1.1" 304 -
180.156.212.250 - - [03/Jun/2022:09:15:21 +0800] "GET /xingrg/javascript/jquery_easy_ui/easyui-lang-zh_CN.js HTTP/1.1" 304 -
180.156.212.250 - - [03/Jun/2022:09:15:21 +0800] "GET /xingrg/javascript/jquery.timers.js HTTP/1.1" 304 -
120.253.135.82 - - [03/Jun/2022:09:15:21 +0800] "GET /xingrg/kc/pszx/mdps_order_operate.html?command=get_materiel&pszx_code=00101&rest_code=00106&base_code=0010250&code=00102034062 HTTP/1.1" 200 437
180.156.212.250 - - [03/Jun/2022:09:15:21 +0800] "GET /xingrg/images/blue/navBackgound.jpg HTTP/1.1" 304 -
180.156.212.250 - - [03/Jun/2022:09:15:21 +0800] "GET /xingrg/javascript/jquery_easy_ui/themes/icons/settle_new.png HTTP/1.1" 304 -
180.156.212.250 - - [03/Jun/2022:09:15:22 +0800] "POST /xingrg/all/common/load_tree.html?tree=area_rest_tree_json&manage=1 HTTP/1.1" 200 342
180.156.212.250 - - [03/Jun/2022:09:15:22 +0800] "GET /xingrg/images/blue/pingpu.png HTTP/1.1" 304 -
180.156.212.250 - - [03/Jun/2022:09:15:22 +0800] "GET /xingrg/javascript/jquery_easy_ui/themes/default/images/tabs_leftarrow.png HTTP/1.1" 304 -
180.156.212.250 - - [03/Jun/2022:09:15:22 +0800] "GET /xingrg/javascript/jquery_easy_ui/themes/default/images/tabs_rightarrow.png HTTP/1.1" 304 -
180.156.212.250 - - [03/Jun/2022:09:15:22 +0800] "GET /xingrg/javascript/jquery_easy_ui/themes/default/images/panel_tool_collapse.gif HTTP/1.1" 304 -
180.156.212.250 - - [03/Jun/2022:09:15:23 +0800] "GET /xingrg/all/function/internal_message.html?_=1654218987717&CODE_STATE=count HTTP/1.1" 200 11
180.156.212.250 - - [03/Jun/2022:09:15:23 +0800] "GET /xingrg/check_reg.html?_=1654218987717 HTTP/1.1" 200 22
180.156.212.250 - - [03/Jun/2022:09:15:23 +0800] "POST /xingrg/load_menu.html HTTP/1.1" 200 5138
180.156.212.250 - - [03/Jun/2022:09:15:23 +0800] "GET /favicon.ico HTTP/1.1" 404 -
58.35.194.53 - - [03/Jun/2022:09:15:23 +0800] "GET /xingrg/all/function/internal_message.html?_=1654218920967&CODE_STATE=getMsg HTTP/1.1" 200 27
180.156.212.250 - - [03/Jun/2022:09:15:23 +0800] "GET /xingrg/javascript/jquery_easy_ui/themes/default/images/tree_arrows.gif HTTP/1.1" 304 -
180.175.103.167 - - [03/Jun/2022:09:15:23 +0800] "POST /xingrg/kc/mdqp/psth_list_operate.html HTTP/1.1" 200 5349
180.156.212.250 - - [03/Jun/2022:09:15:24 +0800] "GET /xingrg/javascript/jquery_easy_ui/themes/default/images/tree_folder_open.gif HTTP/1.1" 304 -
180.156.212.250 - - [03/Jun/2022:09:15:24 +0800] "GET /xingrg/javascript/jquery_easy_ui/themes/icons/search_new.png HTTP/1.1" 304 -
180.156.212.250 - - [03/Jun/2022:09:15:24 +0800] "GET /xingrg/javascript/jquery_easy_ui/themes/default/images/tree_folder.gif HTTP/1.1" 304 -
180.156.212.250 - - [03/Jun/2022:09:15:24 +0800] "GET /xingrg/javascript/jquery_easy_ui/themes/icons/storage_new.png HTTP/1.1" 304 -
180.156.212.250 - - [03/Jun/2022:09:15:24 +0800] "GET /xingrg/javascript/jquery_easy_ui/themes/icons/forms_new.png HTTP/1.1" 304 -
180.156.212.250 - - [03/Jun/2022:09:15:24 +0800] "GET /xingrg/javascript/jquery_easy_ui/themes/default/images/tree_file.gif HTTP/1.1" 304 -
58.39.61.91 - - [03/Jun/2022:09:15:24 +0800] "GET /xingrg/all/function/internal_message.html?_=1654218879098&CODE_STATE=getMsg HTTP/1.1" 200 27
180.175.103.167 - - [03/Jun/2022:09:15:25 +0800] "POST /xingrg/kc/mdqp/psth_list_operate.html HTTP/1.1" 200 203
58.40.7.146 - - [03/Jun/2022:09:15:25 +0800] "GET /xingrg/all/function/internal_message.html?_=1654218904979&CODE_STATE=getMsg HTTP/1.1" 200 27
180.156.212.250 - - [03/Jun/2022:09:15:26 +0800] "GET /xingrg/kc/base/yddb_order_list.html HTTP/1.1" 200 16707
180.156.212.250 - - [03/Jun/2022:09:15:26 +0800] "GET /xingrg/javascript/jquery_easy_ui/themes/default/images/tabs_close.gif HTTP/1.1" 304 -
180.156.212.250 - - [03/Jun/2022:09:15:27 +0800] "GET /xingrg/css/site.css HTTP/1.1" 304 -
180.156.212.250 - - [03/Jun/2022:09:15:27 +0800] "GET /xingrg/css/base.css HTTP/1.1" 304 -
180.156.212.250 - - [03/Jun/2022:09:15:27 +0800] "GET /xingrg/javascript/jquery_tools/datebox.css HTTP/1.1" 304 -
180.156.212.250 - - [03/Jun/2022:09:15:27 +0800] "GET /xingrg/javascript/easyui/themes/default/easyui.css HTTP/1.1" 304 -
180.156.212.250 - - [03/Jun/2022:09:15:27 +0800] "GET /xingrg/javascript/easyui/themes/icon.css HTTP/1.1" 304 -
180.156.212.250 - - [03/Jun/2022:09:15:27 +0800] "GET /xingrg/javascript/auto/jquery.autocomplete.css HTTP/1.1" 304 -
180.156.212.250 - - [03/Jun/2022:09:15:27 +0800] "GET /xingrg/javascript/jquery_tools/fix.css HTTP/1.1" 304 -
180.156.212.250 - - [03/Jun/2022:09:15:27 +0800] "GET /xingrg/javascript/jquery_tools/table.css HTTP/1.1" 304 -
180.156.212.250 - - [03/Jun/2022:09:15:27 +0800] "GET /xingrg/javascript/jquery_tools/jquery.tools.min.js HTTP/1.1" 304 -
180.156.212.250 - - [03/Jun/2022:09:15:27 +0800] "GET /xingrg/javascript/jquery_tools/jquery.tools.extend.js HTTP/1.1" 304 -
180.175.103.167 - - [03/Jun/2022:09:15:27 +0800] "POST /xingrg/kc/mdqp/psth_list_operate.html HTTP/1.1" 200 211
180.156.212.250 - - [03/Jun/2022:09:15:27 +0800] "GET /xingrg/javascript/jquery_tools/jquery.tools.hotkey.js HTTP/1.1" 304 -
180.156.212.250 - - [03/Jun/2022:09:15:27 +0800] "GET /xingrg/javascript/jquery_tools/jquery.tools.table.js HTTP/1.1" 304 -
180.156.212.250 - - [03/Jun/2022:09:15:27 +0800] "GET /xingrg/javascript/jquery_tools/list_manager.js HTTP/1.1" 304 -
180.156.212.250 - - [03/Jun/2022:09:15:27 +0800] "GET /xingrg/javascript/auto/jquery.autocomplete.js HTTP/1.1" 304 -
180.156.212.250 - - [03/Jun/2022:09:15:27 +0800] "GET /xingrg/javascript/easyui/easyloader.js HTTP/1.1" 304 -
180.156.212.250 - - [03/Jun/2022:09:15:27 +0800] "GET /xingrg/javascript/jquery.cookie.js HTTP/1.1" 304 -
180.156.212.250 - - [03/Jun/2022:09:15:27 +0800] "GET /xingrg/javascript/print/LodopFuncs.js HTTP/1.1" 304 -
180.175.103.167 - - [03/Jun/2022:09:15:28 +0800] "POST /xingrg/kc/mdqp/psth_list_operate.html HTTP/1.1" 200 315
180.169.147.146 - - [03/Jun/2022:09:15:28 +0800] "GET /xingrg/all/function/internal_message.html?_=1654218926311&CODE_STATE=getMsg HTTP/1.1" 200 27
180.156.212.250 - - [03/Jun/2022:09:15:33 +0800] "GET /xingrg/javascript/easyui/themes/icons/edit_add_new.png HTTP/1.1" 304 -
180.156.212.250 - - [03/Jun/2022:09:15:33 +0800] "GET /xingrg/javascript/easyui/themes/icons/field_new.png HTTP/1.1" 304 -
180.156.212.250 - - [03/Jun/2022:09:15:33 +0800] "GET /xingrg/javascript/easyui/themes/icons/import_new.png HTTP/1.1" 304 -
180.156.212.250 - - [03/Jun/2022:09:15:33 +0800] "GET /xingrg/javascript/easyui/plugins/jquery.parser.js HTTP/1.1" 304 -
180.156.212.250 - - [03/Jun/2022:09:15:33 +0800] "GET /xingrg/images/control/ajaxLoader.gif HTTP/1.1" 304 -
180.156.212.250 - - [03/Jun/2022:09:15:33 +0800] "GET /xingrg/javascript/jquery_easy_ui/themes/icons/area.png HTTP/1.1" 304 -
180.156.212.250 - - [03/Jun/2022:09:15:33 +0800] "GET /xingrg/javascript/jquery_easy_ui/themes/icons/rest.png HTTP/1.1" 304 -
180.156.212.250 - - [03/Jun/2022:09:15:33 +0800] "POST /xingrg/kc/base/yddb_list_operate.html HTTP/1.1" 200 636
116.235.92.88 - - [03/Jun/2022:09:15:37 +0800] "GET /xingrg/all/function/internal_message.html?_=1654219112539&CODE_STATE=getMsg HTTP/1.1" 200 27
120.253.135.82 - - [03/Jun/2022:09:15:37 +0800] "POST /xingrg/kc/pszx/mdps_order_operate.html HTTP/1.1" 200 37
120.253.135.82 - - [03/Jun/2022:09:15:38 +0800] "GET /xingrg/kc/pszx/mdps_order_info.html?code=312022060300077 HTTP/1.1" 200 23975
58.40.7.146 - - [03/Jun/2022:09:15:39 +0800] "GET /xingrg/all/function/internal_message.html?_=1654218937126&CODE_STATE=getMsg HTTP/1.1" 200 27
120.253.135.82 - - [03/Jun/2022:09:15:39 +0800] "POST /xingrg/kc/pszx/mdps_order_operate.html HTTP/1.1" 200 2788
120.253.135.82 - - [03/Jun/2022:09:15:39 +0800] "GET /xingrg/javascript/easyui/themes/default/validatebox.css HTTP/1.1" 404 1104
58.39.61.91 - - [03/Jun/2022:09:15:43 +0800] "GET /xingrg/check_reg.html?_=1654218939331 HTTP/1.1" 200 22
58.39.61.91 - - [03/Jun/2022:09:15:43 +0800] "GET /xingrg/all/function/internal_message.html?_=1654218939333&CODE_STATE=getMsg HTTP/1.1" 200 27
120.253.135.82 - - [03/Jun/2022:09:15:43 +0800] "GET /xingrg/kc/pszx/mdps_order_add.html HTTP/1.1" 200 29035
120.253.135.82 - - [03/Jun/2022:09:15:44 +0800] "POST /xingrg/kc/pszx/mdps_order_operate.html HTTP/1.1" 200 7126
120.253.135.82 - - [03/Jun/2022:09:15:44 +0800] "GET /xingrg/javascript/easyui/themes/default/validatebox.css HTTP/1.1" 404 1104
114.86.226.26 - - [03/Jun/2022:09:15:46 +0800] "GET /xingrg/all/function/internal_message.html?_=1654218950403&CODE_STATE=getMsg HTTP/1.1" 200 27
120.253.135.82 - - [03/Jun/2022:09:15:46 +0800] "GET /xingrg/javascript/easyui/plugins/jquery.draggable.js HTTP/1.1" 200 6121
120.253.135.82 - - [03/Jun/2022:09:15:46 +0800] "GET /xingrg/javascript/easyui/plugins/jquery.droppable.js HTTP/1.1" 200 1167
120.253.135.82 - - [03/Jun/2022:09:15:46 +0800] "GET /xingrg/javascript/easyui/themes/default/tree.css HTTP/1.1" 404 1090
120.253.135.82 - - [03/Jun/2022:09:15:46 +0800] "GET /xingrg/javascript/easyui/plugins/jquery.tree.js HTTP/1.1" 200 20874
120.253.135.82 - - [03/Jun/2022:09:15:46 +0800] "POST /xingrg/all/common/load_tree.html?tree=area_rest_tree_json&only_rest=1 HTTP/1.1" 200 3351
120.253.135.82 - - [03/Jun/2022:09:15:46 +0800] "GET /xingrg/javascript/easyui/themes/default/images/tree_arrows.gif HTTP/1.1" 200 617
120.253.135.82 - - [03/Jun/2022:09:15:46 +0800] "GET /xingrg/javascript/easyui/themes/default/images/tree_folder_open.gif HTTP/1.1" 200 956
120.253.135.82 - - [03/Jun/2022:09:15:46 +0800] "GET /xingrg/javascript/easyui/themes/icons/area.png HTTP/1.1" 200 262
120.253.135.82 - - [03/Jun/2022:09:15:46 +0800] "GET /xingrg/javascript/easyui/themes/icons/rest.png HTTP/1.1" 200 695
116.230.110.173 - - [03/Jun/2022:09:15:51 +0800] "GET /xingrg/all/function/internal_message.html?_=1654218948533&CODE_STATE=getMsg HTTP/1.1" 200 27
180.175.103.167 - - [03/Jun/2022:09:15:51 +0800] "POST /xingrg/kc/mdqp/psth_list_operate.html HTTP/1.1" 200 208
114.84.82.172 - - [03/Jun/2022:09:15:51 +0800] "GET /xingrg/all/function/internal_message.html?_=1654218949281&CODE_STATE=getMsg HTTP/1.1" 200 27
172.20.0.100 - - [03/Jun/2022:09:15:51 +0800] "GET /xingrg/all/function/internal_message.html?_=1654218949205&CODE_STATE=getMsg HTTP/1.1" 200 27
180.175.103.167 - - [03/Jun/2022:09:15:52 +0800] "POST /xingrg/kc/mdqp/psth_list_operate.html HTTP/1.1" 200 312
180.175.103.167 - - [03/Jun/2022:09:15:54 +0800] "GET /xingrg/all/function/internal_message.html?_=1654218954048&CODE_STATE=getMsg HTTP/1.1" 200 27
180.156.212.250 - - [03/Jun/2022:09:15:56 +0800] "POST /xingrg/kc/base/yddb_list_operate.html HTTP/1.1" 200 4371
180.156.212.250 - - [03/Jun/2022:09:16:00 +0800] "POST /xingrg/kc/base/yddb_list_operate.html HTTP/1.1" 200 208
180.156.212.250 - - [03/Jun/2022:09:16:00 +0800] "GET /xingrg/kc/base/yddb_order_info.html?code=482022060200012 HTTP/1.1" 200 31558
180.156.212.250 - - [03/Jun/2022:09:16:00 +0800] "GET /xingrg/javascript/AjaxInfoList.js HTTP/1.1" 200 3774
180.156.212.250 - - [03/Jun/2022:09:16:00 +0800] "GET /xingrg/javascript/Grid.js HTTP/1.1" 200 58908
180.156.212.250 - - [03/Jun/2022:09:16:00 +0800] "GET /xingrg/css/blue.css HTTP/1.1" 200 15949
180.156.212.250 - - [03/Jun/2022:09:16:00 +0800] "GET /xingrg/javascript/pic_change.js HTTP/1.1" 200 4739
180.156.212.250 - - [03/Jun/2022:09:16:00 +0800] "GET /xingrg/javascript/ToolTips.js HTTP/1.1" 200 5615
180.156.212.250 - - [03/Jun/2022:09:16:00 +0800] "GET /xingrg/javascript/jquery_easy_ui/themes/icon.css HTTP/1.1" 200 3949
180.156.212.250 - - [03/Jun/2022:09:16:00 +0800] "GET /xingrg/dwr/interface/AjaxComOrderService.js HTTP/1.1" 200 18264
120.253.135.82 - - [03/Jun/2022:09:16:00 +0800] "POST /xingrg/all/common/load_combo.html?type=base HTTP/1.1" 200 1169
180.156.212.250 - - [03/Jun/2022:09:16:00 +0800] "GET /xingrg/javascript/jquery_easy_ui/themes/default/easyui.css HTTP/1.1" 200 26500
180.156.212.250 - - [03/Jun/2022:09:16:00 +0800] "GET /xingrg/dwr/interface/AjaxYddbService.js HTTP/1.1" 200 13201
180.156.212.250 - - [03/Jun/2022:09:16:00 +0800] "GET /xingrg/dwr/util.js HTTP/1.1" 200 35990
180.156.212.250 - - [03/Jun/2022:09:16:00 +0800] "GET /xingrg/javascript/checkform.js HTTP/1.1" 200 18351
180.156.212.250 - - [03/Jun/2022:09:16:00 +0800] "GET /xingrg/javascript/Calendar.js HTTP/1.1" 200 31561
180.156.212.250 - - [03/Jun/2022:09:16:00 +0800] "GET /xingrg/dwr/engine.js HTTP/1.1" 200 43631
180.156.212.250 - - [03/Jun/2022:09:16:00 +0800] "GET /xingrg/javascript/myfunction.js HTTP/1.1" 200 24559
180.156.212.250 - - [03/Jun/2022:09:16:01 +0800] "GET /xingrg/javascript/jquery_easy_ui/themes/icons/edit_add_new.png HTTP/1.1" 200 2997
180.156.212.250 - - [03/Jun/2022:09:16:01 +0800] "GET /xingrg/javascript/jquery_easy_ui/themes/icons/check_new.png HTTP/1.1" 200 3224
180.156.212.250 - - [03/Jun/2022:09:16:01 +0800] "GET /xingrg/javascript/jquery_easy_ui/themes/icons/back_new.png HTTP/1.1" 200 3414
180.156.212.250 - - [03/Jun/2022:09:16:01 +0800] "GET /xingrg/javascript/jquery_easy_ui/themes/icons/print.png HTTP/1.1" 200 1057
180.156.212.250 - - [03/Jun/2022:09:16:01 +0800] "GET /xingrg/javascript/jquery_easy_ui/themes/default/images/menu_downarrow.png HTTP/1.1" 200 173
180.156.212.250 - - [03/Jun/2022:09:16:01 +0800] "GET /xingrg/images/blue/kc_tab_right.gif HTTP/1.1" 200 643
180.156.212.250 - - [03/Jun/2022:09:16:01 +0800] "GET /xingrg/images/blue/kc_tab_mid.gif HTTP/1.1" 200 44
180.156.212.250 - - [03/Jun/2022:09:16:01 +0800] "GET /xingrg/images/blue/wait.gif HTTP/1.1" 200 1100
180.156.212.250 - - [03/Jun/2022:09:16:01 +0800] "GET /xingrg/images/blue/kc_tab_left.gif HTTP/1.1" 200 188
180.156.212.250 - - [03/Jun/2022:09:16:01 +0800] "POST /xingrg/dwr/call/plaincall/AjaxYddbService.loadMaterielItems.dwr HTTP/1.1" 200 439
120.253.135.82 - - [03/Jun/2022:09:16:06 +0800] "GET /xingrg/kc/pszx/mdps_order_operate.html?command=get_materiel&pszx_code=00101&rest_code=00146&base_code=0010250&code=00102034061 HTTP/1.1" 200 436
180.175.103.167 - - [03/Jun/2022:09:16:10 +0800] "GET /xingrg/all/function/internal_message.html?_=1654218886695&CODE_STATE=getMsg HTTP/1.1" 200 27
180.156.212.250 - - [03/Jun/2022:09:16:13 +0800] "POST /xingrg/dwr/call/plaincall/AjaxYddbService.saveOrder.dwr HTTP/1.1" 200 78
120.253.135.82 - - [03/Jun/2022:09:16:16 +0800] "GET /xingrg/kc/pszx/mdps_order_operate.html?command=get_materiel&pszx_code=00101&rest_code=00146&base_code=0010250&code=00102034062 HTTP/1.1" 200 437
180.156.212.250 - - [03/Jun/2022:09:16:17 +0800] "GET /xingrg/javascript/jquery_easy_ui/themes/default/images/button_plain_hover.png HTTP/1.1" 200 252
58.39.61.91 - - [03/Jun/2022:09:16:17 +0800] "GET /xingrg/check_reg.html?_=1654218931860 HTTP/1.1" 200 22
120.253.135.82 - - [03/Jun/2022:09:16:17 +0800] "GET /xingrg/check_reg.html?_=1654218985230 HTTP/1.1" 200 22
120.253.135.82 - - [03/Jun/2022:09:16:17 +0800] "GET /xingrg/all/function/internal_message.html?_=1654218985308&CODE_STATE=getMsg HTTP/1.1" 200 27
180.156.212.250 - - [03/Jun/2022:09:16:18 +0800] "POST /xingrg/dwr/call/plaincall/AjaxYddbService.objCheckOrder.dwr HTTP/1.1" 200 78
180.156.212.250 - - [03/Jun/2022:09:16:19 +0800] "GET /xingrg/kc/base/yddb_order_info.html?code=482022060200012 HTTP/1.1" 200 31677
180.156.212.250 - - [03/Jun/2022:09:16:19 +0800] "GET /xingrg/dwr/interface/AjaxYddbService.js HTTP/1.1" 200 13201
180.156.212.250 - - [03/Jun/2022:09:16:19 +0800] "GET /xingrg/dwr/interface/AjaxComOrderService.js HTTP/1.1" 200 18264
180.156.212.250 - - [03/Jun/2022:09:16:19 +0800] "GET /xingrg/dwr/engine.js HTTP/1.1" 200 43631
180.156.212.250 - - [03/Jun/2022:09:16:20 +0800] "GET /xingrg/javascript/jquery_easy_ui/themes/icons/print.png HTTP/1.1" 200 1057
180.156.212.250 - - [03/Jun/2022:09:16:20 +0800] "GET /xingrg/javascript/jquery_easy_ui/themes/default/images/menu_downarrow.png HTTP/1.1" 200 173
180.156.212.250 - - [03/Jun/2022:09:16:20 +0800] "GET /xingrg/javascript/jquery_easy_ui/themes/icons/back_new.png HTTP/1.1" 200 3414
180.156.212.250 - - [03/Jun/2022:09:16:20 +0800] "POST /xingrg/dwr/call/plaincall/AjaxYddbService.loadMaterielItems.dwr HTTP/1.1" 200 439
180.156.212.250 - - [03/Jun/2022:09:16:23 +0800] "GET /xingrg/kc/base/yddb_order_report.html?fileType=servlets/html&code=482022060200012&reportName=ck_order_report&subName=yddb HTTP/1.1" 302 -
180.156.212.250 - - [03/Jun/2022:09:16:23 +0800] "GET /xingrg/servlets/html?sysBaseUrl=http%3A%2F%2F180.169.147.146%3A18081%2Fxingrg%2F&costTime=94×tamp=1654218983117 HTTP/1.1" 200 14778
180.156.212.250 - - [03/Jun/2022:09:16:23 +0800] "GET /xingrg/servlets/image?image=px HTTP/1.1" 200 807
180.156.212.250 - - [03/Jun/2022:09:16:23 +0800] "GET /favicon.ico HTTP/1.1" 404 -
180.175.103.167 - - [03/Jun/2022:09:16:23 +0800] "GET /xingrg/kc/base/check_order_list.html HTTP/1.1" 200 16220
180.175.103.167 - - [03/Jun/2022:09:16:23 +0800] "POST /xingrg/kc/base/check_list_operate.html HTTP/1.1" 200 1554
180.156.212.250 - - [03/Jun/2022:09:16:23 +0800] "GET /xingrg/all/function/internal_message.html?_=1654219048198&CODE_STATE=getMsg HTTP/1.1" 200 27
58.35.194.53 - - [03/Jun/2022:09:16:23 +0800] "GET /xingrg/all/function/internal_message.html?_=1654218980969&CODE_STATE=getMsg HTTP/1.1" 200 27
58.39.61.91 - - [03/Jun/2022:09:16:24 +0800] "GET /xingrg/all/function/internal_message.html?_=1654218939112&CODE_STATE=getMsg HTTP/1.1" 200 27
58.40.7.146 - - [03/Jun/2022:09:16:25 +0800] "GET /xingrg/all/function/internal_message.html?_=1654218964981&CODE_STATE=getMsg HTTP/1.1" 200 27
180.175.103.167 - - [03/Jun/2022:09:16:25 +0800] "GET /xingrg/kc/base/check_order_info.html?code=452022053100353 HTTP/1.1" 200 26551
180.175.103.167 - - [03/Jun/2022:09:16:25 +0800] "GET /xingrg/dwr/interface/AjaxCheckService.js HTTP/1.1" 200 14003
180.175.103.167 - - [03/Jun/2022:09:16:25 +0800] "GET /xingrg/dwr/interface/AjaxComOrderService.js HTTP/1.1" 200 18264
180.175.103.167 - - [03/Jun/2022:09:16:25 +0800] "GET /xingrg/dwr/util.js HTTP/1.1" 304 -
180.175.103.167 - - [03/Jun/2022:09:16:25 +0800] "GET /xingrg/dwr/engine.js HTTP/1.1" 200 43631
180.175.103.167 - - [03/Jun/2022:09:16:26 +0800] "POST /xingrg/dwr/call/plaincall/AjaxCheckService.loadOrderItems.dwr HTTP/1.1" 200 403873
120.253.135.82 - - [03/Jun/2022:09:16:27 +0800] "POST /xingrg/kc/pszx/mdps_order_operate.html HTTP/1.1" 200 37
120.253.135.82 - - [03/Jun/2022:09:16:28 +0800] "GET /xingrg/kc/pszx/mdps_order_info.html?code=312022060300078 HTTP/1.1" 200 23978
180.169.147.146 - - [03/Jun/2022:09:16:28 +0800] "GET /xingrg/all/function/internal_message.html?_=1654218986324&CODE_STATE=getMsg HTTP/1.1" 200 27
120.253.135.82 - - [03/Jun/2022:09:16:29 +0800] "POST /xingrg/kc/pszx/mdps_order_operate.html HTTP/1.1" 200 2788
120.253.135.82 - - [03/Jun/2022:09:16:30 +0800] "GET /xingrg/javascript/easyui/themes/default/validatebox.css HTTP/1.1" 404 1104
180.175.103.167 - - [03/Jun/2022:09:16:31 +0800] "GET /xingrg/check_reg.html?_=1654218907009 HTTP/1.1" 200 22
120.253.135.82 - - [03/Jun/2022:09:16:31 +0800] "GET /xingrg/kc/pszx/mdps_order_add.html HTTP/1.1" 200 29035
120.253.135.82 - - [03/Jun/2022:09:16:32 +0800] "POST /xingrg/kc/pszx/mdps_order_operate.html HTTP/1.1" 200 7126
120.253.135.82 - - [03/Jun/2022:09:16:32 +0800] "GET /xingrg/javascript/easyui/themes/default/validatebox.css HTTP/1.1" 404 1104
180.175.103.167 - - [03/Jun/2022:09:16:33 +0800] "GET /xingrg/kc/base/yddb_order_list.html HTTP/1.1" 200 16707
120.253.135.82 - - [03/Jun/2022:09:16:34 +0800] "GET /xingrg/javascript/easyui/themes/default/tree.css HTTP/1.1" 404 1090
120.253.135.82 - - [03/Jun/2022:09:16:34 +0800] "POST /xingrg/all/common/load_tree.html?tree=area_rest_tree_json&only_rest=1 HTTP/1.1" 200 3351
180.175.103.167 - - [03/Jun/2022:09:16:34 +0800] "POST /xingrg/kc/base/yddb_list_operate.html HTTP/1.1" 200 636
116.235.92.88 - - [03/Jun/2022:09:16:37 +0800] "GET /xingrg/all/function/internal_message.html?_=1654219172553&CODE_STATE=getMsg HTTP/1.1" 200 27
