114.84.82.172 - - [03/Jun/2022:08:34:18 +0800] "GET /xingrg/kc/buy/cgsh_order_operate.html?command=get_materiel&rest_code=00148&code=00102026001&supplier_code=00100090&order_time=2022-06-03 HTTP/1.1" 200 410
120.253.135.82 - - [03/Jun/2022:08:34:19 +0800] "GET /xingrg/all/function/internal_message.html?_=1654216466689&CODE_STATE=getMsg HTTP/1.1" 200 27
114.84.82.172 - - [03/Jun/2022:08:34:19 +0800] "POST /xingrg/all/report/load_report_page.html HTTP/1.1" 200 43432
114.84.82.172 - - [03/Jun/2022:08:34:19 +0800] "GET /xingrg/servlets/image?cache=0.852432318368452&image=px HTTP/1.1" 200 807
114.84.82.172 - - [03/Jun/2022:08:34:21 +0800] "POST /xingrg/all/report/load_report_page.html HTTP/1.1" 200 43465
114.84.82.172 - - [03/Jun/2022:08:34:21 +0800] "GET /xingrg/servlets/image?cache=0.007573003532105105&image=px HTTP/1.1" 200 807
58.39.61.91 - - [03/Jun/2022:08:34:23 +0800] "GET /xingrg/all/function/internal_message.html?_=1654216418058&CODE_STATE=getMsg HTTP/1.1" 200 27
58.35.194.53 - - [03/Jun/2022:08:34:23 +0800] "GET /xingrg/all/function/internal_message.html?_=1654216460973&CODE_STATE=getMsg HTTP/1.1" 200 27
58.40.7.146 - - [03/Jun/2022:08:34:25 +0800] "GET /xingrg/all/function/internal_message.html?_=1654216444986&CODE_STATE=getMsg HTTP/1.1" 200 27
114.84.82.172 - - [03/Jun/2022:08:34:28 +0800] "POST /xingrg/dwr/call/plaincall/AjaxReportQueryService.refreshCache.dwr HTTP/1.1" 200 78
114.84.82.172 - - [03/Jun/2022:08:34:32 +0800] "POST /xingrg/kc/buy/cgsh_order_operate.html HTTP/1.1" 200 37
114.84.82.172 - - [03/Jun/2022:08:34:33 +0800] "POST /xingrg/kc/buy/cgsh_order_operate.html HTTP/1.1" 200 3865
114.84.82.172 - - [03/Jun/2022:08:34:34 +0800] "POST /xingrg/all/report/load_report_page.html HTTP/1.1" 200 33728
114.84.82.172 - - [03/Jun/2022:08:34:34 +0800] "GET /xingrg/servlets/image?cache=0.0724336916564089&image=px HTTP/1.1" 200 807
116.235.92.88 - - [03/Jun/2022:08:34:37 +0800] "GET /xingrg/all/function/internal_message.html?_=1654216652489&CODE_STATE=getMsg HTTP/1.1" 200 27
58.40.7.146 - - [03/Jun/2022:08:34:39 +0800] "GET /xingrg/check_reg.html?_=1654216477100 HTTP/1.1" 200 22
58.40.7.146 - - [03/Jun/2022:08:34:39 +0800] "GET /xingrg/all/function/internal_message.html?_=1654216477101&CODE_STATE=getMsg HTTP/1.1" 200 27
58.39.61.91 - - [03/Jun/2022:08:34:43 +0800] "GET /xingrg/all/function/internal_message.html?_=1654216479225&CODE_STATE=getMsg HTTP/1.1" 200 27
114.84.82.172 - - [03/Jun/2022:08:34:43 +0800] "GET /xingrg/all/function/internal_message.html?_=1654216481252&CODE_STATE=getMsg HTTP/1.1" 200 27
114.84.82.172 - - [03/Jun/2022:08:34:44 +0800] "POST /xingrg/kc/buy/cgsh_order_operate.html HTTP/1.1" 200 37
114.84.82.172 - - [03/Jun/2022:08:34:45 +0800] "POST /xingrg/kc/buy/cgsh_order_operate.html HTTP/1.1" 200 3865
114.84.82.172 - - [03/Jun/2022:08:34:47 +0800] "GET /xingrg/kc/print/load_config.html?kc_code=cgsh HTTP/1.1" 200 1943
114.84.82.172 - - [03/Jun/2022:08:34:47 +0800] "GET /xingrg/kc/print/load_data.html?order_code=212022060300186&kc_code=cgsh&condition= HTTP/1.1" 200 1209
120.253.135.82 - - [03/Jun/2022:08:34:51 +0800] "GET /xingrg/all/function/internal_message.html?_=1654216581277&CODE_STATE=getMsg HTTP/1.1" 200 27
172.20.0.100 - - [03/Jun/2022:08:34:51 +0800] "GET /xingrg/all/function/internal_message.html?_=1654216489201&CODE_STATE=getMsg HTTP/1.1" 200 27
180.175.103.167 - - [03/Jun/2022:08:35:07 +0800] "GET /xingrg/all/function/internal_message.html?_=1654216507259&CODE_STATE=getMsg HTTP/1.1" 200 27
180.175.103.167 - - [03/Jun/2022:08:35:11 +0800] "GET /xingrg/all/function/internal_message.html?_=1654216427492&CODE_STATE=getMsg HTTP/1.1" 200 27
58.39.61.91 - - [03/Jun/2022:08:35:14 +0800] "POST /xingrg/kc/buy/cgsh_list_operate.html HTTP/1.1" 200 280
120.253.135.82 - - [03/Jun/2022:08:35:17 +0800] "GET /xingrg/all/function/internal_message.html?_=1654216324160&CODE_STATE=getMsg HTTP/1.1" 200 27
120.253.135.82 - - [03/Jun/2022:08:35:19 +0800] "GET /xingrg/all/function/internal_message.html?_=1654216526701&CODE_STATE=getMsg HTTP/1.1" 200 27
114.84.82.172 - - [03/Jun/2022:08:35:22 +0800] "POST /xingrg/kc/buy/cgsh_list_operate.html HTTP/1.1" 200 2040
58.35.194.53 - - [03/Jun/2022:08:35:23 +0800] "GET /xingrg/all/function/internal_message.html?_=1654216520960&CODE_STATE=getMsg HTTP/1.1" 200 27
58.39.61.91 - - [03/Jun/2022:08:35:23 +0800] "GET /xingrg/all/function/internal_message.html?_=1654216478108&CODE_STATE=getMsg HTTP/1.1" 200 27
114.84.82.172 - - [03/Jun/2022:08:35:24 +0800] "GET /xingrg/kc/base/kc_stocks.html HTTP/1.1" 200 16443
114.84.82.172 - - [03/Jun/2022:08:35:24 +0800] "GET /xingrg/javascript/easyui/themes/default/tree.css HTTP/1.1" 404 1090
114.84.82.172 - - [03/Jun/2022:08:35:24 +0800] "POST /xingrg/all/common/load_tree.html?tree=materiel_sort_tree_json HTTP/1.1" 200 9388
58.40.7.146 - - [03/Jun/2022:08:35:25 +0800] "GET /xingrg/all/function/internal_message.html?_=1654216504988&CODE_STATE=getMsg HTTP/1.1" 200 27
114.84.82.172 - - [03/Jun/2022:08:35:30 +0800] "POST /xingrg/kc/base/stock_operate.html HTTP/1.1" 200 1693
114.84.82.172 - - [03/Jun/2022:08:35:32 +0800] "GET /xingrg/kc/base/stock_detail.html?m=00101008659 HTTP/1.1" 200 7356
114.84.82.172 - - [03/Jun/2022:08:35:33 +0800] "GET /xingrg/kc/base/stock_operate.html?_=1654216531274&command=get_report_file&start_day=20220601 HTTP/1.1" 200 53
114.84.82.172 - - [03/Jun/2022:08:35:33 +0800] "GET /xingrg/all/report/report_query.html?isQuery=1&onlyBody=1&rh=2000&fileName=kc/base/kc_stock_detail_new.xml&queryString=(1=1)&queryText=&tableQueryString=init_table$sp1$$sp$crk_table$sp1$order_day%20between%2020220601%20and%2020220630&varString=start_day:20220601,materiel_code:00101008659,cost_id:3634,end_date:20220331 HTTP/1.1" 200 48701
114.84.82.172 - - [03/Jun/2022:08:35:33 +0800] "GET /xingrg/dwr/interface/AjaxReportQueryService.js HTTP/1.1" 200 13203
114.84.82.172 - - [03/Jun/2022:08:35:33 +0800] "GET /xingrg/dwr/util.js HTTP/1.1" 304 -
114.84.82.172 - - [03/Jun/2022:08:35:33 +0800] "GET /xingrg/dwr/engine.js HTTP/1.1" 200 43631
114.84.82.172 - - [03/Jun/2022:08:35:34 +0800] "POST /xingrg/all/report/load_report_page.html HTTP/1.1" 200 20259
114.84.82.172 - - [03/Jun/2022:08:35:34 +0800] "GET /xingrg/servlets/image?cache=0.21005159880642832&image=px HTTP/1.1" 200 807
116.235.92.88 - - [03/Jun/2022:08:35:37 +0800] "GET /xingrg/all/function/internal_message.html?_=1654216712503&CODE_STATE=getMsg HTTP/1.1" 200 27
114.84.82.172 - - [03/Jun/2022:08:35:37 +0800] "GET /xingrg/kc/base/stock_operate.html?_=1654216535530&command=get_report_file&start_day=20220401 HTTP/1.1" 200 53
114.84.82.172 - - [03/Jun/2022:08:35:37 +0800] "GET /xingrg/all/report/report_query.html?isQuery=1&onlyBody=1&rh=2000&fileName=kc/base/kc_stock_detail_new.xml&queryString=(1=1)&queryText=&tableQueryString=init_table$sp1$$sp$crk_table$sp1$order_day%20between%2020220401%20and%2020220630&varString=start_day:20220401,materiel_code:00101008659,cost_id:3634,end_date:20220331 HTTP/1.1" 200 48701
114.84.82.172 - - [03/Jun/2022:08:35:37 +0800] "GET /xingrg/dwr/interface/AjaxReportQueryService.js HTTP/1.1" 200 13203
114.84.82.172 - - [03/Jun/2022:08:35:37 +0800] "GET /xingrg/dwr/engine.js HTTP/1.1" 200 43631
114.84.82.172 - - [03/Jun/2022:08:35:38 +0800] "POST /xingrg/all/report/load_report_page.html HTTP/1.1" 200 29937
114.84.82.172 - - [03/Jun/2022:08:35:38 +0800] "GET /xingrg/servlets/image?cache=0.3783981834377649&image=px HTTP/1.1" 200 807
58.40.7.146 - - [03/Jun/2022:08:35:39 +0800] "GET /xingrg/all/function/internal_message.html?_=1654216537103&CODE_STATE=getMsg HTTP/1.1" 200 27
114.84.82.172 - - [03/Jun/2022:08:35:40 +0800] "GET /xingrg/kc/guide/show_order.html?code=212022052601686&type=21 HTTP/1.1" 302 -
114.84.82.172 - - [03/Jun/2022:08:35:41 +0800] "GET /xingrg/kc/buy/cgsh_order_info.html?code=212022052601686&sysBaseUrl=http%3A%2F%2F180.169.147.146%3A18081%2Fxingrg%2F&costTime=1×tamp=1654216540805 HTTP/1.1" 200 62427
114.84.82.172 - - [03/Jun/2022:08:35:41 +0800] "GET /favicon.ico HTTP/1.1" 404 -
114.84.82.172 - - [03/Jun/2022:08:35:41 +0800] "GET /xingrg/javascript/easyui/themes/default/validatebox.css HTTP/1.1" 404 1104
114.84.82.172 - - [03/Jun/2022:08:35:41 +0800] "POST /xingrg/kc/buy/cgsh_order_operate.html HTTP/1.1" 200 613
58.39.61.91 - - [03/Jun/2022:08:35:43 +0800] "GET /xingrg/all/function/internal_message.html?_=1654216539227&CODE_STATE=getMsg HTTP/1.1" 200 27
58.39.61.91 - - [03/Jun/2022:08:35:43 +0800] "GET /xingrg/check_reg.html?_=1654216539225 HTTP/1.1" 200 22
114.84.82.172 - - [03/Jun/2022:08:35:43 +0800] "GET /xingrg/check_reg.html?_=1654216541248 HTTP/1.1" 200 22
114.84.82.172 - - [03/Jun/2022:08:35:43 +0800] "GET /xingrg/all/function/internal_message.html?_=1654216541250&CODE_STATE=getMsg HTTP/1.1" 200 27
120.253.135.82 - - [03/Jun/2022:08:35:51 +0800] "GET /xingrg/all/function/internal_message.html?_=1654216641281&CODE_STATE=getMsg HTTP/1.1" 200 27
172.20.0.100 - - [03/Jun/2022:08:35:51 +0800] "GET /xingrg/all/function/internal_message.html?_=1654216549202&CODE_STATE=getMsg HTTP/1.1" 200 27
114.84.82.172 - - [03/Jun/2022:08:35:55 +0800] "GET /xingrg/kc/buy/cgsh_order_list.html HTTP/1.1" 200 51752
114.84.82.172 - - [03/Jun/2022:08:35:57 +0800] "POST /xingrg/kc/buy/cgsh_list_operate.html HTTP/1.1" 200 2040
114.84.82.172 - - [03/Jun/2022:08:35:59 +0800] "GET /xingrg/kc/buy/cgsh_order_add.html HTTP/1.1" 200 67522
114.84.82.172 - - [03/Jun/2022:08:36:00 +0800] "POST /xingrg/kc/buy/cgsh_order_operate.html HTTP/1.1" 200 8245
114.84.82.172 - - [03/Jun/2022:08:36:00 +0800] "GET /xingrg/javascript/easyui/themes/default/validatebox.css HTTP/1.1" 404 1104
180.175.103.167 - - [03/Jun/2022:08:36:07 +0800] "GET /xingrg/all/function/internal_message.html?_=1654216567236&CODE_STATE=getMsg HTTP/1.1" 200 27
114.84.82.172 - - [03/Jun/2022:08:36:11 +0800] "GET /xingrg/kc/buy/cgsh_order_operate.html?command=get_materiel&rest_code=00148&code=00101008659&supplier_code=00100485&order_time=2022-06-03 HTTP/1.1" 200 427
180.175.103.167 - - [03/Jun/2022:08:36:11 +0800] "GET /xingrg/all/function/internal_message.html?_=1654216487478&CODE_STATE=getMsg HTTP/1.1" 200 27
58.39.61.91 - - [03/Jun/2022:08:36:17 +0800] "GET /xingrg/check_reg.html?_=1654216531822 HTTP/1.1" 200 22
120.253.135.82 - - [03/Jun/2022:08:36:17 +0800] "GET /xingrg/check_reg.html?_=1654216383815 HTTP/1.1" 200 22
120.253.135.82 - - [03/Jun/2022:08:36:17 +0800] "GET /xingrg/all/function/internal_message.html?_=1654216384188&CODE_STATE=getMsg HTTP/1.1" 200 27
120.253.135.82 - - [03/Jun/2022:08:36:19 +0800] "GET /xingrg/all/function/internal_message.html?_=1654216586739&CODE_STATE=getMsg HTTP/1.1" 200 27
58.35.194.53 - - [03/Jun/2022:08:36:23 +0800] "GET /xingrg/all/function/internal_message.html?_=1654216580961&CODE_STATE=getMsg HTTP/1.1" 200 27
58.39.61.91 - - [03/Jun/2022:08:36:23 +0800] "GET /xingrg/all/function/internal_message.html?_=1654216538115&CODE_STATE=getMsg HTTP/1.1" 200 27
58.40.7.146 - - [03/Jun/2022:08:36:25 +0800] "GET /xingrg/all/function/internal_message.html?_=1654216564975&CODE_STATE=getMsg HTTP/1.1" 200 27
180.175.103.167 - - [03/Jun/2022:08:36:31 +0800] "GET /xingrg/check_reg.html?_=1654216507153 HTTP/1.1" 200 22
114.84.82.172 - - [03/Jun/2022:08:36:33 +0800] "POST /xingrg/kc/buy/cgsh_order_operate.html HTTP/1.1" 200 37
114.84.82.172 - - [03/Jun/2022:08:36:34 +0800] "POST /xingrg/kc/buy/cgsh_order_operate.html HTTP/1.1" 200 2657
114.84.82.172 - - [03/Jun/2022:08:36:36 +0800] "GET /xingrg/kc/print/load_data.html?order_code=212022060300187&kc_code=cgsh&condition= HTTP/1.1" 200 664
116.235.92.88 - - [03/Jun/2022:08:36:37 +0800] "GET /xingrg/all/function/internal_message.html?_=1654216772502&CODE_STATE=getMsg HTTP/1.1" 200 27
58.40.7.146 - - [03/Jun/2022:08:36:39 +0800] "GET /xingrg/all/function/internal_message.html?_=1654216597105&CODE_STATE=getMsg HTTP/1.1" 200 27
58.39.61.91 - - [03/Jun/2022:08:36:43 +0800] "GET /xingrg/all/function/internal_message.html?_=1654216599225&CODE_STATE=getMsg HTTP/1.1" 200 27
114.84.82.172 - - [03/Jun/2022:08:36:43 +0800] "GET /xingrg/all/function/internal_message.html?_=1654216601246&CODE_STATE=getMsg HTTP/1.1" 200 27
114.84.82.172 - - [03/Jun/2022:08:36:46 +0800] "POST /xingrg/kc/buy/cgsh_list_operate.html HTTP/1.1" 200 275
114.84.82.172 - - [03/Jun/2022:08:36:50 +0800] "POST /xingrg/kc/buy/cgsh_list_operate.html HTTP/1.1" 200 353
120.253.135.82 - - [03/Jun/2022:08:36:51 +0800] "GET /xingrg/all/function/internal_message.html?_=1654216701484&CODE_STATE=getMsg HTTP/1.1" 200 27
114.84.82.172 - - [03/Jun/2022:08:36:51 +0800] "GET /xingrg/kc/buy/cgsh_order_info.html?code=212022060300186 HTTP/1.1" 200 67535
172.20.0.100 - - [03/Jun/2022:08:36:51 +0800] "GET /xingrg/all/function/internal_message.html?_=1654216609207&CODE_STATE=getMsg HTTP/1.1" 200 27
114.84.82.172 - - [03/Jun/2022:08:36:52 +0800] "GET /xingrg/javascript/easyui/themes/default/validatebox.css HTTP/1.1" 404 1104
114.84.82.172 - - [03/Jun/2022:08:36:52 +0800] "POST /xingrg/kc/buy/cgsh_order_operate.html HTTP/1.1" 200 3865
116.232.36.130 - - [03/Jun/2022:08:36:59 +0800] "POST /xingrg/services/DataTransmitService HTTP/1.1" 200 524
180.175.103.167 - - [03/Jun/2022:08:37:07 +0800] "GET /xingrg/all/function/internal_message.html?_=1654216627210&CODE_STATE=getMsg HTTP/1.1" 200 27
114.84.82.172 - - [03/Jun/2022:08:37:10 +0800] "POST /xingrg/kc/buy/cgsh_order_operate.html HTTP/1.1" 200 37
180.175.103.167 - - [03/Jun/2022:08:37:11 +0800] "GET /xingrg/all/function/internal_message.html?_=1654216547450&CODE_STATE=getMsg HTTP/1.1" 200 27
114.84.82.172 - - [03/Jun/2022:08:37:11 +0800] "POST /xingrg/kc/buy/cgsh_order_operate.html HTTP/1.1" 200 3856
114.84.82.172 - - [03/Jun/2022:08:37:15 +0800] "POST /xingrg/kc/buy/cgsh_list_operate.html HTTP/1.1" 200 2395
114.84.82.172 - - [03/Jun/2022:08:37:17 +0800] "POST /xingrg/kc/buy/cgsh_list_operate.html HTTP/1.1" 200 203
120.253.135.82 - - [03/Jun/2022:08:37:17 +0800] "GET /xingrg/all/function/internal_message.html?_=1654216444202&CODE_STATE=getMsg HTTP/1.1" 200 27
120.253.135.82 - - [03/Jun/2022:08:37:18 +0800] "POST /xingrg/kc/pszx/mdps_list_operate.html HTTP/1.1" 200 5307
114.84.82.172 - - [03/Jun/2022:08:37:19 +0800] "POST /xingrg/kc/buy/cgsh_list_operate.html HTTP/1.1" 200 275
120.253.135.82 - - [03/Jun/2022:08:37:21 +0800] "POST /xingrg/kc/pszx/mdps_list_operate.html HTTP/1.1" 200 603
120.253.135.82 - - [03/Jun/2022:08:37:22 +0800] "GET /xingrg/kc/pszx/mdps_order_info.html?code=312022060300064 HTTP/1.1" 200 23970
120.253.135.82 - - [03/Jun/2022:08:37:22 +0800] "GET /xingrg/check_reg.html?_=1654216732014 HTTP/1.1" 200 22
120.253.135.82 - - [03/Jun/2022:08:37:22 +0800] "POST /xingrg/kc/pszx/mdps_order_operate.html HTTP/1.1" 200 4769
120.253.135.82 - - [03/Jun/2022:08:37:22 +0800] "GET /xingrg/javascript/easyui/themes/default/validatebox.css HTTP/1.1" 404 1104
58.35.194.53 - - [03/Jun/2022:08:37:23 +0800] "GET /xingrg/all/function/internal_message.html?_=1654216640964&CODE_STATE=getMsg HTTP/1.1" 200 27
58.35.194.53 - - [03/Jun/2022:08:37:23 +0800] "GET /xingrg/check_reg.html?_=1654216640965 HTTP/1.1" 200 22
58.39.61.91 - - [03/Jun/2022:08:37:23 +0800] "GET /xingrg/all/function/internal_message.html?_=1654216598130&CODE_STATE=getMsg HTTP/1.1" 200 27
120.253.135.82 - - [03/Jun/2022:08:37:25 +0800] "GET /xingrg/kc/print/load_data.html?order_code=312022060300064&kc_code=mdps&condition= HTTP/1.1" 200 1791
58.40.7.146 - - [03/Jun/2022:08:37:25 +0800] "GET /xingrg/all/function/internal_message.html?_=1654216624976&CODE_STATE=getMsg HTTP/1.1" 200 27
58.40.7.146 - - [03/Jun/2022:08:37:25 +0800] "GET /xingrg/check_reg.html?_=1654216624978 HTTP/1.1" 200 22
180.175.103.167 - - [03/Jun/2022:08:37:30 +0800] "GET /xingrg/check_reg.html?_=1654216649952 HTTP/1.1" 200 22
116.235.92.88 - - [03/Jun/2022:08:37:37 +0800] "GET /xingrg/all/function/internal_message.html?_=1654216832499&CODE_STATE=getMsg HTTP/1.1" 200 27
58.40.7.146 - - [03/Jun/2022:08:37:39 +0800] "GET /xingrg/all/function/internal_message.html?_=1654216657109&CODE_STATE=getMsg HTTP/1.1" 200 27
58.39.61.91 - - [03/Jun/2022:08:37:43 +0800] "GET /xingrg/all/function/internal_message.html?_=1654216659222&CODE_STATE=getMsg HTTP/1.1" 200 27
114.84.82.172 - - [03/Jun/2022:08:37:43 +0800] "GET /xingrg/all/function/internal_message.html?_=1654216661258&CODE_STATE=getMsg HTTP/1.1" 200 27
120.253.135.82 - - [03/Jun/2022:08:37:51 +0800] "GET /xingrg/all/function/internal_message.html?_=1654216761495&CODE_STATE=getMsg HTTP/1.1" 200 27
172.20.0.100 - - [03/Jun/2022:08:37:51 +0800] "GET /xingrg/all/function/internal_message.html?_=1654216669197&CODE_STATE=getMsg HTTP/1.1" 200 27
180.175.103.167 - - [03/Jun/2022:08:38:07 +0800] "GET /xingrg/all/function/internal_message.html?_=1654216687179&CODE_STATE=getMsg HTTP/1.1" 200 27
180.175.103.167 - - [03/Jun/2022:08:38:11 +0800] "GET /xingrg/all/function/internal_message.html?_=1654216607449&CODE_STATE=getMsg HTTP/1.1" 200 27
120.253.135.82 - - [03/Jun/2022:08:38:17 +0800] "GET /xingrg/all/function/internal_message.html?_=1654216504217&CODE_STATE=getMsg HTTP/1.1" 200 27
58.35.194.53 - - [03/Jun/2022:08:38:23 +0800] "GET /xingrg/all/function/internal_message.html?_=1654216700967&CODE_STATE=getMsg HTTP/1.1" 200 27
58.39.61.91 - - [03/Jun/2022:08:38:23 +0800] "GET /xingrg/all/function/internal_message.html?_=1654216658179&CODE_STATE=getMsg HTTP/1.1" 200 27
58.40.7.146 - - [03/Jun/2022:08:38:25 +0800] "GET /xingrg/all/function/internal_message.html?_=1654216684979&CODE_STATE=getMsg HTTP/1.1" 200 27
114.84.82.172 - - [03/Jun/2022:08:38:36 +0800] "GET /xingrg/check_reg.html?_=1654216715049 HTTP/1.1" 200 22
116.235.92.88 - - [03/Jun/2022:08:38:37 +0800] "GET /xingrg/all/function/internal_message.html?_=1654216892487&CODE_STATE=getMsg HTTP/1.1" 200 27
116.235.92.88 - - [03/Jun/2022:08:38:37 +0800] "GET /xingrg/check_reg.html?_=1654216892488 HTTP/1.1" 200 22
58.40.7.146 - - [03/Jun/2022:08:38:39 +0800] "GET /xingrg/all/function/internal_message.html?_=1654216717112&CODE_STATE=getMsg HTTP/1.1" 200 27
58.39.61.91 - - [03/Jun/2022:08:38:43 +0800] "GET /xingrg/all/function/internal_message.html?_=1654216719223&CODE_STATE=getMsg HTTP/1.1" 200 27
114.84.82.172 - - [03/Jun/2022:08:38:43 +0800] "GET /xingrg/all/function/internal_message.html?_=1654216721256&CODE_STATE=getMsg HTTP/1.1" 200 27
114.84.82.172 - - [03/Jun/2022:08:38:49 +0800] "GET /xingrg/kc/buy/cgsh_order_info.html?code=212022060300187 HTTP/1.1" 200 67533
114.84.82.172 - - [03/Jun/2022:08:38:49 +0800] "GET /xingrg/javascript/easyui/themes/default/validatebox.css HTTP/1.1" 404 1104
114.84.82.172 - - [03/Jun/2022:08:38:50 +0800] "POST /xingrg/kc/buy/cgsh_order_operate.html HTTP/1.1" 200 2657
120.253.135.82 - - [03/Jun/2022:08:38:51 +0800] "GET /xingrg/all/function/internal_message.html?_=1654216821509&CODE_STATE=getMsg HTTP/1.1" 200 27
172.20.0.100 - - [03/Jun/2022:08:38:51 +0800] "GET /xingrg/all/function/internal_message.html?_=1654216729198&CODE_STATE=getMsg HTTP/1.1" 200 27
172.20.0.100 - - [03/Jun/2022:08:38:51 +0800] "GET /xingrg/check_reg.html?_=1654216729199 HTTP/1.1" 200 22
114.84.82.172 - - [03/Jun/2022:08:38:59 +0800] "POST /xingrg/kc/buy/cgsh_order_operate.html HTTP/1.1" 200 37
114.84.82.172 - - [03/Jun/2022:08:39:01 +0800] "POST /xingrg/kc/buy/cgsh_order_operate.html HTTP/1.1" 200 2657
180.175.103.167 - - [03/Jun/2022:08:39:07 +0800] "GET /xingrg/all/function/internal_message.html?_=1654216747185&CODE_STATE=getMsg HTTP/1.1" 200 27
180.175.103.167 - - [03/Jun/2022:08:39:11 +0800] "GET /xingrg/all/function/internal_message.html?_=1654216667420&CODE_STATE=getMsg HTTP/1.1" 200 27
120.253.135.82 - - [03/Jun/2022:08:39:17 +0800] "GET /xingrg/all/function/internal_message.html?_=1654216564246&CODE_STATE=getMsg HTTP/1.1" 200 27
58.35.194.53 - - [03/Jun/2022:08:39:23 +0800] "GET /xingrg/all/function/internal_message.html?_=1654216760969&CODE_STATE=getMsg HTTP/1.1" 200 27
58.39.61.91 - - [03/Jun/2022:08:39:23 +0800] "GET /xingrg/all/function/internal_message.html?_=1654216718188&CODE_STATE=getMsg HTTP/1.1" 200 27
58.40.7.146 - - [03/Jun/2022:08:39:25 +0800] "GET /xingrg/all/function/internal_message.html?_=1654216744981&CODE_STATE=getMsg HTTP/1.1" 200 27
116.235.92.88 - - [03/Jun/2022:08:39:37 +0800] "GET /xingrg/all/function/internal_message.html?_=1654216952502&CODE_STATE=getMsg HTTP/1.1" 200 27
114.84.82.172 - - [03/Jun/2022:08:39:39 +0800] "POST /xingrg/kc/buy/cgsh_list_operate.html HTTP/1.1" 200 2395
114.84.82.172 - - [03/Jun/2022:08:39:39 +0800] "POST /xingrg/kc/buy/cgsh_list_operate.html HTTP/1.1" 200 2395
58.40.7.146 - - [03/Jun/2022:08:39:39 +0800] "GET /xingrg/check_reg.html?_=1654216777114 HTTP/1.1" 200 22
58.40.7.146 - - [03/Jun/2022:08:39:39 +0800] "GET /xingrg/all/function/internal_message.html?_=1654216777115&CODE_STATE=getMsg HTTP/1.1" 200 27
116.230.110.173 - - [03/Jun/2022:08:39:40 +0800] "GET /xingrg/index.html?sysBaseUrl=http%3A%2F%2F180.169.147.146%3A18081%2Fxingrg%2F&costTime=1277×tamp=1606817596806 HTTP/1.1" 302 -
116.230.110.173 - - [03/Jun/2022:08:39:40 +0800] "GET /xingrg/login.html HTTP/1.1" 200 7641
116.230.110.173 - - [03/Jun/2022:08:39:40 +0800] "GET /favicon.ico HTTP/1.1" 404 -
114.84.82.172 - - [03/Jun/2022:08:39:40 +0800] "POST /xingrg/kc/buy/cgsh_list_operate.html HTTP/1.1" 200 353
114.84.82.172 - - [03/Jun/2022:08:39:41 +0800] "GET /xingrg/kc/buy/cgsh_order_info.html?code=212022060300186 HTTP/1.1" 200 67535
114.84.82.172 - - [03/Jun/2022:08:39:41 +0800] "GET /xingrg/javascript/easyui/themes/default/validatebox.css HTTP/1.1" 404 1104
114.84.82.172 - - [03/Jun/2022:08:39:42 +0800] "POST /xingrg/kc/buy/cgsh_order_operate.html HTTP/1.1" 200 3856
58.39.61.91 - - [03/Jun/2022:08:39:43 +0800] "GET /xingrg/all/function/internal_message.html?_=1654216779222&CODE_STATE=getMsg HTTP/1.1" 200 27
114.84.82.172 - - [03/Jun/2022:08:39:43 +0800] "GET /xingrg/all/function/internal_message.html?_=1654216781251&CODE_STATE=getMsg HTTP/1.1" 200 27
116.230.110.173 - - [03/Jun/2022:08:39:50 +0800] "POST /xingrg/login.do HTTP/1.1" 302 -
116.230.110.173 - - [03/Jun/2022:08:39:50 +0800] "GET /xingrg/index.html?sysBaseUrl=http%3A%2F%2F180.169.147.146%3A18081%2Fxingrg%2F&costTime=44×tamp=1654216790416 HTTP/1.1" 200 17179
116.230.110.173 - - [03/Jun/2022:08:39:50 +0800] "GET /favicon.ico HTTP/1.1" 404 -
116.230.110.173 - - [03/Jun/2022:08:39:50 +0800] "POST /xingrg/all/common/load_tree.html?tree=area_rest_tree_json&manage=1 HTTP/1.1" 200 351
116.230.110.173 - - [03/Jun/2022:08:39:51 +0800] "GET /xingrg/all/function/internal_message.html?_=1654216768865&CODE_STATE=count HTTP/1.1" 200 11
116.230.110.173 - - [03/Jun/2022:08:39:51 +0800] "POST /xingrg/load_menu.html HTTP/1.1" 200 5138
116.230.110.173 - - [03/Jun/2022:08:39:51 +0800] "GET /xingrg/check_reg.html?_=1654216768866 HTTP/1.1" 200 22
114.84.82.172 - - [03/Jun/2022:08:39:51 +0800] "GET /xingrg/index.html?sysBaseUrl=http%3A%2F%2F180.169.147.146%3A18081%2Fxingrg%2F&costTime=44×tamp=1622098168715 HTTP/1.1" 200 17179
114.84.82.172 - - [03/Jun/2022:08:39:51 +0800] "GET /favicon.ico HTTP/1.1" 404 -
114.84.82.172 - - [03/Jun/2022:08:39:51 +0800] "POST /xingrg/all/common/load_tree.html?tree=area_rest_tree_json&manage=1 HTTP/1.1" 200 351
114.84.82.172 - - [03/Jun/2022:08:39:51 +0800] "GET /xingrg/all/function/internal_message.html?_=1654216789224&CODE_STATE=count HTTP/1.1" 200 11
114.84.82.172 - - [03/Jun/2022:08:39:51 +0800] "POST /xingrg/load_menu.html HTTP/1.1" 200 5138
114.84.82.172 - - [03/Jun/2022:08:39:51 +0800] "GET /xingrg/check_reg.html?_=1654216789225 HTTP/1.1" 200 22
172.20.0.100 - - [03/Jun/2022:08:39:51 +0800] "GET /xingrg/all/function/internal_message.html?_=1654216789200&CODE_STATE=getMsg HTTP/1.1" 200 27
120.253.135.82 - - [03/Jun/2022:08:39:51 +0800] "GET /xingrg/all/function/internal_message.html?_=1654216881708&CODE_STATE=getMsg HTTP/1.1" 200 27
116.230.110.173 - - [03/Jun/2022:08:39:53 +0800] "GET /xingrg/kc/buy/cgsh_order_list.html HTTP/1.1" 200 51752
116.230.110.173 - - [03/Jun/2022:08:39:55 +0800] "POST /xingrg/kc/buy/cgsh_list_operate.html HTTP/1.1" 200 876
116.230.110.173 - - [03/Jun/2022:08:39:56 +0800] "GET /xingrg/kc/buy/cgsh_order_add.html HTTP/1.1" 200 67490
114.84.82.172 - - [03/Jun/2022:08:39:56 +0800] "GET /xingrg/kc/buy/cgsh_order_list.html HTTP/1.1" 200 51752
116.230.110.173 - - [03/Jun/2022:08:39:57 +0800] "GET /xingrg/words/20220601163946_words.js HTTP/1.1" 304 -
116.230.110.173 - - [03/Jun/2022:08:39:57 +0800] "POST /xingrg/kc/buy/cgsh_order_operate.html HTTP/1.1" 200 8245
116.230.110.173 - - [03/Jun/2022:08:39:57 +0800] "GET /xingrg/all/common/auto_word.html?type=employee&rest_code=00155 HTTP/1.1" 200 205
116.230.110.173 - - [03/Jun/2022:08:39:57 +0800] "GET /xingrg/all/common/auto_word.html?type=employee&rest_code=00155 HTTP/1.1" 200 205
116.230.110.173 - - [03/Jun/2022:08:39:57 +0800] "GET /xingrg/javascript/easyui/themes/default/validatebox.css HTTP/1.1" 404 1104
114.84.82.172 - - [03/Jun/2022:08:39:59 +0800] "POST /xingrg/kc/buy/cgsh_list_operate.html HTTP/1.1" 200 2395
116.230.110.173 - - [03/Jun/2022:08:39:59 +0800] "GET /xingrg/javascript/auto/indicator.gif HTTP/1.1" 404 1066
116.230.110.173 - - [03/Jun/2022:08:40:01 +0800] "GET /xingrg/javascript/jquery_tools/images/prev.gif HTTP/1.1" 404 1086
116.230.110.173 - - [03/Jun/2022:08:40:01 +0800] "GET /xingrg/javascript/jquery_tools/images/next.gif HTTP/1.1" 404 1086
114.84.82.172 - - [03/Jun/2022:08:40:02 +0800] "POST /xingrg/kc/buy/cgsh_list_operate.html HTTP/1.1" 200 353
114.84.82.172 - - [03/Jun/2022:08:40:03 +0800] "GET /xingrg/kc/buy/cgsh_order_info.html?code=212022060300186 HTTP/1.1" 200 67535
114.84.82.172 - - [03/Jun/2022:08:40:03 +0800] "GET /xingrg/all/common/auto_word.html?type=employee&rest_code=00148 HTTP/1.1" 200 243
114.84.82.172 - - [03/Jun/2022:08:40:03 +0800] "GET /xingrg/all/common/auto_word.html?type=employee&rest_code=00148 HTTP/1.1" 200 243
114.84.82.172 - - [03/Jun/2022:08:40:03 +0800] "GET /xingrg/javascript/easyui/themes/default/validatebox.css HTTP/1.1" 404 1104
114.84.82.172 - - [03/Jun/2022:08:40:04 +0800] "POST /xingrg/kc/buy/cgsh_order_operate.html HTTP/1.1" 200 3856
114.84.82.172 - - [03/Jun/2022:08:40:05 +0800] "GET /xingrg/kc/print/load_config.html?kc_code=cgsh HTTP/1.1" 200 1943
114.84.82.172 - - [03/Jun/2022:08:40:05 +0800] "GET /xingrg/kc/print/load_data.html?order_code=212022060300186&kc_code=cgsh&condition= HTTP/1.1" 200 1200
180.175.103.167 - - [03/Jun/2022:08:40:07 +0800] "GET /xingrg/all/function/internal_message.html?_=1654216807166&CODE_STATE=getMsg HTTP/1.1" 200 27
180.175.103.167 - - [03/Jun/2022:08:40:11 +0800] "GET /xingrg/all/function/internal_message.html?_=1654216727389&CODE_STATE=getMsg HTTP/1.1" 200 27
116.230.110.173 - - [03/Jun/2022:08:40:13 +0800] "GET /xingrg/kc/buy/cgsh_order_operate.html?command=get_materiel&rest_code=00155&code=00101010669&supplier_code=00100329&order_time=2022-06-03 HTTP/1.1" 200 424
120.253.135.82 - - [03/Jun/2022:08:40:17 +0800] "GET /xingrg/all/function/internal_message.html?_=1654216624261&CODE_STATE=getMsg HTTP/1.1" 200 27
58.35.194.53 - - [03/Jun/2022:08:40:23 +0800] "GET /xingrg/all/function/internal_message.html?_=1654216820971&CODE_STATE=getMsg HTTP/1.1" 200 27
58.39.61.91 - - [03/Jun/2022:08:40:23 +0800] "GET /xingrg/all/function/internal_message.html?_=1654216778239&CODE_STATE=getMsg HTTP/1.1" 200 27
58.40.7.146 - - [03/Jun/2022:08:40:25 +0800] "GET /xingrg/all/function/internal_message.html?_=1654216804985&CODE_STATE=getMsg HTTP/1.1" 200 27
116.230.110.173 - - [03/Jun/2022:08:40:26 +0800] "GET /xingrg/kc/buy/cgsh_order_operate.html?command=get_materiel&rest_code=00155&code=00101006064&supplier_code=00100329&order_time=2022-06-03 HTTP/1.1" 200 421
114.84.82.172 - - [03/Jun/2022:08:40:34 +0800] "GET /xingrg/kc/buy/cgsh_order_list.html HTTP/1.1" 200 51752
114.84.82.172 - - [03/Jun/2022:08:40:36 +0800] "POST /xingrg/kc/buy/cgsh_list_operate.html HTTP/1.1" 200 2395
116.235.92.88 - - [03/Jun/2022:08:40:37 +0800] "GET /xingrg/all/function/internal_message.html?_=1654217012501&CODE_STATE=getMsg HTTP/1.1" 200 27
116.230.110.173 - - [03/Jun/2022:08:40:39 +0800] "POST /xingrg/kc/buy/cgsh_order_operate.html HTTP/1.1" 200 37
58.40.7.146 - - [03/Jun/2022:08:40:39 +0800] "GET /xingrg/all/function/internal_message.html?_=1654216837102&CODE_STATE=getMsg HTTP/1.1" 200 27
116.230.110.173 - - [03/Jun/2022:08:40:40 +0800] "POST /xingrg/kc/buy/cgsh_order_operate.html HTTP/1.1" 200 3276
58.39.61.91 - - [03/Jun/2022:08:40:43 +0800] "GET /xingrg/all/function/internal_message.html?_=1654216839225&CODE_STATE=getMsg HTTP/1.1" 200 27
58.39.61.91 - - [03/Jun/2022:08:40:43 +0800] "GET /xingrg/check_reg.html?_=1654216839249 HTTP/1.1" 200 22
116.230.110.173 - - [03/Jun/2022:08:40:45 +0800] "GET /xingrg/kc/print/load_config.html?kc_code=cgsh HTTP/1.1" 200 1943
116.230.110.173 - - [03/Jun/2022:08:40:45 +0800] "GET /xingrg/kc/print/load_data.html?order_code=212022060300188&kc_code=cgsh&condition= HTTP/1.1" 200 944
116.230.110.173 - - [03/Jun/2022:08:40:51 +0800] "GET /xingrg/all/function/internal_message.html?_=1654216828885&CODE_STATE=getMsg HTTP/1.1" 200 27
114.84.82.172 - - [03/Jun/2022:08:40:51 +0800] "GET /xingrg/all/function/internal_message.html?_=1654216849236&CODE_STATE=getMsg HTTP/1.1" 200 27
172.20.0.100 - - [03/Jun/2022:08:40:51 +0800] "GET /xingrg/all/function/internal_message.html?_=1654216849205&CODE_STATE=getMsg HTTP/1.1" 200 27
120.253.135.82 - - [03/Jun/2022:08:40:51 +0800] "GET /xingrg/all/function/internal_message.html?_=1654216941708&CODE_STATE=getMsg HTTP/1.1" 200 27
116.230.110.173 - - [03/Jun/2022:08:41:00 +0800] "GET /xingrg/kc/buy/cgsh_order_add.html HTTP/1.1" 200 67490
116.230.110.173 - - [03/Jun/2022:08:41:00 +0800] "POST /xingrg/kc/buy/cgsh_order_operate.html HTTP/1.1" 200 8245
116.230.110.173 - - [03/Jun/2022:08:41:00 +0800] "GET /xingrg/javascript/easyui/themes/default/validatebox.css HTTP/1.1" 404 1104
180.175.103.167 - - [03/Jun/2022:08:41:07 +0800] "GET /xingrg/all/function/internal_message.html?_=1654216867138&CODE_STATE=getMsg HTTP/1.1" 200 27
116.230.110.173 - - [03/Jun/2022:08:41:11 +0800] "GET /xingrg/kc/buy/cgsh_order_operate.html?command=get_materiel&rest_code=00155&code=00101006128&supplier_code=00100012&order_time=2022-06-03 HTTP/1.1" 200 447
180.175.103.167 - - [03/Jun/2022:08:41:11 +0800] "GET /xingrg/all/function/internal_message.html?_=1654216787374&CODE_STATE=getMsg HTTP/1.1" 200 27
58.39.61.91 - - [03/Jun/2022:08:41:17 +0800] "GET /xingrg/check_reg.html?_=1654216831823 HTTP/1.1" 200 22
120.253.135.82 - - [03/Jun/2022:08:41:17 +0800] "GET /xingrg/check_reg.html?_=1654216683825 HTTP/1.1" 200 22
120.253.135.82 - - [03/Jun/2022:08:41:17 +0800] "GET /xingrg/all/function/internal_message.html?_=1654216684299&CODE_STATE=getMsg HTTP/1.1" 200 27
58.35.194.53 - - [03/Jun/2022:08:41:23 +0800] "GET /xingrg/all/function/internal_message.html?_=1654216880972&CODE_STATE=getMsg HTTP/1.1" 200 27
58.39.61.91 - - [03/Jun/2022:08:41:23 +0800] "GET /xingrg/all/function/internal_message.html?_=1654216838246&CODE_STATE=getMsg HTTP/1.1" 200 27
58.40.7.146 - - [03/Jun/2022:08:41:25 +0800] "GET /xingrg/all/function/internal_message.html?_=1654216864987&CODE_STATE=getMsg HTTP/1.1" 200 27
180.175.103.167 - - [03/Jun/2022:08:41:31 +0800] "GET /xingrg/check_reg.html?_=1654216807126 HTTP/1.1" 200 22
116.235.92.88 - - [03/Jun/2022:08:41:37 +0800] "GET /xingrg/all/function/internal_message.html?_=1654217072499&CODE_STATE=getMsg HTTP/1.1" 200 27
58.40.7.146 - - [03/Jun/2022:08:41:39 +0800] "GET /xingrg/all/function/internal_message.html?_=1654216897108&CODE_STATE=getMsg HTTP/1.1" 200 27
58.39.61.91 - - [03/Jun/2022:08:41:43 +0800] "GET /xingrg/all/function/internal_message.html?_=1654216899248&CODE_STATE=getMsg HTTP/1.1" 200 27
120.253.135.82 - - [03/Jun/2022:08:41:45 +0800] "GET /xingrg/kc/pszx/mdps_order_list.html?orderType=0 HTTP/1.1" 200 20966
120.253.135.82 - - [03/Jun/2022:08:41:46 +0800] "POST /xingrg/kc/pszx/mdps_list_operate.html HTTP/1.1" 200 8841
120.253.135.82 - - [03/Jun/2022:08:41:50 +0800] "POST /xingrg/kc/pszx/mdps_list_operate.html HTTP/1.1" 200 9122
116.230.110.173 - - [03/Jun/2022:08:41:51 +0800] "GET /xingrg/all/function/internal_message.html?_=1654216888885&CODE_STATE=getMsg HTTP/1.1" 200 27
114.84.82.172 - - [03/Jun/2022:08:41:51 +0800] "GET /xingrg/all/function/internal_message.html?_=1654216909235&CODE_STATE=getMsg HTTP/1.1" 200 27
172.20.0.100 - - [03/Jun/2022:08:41:51 +0800] "GET /xingrg/all/function/internal_message.html?_=1654216909208&CODE_STATE=getMsg HTTP/1.1" 200 27
120.253.135.82 - - [03/Jun/2022:08:41:52 +0800] "GET /xingrg/all/function/internal_message.html?_=1654217001759&CODE_STATE=getMsg HTTP/1.1" 200 27
120.253.135.82 - - [03/Jun/2022:08:41:53 +0800] "POST /xingrg/kc/pszx/mdps_list_operate.html HTTP/1.1" 200 204
180.175.103.167 - - [03/Jun/2022:08:42:07 +0800] "GET /xingrg/all/function/internal_message.html?_=1654216927113&CODE_STATE=getMsg HTTP/1.1" 200 27
180.175.103.167 - - [03/Jun/2022:08:42:11 +0800] "GET /xingrg/all/function/internal_message.html?_=1654216847346&CODE_STATE=getMsg HTTP/1.1" 200 27
120.253.135.82 - - [03/Jun/2022:08:42:16 +0800] "POST /xingrg/kc/pszx/mdps_list_operate.html HTTP/1.1" 200 360
120.253.135.82 - - [03/Jun/2022:08:42:16 +0800] "GET /xingrg/kc/pszx/mdps_order_info.html?code=312022060100020 HTTP/1.1" 200 23972
120.253.135.82 - - [03/Jun/2022:08:42:17 +0800] "POST /xingrg/kc/pszx/mdps_order_operate.html HTTP/1.1" 200 3245
120.253.135.82 - - [03/Jun/2022:08:42:17 +0800] "GET /xingrg/javascript/easyui/themes/default/validatebox.css HTTP/1.1" 404 1104
120.253.135.82 - - [03/Jun/2022:08:42:17 +0800] "GET /xingrg/all/function/internal_message.html?_=1654216744301&CODE_STATE=getMsg HTTP/1.1" 200 27
120.253.135.82 - - [03/Jun/2022:08:42:22 +0800] "GET /xingrg/check_reg.html?_=1654217032020 HTTP/1.1" 200 22
58.35.194.53 - - [03/Jun/2022:08:42:23 +0800] "GET /xingrg/check_reg.html?_=1654216940973 HTTP/1.1" 200 22
58.35.194.53 - - [03/Jun/2022:08:42:23 +0800] "GET /xingrg/all/function/internal_message.html?_=1654216940974&CODE_STATE=getMsg HTTP/1.1" 200 27
58.39.61.91 - - [03/Jun/2022:08:42:23 +0800] "GET /xingrg/all/function/internal_message.html?_=1654216898259&CODE_STATE=getMsg HTTP/1.1" 200 27
116.230.110.173 - - [03/Jun/2022:08:42:24 +0800] "GET /xingrg/kc/buy/cgsh_order_operate.html?command=get_materiel&rest_code=00155&code=00101007109&supplier_code=00100012&order_time=2022-06-03 HTTP/1.1" 200 423
58.40.7.146 - - [03/Jun/2022:08:42:25 +0800] "GET /xingrg/check_reg.html?_=1654216924991 HTTP/1.1" 200 22
58.40.7.146 - - [03/Jun/2022:08:42:25 +0800] "GET /xingrg/all/function/internal_message.html?_=1654216924996&CODE_STATE=getMsg HTTP/1.1" 200 27
180.175.103.167 - - [03/Jun/2022:08:42:30 +0800] "GET /xingrg/check_reg.html?_=1654216949979 HTTP/1.1" 200 22
120.253.135.82 - - [03/Jun/2022:08:42:31 +0800] "POST /xingrg/kc/pszx/mdps_list_operate.html HTTP/1.1" 200 5307
120.253.135.82 - - [03/Jun/2022:08:42:33 +0800] "POST /xingrg/kc/pszx/mdps_list_operate.html HTTP/1.1" 200 2441
116.235.92.88 - - [03/Jun/2022:08:42:37 +0800] "GET /xingrg/all/function/internal_message.html?_=1654217132497&CODE_STATE=getMsg HTTP/1.1" 200 27
120.253.135.82 - - [03/Jun/2022:08:42:38 +0800] "POST /xingrg/kc/pszx/mdps_list_operate.html HTTP/1.1" 200 5540
58.40.7.146 - - [03/Jun/2022:08:42:39 +0800] "GET /xingrg/all/function/internal_message.html?_=1654216957112&CODE_STATE=getMsg HTTP/1.1" 200 27
58.39.61.91 - - [03/Jun/2022:08:42:43 +0800] "GET /xingrg/all/function/internal_message.html?_=1654216959247&CODE_STATE=getMsg HTTP/1.1" 200 27
120.253.135.82 - - [03/Jun/2022:08:42:44 +0800] "POST /xingrg/kc/pszx/mdps_list_operate.html HTTP/1.1" 200 438
116.230.110.173 - - [03/Jun/2022:08:42:51 +0800] "GET /xingrg/all/function/internal_message.html?_=1654216948884&CODE_STATE=getMsg HTTP/1.1" 200 27
114.84.82.172 - - [03/Jun/2022:08:42:51 +0800] "GET /xingrg/all/function/internal_message.html?_=1654216969237&CODE_STATE=getMsg HTTP/1.1" 200 27
172.20.0.100 - - [03/Jun/2022:08:42:51 +0800] "GET /xingrg/all/function/internal_message.html?_=1654216969197&CODE_STATE=getMsg HTTP/1.1" 200 27
120.253.135.82 - - [03/Jun/2022:08:42:51 +0800] "GET /xingrg/all/function/internal_message.html?_=1654217061767&CODE_STATE=getMsg HTTP/1.1" 200 27
180.175.103.167 - - [03/Jun/2022:08:43:07 +0800] "GET /xingrg/all/function/internal_message.html?_=1654216987094&CODE_STATE=getMsg HTTP/1.1" 200 27
180.175.103.167 - - [03/Jun/2022:08:43:11 +0800] "GET /xingrg/all/function/internal_message.html?_=1654216907315&CODE_STATE=getMsg HTTP/1.1" 200 27
120.253.135.82 - - [03/Jun/2022:08:43:12 +0800] "POST /xingrg/kc/pszx/mdps_list_operate.html HTTP/1.1" 200 360
120.253.135.82 - - [03/Jun/2022:08:43:17 +0800] "GET /xingrg/all/function/internal_message.html?_=1654216804316&CODE_STATE=getMsg HTTP/1.1" 200 27
120.253.135.82 - - [03/Jun/2022:08:43:19 +0800] "POST /xingrg/kc/pszx/mdps_list_operate.html HTTP/1.1" 200 360
58.35.194.53 - - [03/Jun/2022:08:43:23 +0800] "GET /xingrg/all/function/internal_message.html?_=1654217000959&CODE_STATE=getMsg HTTP/1.1" 200 27
58.39.61.91 - - [03/Jun/2022:08:43:23 +0800] "GET /xingrg/all/function/internal_message.html?_=1654216958313&CODE_STATE=getMsg HTTP/1.1" 200 27
58.40.7.146 - - [03/Jun/2022:08:43:25 +0800] "GET /xingrg/all/function/internal_message.html?_=1654216984982&CODE_STATE=getMsg HTTP/1.1" 200 27
120.253.135.82 - - [03/Jun/2022:08:43:34 +0800] "GET /xingrg/kc/pszx/mdps_order_info.html?code=312022060100018 HTTP/1.1" 200 23972
120.253.135.82 - - [03/Jun/2022:08:43:34 +0800] "POST /xingrg/kc/pszx/mdps_order_operate.html HTTP/1.1" 200 3245
120.253.135.82 - - [03/Jun/2022:08:43:34 +0800] "GET /xingrg/javascript/easyui/themes/default/validatebox.css HTTP/1.1" 404 1104
116.230.110.173 - - [03/Jun/2022:08:43:35 +0800] "GET /xingrg/kc/buy/cgsh_order_operate.html?command=get_materiel&rest_code=00155&code=00101006027&supplier_code=00100012&order_time=2022-06-03 HTTP/1.1" 200 408
114.84.82.172 - - [03/Jun/2022:08:43:36 +0800] "GET /xingrg/check_reg.html?_=1654217015025 HTTP/1.1" 200 22
120.253.135.82 - - [03/Jun/2022:08:43:37 +0800] "GET /xingrg/kc/print/load_data.html?order_code=312022060100018&kc_code=mdps&condition= HTTP/1.1" 200 1103
116.235.92.88 - - [03/Jun/2022:08:43:37 +0800] "GET /xingrg/check_reg.html?_=1654217192495 HTTP/1.1" 200 22
116.235.92.88 - - [03/Jun/2022:08:43:37 +0800] "GET /xingrg/all/function/internal_message.html?_=1654217192497&CODE_STATE=getMsg HTTP/1.1" 200 27
58.40.7.146 - - [03/Jun/2022:08:43:39 +0800] "GET /xingrg/all/function/internal_message.html?_=1654217017114&CODE_STATE=getMsg HTTP/1.1" 200 27
58.39.61.91 - - [03/Jun/2022:08:43:43 +0800] "GET /xingrg/all/function/internal_message.html?_=1654217019248&CODE_STATE=getMsg HTTP/1.1" 200 27
180.156.212.250 - - [03/Jun/2022:08:43:44 +0800] "POST /xingrg/services/DataTransmitService HTTP/1.1" 200 524
116.230.110.173 - - [03/Jun/2022:08:43:44 +0800] "GET /xingrg/kc/buy/cgsh_order_operate.html?command=get_materiel&rest_code=00155&code=00101006130&supplier_code=00100012&order_time=2022-06-03 HTTP/1.1" 200 448
116.230.110.173 - - [03/Jun/2022:08:43:51 +0800] "GET /xingrg/all/function/internal_message.html?_=1654217008899&CODE_STATE=getMsg HTTP/1.1" 200 27
120.253.135.82 - - [03/Jun/2022:08:43:51 +0800] "POST /xingrg/kc/pszx/mdps_list_operate.html HTTP/1.1" 200 5540
114.84.82.172 - - [03/Jun/2022:08:43:51 +0800] "GET /xingrg/all/function/internal_message.html?_=1654217029236&CODE_STATE=getMsg HTTP/1.1" 200 27
172.20.0.100 - - [03/Jun/2022:08:43:51 +0800] "GET /xingrg/all/function/internal_message.html?_=1654217029207&CODE_STATE=getMsg HTTP/1.1" 200 27
172.20.0.100 - - [03/Jun/2022:08:43:51 +0800] "GET /xingrg/check_reg.html?_=1654217029209 HTTP/1.1" 200 22
120.253.135.82 - - [03/Jun/2022:08:43:51 +0800] "GET /xingrg/all/function/internal_message.html?_=1654217121781&CODE_STATE=getMsg HTTP/1.1" 200 27
116.230.110.173 - - [03/Jun/2022:08:43:53 +0800] "POST /xingrg/kc/buy/cgsh_order_operate.html HTTP/1.1" 200 37
116.230.110.173 - - [03/Jun/2022:08:43:55 +0800] "POST /xingrg/kc/buy/cgsh_order_operate.html HTTP/1.1" 200 4476
116.230.110.173 - - [03/Jun/2022:08:44:00 +0800] "GET /xingrg/kc/print/load_data.html?order_code=212022060300189&kc_code=cgsh&condition= HTTP/1.1" 200 1495
120.253.135.82 - - [03/Jun/2022:08:44:03 +0800] "POST /xingrg/kc/pszx/mdps_list_operate.html HTTP/1.1" 200 199
180.175.103.167 - - [03/Jun/2022:08:44:07 +0800] "GET /xingrg/all/function/internal_message.html?_=1654217047068&CODE_STATE=getMsg HTTP/1.1" 200 27
120.253.135.82 - - [03/Jun/2022:08:44:07 +0800] "POST /xingrg/kc/pszx/mdps_list_operate.html HTTP/1.1" 200 205
180.175.103.167 - - [03/Jun/2022:08:44:11 +0800] "GET /xingrg/all/function/internal_message.html?_=1654216967300&CODE_STATE=getMsg HTTP/1.1" 200 27
120.253.135.82 - - [03/Jun/2022:08:44:18 +0800] "GET /xingrg/all/function/internal_message.html?_=1654216864351&CODE_STATE=getMsg HTTP/1.1" 200 27
180.175.103.167 - - [03/Jun/2022:08:44:23 +0800] "GET /xingrg/kc/buy/buy_main.html HTTP/1.1" 200 12412
180.175.103.167 - - [03/Jun/2022:08:44:23 +0800] "GET /xingrg/css/new_ie.css HTTP/1.1" 404 1036
58.35.194.53 - - [03/Jun/2022:08:44:23 +0800] "GET /xingrg/all/function/internal_message.html?_=1654217060960&CODE_STATE=getMsg HTTP/1.1" 200 27
58.39.61.91 - - [03/Jun/2022:08:44:23 +0800] "GET /xingrg/all/function/internal_message.html?_=1654217018318&CODE_STATE=getMsg HTTP/1.1" 200 27
180.175.103.167 - - [03/Jun/2022:08:44:24 +0800] "GET /xingrg/images/yd/bt.gif HTTP/1.1" 404 1040
180.175.103.167 - - [03/Jun/2022:08:44:24 +0800] "GET /xingrg/kc/buy/cgsh_order_list.html HTTP/1.1" 200 51746
58.40.7.146 - - [03/Jun/2022:08:44:25 +0800] "GET /xingrg/all/function/internal_message.html?_=1654217044984&CODE_STATE=getMsg HTTP/1.1" 200 27
180.175.103.167 - - [03/Jun/2022:08:44:27 +0800] "POST /xingrg/kc/buy/cgsh_list_operate.html HTTP/1.1" 200 2414
180.175.103.167 - - [03/Jun/2022:08:44:36 +0800] "POST /xingrg/kc/buy/cgsh_list_operate.html HTTP/1.1" 200 272
116.235.92.88 - - [03/Jun/2022:08:44:37 +0800] "GET /xingrg/all/function/internal_message.html?_=1654217252495&CODE_STATE=getMsg HTTP/1.1" 200 27
58.40.7.146 - - [03/Jun/2022:08:44:39 +0800] "GET /xingrg/all/function/internal_message.html?_=1654217077116&CODE_STATE=getMsg HTTP/1.1" 200 27
58.40.7.146 - - [03/Jun/2022:08:44:39 +0800] "GET /xingrg/check_reg.html?_=1654217077117 HTTP/1.1" 200 22
58.39.61.91 - - [03/Jun/2022:08:44:43 +0800] "GET /xingrg/all/function/internal_message.html?_=1654217079247&CODE_STATE=getMsg HTTP/1.1" 200 27
180.175.103.167 - - [03/Jun/2022:08:44:44 +0800] "POST /xingrg/kc/buy/cgsh_list_operate.html HTTP/1.1" 200 201
180.175.103.167 - - [03/Jun/2022:08:44:48 +0800] "POST /xingrg/kc/buy/cgsh_list_operate.html HTTP/1.1" 200 198
116.230.110.173 - - [03/Jun/2022:08:44:51 +0800] "GET /xingrg/check_reg.html?_=1654217068880 HTTP/1.1" 200 22
116.230.110.173 - - [03/Jun/2022:08:44:51 +0800] "GET /xingrg/all/function/internal_message.html?_=1654217068887&CODE_STATE=getMsg HTTP/1.1" 200 27
114.84.82.172 - - [03/Jun/2022:08:44:51 +0800] "GET /xingrg/check_reg.html?_=1654217089235 HTTP/1.1" 200 22
116.230.110.173 - - [03/Jun/2022:08:44:51 +0800] "GET /xingrg/kc/buy/cgsh_order_add.html HTTP/1.1" 200 67490
114.84.82.172 - - [03/Jun/2022:08:44:51 +0800] "GET /xingrg/all/function/internal_message.html?_=1654217089237&CODE_STATE=getMsg HTTP/1.1" 200 27
116.230.110.173 - - [03/Jun/2022:08:44:51 +0800] "POST /xingrg/kc/buy/cgsh_order_operate.html HTTP/1.1" 200 8245
116.230.110.173 - - [03/Jun/2022:08:44:51 +0800] "GET /xingrg/javascript/easyui/themes/default/validatebox.css HTTP/1.1" 404 1104
172.20.0.100 - - [03/Jun/2022:08:44:51 +0800] "GET /xingrg/all/function/internal_message.html?_=1654217089194&CODE_STATE=getMsg HTTP/1.1" 200 27
120.253.135.82 - - [03/Jun/2022:08:44:52 +0800] "GET /xingrg/all/function/internal_message.html?_=1654217181978&CODE_STATE=getMsg HTTP/1.1" 200 27
180.175.103.167 - - [03/Jun/2022:08:44:56 +0800] "GET /xingrg/kc/buy/cgsh_order_info.html?code=212022060300185 HTTP/1.1" 200 67619
180.175.103.167 - - [03/Jun/2022:08:44:57 +0800] "GET /xingrg/words/20220601163946_words.js HTTP/1.1" 304 -
180.175.103.167 - - [03/Jun/2022:08:44:57 +0800] "GET /xingrg/all/common/auto_word.html?type=employee&rest_code=00105 HTTP/1.1" 200 193
180.175.103.167 - - [03/Jun/2022:08:44:57 +0800] "GET /xingrg/javascript/easyui/themes/default/validatebox.css HTTP/1.1" 404 1104
180.175.103.167 - - [03/Jun/2022:08:44:57 +0800] "GET /xingrg/all/common/auto_word.html?type=employee&rest_code=00105 HTTP/1.1" 200 193
180.175.103.167 - - [03/Jun/2022:08:44:57 +0800] "POST /xingrg/kc/buy/cgsh_order_operate.html HTTP/1.1" 200 2656
116.230.110.173 - - [03/Jun/2022:08:45:03 +0800] "GET /xingrg/kc/buy/cgsh_order_operate.html?command=get_materiel&rest_code=00155&code=00101008210&supplier_code=00100005&order_time=2022-06-03 HTTP/1.1" 200 429
180.175.103.167 - - [03/Jun/2022:08:45:07 +0800] "GET /xingrg/all/function/internal_message.html?_=1654217107038&CODE_STATE=getMsg HTTP/1.1" 200 27
116.230.110.173 - - [03/Jun/2022:08:45:10 +0800] "GET /xingrg/kc/buy/cgsh_order_operate.html?command=get_materiel&rest_code=00155&code=00101008003&supplier_code=00100005&order_time=2022-06-03 HTTP/1.1" 200 429
180.175.103.167 - - [03/Jun/2022:08:45:11 +0800] "GET /xingrg/all/function/internal_message.html?_=1654217027295&CODE_STATE=getMsg HTTP/1.1" 200 27
116.230.110.173 - - [03/Jun/2022:08:45:17 +0800] "GET /xingrg/kc/buy/cgsh_order_operate.html?command=get_materiel&rest_code=00155&code=00101008331&supplier_code=00100005&order_time=2022-06-03 HTTP/1.1" 200 437
120.253.135.82 - - [03/Jun/2022:08:45:18 +0800] "GET /xingrg/all/function/internal_message.html?_=1654216924359&CODE_STATE=getMsg HTTP/1.1" 200 27
58.35.194.53 - - [03/Jun/2022:08:45:23 +0800] "GET /xingrg/all/function/internal_message.html?_=1654217120961&CODE_STATE=getMsg HTTP/1.1" 200 27
58.39.61.91 - - [03/Jun/2022:08:45:23 +0800] "GET /xingrg/all/function/internal_message.html?_=1654217078370&CODE_STATE=getMsg HTTP/1.1" 200 27
116.230.110.173 - - [03/Jun/2022:08:45:24 +0800] "GET /xingrg/kc/buy/cgsh_order_operate.html?command=get_materiel&rest_code=00155&code=00101008350&supplier_code=00100005&order_time=2022-06-03 HTTP/1.1" 200 430
58.40.7.146 - - [03/Jun/2022:08:45:25 +0800] "GET /xingrg/all/function/internal_message.html?_=1654217104987&CODE_STATE=getMsg HTTP/1.1" 200 27
116.230.110.173 - - [03/Jun/2022:08:45:31 +0800] "GET /xingrg/kc/buy/cgsh_order_operate.html?command=get_materiel&rest_code=00155&code=00101008270&supplier_code=00100005&order_time=2022-06-03 HTTP/1.1" 200 433
116.235.92.88 - - [03/Jun/2022:08:45:37 +0800] "GET /xingrg/all/function/internal_message.html?_=1654217312493&CODE_STATE=getMsg HTTP/1.1" 200 27
58.40.7.146 - - [03/Jun/2022:08:45:39 +0800] "GET /xingrg/all/function/internal_message.html?_=1654217137105&CODE_STATE=getMsg HTTP/1.1" 200 27
116.230.110.173 - - [03/Jun/2022:08:45:40 +0800] "GET /xingrg/kc/buy/cgsh_order_operate.html?command=get_materiel&rest_code=00155&code=00101008087&supplier_code=00100005&order_time=2022-06-03 HTTP/1.1" 200 433
58.39.61.91 - - [03/Jun/2022:08:45:43 +0800] "GET /xingrg/all/function/internal_message.html?_=1654217139246&CODE_STATE=getMsg HTTP/1.1" 200 27
58.39.61.91 - - [03/Jun/2022:08:45:43 +0800] "GET /xingrg/check_reg.html?_=1654217139247 HTTP/1.1" 200 22
116.230.110.173 - - [03/Jun/2022:08:45:47 +0800] "GET /xingrg/kc/buy/cgsh_order_operate.html?command=get_materiel&rest_code=00155&code=00101008005&supplier_code=00100005&order_time=2022-06-03 HTTP/1.1" 200 433
116.230.110.173 - - [03/Jun/2022:08:45:51 +0800] "GET /xingrg/all/function/internal_message.html?_=1654217128895&CODE_STATE=getMsg HTTP/1.1" 200 27
114.84.82.172 - - [03/Jun/2022:08:45:51 +0800] "GET /xingrg/all/function/internal_message.html?_=1654217149237&CODE_STATE=getMsg HTTP/1.1" 200 27
172.20.0.100 - - [03/Jun/2022:08:45:51 +0800] "GET /xingrg/all/function/internal_message.html?_=1654217149196&CODE_STATE=getMsg HTTP/1.1" 200 27
120.253.135.82 - - [03/Jun/2022:08:45:52 +0800] "GET /xingrg/all/function/internal_message.html?_=1654217241978&CODE_STATE=getMsg HTTP/1.1" 200 27
116.230.110.173 - - [03/Jun/2022:08:45:56 +0800] "GET /xingrg/kc/buy/cgsh_order_operate.html?command=get_materiel&rest_code=00155&code=00101008300&supplier_code=00100005&order_time=2022-06-03 HTTP/1.1" 200 433
116.230.110.173 - - [03/Jun/2022:08:46:05 +0800] "GET /xingrg/kc/buy/cgsh_order_operate.html?command=get_materiel&rest_code=00155&code=00101008137&supplier_code=00100005&order_time=2022-06-03 HTTP/1.1" 200 408
180.175.103.167 - - [03/Jun/2022:08:46:07 +0800] "GET /xingrg/all/function/internal_message.html?_=1654217167011&CODE_STATE=getMsg HTTP/1.1" 200 27
180.175.103.167 - - [03/Jun/2022:08:46:11 +0800] "GET /xingrg/all/function/internal_message.html?_=1654217087264&CODE_STATE=getMsg HTTP/1.1" 200 27
58.39.61.91 - - [03/Jun/2022:08:46:17 +0800] "GET /xingrg/check_reg.html?_=1654217131833 HTTP/1.1" 200 22
120.253.135.82 - - [03/Jun/2022:08:46:17 +0800] "GET /xingrg/check_reg.html?_=1654216983826 HTTP/1.1" 200 22
120.253.135.82 - - [03/Jun/2022:08:46:18 +0800] "GET /xingrg/all/function/internal_message.html?_=1654216984371&CODE_STATE=getMsg HTTP/1.1" 200 27
116.230.110.173 - - [03/Jun/2022:08:46:21 +0800] "GET /xingrg/kc/buy/cgsh_order_operate.html?command=get_materiel&rest_code=00155&code=00101008290&supplier_code=00100005&order_time=2022-06-03 HTTP/1.1" 200 416
58.35.194.53 - - [03/Jun/2022:08:46:23 +0800] "GET /xingrg/all/function/internal_message.html?_=1654217180965&CODE_STATE=getMsg HTTP/1.1" 200 27
58.39.61.91 - - [03/Jun/2022:08:46:23 +0800] "GET /xingrg/all/function/internal_message.html?_=1654217138377&CODE_STATE=getMsg HTTP/1.1" 200 27
58.40.7.146 - - [03/Jun/2022:08:46:25 +0800] "GET /xingrg/all/function/internal_message.html?_=1654217164990&CODE_STATE=getMsg HTTP/1.1" 200 27
180.175.103.167 - - [03/Jun/2022:08:46:31 +0800] "GET /xingrg/check_reg.html?_=1654217107125 HTTP/1.1" 200 22
116.235.92.88 - - [03/Jun/2022:08:46:37 +0800] "GET /xingrg/all/function/internal_message.html?_=1654217372491&CODE_STATE=getMsg HTTP/1.1" 200 27
