116.228.172.94 - - [29/May/2022:09:33:26 +0800] "GET /xingrg/javascript/jquery_tools/table.css HTTP/1.1" 304 -
116.228.172.94 - - [29/May/2022:09:33:26 +0800] "GET /xingrg/javascript/jquery_tools/list_manager.js HTTP/1.1" 304 -
116.228.172.94 - - [29/May/2022:09:33:26 +0800] "GET /xingrg/javascript/auto/jquery.autocomplete.js HTTP/1.1" 304 -
116.228.172.94 - - [29/May/2022:09:33:26 +0800] "GET /xingrg/javascript/easyui/easyloader.js HTTP/1.1" 304 -
116.228.172.94 - - [29/May/2022:09:33:26 +0800] "GET /xingrg/kc/buy/cgsh_order_list.html HTTP/1.1" 200 51750
116.228.172.94 - - [29/May/2022:09:33:26 +0800] "GET /xingrg/javascript/jquery.cookie.js HTTP/1.1" 304 -
116.228.172.94 - - [29/May/2022:09:33:26 +0800] "GET /xingrg/javascript/print/LodopFuncs.js HTTP/1.1" 304 -
116.228.172.94 - - [29/May/2022:09:33:26 +0800] "GET /xingrg/javascript/easyui/themes/icons/import_new.png HTTP/1.1" 304 -
116.228.172.94 - - [29/May/2022:09:33:26 +0800] "GET /xingrg/javascript/easyui/themes/icons/check_new.png HTTP/1.1" 304 -
116.228.172.94 - - [29/May/2022:09:33:26 +0800] "GET /xingrg/javascript/easyui/themes/icons/field_new.png HTTP/1.1" 304 -
116.228.172.94 - - [29/May/2022:09:33:26 +0800] "GET /xingrg/javascript/easyui/themes/icons/cance_new.png HTTP/1.1" 304 -
116.228.172.94 - - [29/May/2022:09:33:26 +0800] "GET /xingrg/javascript/easyui/themes/icons/edit_add_new.png HTTP/1.1" 304 -
116.228.172.94 - - [29/May/2022:09:33:26 +0800] "GET /xingrg/javascript/easyui/plugins/jquery.parser.js HTTP/1.1" 304 -
116.228.172.94 - - [29/May/2022:09:33:26 +0800] "GET /xingrg/images/control/ajaxLoader.gif HTTP/1.1" 304 -
116.228.172.94 - - [29/May/2022:09:33:27 +0800] "POST /xingrg/kc/buy/cgsh_list_operate.html HTTP/1.1" 200 876
116.228.172.94 - - [29/May/2022:09:33:28 +0800] "GET /xingrg/javascript/easyui/themes/default/images/button_plain_hover.png HTTP/1.1" 304 -
180.175.103.167 - - [29/May/2022:09:33:28 +0800] "GET /xingrg/kc/base/wldb_order_operate.html?command=get_materiel&rest_code=00105&base_code=0010507&code=00101019253 HTTP/1.1" 200 482
116.228.172.94 - - [29/May/2022:09:33:28 +0800] "GET /xingrg/javascript/jquery_tools/order_manager.js HTTP/1.1" 304 -
116.228.172.94 - - [29/May/2022:09:33:28 +0800] "GET /xingrg/javascript/convert.js HTTP/1.1" 304 -
116.228.172.94 - - [29/May/2022:09:33:28 +0800] "GET /xingrg/javascript/json2.js HTTP/1.1" 304 -
116.228.172.94 - - [29/May/2022:09:33:28 +0800] "GET /xingrg/javascript/print/kc_print.js HTTP/1.1" 304 -
116.228.172.94 - - [29/May/2022:09:33:28 +0800] "GET /xingrg/kc/buy/cgsh_order_add.html HTTP/1.1" 200 66575
116.228.172.94 - - [29/May/2022:09:33:28 +0800] "GET /xingrg/words/20220528145213_words.js HTTP/1.1" 200 899815
116.228.172.94 - - [29/May/2022:09:33:28 +0800] "GET /xingrg/javascript/easyui/themes/icons/template_new.png HTTP/1.1" 304 -
116.228.172.94 - - [29/May/2022:09:33:28 +0800] "GET /xingrg/javascript/easyui/themes/icons/ok.png HTTP/1.1" 304 -
116.228.172.94 - - [29/May/2022:09:33:28 +0800] "GET /xingrg/javascript/easyui/themes/icons/copy_new.png HTTP/1.1" 304 -
116.228.172.94 - - [29/May/2022:09:33:28 +0800] "GET /xingrg/javascript/easyui/themes/icons/print.png HTTP/1.1" 304 -
116.228.172.94 - - [29/May/2022:09:33:28 +0800] "GET /xingrg/javascript/easyui/themes/default/images/menu_downarrow.png HTTP/1.1" 304 -
116.228.172.94 - - [29/May/2022:09:33:28 +0800] "GET /xingrg/javascript/easyui/themes/icons/cancel.png HTTP/1.1" 304 -
116.228.172.94 - - [29/May/2022:09:33:28 +0800] "POST /xingrg/kc/buy/cgsh_order_operate.html HTTP/1.1" 200 8245
116.228.172.94 - - [29/May/2022:09:33:28 +0800] "GET /xingrg/all/common/auto_word.html?type=employee&rest_code=00153 HTTP/1.1" 200 47
116.228.172.94 - - [29/May/2022:09:33:28 +0800] "GET /xingrg/all/common/auto_word.html?type=employee&rest_code=00153 HTTP/1.1" 200 47
116.228.172.94 - - [29/May/2022:09:33:28 +0800] "GET /xingrg/javascript/easyui/themes/default/validatebox.css HTTP/1.1" 404 1104
116.228.172.94 - - [29/May/2022:09:33:28 +0800] "GET /xingrg/javascript/easyui/plugins/jquery.validatebox.js HTTP/1.1" 304 -
116.228.172.94 - - [29/May/2022:09:33:28 +0800] "GET /xingrg/javascript/easyui/plugins/jquery.numberbox.js HTTP/1.1" 304 -
116.228.172.94 - - [29/May/2022:09:33:28 +0800] "GET /xingrg/javascript/easyui/themes/icons/edit_remove.png HTTP/1.1" 304 -
116.228.172.94 - - [29/May/2022:09:33:29 +0800] "GET /xingrg/javascript/easyui/themes/default/tree.css HTTP/1.1" 404 1090
116.228.172.94 - - [29/May/2022:09:33:29 +0800] "POST /xingrg/all/common/load_tree.html?tree=supplier_tree_json&isDelete=1 HTTP/1.1" 200 66214
180.156.212.250 - - [29/May/2022:09:33:32 +0800] "GET /xingrg/kc/buy/cgsh_order_operate.html?command=get_materiel&rest_code=00102&code=00101011005&supplier_code=00100151&order_time=2022-05-29 HTTP/1.1" 200 429
180.175.103.167 - - [29/May/2022:09:33:34 +0800] "GET /xingrg/all/function/internal_message.html?_=1653788018504&CODE_STATE=getMsg HTTP/1.1" 200 27
116.228.172.94 - - [29/May/2022:09:33:35 +0800] "GET /xingrg/javascript/auto/indicator.gif HTTP/1.1" 404 1066
120.253.135.82 - - [29/May/2022:09:33:36 +0800] "GET /xingrg/all/function/internal_message.html?_=1653787825792&CODE_STATE=getMsg HTTP/1.1" 200 27
180.175.103.167 - - [29/May/2022:09:33:38 +0800] "POST /xingrg/kc/base/wldb_order_operate.html HTTP/1.1" 200 37
180.175.103.167 - - [29/May/2022:09:33:38 +0800] "POST /xingrg/kc/base/wldb_order_operate.html HTTP/1.1" 200 4185
180.175.103.167 - - [29/May/2022:09:33:39 +0800] "GET /xingrg/kc/base/wldb_order_info.html?code=422022052900362 HTTP/1.1" 200 30333
180.175.103.167 - - [29/May/2022:09:33:39 +0800] "GET /xingrg/javascript/easyui/themes/default/validatebox.css HTTP/1.1" 404 1104
180.175.103.167 - - [29/May/2022:09:33:40 +0800] "POST /xingrg/kc/base/wldb_order_operate.html HTTP/1.1" 200 4185
116.228.172.94 - - [29/May/2022:09:33:42 +0800] "GET /xingrg/javascript/jquery_tools/images/prev.gif HTTP/1.1" 404 1086
116.228.172.94 - - [29/May/2022:09:33:42 +0800] "GET /xingrg/javascript/jquery_tools/images/next.gif HTTP/1.1" 404 1086
120.253.135.82 - - [29/May/2022:09:33:44 +0800] "GET /xingrg/all/function/internal_message.html?_=1653788122369&CODE_STATE=getMsg HTTP/1.1" 200 27
180.156.212.250 - - [29/May/2022:09:33:45 +0800] "GET /xingrg/kc/buy/cgsh_order_operate.html?command=get_materiel&rest_code=00102&code=00101016105&supplier_code=00100151&order_time=2022-05-29 HTTP/1.1" 200 411
180.156.212.250 - - [29/May/2022:09:33:50 +0800] "GET /xingrg/all/function/internal_message.html?_=1653788099931&CODE_STATE=getMsg HTTP/1.1" 200 27
114.84.147.169 - - [29/May/2022:09:33:56 +0800] "GET /xingrg/all/function/internal_message.html?_=1653787770871&CODE_STATE=getMsg HTTP/1.1" 200 27
58.39.61.91 - - [29/May/2022:09:33:57 +0800] "GET /xingrg/all/function/internal_message.html?_=1653787999630&CODE_STATE=getMsg HTTP/1.1" 200 27
180.175.103.167 - - [29/May/2022:09:33:58 +0800] "GET /xingrg/kc/base/wldb_order_add.html HTTP/1.1" 200 30315
180.175.103.167 - - [29/May/2022:09:33:58 +0800] "POST /xingrg/kc/base/wldb_order_operate.html HTTP/1.1" 200 6806
180.175.103.167 - - [29/May/2022:09:33:58 +0800] "GET /xingrg/javascript/easyui/themes/default/validatebox.css HTTP/1.1" 404 1104
116.233.76.8 - - [29/May/2022:09:33:58 +0800] "GET /xingrg/all/function/internal_message.html?_=1653788039790&CODE_STATE=getMsg HTTP/1.1" 200 27
218.81.223.53 - - [29/May/2022:09:34:02 +0800] "GET /xingrg/all/function/internal_message.html?_=1653788067566&CODE_STATE=getMsg HTTP/1.1" 200 27
116.230.110.173 - - [29/May/2022:09:34:07 +0800] "GET /xingrg/all/function/internal_message.html?_=1653788030183&CODE_STATE=getMsg HTTP/1.1" 200 27
116.235.92.88 - - [29/May/2022:09:34:11 +0800] "GET /xingrg/all/function/internal_message.html?_=1653788226033&CODE_STATE=getMsg HTTP/1.1" 200 27
58.39.61.91 - - [29/May/2022:09:34:13 +0800] "GET /xingrg/check_reg.html?_=1653788015994 HTTP/1.1" 200 22
114.88.162.248 - - [29/May/2022:09:34:13 +0800] "GET /xingrg/all/function/internal_message.html?_=1653788053115&CODE_STATE=getMsg HTTP/1.1" 200 27
180.175.103.167 - - [29/May/2022:09:34:14 +0800] "GET /xingrg/kc/buy/cgsh_order_list.html HTTP/1.1" 200 51746
180.175.103.167 - - [29/May/2022:09:34:15 +0800] "POST /xingrg/kc/buy/cgsh_list_operate.html HTTP/1.1" 200 876
180.175.103.167 - - [29/May/2022:09:34:16 +0800] "GET /xingrg/kc/buy/cgsh_order_add.html HTTP/1.1" 200 67610
180.175.103.167 - - [29/May/2022:09:34:16 +0800] "GET /xingrg/words/20220528145213_words.js HTTP/1.1" 200 899815
180.175.103.167 - - [29/May/2022:09:34:16 +0800] "POST /xingrg/kc/buy/cgsh_order_operate.html HTTP/1.1" 200 8245
180.175.103.167 - - [29/May/2022:09:34:16 +0800] "GET /xingrg/all/common/auto_word.html?type=employee&rest_code=00105 HTTP/1.1" 200 193
180.175.103.167 - - [29/May/2022:09:34:16 +0800] "GET /xingrg/javascript/easyui/themes/default/validatebox.css HTTP/1.1" 404 1104
180.175.103.167 - - [29/May/2022:09:34:16 +0800] "GET /xingrg/all/common/auto_word.html?type=employee&rest_code=00105 HTTP/1.1" 200 193
180.175.103.167 - - [29/May/2022:09:34:18 +0800] "GET /xingrg/javascript/auto/indicator.gif HTTP/1.1" 404 1066
116.228.172.94 - - [29/May/2022:09:34:18 +0800] "GET /xingrg/kc/buy/cgsh_order_operate.html?command=get_materiel&rest_code=00153&code=00101029013&supplier_code=00100224&order_time=2022-05-29 HTTP/1.1" 200 456
114.86.187.179 - - [29/May/2022:09:34:18 +0800] "GET /xingrg/all/function/internal_message.html?_=1653788059306&CODE_STATE=getMsg HTTP/1.1" 200 27
180.175.103.167 - - [29/May/2022:09:34:20 +0800] "GET /xingrg/kc/base/wldb_order_operate.html?command=get_materiel&rest_code=00105&base_code=0010507&code=00101019184 HTTP/1.1" 200 458
58.39.61.91 - - [29/May/2022:09:34:20 +0800] "GET /xingrg/check_reg.html?_=1653788059699 HTTP/1.1" 200 22
58.39.61.91 - - [29/May/2022:09:34:20 +0800] "GET /xingrg/all/function/internal_message.html?_=1653788059700&CODE_STATE=getMsg HTTP/1.1" 200 27
116.228.172.94 - - [29/May/2022:09:34:23 +0800] "GET /xingrg/all/function/internal_message.html?_=1653787980419&CODE_STATE=getMsg HTTP/1.1" 200 27
180.175.103.167 - - [29/May/2022:09:34:25 +0800] "GET /xingrg/kc/buy/cgsh_order_operate.html?command=get_materiel&rest_code=00105&code=00101002048&supplier_code=00100151&order_time=2022-05-29 HTTP/1.1" 200 431
58.39.61.91 - - [29/May/2022:09:34:26 +0800] "GET /xingrg/kc/mdqp/pssh_order_list.html HTTP/1.1" 200 17698
58.39.61.91 - - [29/May/2022:09:34:27 +0800] "POST /xingrg/kc/mdqp/pssh_list_operate.html HTTP/1.1" 200 9151
180.175.103.167 - - [29/May/2022:09:34:27 +0800] "POST /xingrg/kc/base/wldb_order_operate.html HTTP/1.1" 200 37
180.175.103.167 - - [29/May/2022:09:34:28 +0800] "POST /xingrg/kc/base/wldb_order_operate.html HTTP/1.1" 200 2202
180.175.103.167 - - [29/May/2022:09:34:28 +0800] "GET /xingrg/kc/base/wldb_order_info.html?code=422022052900363 HTTP/1.1" 200 30334
180.175.103.167 - - [29/May/2022:09:34:29 +0800] "GET /xingrg/javascript/easyui/themes/default/validatebox.css HTTP/1.1" 404 1104
180.175.103.167 - - [29/May/2022:09:34:29 +0800] "POST /xingrg/kc/base/wldb_order_operate.html HTTP/1.1" 200 2202
58.39.61.91 - - [29/May/2022:09:34:33 +0800] "GET /xingrg/javascript/jquery_tools/images/next.gif HTTP/1.1" 404 1086
58.39.61.91 - - [29/May/2022:09:34:33 +0800] "GET /xingrg/javascript/jquery_tools/images/prev.gif HTTP/1.1" 404 1086
180.175.103.167 - - [29/May/2022:09:34:34 +0800] "GET /xingrg/all/function/internal_message.html?_=1653788078509&CODE_STATE=getMsg HTTP/1.1" 200 27
120.253.135.82 - - [29/May/2022:09:34:36 +0800] "GET /xingrg/all/function/internal_message.html?_=1653787885806&CODE_STATE=getMsg HTTP/1.1" 200 27
180.175.103.167 - - [29/May/2022:09:34:38 +0800] "POST /xingrg/kc/buy/cgsh_order_operate.html HTTP/1.1" 200 64
180.156.212.250 - - [29/May/2022:09:34:39 +0800] "POST /xingrg/kc/buy/cgsh_order_operate.html HTTP/1.1" 200 37
180.156.212.250 - - [29/May/2022:09:34:41 +0800] "POST /xingrg/kc/buy/cgsh_order_operate.html HTTP/1.1" 200 5035
180.175.103.167 - - [29/May/2022:09:34:43 +0800] "POST /xingrg/kc/buy/cgsh_order_operate.html HTTP/1.1" 200 37
120.253.135.82 - - [29/May/2022:09:34:44 +0800] "GET /xingrg/all/function/internal_message.html?_=1653788182401&CODE_STATE=getMsg HTTP/1.1" 200 27
180.175.103.167 - - [29/May/2022:09:34:44 +0800] "POST /xingrg/kc/buy/cgsh_order_operate.html HTTP/1.1" 200 2665
180.175.103.167 - - [29/May/2022:09:34:45 +0800] "GET /xingrg/kc/print/load_config.html?kc_code=cgsh HTTP/1.1" 200 1943
116.228.172.94 - - [29/May/2022:09:34:47 +0800] "POST /xingrg/kc/buy/cgsh_order_operate.html HTTP/1.1" 200 37
180.175.103.167 - - [29/May/2022:09:34:47 +0800] "GET /xingrg/kc/print/load_data.html?order_code=212022052901868&kc_code=cgsh&condition= HTTP/1.1" 200 655
180.156.212.250 - - [29/May/2022:09:34:48 +0800] "POST /xingrg/kc/buy/cgsh_order_operate.html HTTP/1.1" 200 37
116.228.172.94 - - [29/May/2022:09:34:50 +0800] "POST /xingrg/kc/buy/cgsh_order_operate.html HTTP/1.1" 200 12
116.228.172.94 - - [29/May/2022:09:34:51 +0800] "GET /xingrg/kc/buy/cgsh_order_info.html?code=212022052901869 HTTP/1.1" 200 61468
116.228.172.94 - - [29/May/2022:09:34:52 +0800] "GET /xingrg/javascript/easyui/themes/default/validatebox.css HTTP/1.1" 404 1104
116.228.172.94 - - [29/May/2022:09:34:53 +0800] "POST /xingrg/kc/buy/cgsh_order_operate.html HTTP/1.1" 200 651
116.228.172.94 - - [29/May/2022:09:34:54 +0800] "GET /xingrg/kc/print/load_config.html?kc_code=cgsh HTTP/1.1" 200 1943
116.228.172.94 - - [29/May/2022:09:34:54 +0800] "GET /xingrg/kc/print/load_data.html?order_code=212022052901869&kc_code=cgsh&condition= HTTP/1.1" 200 727
180.156.212.250 - - [29/May/2022:09:34:54 +0800] "POST /xingrg/kc/buy/cgsh_order_operate.html HTTP/1.1" 200 12
114.84.147.169 - - [29/May/2022:09:34:56 +0800] "GET /xingrg/all/function/internal_message.html?_=1653787830869&CODE_STATE=getMsg HTTP/1.1" 200 27
180.175.103.167 - - [29/May/2022:09:34:56 +0800] "GET /xingrg/check_reg.html?_=1653788017868 HTTP/1.1" 200 22
180.175.103.167 - - [29/May/2022:09:34:56 +0800] "GET /xingrg/all/function/internal_message.html?_=1653788017873&CODE_STATE=getMsg HTTP/1.1" 200 27
58.39.61.91 - - [29/May/2022:09:34:57 +0800] "GET /xingrg/all/function/internal_message.html?_=1653788059638&CODE_STATE=getMsg HTTP/1.1" 200 27
180.156.212.250 - - [29/May/2022:09:34:57 +0800] "GET /xingrg/kc/buy/cgsh_order_info.html?code=212022052901866 HTTP/1.1" 200 62413
116.233.76.8 - - [29/May/2022:09:34:58 +0800] "GET /xingrg/check_reg.html?_=1653788099788 HTTP/1.1" 200 22
116.233.76.8 - - [29/May/2022:09:34:58 +0800] "GET /xingrg/all/function/internal_message.html?_=1653788099789&CODE_STATE=getMsg HTTP/1.1" 200 27
180.156.212.250 - - [29/May/2022:09:34:59 +0800] "GET /xingrg/check_reg.html?_=1653788168119 HTTP/1.1" 200 22
180.156.212.250 - - [29/May/2022:09:34:59 +0800] "GET /xingrg/all/function/internal_message.html?_=1653788168123&CODE_STATE=getMsg HTTP/1.1" 200 27
180.156.212.250 - - [29/May/2022:09:34:59 +0800] "GET /xingrg/javascript/easyui/themes/default/validatebox.css HTTP/1.1" 404 1104
180.156.212.250 - - [29/May/2022:09:34:59 +0800] "POST /xingrg/kc/buy/cgsh_order_operate.html HTTP/1.1" 200 2984
180.156.212.250 - - [29/May/2022:09:35:02 +0800] "GET /xingrg/kc/print/load_config.html?kc_code=cgsh HTTP/1.1" 200 1943
180.156.212.250 - - [29/May/2022:09:35:02 +0800] "GET /xingrg/kc/print/load_data.html?order_code=212022052901866&kc_code=cgsh&condition= HTTP/1.1" 200 1579
218.81.223.53 - - [29/May/2022:09:35:02 +0800] "GET /xingrg/all/function/internal_message.html?_=1653788127991&CODE_STATE=getMsg HTTP/1.1" 200 27
116.228.172.94 - - [29/May/2022:09:35:03 +0800] "GET /xingrg/kc/buy/cgsh_order_add.html HTTP/1.1" 200 66575
116.228.172.94 - - [29/May/2022:09:35:03 +0800] "POST /xingrg/kc/buy/cgsh_order_operate.html HTTP/1.1" 200 8245
116.228.172.94 - - [29/May/2022:09:35:03 +0800] "GET /xingrg/javascript/easyui/themes/default/validatebox.css HTTP/1.1" 404 1104
116.230.110.173 - - [29/May/2022:09:35:07 +0800] "GET /xingrg/check_reg.html?_=1653788090175 HTTP/1.1" 200 22
116.230.110.173 - - [29/May/2022:09:35:07 +0800] "GET /xingrg/all/function/internal_message.html?_=1653788090176&CODE_STATE=getMsg HTTP/1.1" 200 27
116.235.92.88 - - [29/May/2022:09:35:11 +0800] "GET /xingrg/all/function/internal_message.html?_=1653788286015&CODE_STATE=getMsg HTTP/1.1" 200 27
114.88.162.248 - - [29/May/2022:09:35:13 +0800] "GET /xingrg/all/function/internal_message.html?_=1653788113116&CODE_STATE=getMsg HTTP/1.1" 200 27
114.86.187.179 - - [29/May/2022:09:35:20 +0800] "GET /xingrg/all/function/internal_message.html?_=1653788119500&CODE_STATE=getMsg HTTP/1.1" 200 27
58.39.61.91 - - [29/May/2022:09:35:20 +0800] "GET /xingrg/all/function/internal_message.html?_=1653788119705&CODE_STATE=getMsg HTTP/1.1" 200 27
116.228.172.94 - - [29/May/2022:09:35:23 +0800] "GET /xingrg/all/function/internal_message.html?_=1653788040410&CODE_STATE=getMsg HTTP/1.1" 200 27
114.86.187.179 - - [29/May/2022:09:35:27 +0800] "GET /xingrg/check_reg.html?_=1653788127824 HTTP/1.1" 200 22
180.175.103.167 - - [29/May/2022:09:35:34 +0800] "GET /xingrg/all/function/internal_message.html?_=1653788138516&CODE_STATE=getMsg HTTP/1.1" 200 27
120.253.135.82 - - [29/May/2022:09:35:36 +0800] "GET /xingrg/all/function/internal_message.html?_=1653787945838&CODE_STATE=getMsg HTTP/1.1" 200 27
120.253.135.82 - - [29/May/2022:09:35:44 +0800] "GET /xingrg/all/function/internal_message.html?_=1653788242412&CODE_STATE=getMsg HTTP/1.1" 200 27
114.84.147.169 - - [29/May/2022:09:35:56 +0800] "GET /xingrg/all/function/internal_message.html?_=1653787890896&CODE_STATE=getMsg HTTP/1.1" 200 27
180.175.103.167 - - [29/May/2022:09:35:56 +0800] "GET /xingrg/all/function/internal_message.html?_=1653788077859&CODE_STATE=getMsg HTTP/1.1" 200 27
58.39.61.91 - - [29/May/2022:09:35:57 +0800] "GET /xingrg/all/function/internal_message.html?_=1653788119652&CODE_STATE=getMsg HTTP/1.1" 200 27
116.233.76.8 - - [29/May/2022:09:35:58 +0800] "GET /xingrg/all/function/internal_message.html?_=1653788159788&CODE_STATE=getMsg HTTP/1.1" 200 27
180.156.212.250 - - [29/May/2022:09:35:59 +0800] "GET /xingrg/all/function/internal_message.html?_=1653788228130&CODE_STATE=getMsg HTTP/1.1" 200 27
114.83.223.13 - - [29/May/2022:09:36:00 +0800] "GET /xingrg/login.html?sysBaseUrl=http%3A%2F%2F180.169.147.146%3A18081%2Fxingrg%2F&costTime=31×tamp=1615347190560 HTTP/1.1" 200 7641
114.83.223.13 - - [29/May/2022:09:36:01 +0800] "GET /favicon.ico HTTP/1.1" 404 -
218.81.223.53 - - [29/May/2022:09:36:02 +0800] "GET /xingrg/all/function/internal_message.html?_=1653788187998&CODE_STATE=getMsg HTTP/1.1" 200 27
116.230.110.173 - - [29/May/2022:09:36:07 +0800] "GET /xingrg/all/function/internal_message.html?_=1653788150171&CODE_STATE=getMsg HTTP/1.1" 200 27
116.235.92.88 - - [29/May/2022:09:36:11 +0800] "GET /xingrg/all/function/internal_message.html?_=1653788345989&CODE_STATE=getMsg HTTP/1.1" 200 27
114.88.162.248 - - [29/May/2022:09:36:13 +0800] "GET /xingrg/check_reg.html?_=1653788173120 HTTP/1.1" 200 22
114.88.162.248 - - [29/May/2022:09:36:13 +0800] "GET /xingrg/all/function/internal_message.html?_=1653788173117&CODE_STATE=getMsg HTTP/1.1" 200 27
114.83.223.13 - - [29/May/2022:09:36:15 +0800] "POST /xingrg/login.do HTTP/1.1" 302 -
114.83.223.13 - - [29/May/2022:09:36:15 +0800] "GET /xingrg/index.html?sysBaseUrl=http%3A%2F%2F180.169.147.146%3A18081%2Fxingrg%2F&costTime=53×tamp=1653788175408 HTTP/1.1" 200 17179
114.83.223.13 - - [29/May/2022:09:36:15 +0800] "GET /favicon.ico HTTP/1.1" 404 -
114.83.223.13 - - [29/May/2022:09:36:15 +0800] "POST /xingrg/all/common/load_tree.html?tree=area_rest_tree_json&manage=1 HTTP/1.1" 200 351
114.83.223.13 - - [29/May/2022:09:36:16 +0800] "GET /xingrg/all/function/internal_message.html?_=1653788175953&CODE_STATE=count HTTP/1.1" 200 11
114.83.223.13 - - [29/May/2022:09:36:16 +0800] "GET /xingrg/check_reg.html?_=1653788175956 HTTP/1.1" 200 22
114.83.223.13 - - [29/May/2022:09:36:16 +0800] "POST /xingrg/load_menu.html HTTP/1.1" 200 5138
114.86.187.179 - - [29/May/2022:09:36:18 +0800] "GET /xingrg/all/function/internal_message.html?_=1653788179485&CODE_STATE=getMsg HTTP/1.1" 200 27
58.39.61.91 - - [29/May/2022:09:36:20 +0800] "GET /xingrg/all/function/internal_message.html?_=1653788179715&CODE_STATE=getMsg HTTP/1.1" 200 27
116.228.172.94 - - [29/May/2022:09:36:23 +0800] "GET /xingrg/all/function/internal_message.html?_=1653788100418&CODE_STATE=getMsg HTTP/1.1" 200 27
114.83.223.13 - - [29/May/2022:09:36:27 +0800] "GET /xingrg/kc/mdqp/pssh_order_list.html HTTP/1.1" 200 17862
114.83.223.13 - - [29/May/2022:09:36:28 +0800] "POST /xingrg/kc/mdqp/pssh_list_operate.html HTTP/1.1" 200 5577
114.83.223.13 - - [29/May/2022:09:36:32 +0800] "POST /xingrg/kc/mdqp/pssh_list_operate.html HTTP/1.1" 200 1586
180.175.103.167 - - [29/May/2022:09:36:34 +0800] "GET /xingrg/check_reg.html?_=1653788198510 HTTP/1.1" 200 22
180.175.103.167 - - [29/May/2022:09:36:34 +0800] "GET /xingrg/all/function/internal_message.html?_=1653788198513&CODE_STATE=getMsg HTTP/1.1" 200 27
120.253.135.82 - - [29/May/2022:09:36:36 +0800] "GET /xingrg/all/function/internal_message.html?_=1653788005848&CODE_STATE=getMsg HTTP/1.1" 200 27
114.83.223.13 - - [29/May/2022:09:36:38 +0800] "POST /xingrg/kc/mdqp/pssh_list_operate.html HTTP/1.1" 200 5577
120.253.135.82 - - [29/May/2022:09:36:41 +0800] "GET /xingrg/check_reg.html?_=1653788299501 HTTP/1.1" 200 22
120.253.135.82 - - [29/May/2022:09:36:44 +0800] "GET /xingrg/all/function/internal_message.html?_=1653788302425&CODE_STATE=getMsg HTTP/1.1" 200 27
114.83.223.13 - - [29/May/2022:09:36:44 +0800] "POST /xingrg/kc/mdqp/pssh_list_operate.html HTTP/1.1" 200 5637
114.83.223.13 - - [29/May/2022:09:36:47 +0800] "POST /xingrg/kc/mdqp/pssh_list_operate.html HTTP/1.1" 200 5719
180.156.212.250 - - [29/May/2022:09:36:47 +0800] "POST /xingrg/kc/buy/cgsh_list_operate.html HTTP/1.1" 200 5735
114.83.223.13 - - [29/May/2022:09:36:50 +0800] "POST /xingrg/kc/mdqp/pssh_list_operate.html HTTP/1.1" 200 5670
114.83.223.13 - - [29/May/2022:09:36:52 +0800] "POST /xingrg/kc/mdqp/pssh_list_operate.html HTTP/1.1" 200 802
114.83.223.13 - - [29/May/2022:09:36:53 +0800] "GET /xingrg/kc/mdqp/pssh_order_info.html?code=312022052700819 HTTP/1.1" 200 17281
114.83.223.13 - - [29/May/2022:09:36:53 +0800] "GET /xingrg/javascript/jquery_tools/jquery-1.4.2.min.js HTTP/1.1" 404 1094
114.83.223.13 - - [29/May/2022:09:36:53 +0800] "GET /xingrg/words/20220528145213_words.js HTTP/1.1" 304 -
114.83.223.13 - - [29/May/2022:09:36:54 +0800] "POST /xingrg/kc/mdqp/pssh_order_operate.html HTTP/1.1" 200 4699
114.83.223.13 - - [29/May/2022:09:36:54 +0800] "GET /xingrg/all/common/auto_word.html?type=base&rest_code=00149&rest_code=00149 HTTP/1.1" 200 1907
114.83.223.13 - - [29/May/2022:09:36:54 +0800] "GET /xingrg/javascript/easyui/themes/default/validatebox.css HTTP/1.1" 404 1104
114.83.223.13 - - [29/May/2022:09:36:54 +0800] "GET /xingrg/all/common/auto_word.html?type=employee&rest_code=00149 HTTP/1.1" 200 197
114.84.147.169 - - [29/May/2022:09:36:56 +0800] "GET /xingrg/all/function/internal_message.html?_=1653787950901&CODE_STATE=getMsg HTTP/1.1" 200 27
180.175.103.167 - - [29/May/2022:09:36:56 +0800] "GET /xingrg/all/function/internal_message.html?_=1653788137845&CODE_STATE=getMsg HTTP/1.1" 200 27
58.39.61.91 - - [29/May/2022:09:36:57 +0800] "GET /xingrg/all/function/internal_message.html?_=1653788179732&CODE_STATE=getMsg HTTP/1.1" 200 27
116.233.76.8 - - [29/May/2022:09:36:58 +0800] "GET /xingrg/all/function/internal_message.html?_=1653788219786&CODE_STATE=getMsg HTTP/1.1" 200 27
180.156.212.250 - - [29/May/2022:09:36:59 +0800] "GET /xingrg/all/function/internal_message.html?_=1653788288447&CODE_STATE=getMsg HTTP/1.1" 200 27
218.81.223.53 - - [29/May/2022:09:37:03 +0800] "GET /xingrg/all/function/internal_message.html?_=1653788248402&CODE_STATE=getMsg HTTP/1.1" 200 27
116.230.110.173 - - [29/May/2022:09:37:07 +0800] "GET /xingrg/all/function/internal_message.html?_=1653788210184&CODE_STATE=getMsg HTTP/1.1" 200 27
114.83.223.13 - - [29/May/2022:09:37:11 +0800] "POST /xingrg/kc/mdqp/pssh_list_operate.html HTTP/1.1" 200 270
116.235.92.88 - - [29/May/2022:09:37:11 +0800] "GET /xingrg/all/function/internal_message.html?_=1653788405966&CODE_STATE=getMsg HTTP/1.1" 200 27
114.83.223.13 - - [29/May/2022:09:37:12 +0800] "POST /xingrg/kc/mdqp/pssh_list_operate.html HTTP/1.1" 200 259
114.88.162.248 - - [29/May/2022:09:37:13 +0800] "GET /xingrg/all/function/internal_message.html?_=1653788233120&CODE_STATE=getMsg HTTP/1.1" 200 27
114.83.223.13 - - [29/May/2022:09:37:16 +0800] "GET /xingrg/all/function/internal_message.html?_=1653788235963&CODE_STATE=getMsg HTTP/1.1" 200 27
114.86.187.179 - - [29/May/2022:09:37:18 +0800] "GET /xingrg/check_reg.html?_=1653788239302 HTTP/1.1" 200 22
114.86.187.179 - - [29/May/2022:09:37:18 +0800] "GET /xingrg/all/function/internal_message.html?_=1653788239463&CODE_STATE=getMsg HTTP/1.1" 200 27
58.39.61.91 - - [29/May/2022:09:37:20 +0800] "GET /xingrg/all/function/internal_message.html?_=1653788239713&CODE_STATE=getMsg HTTP/1.1" 200 27
114.83.223.13 - - [29/May/2022:09:37:22 +0800] "POST /xingrg/kc/mdqp/pssh_list_operate.html HTTP/1.1" 200 266
116.228.172.94 - - [29/May/2022:09:37:23 +0800] "GET /xingrg/all/function/internal_message.html?_=1653788160412&CODE_STATE=getMsg HTTP/1.1" 200 27
114.83.223.13 - - [29/May/2022:09:37:24 +0800] "POST /xingrg/kc/mdqp/pssh_list_operate.html HTTP/1.1" 200 257
114.83.223.13 - - [29/May/2022:09:37:25 +0800] "POST /xingrg/kc/mdqp/pssh_list_operate.html HTTP/1.1" 200 363
218.81.223.53 - - [29/May/2022:09:37:26 +0800] "GET /xingrg/check_reg.html?_=1653788271131 HTTP/1.1" 200 22
114.83.223.13 - - [29/May/2022:09:37:29 +0800] "POST /xingrg/kc/mdqp/pssh_list_operate.html HTTP/1.1" 200 5617
114.83.223.13 - - [29/May/2022:09:37:33 +0800] "POST /xingrg/kc/mdqp/pssh_list_operate.html HTTP/1.1" 200 5577
180.175.103.167 - - [29/May/2022:09:37:34 +0800] "GET /xingrg/all/function/internal_message.html?_=1653788258513&CODE_STATE=getMsg HTTP/1.1" 200 27
120.253.135.82 - - [29/May/2022:09:37:36 +0800] "GET /xingrg/all/function/internal_message.html?_=1653788065889&CODE_STATE=getMsg HTTP/1.1" 200 27
114.83.223.13 - - [29/May/2022:09:37:38 +0800] "POST /xingrg/kc/mdqp/pssh_list_operate.html HTTP/1.1" 200 5637
116.235.92.88 - - [29/May/2022:09:37:38 +0800] "GET /xingrg/check_reg.html?_=1653788433252 HTTP/1.1" 200 22
114.83.223.13 - - [29/May/2022:09:37:39 +0800] "GET /xingrg/javascript/jquery_tools/images/prev.gif HTTP/1.1" 404 1086
114.83.223.13 - - [29/May/2022:09:37:39 +0800] "GET /xingrg/javascript/jquery_tools/images/next.gif HTTP/1.1" 404 1086
120.253.135.82 - - [29/May/2022:09:37:44 +0800] "GET /xingrg/all/function/internal_message.html?_=1653788362439&CODE_STATE=getMsg HTTP/1.1" 200 27
114.83.223.13 - - [29/May/2022:09:37:49 +0800] "GET /xingrg/ HTTP/1.1" 200 292
114.83.223.13 - - [29/May/2022:09:37:49 +0800] "GET /favicon.ico HTTP/1.1" 404 -
114.83.223.13 - - [29/May/2022:09:37:49 +0800] "GET /xingrg/index.html HTTP/1.1" 200 17179
114.83.223.13 - - [29/May/2022:09:37:49 +0800] "POST /xingrg/all/common/load_tree.html?tree=area_rest_tree_json&manage=1 HTTP/1.1" 200 351
114.83.223.13 - - [29/May/2022:09:37:50 +0800] "GET /xingrg/all/function/internal_message.html?_=1653788269982&CODE_STATE=count HTTP/1.1" 200 11
114.83.223.13 - - [29/May/2022:09:37:50 +0800] "GET /xingrg/check_reg.html?_=1653788269985 HTTP/1.1" 200 22
114.83.223.13 - - [29/May/2022:09:37:50 +0800] "POST /xingrg/load_menu.html HTTP/1.1" 200 5138
114.83.223.13 - - [29/May/2022:09:37:50 +0800] "GET /favicon.ico HTTP/1.1" 404 -
114.83.223.13 - - [29/May/2022:09:37:50 +0800] "POST /xingrg/kc/mdqp/pssh_list_operate.html HTTP/1.1" 200 5516
120.253.135.82 - - [29/May/2022:09:37:52 +0800] "GET /xingrg/check_reg.html?_=1653788081899 HTTP/1.1" 200 22
114.83.223.13 - - [29/May/2022:09:37:55 +0800] "POST /xingrg/kc/mdqp/pssh_list_operate.html HTTP/1.1" 200 5564
114.84.147.169 - - [29/May/2022:09:37:56 +0800] "GET /xingrg/all/function/internal_message.html?_=1653788010895&CODE_STATE=getMsg HTTP/1.1" 200 27
114.84.147.169 - - [29/May/2022:09:37:56 +0800] "GET /xingrg/check_reg.html?_=1653788010896 HTTP/1.1" 200 22
180.175.103.167 - - [29/May/2022:09:37:56 +0800] "GET /xingrg/all/function/internal_message.html?_=1653788197829&CODE_STATE=getMsg HTTP/1.1" 200 27
58.39.61.91 - - [29/May/2022:09:37:57 +0800] "GET /xingrg/all/function/internal_message.html?_=1653788239741&CODE_STATE=getMsg HTTP/1.1" 200 27
116.233.76.8 - - [29/May/2022:09:37:58 +0800] "GET /xingrg/all/function/internal_message.html?_=1653788279787&CODE_STATE=getMsg HTTP/1.1" 200 27
180.156.212.250 - - [29/May/2022:09:37:59 +0800] "GET /xingrg/all/function/internal_message.html?_=1653788348454&CODE_STATE=getMsg HTTP/1.1" 200 27
218.81.223.53 - - [29/May/2022:09:38:03 +0800] "GET /xingrg/all/function/internal_message.html?_=1653788308416&CODE_STATE=getMsg HTTP/1.1" 200 27
116.230.110.173 - - [29/May/2022:09:38:07 +0800] "GET /xingrg/all/function/internal_message.html?_=1653788270182&CODE_STATE=getMsg HTTP/1.1" 200 27
116.235.92.88 - - [29/May/2022:09:38:11 +0800] "GET /xingrg/all/function/internal_message.html?_=1653788465940&CODE_STATE=getMsg HTTP/1.1" 200 27
114.83.223.13 - - [29/May/2022:09:38:12 +0800] "POST /xingrg/kc/mdqp/pssh_list_operate.html HTTP/1.1" 200 5525
114.88.162.248 - - [29/May/2022:09:38:13 +0800] "GET /xingrg/all/function/internal_message.html?_=1653788293121&CODE_STATE=getMsg HTTP/1.1" 200 27
114.83.223.13 - - [29/May/2022:09:38:15 +0800] "POST /xingrg/kc/mdqp/pssh_list_operate.html HTTP/1.1" 200 5532
114.83.223.13 - - [29/May/2022:09:38:16 +0800] "GET /xingrg/all/function/internal_message.html?_=1653788295968&CODE_STATE=getMsg HTTP/1.1" 200 27
114.86.187.179 - - [29/May/2022:09:38:18 +0800] "GET /xingrg/all/function/internal_message.html?_=1653788299449&CODE_STATE=getMsg HTTP/1.1" 200 27
114.83.223.13 - - [29/May/2022:09:38:19 +0800] "POST /xingrg/kc/mdqp/pssh_list_operate.html HTTP/1.1" 200 607
114.83.223.13 - - [29/May/2022:09:38:19 +0800] "GET /xingrg/kc/mdqp/pssh_order_info.html?code=312022050400102 HTTP/1.1" 200 17272
114.83.223.13 - - [29/May/2022:09:38:19 +0800] "POST /xingrg/kc/mdqp/pssh_list_operate.html HTTP/1.1" 200 5532
114.83.223.13 - - [29/May/2022:09:38:19 +0800] "GET /xingrg/javascript/jquery_tools/jquery-1.4.2.min.js HTTP/1.1" 404 1094
114.83.223.13 - - [29/May/2022:09:38:20 +0800] "GET /xingrg/javascript/easyui/themes/default/validatebox.css HTTP/1.1" 404 1104
58.39.61.91 - - [29/May/2022:09:38:20 +0800] "GET /xingrg/all/function/internal_message.html?_=1653788299709&CODE_STATE=getMsg HTTP/1.1" 200 27
114.83.223.13 - - [29/May/2022:09:38:20 +0800] "POST /xingrg/kc/mdqp/pssh_order_operate.html HTTP/1.1" 200 2124
116.228.172.94 - - [29/May/2022:09:38:23 +0800] "GET /xingrg/check_reg.html?_=1653788220423 HTTP/1.1" 200 22
116.228.172.94 - - [29/May/2022:09:38:23 +0800] "GET /xingrg/all/function/internal_message.html?_=1653788220426&CODE_STATE=getMsg HTTP/1.1" 200 27
114.83.223.13 - - [29/May/2022:09:38:32 +0800] "POST /xingrg/kc/mdqp/pssh_list_operate.html HTTP/1.1" 200 5532
114.83.223.13 - - [29/May/2022:09:38:33 +0800] "POST /xingrg/kc/mdqp/pssh_list_operate.html HTTP/1.1" 200 607
114.83.223.13 - - [29/May/2022:09:38:33 +0800] "GET /xingrg/kc/mdqp/pssh_order_info.html?code=312022050400102 HTTP/1.1" 200 17272
114.83.223.13 - - [29/May/2022:09:38:33 +0800] "POST /xingrg/kc/mdqp/pssh_list_operate.html HTTP/1.1" 200 5532
114.83.223.13 - - [29/May/2022:09:38:33 +0800] "GET /xingrg/javascript/jquery_tools/jquery-1.4.2.min.js HTTP/1.1" 404 1094
114.83.223.13 - - [29/May/2022:09:38:34 +0800] "GET /xingrg/javascript/easyui/themes/default/validatebox.css HTTP/1.1" 404 1104
114.83.223.13 - - [29/May/2022:09:38:34 +0800] "POST /xingrg/kc/mdqp/pssh_order_operate.html HTTP/1.1" 200 2124
180.175.103.167 - - [29/May/2022:09:38:34 +0800] "GET /xingrg/all/function/internal_message.html?_=1653788318514&CODE_STATE=getMsg HTTP/1.1" 200 27
114.83.223.13 - - [29/May/2022:09:38:36 +0800] "POST /xingrg/kc/mdqp/pssh_list_operate.html HTTP/1.1" 200 5532
120.253.135.82 - - [29/May/2022:09:38:36 +0800] "GET /xingrg/all/function/internal_message.html?_=1653788125891&CODE_STATE=getMsg HTTP/1.1" 200 27
114.83.223.13 - - [29/May/2022:09:38:38 +0800] "POST /xingrg/kc/mdqp/pssh_list_operate.html HTTP/1.1" 200 5525
114.83.223.13 - - [29/May/2022:09:38:39 +0800] "POST /xingrg/kc/mdqp/pssh_list_operate.html HTTP/1.1" 200 357
114.83.223.13 - - [29/May/2022:09:38:44 +0800] "GET /xingrg/kc/mdqp/pssh_order_info.html?code=312022051200269 HTTP/1.1" 200 17281
114.83.223.13 - - [29/May/2022:09:38:44 +0800] "GET /xingrg/javascript/jquery_tools/jquery-1.4.2.min.js HTTP/1.1" 404 1094
114.83.223.13 - - [29/May/2022:09:38:44 +0800] "POST /xingrg/kc/mdqp/pssh_list_operate.html HTTP/1.1" 200 5525
120.253.135.82 - - [29/May/2022:09:38:44 +0800] "GET /xingrg/all/function/internal_message.html?_=1653788422452&CODE_STATE=getMsg HTTP/1.1" 200 27
114.83.223.13 - - [29/May/2022:09:38:44 +0800] "GET /xingrg/javascript/easyui/themes/default/validatebox.css HTTP/1.1" 404 1104
114.83.223.13 - - [29/May/2022:09:38:44 +0800] "POST /xingrg/kc/mdqp/pssh_order_operate.html HTTP/1.1" 200 1040
114.83.223.13 - - [29/May/2022:09:38:50 +0800] "GET /xingrg/all/function/internal_message.html?_=1653788329994&CODE_STATE=getMsg HTTP/1.1" 200 27
114.84.147.169 - - [29/May/2022:09:38:56 +0800] "GET /xingrg/all/function/internal_message.html?_=1653788070908&CODE_STATE=getMsg HTTP/1.1" 200 27
180.175.103.167 - - [29/May/2022:09:38:56 +0800] "GET /xingrg/all/function/internal_message.html?_=1653788257815&CODE_STATE=getMsg HTTP/1.1" 200 27
58.39.61.91 - - [29/May/2022:09:38:57 +0800] "GET /xingrg/all/function/internal_message.html?_=1653788299822&CODE_STATE=getMsg HTTP/1.1" 200 27
116.233.76.8 - - [29/May/2022:09:38:58 +0800] "GET /xingrg/all/function/internal_message.html?_=1653788339786&CODE_STATE=getMsg HTTP/1.1" 200 27
180.156.212.250 - - [29/May/2022:09:38:59 +0800] "GET /xingrg/all/function/internal_message.html?_=1653788408533&CODE_STATE=getMsg HTTP/1.1" 200 27
218.81.223.53 - - [29/May/2022:09:39:03 +0800] "GET /xingrg/all/function/internal_message.html?_=1653788368429&CODE_STATE=getMsg HTTP/1.1" 200 27
116.230.110.173 - - [29/May/2022:09:39:07 +0800] "GET /xingrg/all/function/internal_message.html?_=1653788330182&CODE_STATE=getMsg HTTP/1.1" 200 27
116.235.92.88 - - [29/May/2022:09:39:11 +0800] "GET /xingrg/all/function/internal_message.html?_=1653788525914&CODE_STATE=getMsg HTTP/1.1" 200 27
114.83.223.13 - - [29/May/2022:09:39:13 +0800] "POST /xingrg/kc/mdqp/pssh_list_operate.html HTTP/1.1" 200 5525
58.39.61.91 - - [29/May/2022:09:39:13 +0800] "GET /xingrg/check_reg.html?_=1653788315995 HTTP/1.1" 200 22
114.88.162.248 - - [29/May/2022:09:39:13 +0800] "GET /xingrg/all/function/internal_message.html?_=1653788353122&CODE_STATE=getMsg HTTP/1.1" 200 27
114.83.223.13 - - [29/May/2022:09:39:16 +0800] "GET /xingrg/all/function/internal_message.html?_=1653788355968&CODE_STATE=getMsg HTTP/1.1" 200 27
114.83.223.13 - - [29/May/2022:09:39:16 +0800] "POST /xingrg/kc/mdqp/pssh_list_operate.html HTTP/1.1" 200 5550
114.86.187.179 - - [29/May/2022:09:39:18 +0800] "GET /xingrg/all/function/internal_message.html?_=1653788359421&CODE_STATE=getMsg HTTP/1.1" 200 27
114.83.223.13 - - [29/May/2022:09:39:19 +0800] "POST /xingrg/kc/mdqp/pssh_list_operate.html HTTP/1.1" 200 264
114.83.223.13 - - [29/May/2022:09:39:20 +0800] "GET /xingrg/kc/mdqp/pssh_order_info.html?code=312022052800906 HTTP/1.1" 200 17316
114.83.223.13 - - [29/May/2022:09:39:20 +0800] "GET /xingrg/javascript/jquery_tools/jquery-1.4.2.min.js HTTP/1.1" 404 1094
114.83.223.13 - - [29/May/2022:09:39:20 +0800] "POST /xingrg/kc/mdqp/pssh_list_operate.html HTTP/1.1" 200 5550
58.39.61.91 - - [29/May/2022:09:39:20 +0800] "GET /xingrg/all/function/internal_message.html?_=1653788359725&CODE_STATE=getMsg HTTP/1.1" 200 27
58.39.61.91 - - [29/May/2022:09:39:20 +0800] "GET /xingrg/check_reg.html?_=1653788359729 HTTP/1.1" 200 22
114.83.223.13 - - [29/May/2022:09:39:21 +0800] "GET /xingrg/javascript/easyui/themes/default/validatebox.css HTTP/1.1" 404 1104
114.83.223.13 - - [29/May/2022:09:39:21 +0800] "POST /xingrg/kc/mdqp/pssh_order_operate.html HTTP/1.1" 200 534
116.228.172.94 - - [29/May/2022:09:39:23 +0800] "GET /xingrg/all/function/internal_message.html?_=1653788280415&CODE_STATE=getMsg HTTP/1.1" 200 27
180.175.103.167 - - [29/May/2022:09:39:34 +0800] "GET /xingrg/all/function/internal_message.html?_=1653788378514&CODE_STATE=getMsg HTTP/1.1" 200 27
120.253.135.82 - - [29/May/2022:09:39:36 +0800] "GET /xingrg/all/function/internal_message.html?_=1653788185905&CODE_STATE=getMsg HTTP/1.1" 200 27
120.253.135.82 - - [29/May/2022:09:39:44 +0800] "GET /xingrg/all/function/internal_message.html?_=1653788482484&CODE_STATE=getMsg HTTP/1.1" 200 27
114.83.223.13 - - [29/May/2022:09:39:50 +0800] "GET /xingrg/all/function/internal_message.html?_=1653788389994&CODE_STATE=getMsg HTTP/1.1" 200 27
114.83.223.13 - - [29/May/2022:09:39:50 +0800] "POST /xingrg/kc/mdqp/pssh_order_operate.html HTTP/1.1" 200 37
114.83.223.13 - - [29/May/2022:09:39:51 +0800] "POST /xingrg/kc/mdqp/pssh_order_operate.html HTTP/1.1" 200 12
114.83.223.13 - - [29/May/2022:09:39:52 +0800] "GET /xingrg/kc/mdqp/pssh_order_info.html?code=312022052800906 HTTP/1.1" 200 14392
114.83.223.13 - - [29/May/2022:09:39:52 +0800] "GET /xingrg/javascript/jquery_tools/jquery-1.4.2.min.js HTTP/1.1" 404 1094
114.83.223.13 - - [29/May/2022:09:39:52 +0800] "POST /xingrg/kc/mdqp/pssh_order_operate.html HTTP/1.1" 200 534
114.83.223.13 - - [29/May/2022:09:39:52 +0800] "GET /xingrg/javascript/easyui/themes/default/validatebox.css HTTP/1.1" 404 1104
114.83.223.13 - - [29/May/2022:09:39:55 +0800] "GET /xingrg/kc/mdqp/pssh_order_list.html?isBack=1 HTTP/1.1" 200 17862
114.83.223.13 - - [29/May/2022:09:39:55 +0800] "POST /xingrg/kc/mdqp/pssh_list_operate.html HTTP/1.1" 200 5577
114.84.147.169 - - [29/May/2022:09:39:56 +0800] "GET /xingrg/all/function/internal_message.html?_=1653788130901&CODE_STATE=getMsg HTTP/1.1" 200 27
180.175.103.167 - - [29/May/2022:09:39:56 +0800] "GET /xingrg/all/function/internal_message.html?_=1653788317801&CODE_STATE=getMsg HTTP/1.1" 200 27
180.175.103.167 - - [29/May/2022:09:39:56 +0800] "GET /xingrg/check_reg.html?_=1653788317866 HTTP/1.1" 200 22
58.39.61.91 - - [29/May/2022:09:39:57 +0800] "GET /xingrg/all/function/internal_message.html?_=1653788359830&CODE_STATE=getMsg HTTP/1.1" 200 27
114.83.223.13 - - [29/May/2022:09:39:57 +0800] "POST /xingrg/kc/mdqp/pssh_list_operate.html HTTP/1.1" 200 5566
116.233.76.8 - - [29/May/2022:09:39:58 +0800] "GET /xingrg/all/function/internal_message.html?_=1653788399786&CODE_STATE=getMsg HTTP/1.1" 200 27
116.233.76.8 - - [29/May/2022:09:39:58 +0800] "GET /xingrg/check_reg.html?_=1653788399786 HTTP/1.1" 200 22
180.156.212.250 - - [29/May/2022:09:39:58 +0800] "GET /xingrg/check_reg.html?_=1653788468123 HTTP/1.1" 200 22
180.156.212.250 - - [29/May/2022:09:39:59 +0800] "GET /xingrg/all/function/internal_message.html?_=1653788468617&CODE_STATE=getMsg HTTP/1.1" 200 27
114.83.223.13 - - [29/May/2022:09:40:00 +0800] "POST /xingrg/kc/mdqp/pssh_list_operate.html HTTP/1.1" 200 678
114.83.223.13 - - [29/May/2022:09:40:01 +0800] "GET /xingrg/kc/mdqp/pssh_order_info.html?code=312022052800905 HTTP/1.1" 200 17316
114.83.223.13 - - [29/May/2022:09:40:01 +0800] "GET /xingrg/javascript/jquery_tools/jquery-1.4.2.min.js HTTP/1.1" 404 1094
114.83.223.13 - - [29/May/2022:09:40:01 +0800] "POST /xingrg/kc/mdqp/pssh_list_operate.html HTTP/1.1" 200 5566
114.83.223.13 - - [29/May/2022:09:40:02 +0800] "GET /xingrg/javascript/easyui/themes/default/validatebox.css HTTP/1.1" 404 1104
114.83.223.13 - - [29/May/2022:09:40:02 +0800] "POST /xingrg/kc/mdqp/pssh_order_operate.html HTTP/1.1" 200 2628
218.81.223.53 - - [29/May/2022:09:40:03 +0800] "GET /xingrg/all/function/internal_message.html?_=1653788428858&CODE_STATE=getMsg HTTP/1.1" 200 27
116.230.110.173 - - [29/May/2022:09:40:07 +0800] "GET /xingrg/check_reg.html?_=1653788390177 HTTP/1.1" 200 22
116.230.110.173 - - [29/May/2022:09:40:07 +0800] "GET /xingrg/all/function/internal_message.html?_=1653788390180&CODE_STATE=getMsg HTTP/1.1" 200 27
114.83.223.13 - - [29/May/2022:09:40:10 +0800] "POST /xingrg/kc/mdqp/pssh_order_operate.html HTTP/1.1" 200 37
114.83.223.13 - - [29/May/2022:09:40:10 +0800] "POST /xingrg/kc/mdqp/pssh_order_operate.html HTTP/1.1" 200 12
116.235.92.88 - - [29/May/2022:09:40:11 +0800] "GET /xingrg/all/function/internal_message.html?_=1653788585891&CODE_STATE=getMsg HTTP/1.1" 200 27
114.83.223.13 - - [29/May/2022:09:40:12 +0800] "GET /xingrg/kc/mdqp/pssh_order_info.html?code=312022052800905 HTTP/1.1" 200 14392
114.83.223.13 - - [29/May/2022:09:40:12 +0800] "GET /xingrg/javascript/jquery_tools/jquery-1.4.2.min.js HTTP/1.1" 404 1094
114.83.223.13 - - [29/May/2022:09:40:12 +0800] "POST /xingrg/kc/mdqp/pssh_order_operate.html HTTP/1.1" 200 2628
114.83.223.13 - - [29/May/2022:09:40:13 +0800] "GET /xingrg/javascript/easyui/themes/default/validatebox.css HTTP/1.1" 404 1104
114.88.162.248 - - [29/May/2022:09:40:13 +0800] "GET /xingrg/all/function/internal_message.html?_=1653788413124&CODE_STATE=getMsg HTTP/1.1" 200 27
114.83.223.13 - - [29/May/2022:09:40:15 +0800] "POST /xingrg/kc/mdqp/pssh_list_operate.html HTTP/1.1" 200 5582
114.83.223.13 - - [29/May/2022:09:40:16 +0800] "GET /xingrg/all/function/internal_message.html?_=1653788415979&CODE_STATE=getMsg HTTP/1.1" 200 27
114.86.187.179 - - [29/May/2022:09:40:18 +0800] "GET /xingrg/all/function/internal_message.html?_=1653788419393&CODE_STATE=getMsg HTTP/1.1" 200 27
114.83.223.13 - - [29/May/2022:09:40:19 +0800] "POST /xingrg/kc/mdqp/pssh_list_operate.html HTTP/1.1" 200 5568
58.39.61.91 - - [29/May/2022:09:40:20 +0800] "GET /xingrg/all/function/internal_message.html?_=1653788419722&CODE_STATE=getMsg HTTP/1.1" 200 27
114.83.223.13 - - [29/May/2022:09:40:21 +0800] "POST /xingrg/kc/mdqp/pssh_list_operate.html HTTP/1.1" 200 802
114.83.223.13 - - [29/May/2022:09:40:22 +0800] "GET /xingrg/kc/mdqp/pssh_order_info.html?code=312022052700819 HTTP/1.1" 200 17281
114.83.223.13 - - [29/May/2022:09:40:22 +0800] "GET /xingrg/javascript/jquery_tools/jquery-1.4.2.min.js HTTP/1.1" 404 1094
114.83.223.13 - - [29/May/2022:09:40:22 +0800] "POST /xingrg/kc/mdqp/pssh_list_operate.html HTTP/1.1" 200 5568
114.83.223.13 - - [29/May/2022:09:40:22 +0800] "GET /xingrg/javascript/easyui/themes/default/validatebox.css HTTP/1.1" 404 1104
114.83.223.13 - - [29/May/2022:09:40:23 +0800] "POST /xingrg/kc/mdqp/pssh_order_operate.html HTTP/1.1" 200 4699
116.228.172.94 - - [29/May/2022:09:40:23 +0800] "GET /xingrg/all/function/internal_message.html?_=1653788340416&CODE_STATE=getMsg HTTP/1.1" 200 27
114.86.187.179 - - [29/May/2022:09:40:27 +0800] "GET /xingrg/check_reg.html?_=1653788427832 HTTP/1.1" 200 22
180.175.103.167 - - [29/May/2022:09:40:34 +0800] "GET /xingrg/all/function/internal_message.html?_=1653788438513&CODE_STATE=getMsg HTTP/1.1" 200 27
120.253.135.82 - - [29/May/2022:09:40:36 +0800] "GET /xingrg/all/function/internal_message.html?_=1653788245955&CODE_STATE=getMsg HTTP/1.1" 200 27
120.253.135.82 - - [29/May/2022:09:40:44 +0800] "GET /xingrg/all/function/internal_message.html?_=1653788542494&CODE_STATE=getMsg HTTP/1.1" 200 27
114.83.223.13 - - [29/May/2022:09:40:50 +0800] "GET /xingrg/all/function/internal_message.html?_=1653788449994&CODE_STATE=getMsg HTTP/1.1" 200 27
114.84.147.169 - - [29/May/2022:09:40:56 +0800] "GET /xingrg/all/function/internal_message.html?_=1653788190899&CODE_STATE=getMsg HTTP/1.1" 200 27
180.175.103.167 - - [29/May/2022:09:40:56 +0800] "GET /xingrg/all/function/internal_message.html?_=1653788377772&CODE_STATE=getMsg HTTP/1.1" 200 27
58.39.61.91 - - [29/May/2022:09:40:57 +0800] "GET /xingrg/all/function/internal_message.html?_=1653788419844&CODE_STATE=getMsg HTTP/1.1" 200 27
114.83.223.13 - - [29/May/2022:09:40:58 +0800] "GET /xingrg/kc/print/load_config.html?kc_code=pssh HTTP/1.1" 200 2291
114.83.223.13 - - [29/May/2022:09:40:58 +0800] "GET /xingrg/kc/print/load_data.html?order_code=312022052700819&kc_code=pssh&condition= HTTP/1.1" 200 1981
116.233.76.8 - - [29/May/2022:09:40:58 +0800] "GET /xingrg/all/function/internal_message.html?_=1653788459784&CODE_STATE=getMsg HTTP/1.1" 200 27
180.156.212.250 - - [29/May/2022:09:40:59 +0800] "GET /xingrg/all/function/internal_message.html?_=1653788528620&CODE_STATE=getMsg HTTP/1.1" 200 27
114.86.187.179 - - [29/May/2022:09:40:59 +0800] "POST /xingrg/kc/mdqp/pssh_list_operate.html HTTP/1.1" 200 262
114.86.187.179 - - [29/May/2022:09:41:00 +0800] "GET /xingrg/kc/mdqp/pssh_order_info.html?code=312022052800925 HTTP/1.1" 200 17278
114.86.187.179 - - [29/May/2022:09:41:00 +0800] "GET /xingrg/javascript/jquery_tools/jquery-1.4.2.min.js HTTP/1.1" 404 1094
114.86.187.179 - - [29/May/2022:09:41:00 +0800] "POST /xingrg/kc/mdqp/pssh_list_operate.html HTTP/1.1" 200 1604
114.86.187.179 - - [29/May/2022:09:41:00 +0800] "POST /xingrg/kc/mdqp/pssh_order_operate.html HTTP/1.1" 200 539
114.86.187.179 - - [29/May/2022:09:41:01 +0800] "GET /xingrg/javascript/easyui/themes/default/validatebox.css HTTP/1.1" 404 1104
218.81.223.53 - - [29/May/2022:09:41:03 +0800] "GET /xingrg/all/function/internal_message.html?_=1653788488865&CODE_STATE=getMsg HTTP/1.1" 200 27
114.86.187.179 - - [29/May/2022:09:41:04 +0800] "GET /xingrg/kc/print/load_config.html?kc_code=pssh HTTP/1.1" 200 2291
114.86.187.179 - - [29/May/2022:09:41:04 +0800] "GET /xingrg/kc/print/load_data.html?order_code=312022052800925&kc_code=pssh&condition= HTTP/1.1" 200 526
114.83.223.13 - - [29/May/2022:09:41:05 +0800] "POST /xingrg/all/common/load_combo.html?type=base&rest_code=00149 HTTP/1.1" 200 3409
116.230.110.173 - - [29/May/2022:09:41:07 +0800] "GET /xingrg/all/function/internal_message.html?_=1653788450165&CODE_STATE=getMsg HTTP/1.1" 200 27
116.235.92.88 - - [29/May/2022:09:41:11 +0800] "GET /xingrg/all/function/internal_message.html?_=1653788645867&CODE_STATE=getMsg HTTP/1.1" 200 27
114.83.223.13 - - [29/May/2022:09:41:12 +0800] "POST /xingrg/all/common/load_combo.html?type=employee HTTP/1.1" 200 359
114.88.162.248 - - [29/May/2022:09:41:13 +0800] "GET /xingrg/all/function/internal_message.html?_=1653788473128&CODE_STATE=getMsg HTTP/1.1" 200 27
114.88.162.248 - - [29/May/2022:09:41:13 +0800] "GET /xingrg/check_reg.html?_=1653788473125 HTTP/1.1" 200 22
114.83.223.13 - - [29/May/2022:09:41:15 +0800] "POST /xingrg/kc/mdqp/pssh_order_operate.html HTTP/1.1" 200 37
114.83.223.13 - - [29/May/2022:09:41:15 +0800] "POST /xingrg/kc/mdqp/pssh_order_operate.html HTTP/1.1" 200 12
114.83.223.13 - - [29/May/2022:09:41:17 +0800] "GET /xingrg/kc/mdqp/pssh_order_info.html?code=312022052700819 HTTP/1.1" 200 14401
114.83.223.13 - - [29/May/2022:09:41:17 +0800] "GET /xingrg/javascript/jquery_tools/jquery-1.4.2.min.js HTTP/1.1" 404 1094
114.83.223.13 - - [29/May/2022:09:41:17 +0800] "GET /xingrg/javascript/easyui/themes/default/validatebox.css HTTP/1.1" 404 1104
114.83.223.13 - - [29/May/2022:09:41:17 +0800] "POST /xingrg/kc/mdqp/pssh_order_operate.html HTTP/1.1" 200 4699
114.86.187.179 - - [29/May/2022:09:41:18 +0800] "GET /xingrg/all/function/internal_message.html?_=1653788479398&CODE_STATE=getMsg HTTP/1.1" 200 27
58.39.61.91 - - [29/May/2022:09:41:20 +0800] "GET /xingrg/all/function/internal_message.html?_=1653788479719&CODE_STATE=getMsg HTTP/1.1" 200 27
116.228.172.94 - - [29/May/2022:09:41:23 +0800] "GET /xingrg/all/function/internal_message.html?_=1653788400410&CODE_STATE=getMsg HTTP/1.1" 200 27
114.86.187.179 - - [29/May/2022:09:41:26 +0800] "GET /xingrg/kc/mdqp/pssh_order_list.html?isBack=1 HTTP/1.1" 200 17778
114.86.187.179 - - [29/May/2022:09:41:27 +0800] "POST /xingrg/kc/mdqp/pssh_list_operate.html HTTP/1.1" 200 5437
114.86.187.179 - - [29/May/2022:09:41:31 +0800] "POST /xingrg/kc/mdqp/pssh_list_operate.html HTTP/1.1" 200 364
114.83.223.13 - - [29/May/2022:09:41:33 +0800] "GET /xingrg/kc/mdqp/pssh_order_list.html?isBack=1 HTTP/1.1" 200 17862
114.83.223.13 - - [29/May/2022:09:41:34 +0800] "POST /xingrg/kc/mdqp/pssh_list_operate.html HTTP/1.1" 200 5577
180.175.103.167 - - [29/May/2022:09:41:34 +0800] "GET /xingrg/check_reg.html?_=1653788498515 HTTP/1.1" 200 22
180.175.103.167 - - [29/May/2022:09:41:34 +0800] "GET /xingrg/all/function/internal_message.html?_=1653788498518&CODE_STATE=getMsg HTTP/1.1" 200 27
114.86.187.179 - - [29/May/2022:09:41:35 +0800] "POST /xingrg/kc/mdqp/pssh_list_operate.html HTTP/1.1" 200 261
114.86.187.179 - - [29/May/2022:09:41:36 +0800] "GET /xingrg/kc/mdqp/pssh_order_info.html?code=312022052900934 HTTP/1.1" 200 17303
114.86.187.179 - - [29/May/2022:09:41:36 +0800] "GET /xingrg/javascript/jquery_tools/jquery-1.4.2.min.js HTTP/1.1" 404 1094
114.86.187.179 - - [29/May/2022:09:41:36 +0800] "POST /xingrg/kc/mdqp/pssh_list_operate.html HTTP/1.1" 200 1604
120.253.135.82 - - [29/May/2022:09:41:36 +0800] "GET /xingrg/all/function/internal_message.html?_=1653788305965&CODE_STATE=getMsg HTTP/1.1" 200 27
114.86.187.179 - - [29/May/2022:09:41:36 +0800] "POST /xingrg/kc/mdqp/pssh_order_operate.html HTTP/1.1" 200 542
114.86.187.179 - - [29/May/2022:09:41:37 +0800] "GET /xingrg/javascript/easyui/themes/default/validatebox.css HTTP/1.1" 404 1104
114.86.187.179 - - [29/May/2022:09:41:39 +0800] "GET /xingrg/kc/print/load_data.html?order_code=312022052900934&kc_code=pssh&condition= HTTP/1.1" 200 583
114.83.223.13 - - [29/May/2022:09:41:39 +0800] "POST /xingrg/kc/mdqp/pssh_list_operate.html HTTP/1.1" 200 5605
120.253.135.82 - - [29/May/2022:09:41:41 +0800] "GET /xingrg/check_reg.html?_=1653788599519 HTTP/1.1" 200 22
114.83.223.13 - - [29/May/2022:09:41:42 +0800] "POST /xingrg/kc/mdqp/pssh_list_operate.html HTTP/1.1" 200 802
114.83.223.13 - - [29/May/2022:09:41:42 +0800] "GET /xingrg/kc/mdqp/pssh_order_info.html?code=312022052700819 HTTP/1.1" 200 14401
114.83.223.13 - - [29/May/2022:09:41:42 +0800] "GET /xingrg/javascript/jquery_tools/jquery-1.4.2.min.js HTTP/1.1" 404 1094
114.83.223.13 - - [29/May/2022:09:41:42 +0800] "POST /xingrg/kc/mdqp/pssh_list_operate.html HTTP/1.1" 200 5605
