61.170.235.142 - - [29/May/2022:10:48:41 +0800] "GET /xingrg/all/function/internal_message.html?_=1653792522220&CODE_STATE=getMsg HTTP/1.1" 200 27
120.253.135.82 - - [29/May/2022:10:48:46 +0800] "GET /xingrg/all/function/internal_message.html?_=1653792623813&CODE_STATE=getMsg HTTP/1.1" 200 27
114.83.223.13 - - [29/May/2022:10:48:50 +0800] "GET /xingrg/all/function/internal_message.html?_=1653792530236&CODE_STATE=getMsg HTTP/1.1" 200 27
180.175.103.167 - - [29/May/2022:10:48:55 +0800] "GET /xingrg/all/function/internal_message.html?_=1653792456509&CODE_STATE=getMsg HTTP/1.1" 200 27
114.84.147.169 - - [29/May/2022:10:48:56 +0800] "GET /xingrg/all/function/internal_message.html?_=1653792271084&CODE_STATE=getMsg HTTP/1.1" 200 27
58.39.61.91 - - [29/May/2022:10:49:00 +0800] "GET /xingrg/all/function/internal_message.html?_=1653792502759&CODE_STATE=getMsg HTTP/1.1" 200 27
180.156.212.250 - - [29/May/2022:10:49:01 +0800] "GET /xingrg/all/function/internal_message.html?_=1653792610432&CODE_STATE=getMsg HTTP/1.1" 200 27
218.81.223.53 - - [29/May/2022:10:49:01 +0800] "GET /xingrg/kc/buy/cgsh_order_operate.html?command=get_materiel&rest_code=00146&code=00101006291&supplier_code=00100327&order_time=2022-05-28 HTTP/1.1" 200 416
116.230.110.173 - - [29/May/2022:10:49:07 +0800] "GET /xingrg/all/function/internal_message.html?_=1653792530172&CODE_STATE=getMsg HTTP/1.1" 200 27
114.86.187.179 - - [29/May/2022:10:49:09 +0800] "GET /xingrg/all/function/internal_message.html?_=1653792549612&CODE_STATE=getMsg HTTP/1.1" 200 27
114.86.187.179 - - [29/May/2022:10:49:09 +0800] "GET /xingrg/check_reg.html?_=1653792549850 HTTP/1.1" 200 22
116.235.92.88 - - [29/May/2022:10:49:09 +0800] "GET /xingrg/all/function/internal_message.html?_=1653792724256&CODE_STATE=getMsg HTTP/1.1" 200 27
58.39.61.91 - - [29/May/2022:10:49:13 +0800] "GET /xingrg/check_reg.html?_=1653792516087 HTTP/1.1" 200 22
114.88.162.248 - - [29/May/2022:10:49:13 +0800] "GET /xingrg/all/function/internal_message.html?_=1653792553223&CODE_STATE=getMsg HTTP/1.1" 200 27
114.83.223.13 - - [29/May/2022:10:49:14 +0800] "GET /xingrg/all/function/internal_message.html?_=1653792554704&CODE_STATE=getMsg HTTP/1.1" 200 27
218.81.223.53 - - [29/May/2022:10:49:16 +0800] "GET /xingrg/all/function/internal_message.html?_=1653792581767&CODE_STATE=getMsg HTTP/1.1" 200 27
116.228.172.94 - - [29/May/2022:10:49:23 +0800] "GET /xingrg/all/function/internal_message.html?_=1653792480428&CODE_STATE=getMsg HTTP/1.1" 200 27
218.81.223.53 - - [29/May/2022:10:49:26 +0800] "GET /xingrg/kc/buy/cgsh_order_operate.html?command=get_materiel&rest_code=00146&code=00101004017&supplier_code=00100327&order_time=2022-05-28 HTTP/1.1" 200 413
58.39.61.91 - - [29/May/2022:10:49:28 +0800] "GET /xingrg/all/function/internal_message.html?_=1653792567335&CODE_STATE=getMsg HTTP/1.1" 200 27
58.39.61.91 - - [29/May/2022:10:49:28 +0800] "GET /xingrg/check_reg.html?_=1653792567338 HTTP/1.1" 200 22
180.175.103.167 - - [29/May/2022:10:49:34 +0800] "GET /xingrg/all/function/internal_message.html?_=1653792578640&CODE_STATE=getMsg HTTP/1.1" 200 27
120.253.135.82 - - [29/May/2022:10:49:39 +0800] "GET /xingrg/all/function/internal_message.html?_=1653792388073&CODE_STATE=getMsg HTTP/1.1" 200 27
61.170.235.142 - - [29/May/2022:10:49:41 +0800] "GET /xingrg/all/function/internal_message.html?_=1653792582220&CODE_STATE=getMsg HTTP/1.1" 200 27
180.175.103.167 - - [29/May/2022:10:49:44 +0800] "POST /xingrg/services/DataTransmitService HTTP/1.1" 200 524
218.81.223.53 - - [29/May/2022:10:49:45 +0800] "POST /xingrg/kc/buy/cgsh_order_operate.html HTTP/1.1" 200 37
180.175.103.167 - - [29/May/2022:10:49:45 +0800] "POST /xingrg/services/DataTransmitService HTTP/1.1" 200 412
120.253.135.82 - - [29/May/2022:10:49:46 +0800] "GET /xingrg/all/function/internal_message.html?_=1653792683822&CODE_STATE=getMsg HTTP/1.1" 200 27
218.81.223.53 - - [29/May/2022:10:49:48 +0800] "POST /xingrg/kc/buy/cgsh_order_operate.html HTTP/1.1" 200 12
218.81.223.53 - - [29/May/2022:10:49:50 +0800] "GET /xingrg/kc/buy/cgsh_order_info.html?code=212022052901874 HTTP/1.1" 200 62431
114.83.223.13 - - [29/May/2022:10:49:50 +0800] "GET /xingrg/all/function/internal_message.html?_=1653792590238&CODE_STATE=getMsg HTTP/1.1" 200 27
218.81.223.53 - - [29/May/2022:10:49:51 +0800] "GET /xingrg/javascript/easyui/themes/default/validatebox.css HTTP/1.1" 404 1104
218.81.223.53 - - [29/May/2022:10:49:51 +0800] "POST /xingrg/kc/buy/cgsh_order_operate.html HTTP/1.1" 200 1814
218.81.223.53 - - [29/May/2022:10:49:53 +0800] "GET /xingrg/kc/print/load_data.html?order_code=212022052901874&kc_code=cgsh&condition= HTTP/1.1" 200 1181
180.175.103.167 - - [29/May/2022:10:49:55 +0800] "GET /xingrg/all/function/internal_message.html?_=1653792516484&CODE_STATE=getMsg HTTP/1.1" 200 27
114.84.147.169 - - [29/May/2022:10:49:56 +0800] "GET /xingrg/all/function/internal_message.html?_=1653792331080&CODE_STATE=getMsg HTTP/1.1" 200 27
180.175.103.167 - - [29/May/2022:10:49:56 +0800] "GET /xingrg/check_reg.html?_=1653792517921 HTTP/1.1" 200 22
180.156.212.250 - - [29/May/2022:10:49:59 +0800] "GET /xingrg/check_reg.html?_=1653792669026 HTTP/1.1" 200 22
58.39.61.91 - - [29/May/2022:10:50:00 +0800] "GET /xingrg/all/function/internal_message.html?_=1653792562763&CODE_STATE=getMsg HTTP/1.1" 200 27
180.156.212.250 - - [29/May/2022:10:50:01 +0800] "GET /xingrg/all/function/internal_message.html?_=1653792670446&CODE_STATE=getMsg HTTP/1.1" 200 27
116.230.110.173 - - [29/May/2022:10:50:07 +0800] "GET /xingrg/all/function/internal_message.html?_=1653792590188&CODE_STATE=getMsg HTTP/1.1" 200 27
116.230.110.173 - - [29/May/2022:10:50:07 +0800] "GET /xingrg/check_reg.html?_=1653792590189 HTTP/1.1" 200 22
114.86.187.179 - - [29/May/2022:10:50:08 +0800] "GET /xingrg/all/function/internal_message.html?_=1653792609585&CODE_STATE=getMsg HTTP/1.1" 200 27
116.235.92.88 - - [29/May/2022:10:50:09 +0800] "GET /xingrg/all/function/internal_message.html?_=1653792784238&CODE_STATE=getMsg HTTP/1.1" 200 27
218.81.223.53 - - [29/May/2022:10:50:10 +0800] "GET /xingrg/kc/buy/cgsh_order_add.html HTTP/1.1" 200 67528
218.81.223.53 - - [29/May/2022:10:50:11 +0800] "POST /xingrg/kc/buy/cgsh_order_operate.html HTTP/1.1" 200 8245
218.81.223.53 - - [29/May/2022:10:50:11 +0800] "GET /xingrg/javascript/easyui/themes/default/validatebox.css HTTP/1.1" 404 1104
114.88.162.248 - - [29/May/2022:10:50:13 +0800] "GET /xingrg/all/function/internal_message.html?_=1653792613224&CODE_STATE=getMsg HTTP/1.1" 200 27
114.83.223.13 - - [29/May/2022:10:50:14 +0800] "GET /xingrg/all/function/internal_message.html?_=1653792614688&CODE_STATE=getMsg HTTP/1.1" 200 27
218.81.223.53 - - [29/May/2022:10:50:16 +0800] "GET /xingrg/all/function/internal_message.html?_=1653792641780&CODE_STATE=getMsg HTTP/1.1" 200 27
116.228.172.94 - - [29/May/2022:10:50:23 +0800] "GET /xingrg/all/function/internal_message.html?_=1653792540424&CODE_STATE=getMsg HTTP/1.1" 200 27
114.86.187.179 - - [29/May/2022:10:50:27 +0800] "GET /xingrg/check_reg.html?_=1653792627626 HTTP/1.1" 200 22
58.39.61.91 - - [29/May/2022:10:50:28 +0800] "GET /xingrg/all/function/internal_message.html?_=1653792627342&CODE_STATE=getMsg HTTP/1.1" 200 27
180.175.103.167 - - [29/May/2022:10:50:34 +0800] "GET /xingrg/all/function/internal_message.html?_=1653792638639&CODE_STATE=getMsg HTTP/1.1" 200 27
120.253.135.82 - - [29/May/2022:10:50:39 +0800] "GET /xingrg/all/function/internal_message.html?_=1653792448144&CODE_STATE=getMsg HTTP/1.1" 200 27
61.170.235.142 - - [29/May/2022:10:50:41 +0800] "GET /xingrg/all/function/internal_message.html?_=1653792642215&CODE_STATE=getMsg HTTP/1.1" 200 27
120.253.135.82 - - [29/May/2022:10:50:46 +0800] "GET /xingrg/all/function/internal_message.html?_=1653792743854&CODE_STATE=getMsg HTTP/1.1" 200 27
114.83.223.13 - - [29/May/2022:10:50:50 +0800] "GET /xingrg/all/function/internal_message.html?_=1653792650241&CODE_STATE=getMsg HTTP/1.1" 200 27
180.175.103.167 - - [29/May/2022:10:50:55 +0800] "GET /xingrg/all/function/internal_message.html?_=1653792576455&CODE_STATE=getMsg HTTP/1.1" 200 27
114.84.147.169 - - [29/May/2022:10:50:56 +0800] "GET /xingrg/all/function/internal_message.html?_=1653792391075&CODE_STATE=getMsg HTTP/1.1" 200 27
58.39.61.91 - - [29/May/2022:10:51:00 +0800] "GET /xingrg/all/function/internal_message.html?_=1653792622777&CODE_STATE=getMsg HTTP/1.1" 200 27
180.156.212.250 - - [29/May/2022:10:51:01 +0800] "GET /xingrg/all/function/internal_message.html?_=1653792730459&CODE_STATE=getMsg HTTP/1.1" 200 27
116.230.110.173 - - [29/May/2022:10:51:07 +0800] "GET /xingrg/all/function/internal_message.html?_=1653792650175&CODE_STATE=getMsg HTTP/1.1" 200 27
114.86.187.179 - - [29/May/2022:10:51:08 +0800] "GET /xingrg/all/function/internal_message.html?_=1653792669555&CODE_STATE=getMsg HTTP/1.1" 200 27
116.235.92.88 - - [29/May/2022:10:51:09 +0800] "GET /xingrg/all/function/internal_message.html?_=1653792844208&CODE_STATE=getMsg HTTP/1.1" 200 27
114.88.162.248 - - [29/May/2022:10:51:13 +0800] "GET /xingrg/all/function/internal_message.html?_=1653792673228&CODE_STATE=getMsg HTTP/1.1" 200 27
114.88.162.248 - - [29/May/2022:10:51:14 +0800] "GET /xingrg/check_reg.html?_=1653792673224 HTTP/1.1" 200 22
114.83.223.13 - - [29/May/2022:10:51:14 +0800] "GET /xingrg/all/function/internal_message.html?_=1653792674666&CODE_STATE=getMsg HTTP/1.1" 200 27
114.83.223.13 - - [29/May/2022:10:51:16 +0800] "GET /xingrg/check_reg.html?_=1653792675951 HTTP/1.1" 200 22
218.81.223.53 - - [29/May/2022:10:51:16 +0800] "GET /xingrg/all/function/internal_message.html?_=1653792702210&CODE_STATE=getMsg HTTP/1.1" 200 27
116.228.172.94 - - [29/May/2022:10:51:23 +0800] "GET /xingrg/all/function/internal_message.html?_=1653792600420&CODE_STATE=getMsg HTTP/1.1" 200 27
58.39.61.91 - - [29/May/2022:10:51:28 +0800] "GET /xingrg/all/function/internal_message.html?_=1653792687343&CODE_STATE=getMsg HTTP/1.1" 200 27
180.175.103.167 - - [29/May/2022:10:51:34 +0800] "GET /xingrg/check_reg.html?_=1653792698641 HTTP/1.1" 200 22
180.175.103.167 - - [29/May/2022:10:51:34 +0800] "GET /xingrg/all/function/internal_message.html?_=1653792698644&CODE_STATE=getMsg HTTP/1.1" 200 27
218.81.223.53 - - [29/May/2022:10:51:35 +0800] "GET /xingrg/kc/buy/cgsh_order_operate.html?command=get_materiel&rest_code=00146&code=00101010612&supplier_code=00100329&order_time=2022-05-28 HTTP/1.1" 200 431
120.253.135.82 - - [29/May/2022:10:51:39 +0800] "GET /xingrg/all/function/internal_message.html?_=1653792508147&CODE_STATE=getMsg HTTP/1.1" 200 27
61.170.235.142 - - [29/May/2022:10:51:41 +0800] "GET /xingrg/all/function/internal_message.html?_=1653792702222&CODE_STATE=getMsg HTTP/1.1" 200 27
61.170.235.142 - - [29/May/2022:10:51:41 +0800] "GET /xingrg/check_reg.html?_=1653792702225 HTTP/1.1" 200 22
120.253.135.82 - - [29/May/2022:10:51:41 +0800] "GET /xingrg/check_reg.html?_=1653792799605 HTTP/1.1" 200 22
180.175.103.167 - - [29/May/2022:10:51:43 +0800] "GET /xingrg/kc/base/wldb_order_add.html HTTP/1.1" 200 30315
180.175.103.167 - - [29/May/2022:10:51:43 +0800] "GET /xingrg/javascript/easyui/themes/default/validatebox.css HTTP/1.1" 404 1104
180.175.103.167 - - [29/May/2022:10:51:44 +0800] "POST /xingrg/kc/base/wldb_order_operate.html HTTP/1.1" 200 6806
120.253.135.82 - - [29/May/2022:10:51:46 +0800] "GET /xingrg/all/function/internal_message.html?_=1653792803864&CODE_STATE=getMsg HTTP/1.1" 200 27
114.83.223.13 - - [29/May/2022:10:51:50 +0800] "GET /xingrg/all/function/internal_message.html?_=1653792710240&CODE_STATE=getMsg HTTP/1.1" 200 27
180.175.103.167 - - [29/May/2022:10:51:55 +0800] "GET /xingrg/all/function/internal_message.html?_=1653792636446&CODE_STATE=getMsg HTTP/1.1" 200 27
114.84.147.169 - - [29/May/2022:10:51:56 +0800] "GET /xingrg/all/function/internal_message.html?_=1653792451076&CODE_STATE=getMsg HTTP/1.1" 200 27
58.39.61.91 - - [29/May/2022:10:52:00 +0800] "GET /xingrg/all/function/internal_message.html?_=1653792682869&CODE_STATE=getMsg HTTP/1.1" 200 27
180.156.212.250 - - [29/May/2022:10:52:01 +0800] "GET /xingrg/all/function/internal_message.html?_=1653792790474&CODE_STATE=getMsg HTTP/1.1" 200 27
116.230.110.173 - - [29/May/2022:10:52:07 +0800] "GET /xingrg/all/function/internal_message.html?_=1653792710161&CODE_STATE=getMsg HTTP/1.1" 200 27
114.86.187.179 - - [29/May/2022:10:52:08 +0800] "GET /xingrg/all/function/internal_message.html?_=1653792729525&CODE_STATE=getMsg HTTP/1.1" 200 27
116.235.92.88 - - [29/May/2022:10:52:09 +0800] "GET /xingrg/all/function/internal_message.html?_=1653792904185&CODE_STATE=getMsg HTTP/1.1" 200 27
180.175.103.167 - - [29/May/2022:10:52:11 +0800] "GET /xingrg/javascript/jquery_tools/images/next.gif HTTP/1.1" 404 1086
180.175.103.167 - - [29/May/2022:10:52:11 +0800] "GET /xingrg/javascript/jquery_tools/images/prev.gif HTTP/1.1" 404 1086
114.88.162.248 - - [29/May/2022:10:52:13 +0800] "GET /xingrg/all/function/internal_message.html?_=1653792733227&CODE_STATE=getMsg HTTP/1.1" 200 27
218.81.223.53 - - [29/May/2022:10:52:14 +0800] "GET /xingrg/kc/buy/cgsh_order_operate.html?command=get_materiel&rest_code=00146&code=00101020077&supplier_code=00100329&order_time=2022-05-28 HTTP/1.1" 200 413
114.83.223.13 - - [29/May/2022:10:52:14 +0800] "GET /xingrg/all/function/internal_message.html?_=1653792734638&CODE_STATE=getMsg HTTP/1.1" 200 27
218.81.223.53 - - [29/May/2022:10:52:16 +0800] "GET /xingrg/all/function/internal_message.html?_=1653792762213&CODE_STATE=getMsg HTTP/1.1" 200 27
180.175.103.167 - - [29/May/2022:10:52:21 +0800] "GET /xingrg/kc/base/wldb_order_operate.html?command=get_materiel&rest_code=00105&base_code=0010507&code=00101016044 HTTP/1.1" 200 464
116.228.172.94 - - [29/May/2022:10:52:23 +0800] "GET /xingrg/all/function/internal_message.html?_=1653792660426&CODE_STATE=getMsg HTTP/1.1" 200 27
218.81.223.53 - - [29/May/2022:10:52:26 +0800] "GET /xingrg/check_reg.html?_=1653792771323 HTTP/1.1" 200 22
58.39.61.91 - - [29/May/2022:10:52:28 +0800] "GET /xingrg/all/function/internal_message.html?_=1653792747348&CODE_STATE=getMsg HTTP/1.1" 200 27
180.175.103.167 - - [29/May/2022:10:52:34 +0800] "GET /xingrg/all/function/internal_message.html?_=1653792758643&CODE_STATE=getMsg HTTP/1.1" 200 27
180.175.103.167 - - [29/May/2022:10:52:35 +0800] "GET /xingrg/kc/base/wldb_order_operate.html?command=get_materiel&rest_code=00105&base_code=0010507&code=00101019142 HTTP/1.1" 200 464
116.235.92.88 - - [29/May/2022:10:52:38 +0800] "GET /xingrg/check_reg.html?_=1653792932989 HTTP/1.1" 200 22
120.253.135.82 - - [29/May/2022:10:52:39 +0800] "GET /xingrg/all/function/internal_message.html?_=1653792568204&CODE_STATE=getMsg HTTP/1.1" 200 27
218.81.223.53 - - [29/May/2022:10:52:39 +0800] "POST /xingrg/kc/buy/cgsh_order_operate.html HTTP/1.1" 200 37
61.170.235.142 - - [29/May/2022:10:52:41 +0800] "GET /xingrg/all/function/internal_message.html?_=1653792762225&CODE_STATE=getMsg HTTP/1.1" 200 27
218.81.223.53 - - [29/May/2022:10:52:44 +0800] "POST /xingrg/kc/buy/cgsh_order_operate.html HTTP/1.1" 200 12
218.81.223.53 - - [29/May/2022:10:52:46 +0800] "GET /xingrg/kc/buy/cgsh_order_info.html?code=212022052901875 HTTP/1.1" 200 62435
120.253.135.82 - - [29/May/2022:10:52:46 +0800] "GET /xingrg/all/function/internal_message.html?_=1653792863878&CODE_STATE=getMsg HTTP/1.1" 200 27
218.81.223.53 - - [29/May/2022:10:52:47 +0800] "GET /xingrg/javascript/easyui/themes/default/validatebox.css HTTP/1.1" 404 1104
218.81.223.53 - - [29/May/2022:10:52:47 +0800] "POST /xingrg/kc/buy/cgsh_order_operate.html HTTP/1.1" 200 1234
218.81.223.53 - - [29/May/2022:10:52:49 +0800] "GET /xingrg/kc/print/load_data.html?order_code=212022052901875&kc_code=cgsh&condition= HTTP/1.1" 200 966
114.83.223.13 - - [29/May/2022:10:52:50 +0800] "GET /xingrg/check_reg.html?_=1653792770243 HTTP/1.1" 200 22
114.83.223.13 - - [29/May/2022:10:52:50 +0800] "GET /xingrg/all/function/internal_message.html?_=1653792770248&CODE_STATE=getMsg HTTP/1.1" 200 27
120.253.135.82 - - [29/May/2022:10:52:53 +0800] "GET /xingrg/check_reg.html?_=1653792582316 HTTP/1.1" 200 22
180.175.103.167 - - [29/May/2022:10:52:55 +0800] "GET /xingrg/all/function/internal_message.html?_=1653792696427&CODE_STATE=getMsg HTTP/1.1" 200 27
114.84.147.169 - - [29/May/2022:10:52:56 +0800] "GET /xingrg/all/function/internal_message.html?_=1653792511117&CODE_STATE=getMsg HTTP/1.1" 200 27
114.84.147.169 - - [29/May/2022:10:52:56 +0800] "GET /xingrg/check_reg.html?_=1653792511118 HTTP/1.1" 200 22
58.39.61.91 - - [29/May/2022:10:53:00 +0800] "GET /xingrg/all/function/internal_message.html?_=1653792742882&CODE_STATE=getMsg HTTP/1.1" 200 27
180.156.212.250 - - [29/May/2022:10:53:01 +0800] "GET /xingrg/all/function/internal_message.html?_=1653792850542&CODE_STATE=getMsg HTTP/1.1" 200 27
218.81.223.53 - - [29/May/2022:10:53:02 +0800] "GET /xingrg/kc/buy/cgsh_order_add.html HTTP/1.1" 200 67528
218.81.223.53 - - [29/May/2022:10:53:04 +0800] "POST /xingrg/kc/buy/cgsh_order_operate.html HTTP/1.1" 200 8245
218.81.223.53 - - [29/May/2022:10:53:04 +0800] "GET /xingrg/javascript/easyui/themes/default/validatebox.css HTTP/1.1" 404 1104
61.170.235.142 - - [29/May/2022:10:53:07 +0800] "GET /xingrg/kc/mdqp/qp_main.html HTTP/1.1" 200 10633
116.230.110.173 - - [29/May/2022:10:53:07 +0800] "GET /xingrg/all/function/internal_message.html?_=1653792770177&CODE_STATE=getMsg HTTP/1.1" 200 27
114.86.187.179 - - [29/May/2022:10:53:08 +0800] "GET /xingrg/all/function/internal_message.html?_=1653792789495&CODE_STATE=getMsg HTTP/1.1" 200 27
116.235.92.88 - - [29/May/2022:10:53:09 +0800] "GET /xingrg/all/function/internal_message.html?_=1653792964165&CODE_STATE=getMsg HTTP/1.1" 200 27
61.170.235.142 - - [29/May/2022:10:53:12 +0800] "GET /xingrg/kc/base/yddb_order_list.html HTTP/1.1" 200 16707
61.170.235.142 - - [29/May/2022:10:53:12 +0800] "POST /xingrg/kc/base/yddb_list_operate.html HTTP/1.1" 200 2102
114.88.162.248 - - [29/May/2022:10:53:14 +0800] "GET /xingrg/all/function/internal_message.html?_=1653792793228&CODE_STATE=getMsg HTTP/1.1" 200 27
114.83.223.13 - - [29/May/2022:10:53:14 +0800] "GET /xingrg/all/function/internal_message.html?_=1653792794608&CODE_STATE=getMsg HTTP/1.1" 200 27
218.81.223.53 - - [29/May/2022:10:53:16 +0800] "GET /xingrg/all/function/internal_message.html?_=1653792822227&CODE_STATE=getMsg HTTP/1.1" 200 27
61.170.235.142 - - [29/May/2022:10:53:18 +0800] "POST /xingrg/kc/base/yddb_list_operate.html HTTP/1.1" 200 4351
180.175.103.167 - - [29/May/2022:10:53:21 +0800] "GET /xingrg/kc/base/wldb_order_operate.html?command=get_materiel&rest_code=00105&base_code=0010507&code=00101019222 HTTP/1.1" 200 454
116.228.172.94 - - [29/May/2022:10:53:23 +0800] "GET /xingrg/check_reg.html?_=1653792720420 HTTP/1.1" 200 22
116.228.172.94 - - [29/May/2022:10:53:23 +0800] "GET /xingrg/all/function/internal_message.html?_=1653792720424&CODE_STATE=getMsg HTTP/1.1" 200 27
218.81.223.53 - - [29/May/2022:10:53:23 +0800] "GET /xingrg/kc/buy/cgsh_order_operate.html?command=get_materiel&rest_code=00146&code=00101001016&supplier_code=00100313&order_time=2022-05-28 HTTP/1.1" 200 436
58.39.61.91 - - [29/May/2022:10:53:28 +0800] "GET /xingrg/all/function/internal_message.html?_=1653792807349&CODE_STATE=getMsg HTTP/1.1" 200 27
180.175.103.167 - - [29/May/2022:10:53:34 +0800] "GET /xingrg/all/function/internal_message.html?_=1653792818645&CODE_STATE=getMsg HTTP/1.1" 200 27
120.253.135.82 - - [29/May/2022:10:53:39 +0800] "GET /xingrg/all/function/internal_message.html?_=1653792628205&CODE_STATE=getMsg HTTP/1.1" 200 27
218.81.223.53 - - [29/May/2022:10:53:41 +0800] "GET /xingrg/kc/buy/cgsh_order_operate.html?command=get_materiel&rest_code=00146&code=00101001138&supplier_code=00100313&order_time=2022-05-28 HTTP/1.1" 200 434
61.170.235.142 - - [29/May/2022:10:53:41 +0800] "GET /xingrg/all/function/internal_message.html?_=1653792822240&CODE_STATE=getMsg HTTP/1.1" 200 27
180.175.103.167 - - [29/May/2022:10:53:42 +0800] "POST /xingrg/kc/base/wldb_order_operate.html HTTP/1.1" 200 37
180.175.103.167 - - [29/May/2022:10:53:43 +0800] "POST /xingrg/kc/base/wldb_order_operate.html HTTP/1.1" 200 3186
180.175.103.167 - - [29/May/2022:10:53:44 +0800] "GET /xingrg/kc/base/wldb_order_info.html?code=422022052900367 HTTP/1.1" 200 30333
180.175.103.167 - - [29/May/2022:10:53:44 +0800] "GET /xingrg/javascript/easyui/themes/default/validatebox.css HTTP/1.1" 404 1104
180.175.103.167 - - [29/May/2022:10:53:44 +0800] "POST /xingrg/kc/base/wldb_order_operate.html HTTP/1.1" 200 3186
120.253.135.82 - - [29/May/2022:10:53:46 +0800] "GET /xingrg/all/function/internal_message.html?_=1653792923913&CODE_STATE=getMsg HTTP/1.1" 200 27
114.83.223.13 - - [29/May/2022:10:53:50 +0800] "GET /xingrg/all/function/internal_message.html?_=1653792830256&CODE_STATE=getMsg HTTP/1.1" 200 27
218.81.223.53 - - [29/May/2022:10:53:50 +0800] "GET /xingrg/kc/buy/cgsh_order_operate.html?command=get_materiel&rest_code=00146&code=00101001096&supplier_code=00100313&order_time=2022-05-28 HTTP/1.1" 200 413
180.175.103.167 - - [29/May/2022:10:53:55 +0800] "GET /xingrg/all/function/internal_message.html?_=1653792756408&CODE_STATE=getMsg HTTP/1.1" 200 27
114.84.147.169 - - [29/May/2022:10:53:56 +0800] "GET /xingrg/all/function/internal_message.html?_=1653792571118&CODE_STATE=getMsg HTTP/1.1" 200 27
58.39.61.91 - - [29/May/2022:10:54:00 +0800] "GET /xingrg/all/function/internal_message.html?_=1653792802981&CODE_STATE=getMsg HTTP/1.1" 200 27
180.156.212.250 - - [29/May/2022:10:54:01 +0800] "GET /xingrg/all/function/internal_message.html?_=1653792910546&CODE_STATE=getMsg HTTP/1.1" 200 27
218.81.223.53 - - [29/May/2022:10:54:04 +0800] "GET /xingrg/kc/buy/cgsh_order_operate.html?command=get_materiel&rest_code=00146&code=00101001194&supplier_code=00100313&order_time=2022-05-28 HTTP/1.1" 200 415
116.230.110.173 - - [29/May/2022:10:54:07 +0800] "GET /xingrg/all/function/internal_message.html?_=1653792830163&CODE_STATE=getMsg HTTP/1.1" 200 27
114.86.187.179 - - [29/May/2022:10:54:08 +0800] "GET /xingrg/all/function/internal_message.html?_=1653792849466&CODE_STATE=getMsg HTTP/1.1" 200 27
114.86.187.179 - - [29/May/2022:10:54:09 +0800] "GET /xingrg/check_reg.html?_=1653792849844 HTTP/1.1" 200 22
116.235.92.88 - - [29/May/2022:10:54:09 +0800] "GET /xingrg/all/function/internal_message.html?_=1653793024134&CODE_STATE=getMsg HTTP/1.1" 200 27
58.39.61.91 - - [29/May/2022:10:54:13 +0800] "GET /xingrg/check_reg.html?_=1653792816093 HTTP/1.1" 200 22
114.88.162.248 - - [29/May/2022:10:54:13 +0800] "GET /xingrg/all/function/internal_message.html?_=1653792853214&CODE_STATE=getMsg HTTP/1.1" 200 27
114.83.223.13 - - [29/May/2022:10:54:14 +0800] "GET /xingrg/all/function/internal_message.html?_=1653792854589&CODE_STATE=getMsg HTTP/1.1" 200 27
218.81.223.53 - - [29/May/2022:10:54:16 +0800] "GET /xingrg/all/function/internal_message.html?_=1653792882240&CODE_STATE=getMsg HTTP/1.1" 200 27
218.81.223.53 - - [29/May/2022:10:54:23 +0800] "GET /xingrg/kc/buy/cgsh_order_operate.html?command=get_materiel&rest_code=00146&code=00101004030&supplier_code=00100313&order_time=2022-05-28 HTTP/1.1" 200 428
116.228.172.94 - - [29/May/2022:10:54:23 +0800] "GET /xingrg/all/function/internal_message.html?_=1653792780424&CODE_STATE=getMsg HTTP/1.1" 200 27
114.86.187.179 - - [29/May/2022:10:54:28 +0800] "POST /xingrg/services/DataTransmitService HTTP/1.1" 200 524
58.39.61.91 - - [29/May/2022:10:54:28 +0800] "GET /xingrg/check_reg.html?_=1653792867348 HTTP/1.1" 200 22
58.39.61.91 - - [29/May/2022:10:54:28 +0800] "GET /xingrg/all/function/internal_message.html?_=1653792867354&CODE_STATE=getMsg HTTP/1.1" 200 27
218.81.223.53 - - [29/May/2022:10:54:33 +0800] "GET /xingrg/kc/buy/cgsh_order_operate.html?command=get_materiel&rest_code=00146&code=00102026001&supplier_code=00100313&order_time=2022-05-28 HTTP/1.1" 200 410
180.175.103.167 - - [29/May/2022:10:54:34 +0800] "GET /xingrg/all/function/internal_message.html?_=1653792878645&CODE_STATE=getMsg HTTP/1.1" 200 27
61.170.235.142 - - [29/May/2022:10:54:34 +0800] "POST /xingrg/services/DataTransmitService HTTP/1.1" 200 524
180.175.103.167 - - [29/May/2022:10:54:36 +0800] "POST /xingrg/kc/base/wldb_order_operate.html HTTP/1.1" 200 37
180.175.103.167 - - [29/May/2022:10:54:37 +0800] "POST /xingrg/kc/base/wldb_order_operate.html HTTP/1.1" 200 3186
180.175.103.167 - - [29/May/2022:10:54:37 +0800] "GET /xingrg/kc/base/wldb_order_info.html?code=422022052900367 HTTP/1.1" 200 30333
180.175.103.167 - - [29/May/2022:10:54:38 +0800] "GET /xingrg/javascript/easyui/themes/default/validatebox.css HTTP/1.1" 404 1104
180.175.103.167 - - [29/May/2022:10:54:38 +0800] "POST /xingrg/kc/base/wldb_order_operate.html HTTP/1.1" 200 3186
120.253.135.82 - - [29/May/2022:10:54:39 +0800] "GET /xingrg/all/function/internal_message.html?_=1653792688219&CODE_STATE=getMsg HTTP/1.1" 200 27
120.253.135.82 - - [29/May/2022:10:54:46 +0800] "GET /xingrg/all/function/internal_message.html?_=1653792983922&CODE_STATE=getMsg HTTP/1.1" 200 27
114.83.223.13 - - [29/May/2022:10:54:50 +0800] "GET /xingrg/all/function/internal_message.html?_=1653792890260&CODE_STATE=getMsg HTTP/1.1" 200 27
180.175.103.167 - - [29/May/2022:10:54:55 +0800] "GET /xingrg/all/function/internal_message.html?_=1653792816392&CODE_STATE=getMsg HTTP/1.1" 200 27
114.84.147.169 - - [29/May/2022:10:54:56 +0800] "GET /xingrg/all/function/internal_message.html?_=1653792631116&CODE_STATE=getMsg HTTP/1.1" 200 27
180.175.103.167 - - [29/May/2022:10:54:57 +0800] "GET /xingrg/check_reg.html?_=1653792817984 HTTP/1.1" 200 22
180.156.212.250 - - [29/May/2022:10:54:59 +0800] "GET /xingrg/check_reg.html?_=1653792969092 HTTP/1.1" 200 22
58.39.61.91 - - [29/May/2022:10:55:00 +0800] "GET /xingrg/all/function/internal_message.html?_=1653792862987&CODE_STATE=getMsg HTTP/1.1" 200 27
218.81.223.53 - - [29/May/2022:10:55:01 +0800] "POST /xingrg/kc/buy/cgsh_order_operate.html HTTP/1.1" 200 37
180.156.212.250 - - [29/May/2022:10:55:01 +0800] "GET /xingrg/all/function/internal_message.html?_=1653792970561&CODE_STATE=getMsg HTTP/1.1" 200 27
218.81.223.53 - - [29/May/2022:10:55:04 +0800] "POST /xingrg/kc/buy/cgsh_order_operate.html HTTP/1.1" 200 12
218.81.223.53 - - [29/May/2022:10:55:06 +0800] "GET /xingrg/kc/buy/cgsh_order_info.html?code=212022052901876 HTTP/1.1" 200 62435
218.81.223.53 - - [29/May/2022:10:55:07 +0800] "GET /xingrg/javascript/easyui/themes/default/validatebox.css HTTP/1.1" 404 1104
116.230.110.173 - - [29/May/2022:10:55:07 +0800] "GET /xingrg/all/function/internal_message.html?_=1653792890172&CODE_STATE=getMsg HTTP/1.1" 200 27
116.230.110.173 - - [29/May/2022:10:55:07 +0800] "GET /xingrg/check_reg.html?_=1653792890173 HTTP/1.1" 200 22
218.81.223.53 - - [29/May/2022:10:55:08 +0800] "POST /xingrg/kc/buy/cgsh_order_operate.html HTTP/1.1" 200 3596
114.86.187.179 - - [29/May/2022:10:55:08 +0800] "GET /xingrg/all/function/internal_message.html?_=1653792909441&CODE_STATE=getMsg HTTP/1.1" 200 27
116.235.92.88 - - [29/May/2022:10:55:09 +0800] "GET /xingrg/all/function/internal_message.html?_=1653793084109&CODE_STATE=getMsg HTTP/1.1" 200 27
218.81.223.53 - - [29/May/2022:10:55:09 +0800] "GET /xingrg/kc/print/load_data.html?order_code=212022052901876&kc_code=cgsh&condition= HTTP/1.1" 200 1875
114.88.162.248 - - [29/May/2022:10:55:13 +0800] "GET /xingrg/all/function/internal_message.html?_=1653792913216&CODE_STATE=getMsg HTTP/1.1" 200 27
114.83.223.13 - - [29/May/2022:10:55:14 +0800] "GET /xingrg/all/function/internal_message.html?_=1653792914567&CODE_STATE=getMsg HTTP/1.1" 200 27
218.81.223.53 - - [29/May/2022:10:55:16 +0800] "GET /xingrg/all/function/internal_message.html?_=1653792942255&CODE_STATE=getMsg HTTP/1.1" 200 27
116.228.172.94 - - [29/May/2022:10:55:23 +0800] "GET /xingrg/all/function/internal_message.html?_=1653792840415&CODE_STATE=getMsg HTTP/1.1" 200 27
114.86.187.179 - - [29/May/2022:10:55:27 +0800] "GET /xingrg/check_reg.html?_=1653792927608 HTTP/1.1" 200 22
58.39.61.91 - - [29/May/2022:10:55:28 +0800] "GET /xingrg/all/function/internal_message.html?_=1653792927356&CODE_STATE=getMsg HTTP/1.1" 200 27
180.175.103.167 - - [29/May/2022:10:55:34 +0800] "GET /xingrg/all/function/internal_message.html?_=1653792938646&CODE_STATE=getMsg HTTP/1.1" 200 27
120.253.135.82 - - [29/May/2022:10:55:39 +0800] "GET /xingrg/all/function/internal_message.html?_=1653792748270&CODE_STATE=getMsg HTTP/1.1" 200 27
120.253.135.82 - - [29/May/2022:10:55:46 +0800] "GET /xingrg/all/function/internal_message.html?_=1653793043955&CODE_STATE=getMsg HTTP/1.1" 200 27
114.83.223.13 - - [29/May/2022:10:55:50 +0800] "GET /xingrg/all/function/internal_message.html?_=1653792950260&CODE_STATE=getMsg HTTP/1.1" 200 27
116.233.76.8 - - [29/May/2022:10:55:52 +0800] "GET /xingrg/check_reg.html?_=1653792954179 HTTP/1.1" 200 22
180.175.103.167 - - [29/May/2022:10:55:55 +0800] "GET /xingrg/all/function/internal_message.html?_=1653792876363&CODE_STATE=getMsg HTTP/1.1" 200 27
114.84.147.169 - - [29/May/2022:10:55:56 +0800] "GET /xingrg/all/function/internal_message.html?_=1653792691109&CODE_STATE=getMsg HTTP/1.1" 200 27
116.233.76.8 - - [29/May/2022:10:55:56 +0800] "GET /xingrg/kc/mdqp/qp_main.html HTTP/1.1" 200 10633
116.233.76.8 - - [29/May/2022:10:55:57 +0800] "GET /xingrg/images/yd/bt.gif HTTP/1.1" 404 1040
116.233.76.8 - - [29/May/2022:10:55:58 +0800] "GET /xingrg/kc/mdqp/qqps_order_list.html HTTP/1.1" 200 9222
116.233.76.8 - - [29/May/2022:10:55:58 +0800] "GET /xingrg/dwr/interface/AjaxQqpsService.js HTTP/1.1" 200 16326
116.233.76.8 - - [29/May/2022:10:55:58 +0800] "GET /xingrg/dwr/interface/AjaxReportQueryService.js HTTP/1.1" 200 13203
116.233.76.8 - - [29/May/2022:10:55:58 +0800] "GET /xingrg/dwr/engine.js HTTP/1.1" 200 43631
58.39.61.91 - - [29/May/2022:10:56:00 +0800] "GET /xingrg/all/function/internal_message.html?_=1653792923000&CODE_STATE=getMsg HTTP/1.1" 200 27
180.156.212.250 - - [29/May/2022:10:56:01 +0800] "GET /xingrg/all/function/internal_message.html?_=1653793030574&CODE_STATE=getMsg HTTP/1.1" 200 27
116.230.110.173 - - [29/May/2022:10:56:07 +0800] "GET /xingrg/all/function/internal_message.html?_=1653792950174&CODE_STATE=getMsg HTTP/1.1" 200 27
114.86.187.179 - - [29/May/2022:10:56:08 +0800] "GET /xingrg/all/function/internal_message.html?_=1653792969412&CODE_STATE=getMsg HTTP/1.1" 200 27
218.81.223.53 - - [29/May/2022:10:56:08 +0800] "GET /xingrg/kc/buy/cgsh_order_add.html HTTP/1.1" 200 67528
116.235.92.88 - - [29/May/2022:10:56:09 +0800] "GET /xingrg/all/function/internal_message.html?_=1653793144077&CODE_STATE=getMsg HTTP/1.1" 200 27
218.81.223.53 - - [29/May/2022:10:56:10 +0800] "POST /xingrg/kc/buy/cgsh_order_operate.html HTTP/1.1" 200 8245
218.81.223.53 - - [29/May/2022:10:56:10 +0800] "GET /xingrg/javascript/easyui/themes/default/validatebox.css HTTP/1.1" 404 1104
114.88.162.248 - - [29/May/2022:10:56:13 +0800] "GET /xingrg/all/function/internal_message.html?_=1653792973217&CODE_STATE=getMsg HTTP/1.1" 200 27
114.88.162.248 - - [29/May/2022:10:56:14 +0800] "GET /xingrg/check_reg.html?_=1653792973220 HTTP/1.1" 200 22
114.83.223.13 - - [29/May/2022:10:56:14 +0800] "GET /xingrg/all/function/internal_message.html?_=1653792974573&CODE_STATE=getMsg HTTP/1.1" 200 27
114.83.223.13 - - [29/May/2022:10:56:16 +0800] "GET /xingrg/check_reg.html?_=1653792975948 HTTP/1.1" 200 22
218.81.223.53 - - [29/May/2022:10:56:16 +0800] "GET /xingrg/all/function/internal_message.html?_=1653793002267&CODE_STATE=getMsg HTTP/1.1" 200 27
116.228.172.94 - - [29/May/2022:10:56:23 +0800] "GET /xingrg/all/function/internal_message.html?_=1653792900425&CODE_STATE=getMsg HTTP/1.1" 200 27
58.39.61.91 - - [29/May/2022:10:56:28 +0800] "GET /xingrg/all/function/internal_message.html?_=1653792987356&CODE_STATE=getMsg HTTP/1.1" 200 27
218.81.223.53 - - [29/May/2022:10:56:34 +0800] "GET /xingrg/kc/buy/cgsh_order_operate.html?command=get_materiel&rest_code=00146&code=00101001075&supplier_code=00100151&order_time=2022-05-28 HTTP/1.1" 200 409
180.175.103.167 - - [29/May/2022:10:56:34 +0800] "GET /xingrg/check_reg.html?_=1653792998645 HTTP/1.1" 200 22
180.175.103.167 - - [29/May/2022:10:56:34 +0800] "GET /xingrg/all/function/internal_message.html?_=1653792998648&CODE_STATE=getMsg HTTP/1.1" 200 27
120.253.135.82 - - [29/May/2022:10:56:39 +0800] "GET /xingrg/all/function/internal_message.html?_=1653792808277&CODE_STATE=getMsg HTTP/1.1" 200 27
120.253.135.82 - - [29/May/2022:10:56:41 +0800] "GET /xingrg/check_reg.html?_=1653793099613 HTTP/1.1" 200 22
120.253.135.82 - - [29/May/2022:10:56:46 +0800] "GET /xingrg/all/function/internal_message.html?_=1653793103963&CODE_STATE=getMsg HTTP/1.1" 200 27
114.83.223.13 - - [29/May/2022:10:56:50 +0800] "GET /xingrg/all/function/internal_message.html?_=1653793010261&CODE_STATE=getMsg HTTP/1.1" 200 27
180.175.103.167 - - [29/May/2022:10:56:55 +0800] "GET /xingrg/all/function/internal_message.html?_=1653792936332&CODE_STATE=getMsg HTTP/1.1" 200 27
114.84.147.169 - - [29/May/2022:10:56:56 +0800] "GET /xingrg/all/function/internal_message.html?_=1653792751109&CODE_STATE=getMsg HTTP/1.1" 200 27
218.81.223.53 - - [29/May/2022:10:57:00 +0800] "POST /xingrg/kc/buy/cgsh_order_operate.html HTTP/1.1" 200 37
58.39.61.91 - - [29/May/2022:10:57:00 +0800] "GET /xingrg/all/function/internal_message.html?_=1653792983085&CODE_STATE=getMsg HTTP/1.1" 200 27
180.156.212.250 - - [29/May/2022:10:57:01 +0800] "GET /xingrg/all/function/internal_message.html?_=1653793090587&CODE_STATE=getMsg HTTP/1.1" 200 27
218.81.223.53 - - [29/May/2022:10:57:04 +0800] "POST /xingrg/kc/buy/cgsh_order_operate.html HTTP/1.1" 200 12
218.81.223.53 - - [29/May/2022:10:57:06 +0800] "GET /xingrg/kc/buy/cgsh_order_info.html?code=212022052901877 HTTP/1.1" 200 62421
218.81.223.53 - - [29/May/2022:10:57:06 +0800] "GET /xingrg/javascript/easyui/themes/default/validatebox.css HTTP/1.1" 404 1104
116.230.110.173 - - [29/May/2022:10:57:07 +0800] "GET /xingrg/all/function/internal_message.html?_=1653793010172&CODE_STATE=getMsg HTTP/1.1" 200 27
218.81.223.53 - - [29/May/2022:10:57:07 +0800] "POST /xingrg/kc/buy/cgsh_order_operate.html HTTP/1.1" 200 612
114.86.187.179 - - [29/May/2022:10:57:08 +0800] "GET /xingrg/all/function/internal_message.html?_=1653793029401&CODE_STATE=getMsg HTTP/1.1" 200 27
116.235.92.88 - - [29/May/2022:10:57:09 +0800] "GET /xingrg/all/function/internal_message.html?_=1653793204045&CODE_STATE=getMsg HTTP/1.1" 200 27
218.81.223.53 - - [29/May/2022:10:57:10 +0800] "GET /xingrg/kc/print/load_data.html?order_code=212022052901877&kc_code=cgsh&condition= HTTP/1.1" 200 690
114.88.162.248 - - [29/May/2022:10:57:14 +0800] "GET /xingrg/all/function/internal_message.html?_=1653793033220&CODE_STATE=getMsg HTTP/1.1" 200 27
114.83.223.13 - - [29/May/2022:10:57:14 +0800] "GET /xingrg/all/function/internal_message.html?_=1653793034548&CODE_STATE=getMsg HTTP/1.1" 200 27
218.81.223.53 - - [29/May/2022:10:57:17 +0800] "GET /xingrg/all/function/internal_message.html?_=1653793062282&CODE_STATE=getMsg HTTP/1.1" 200 27
116.228.172.94 - - [29/May/2022:10:57:23 +0800] "GET /xingrg/all/function/internal_message.html?_=1653792960417&CODE_STATE=getMsg HTTP/1.1" 200 27
218.81.223.53 - - [29/May/2022:10:57:26 +0800] "GET /xingrg/check_reg.html?_=1653793071719 HTTP/1.1" 200 22
58.39.61.91 - - [29/May/2022:10:57:28 +0800] "GET /xingrg/all/function/internal_message.html?_=1653793047359&CODE_STATE=getMsg HTTP/1.1" 200 27
180.175.103.167 - - [29/May/2022:10:57:34 +0800] "GET /xingrg/all/function/internal_message.html?_=1653793058647&CODE_STATE=getMsg HTTP/1.1" 200 27
116.235.92.88 - - [29/May/2022:10:57:38 +0800] "GET /xingrg/check_reg.html?_=1653793232985 HTTP/1.1" 200 22
120.253.135.82 - - [29/May/2022:10:57:39 +0800] "GET /xingrg/all/function/internal_message.html?_=1653792868345&CODE_STATE=getMsg HTTP/1.1" 200 27
120.253.135.82 - - [29/May/2022:10:57:46 +0800] "GET /xingrg/all/function/internal_message.html?_=1653793163978&CODE_STATE=getMsg HTTP/1.1" 200 27
114.83.223.13 - - [29/May/2022:10:57:50 +0800] "GET /xingrg/all/function/internal_message.html?_=1653793070262&CODE_STATE=getMsg HTTP/1.1" 200 27
114.83.223.13 - - [29/May/2022:10:57:50 +0800] "GET /xingrg/check_reg.html?_=1653793070266 HTTP/1.1" 200 22
116.233.76.8 - - [29/May/2022:10:57:51 +0800] "GET /xingrg/kc/base/base_main.html HTTP/1.1" 200 12142
116.233.76.8 - - [29/May/2022:10:57:52 +0800] "GET /xingrg/kc/base/wldb_order_list.html HTTP/1.1" 200 19101
116.233.76.8 - - [29/May/2022:10:57:52 +0800] "POST /xingrg/kc/base/wldb_list_operate.html HTTP/1.1" 200 928
120.253.135.82 - - [29/May/2022:10:57:53 +0800] "GET /xingrg/check_reg.html?_=1653792882316 HTTP/1.1" 200 22
180.175.103.167 - - [29/May/2022:10:57:55 +0800] "GET /xingrg/all/function/internal_message.html?_=1653792996317&CODE_STATE=getMsg HTTP/1.1" 200 27
114.84.147.169 - - [29/May/2022:10:57:56 +0800] "GET /xingrg/all/function/internal_message.html?_=1653792811118&CODE_STATE=getMsg HTTP/1.1" 200 27
114.84.147.169 - - [29/May/2022:10:57:56 +0800] "GET /xingrg/check_reg.html?_=1653792811119 HTTP/1.1" 200 22
58.39.61.91 - - [29/May/2022:10:58:00 +0800] "GET /xingrg/all/function/internal_message.html?_=1653793043091&CODE_STATE=getMsg HTTP/1.1" 200 27
180.156.212.250 - - [29/May/2022:10:58:01 +0800] "GET /xingrg/all/function/internal_message.html?_=1653793150671&CODE_STATE=getMsg HTTP/1.1" 200 27
116.233.76.8 - - [29/May/2022:10:58:03 +0800] "GET /xingrg/kc/report/report_main.html HTTP/1.1" 200 7340
116.233.76.8 - - [29/May/2022:10:58:04 +0800] "GET /xingrg/kc/base/kc_stocks.html HTTP/1.1" 200 16437
116.233.76.8 - - [29/May/2022:10:58:04 +0800] "GET /xingrg/javascript/easyui/themes/default/tree.css HTTP/1.1" 404 1090
116.233.76.8 - - [29/May/2022:10:58:04 +0800] "GET /xingrg/all/common/auto_word.html?type=base&rest_code=00109 HTTP/1.1" 200 1907
116.233.76.8 - - [29/May/2022:10:58:04 +0800] "POST /xingrg/all/common/load_tree.html?tree=materiel_sort_tree_json HTTP/1.1" 200 9388
116.230.110.173 - - [29/May/2022:10:58:07 +0800] "GET /xingrg/all/function/internal_message.html?_=1653793070178&CODE_STATE=getMsg HTTP/1.1" 200 27
114.86.187.179 - - [29/May/2022:10:58:08 +0800] "GET /xingrg/all/function/internal_message.html?_=1653793089371&CODE_STATE=getMsg HTTP/1.1" 200 27
116.235.92.88 - - [29/May/2022:10:58:09 +0800] "GET /xingrg/all/function/internal_message.html?_=1653793264042&CODE_STATE=getMsg HTTP/1.1" 200 27
114.88.162.248 - - [29/May/2022:10:58:14 +0800] "GET /xingrg/all/function/internal_message.html?_=1653793093221&CODE_STATE=getMsg HTTP/1.1" 200 27
114.83.223.13 - - [29/May/2022:10:58:14 +0800] "GET /xingrg/all/function/internal_message.html?_=1653793094526&CODE_STATE=getMsg HTTP/1.1" 200 27
218.81.223.53 - - [29/May/2022:10:58:17 +0800] "GET /xingrg/all/function/internal_message.html?_=1653793122295&CODE_STATE=getMsg HTTP/1.1" 200 27
116.233.76.8 - - [29/May/2022:10:58:19 +0800] "POST /xingrg/kc/base/stock_operate.html HTTP/1.1" 200 2708
58.40.7.146 - - [29/May/2022:10:58:22 +0800] "POST /xingrg/services/DataTransmitService HTTP/1.1" 200 524
116.228.172.94 - - [29/May/2022:10:58:23 +0800] "GET /xingrg/all/function/internal_message.html?_=1653793020422&CODE_STATE=getMsg HTTP/1.1" 200 27
116.228.172.94 - - [29/May/2022:10:58:23 +0800] "GET /xingrg/check_reg.html?_=1653793020424 HTTP/1.1" 200 22
116.233.76.8 - - [29/May/2022:10:58:24 +0800] "GET /xingrg/kc/base/stock_detail.html?m=00101029092 HTTP/1.1" 200 7407
58.39.61.91 - - [29/May/2022:10:58:28 +0800] "GET /xingrg/all/function/internal_message.html?_=1653793107360&CODE_STATE=getMsg HTTP/1.1" 200 27
116.233.76.8 - - [29/May/2022:10:58:29 +0800] "GET /xingrg/kc/base/stock_operate.html?_=1653793111297&command=get_report_file&start_day=20220401 HTTP/1.1" 200 53
116.233.76.8 - - [29/May/2022:10:58:29 +0800] "GET /xingrg/all/report/report_query.html?isQuery=1&onlyBody=1&rh=2000&fileName=kc/base/kc_stock_detail_new.xml&queryString=(1=1)&queryText=&tableQueryString=init_table$sp1$$sp$crk_table$sp1$order_day%20between%2020220401%20and%2020220531&varString=start_day:20220401,materiel_code:00101029092,cost_id:3618,end_date:20220331 HTTP/1.1" 200 48701
116.233.76.8 - - [29/May/2022:10:58:29 +0800] "GET /xingrg/dwr/interface/AjaxReportQueryService.js HTTP/1.1" 200 13203
116.233.76.8 - - [29/May/2022:10:58:29 +0800] "GET /xingrg/dwr/engine.js HTTP/1.1" 200 43631
116.233.76.8 - - [29/May/2022:10:58:30 +0800] "POST /xingrg/all/report/load_report_page.html HTTP/1.1" 200 39832
116.233.76.8 - - [29/May/2022:10:58:30 +0800] "GET /xingrg/servlets/image?cache=0.9400205725805661&image=px HTTP/1.1" 200 807
180.175.103.167 - - [29/May/2022:10:58:34 +0800] "GET /xingrg/all/function/internal_message.html?_=1653793118701&CODE_STATE=getMsg HTTP/1.1" 200 27
120.253.135.82 - - [29/May/2022:10:58:39 +0800] "GET /xingrg/all/function/internal_message.html?_=1653792928351&CODE_STATE=getMsg HTTP/1.1" 200 27
120.253.135.82 - - [29/May/2022:10:58:46 +0800] "GET /xingrg/all/function/internal_message.html?_=1653793224011&CODE_STATE=getMsg HTTP/1.1" 200 27
116.233.76.8 - - [29/May/2022:10:58:47 +0800] "GET /xingrg/kc/guide/show_order.html?code=312022052300605&type=31 HTTP/1.1" 302 -
116.233.76.8 - - [29/May/2022:10:58:47 +0800] "GET /xingrg/kc/mdqp/pssh_order_info.html?code=312022052300605&sysBaseUrl=http%3A%2F%2F180.169.147.146%3A18081%2Fxingrg%2F&costTime=0×tamp=1653793127611 HTTP/1.1" 200 14391
116.233.76.8 - - [29/May/2022:10:58:47 +0800] "GET /xingrg/javascript/jquery_tools/jquery-1.4.2.min.js HTTP/1.1" 404 1094
116.233.76.8 - - [29/May/2022:10:58:47 +0800] "GET /xingrg/words/20220528145213_words.js HTTP/1.1" 304 -
116.233.76.8 - - [29/May/2022:10:58:47 +0800] "POST /xingrg/kc/mdqp/pssh_order_operate.html HTTP/1.1" 200 3108
116.233.76.8 - - [29/May/2022:10:58:47 +0800] "GET /xingrg/javascript/easyui/themes/default/validatebox.css HTTP/1.1" 404 1104
114.83.223.13 - - [29/May/2022:10:58:50 +0800] "GET /xingrg/all/function/internal_message.html?_=1653793130266&CODE_STATE=getMsg HTTP/1.1" 200 27
180.175.103.167 - - [29/May/2022:10:58:55 +0800] "GET /xingrg/all/function/internal_message.html?_=1653793056303&CODE_STATE=getMsg HTTP/1.1" 200 27
114.84.147.169 - - [29/May/2022:10:58:56 +0800] "GET /xingrg/all/function/internal_message.html?_=1653792871113&CODE_STATE=getMsg HTTP/1.1" 200 27
58.39.61.91 - - [29/May/2022:10:59:00 +0800] "GET /xingrg/all/function/internal_message.html?_=1653793103175&CODE_STATE=getMsg HTTP/1.1" 200 27
180.156.212.250 - - [29/May/2022:10:59:01 +0800] "GET /xingrg/all/function/internal_message.html?_=1653793210677&CODE_STATE=getMsg HTTP/1.1" 200 27
116.230.110.173 - - [29/May/2022:10:59:07 +0800] "GET /xingrg/all/function/internal_message.html?_=1653793130171&CODE_STATE=getMsg HTTP/1.1" 200 27
114.86.187.179 - - [29/May/2022:10:59:08 +0800] "GET /xingrg/all/function/internal_message.html?_=1653793149357&CODE_STATE=getMsg HTTP/1.1" 200 27
114.86.187.179 - - [29/May/2022:10:59:09 +0800] "GET /xingrg/check_reg.html?_=1653793149843 HTTP/1.1" 200 22
116.235.92.88 - - [29/May/2022:10:59:09 +0800] "GET /xingrg/all/function/internal_message.html?_=1653793324010&CODE_STATE=getMsg HTTP/1.1" 200 27
58.39.61.91 - - [29/May/2022:10:59:13 +0800] "GET /xingrg/check_reg.html?_=1653793116104 HTTP/1.1" 200 22
114.88.162.248 - - [29/May/2022:10:59:14 +0800] "GET /xingrg/all/function/internal_message.html?_=1653793153222&CODE_STATE=getMsg HTTP/1.1" 200 27
114.83.223.13 - - [29/May/2022:10:59:14 +0800] "GET /xingrg/all/function/internal_message.html?_=1653793154508&CODE_STATE=getMsg HTTP/1.1" 200 27
218.81.223.53 - - [29/May/2022:10:59:17 +0800] "GET /xingrg/all/function/internal_message.html?_=1653793182308&CODE_STATE=getMsg HTTP/1.1" 200 27
116.228.172.94 - - [29/May/2022:10:59:23 +0800] "GET /xingrg/all/function/internal_message.html?_=1653793080419&CODE_STATE=getMsg HTTP/1.1" 200 27
58.39.61.91 - - [29/May/2022:10:59:28 +0800] "GET /xingrg/all/function/internal_message.html?_=1653793167357&CODE_STATE=getMsg HTTP/1.1" 200 27
58.39.61.91 - - [29/May/2022:10:59:28 +0800] "GET /xingrg/check_reg.html?_=1653793167359 HTTP/1.1" 200 22
116.233.76.8 - - [29/May/2022:10:59:31 +0800] "POST /xingrg/kc/base/stock_operate.html HTTP/1.1" 200 1915
180.175.103.167 - - [29/May/2022:10:59:34 +0800] "GET /xingrg/all/function/internal_message.html?_=1653793178637&CODE_STATE=getMsg HTTP/1.1" 200 27
116.233.76.8 - - [29/May/2022:10:59:39 +0800] "GET /xingrg/kc/base/stock_detail.html?m=00101006038 HTTP/1.1" 200 7403
120.253.135.82 - - [29/May/2022:10:59:39 +0800] "GET /xingrg/all/function/internal_message.html?_=1653792988364&CODE_STATE=getMsg HTTP/1.1" 200 27
116.233.76.8 - - [29/May/2022:10:59:43 +0800] "GET /xingrg/kc/base/stock_operate.html?_=1653793184633&command=get_report_file&start_day=20220401 HTTP/1.1" 200 53
116.233.76.8 - - [29/May/2022:10:59:43 +0800] "GET /xingrg/all/report/report_query.html?isQuery=1&onlyBody=1&rh=2000&fileName=kc/base/kc_stock_detail_new.xml&queryString=(1=1)&queryText=&tableQueryString=init_table$sp1$$sp$crk_table$sp1$order_day%20between%2020220401%20and%2020220531&varString=start_day:20220401,materiel_code:00101006038,cost_id:3618,end_date:20220331 HTTP/1.1" 200 48701
116.233.76.8 - - [29/May/2022:10:59:43 +0800] "GET /xingrg/dwr/interface/AjaxReportQueryService.js HTTP/1.1" 200 13203
116.233.76.8 - - [29/May/2022:10:59:43 +0800] "GET /xingrg/dwr/engine.js HTTP/1.1" 200 43631
116.233.76.8 - - [29/May/2022:10:59:43 +0800] "POST /xingrg/all/report/load_report_page.html HTTP/1.1" 200 20152
116.233.76.8 - - [29/May/2022:10:59:43 +0800] "GET /xingrg/servlets/image?cache=0.2602880687996644&image=px HTTP/1.1" 200 807
120.253.135.82 - - [29/May/2022:10:59:46 +0800] "GET /xingrg/all/function/internal_message.html?_=1653793284020&CODE_STATE=getMsg HTTP/1.1" 200 27
114.83.223.13 - - [29/May/2022:10:59:50 +0800] "GET /xingrg/all/function/internal_message.html?_=1653793190266&CODE_STATE=getMsg HTTP/1.1" 200 27
180.175.103.167 - - [29/May/2022:10:59:55 +0800] "GET /xingrg/all/function/internal_message.html?_=1653793116272&CODE_STATE=getMsg HTTP/1.1" 200 27
114.84.147.169 - - [29/May/2022:10:59:56 +0800] "GET /xingrg/all/function/internal_message.html?_=1653792931106&CODE_STATE=getMsg HTTP/1.1" 200 27
180.175.103.167 - - [29/May/2022:10:59:56 +0800] "GET /xingrg/check_reg.html?_=1653793117928 HTTP/1.1" 200 22
180.156.212.250 - - [29/May/2022:10:59:59 +0800] "GET /xingrg/check_reg.html?_=1653793269155 HTTP/1.1" 200 22
58.39.61.91 - - [29/May/2022:11:00:00 +0800] "GET /xingrg/all/function/internal_message.html?_=1653793163180&CODE_STATE=getMsg HTTP/1.1" 200 27
180.156.212.250 - - [29/May/2022:11:00:01 +0800] "GET /xingrg/all/function/internal_message.html?_=1653793270690&CODE_STATE=getMsg HTTP/1.1" 200 27
116.230.110.173 - - [29/May/2022:11:00:07 +0800] "GET /xingrg/all/function/internal_message.html?_=1653793190181&CODE_STATE=getMsg HTTP/1.1" 200 27
116.230.110.173 - - [29/May/2022:11:00:07 +0800] "GET /xingrg/check_reg.html?_=1653793190182 HTTP/1.1" 200 22
114.86.187.179 - - [29/May/2022:11:00:08 +0800] "GET /xingrg/all/function/internal_message.html?_=1653793209328&CODE_STATE=getMsg HTTP/1.1" 200 27
116.235.92.88 - - [29/May/2022:11:00:09 +0800] "GET /xingrg/all/function/internal_message.html?_=1653793383992&CODE_STATE=getMsg HTTP/1.1" 200 27
116.233.76.8 - - [29/May/2022:11:00:10 +0800] "POST /xingrg/kc/base/stock_operate.html HTTP/1.1" 200 1464
116.233.76.8 - - [29/May/2022:11:00:11 +0800] "GET /xingrg/kc/base/stock_detail.html?m=00101005087 HTTP/1.1" 200 7401
114.88.162.248 - - [29/May/2022:11:00:14 +0800] "GET /xingrg/all/function/internal_message.html?_=1653793213223&CODE_STATE=getMsg HTTP/1.1" 200 27
114.83.223.13 - - [29/May/2022:11:00:14 +0800] "GET /xingrg/all/function/internal_message.html?_=1653793214485&CODE_STATE=getMsg HTTP/1.1" 200 27
116.233.76.8 - - [29/May/2022:11:00:15 +0800] "GET /xingrg/kc/base/stock_operate.html?_=1653793217183&command=get_report_file&start_day=20220401 HTTP/1.1" 200 53
116.233.76.8 - - [29/May/2022:11:00:15 +0800] "GET /xingrg/all/report/report_query.html?isQuery=1&onlyBody=1&rh=2000&fileName=kc/base/kc_stock_detail_new.xml&queryString=(1=1)&queryText=&tableQueryString=init_table$sp1$$sp$crk_table$sp1$order_day%20between%2020220401%20and%2020220531&varString=start_day:20220401,materiel_code:00101005087,cost_id:3618,end_date:20220331 HTTP/1.1" 200 48701
116.233.76.8 - - [29/May/2022:11:00:15 +0800] "GET /xingrg/dwr/interface/AjaxReportQueryService.js HTTP/1.1" 200 13203
116.233.76.8 - - [29/May/2022:11:00:15 +0800] "GET /xingrg/dwr/engine.js HTTP/1.1" 200 43631
116.233.76.8 - - [29/May/2022:11:00:16 +0800] "POST /xingrg/all/report/load_report_page.html HTTP/1.1" 200 20345
116.233.76.8 - - [29/May/2022:11:00:16 +0800] "GET /xingrg/servlets/image?cache=0.9420206701949431&image=px HTTP/1.1" 200 807
218.81.223.53 - - [29/May/2022:11:00:17 +0800] "GET /xingrg/all/function/internal_message.html?_=1653793242803&CODE_STATE=getMsg HTTP/1.1" 200 27
116.233.76.8 - - [29/May/2022:11:00:18 +0800] "GET /xingrg/kc/guide/show_order.html?code=312022052300614&type=31 HTTP/1.1" 302 -
116.233.76.8 - - [29/May/2022:11:00:18 +0800] "GET /xingrg/kc/mdqp/pssh_order_info.html?code=312022052300614&sysBaseUrl=http%3A%2F%2F180.169.147.146%3A18081%2Fxingrg%2F&costTime=1×tamp=1653793218289 HTTP/1.1" 200 14391
116.233.76.8 - - [29/May/2022:11:00:18 +0800] "GET /xingrg/javascript/jquery_tools/jquery-1.4.2.min.js HTTP/1.1" 404 1094
116.233.76.8 - - [29/May/2022:11:00:18 +0800] "POST /xingrg/kc/mdqp/pssh_order_operate.html HTTP/1.1" 200 6171
116.233.76.8 - - [29/May/2022:11:00:18 +0800] "GET /xingrg/javascript/easyui/themes/default/validatebox.css HTTP/1.1" 404 1104
116.228.172.94 - - [29/May/2022:11:00:23 +0800] "GET /xingrg/all/function/internal_message.html?_=1653793140416&CODE_STATE=getMsg HTTP/1.1" 200 27
114.86.187.179 - - [29/May/2022:11:00:27 +0800] "GET /xingrg/check_reg.html?_=1653793227614 HTTP/1.1" 200 22
58.39.61.91 - - [29/May/2022:11:00:28 +0800] "GET /xingrg/all/function/internal_message.html?_=1653793227357&CODE_STATE=getMsg HTTP/1.1" 200 27
180.175.103.167 - - [29/May/2022:11:00:34 +0800] "GET /xingrg/all/function/internal_message.html?_=1653793238637&CODE_STATE=getMsg HTTP/1.1" 200 27
