180.156.212.250 - - [29/May/2022:10:20:00 +0800] "GET /xingrg/all/function/internal_message.html?_=1653790869680&CODE_STATE=getMsg HTTP/1.1" 200 27
114.86.187.179 - - [29/May/2022:10:20:02 +0800] "POST /xingrg/kc/base/yddb_list_operate.html HTTP/1.1" 200 634
58.39.61.91 - - [29/May/2022:10:20:02 +0800] "GET /xingrg/all/function/internal_message.html?_=1653790764492&CODE_STATE=getMsg HTTP/1.1" 200 27
114.86.187.179 - - [29/May/2022:10:20:02 +0800] "GET /xingrg/kc/base/yddb_order_info.html?code=482022051600105 HTTP/1.1" 200 31703
114.86.187.179 - - [29/May/2022:10:20:02 +0800] "GET /xingrg/dwr/interface/AjaxComOrderService.js HTTP/1.1" 200 18264
114.86.187.179 - - [29/May/2022:10:20:02 +0800] "GET /xingrg/dwr/interface/AjaxYddbService.js HTTP/1.1" 200 13201
114.86.187.179 - - [29/May/2022:10:20:02 +0800] "GET /xingrg/dwr/engine.js HTTP/1.1" 200 43631
114.86.187.179 - - [29/May/2022:10:20:02 +0800] "POST /xingrg/dwr/call/plaincall/AjaxYddbService.loadMaterielItems.dwr HTTP/1.1" 200 2197
116.230.110.173 - - [29/May/2022:10:20:07 +0800] "GET /xingrg/check_reg.html?_=1653790790164 HTTP/1.1" 200 22
116.230.110.173 - - [29/May/2022:10:20:07 +0800] "GET /xingrg/all/function/internal_message.html?_=1653790790164&CODE_STATE=getMsg HTTP/1.1" 200 27
114.86.187.179 - - [29/May/2022:10:20:08 +0800] "GET /xingrg/kc/base/yddb_order_report.html?fileType=servlets/html&code=482022051600105&reportName=ck_order_report&subName=yddb HTTP/1.1" 302 -
114.86.187.179 - - [29/May/2022:10:20:08 +0800] "GET /xingrg/servlets/html?sysBaseUrl=http%3A%2F%2F180.169.147.146%3A18081%2Fxingrg%2F&costTime=86×tamp=1653790808924 HTTP/1.1" 200 28577
114.86.187.179 - - [29/May/2022:10:20:09 +0800] "GET /xingrg/all/function/internal_message.html?_=1653790809813&CODE_STATE=getMsg HTTP/1.1" 200 27
114.86.187.179 - - [29/May/2022:10:20:09 +0800] "GET /favicon.ico HTTP/1.1" 404 -
116.235.92.88 - - [29/May/2022:10:20:10 +0800] "GET /xingrg/all/function/internal_message.html?_=1653790984945&CODE_STATE=getMsg HTTP/1.1" 200 27
218.81.223.53 - - [29/May/2022:10:20:10 +0800] "GET /xingrg/all/function/internal_message.html?_=1653790835849&CODE_STATE=getMsg HTTP/1.1" 200 27
114.88.162.248 - - [29/May/2022:10:20:13 +0800] "GET /xingrg/all/function/internal_message.html?_=1653790813171&CODE_STATE=getMsg HTTP/1.1" 200 27
114.83.223.13 - - [29/May/2022:10:20:15 +0800] "GET /xingrg/all/function/internal_message.html?_=1653790815232&CODE_STATE=getMsg HTTP/1.1" 200 27
116.228.172.94 - - [29/May/2022:10:20:23 +0800] "GET /xingrg/all/function/internal_message.html?_=1653790740422&CODE_STATE=getMsg HTTP/1.1" 200 27
114.86.187.179 - - [29/May/2022:10:20:27 +0800] "GET /xingrg/check_reg.html?_=1653790827723 HTTP/1.1" 200 22
114.86.187.179 - - [29/May/2022:10:20:27 +0800] "GET /xingrg/kc/base/yddb_order_list.html?isBack=1 HTTP/1.1" 200 16713
114.86.187.179 - - [29/May/2022:10:20:28 +0800] "POST /xingrg/kc/base/yddb_list_operate.html HTTP/1.1" 200 1340
58.39.61.91 - - [29/May/2022:10:20:28 +0800] "GET /xingrg/all/function/internal_message.html?_=1653790827259&CODE_STATE=getMsg HTTP/1.1" 200 27
180.175.103.167 - - [29/May/2022:10:20:34 +0800] "GET /xingrg/all/function/internal_message.html?_=1653790838587&CODE_STATE=getMsg HTTP/1.1" 200 27
120.253.135.82 - - [29/May/2022:10:20:38 +0800] "GET /xingrg/all/function/internal_message.html?_=1653790647320&CODE_STATE=getMsg HTTP/1.1" 200 27
120.253.135.82 - - [29/May/2022:10:20:39 +0800] "GET /xingrg/kc/guide/show_order.html?code=312022052200549&type=31 HTTP/1.1" 302 -
120.253.135.82 - - [29/May/2022:10:20:39 +0800] "GET /xingrg/kc/pszx/mdps_order_info.html?code=312022052200549&sysBaseUrl=http%3A%2F%2F180.169.147.146%3A18081%2Fxingrg%2F&costTime=1×tamp=1653790839772 HTTP/1.1" 200 19646
120.253.135.82 - - [29/May/2022:10:20:40 +0800] "GET /favicon.ico HTTP/1.1" 404 -
120.253.135.82 - - [29/May/2022:10:20:40 +0800] "POST /xingrg/kc/pszx/mdps_order_operate.html HTTP/1.1" 200 519
120.253.135.82 - - [29/May/2022:10:20:40 +0800] "GET /xingrg/javascript/easyui/themes/default/validatebox.css HTTP/1.1" 404 1104
120.253.135.82 - - [29/May/2022:10:20:45 +0800] "GET /xingrg/all/function/internal_message.html?_=1653790943277&CODE_STATE=getMsg HTTP/1.1" 200 27
114.83.223.13 - - [29/May/2022:10:20:50 +0800] "GET /xingrg/all/function/internal_message.html?_=1653790850133&CODE_STATE=getMsg HTTP/1.1" 200 27
180.175.103.167 - - [29/May/2022:10:20:56 +0800] "GET /xingrg/all/function/internal_message.html?_=1653790776991&CODE_STATE=getMsg HTTP/1.1" 200 27
114.84.147.169 - - [29/May/2022:10:20:56 +0800] "GET /xingrg/all/function/internal_message.html?_=1653790591000&CODE_STATE=getMsg HTTP/1.1" 200 27
58.39.61.91 - - [29/May/2022:10:20:56 +0800] "GET /xingrg/javascript/auto/indicator.gif HTTP/1.1" 404 1066
58.39.61.91 - - [29/May/2022:10:20:59 +0800] "GET /xingrg/all/function/internal_message.html?_=1653790821527&CODE_STATE=getMsg HTTP/1.1" 200 27
180.156.212.250 - - [29/May/2022:10:21:00 +0800] "GET /xingrg/all/function/internal_message.html?_=1653790929693&CODE_STATE=getMsg HTTP/1.1" 200 27
58.39.61.91 - - [29/May/2022:10:21:02 +0800] "GET /xingrg/all/function/internal_message.html?_=1653790824507&CODE_STATE=getMsg HTTP/1.1" 200 27
114.86.187.179 - - [29/May/2022:10:21:06 +0800] "POST /xingrg/kc/base/yddb_list_operate.html HTTP/1.1" 200 1617
116.230.110.173 - - [29/May/2022:10:21:07 +0800] "GET /xingrg/all/function/internal_message.html?_=1653790850174&CODE_STATE=getMsg HTTP/1.1" 200 27
114.86.187.179 - - [29/May/2022:10:21:09 +0800] "GET /xingrg/all/function/internal_message.html?_=1653790869820&CODE_STATE=getMsg HTTP/1.1" 200 27
114.86.187.179 - - [29/May/2022:10:21:09 +0800] "POST /xingrg/kc/base/yddb_list_operate.html HTTP/1.1" 200 202
114.86.187.179 - - [29/May/2022:10:21:10 +0800] "GET /xingrg/kc/base/yddb_order_info.html?code=482022052300167 HTTP/1.1" 200 31663
114.86.187.179 - - [29/May/2022:10:21:10 +0800] "GET /xingrg/dwr/interface/AjaxYddbService.js HTTP/1.1" 200 13201
114.86.187.179 - - [29/May/2022:10:21:10 +0800] "GET /xingrg/dwr/interface/AjaxComOrderService.js HTTP/1.1" 200 18264
114.86.187.179 - - [29/May/2022:10:21:10 +0800] "GET /xingrg/dwr/engine.js HTTP/1.1" 200 43631
116.235.92.88 - - [29/May/2022:10:21:10 +0800] "GET /xingrg/all/function/internal_message.html?_=1653791044915&CODE_STATE=getMsg HTTP/1.1" 200 27
114.86.187.179 - - [29/May/2022:10:21:10 +0800] "POST /xingrg/dwr/call/plaincall/AjaxYddbService.loadMaterielItems.dwr HTTP/1.1" 200 391
218.81.223.53 - - [29/May/2022:10:21:10 +0800] "GET /xingrg/all/function/internal_message.html?_=1653790895865&CODE_STATE=getMsg HTTP/1.1" 200 27
114.88.162.248 - - [29/May/2022:10:21:13 +0800] "GET /xingrg/all/function/internal_message.html?_=1653790873175&CODE_STATE=getMsg HTTP/1.1" 200 27
114.88.162.248 - - [29/May/2022:10:21:13 +0800] "GET /xingrg/check_reg.html?_=1653790873172 HTTP/1.1" 200 22
114.86.187.179 - - [29/May/2022:10:21:14 +0800] "GET /xingrg/kc/base/yddb_order_report.html?fileType=servlets/html&code=482022052300167&reportName=ck_order_report&subName=yddb HTTP/1.1" 302 -
114.86.187.179 - - [29/May/2022:10:21:14 +0800] "GET /xingrg/servlets/html?sysBaseUrl=http%3A%2F%2F180.169.147.146%3A18081%2Fxingrg%2F&costTime=103×tamp=1653790874016 HTTP/1.1" 200 14768
114.86.187.179 - - [29/May/2022:10:21:14 +0800] "GET /favicon.ico HTTP/1.1" 404 -
114.83.223.13 - - [29/May/2022:10:21:15 +0800] "GET /xingrg/all/function/internal_message.html?_=1653790875214&CODE_STATE=getMsg HTTP/1.1" 200 27
114.83.223.13 - - [29/May/2022:10:21:16 +0800] "GET /xingrg/check_reg.html?_=1653790875982 HTTP/1.1" 200 22
114.86.187.179 - - [29/May/2022:10:21:23 +0800] "GET /xingrg/servlets/image?image=px HTTP/1.1" 200 807
116.228.172.94 - - [29/May/2022:10:21:23 +0800] "GET /xingrg/all/function/internal_message.html?_=1653790800423&CODE_STATE=getMsg HTTP/1.1" 200 27
58.39.61.91 - - [29/May/2022:10:21:28 +0800] "GET /xingrg/all/function/internal_message.html?_=1653790887266&CODE_STATE=getMsg HTTP/1.1" 200 27
180.175.103.167 - - [29/May/2022:10:21:34 +0800] "GET /xingrg/check_reg.html?_=1653790898587 HTTP/1.1" 200 22
180.175.103.167 - - [29/May/2022:10:21:34 +0800] "GET /xingrg/all/function/internal_message.html?_=1653790898592&CODE_STATE=getMsg HTTP/1.1" 200 27
120.253.135.82 - - [29/May/2022:10:21:38 +0800] "GET /xingrg/all/function/internal_message.html?_=1653790707380&CODE_STATE=getMsg HTTP/1.1" 200 27
120.253.135.82 - - [29/May/2022:10:21:41 +0800] "GET /xingrg/check_reg.html?_=1653790999573 HTTP/1.1" 200 22
120.253.135.82 - - [29/May/2022:10:21:45 +0800] "GET /xingrg/all/function/internal_message.html?_=1653791003285&CODE_STATE=getMsg HTTP/1.1" 200 27
114.83.223.13 - - [29/May/2022:10:21:50 +0800] "GET /xingrg/all/function/internal_message.html?_=1653790910133&CODE_STATE=getMsg HTTP/1.1" 200 27
180.175.103.167 - - [29/May/2022:10:21:56 +0800] "GET /xingrg/all/function/internal_message.html?_=1653790836977&CODE_STATE=getMsg HTTP/1.1" 200 27
114.84.147.169 - - [29/May/2022:10:21:56 +0800] "GET /xingrg/all/function/internal_message.html?_=1653790651011&CODE_STATE=getMsg HTTP/1.1" 200 27
58.39.61.91 - - [29/May/2022:10:21:59 +0800] "GET /xingrg/all/function/internal_message.html?_=1653790881619&CODE_STATE=getMsg HTTP/1.1" 200 27
180.156.212.250 - - [29/May/2022:10:22:00 +0800] "GET /xingrg/all/function/internal_message.html?_=1653790989708&CODE_STATE=getMsg HTTP/1.1" 200 27
58.39.61.91 - - [29/May/2022:10:22:02 +0800] "GET /xingrg/all/function/internal_message.html?_=1653790884520&CODE_STATE=getMsg HTTP/1.1" 200 27
116.230.110.173 - - [29/May/2022:10:22:07 +0800] "GET /xingrg/all/function/internal_message.html?_=1653790910187&CODE_STATE=getMsg HTTP/1.1" 200 27
114.86.187.179 - - [29/May/2022:10:22:09 +0800] "GET /xingrg/all/function/internal_message.html?_=1653790929813&CODE_STATE=getMsg HTTP/1.1" 200 27
116.235.92.88 - - [29/May/2022:10:22:10 +0800] "GET /xingrg/all/function/internal_message.html?_=1653791104887&CODE_STATE=getMsg HTTP/1.1" 200 27
218.81.223.53 - - [29/May/2022:10:22:11 +0800] "GET /xingrg/all/function/internal_message.html?_=1653790956275&CODE_STATE=getMsg HTTP/1.1" 200 27
114.88.162.248 - - [29/May/2022:10:22:13 +0800] "GET /xingrg/all/function/internal_message.html?_=1653790933174&CODE_STATE=getMsg HTTP/1.1" 200 27
114.83.223.13 - - [29/May/2022:10:22:15 +0800] "GET /xingrg/all/function/internal_message.html?_=1653790935198&CODE_STATE=getMsg HTTP/1.1" 200 27
58.39.61.91 - - [29/May/2022:10:22:19 +0800] "GET /xingrg/kc/buy/cgsh_order_operate.html?command=get_materiel&rest_code=00150&code=00101001140&supplier_code=00100090&order_time=2022-05-29 HTTP/1.1" 200 432
116.228.172.94 - - [29/May/2022:10:22:23 +0800] "GET /xingrg/all/function/internal_message.html?_=1653790860411&CODE_STATE=getMsg HTTP/1.1" 200 27
218.81.223.53 - - [29/May/2022:10:22:25 +0800] "GET /xingrg/check_reg.html?_=1653790971184 HTTP/1.1" 200 22
58.39.61.91 - - [29/May/2022:10:22:28 +0800] "GET /xingrg/all/function/internal_message.html?_=1653790947289&CODE_STATE=getMsg HTTP/1.1" 200 27
58.39.61.91 - - [29/May/2022:10:22:30 +0800] "GET /xingrg/kc/buy/cgsh_order_operate.html?command=get_materiel&rest_code=00150&code=00101001125&supplier_code=00100090&order_time=2022-05-29 HTTP/1.1" 200 415
180.175.103.167 - - [29/May/2022:10:22:34 +0800] "GET /xingrg/all/function/internal_message.html?_=1653790958592&CODE_STATE=getMsg HTTP/1.1" 200 27
120.253.135.82 - - [29/May/2022:10:22:38 +0800] "GET /xingrg/all/function/internal_message.html?_=1653790767394&CODE_STATE=getMsg HTTP/1.1" 200 27
116.235.92.88 - - [29/May/2022:10:22:38 +0800] "GET /xingrg/check_reg.html?_=1653791133093 HTTP/1.1" 200 22
58.39.61.91 - - [29/May/2022:10:22:38 +0800] "GET /xingrg/kc/buy/cgsh_order_operate.html?command=get_materiel&rest_code=00150&code=00101004104&supplier_code=00100090&order_time=2022-05-29 HTTP/1.1" 200 428
120.253.135.82 - - [29/May/2022:10:22:45 +0800] "GET /xingrg/all/function/internal_message.html?_=1653791063299&CODE_STATE=getMsg HTTP/1.1" 200 27
114.83.223.13 - - [29/May/2022:10:22:50 +0800] "GET /xingrg/all/function/internal_message.html?_=1653790970153&CODE_STATE=getMsg HTTP/1.1" 200 27
114.83.223.13 - - [29/May/2022:10:22:50 +0800] "GET /xingrg/check_reg.html?_=1653790970158 HTTP/1.1" 200 22
120.253.135.82 - - [29/May/2022:10:22:53 +0800] "GET /xingrg/check_reg.html?_=1653790782175 HTTP/1.1" 200 22
180.175.103.167 - - [29/May/2022:10:22:55 +0800] "GET /xingrg/all/function/internal_message.html?_=1653790896948&CODE_STATE=getMsg HTTP/1.1" 200 27
114.86.187.179 - - [29/May/2022:10:22:56 +0800] "GET /xingrg/kc/base/yddb_order_list.html?isBack=1 HTTP/1.1" 200 16713
114.84.147.169 - - [29/May/2022:10:22:56 +0800] "GET /xingrg/check_reg.html?_=1653790711006 HTTP/1.1" 200 22
114.84.147.169 - - [29/May/2022:10:22:56 +0800] "GET /xingrg/all/function/internal_message.html?_=1653790711008&CODE_STATE=getMsg HTTP/1.1" 200 27
114.86.187.179 - - [29/May/2022:10:22:56 +0800] "POST /xingrg/kc/base/yddb_list_operate.html HTTP/1.1" 200 1340
120.253.135.82 - - [29/May/2022:10:22:58 +0800] "GET /xingrg/kc/guide/show_order.html?code=312022052200548&type=31 HTTP/1.1" 302 -
120.253.135.82 - - [29/May/2022:10:22:58 +0800] "GET /xingrg/kc/pszx/mdps_order_info.html?code=312022052200548&sysBaseUrl=http%3A%2F%2F180.169.147.146%3A18081%2Fxingrg%2F&costTime=0×tamp=1653790978303 HTTP/1.1" 200 19648
120.253.135.82 - - [29/May/2022:10:22:58 +0800] "GET /favicon.ico HTTP/1.1" 404 -
120.253.135.82 - - [29/May/2022:10:22:59 +0800] "POST /xingrg/kc/pszx/mdps_order_operate.html HTTP/1.1" 200 520
120.253.135.82 - - [29/May/2022:10:22:59 +0800] "GET /xingrg/javascript/easyui/themes/default/validatebox.css HTTP/1.1" 404 1104
58.39.61.91 - - [29/May/2022:10:22:59 +0800] "GET /xingrg/all/function/internal_message.html?_=1653790941633&CODE_STATE=getMsg HTTP/1.1" 200 27
180.156.212.250 - - [29/May/2022:10:23:00 +0800] "GET /xingrg/all/function/internal_message.html?_=1653791049782&CODE_STATE=getMsg HTTP/1.1" 200 27
58.39.61.91 - - [29/May/2022:10:23:02 +0800] "GET /xingrg/all/function/internal_message.html?_=1653790944533&CODE_STATE=getMsg HTTP/1.1" 200 27
116.230.110.173 - - [29/May/2022:10:23:07 +0800] "GET /xingrg/all/function/internal_message.html?_=1653790970179&CODE_STATE=getMsg HTTP/1.1" 200 27
114.86.187.179 - - [29/May/2022:10:23:09 +0800] "GET /xingrg/all/function/internal_message.html?_=1653790989819&CODE_STATE=getMsg HTTP/1.1" 200 27
114.86.187.179 - - [29/May/2022:10:23:09 +0800] "POST /xingrg/kc/base/yddb_list_operate.html HTTP/1.1" 200 1363
116.235.92.88 - - [29/May/2022:10:23:10 +0800] "GET /xingrg/all/function/internal_message.html?_=1653791164869&CODE_STATE=getMsg HTTP/1.1" 200 27
218.81.223.53 - - [29/May/2022:10:23:11 +0800] "GET /xingrg/all/function/internal_message.html?_=1653791016281&CODE_STATE=getMsg HTTP/1.1" 200 27
114.86.187.179 - - [29/May/2022:10:23:11 +0800] "POST /xingrg/kc/base/yddb_list_operate.html HTTP/1.1" 200 603
114.86.187.179 - - [29/May/2022:10:23:11 +0800] "GET /xingrg/kc/base/yddb_order_info.html?code=482022052500193 HTTP/1.1" 200 31704
114.86.187.179 - - [29/May/2022:10:23:11 +0800] "GET /xingrg/dwr/interface/AjaxComOrderService.js HTTP/1.1" 200 18264
114.86.187.179 - - [29/May/2022:10:23:11 +0800] "GET /xingrg/dwr/interface/AjaxYddbService.js HTTP/1.1" 200 13201
114.86.187.179 - - [29/May/2022:10:23:11 +0800] "GET /xingrg/dwr/engine.js HTTP/1.1" 200 43631
114.86.187.179 - - [29/May/2022:10:23:12 +0800] "POST /xingrg/dwr/call/plaincall/AjaxYddbService.loadMaterielItems.dwr HTTP/1.1" 200 2007
58.39.61.91 - - [29/May/2022:10:23:13 +0800] "GET /xingrg/kc/buy/cgsh_order_operate.html?command=get_materiel&rest_code=00150&code=00101004101&supplier_code=00100090&order_time=2022-05-29 HTTP/1.1" 200 413
114.88.162.248 - - [29/May/2022:10:23:13 +0800] "GET /xingrg/all/function/internal_message.html?_=1653790993175&CODE_STATE=getMsg HTTP/1.1" 200 27
114.83.223.13 - - [29/May/2022:10:23:15 +0800] "GET /xingrg/all/function/internal_message.html?_=1653790995177&CODE_STATE=getMsg HTTP/1.1" 200 27
114.86.187.179 - - [29/May/2022:10:23:15 +0800] "GET /xingrg/kc/base/yddb_order_report.html?fileType=servlets/html&code=482022052500193&reportName=ck_order_report&subName=yddb HTTP/1.1" 302 -
114.86.187.179 - - [29/May/2022:10:23:15 +0800] "GET /xingrg/servlets/html?sysBaseUrl=http%3A%2F%2F180.169.147.146%3A18081%2Fxingrg%2F&costTime=87×tamp=1653790995952 HTTP/1.1" 200 28465
114.86.187.179 - - [29/May/2022:10:23:16 +0800] "GET /favicon.ico HTTP/1.1" 404 -
58.39.61.91 - - [29/May/2022:10:23:22 +0800] "GET /xingrg/kc/buy/cgsh_order_operate.html?command=get_materiel&rest_code=00150&code=00101002038&supplier_code=00100090&order_time=2022-05-29 HTTP/1.1" 200 416
116.228.172.94 - - [29/May/2022:10:23:23 +0800] "GET /xingrg/all/function/internal_message.html?_=1653790920421&CODE_STATE=getMsg HTTP/1.1" 200 27
116.228.172.94 - - [29/May/2022:10:23:23 +0800] "GET /xingrg/check_reg.html?_=1653790920425 HTTP/1.1" 200 22
58.39.61.91 - - [29/May/2022:10:23:28 +0800] "GET /xingrg/all/function/internal_message.html?_=1653791007274&CODE_STATE=getMsg HTTP/1.1" 200 27
58.39.61.91 - - [29/May/2022:10:23:30 +0800] "GET /xingrg/kc/buy/cgsh_order_operate.html?command=get_materiel&rest_code=00150&code=00101002042&supplier_code=00100090&order_time=2022-05-29 HTTP/1.1" 200 436
180.175.103.167 - - [29/May/2022:10:23:34 +0800] "GET /xingrg/all/function/internal_message.html?_=1653791018592&CODE_STATE=getMsg HTTP/1.1" 200 27
120.253.135.82 - - [29/May/2022:10:23:38 +0800] "GET /xingrg/all/function/internal_message.html?_=1653790827453&CODE_STATE=getMsg HTTP/1.1" 200 27
58.39.61.91 - - [29/May/2022:10:23:38 +0800] "GET /xingrg/kc/buy/cgsh_order_operate.html?command=get_materiel&rest_code=00150&code=00102026001&supplier_code=00100090&order_time=2022-05-29 HTTP/1.1" 200 410
120.253.135.82 - - [29/May/2022:10:23:45 +0800] "GET /xingrg/all/function/internal_message.html?_=1653791123332&CODE_STATE=getMsg HTTP/1.1" 200 27
114.83.223.13 - - [29/May/2022:10:23:50 +0800] "GET /xingrg/all/function/internal_message.html?_=1653791030143&CODE_STATE=getMsg HTTP/1.1" 200 27
180.175.103.167 - - [29/May/2022:10:23:55 +0800] "GET /xingrg/all/function/internal_message.html?_=1653790956932&CODE_STATE=getMsg HTTP/1.1" 200 27
114.84.147.169 - - [29/May/2022:10:23:56 +0800] "GET /xingrg/all/function/internal_message.html?_=1653790771002&CODE_STATE=getMsg HTTP/1.1" 200 27
114.86.187.179 - - [29/May/2022:10:23:56 +0800] "GET /xingrg/kc/base/yddb_order_list.html?isBack=1 HTTP/1.1" 200 16713
114.86.187.179 - - [29/May/2022:10:23:57 +0800] "POST /xingrg/kc/base/yddb_list_operate.html HTTP/1.1" 200 1340
58.39.61.91 - - [29/May/2022:10:23:59 +0800] "GET /xingrg/all/function/internal_message.html?_=1653791001718&CODE_STATE=getMsg HTTP/1.1" 200 27
180.156.212.250 - - [29/May/2022:10:24:00 +0800] "GET /xingrg/all/function/internal_message.html?_=1653791109795&CODE_STATE=getMsg HTTP/1.1" 200 27
58.39.61.91 - - [29/May/2022:10:24:01 +0800] "GET /xingrg/check_reg.html?_=1653791004050 HTTP/1.1" 200 22
58.39.61.91 - - [29/May/2022:10:24:02 +0800] "GET /xingrg/all/function/internal_message.html?_=1653791004548&CODE_STATE=getMsg HTTP/1.1" 200 27
116.230.110.173 - - [29/May/2022:10:24:07 +0800] "GET /xingrg/all/function/internal_message.html?_=1653791030169&CODE_STATE=getMsg HTTP/1.1" 200 27
114.86.187.179 - - [29/May/2022:10:24:09 +0800] "GET /xingrg/check_reg.html?_=1653791049814 HTTP/1.1" 200 22
114.86.187.179 - - [29/May/2022:10:24:09 +0800] "GET /xingrg/all/function/internal_message.html?_=1653791049818&CODE_STATE=getMsg HTTP/1.1" 200 27
116.235.92.88 - - [29/May/2022:10:24:10 +0800] "GET /xingrg/all/function/internal_message.html?_=1653791224865&CODE_STATE=getMsg HTTP/1.1" 200 27
114.86.187.179 - - [29/May/2022:10:24:10 +0800] "POST /xingrg/kc/base/yddb_list_operate.html HTTP/1.1" 200 1625
218.81.223.53 - - [29/May/2022:10:24:11 +0800] "GET /xingrg/all/function/internal_message.html?_=1653791076295&CODE_STATE=getMsg HTTP/1.1" 200 27
58.39.61.91 - - [29/May/2022:10:24:13 +0800] "GET /xingrg/check_reg.html?_=1653791016065 HTTP/1.1" 200 22
114.88.162.248 - - [29/May/2022:10:24:13 +0800] "GET /xingrg/all/function/internal_message.html?_=1653791053175&CODE_STATE=getMsg HTTP/1.1" 200 27
114.83.223.13 - - [29/May/2022:10:24:15 +0800] "GET /xingrg/all/function/internal_message.html?_=1653791055163&CODE_STATE=getMsg HTTP/1.1" 200 27
114.86.187.179 - - [29/May/2022:10:24:16 +0800] "POST /xingrg/kc/base/yddb_list_operate.html HTTP/1.1" 200 228
114.86.187.179 - - [29/May/2022:10:24:17 +0800] "GET /xingrg/kc/base/yddb_order_info.html?code=482022052700243 HTTP/1.1" 200 31704
114.86.187.179 - - [29/May/2022:10:24:17 +0800] "GET /xingrg/dwr/interface/AjaxComOrderService.js HTTP/1.1" 200 18264
114.86.187.179 - - [29/May/2022:10:24:17 +0800] "GET /xingrg/dwr/interface/AjaxYddbService.js HTTP/1.1" 200 13201
114.86.187.179 - - [29/May/2022:10:24:17 +0800] "GET /xingrg/dwr/engine.js HTTP/1.1" 200 43631
114.86.187.179 - - [29/May/2022:10:24:17 +0800] "POST /xingrg/dwr/call/plaincall/AjaxYddbService.loadMaterielItems.dwr HTTP/1.1" 200 441
120.253.135.82 - - [29/May/2022:10:24:21 +0800] "GET /xingrg/kc/guide/show_order.html?code=312022052200547&type=31 HTTP/1.1" 302 -
120.253.135.82 - - [29/May/2022:10:24:21 +0800] "GET /xingrg/kc/pszx/mdps_order_info.html?code=312022052200547&sysBaseUrl=http%3A%2F%2F180.169.147.146%3A18081%2Fxingrg%2F&costTime=1×tamp=1653791061545 HTTP/1.1" 200 19648
114.86.187.179 - - [29/May/2022:10:24:21 +0800] "GET /xingrg/kc/base/yddb_order_report.html?fileType=servlets/html&code=482022052700243&reportName=ck_order_report&subName=yddb HTTP/1.1" 302 -
114.86.187.179 - - [29/May/2022:10:24:21 +0800] "GET /xingrg/servlets/html?sysBaseUrl=http%3A%2F%2F180.169.147.146%3A18081%2Fxingrg%2F&costTime=94×tamp=1653791061819 HTTP/1.1" 200 14789
114.86.187.179 - - [29/May/2022:10:24:22 +0800] "GET /favicon.ico HTTP/1.1" 404 -
120.253.135.82 - - [29/May/2022:10:24:22 +0800] "GET /favicon.ico HTTP/1.1" 404 -
120.253.135.82 - - [29/May/2022:10:24:22 +0800] "POST /xingrg/kc/pszx/mdps_order_operate.html HTTP/1.1" 200 520
120.253.135.82 - - [29/May/2022:10:24:22 +0800] "GET /xingrg/javascript/easyui/themes/default/validatebox.css HTTP/1.1" 404 1104
116.228.172.94 - - [29/May/2022:10:24:23 +0800] "GET /xingrg/all/function/internal_message.html?_=1653790980415&CODE_STATE=getMsg HTTP/1.1" 200 27
58.39.61.91 - - [29/May/2022:10:24:28 +0800] "GET /xingrg/check_reg.html?_=1653791067310 HTTP/1.1" 200 22
58.39.61.91 - - [29/May/2022:10:24:28 +0800] "GET /xingrg/all/function/internal_message.html?_=1653791067311&CODE_STATE=getMsg HTTP/1.1" 200 27
180.175.103.167 - - [29/May/2022:10:24:34 +0800] "GET /xingrg/all/function/internal_message.html?_=1653791078594&CODE_STATE=getMsg HTTP/1.1" 200 27
120.253.135.82 - - [29/May/2022:10:24:38 +0800] "GET /xingrg/all/function/internal_message.html?_=1653790887495&CODE_STATE=getMsg HTTP/1.1" 200 27
120.253.135.82 - - [29/May/2022:10:24:45 +0800] "GET /xingrg/all/function/internal_message.html?_=1653791183341&CODE_STATE=getMsg HTTP/1.1" 200 27
114.83.223.13 - - [29/May/2022:10:24:50 +0800] "GET /xingrg/all/function/internal_message.html?_=1653791090146&CODE_STATE=getMsg HTTP/1.1" 200 27
120.253.135.82 - - [29/May/2022:10:24:54 +0800] "GET /xingrg/kc/guide/show_order.html?code=312022052200554&type=31 HTTP/1.1" 302 -
120.253.135.82 - - [29/May/2022:10:24:54 +0800] "GET /xingrg/kc/pszx/mdps_order_info.html?code=312022052200554&sysBaseUrl=http%3A%2F%2F180.169.147.146%3A18081%2Fxingrg%2F&costTime=1×tamp=1653791094854 HTTP/1.1" 200 19648
120.253.135.82 - - [29/May/2022:10:24:55 +0800] "POST /xingrg/kc/pszx/mdps_order_operate.html HTTP/1.1" 200 520
120.253.135.82 - - [29/May/2022:10:24:55 +0800] "GET /xingrg/javascript/easyui/themes/default/validatebox.css HTTP/1.1" 404 1104
120.253.135.82 - - [29/May/2022:10:24:55 +0800] "GET /favicon.ico HTTP/1.1" 404 -
180.175.103.167 - - [29/May/2022:10:24:55 +0800] "GET /xingrg/all/function/internal_message.html?_=1653791016916&CODE_STATE=getMsg HTTP/1.1" 200 27
114.84.147.169 - - [29/May/2022:10:24:56 +0800] "GET /xingrg/all/function/internal_message.html?_=1653790831038&CODE_STATE=getMsg HTTP/1.1" 200 27
180.175.103.167 - - [29/May/2022:10:24:56 +0800] "GET /xingrg/check_reg.html?_=1653791017901 HTTP/1.1" 200 22
58.39.61.91 - - [29/May/2022:10:24:59 +0800] "GET /xingrg/all/function/internal_message.html?_=1653791061721&CODE_STATE=getMsg HTTP/1.1" 200 27
180.156.212.250 - - [29/May/2022:10:24:59 +0800] "GET /xingrg/check_reg.html?_=1653791168731 HTTP/1.1" 200 22
180.156.212.250 - - [29/May/2022:10:25:00 +0800] "GET /xingrg/all/function/internal_message.html?_=1653791169813&CODE_STATE=getMsg HTTP/1.1" 200 27
58.39.61.91 - - [29/May/2022:10:25:02 +0800] "GET /xingrg/all/function/internal_message.html?_=1653791064561&CODE_STATE=getMsg HTTP/1.1" 200 27
116.230.110.173 - - [29/May/2022:10:25:07 +0800] "GET /xingrg/check_reg.html?_=1653791090175 HTTP/1.1" 200 22
116.230.110.173 - - [29/May/2022:10:25:07 +0800] "GET /xingrg/all/function/internal_message.html?_=1653791090176&CODE_STATE=getMsg HTTP/1.1" 200 27
114.86.187.179 - - [29/May/2022:10:25:09 +0800] "GET /xingrg/all/function/internal_message.html?_=1653791109827&CODE_STATE=getMsg HTTP/1.1" 200 27
116.235.92.88 - - [29/May/2022:10:25:10 +0800] "GET /xingrg/all/function/internal_message.html?_=1653791284844&CODE_STATE=getMsg HTTP/1.1" 200 27
218.81.223.53 - - [29/May/2022:10:25:11 +0800] "GET /xingrg/all/function/internal_message.html?_=1653791136720&CODE_STATE=getMsg HTTP/1.1" 200 27
114.88.162.248 - - [29/May/2022:10:25:13 +0800] "GET /xingrg/all/function/internal_message.html?_=1653791113175&CODE_STATE=getMsg HTTP/1.1" 200 27
114.83.223.13 - - [29/May/2022:10:25:15 +0800] "GET /xingrg/all/function/internal_message.html?_=1653791115139&CODE_STATE=getMsg HTTP/1.1" 200 27
116.228.172.94 - - [29/May/2022:10:25:23 +0800] "GET /xingrg/all/function/internal_message.html?_=1653791040417&CODE_STATE=getMsg HTTP/1.1" 200 27
114.86.187.179 - - [29/May/2022:10:25:27 +0800] "GET /xingrg/check_reg.html?_=1653791127701 HTTP/1.1" 200 22
58.39.61.91 - - [29/May/2022:10:25:28 +0800] "GET /xingrg/all/function/internal_message.html?_=1653791127291&CODE_STATE=getMsg HTTP/1.1" 200 27
180.175.103.167 - - [29/May/2022:10:25:34 +0800] "GET /xingrg/all/function/internal_message.html?_=1653791138594&CODE_STATE=getMsg HTTP/1.1" 200 27
120.253.135.82 - - [29/May/2022:10:25:36 +0800] "GET /xingrg/kc/guide/show_order.html?code=312022052200555&type=31 HTTP/1.1" 302 -
120.253.135.82 - - [29/May/2022:10:25:36 +0800] "GET /xingrg/kc/pszx/mdps_order_info.html?code=312022052200555&sysBaseUrl=http%3A%2F%2F180.169.147.146%3A18081%2Fxingrg%2F&costTime=1×tamp=1653791136336 HTTP/1.1" 200 19648
120.253.135.82 - - [29/May/2022:10:25:37 +0800] "POST /xingrg/kc/pszx/mdps_order_operate.html HTTP/1.1" 200 521
120.253.135.82 - - [29/May/2022:10:25:37 +0800] "GET /favicon.ico HTTP/1.1" 404 -
120.253.135.82 - - [29/May/2022:10:25:37 +0800] "GET /xingrg/javascript/easyui/themes/default/validatebox.css HTTP/1.1" 404 1104
120.253.135.82 - - [29/May/2022:10:25:38 +0800] "GET /xingrg/all/function/internal_message.html?_=1653790947526&CODE_STATE=getMsg HTTP/1.1" 200 27
120.253.135.82 - - [29/May/2022:10:25:45 +0800] "GET /xingrg/all/function/internal_message.html?_=1653791243367&CODE_STATE=getMsg HTTP/1.1" 200 27
58.39.61.91 - - [29/May/2022:10:25:47 +0800] "POST /xingrg/kc/buy/cgsh_order_operate.html HTTP/1.1" 200 37
58.39.61.91 - - [29/May/2022:10:25:50 +0800] "POST /xingrg/kc/buy/cgsh_order_operate.html HTTP/1.1" 200 12
114.83.223.13 - - [29/May/2022:10:25:50 +0800] "GET /xingrg/all/function/internal_message.html?_=1653791150159&CODE_STATE=getMsg HTTP/1.1" 200 27
58.39.61.91 - - [29/May/2022:10:25:51 +0800] "GET /xingrg/kc/buy/cgsh_order_info.html?code=212022052901871 HTTP/1.1" 200 62353
58.39.61.91 - - [29/May/2022:10:25:51 +0800] "GET /xingrg/javascript/easyui/themes/default/validatebox.css HTTP/1.1" 404 1104
58.39.61.91 - - [29/May/2022:10:25:52 +0800] "POST /xingrg/kc/buy/cgsh_order_operate.html HTTP/1.1" 200 4215
58.39.61.91 - - [29/May/2022:10:25:53 +0800] "GET /xingrg/kc/print/load_data.html?order_code=212022052901871&kc_code=cgsh&condition= HTTP/1.1" 200 2184
180.175.103.167 - - [29/May/2022:10:25:55 +0800] "GET /xingrg/all/function/internal_message.html?_=1653791076887&CODE_STATE=getMsg HTTP/1.1" 200 27
114.84.147.169 - - [29/May/2022:10:25:56 +0800] "GET /xingrg/all/function/internal_message.html?_=1653790891036&CODE_STATE=getMsg HTTP/1.1" 200 27
58.39.61.91 - - [29/May/2022:10:25:59 +0800] "GET /xingrg/all/function/internal_message.html?_=1653791121735&CODE_STATE=getMsg HTTP/1.1" 200 27
180.156.212.250 - - [29/May/2022:10:26:00 +0800] "GET /xingrg/all/function/internal_message.html?_=1653791229822&CODE_STATE=getMsg HTTP/1.1" 200 27
58.39.61.91 - - [29/May/2022:10:26:02 +0800] "GET /xingrg/all/function/internal_message.html?_=1653791124574&CODE_STATE=getMsg HTTP/1.1" 200 27
116.230.110.173 - - [29/May/2022:10:26:07 +0800] "GET /xingrg/all/function/internal_message.html?_=1653791150168&CODE_STATE=getMsg HTTP/1.1" 200 27
114.86.187.179 - - [29/May/2022:10:26:09 +0800] "GET /xingrg/all/function/internal_message.html?_=1653791169828&CODE_STATE=getMsg HTTP/1.1" 200 27
116.235.92.88 - - [29/May/2022:10:26:10 +0800] "GET /xingrg/all/function/internal_message.html?_=1653791344822&CODE_STATE=getMsg HTTP/1.1" 200 27
218.81.223.53 - - [29/May/2022:10:26:11 +0800] "GET /xingrg/all/function/internal_message.html?_=1653791196727&CODE_STATE=getMsg HTTP/1.1" 200 27
114.88.162.248 - - [29/May/2022:10:26:13 +0800] "GET /xingrg/all/function/internal_message.html?_=1653791173204&CODE_STATE=getMsg HTTP/1.1" 200 27
114.88.162.248 - - [29/May/2022:10:26:13 +0800] "GET /xingrg/check_reg.html?_=1653791173201 HTTP/1.1" 200 22
114.83.223.13 - - [29/May/2022:10:26:15 +0800] "GET /xingrg/all/function/internal_message.html?_=1653791175121&CODE_STATE=getMsg HTTP/1.1" 200 27
114.83.223.13 - - [29/May/2022:10:26:16 +0800] "GET /xingrg/check_reg.html?_=1653791175974 HTTP/1.1" 200 22
120.253.135.82 - - [29/May/2022:10:26:16 +0800] "GET /xingrg/kc/guide/show_order.html?code=312022052100531&type=31 HTTP/1.1" 302 -
120.253.135.82 - - [29/May/2022:10:26:17 +0800] "GET /xingrg/kc/pszx/mdps_order_info.html?code=312022052100531&sysBaseUrl=http%3A%2F%2F180.169.147.146%3A18081%2Fxingrg%2F&costTime=0×tamp=1653791176922 HTTP/1.1" 200 19647
120.253.135.82 - - [29/May/2022:10:26:17 +0800] "GET /favicon.ico HTTP/1.1" 404 -
120.253.135.82 - - [29/May/2022:10:26:17 +0800] "GET /xingrg/javascript/easyui/themes/default/validatebox.css HTTP/1.1" 404 1104
120.253.135.82 - - [29/May/2022:10:26:17 +0800] "POST /xingrg/kc/pszx/mdps_order_operate.html HTTP/1.1" 200 520
116.228.172.94 - - [29/May/2022:10:26:23 +0800] "GET /xingrg/all/function/internal_message.html?_=1653791100409&CODE_STATE=getMsg HTTP/1.1" 200 27
58.39.61.91 - - [29/May/2022:10:26:28 +0800] "GET /xingrg/all/function/internal_message.html?_=1653791187274&CODE_STATE=getMsg HTTP/1.1" 200 27
180.175.103.167 - - [29/May/2022:10:26:34 +0800] "GET /xingrg/check_reg.html?_=1653791198594 HTTP/1.1" 200 22
180.175.103.167 - - [29/May/2022:10:26:34 +0800] "GET /xingrg/all/function/internal_message.html?_=1653791198597&CODE_STATE=getMsg HTTP/1.1" 200 27
120.253.135.82 - - [29/May/2022:10:26:38 +0800] "GET /xingrg/all/function/internal_message.html?_=1653791007558&CODE_STATE=getMsg HTTP/1.1" 200 27
120.253.135.82 - - [29/May/2022:10:26:41 +0800] "GET /xingrg/check_reg.html?_=1653791299583 HTTP/1.1" 200 22
120.253.135.82 - - [29/May/2022:10:26:45 +0800] "GET /xingrg/all/function/internal_message.html?_=1653791303371&CODE_STATE=getMsg HTTP/1.1" 200 27
114.83.223.13 - - [29/May/2022:10:26:50 +0800] "GET /xingrg/all/function/internal_message.html?_=1653791210163&CODE_STATE=getMsg HTTP/1.1" 200 27
180.175.103.167 - - [29/May/2022:10:26:55 +0800] "GET /xingrg/all/function/internal_message.html?_=1653791136872&CODE_STATE=getMsg HTTP/1.1" 200 27
114.84.147.169 - - [29/May/2022:10:26:56 +0800] "GET /xingrg/all/function/internal_message.html?_=1653790951029&CODE_STATE=getMsg HTTP/1.1" 200 27
58.39.61.91 - - [29/May/2022:10:26:59 +0800] "GET /xingrg/all/function/internal_message.html?_=1653791181814&CODE_STATE=getMsg HTTP/1.1" 200 27
180.156.212.250 - - [29/May/2022:10:27:00 +0800] "GET /xingrg/all/function/internal_message.html?_=1653791289838&CODE_STATE=getMsg HTTP/1.1" 200 27
58.39.61.91 - - [29/May/2022:10:27:02 +0800] "GET /xingrg/all/function/internal_message.html?_=1653791184589&CODE_STATE=getMsg HTTP/1.1" 200 27
120.253.135.82 - - [29/May/2022:10:27:05 +0800] "GET /xingrg/kc/guide/show_order.html?code=312022052100534&type=31 HTTP/1.1" 302 -
120.253.135.82 - - [29/May/2022:10:27:05 +0800] "GET /xingrg/kc/pszx/mdps_order_info.html?code=312022052100534&sysBaseUrl=http%3A%2F%2F180.169.147.146%3A18081%2Fxingrg%2F&costTime=0×tamp=1653791225336 HTTP/1.1" 200 19647
120.253.135.82 - - [29/May/2022:10:27:05 +0800] "GET /favicon.ico HTTP/1.1" 404 -
120.253.135.82 - - [29/May/2022:10:27:06 +0800] "POST /xingrg/kc/pszx/mdps_order_operate.html HTTP/1.1" 200 522
120.253.135.82 - - [29/May/2022:10:27:06 +0800] "GET /xingrg/javascript/easyui/themes/default/validatebox.css HTTP/1.1" 404 1104
116.230.110.173 - - [29/May/2022:10:27:07 +0800] "GET /xingrg/all/function/internal_message.html?_=1653791210170&CODE_STATE=getMsg HTTP/1.1" 200 27
114.86.187.179 - - [29/May/2022:10:27:09 +0800] "GET /xingrg/all/function/internal_message.html?_=1653791229828&CODE_STATE=getMsg HTTP/1.1" 200 27
116.235.92.88 - - [29/May/2022:10:27:10 +0800] "GET /xingrg/all/function/internal_message.html?_=1653791404798&CODE_STATE=getMsg HTTP/1.1" 200 27
218.81.223.53 - - [29/May/2022:10:27:11 +0800] "GET /xingrg/all/function/internal_message.html?_=1653791257156&CODE_STATE=getMsg HTTP/1.1" 200 27
58.39.61.91 - - [29/May/2022:10:27:13 +0800] "GET /xingrg/kc/base/yddb_order_list.html HTTP/1.1" 200 16713
114.88.162.248 - - [29/May/2022:10:27:13 +0800] "GET /xingrg/all/function/internal_message.html?_=1653791233189&CODE_STATE=getMsg HTTP/1.1" 200 27
58.39.61.91 - - [29/May/2022:10:27:14 +0800] "POST /xingrg/kc/base/yddb_list_operate.html HTTP/1.1" 200 636
58.39.61.91 - - [29/May/2022:10:27:15 +0800] "GET /xingrg/kc/base/yddb_order_add.html HTTP/1.1" 200 29837
58.39.61.91 - - [29/May/2022:10:27:15 +0800] "GET /xingrg/dwr/interface/AjaxYddbService.js HTTP/1.1" 200 13201
58.39.61.91 - - [29/May/2022:10:27:15 +0800] "GET /xingrg/dwr/interface/AjaxComOrderService.js HTTP/1.1" 200 18264
58.39.61.91 - - [29/May/2022:10:27:15 +0800] "GET /xingrg/dwr/engine.js HTTP/1.1" 200 43631
114.83.223.13 - - [29/May/2022:10:27:15 +0800] "GET /xingrg/all/function/internal_message.html?_=1653791235108&CODE_STATE=getMsg HTTP/1.1" 200 27
116.228.172.94 - - [29/May/2022:10:27:23 +0800] "GET /xingrg/all/function/internal_message.html?_=1653791160422&CODE_STATE=getMsg HTTP/1.1" 200 27
218.81.223.53 - - [29/May/2022:10:27:25 +0800] "GET /xingrg/check_reg.html?_=1653791271188 HTTP/1.1" 200 22
58.39.61.91 - - [29/May/2022:10:27:28 +0800] "GET /xingrg/all/function/internal_message.html?_=1653791247280&CODE_STATE=getMsg HTTP/1.1" 200 27
116.233.76.8 - - [29/May/2022:10:27:31 +0800] "POST /xingrg/services/DataTransmitService HTTP/1.1" 200 524
116.233.76.8 - - [29/May/2022:10:27:31 +0800] "POST /xingrg/services/DataTransmitService HTTP/1.1" 200 501
180.175.103.167 - - [29/May/2022:10:27:34 +0800] "GET /xingrg/all/function/internal_message.html?_=1653791258582&CODE_STATE=getMsg HTTP/1.1" 200 27
58.39.61.91 - - [29/May/2022:10:27:36 +0800] "POST /xingrg/dwr/call/plaincall/AjaxYddbService.getRestBases.dwr HTTP/1.1" 200 1562
116.235.92.88 - - [29/May/2022:10:27:38 +0800] "GET /xingrg/check_reg.html?_=1653791433094 HTTP/1.1" 200 22
120.253.135.82 - - [29/May/2022:10:27:38 +0800] "GET /xingrg/all/function/internal_message.html?_=1653791067608&CODE_STATE=getMsg HTTP/1.1" 200 27
58.39.61.91 - - [29/May/2022:10:27:43 +0800] "POST /xingrg/dwr/call/plaincall/AjaxYddbService.saveOrder.dwr HTTP/1.1" 200 78
120.253.135.82 - - [29/May/2022:10:27:45 +0800] "GET /xingrg/all/function/internal_message.html?_=1653791363383&CODE_STATE=getMsg HTTP/1.1" 200 27
58.39.61.91 - - [29/May/2022:10:27:46 +0800] "POST /xingrg/dwr/call/plaincall/AjaxComOrderService.getMaterielSearchList.dwr HTTP/1.1" 200 18340
114.83.223.13 - - [29/May/2022:10:27:50 +0800] "GET /xingrg/all/function/internal_message.html?_=1653791270170&CODE_STATE=getMsg HTTP/1.1" 200 27
114.83.223.13 - - [29/May/2022:10:27:50 +0800] "GET /xingrg/check_reg.html?_=1653791270175 HTTP/1.1" 200 22
120.253.135.82 - - [29/May/2022:10:27:53 +0800] "GET /xingrg/check_reg.html?_=1653791082177 HTTP/1.1" 200 22
180.175.103.167 - - [29/May/2022:10:27:55 +0800] "GET /xingrg/all/function/internal_message.html?_=1653791196857&CODE_STATE=getMsg HTTP/1.1" 200 27
114.84.147.169 - - [29/May/2022:10:27:56 +0800] "GET /xingrg/all/function/internal_message.html?_=1653791011023&CODE_STATE=getMsg HTTP/1.1" 200 27
114.84.147.169 - - [29/May/2022:10:27:56 +0800] "GET /xingrg/check_reg.html?_=1653791011025 HTTP/1.1" 200 22
58.39.61.91 - - [29/May/2022:10:27:59 +0800] "POST /xingrg/dwr/call/plaincall/AjaxYddbService.getMaterielByMap.dwr HTTP/1.1" 200 3752
58.39.61.91 - - [29/May/2022:10:27:59 +0800] "GET /xingrg/all/function/internal_message.html?_=1653791241825&CODE_STATE=getMsg HTTP/1.1" 200 27
58.39.61.91 - - [29/May/2022:10:28:00 +0800] "GET /xingrg/images/yd/bt.gif HTTP/1.1" 404 1040
180.156.212.250 - - [29/May/2022:10:28:00 +0800] "GET /xingrg/all/function/internal_message.html?_=1653791349911&CODE_STATE=getMsg HTTP/1.1" 200 27
58.39.61.91 - - [29/May/2022:10:28:02 +0800] "GET /xingrg/all/function/internal_message.html?_=1653791244601&CODE_STATE=getMsg HTTP/1.1" 200 27
116.230.110.173 - - [29/May/2022:10:28:07 +0800] "GET /xingrg/all/function/internal_message.html?_=1653791270184&CODE_STATE=getMsg HTTP/1.1" 200 27
58.39.61.91 - - [29/May/2022:10:28:08 +0800] "POST /xingrg/dwr/call/plaincall/AjaxYddbService.saveMaterielItem.dwr HTTP/1.1" 200 78
114.86.187.179 - - [29/May/2022:10:28:09 +0800] "GET /xingrg/all/function/internal_message.html?_=1653791289828&CODE_STATE=getMsg HTTP/1.1" 200 27
116.235.92.88 - - [29/May/2022:10:28:10 +0800] "GET /xingrg/all/function/internal_message.html?_=1653791464766&CODE_STATE=getMsg HTTP/1.1" 200 27
218.81.223.53 - - [29/May/2022:10:28:11 +0800] "GET /xingrg/all/function/internal_message.html?_=1653791317160&CODE_STATE=getMsg HTTP/1.1" 200 27
114.88.162.248 - - [29/May/2022:10:28:13 +0800] "GET /xingrg/all/function/internal_message.html?_=1653791293190&CODE_STATE=getMsg HTTP/1.1" 200 27
114.83.223.13 - - [29/May/2022:10:28:15 +0800] "GET /xingrg/all/function/internal_message.html?_=1653791295086&CODE_STATE=getMsg HTTP/1.1" 200 27
116.228.172.94 - - [29/May/2022:10:28:23 +0800] "GET /xingrg/all/function/internal_message.html?_=1653791220418&CODE_STATE=getMsg HTTP/1.1" 200 27
116.228.172.94 - - [29/May/2022:10:28:23 +0800] "GET /xingrg/check_reg.html?_=1653791220420 HTTP/1.1" 200 22
120.253.135.82 - - [29/May/2022:10:28:28 +0800] "GET /xingrg/kc/guide/show_order.html?code=312022052100533&type=31 HTTP/1.1" 302 -
120.253.135.82 - - [29/May/2022:10:28:28 +0800] "GET /xingrg/kc/pszx/mdps_order_info.html?code=312022052100533&sysBaseUrl=http%3A%2F%2F180.169.147.146%3A18081%2Fxingrg%2F&costTime=0×tamp=1653791308068 HTTP/1.1" 200 19649
58.39.61.91 - - [29/May/2022:10:28:28 +0800] "GET /xingrg/all/function/internal_message.html?_=1653791307277&CODE_STATE=getMsg HTTP/1.1" 200 27
120.253.135.82 - - [29/May/2022:10:28:28 +0800] "GET /favicon.ico HTTP/1.1" 404 -
120.253.135.82 - - [29/May/2022:10:28:29 +0800] "POST /xingrg/kc/pszx/mdps_order_operate.html HTTP/1.1" 200 518
120.253.135.82 - - [29/May/2022:10:28:29 +0800] "GET /xingrg/javascript/easyui/themes/default/validatebox.css HTTP/1.1" 404 1104
180.175.103.167 - - [29/May/2022:10:28:34 +0800] "GET /xingrg/all/function/internal_message.html?_=1653791318582&CODE_STATE=getMsg HTTP/1.1" 200 27
120.253.135.82 - - [29/May/2022:10:28:38 +0800] "GET /xingrg/all/function/internal_message.html?_=1653791127646&CODE_STATE=getMsg HTTP/1.1" 200 27
120.253.135.82 - - [29/May/2022:10:28:45 +0800] "GET /xingrg/all/function/internal_message.html?_=1653791423415&CODE_STATE=getMsg HTTP/1.1" 200 27
114.83.223.13 - - [29/May/2022:10:28:50 +0800] "GET /xingrg/all/function/internal_message.html?_=1653791330161&CODE_STATE=getMsg HTTP/1.1" 200 27
180.175.103.167 - - [29/May/2022:10:28:55 +0800] "GET /xingrg/all/function/internal_message.html?_=1653791256841&CODE_STATE=getMsg HTTP/1.1" 200 27
58.39.61.91 - - [29/May/2022:10:28:56 +0800] "POST /xingrg/dwr/call/plaincall/AjaxYddbService.checkOrder.dwr HTTP/1.1" 200 78
114.84.147.169 - - [29/May/2022:10:28:56 +0800] "GET /xingrg/all/function/internal_message.html?_=1653791071033&CODE_STATE=getMsg HTTP/1.1" 200 27
58.39.61.91 - - [29/May/2022:10:28:58 +0800] "GET /xingrg/kc/base/yddb_order_info.html?code=482022052900262 HTTP/1.1" 200 29505
58.39.61.91 - - [29/May/2022:10:28:58 +0800] "GET /xingrg/dwr/interface/AjaxYddbService.js HTTP/1.1" 200 13201
58.39.61.91 - - [29/May/2022:10:28:58 +0800] "GET /xingrg/dwr/interface/AjaxComOrderService.js HTTP/1.1" 200 18264
58.39.61.91 - - [29/May/2022:10:28:58 +0800] "GET /xingrg/dwr/engine.js HTTP/1.1" 200 43631
58.39.61.91 - - [29/May/2022:10:28:58 +0800] "POST /xingrg/dwr/call/plaincall/AjaxYddbService.loadMaterielItems.dwr HTTP/1.1" 200 385
58.39.61.91 - - [29/May/2022:10:28:59 +0800] "GET /xingrg/all/function/internal_message.html?_=1653791301914&CODE_STATE=getMsg HTTP/1.1" 200 27
58.39.61.91 - - [29/May/2022:10:29:00 +0800] "GET /xingrg/kc/base/yddb_order_report.html?fileType=servlets/html&code=482022052900262&reportName=ck_order_report&subName=yddb HTTP/1.1" 302 -
180.156.212.250 - - [29/May/2022:10:29:00 +0800] "GET /xingrg/all/function/internal_message.html?_=1653791409928&CODE_STATE=getMsg HTTP/1.1" 200 27
58.39.61.91 - - [29/May/2022:10:29:00 +0800] "GET /xingrg/servlets/html?sysBaseUrl=http%3A%2F%2F180.169.147.146%3A18081%2Fxingrg%2F&costTime=86×tamp=1653791340715 HTTP/1.1" 200 14764
58.39.61.91 - - [29/May/2022:10:29:00 +0800] "GET /favicon.ico HTTP/1.1" 404 -
58.39.61.91 - - [29/May/2022:10:29:01 +0800] "GET /xingrg/check_reg.html?_=1653791304058 HTTP/1.1" 200 22
120.253.135.82 - - [29/May/2022:10:29:02 +0800] "GET /xingrg/javascript/jquery_easy_ui/themes/default/images/tabs_active.png HTTP/1.1" 200 2894
58.39.61.91 - - [29/May/2022:10:29:02 +0800] "GET /xingrg/all/function/internal_message.html?_=1653791304615&CODE_STATE=getMsg HTTP/1.1" 200 27
120.253.135.82 - - [29/May/2022:10:29:04 +0800] "GET /xingrg/kc/guide/show_order.html?code=312022052100530&type=31 HTTP/1.1" 302 -
120.253.135.82 - - [29/May/2022:10:29:04 +0800] "GET /xingrg/kc/pszx/mdps_order_info.html?code=312022052100530&sysBaseUrl=http%3A%2F%2F180.169.147.146%3A18081%2Fxingrg%2F&costTime=1×tamp=1653791344261 HTTP/1.1" 200 19647
120.253.135.82 - - [29/May/2022:10:29:04 +0800] "GET /favicon.ico HTTP/1.1" 404 -
120.253.135.82 - - [29/May/2022:10:29:05 +0800] "POST /xingrg/kc/pszx/mdps_order_operate.html HTTP/1.1" 200 521
120.253.135.82 - - [29/May/2022:10:29:05 +0800] "GET /xingrg/javascript/easyui/themes/default/validatebox.css HTTP/1.1" 404 1104
116.230.110.173 - - [29/May/2022:10:29:07 +0800] "GET /xingrg/all/function/internal_message.html?_=1653791330174&CODE_STATE=getMsg HTTP/1.1" 200 27
114.86.187.179 - - [29/May/2022:10:29:09 +0800] "GET /xingrg/check_reg.html?_=1653791349814 HTTP/1.1" 200 22
114.86.187.179 - - [29/May/2022:10:29:09 +0800] "GET /xingrg/all/function/internal_message.html?_=1653791349817&CODE_STATE=getMsg HTTP/1.1" 200 27
116.235.92.88 - - [29/May/2022:10:29:10 +0800] "GET /xingrg/all/function/internal_message.html?_=1653791524734&CODE_STATE=getMsg HTTP/1.1" 200 27
218.81.223.53 - - [29/May/2022:10:29:11 +0800] "GET /xingrg/all/function/internal_message.html?_=1653791377174&CODE_STATE=getMsg HTTP/1.1" 200 27
58.39.61.91 - - [29/May/2022:10:29:13 +0800] "GET /xingrg/check_reg.html?_=1653791316069 HTTP/1.1" 200 22
114.88.162.248 - - [29/May/2022:10:29:13 +0800] "GET /xingrg/all/function/internal_message.html?_=1653791353192&CODE_STATE=getMsg HTTP/1.1" 200 27
114.83.223.13 - - [29/May/2022:10:29:15 +0800] "GET /xingrg/all/function/internal_message.html?_=1653791355064&CODE_STATE=getMsg HTTP/1.1" 200 27
116.228.172.94 - - [29/May/2022:10:29:23 +0800] "GET /xingrg/all/function/internal_message.html?_=1653791280411&CODE_STATE=getMsg HTTP/1.1" 200 27
58.39.61.91 - - [29/May/2022:10:29:28 +0800] "GET /xingrg/all/function/internal_message.html?_=1653791367280&CODE_STATE=getMsg HTTP/1.1" 200 27
58.39.61.91 - - [29/May/2022:10:29:28 +0800] "GET /xingrg/check_reg.html?_=1653791367298 HTTP/1.1" 200 22
120.253.135.82 - - [29/May/2022:10:29:28 +0800] "GET /xingrg/kc/guide/show_order.html?code=312022052100532&type=31 HTTP/1.1" 302 -
120.253.135.82 - - [29/May/2022:10:29:28 +0800] "GET /xingrg/kc/pszx/mdps_order_info.html?code=312022052100532&sysBaseUrl=http%3A%2F%2F180.169.147.146%3A18081%2Fxingrg%2F&costTime=1×tamp=1653791368503 HTTP/1.1" 200 19643
120.253.135.82 - - [29/May/2022:10:29:28 +0800] "GET /favicon.ico HTTP/1.1" 404 -
120.253.135.82 - - [29/May/2022:10:29:29 +0800] "POST /xingrg/kc/pszx/mdps_order_operate.html HTTP/1.1" 200 518
120.253.135.82 - - [29/May/2022:10:29:29 +0800] "GET /xingrg/javascript/easyui/themes/default/validatebox.css HTTP/1.1" 404 1104
180.175.103.167 - - [29/May/2022:10:29:34 +0800] "GET /xingrg/all/function/internal_message.html?_=1653791378583&CODE_STATE=getMsg HTTP/1.1" 200 27
120.253.135.82 - - [29/May/2022:10:29:38 +0800] "GET /xingrg/all/function/internal_message.html?_=1653791187702&CODE_STATE=getMsg HTTP/1.1" 200 27
120.253.135.82 - - [29/May/2022:10:29:45 +0800] "GET /xingrg/all/function/internal_message.html?_=1653791483427&CODE_STATE=getMsg HTTP/1.1" 200 27
114.83.223.13 - - [29/May/2022:10:29:50 +0800] "GET /xingrg/all/function/internal_message.html?_=1653791390162&CODE_STATE=getMsg HTTP/1.1" 200 27
58.39.61.91 - - [29/May/2022:10:29:50 +0800] "GET /xingrg/kc/base/yddb_order_add.html HTTP/1.1" 200 29837
58.39.61.91 - - [29/May/2022:10:29:50 +0800] "GET /xingrg/dwr/interface/AjaxComOrderService.js HTTP/1.1" 200 18264
58.39.61.91 - - [29/May/2022:10:29:50 +0800] "GET /xingrg/dwr/interface/AjaxYddbService.js HTTP/1.1" 200 13201
58.39.61.91 - - [29/May/2022:10:29:50 +0800] "GET /xingrg/dwr/engine.js HTTP/1.1" 200 43631
58.39.61.91 - - [29/May/2022:10:29:53 +0800] "POST /xingrg/dwr/call/plaincall/AjaxYddbService.getRestBases.dwr HTTP/1.1" 200 1562
180.175.103.167 - - [29/May/2022:10:29:55 +0800] "GET /xingrg/all/function/internal_message.html?_=1653791316826&CODE_STATE=getMsg HTTP/1.1" 200 27
114.84.147.169 - - [29/May/2022:10:29:56 +0800] "GET /xingrg/all/function/internal_message.html?_=1653791131029&CODE_STATE=getMsg HTTP/1.1" 200 27
180.175.103.167 - - [29/May/2022:10:29:56 +0800] "GET /xingrg/check_reg.html?_=1653791317888 HTTP/1.1" 200 22
58.39.61.91 - - [29/May/2022:10:29:59 +0800] "POST /xingrg/dwr/call/plaincall/AjaxYddbService.saveOrder.dwr HTTP/1.1" 200 78
180.156.212.250 - - [29/May/2022:10:29:59 +0800] "GET /xingrg/check_reg.html?_=1653791468781 HTTP/1.1" 200 22
58.39.61.91 - - [29/May/2022:10:29:59 +0800] "GET /xingrg/all/function/internal_message.html?_=1653791361930&CODE_STATE=getMsg HTTP/1.1" 200 27
180.156.212.250 - - [29/May/2022:10:30:00 +0800] "GET /xingrg/all/function/internal_message.html?_=1653791469939&CODE_STATE=getMsg HTTP/1.1" 200 27
58.39.61.91 - - [29/May/2022:10:30:01 +0800] "POST /xingrg/dwr/call/plaincall/AjaxComOrderService.getMaterielSearchList.dwr HTTP/1.1" 200 12293
58.39.61.91 - - [29/May/2022:10:30:02 +0800] "GET /xingrg/all/function/internal_message.html?_=1653791364628&CODE_STATE=getMsg HTTP/1.1" 200 27
58.39.61.91 - - [29/May/2022:10:30:02 +0800] "POST /xingrg/dwr/call/plaincall/AjaxComOrderService.getMaterielSearchList.dwr HTTP/1.1" 200 474
58.39.61.91 - - [29/May/2022:10:30:04 +0800] "POST /xingrg/dwr/call/plaincall/AjaxYddbService.getMaterielByMap.dwr HTTP/1.1" 200 3828
116.230.110.173 - - [29/May/2022:10:30:07 +0800] "GET /xingrg/check_reg.html?_=1653791390190 HTTP/1.1" 200 22
116.230.110.173 - - [29/May/2022:10:30:07 +0800] "GET /xingrg/all/function/internal_message.html?_=1653791390188&CODE_STATE=getMsg HTTP/1.1" 200 27
58.39.61.91 - - [29/May/2022:10:30:07 +0800] "POST /xingrg/dwr/call/plaincall/AjaxYddbService.saveMaterielItem.dwr HTTP/1.1" 200 78
114.86.187.179 - - [29/May/2022:10:30:09 +0800] "GET /xingrg/all/function/internal_message.html?_=1653791409818&CODE_STATE=getMsg HTTP/1.1" 200 27
116.235.92.88 - - [29/May/2022:10:30:10 +0800] "GET /xingrg/all/function/internal_message.html?_=1653791584702&CODE_STATE=getMsg HTTP/1.1" 200 27
58.39.61.91 - - [29/May/2022:10:30:10 +0800] "POST /xingrg/dwr/call/plaincall/AjaxYddbService.checkOrder.dwr HTTP/1.1" 200 78
58.39.61.91 - - [29/May/2022:10:30:11 +0800] "GET /xingrg/kc/base/yddb_order_info.html?code=482022052900263 HTTP/1.1" 200 29505
58.39.61.91 - - [29/May/2022:10:30:11 +0800] "GET /xingrg/dwr/interface/AjaxComOrderService.js HTTP/1.1" 200 18264
58.39.61.91 - - [29/May/2022:10:30:11 +0800] "GET /xingrg/dwr/interface/AjaxYddbService.js HTTP/1.1" 200 13201
58.39.61.91 - - [29/May/2022:10:30:11 +0800] "GET /xingrg/dwr/engine.js HTTP/1.1" 200 43631
58.39.61.91 - - [29/May/2022:10:30:11 +0800] "POST /xingrg/dwr/call/plaincall/AjaxYddbService.loadMaterielItems.dwr HTTP/1.1" 200 443
218.81.223.53 - - [29/May/2022:10:30:12 +0800] "GET /xingrg/all/function/internal_message.html?_=1653791437586&CODE_STATE=getMsg HTTP/1.1" 200 27
58.39.61.91 - - [29/May/2022:10:30:13 +0800] "GET /xingrg/kc/base/yddb_order_report.html?fileType=servlets/html&code=482022052900263&reportName=ck_order_report&subName=yddb HTTP/1.1" 302 -
58.39.61.91 - - [29/May/2022:10:30:13 +0800] "GET /xingrg/servlets/html?sysBaseUrl=http%3A%2F%2F180.169.147.146%3A18081%2Fxingrg%2F&costTime=87×tamp=1653791413813 HTTP/1.1" 200 14783
114.88.162.248 - - [29/May/2022:10:30:13 +0800] "GET /xingrg/all/function/internal_message.html?_=1653791413190&CODE_STATE=getMsg HTTP/1.1" 200 27
