116.235.92.88 - - [29/May/2022:09:20:11 +0800] "GET /xingrg/all/function/internal_message.html?_=1653787386340&CODE_STATE=getMsg HTTP/1.1" 200 27
120.253.135.82 - - [29/May/2022:09:20:13 +0800] "POST /xingrg/kc/base/stock_operate.html HTTP/1.1" 200 1687
114.88.162.248 - - [29/May/2022:09:20:13 +0800] "GET /xingrg/all/function/internal_message.html?_=1653787213089&CODE_STATE=getMsg HTTP/1.1" 200 27
114.86.187.179 - - [29/May/2022:09:20:18 +0800] "GET /xingrg/all/function/internal_message.html?_=1653787219291&CODE_STATE=getMsg HTTP/1.1" 200 27
58.39.61.91 - - [29/May/2022:09:20:20 +0800] "GET /xingrg/all/function/internal_message.html?_=1653787219659&CODE_STATE=getMsg HTTP/1.1" 200 27
114.86.187.179 - - [29/May/2022:09:20:27 +0800] "GET /xingrg/check_reg.html?_=1653787227879 HTTP/1.1" 200 22
120.253.135.82 - - [29/May/2022:09:20:33 +0800] "POST /xingrg/kc/base/stock_operate.html HTTP/1.1" 200 1687
180.175.103.167 - - [29/May/2022:09:20:34 +0800] "GET /xingrg/all/function/internal_message.html?_=1653787238466&CODE_STATE=getMsg HTTP/1.1" 200 27
120.253.135.82 - - [29/May/2022:09:20:36 +0800] "GET /xingrg/all/function/internal_message.html?_=1653787045491&CODE_STATE=getMsg HTTP/1.1" 200 27
120.253.135.82 - - [29/May/2022:09:20:44 +0800] "GET /xingrg/all/function/internal_message.html?_=1653787342161&CODE_STATE=getMsg HTTP/1.1" 200 27
180.156.212.250 - - [29/May/2022:09:20:50 +0800] "GET /xingrg/all/function/internal_message.html?_=1653787319316&CODE_STATE=getMsg HTTP/1.1" 200 27
114.84.147.169 - - [29/May/2022:09:20:56 +0800] "GET /xingrg/all/function/internal_message.html?_=1653786990846&CODE_STATE=getMsg HTTP/1.1" 200 27
58.39.61.91 - - [29/May/2022:09:20:56 +0800] "GET /xingrg/all/function/internal_message.html?_=1653787219058&CODE_STATE=getMsg HTTP/1.1" 200 27
180.175.103.167 - - [29/May/2022:09:20:56 +0800] "GET /xingrg/all/function/internal_message.html?_=1653787177857&CODE_STATE=getMsg HTTP/1.1" 200 27
116.233.76.8 - - [29/May/2022:09:20:58 +0800] "GET /xingrg/all/function/internal_message.html?_=1653787259760&CODE_STATE=getMsg HTTP/1.1" 200 27
218.81.223.53 - - [29/May/2022:09:21:00 +0800] "GET /xingrg/all/function/internal_message.html?_=1653787285806&CODE_STATE=getMsg HTTP/1.1" 200 27
116.230.110.173 - - [29/May/2022:09:21:07 +0800] "GET /xingrg/all/function/internal_message.html?_=1653787250188&CODE_STATE=getMsg HTTP/1.1" 200 27
116.235.92.88 - - [29/May/2022:09:21:11 +0800] "GET /xingrg/all/function/internal_message.html?_=1653787446319&CODE_STATE=getMsg HTTP/1.1" 200 27
114.88.162.248 - - [29/May/2022:09:21:13 +0800] "GET /xingrg/check_reg.html?_=1653787273093 HTTP/1.1" 200 22
114.88.162.248 - - [29/May/2022:09:21:13 +0800] "GET /xingrg/all/function/internal_message.html?_=1653787273090&CODE_STATE=getMsg HTTP/1.1" 200 27
114.86.187.179 - - [29/May/2022:09:21:18 +0800] "GET /xingrg/all/function/internal_message.html?_=1653787279293&CODE_STATE=getMsg HTTP/1.1" 200 27
58.39.61.91 - - [29/May/2022:09:21:20 +0800] "GET /xingrg/all/function/internal_message.html?_=1653787279672&CODE_STATE=getMsg HTTP/1.1" 200 27
120.253.135.82 - - [29/May/2022:09:21:27 +0800] "GET /xingrg/javascript/easyui/themes/sunny/images/ui-bg_gloss-wave_70_ffdd57_500x100.png HTTP/1.1" 200 3830
120.253.135.82 - - [29/May/2022:09:21:27 +0800] "GET /xingrg/javascript/easyui/themes/sunny/images/ui-bg_gloss-wave_70_ffdd57_500x100.png HTTP/1.1" 200 3830
58.39.61.91 - - [29/May/2022:09:21:28 +0800] "GET /xingrg/kc/base/wldb_order_list.html HTTP/1.1" 200 19107
58.39.61.91 - - [29/May/2022:09:21:29 +0800] "POST /xingrg/kc/base/wldb_list_operate.html HTTP/1.1" 200 928
58.39.61.91 - - [29/May/2022:09:21:31 +0800] "GET /xingrg/kc/mdqp/qqps_order_list.html HTTP/1.1" 200 9222
58.39.61.91 - - [29/May/2022:09:21:31 +0800] "GET /xingrg/dwr/interface/AjaxReportQueryService.js HTTP/1.1" 200 13203
58.39.61.91 - - [29/May/2022:09:21:31 +0800] "GET /xingrg/dwr/util.js HTTP/1.1" 304 -
58.39.61.91 - - [29/May/2022:09:21:31 +0800] "GET /xingrg/dwr/interface/AjaxQqpsService.js HTTP/1.1" 200 16326
58.39.61.91 - - [29/May/2022:09:21:31 +0800] "GET /xingrg/dwr/engine.js HTTP/1.1" 200 43631
180.175.103.167 - - [29/May/2022:09:21:34 +0800] "GET /xingrg/all/function/internal_message.html?_=1653787298466&CODE_STATE=getMsg HTTP/1.1" 200 27
180.175.103.167 - - [29/May/2022:09:21:34 +0800] "GET /xingrg/check_reg.html?_=1653787298469 HTTP/1.1" 200 22
58.39.61.91 - - [29/May/2022:09:21:34 +0800] "GET /xingrg/kc/mdqp/qqps_order_list.html?isQuery=1&timeSelect=1&orderTime=day&startTime=2022-05-28&endTime=2022-05-29&state=all&query=%C8%B7++%B6%A8 HTTP/1.1" 200 9767
58.39.61.91 - - [29/May/2022:09:21:34 +0800] "GET /xingrg/dwr/interface/AjaxQqpsService.js HTTP/1.1" 200 16326
58.39.61.91 - - [29/May/2022:09:21:34 +0800] "GET /xingrg/dwr/interface/AjaxReportQueryService.js HTTP/1.1" 200 13203
58.39.61.91 - - [29/May/2022:09:21:35 +0800] "GET /xingrg/dwr/engine.js HTTP/1.1" 200 43631
120.253.135.82 - - [29/May/2022:09:21:36 +0800] "GET /xingrg/all/function/internal_message.html?_=1653787105505&CODE_STATE=getMsg HTTP/1.1" 200 27
120.253.135.82 - - [29/May/2022:09:21:41 +0800] "GET /xingrg/check_reg.html?_=1653787399440 HTTP/1.1" 200 22
120.253.135.82 - - [29/May/2022:09:21:44 +0800] "GET /xingrg/all/function/internal_message.html?_=1653787402174&CODE_STATE=getMsg HTTP/1.1" 200 27
180.156.212.250 - - [29/May/2022:09:21:50 +0800] "GET /xingrg/all/function/internal_message.html?_=1653787379330&CODE_STATE=getMsg HTTP/1.1" 200 27
114.84.147.169 - - [29/May/2022:09:21:56 +0800] "GET /xingrg/all/function/internal_message.html?_=1653787050845&CODE_STATE=getMsg HTTP/1.1" 200 27
114.86.187.179 - - [29/May/2022:09:21:56 +0800] "GET /xingrg/kc/mdqp/pssh_order_list.html HTTP/1.1" 200 17778
58.39.61.91 - - [29/May/2022:09:21:56 +0800] "GET /xingrg/all/function/internal_message.html?_=1653787279148&CODE_STATE=getMsg HTTP/1.1" 200 27
180.175.103.167 - - [29/May/2022:09:21:56 +0800] "GET /xingrg/all/function/internal_message.html?_=1653787237858&CODE_STATE=getMsg HTTP/1.1" 200 27
114.86.187.179 - - [29/May/2022:09:21:57 +0800] "POST /xingrg/kc/mdqp/pssh_list_operate.html HTTP/1.1" 200 5437
116.233.76.8 - - [29/May/2022:09:21:58 +0800] "GET /xingrg/all/function/internal_message.html?_=1653787319760&CODE_STATE=getMsg HTTP/1.1" 200 27
114.86.187.179 - - [29/May/2022:09:21:59 +0800] "POST /xingrg/kc/mdqp/pssh_list_operate.html HTTP/1.1" 200 262
114.86.187.179 - - [29/May/2022:09:21:59 +0800] "GET /xingrg/kc/mdqp/pssh_order_info.html?code=312022052800925 HTTP/1.1" 200 17278
114.86.187.179 - - [29/May/2022:09:21:59 +0800] "GET /xingrg/javascript/jquery_tools/jquery-1.4.2.min.js HTTP/1.1" 404 1094
114.86.187.179 - - [29/May/2022:09:22:00 +0800] "POST /xingrg/kc/mdqp/pssh_order_operate.html HTTP/1.1" 200 539
114.86.187.179 - - [29/May/2022:09:22:00 +0800] "GET /xingrg/all/common/auto_word.html?type=base&rest_code=00148&rest_code=00148 HTTP/1.1" 200 1799
114.86.187.179 - - [29/May/2022:09:22:00 +0800] "GET /xingrg/javascript/easyui/themes/default/validatebox.css HTTP/1.1" 404 1104
218.81.223.53 - - [29/May/2022:09:22:00 +0800] "GET /xingrg/all/function/internal_message.html?_=1653787345811&CODE_STATE=getMsg HTTP/1.1" 200 27
114.86.187.179 - - [29/May/2022:09:22:03 +0800] "GET /xingrg/kc/mdqp/pssh_order_list.html?isBack=1 HTTP/1.1" 200 17778
114.86.187.179 - - [29/May/2022:09:22:04 +0800] "POST /xingrg/kc/mdqp/pssh_list_operate.html HTTP/1.1" 200 5437
114.86.187.179 - - [29/May/2022:09:22:06 +0800] "POST /xingrg/kc/mdqp/pssh_list_operate.html HTTP/1.1" 200 261
114.86.187.179 - - [29/May/2022:09:22:07 +0800] "GET /xingrg/kc/mdqp/pssh_order_info.html?code=312022052900934 HTTP/1.1" 200 17303
114.86.187.179 - - [29/May/2022:09:22:07 +0800] "GET /xingrg/javascript/jquery_tools/jquery-1.4.2.min.js HTTP/1.1" 404 1094
116.230.110.173 - - [29/May/2022:09:22:07 +0800] "GET /xingrg/all/function/internal_message.html?_=1653787310180&CODE_STATE=getMsg HTTP/1.1" 200 27
114.86.187.179 - - [29/May/2022:09:22:07 +0800] "POST /xingrg/kc/mdqp/pssh_order_operate.html HTTP/1.1" 200 542
114.86.187.179 - - [29/May/2022:09:22:07 +0800] "GET /xingrg/javascript/easyui/themes/default/validatebox.css HTTP/1.1" 404 1104
116.235.92.88 - - [29/May/2022:09:22:11 +0800] "GET /xingrg/all/function/internal_message.html?_=1653787506300&CODE_STATE=getMsg HTTP/1.1" 200 27
114.88.162.248 - - [29/May/2022:09:22:13 +0800] "GET /xingrg/all/function/internal_message.html?_=1653787333093&CODE_STATE=getMsg HTTP/1.1" 200 27
114.86.187.179 - - [29/May/2022:09:22:18 +0800] "GET /xingrg/all/function/internal_message.html?_=1653787339307&CODE_STATE=getMsg HTTP/1.1" 200 27
114.86.187.179 - - [29/May/2022:09:22:18 +0800] "GET /xingrg/check_reg.html?_=1653787339314 HTTP/1.1" 200 22
58.39.61.91 - - [29/May/2022:09:22:20 +0800] "GET /xingrg/all/function/internal_message.html?_=1653787339667&CODE_STATE=getMsg HTTP/1.1" 200 27
218.81.223.53 - - [29/May/2022:09:22:26 +0800] "GET /xingrg/check_reg.html?_=1653787371124 HTTP/1.1" 200 22
180.175.103.167 - - [29/May/2022:09:22:34 +0800] "GET /xingrg/all/function/internal_message.html?_=1653787358468&CODE_STATE=getMsg HTTP/1.1" 200 27
120.253.135.82 - - [29/May/2022:09:22:36 +0800] "GET /xingrg/all/function/internal_message.html?_=1653787165546&CODE_STATE=getMsg HTTP/1.1" 200 27
116.235.92.88 - - [29/May/2022:09:22:38 +0800] "GET /xingrg/check_reg.html?_=1653787533308 HTTP/1.1" 200 22
120.253.135.82 - - [29/May/2022:09:22:44 +0800] "GET /xingrg/all/function/internal_message.html?_=1653787462187&CODE_STATE=getMsg HTTP/1.1" 200 27
180.156.212.250 - - [29/May/2022:09:22:50 +0800] "GET /xingrg/all/function/internal_message.html?_=1653787439344&CODE_STATE=getMsg HTTP/1.1" 200 27
120.253.135.82 - - [29/May/2022:09:22:52 +0800] "GET /xingrg/check_reg.html?_=1653787181882 HTTP/1.1" 200 22
114.84.147.169 - - [29/May/2022:09:22:56 +0800] "GET /xingrg/check_reg.html?_=1653787110856 HTTP/1.1" 200 22
114.84.147.169 - - [29/May/2022:09:22:56 +0800] "GET /xingrg/all/function/internal_message.html?_=1653787110854&CODE_STATE=getMsg HTTP/1.1" 200 27
58.39.61.91 - - [29/May/2022:09:22:56 +0800] "GET /xingrg/all/function/internal_message.html?_=1653787339163&CODE_STATE=getMsg HTTP/1.1" 200 27
180.175.103.167 - - [29/May/2022:09:22:56 +0800] "GET /xingrg/all/function/internal_message.html?_=1653787297858&CODE_STATE=getMsg HTTP/1.1" 200 27
116.233.76.8 - - [29/May/2022:09:22:58 +0800] "GET /xingrg/all/function/internal_message.html?_=1653787379761&CODE_STATE=getMsg HTTP/1.1" 200 27
218.81.223.53 - - [29/May/2022:09:23:00 +0800] "GET /xingrg/all/function/internal_message.html?_=1653787405826&CODE_STATE=getMsg HTTP/1.1" 200 27
114.86.187.179 - - [29/May/2022:09:23:01 +0800] "GET /xingrg/kc/mdqp/pssh_order_list.html?isBack=1 HTTP/1.1" 200 17778
114.86.187.179 - - [29/May/2022:09:23:02 +0800] "POST /xingrg/kc/mdqp/pssh_list_operate.html HTTP/1.1" 200 5437
114.86.187.179 - - [29/May/2022:09:23:04 +0800] "POST /xingrg/kc/mdqp/pssh_list_operate.html HTTP/1.1" 200 364
114.86.187.179 - - [29/May/2022:09:23:04 +0800] "GET /xingrg/kc/mdqp/pssh_order_info.html?code=312022052800877 HTTP/1.1" 200 17303
114.86.187.179 - - [29/May/2022:09:23:04 +0800] "GET /xingrg/javascript/jquery_tools/jquery-1.4.2.min.js HTTP/1.1" 404 1094
114.86.187.179 - - [29/May/2022:09:23:04 +0800] "POST /xingrg/kc/mdqp/pssh_list_operate.html HTTP/1.1" 200 1604
114.86.187.179 - - [29/May/2022:09:23:05 +0800] "POST /xingrg/kc/mdqp/pssh_order_operate.html HTTP/1.1" 200 1070
114.86.187.179 - - [29/May/2022:09:23:05 +0800] "GET /xingrg/javascript/easyui/themes/default/validatebox.css HTTP/1.1" 404 1104
116.230.110.173 - - [29/May/2022:09:23:07 +0800] "GET /xingrg/all/function/internal_message.html?_=1653787370181&CODE_STATE=getMsg HTTP/1.1" 200 27
116.235.92.88 - - [29/May/2022:09:23:11 +0800] "GET /xingrg/all/function/internal_message.html?_=1653787566279&CODE_STATE=getMsg HTTP/1.1" 200 27
114.88.162.248 - - [29/May/2022:09:23:13 +0800] "GET /xingrg/all/function/internal_message.html?_=1653787393094&CODE_STATE=getMsg HTTP/1.1" 200 27
114.86.187.179 - - [29/May/2022:09:23:14 +0800] "GET /xingrg/kc/mdqp/pssh_order_list.html?isBack=1 HTTP/1.1" 200 17778
114.86.187.179 - - [29/May/2022:09:23:14 +0800] "POST /xingrg/kc/mdqp/pssh_list_operate.html HTTP/1.1" 200 5437
114.86.187.179 - - [29/May/2022:09:23:18 +0800] "GET /xingrg/all/function/internal_message.html?_=1653787399370&CODE_STATE=getMsg HTTP/1.1" 200 27
58.39.61.91 - - [29/May/2022:09:23:20 +0800] "GET /xingrg/all/function/internal_message.html?_=1653787399676&CODE_STATE=getMsg HTTP/1.1" 200 27
180.175.103.167 - - [29/May/2022:09:23:34 +0800] "GET /xingrg/all/function/internal_message.html?_=1653787418470&CODE_STATE=getMsg HTTP/1.1" 200 27
120.253.135.82 - - [29/May/2022:09:23:36 +0800] "GET /xingrg/all/function/internal_message.html?_=1653787225563&CODE_STATE=getMsg HTTP/1.1" 200 27
120.253.135.82 - - [29/May/2022:09:23:44 +0800] "GET /xingrg/all/function/internal_message.html?_=1653787522202&CODE_STATE=getMsg HTTP/1.1" 200 27
180.156.212.250 - - [29/May/2022:09:23:50 +0800] "GET /xingrg/all/function/internal_message.html?_=1653787499355&CODE_STATE=getMsg HTTP/1.1" 200 27
114.84.147.169 - - [29/May/2022:09:23:56 +0800] "GET /xingrg/all/function/internal_message.html?_=1653787170847&CODE_STATE=getMsg HTTP/1.1" 200 27
180.175.103.167 - - [29/May/2022:09:23:56 +0800] "GET /xingrg/all/function/internal_message.html?_=1653787357858&CODE_STATE=getMsg HTTP/1.1" 200 27
58.39.61.91 - - [29/May/2022:09:23:56 +0800] "GET /xingrg/all/function/internal_message.html?_=1653787399248&CODE_STATE=getMsg HTTP/1.1" 200 27
116.233.76.8 - - [29/May/2022:09:23:58 +0800] "GET /xingrg/all/function/internal_message.html?_=1653787439761&CODE_STATE=getMsg HTTP/1.1" 200 27
218.81.223.53 - - [29/May/2022:09:24:00 +0800] "GET /xingrg/all/function/internal_message.html?_=1653787465839&CODE_STATE=getMsg HTTP/1.1" 200 27
116.230.110.173 - - [29/May/2022:09:24:07 +0800] "GET /xingrg/all/function/internal_message.html?_=1653787430170&CODE_STATE=getMsg HTTP/1.1" 200 27
116.235.92.88 - - [29/May/2022:09:24:11 +0800] "GET /xingrg/all/function/internal_message.html?_=1653787626253&CODE_STATE=getMsg HTTP/1.1" 200 27
58.39.61.91 - - [29/May/2022:09:24:13 +0800] "GET /xingrg/check_reg.html?_=1653787415982 HTTP/1.1" 200 22
114.88.162.248 - - [29/May/2022:09:24:13 +0800] "GET /xingrg/all/function/internal_message.html?_=1653787453095&CODE_STATE=getMsg HTTP/1.1" 200 27
114.86.187.179 - - [29/May/2022:09:24:18 +0800] "GET /xingrg/all/function/internal_message.html?_=1653787459354&CODE_STATE=getMsg HTTP/1.1" 200 27
58.39.61.91 - - [29/May/2022:09:24:20 +0800] "GET /xingrg/check_reg.html?_=1653787459678 HTTP/1.1" 200 22
58.39.61.91 - - [29/May/2022:09:24:20 +0800] "GET /xingrg/all/function/internal_message.html?_=1653787459682&CODE_STATE=getMsg HTTP/1.1" 200 27
114.86.187.179 - - [29/May/2022:09:24:28 +0800] "POST /xingrg/services/DataTransmitService HTTP/1.1" 200 524
180.175.103.167 - - [29/May/2022:09:24:34 +0800] "GET /xingrg/all/function/internal_message.html?_=1653787478470&CODE_STATE=getMsg HTTP/1.1" 200 27
61.170.235.142 - - [29/May/2022:09:24:34 +0800] "POST /xingrg/services/DataTransmitService HTTP/1.1" 200 524
120.253.135.82 - - [29/May/2022:09:24:36 +0800] "GET /xingrg/all/function/internal_message.html?_=1653787285576&CODE_STATE=getMsg HTTP/1.1" 200 27
120.253.135.82 - - [29/May/2022:09:24:44 +0800] "GET /xingrg/all/function/internal_message.html?_=1653787582233&CODE_STATE=getMsg HTTP/1.1" 200 27
180.156.212.250 - - [29/May/2022:09:24:50 +0800] "GET /xingrg/check_reg.html?_=1653787559245 HTTP/1.1" 200 22
180.156.212.250 - - [29/May/2022:09:24:50 +0800] "GET /xingrg/all/function/internal_message.html?_=1653787559385&CODE_STATE=getMsg HTTP/1.1" 200 27
114.84.147.169 - - [29/May/2022:09:24:56 +0800] "GET /xingrg/all/function/internal_message.html?_=1653787230843&CODE_STATE=getMsg HTTP/1.1" 200 27
180.175.103.167 - - [29/May/2022:09:24:56 +0800] "GET /xingrg/check_reg.html?_=1653787417859 HTTP/1.1" 200 22
180.175.103.167 - - [29/May/2022:09:24:56 +0800] "GET /xingrg/all/function/internal_message.html?_=1653787417862&CODE_STATE=getMsg HTTP/1.1" 200 27
58.39.61.91 - - [29/May/2022:09:24:56 +0800] "GET /xingrg/all/function/internal_message.html?_=1653787459253&CODE_STATE=getMsg HTTP/1.1" 200 27
116.233.76.8 - - [29/May/2022:09:24:58 +0800] "GET /xingrg/all/function/internal_message.html?_=1653787499760&CODE_STATE=getMsg HTTP/1.1" 200 27
116.233.76.8 - - [29/May/2022:09:24:58 +0800] "GET /xingrg/check_reg.html?_=1653787499765 HTTP/1.1" 200 22
218.81.223.53 - - [29/May/2022:09:25:01 +0800] "GET /xingrg/all/function/internal_message.html?_=1653787526261&CODE_STATE=getMsg HTTP/1.1" 200 27
116.230.110.173 - - [29/May/2022:09:25:07 +0800] "GET /xingrg/all/function/internal_message.html?_=1653787490183&CODE_STATE=getMsg HTTP/1.1" 200 27
116.230.110.173 - - [29/May/2022:09:25:07 +0800] "GET /xingrg/check_reg.html?_=1653787490184 HTTP/1.1" 200 22
116.235.92.88 - - [29/May/2022:09:25:11 +0800] "GET /xingrg/all/function/internal_message.html?_=1653787686228&CODE_STATE=getMsg HTTP/1.1" 200 27
114.88.162.248 - - [29/May/2022:09:25:13 +0800] "GET /xingrg/all/function/internal_message.html?_=1653787513096&CODE_STATE=getMsg HTTP/1.1" 200 27
114.86.187.179 - - [29/May/2022:09:25:18 +0800] "GET /xingrg/all/function/internal_message.html?_=1653787519326&CODE_STATE=getMsg HTTP/1.1" 200 27
58.39.61.91 - - [29/May/2022:09:25:20 +0800] "GET /xingrg/all/function/internal_message.html?_=1653787519680&CODE_STATE=getMsg HTTP/1.1" 200 27
114.86.187.179 - - [29/May/2022:09:25:27 +0800] "GET /xingrg/check_reg.html?_=1653787527860 HTTP/1.1" 200 22
180.175.103.167 - - [29/May/2022:09:25:34 +0800] "GET /xingrg/all/function/internal_message.html?_=1653787538470&CODE_STATE=getMsg HTTP/1.1" 200 27
120.253.135.82 - - [29/May/2022:09:25:36 +0800] "GET /xingrg/all/function/internal_message.html?_=1653787345613&CODE_STATE=getMsg HTTP/1.1" 200 27
120.253.135.82 - - [29/May/2022:09:25:44 +0800] "GET /xingrg/all/function/internal_message.html?_=1653787642245&CODE_STATE=getMsg HTTP/1.1" 200 27
180.156.212.250 - - [29/May/2022:09:25:50 +0800] "GET /xingrg/all/function/internal_message.html?_=1653787619414&CODE_STATE=getMsg HTTP/1.1" 200 27
114.84.147.169 - - [29/May/2022:09:25:56 +0800] "GET /xingrg/all/function/internal_message.html?_=1653787290839&CODE_STATE=getMsg HTTP/1.1" 200 27
180.175.103.167 - - [29/May/2022:09:25:56 +0800] "GET /xingrg/all/function/internal_message.html?_=1653787477846&CODE_STATE=getMsg HTTP/1.1" 200 27
58.39.61.91 - - [29/May/2022:09:25:56 +0800] "GET /xingrg/all/function/internal_message.html?_=1653787519267&CODE_STATE=getMsg HTTP/1.1" 200 27
116.233.76.8 - - [29/May/2022:09:25:58 +0800] "GET /xingrg/all/function/internal_message.html?_=1653787559762&CODE_STATE=getMsg HTTP/1.1" 200 27
218.81.223.53 - - [29/May/2022:09:26:01 +0800] "GET /xingrg/all/function/internal_message.html?_=1653787586272&CODE_STATE=getMsg HTTP/1.1" 200 27
116.230.110.173 - - [29/May/2022:09:26:07 +0800] "GET /xingrg/all/function/internal_message.html?_=1653787550184&CODE_STATE=getMsg HTTP/1.1" 200 27
116.235.92.88 - - [29/May/2022:09:26:11 +0800] "GET /xingrg/all/function/internal_message.html?_=1653787746208&CODE_STATE=getMsg HTTP/1.1" 200 27
114.88.162.248 - - [29/May/2022:09:26:13 +0800] "GET /xingrg/all/function/internal_message.html?_=1653787573098&CODE_STATE=getMsg HTTP/1.1" 200 27
114.88.162.248 - - [29/May/2022:09:26:13 +0800] "GET /xingrg/check_reg.html?_=1653787573095 HTTP/1.1" 200 22
114.86.187.179 - - [29/May/2022:09:26:18 +0800] "GET /xingrg/all/function/internal_message.html?_=1653787579297&CODE_STATE=getMsg HTTP/1.1" 200 27
58.39.61.91 - - [29/May/2022:09:26:20 +0800] "GET /xingrg/all/function/internal_message.html?_=1653787579686&CODE_STATE=getMsg HTTP/1.1" 200 27
180.175.103.167 - - [29/May/2022:09:26:34 +0800] "GET /xingrg/check_reg.html?_=1653787598496 HTTP/1.1" 200 22
180.175.103.167 - - [29/May/2022:09:26:34 +0800] "GET /xingrg/all/function/internal_message.html?_=1653787598498&CODE_STATE=getMsg HTTP/1.1" 200 27
120.253.135.82 - - [29/May/2022:09:26:36 +0800] "GET /xingrg/all/function/internal_message.html?_=1653787405619&CODE_STATE=getMsg HTTP/1.1" 200 27
120.253.135.82 - - [29/May/2022:09:26:41 +0800] "GET /xingrg/check_reg.html?_=1653787699455 HTTP/1.1" 200 22
120.253.135.82 - - [29/May/2022:09:26:44 +0800] "GET /xingrg/all/function/internal_message.html?_=1653787702257&CODE_STATE=getMsg HTTP/1.1" 200 27
180.156.212.250 - - [29/May/2022:09:26:50 +0800] "GET /xingrg/all/function/internal_message.html?_=1653787679428&CODE_STATE=getMsg HTTP/1.1" 200 27
114.84.147.169 - - [29/May/2022:09:26:56 +0800] "GET /xingrg/all/function/internal_message.html?_=1653787350878&CODE_STATE=getMsg HTTP/1.1" 200 27
180.175.103.167 - - [29/May/2022:09:26:56 +0800] "GET /xingrg/all/function/internal_message.html?_=1653787537846&CODE_STATE=getMsg HTTP/1.1" 200 27
58.39.61.91 - - [29/May/2022:09:26:56 +0800] "GET /xingrg/all/function/internal_message.html?_=1653787579337&CODE_STATE=getMsg HTTP/1.1" 200 27
116.233.76.8 - - [29/May/2022:09:26:58 +0800] "GET /xingrg/all/function/internal_message.html?_=1653787619761&CODE_STATE=getMsg HTTP/1.1" 200 27
218.81.223.53 - - [29/May/2022:09:27:01 +0800] "GET /xingrg/all/function/internal_message.html?_=1653787646691&CODE_STATE=getMsg HTTP/1.1" 200 27
116.230.110.173 - - [29/May/2022:09:27:07 +0800] "GET /xingrg/all/function/internal_message.html?_=1653787610182&CODE_STATE=getMsg HTTP/1.1" 200 27
116.235.92.88 - - [29/May/2022:09:27:11 +0800] "GET /xingrg/all/function/internal_message.html?_=1653787806186&CODE_STATE=getMsg HTTP/1.1" 200 27
114.88.162.248 - - [29/May/2022:09:27:13 +0800] "GET /xingrg/all/function/internal_message.html?_=1653787633099&CODE_STATE=getMsg HTTP/1.1" 200 27
114.86.187.179 - - [29/May/2022:09:27:18 +0800] "GET /xingrg/all/function/internal_message.html?_=1653787639299&CODE_STATE=getMsg HTTP/1.1" 200 27
114.86.187.179 - - [29/May/2022:09:27:18 +0800] "GET /xingrg/check_reg.html?_=1653787639304 HTTP/1.1" 200 22
58.39.61.91 - - [29/May/2022:09:27:20 +0800] "GET /xingrg/all/function/internal_message.html?_=1653787639707&CODE_STATE=getMsg HTTP/1.1" 200 27
218.81.223.53 - - [29/May/2022:09:27:26 +0800] "GET /xingrg/check_reg.html?_=1653787671121 HTTP/1.1" 200 22
180.175.103.167 - - [29/May/2022:09:27:34 +0800] "GET /xingrg/all/function/internal_message.html?_=1653787658497&CODE_STATE=getMsg HTTP/1.1" 200 27
120.253.135.82 - - [29/May/2022:09:27:36 +0800] "GET /xingrg/all/function/internal_message.html?_=1653787465669&CODE_STATE=getMsg HTTP/1.1" 200 27
116.235.92.88 - - [29/May/2022:09:27:38 +0800] "GET /xingrg/check_reg.html?_=1653787833280 HTTP/1.1" 200 22
120.253.135.82 - - [29/May/2022:09:27:44 +0800] "GET /xingrg/all/function/internal_message.html?_=1653787762272&CODE_STATE=getMsg HTTP/1.1" 200 27
180.156.212.250 - - [29/May/2022:09:27:50 +0800] "GET /xingrg/all/function/internal_message.html?_=1653787739455&CODE_STATE=getMsg HTTP/1.1" 200 27
120.253.135.82 - - [29/May/2022:09:27:52 +0800] "GET /xingrg/check_reg.html?_=1653787481889 HTTP/1.1" 200 22
114.84.147.169 - - [29/May/2022:09:27:56 +0800] "GET /xingrg/all/function/internal_message.html?_=1653787410874&CODE_STATE=getMsg HTTP/1.1" 200 27
114.84.147.169 - - [29/May/2022:09:27:56 +0800] "GET /xingrg/check_reg.html?_=1653787410875 HTTP/1.1" 200 22
180.175.103.167 - - [29/May/2022:09:27:56 +0800] "GET /xingrg/all/function/internal_message.html?_=1653787597847&CODE_STATE=getMsg HTTP/1.1" 200 27
58.39.61.91 - - [29/May/2022:09:27:56 +0800] "GET /xingrg/all/function/internal_message.html?_=1653787639341&CODE_STATE=getMsg HTTP/1.1" 200 27
116.233.76.8 - - [29/May/2022:09:27:58 +0800] "GET /xingrg/all/function/internal_message.html?_=1653787679761&CODE_STATE=getMsg HTTP/1.1" 200 27
218.81.223.53 - - [29/May/2022:09:28:01 +0800] "GET /xingrg/all/function/internal_message.html?_=1653787706705&CODE_STATE=getMsg HTTP/1.1" 200 27
116.230.110.173 - - [29/May/2022:09:28:07 +0800] "GET /xingrg/all/function/internal_message.html?_=1653787670177&CODE_STATE=getMsg HTTP/1.1" 200 27
116.235.92.88 - - [29/May/2022:09:28:11 +0800] "GET /xingrg/all/function/internal_message.html?_=1653787866158&CODE_STATE=getMsg HTTP/1.1" 200 27
114.88.162.248 - - [29/May/2022:09:28:13 +0800] "GET /xingrg/all/function/internal_message.html?_=1653787693099&CODE_STATE=getMsg HTTP/1.1" 200 27
114.86.187.179 - - [29/May/2022:09:28:18 +0800] "GET /xingrg/all/function/internal_message.html?_=1653787699305&CODE_STATE=getMsg HTTP/1.1" 200 27
58.39.61.91 - - [29/May/2022:09:28:20 +0800] "GET /xingrg/all/function/internal_message.html?_=1653787699689&CODE_STATE=getMsg HTTP/1.1" 200 27
180.175.103.167 - - [29/May/2022:09:28:34 +0800] "GET /xingrg/all/function/internal_message.html?_=1653787718498&CODE_STATE=getMsg HTTP/1.1" 200 27
120.253.135.82 - - [29/May/2022:09:28:36 +0800] "GET /xingrg/all/function/internal_message.html?_=1653787525678&CODE_STATE=getMsg HTTP/1.1" 200 27
120.253.135.82 - - [29/May/2022:09:28:44 +0800] "GET /xingrg/all/function/internal_message.html?_=1653787822285&CODE_STATE=getMsg HTTP/1.1" 200 27
180.156.212.250 - - [29/May/2022:09:28:50 +0800] "GET /xingrg/all/function/internal_message.html?_=1653787799471&CODE_STATE=getMsg HTTP/1.1" 200 27
114.84.147.169 - - [29/May/2022:09:28:56 +0800] "GET /xingrg/all/function/internal_message.html?_=1653787470865&CODE_STATE=getMsg HTTP/1.1" 200 27
180.175.103.167 - - [29/May/2022:09:28:56 +0800] "GET /xingrg/all/function/internal_message.html?_=1653787657847&CODE_STATE=getMsg HTTP/1.1" 200 27
58.39.61.91 - - [29/May/2022:09:28:57 +0800] "GET /xingrg/all/function/internal_message.html?_=1653787699408&CODE_STATE=getMsg HTTP/1.1" 200 27
116.233.76.8 - - [29/May/2022:09:28:58 +0800] "GET /xingrg/all/function/internal_message.html?_=1653787739786&CODE_STATE=getMsg HTTP/1.1" 200 27
218.81.223.53 - - [29/May/2022:09:29:01 +0800] "GET /xingrg/all/function/internal_message.html?_=1653787766719&CODE_STATE=getMsg HTTP/1.1" 200 27
116.230.110.173 - - [29/May/2022:09:29:07 +0800] "GET /xingrg/all/function/internal_message.html?_=1653787730175&CODE_STATE=getMsg HTTP/1.1" 200 27
116.235.92.88 - - [29/May/2022:09:29:11 +0800] "GET /xingrg/all/function/internal_message.html?_=1653787926130&CODE_STATE=getMsg HTTP/1.1" 200 27
58.39.61.91 - - [29/May/2022:09:29:13 +0800] "GET /xingrg/check_reg.html?_=1653787715992 HTTP/1.1" 200 22
114.88.162.248 - - [29/May/2022:09:29:13 +0800] "GET /xingrg/all/function/internal_message.html?_=1653787753099&CODE_STATE=getMsg HTTP/1.1" 200 27
114.86.187.179 - - [29/May/2022:09:29:18 +0800] "GET /xingrg/all/function/internal_message.html?_=1653787759304&CODE_STATE=getMsg HTTP/1.1" 200 27
58.39.61.91 - - [29/May/2022:09:29:20 +0800] "GET /xingrg/check_reg.html?_=1653787759684 HTTP/1.1" 200 22
58.39.61.91 - - [29/May/2022:09:29:20 +0800] "GET /xingrg/all/function/internal_message.html?_=1653787759686&CODE_STATE=getMsg HTTP/1.1" 200 27
180.175.103.167 - - [29/May/2022:09:29:34 +0800] "GET /xingrg/all/function/internal_message.html?_=1653787778496&CODE_STATE=getMsg HTTP/1.1" 200 27
120.253.135.82 - - [29/May/2022:09:29:36 +0800] "GET /xingrg/all/function/internal_message.html?_=1653787585691&CODE_STATE=getMsg HTTP/1.1" 200 27
120.253.135.82 - - [29/May/2022:09:29:44 +0800] "GET /xingrg/all/function/internal_message.html?_=1653787882318&CODE_STATE=getMsg HTTP/1.1" 200 27
180.156.212.250 - - [29/May/2022:09:29:50 +0800] "GET /xingrg/check_reg.html?_=1653787859266 HTTP/1.1" 200 22
180.156.212.250 - - [29/May/2022:09:29:50 +0800] "GET /xingrg/all/function/internal_message.html?_=1653787859484&CODE_STATE=getMsg HTTP/1.1" 200 27
114.84.147.169 - - [29/May/2022:09:29:56 +0800] "GET /xingrg/all/function/internal_message.html?_=1653787530874&CODE_STATE=getMsg HTTP/1.1" 200 27
180.175.103.167 - - [29/May/2022:09:29:56 +0800] "GET /xingrg/all/function/internal_message.html?_=1653787717847&CODE_STATE=getMsg HTTP/1.1" 200 27
180.175.103.167 - - [29/May/2022:09:29:56 +0800] "GET /xingrg/check_reg.html?_=1653787717850 HTTP/1.1" 200 22
58.39.61.91 - - [29/May/2022:09:29:57 +0800] "GET /xingrg/all/function/internal_message.html?_=1653787759415&CODE_STATE=getMsg HTTP/1.1" 200 27
116.233.76.8 - - [29/May/2022:09:29:58 +0800] "GET /xingrg/all/function/internal_message.html?_=1653787799784&CODE_STATE=getMsg HTTP/1.1" 200 27
116.233.76.8 - - [29/May/2022:09:29:58 +0800] "GET /xingrg/check_reg.html?_=1653787799787 HTTP/1.1" 200 22
218.81.223.53 - - [29/May/2022:09:30:02 +0800] "GET /xingrg/all/function/internal_message.html?_=1653787827135&CODE_STATE=getMsg HTTP/1.1" 200 27
116.230.110.173 - - [29/May/2022:09:30:07 +0800] "GET /xingrg/all/function/internal_message.html?_=1653787790165&CODE_STATE=getMsg HTTP/1.1" 200 27
116.230.110.173 - - [29/May/2022:09:30:07 +0800] "GET /xingrg/check_reg.html?_=1653787790167 HTTP/1.1" 200 22
116.235.92.88 - - [29/May/2022:09:30:11 +0800] "GET /xingrg/all/function/internal_message.html?_=1653787986106&CODE_STATE=getMsg HTTP/1.1" 200 27
114.88.162.248 - - [29/May/2022:09:30:13 +0800] "GET /xingrg/all/function/internal_message.html?_=1653787813123&CODE_STATE=getMsg HTTP/1.1" 200 27
114.86.187.179 - - [29/May/2022:09:30:18 +0800] "GET /xingrg/all/function/internal_message.html?_=1653787819302&CODE_STATE=getMsg HTTP/1.1" 200 27
58.39.61.91 - - [29/May/2022:09:30:20 +0800] "GET /xingrg/all/function/internal_message.html?_=1653787819697&CODE_STATE=getMsg HTTP/1.1" 200 27
114.86.187.179 - - [29/May/2022:09:30:27 +0800] "GET /xingrg/check_reg.html?_=1653787827840 HTTP/1.1" 200 22
180.175.103.167 - - [29/May/2022:09:30:34 +0800] "GET /xingrg/all/function/internal_message.html?_=1653787838493&CODE_STATE=getMsg HTTP/1.1" 200 27
120.253.135.82 - - [29/May/2022:09:30:36 +0800] "GET /xingrg/all/function/internal_message.html?_=1653787645727&CODE_STATE=getMsg HTTP/1.1" 200 27
120.253.135.82 - - [29/May/2022:09:30:44 +0800] "GET /xingrg/all/function/internal_message.html?_=1653787942328&CODE_STATE=getMsg HTTP/1.1" 200 27
180.175.103.167 - - [29/May/2022:09:30:46 +0800] "GET /xingrg/kc/mdqp/pssh_order_list.html HTTP/1.1" 200 17862
180.175.103.167 - - [29/May/2022:09:30:46 +0800] "POST /xingrg/kc/mdqp/pssh_list_operate.html HTTP/1.1" 200 5514
180.175.103.167 - - [29/May/2022:09:30:47 +0800] "GET /xingrg/kc/base/base_main.html HTTP/1.1" 200 12142
180.175.103.167 - - [29/May/2022:09:30:49 +0800] "GET /xingrg/kc/base/wldb_order_list.html HTTP/1.1" 200 19101
180.175.103.167 - - [29/May/2022:09:30:49 +0800] "POST /xingrg/kc/base/wldb_list_operate.html HTTP/1.1" 200 928
180.156.212.250 - - [29/May/2022:09:30:50 +0800] "GET /xingrg/all/function/internal_message.html?_=1653787919499&CODE_STATE=getMsg HTTP/1.1" 200 27
180.175.103.167 - - [29/May/2022:09:30:51 +0800] "POST /xingrg/kc/mdqp/pssh_list_operate.html HTTP/1.1" 200 718
114.84.147.169 - - [29/May/2022:09:30:56 +0800] "GET /xingrg/all/function/internal_message.html?_=1653787590870&CODE_STATE=getMsg HTTP/1.1" 200 27
180.175.103.167 - - [29/May/2022:09:30:56 +0800] "GET /xingrg/all/function/internal_message.html?_=1653787777869&CODE_STATE=getMsg HTTP/1.1" 200 27
58.39.61.91 - - [29/May/2022:09:30:57 +0800] "GET /xingrg/all/function/internal_message.html?_=1653787819427&CODE_STATE=getMsg HTTP/1.1" 200 27
180.175.103.167 - - [29/May/2022:09:30:58 +0800] "POST /xingrg/kc/mdqp/pssh_list_operate.html HTTP/1.1" 200 5514
116.233.76.8 - - [29/May/2022:09:30:58 +0800] "GET /xingrg/all/function/internal_message.html?_=1653787859787&CODE_STATE=getMsg HTTP/1.1" 200 27
180.175.103.167 - - [29/May/2022:09:31:01 +0800] "POST /xingrg/kc/mdqp/pssh_list_operate.html HTTP/1.1" 200 5489
218.81.223.53 - - [29/May/2022:09:31:02 +0800] "GET /xingrg/all/function/internal_message.html?_=1653787887135&CODE_STATE=getMsg HTTP/1.1" 200 27
180.175.103.167 - - [29/May/2022:09:31:04 +0800] "GET /xingrg/kc/base/wldb_order_add.html HTTP/1.1" 200 30315
180.175.103.167 - - [29/May/2022:09:31:04 +0800] "GET /xingrg/words/20220528145213_words.js HTTP/1.1" 304 -
180.175.103.167 - - [29/May/2022:09:31:05 +0800] "POST /xingrg/kc/base/wldb_order_operate.html HTTP/1.1" 200 6806
180.175.103.167 - - [29/May/2022:09:31:05 +0800] "GET /xingrg/all/common/auto_word.html?type=base&rest_code=00105 HTTP/1.1" 200 1907
180.175.103.167 - - [29/May/2022:09:31:05 +0800] "GET /xingrg/all/common/auto_word.html?type=base&rest_code=00105 HTTP/1.1" 200 1907
180.175.103.167 - - [29/May/2022:09:31:05 +0800] "GET /xingrg/javascript/easyui/themes/default/validatebox.css HTTP/1.1" 404 1104
116.230.110.173 - - [29/May/2022:09:31:07 +0800] "GET /xingrg/all/function/internal_message.html?_=1653787850182&CODE_STATE=getMsg HTTP/1.1" 200 27
180.175.103.167 - - [29/May/2022:09:31:08 +0800] "POST /xingrg/kc/mdqp/pssh_list_operate.html HTTP/1.1" 200 5656
180.175.103.167 - - [29/May/2022:09:31:08 +0800] "GET /xingrg/javascript/auto/indicator.gif HTTP/1.1" 404 1066
116.235.92.88 - - [29/May/2022:09:31:11 +0800] "GET /xingrg/all/function/internal_message.html?_=1653788046074&CODE_STATE=getMsg HTTP/1.1" 200 27
180.175.103.167 - - [29/May/2022:09:31:11 +0800] "POST /xingrg/kc/mdqp/pssh_list_operate.html HTTP/1.1" 200 256
180.175.103.167 - - [29/May/2022:09:31:13 +0800] "POST /xingrg/kc/mdqp/pssh_list_operate.html HTTP/1.1" 200 359
114.88.162.248 - - [29/May/2022:09:31:13 +0800] "GET /xingrg/check_reg.html?_=1653787873124 HTTP/1.1" 200 22
114.88.162.248 - - [29/May/2022:09:31:13 +0800] "GET /xingrg/all/function/internal_message.html?_=1653787873128&CODE_STATE=getMsg HTTP/1.1" 200 27
180.175.103.167 - - [29/May/2022:09:31:17 +0800] "POST /xingrg/kc/mdqp/pssh_list_operate.html HTTP/1.1" 200 5489
114.86.187.179 - - [29/May/2022:09:31:18 +0800] "GET /xingrg/all/function/internal_message.html?_=1653787879306&CODE_STATE=getMsg HTTP/1.1" 200 27
180.175.103.167 - - [29/May/2022:09:31:18 +0800] "POST /xingrg/kc/mdqp/pssh_list_operate.html HTTP/1.1" 200 717
58.39.61.91 - - [29/May/2022:09:31:20 +0800] "GET /xingrg/all/function/internal_message.html?_=1653787879690&CODE_STATE=getMsg HTTP/1.1" 200 27
180.175.103.167 - - [29/May/2022:09:31:22 +0800] "POST /xingrg/kc/mdqp/pssh_list_operate.html HTTP/1.1" 200 256
180.175.103.167 - - [29/May/2022:09:31:24 +0800] "POST /xingrg/kc/mdqp/pssh_list_operate.html HTTP/1.1" 200 779
180.156.212.250 - - [29/May/2022:09:31:25 +0800] "GET /xingrg/javascript/jquery_easy_ui/themes/default/images/tabs_active.png HTTP/1.1" 200 2894
180.156.212.250 - - [29/May/2022:09:31:26 +0800] "GET /xingrg/javascript/jquery_easy_ui/themes/icons/area.png HTTP/1.1" 200 262
180.156.212.250 - - [29/May/2022:09:31:26 +0800] "GET /xingrg/javascript/jquery_easy_ui/themes/icons/rest.png HTTP/1.1" 200 695
180.156.212.250 - - [29/May/2022:09:31:28 +0800] "GET /xingrg/javascript/easyui/themes/default/images/button_plain_hover.png HTTP/1.1" 200 144
180.156.212.250 - - [29/May/2022:09:31:28 +0800] "GET /xingrg/javascript/easyui/themes/default/images/button_plain_hover.png HTTP/1.1" 200 144
180.156.212.250 - - [29/May/2022:09:31:28 +0800] "GET /xingrg/kc/buy/cgsh_order_add.html HTTP/1.1" 200 67522
180.175.103.167 - - [29/May/2022:09:31:29 +0800] "POST /xingrg/kc/mdqp/pssh_list_operate.html HTTP/1.1" 200 269
180.156.212.250 - - [29/May/2022:09:31:29 +0800] "GET /xingrg/javascript/easyui/themes/icons/template_new.png HTTP/1.1" 200 3956
180.156.212.250 - - [29/May/2022:09:31:29 +0800] "GET /xingrg/javascript/easyui/themes/icons/ok.png HTTP/1.1" 200 883
180.156.212.250 - - [29/May/2022:09:31:29 +0800] "POST /xingrg/kc/buy/cgsh_order_operate.html HTTP/1.1" 200 8245
180.156.212.250 - - [29/May/2022:09:31:30 +0800] "GET /xingrg/all/common/auto_word.html?type=employee&rest_code=00102 HTTP/1.1" 200 189
180.156.212.250 - - [29/May/2022:09:31:30 +0800] "GET /xingrg/all/common/auto_word.html?type=employee&rest_code=00102 HTTP/1.1" 200 189
180.156.212.250 - - [29/May/2022:09:31:30 +0800] "GET /xingrg/javascript/easyui/themes/default/validatebox.css HTTP/1.1" 404 1104
180.175.103.167 - - [29/May/2022:09:31:32 +0800] "POST /xingrg/kc/mdqp/pssh_list_operate.html HTTP/1.1" 200 472
180.175.103.167 - - [29/May/2022:09:31:34 +0800] "GET /xingrg/all/function/internal_message.html?_=1653787898504&CODE_STATE=getMsg HTTP/1.1" 200 27
180.175.103.167 - - [29/May/2022:09:31:34 +0800] "GET /xingrg/check_reg.html?_=1653787898506 HTTP/1.1" 200 22
180.175.103.167 - - [29/May/2022:09:31:35 +0800] "POST /xingrg/kc/mdqp/pssh_list_operate.html HTTP/1.1" 200 354
114.83.223.13 - - [29/May/2022:09:31:36 +0800] "GET /favicon.ico HTTP/1.1" 404 -
120.253.135.82 - - [29/May/2022:09:31:36 +0800] "GET /xingrg/all/function/internal_message.html?_=1653787705734&CODE_STATE=getMsg HTTP/1.1" 200 27
180.156.212.250 - - [29/May/2022:09:31:37 +0800] "GET /xingrg/javascript/auto/indicator.gif HTTP/1.1" 404 1066
180.175.103.167 - - [29/May/2022:09:31:38 +0800] "POST /xingrg/kc/mdqp/pssh_list_operate.html HTTP/1.1" 200 5583
120.253.135.82 - - [29/May/2022:09:31:41 +0800] "GET /xingrg/check_reg.html?_=1653787999474 HTTP/1.1" 200 22
180.175.103.167 - - [29/May/2022:09:31:41 +0800] "POST /xingrg/kc/mdqp/pssh_list_operate.html HTTP/1.1" 200 266
180.175.103.167 - - [29/May/2022:09:31:44 +0800] "POST /xingrg/kc/mdqp/pssh_list_operate.html HTTP/1.1" 200 259
120.253.135.82 - - [29/May/2022:09:31:44 +0800] "GET /xingrg/all/function/internal_message.html?_=1653788002342&CODE_STATE=getMsg HTTP/1.1" 200 27
180.175.103.167 - - [29/May/2022:09:31:48 +0800] "GET /xingrg/kc/base/wldb_order_operate.html?command=get_materiel&rest_code=00105&base_code=0010507&code=00101013188 HTTP/1.1" 200 433
180.175.103.167 - - [29/May/2022:09:31:50 +0800] "POST /xingrg/kc/mdqp/pssh_list_operate.html HTTP/1.1" 200 469
180.156.212.250 - - [29/May/2022:09:31:50 +0800] "GET /xingrg/all/function/internal_message.html?_=1653787979543&CODE_STATE=getMsg HTTP/1.1" 200 27
180.175.103.167 - - [29/May/2022:09:31:51 +0800] "POST /xingrg/kc/mdqp/pssh_list_operate.html HTTP/1.1" 200 261
180.175.103.167 - - [29/May/2022:09:31:54 +0800] "POST /xingrg/kc/mdqp/pssh_list_operate.html HTTP/1.1" 200 658
114.84.147.169 - - [29/May/2022:09:31:56 +0800] "GET /xingrg/all/function/internal_message.html?_=1653787650863&CODE_STATE=getMsg HTTP/1.1" 200 27
180.175.103.167 - - [29/May/2022:09:31:56 +0800] "GET /xingrg/all/function/internal_message.html?_=1653787837861&CODE_STATE=getMsg HTTP/1.1" 200 27
58.39.61.91 - - [29/May/2022:09:31:57 +0800] "GET /xingrg/all/function/internal_message.html?_=1653787879526&CODE_STATE=getMsg HTTP/1.1" 200 27
116.233.76.8 - - [29/May/2022:09:31:58 +0800] "GET /xingrg/all/function/internal_message.html?_=1653787919786&CODE_STATE=getMsg HTTP/1.1" 200 27
180.175.103.167 - - [29/May/2022:09:32:00 +0800] "GET /xingrg/kc/base/wldb_order_operate.html?command=get_materiel&rest_code=00105&base_code=0010507&code=00101019384 HTTP/1.1" 200 471
180.175.103.167 - - [29/May/2022:09:32:01 +0800] "POST /xingrg/kc/mdqp/pssh_list_operate.html HTTP/1.1" 200 760
218.81.223.53 - - [29/May/2022:09:32:02 +0800] "GET /xingrg/all/function/internal_message.html?_=1653787947542&CODE_STATE=getMsg HTTP/1.1" 200 27
116.230.110.173 - - [29/May/2022:09:32:07 +0800] "GET /xingrg/all/function/internal_message.html?_=1653787910177&CODE_STATE=getMsg HTTP/1.1" 200 27
116.235.92.88 - - [29/May/2022:09:32:11 +0800] "GET /xingrg/all/function/internal_message.html?_=1653788106049&CODE_STATE=getMsg HTTP/1.1" 200 27
180.175.103.167 - - [29/May/2022:09:32:13 +0800] "POST /xingrg/kc/mdqp/pssh_list_operate.html HTTP/1.1" 200 5639
114.88.162.248 - - [29/May/2022:09:32:13 +0800] "GET /xingrg/all/function/internal_message.html?_=1653787933128&CODE_STATE=getMsg HTTP/1.1" 200 27
180.175.103.167 - - [29/May/2022:09:32:14 +0800] "POST /xingrg/kc/mdqp/pssh_list_operate.html HTTP/1.1" 200 261
114.86.187.179 - - [29/May/2022:09:32:18 +0800] "GET /xingrg/check_reg.html?_=1653787939298 HTTP/1.1" 200 22
114.86.187.179 - - [29/May/2022:09:32:18 +0800] "GET /xingrg/all/function/internal_message.html?_=1653787939304&CODE_STATE=getMsg HTTP/1.1" 200 27
180.175.103.167 - - [29/May/2022:09:32:19 +0800] "GET /xingrg/kc/base/wldb_order_operate.html?command=get_materiel&rest_code=00105&base_code=0010507&code=00101019529 HTTP/1.1" 200 476
58.39.61.91 - - [29/May/2022:09:32:20 +0800] "GET /xingrg/all/function/internal_message.html?_=1653787939693&CODE_STATE=getMsg HTTP/1.1" 200 27
180.175.103.167 - - [29/May/2022:09:32:22 +0800] "POST /xingrg/kc/mdqp/pssh_list_operate.html HTTP/1.1" 200 264
180.175.103.167 - - [29/May/2022:09:32:24 +0800] "POST /xingrg/kc/mdqp/pssh_list_operate.html HTTP/1.1" 200 794
218.81.223.53 - - [29/May/2022:09:32:26 +0800] "GET /xingrg/check_reg.html?_=1653787971131 HTTP/1.1" 200 22
180.175.103.167 - - [29/May/2022:09:32:26 +0800] "POST /xingrg/kc/mdqp/pssh_list_operate.html HTTP/1.1" 200 259
180.175.103.167 - - [29/May/2022:09:32:27 +0800] "POST /xingrg/kc/mdqp/pssh_list_operate.html HTTP/1.1" 200 684
180.175.103.167 - - [29/May/2022:09:32:29 +0800] "POST /xingrg/kc/mdqp/pssh_list_operate.html HTTP/1.1" 200 397
180.175.103.167 - - [29/May/2022:09:32:34 +0800] "GET /xingrg/all/function/internal_message.html?_=1653787958508&CODE_STATE=getMsg HTTP/1.1" 200 27
120.253.135.82 - - [29/May/2022:09:32:36 +0800] "GET /xingrg/all/function/internal_message.html?_=1653787765779&CODE_STATE=getMsg HTTP/1.1" 200 27
116.235.92.88 - - [29/May/2022:09:32:38 +0800] "GET /xingrg/check_reg.html?_=1653788133252 HTTP/1.1" 200 22
180.175.103.167 - - [29/May/2022:09:32:43 +0800] "POST /xingrg/kc/mdqp/pssh_list_operate.html HTTP/1.1" 200 5583
180.175.103.167 - - [29/May/2022:09:32:44 +0800] "POST /xingrg/kc/mdqp/pssh_list_operate.html HTTP/1.1" 200 373
120.253.135.82 - - [29/May/2022:09:32:44 +0800] "GET /xingrg/all/function/internal_message.html?_=1653788062355&CODE_STATE=getMsg HTTP/1.1" 200 27
180.175.103.167 - - [29/May/2022:09:32:45 +0800] "POST /xingrg/kc/mdqp/pssh_list_operate.html HTTP/1.1" 200 469
180.175.103.167 - - [29/May/2022:09:32:49 +0800] "POST /xingrg/kc/mdqp/pssh_list_operate.html HTTP/1.1" 200 366
180.156.212.250 - - [29/May/2022:09:32:50 +0800] "GET /xingrg/all/function/internal_message.html?_=1653788039557&CODE_STATE=getMsg HTTP/1.1" 200 27
180.175.103.167 - - [29/May/2022:09:32:50 +0800] "POST /xingrg/kc/mdqp/pssh_list_operate.html HTTP/1.1" 200 259
180.156.212.250 - - [29/May/2022:09:32:51 +0800] "GET /xingrg/kc/buy/cgsh_order_operate.html?command=get_materiel&rest_code=00102&code=00101016053&supplier_code=00100151&order_time=2022-05-29 HTTP/1.1" 200 408
180.175.103.167 - - [29/May/2022:09:32:52 +0800] "POST /xingrg/kc/mdqp/pssh_list_operate.html HTTP/1.1" 200 266
120.253.135.82 - - [29/May/2022:09:32:52 +0800] "GET /xingrg/check_reg.html?_=1653787781894 HTTP/1.1" 200 22
114.84.147.169 - - [29/May/2022:09:32:56 +0800] "GET /xingrg/check_reg.html?_=1653787710878 HTTP/1.1" 200 22
114.84.147.169 - - [29/May/2022:09:32:56 +0800] "GET /xingrg/all/function/internal_message.html?_=1653787710876&CODE_STATE=getMsg HTTP/1.1" 200 27
180.175.103.167 - - [29/May/2022:09:32:56 +0800] "GET /xingrg/all/function/internal_message.html?_=1653787897871&CODE_STATE=getMsg HTTP/1.1" 200 27
58.39.61.91 - - [29/May/2022:09:32:57 +0800] "GET /xingrg/all/function/internal_message.html?_=1653787939534&CODE_STATE=getMsg HTTP/1.1" 200 27
116.233.76.8 - - [29/May/2022:09:32:58 +0800] "GET /xingrg/all/function/internal_message.html?_=1653787979791&CODE_STATE=getMsg HTTP/1.1" 200 27
218.81.223.53 - - [29/May/2022:09:33:02 +0800] "GET /xingrg/all/function/internal_message.html?_=1653788007553&CODE_STATE=getMsg HTTP/1.1" 200 27
116.230.110.173 - - [29/May/2022:09:33:07 +0800] "GET /xingrg/all/function/internal_message.html?_=1653787970173&CODE_STATE=getMsg HTTP/1.1" 200 27
180.156.212.250 - - [29/May/2022:09:33:09 +0800] "GET /xingrg/kc/buy/cgsh_order_operate.html?command=get_materiel&rest_code=00102&code=00101020029&supplier_code=00100151&order_time=2022-05-29 HTTP/1.1" 200 413
116.228.172.94 - - [29/May/2022:09:33:10 +0800] "GET /xingrg/login.html HTTP/1.1" 200 7641
116.228.172.94 - - [29/May/2022:09:33:10 +0800] "GET /xingrg/images/blue/login_bg.png HTTP/1.1" 304 -
116.228.172.94 - - [29/May/2022:09:33:10 +0800] "GET /xingrg/images/blue/hj.png HTTP/1.1" 304 -
116.228.172.94 - - [29/May/2022:09:33:10 +0800] "GET /xingrg/images/blue/srbg.png HTTP/1.1" 304 -
116.228.172.94 - - [29/May/2022:09:33:10 +0800] "GET /favicon.ico HTTP/1.1" 404 -
116.235.92.88 - - [29/May/2022:09:33:11 +0800] "GET /xingrg/all/function/internal_message.html?_=1653788166057&CODE_STATE=getMsg HTTP/1.1" 200 27
180.175.103.167 - - [29/May/2022:09:33:12 +0800] "GET /xingrg/kc/base/wldb_order_operate.html?command=get_materiel&rest_code=00105&base_code=0010507&code=00101019015 HTTP/1.1" 200 451
114.88.162.248 - - [29/May/2022:09:33:13 +0800] "GET /xingrg/all/function/internal_message.html?_=1653787993114&CODE_STATE=getMsg HTTP/1.1" 200 27
114.86.187.179 - - [29/May/2022:09:33:18 +0800] "GET /xingrg/all/function/internal_message.html?_=1653787999306&CODE_STATE=getMsg HTTP/1.1" 200 27
58.39.61.91 - - [29/May/2022:09:33:20 +0800] "GET /xingrg/all/function/internal_message.html?_=1653787999706&CODE_STATE=getMsg HTTP/1.1" 200 27
180.156.212.250 - - [29/May/2022:09:33:22 +0800] "GET /xingrg/kc/buy/cgsh_order_operate.html?command=get_materiel&rest_code=00102&code=00101008353&supplier_code=00100151&order_time=2022-05-29 HTTP/1.1" 200 427
116.228.172.94 - - [29/May/2022:09:33:23 +0800] "POST /xingrg/login.do HTTP/1.1" 302 -
116.228.172.94 - - [29/May/2022:09:33:23 +0800] "GET /xingrg/index.html?sysBaseUrl=http%3A%2F%2F180.169.147.146%3A18081%2Fxingrg%2F&costTime=51×tamp=1653788003011 HTTP/1.1" 200 17417
116.228.172.94 - - [29/May/2022:09:33:23 +0800] "GET /favicon.ico HTTP/1.1" 404 -
116.228.172.94 - - [29/May/2022:09:33:23 +0800] "POST /xingrg/all/common/load_tree.html?tree=area_rest_tree_json&manage=1 HTTP/1.1" 200 348
116.228.172.94 - - [29/May/2022:09:33:23 +0800] "GET /xingrg/all/function/internal_message.html?_=1653787920400&CODE_STATE=count HTTP/1.1" 200 11
116.228.172.94 - - [29/May/2022:09:33:23 +0800] "GET /xingrg/check_reg.html?_=1653787920402 HTTP/1.1" 200 22
116.228.172.94 - - [29/May/2022:09:33:23 +0800] "POST /xingrg/load_menu.html HTTP/1.1" 200 9959
116.228.172.94 - - [29/May/2022:09:33:24 +0800] "GET /xingrg/kc/buy/buy_main.html HTTP/1.1" 200 12412
116.228.172.94 - - [29/May/2022:09:33:25 +0800] "GET /xingrg/javascript/jquery_easy_ui/themes/default/images/tabs_close.gif HTTP/1.1" 304 -
116.228.172.94 - - [29/May/2022:09:33:25 +0800] "GET /xingrg/css/blue.css HTTP/1.1" 304 -
116.228.172.94 - - [29/May/2022:09:33:25 +0800] "GET /xingrg/css/new_ie.css HTTP/1.1" 404 1036
116.228.172.94 - - [29/May/2022:09:33:25 +0800] "GET /xingrg/javascript/jquery_ui/themes/humanity/humanity.css HTTP/1.1" 304 -
116.228.172.94 - - [29/May/2022:09:33:25 +0800] "GET /xingrg/javascript/pic_change.js HTTP/1.1" 304 -
116.228.172.94 - - [29/May/2022:09:33:25 +0800] "GET /xingrg/javascript/ToolTips.js HTTP/1.1" 304 -
116.228.172.94 - - [29/May/2022:09:33:25 +0800] "GET /xingrg/javascript/myfunction.js HTTP/1.1" 304 -
116.228.172.94 - - [29/May/2022:09:33:25 +0800] "GET /xingrg/javascript/jquery_ui/jquery-ui.min.js HTTP/1.1" 304 -
116.228.172.94 - - [29/May/2022:09:33:25 +0800] "GET /xingrg/images/blue/button/cgxqd.gif HTTP/1.1" 304 -
116.228.172.94 - - [29/May/2022:09:33:25 +0800] "GET /xingrg/images/blue/button/cgydd.gif HTTP/1.1" 304 -
116.228.172.94 - - [29/May/2022:09:33:25 +0800] "GET /xingrg/images/blue/button/cgshd.gif HTTP/1.1" 304 -
116.228.172.94 - - [29/May/2022:09:33:25 +0800] "GET /xingrg/images/blue/button/cgfkd.gif HTTP/1.1" 304 -
116.228.172.94 - - [29/May/2022:09:33:25 +0800] "GET /xingrg/images/blue/button/kc.gif HTTP/1.1" 304 -
116.228.172.94 - - [29/May/2022:09:33:25 +0800] "GET /xingrg/images/blue/button/ckthd.gif HTTP/1.1" 304 -
116.228.172.94 - - [29/May/2022:09:33:25 +0800] "GET /xingrg/images/blue/pic_form2.gif HTTP/1.1" 304 -
116.228.172.94 - - [29/May/2022:09:33:25 +0800] "GET /xingrg/javascript/jquery_ui/themes/humanity/images/ui-bg_inset-soft_100_f4f0ec_1x100.png HTTP/1.1" 304 -
116.228.172.94 - - [29/May/2022:09:33:25 +0800] "GET /xingrg/images/blue/bg_dotted.jpg HTTP/1.1" 304 -
116.228.172.94 - - [29/May/2022:09:33:25 +0800] "GET /xingrg/images/blue/button/right_ah.jpg HTTP/1.1" 304 -
116.228.172.94 - - [29/May/2022:09:33:25 +0800] "GET /xingrg/images/blue/button/down_ah.jpg HTTP/1.1" 304 -
116.228.172.94 - - [29/May/2022:09:33:25 +0800] "GET /xingrg/javascript/jquery_ui/themes/humanity/images/ui-iconsnew.jpg HTTP/1.1" 304 -
116.228.172.94 - - [29/May/2022:09:33:25 +0800] "GET /xingrg/javascript/jquery_ui/themes/humanity/images/ui-icons_ffffff_256x240.png HTTP/1.1" 304 -
116.228.172.94 - - [29/May/2022:09:33:25 +0800] "GET /xingrg/javascript/jquery_ui/themes/humanity/images/ui-icons_c47a23_256x240.png HTTP/1.1" 304 -
116.228.172.94 - - [29/May/2022:09:33:25 +0800] "GET /xingrg/images/yd/bt.gif HTTP/1.1" 404 1040
116.228.172.94 - - [29/May/2022:09:33:26 +0800] "GET /xingrg/css/base.css HTTP/1.1" 304 -
116.228.172.94 - - [29/May/2022:09:33:26 +0800] "GET /xingrg/css/site.css HTTP/1.1" 304 -
116.228.172.94 - - [29/May/2022:09:33:26 +0800] "GET /xingrg/javascript/jquery_tools/datebox.css HTTP/1.1" 304 -
116.228.172.94 - - [29/May/2022:09:33:26 +0800] "GET /xingrg/javascript/easyui/themes/default/easyui.css HTTP/1.1" 304 -
116.228.172.94 - - [29/May/2022:09:33:26 +0800] "GET /xingrg/javascript/easyui/themes/icon.css HTTP/1.1" 304 -
116.228.172.94 - - [29/May/2022:09:33:26 +0800] "GET /xingrg/javascript/auto/jquery.autocomplete.css HTTP/1.1" 304 -
116.228.172.94 - - [29/May/2022:09:33:26 +0800] "GET /xingrg/javascript/jquery_tools/fix.css HTTP/1.1" 304 -
116.228.172.94 - - [29/May/2022:09:33:26 +0800] "GET /xingrg/javascript/jquery_tools/jquery.tools.min.js HTTP/1.1" 304 -
116.228.172.94 - - [29/May/2022:09:33:26 +0800] "GET /xingrg/javascript/jquery_tools/jquery.tools.extend.js HTTP/1.1" 304 -
116.228.172.94 - - [29/May/2022:09:33:26 +0800] "GET /xingrg/javascript/jquery_tools/jquery.tools.hotkey.js HTTP/1.1" 304 -
116.228.172.94 - - [29/May/2022:09:33:26 +0800] "GET /xingrg/javascript/jquery_tools/jquery.tools.table.js HTTP/1.1" 304 -
