58.39.61.91 - - [29/May/2022:09:11:20 +0800] "GET /xingrg/all/function/internal_message.html?_=1653786679646&CODE_STATE=getMsg HTTP/1.1" 200 27
180.175.103.167 - - [29/May/2022:09:11:34 +0800] "GET /xingrg/all/function/internal_message.html?_=1653786698442&CODE_STATE=getMsg HTTP/1.1" 200 27
180.175.103.167 - - [29/May/2022:09:11:34 +0800] "GET /xingrg/check_reg.html?_=1653786698470 HTTP/1.1" 200 22
120.253.135.82 - - [29/May/2022:09:11:36 +0800] "GET /xingrg/all/function/internal_message.html?_=1653786505339&CODE_STATE=getMsg HTTP/1.1" 200 27
120.253.135.82 - - [29/May/2022:09:11:41 +0800] "GET /xingrg/check_reg.html?_=1653786799387 HTTP/1.1" 200 22
120.253.135.82 - - [29/May/2022:09:11:44 +0800] "GET /xingrg/all/function/internal_message.html?_=1653786802007&CODE_STATE=getMsg HTTP/1.1" 200 27
120.253.135.82 - - [29/May/2022:09:11:48 +0800] "POST /xingrg/kc/pszx/mdps_list_operate.html HTTP/1.1" 200 2448
58.39.61.91 - - [29/May/2022:09:11:56 +0800] "GET /xingrg/all/function/internal_message.html?_=1653786678706&CODE_STATE=getMsg HTTP/1.1" 200 27
114.84.147.169 - - [29/May/2022:09:11:56 +0800] "GET /xingrg/all/function/internal_message.html?_=1653786450816&CODE_STATE=getMsg HTTP/1.1" 200 27
180.175.103.167 - - [29/May/2022:09:11:56 +0800] "GET /xingrg/all/function/internal_message.html?_=1653786637848&CODE_STATE=getMsg HTTP/1.1" 200 27
114.86.187.179 - - [29/May/2022:09:11:58 +0800] "GET /xingrg/check_reg.html?_=1653786718701 HTTP/1.1" 302 -
114.86.187.179 - - [29/May/2022:09:11:58 +0800] "GET /xingrg/login.html HTTP/1.1" 200 7641
116.233.76.8 - - [29/May/2022:09:11:58 +0800] "GET /xingrg/all/function/internal_message.html?_=1653786719735&CODE_STATE=getMsg HTTP/1.1" 200 27
218.81.223.53 - - [29/May/2022:09:11:59 +0800] "GET /xingrg/all/function/internal_message.html?_=1653786744190&CODE_STATE=getMsg HTTP/1.1" 200 27
120.253.135.82 - - [29/May/2022:09:12:02 +0800] "POST /xingrg/kc/pszx/mdps_list_operate.html HTTP/1.1" 200 384
120.253.135.82 - - [29/May/2022:09:12:04 +0800] "POST /xingrg/kc/pszx/mdps_list_operate.html HTTP/1.1" 200 208
114.86.187.179 - - [29/May/2022:09:12:07 +0800] "GET /xingrg/kc/buy/cgsh_order_list.html HTTP/1.1" 302 -
114.86.187.179 - - [29/May/2022:09:12:07 +0800] "GET /xingrg/login.html HTTP/1.1" 200 7641
114.86.187.179 - - [29/May/2022:09:12:07 +0800] "GET /xingrg/login.html HTTP/1.1" 200 7641
116.230.110.173 - - [29/May/2022:09:12:07 +0800] "GET /xingrg/all/function/internal_message.html?_=1653786710175&CODE_STATE=getMsg HTTP/1.1" 200 27
114.86.187.179 - - [29/May/2022:09:12:07 +0800] "GET /favicon.ico HTTP/1.1" 404 -
120.253.135.82 - - [29/May/2022:09:12:08 +0800] "GET /xingrg/kc/pszx/mdps_order_info.html?code=312022052800925 HTTP/1.1" 200 23986
120.253.135.82 - - [29/May/2022:09:12:09 +0800] "GET /xingrg/javascript/easyui/themes/default/validatebox.css HTTP/1.1" 404 1104
120.253.135.82 - - [29/May/2022:09:12:09 +0800] "POST /xingrg/kc/pszx/mdps_order_operate.html HTTP/1.1" 200 2290
116.235.92.88 - - [29/May/2022:09:12:11 +0800] "GET /xingrg/all/function/internal_message.html?_=1653786906519&CODE_STATE=getMsg HTTP/1.1" 200 27
114.88.162.248 - - [29/May/2022:09:12:13 +0800] "GET /xingrg/all/function/internal_message.html?_=1653786733097&CODE_STATE=getMsg HTTP/1.1" 200 27
120.253.135.82 - - [29/May/2022:09:12:15 +0800] "POST /xingrg/kc/pszx/mdps_order_operate.html HTTP/1.1" 200 37
120.253.135.82 - - [29/May/2022:09:12:16 +0800] "POST /xingrg/kc/pszx/mdps_order_operate.html HTTP/1.1" 200 12
114.86.187.179 - - [29/May/2022:09:12:18 +0800] "POST /xingrg/login.do HTTP/1.1" 302 -
114.86.187.179 - - [29/May/2022:09:12:18 +0800] "GET /xingrg/index.html?sysBaseUrl=http%3A%2F%2F180.169.147.146%3A18081%2Fxingrg%2F&costTime=41×tamp=1653786738224 HTTP/1.1" 200 17179
114.86.187.179 - - [29/May/2022:09:12:18 +0800] "POST /xingrg/all/common/load_tree.html?tree=area_rest_tree_json&manage=1 HTTP/1.1" 200 351
114.86.187.179 - - [29/May/2022:09:12:18 +0800] "GET /xingrg/all/function/internal_message.html?_=1653786739276&CODE_STATE=count HTTP/1.1" 200 11
114.86.187.179 - - [29/May/2022:09:12:18 +0800] "GET /xingrg/check_reg.html?_=1653786739277 HTTP/1.1" 200 22
114.86.187.179 - - [29/May/2022:09:12:18 +0800] "GET /favicon.ico HTTP/1.1" 404 -
114.86.187.179 - - [29/May/2022:09:12:18 +0800] "POST /xingrg/load_menu.html HTTP/1.1" 200 5138
120.253.135.82 - - [29/May/2022:09:12:18 +0800] "GET /xingrg/kc/pszx/mdps_order_info.html?code=312022052800925 HTTP/1.1" 200 19646
120.253.135.82 - - [29/May/2022:09:12:19 +0800] "POST /xingrg/kc/pszx/mdps_order_operate.html HTTP/1.1" 200 512
120.253.135.82 - - [29/May/2022:09:12:19 +0800] "GET /xingrg/javascript/easyui/themes/default/validatebox.css HTTP/1.1" 404 1104
58.39.61.91 - - [29/May/2022:09:12:20 +0800] "GET /xingrg/all/function/internal_message.html?_=1653786739644&CODE_STATE=getMsg HTTP/1.1" 200 27
120.253.135.82 - - [29/May/2022:09:12:21 +0800] "POST /xingrg/kc/pszx/mdps_list_operate.html HTTP/1.1" 200 2064
120.253.135.82 - - [29/May/2022:09:12:23 +0800] "POST /xingrg/kc/pszx/mdps_list_operate.html HTTP/1.1" 200 206
114.86.187.179 - - [29/May/2022:09:12:24 +0800] "GET /xingrg/kc/buy/cgsh_order_list.html HTTP/1.1" 200 51752
120.253.135.82 - - [29/May/2022:09:12:24 +0800] "GET /xingrg/kc/pszx/mdps_order_info.html?code=312022052900934 HTTP/1.1" 200 23978
120.253.135.82 - - [29/May/2022:09:12:25 +0800] "GET /xingrg/javascript/easyui/themes/default/validatebox.css HTTP/1.1" 404 1104
120.253.135.82 - - [29/May/2022:09:12:25 +0800] "POST /xingrg/kc/pszx/mdps_order_operate.html HTTP/1.1" 200 2291
218.81.223.53 - - [29/May/2022:09:12:25 +0800] "GET /xingrg/check_reg.html?_=1653786770737 HTTP/1.1" 200 22
114.86.187.179 - - [29/May/2022:09:12:26 +0800] "POST /xingrg/kc/buy/cgsh_list_operate.html HTTP/1.1" 200 4971
120.253.135.82 - - [29/May/2022:09:12:29 +0800] "POST /xingrg/kc/pszx/mdps_order_operate.html HTTP/1.1" 200 37
120.253.135.82 - - [29/May/2022:09:12:31 +0800] "POST /xingrg/kc/pszx/mdps_order_operate.html HTTP/1.1" 200 12
120.253.135.82 - - [29/May/2022:09:12:32 +0800] "GET /xingrg/kc/pszx/mdps_order_info.html?code=312022052900934 HTTP/1.1" 200 19638
120.253.135.82 - - [29/May/2022:09:12:32 +0800] "POST /xingrg/kc/pszx/mdps_order_operate.html HTTP/1.1" 200 512
120.253.135.82 - - [29/May/2022:09:12:32 +0800] "GET /xingrg/javascript/easyui/themes/default/validatebox.css HTTP/1.1" 404 1104
120.253.135.82 - - [29/May/2022:09:12:34 +0800] "POST /xingrg/kc/pszx/mdps_list_operate.html HTTP/1.1" 200 1692
180.175.103.167 - - [29/May/2022:09:12:34 +0800] "GET /xingrg/all/function/internal_message.html?_=1653786758469&CODE_STATE=getMsg HTTP/1.1" 200 27
120.253.135.82 - - [29/May/2022:09:12:35 +0800] "POST /xingrg/kc/pszx/mdps_list_operate.html HTTP/1.1" 200 384
120.253.135.82 - - [29/May/2022:09:12:36 +0800] "GET /xingrg/all/function/internal_message.html?_=1653786565351&CODE_STATE=getMsg HTTP/1.1" 200 27
116.235.92.88 - - [29/May/2022:09:12:38 +0800] "GET /xingrg/check_reg.html?_=1653786933332 HTTP/1.1" 200 22
120.253.135.82 - - [29/May/2022:09:12:44 +0800] "GET /xingrg/all/function/internal_message.html?_=1653786862021&CODE_STATE=getMsg HTTP/1.1" 200 27
120.253.135.82 - - [29/May/2022:09:12:52 +0800] "GET /xingrg/check_reg.html?_=1653786581881 HTTP/1.1" 200 22
114.86.187.179 - - [29/May/2022:09:12:54 +0800] "POST /xingrg/kc/buy/cgsh_list_operate.html HTTP/1.1" 200 199
114.86.187.179 - - [29/May/2022:09:12:55 +0800] "GET /xingrg/kc/buy/cgsh_order_info.html?code=212022052801852 HTTP/1.1" 200 67523
114.86.187.179 - - [29/May/2022:09:12:55 +0800] "GET /xingrg/words/20220528145213_words.js HTTP/1.1" 304 -
114.86.187.179 - - [29/May/2022:09:12:56 +0800] "GET /xingrg/all/common/auto_word.html?type=employee&rest_code=00148 HTTP/1.1" 200 243
114.86.187.179 - - [29/May/2022:09:12:56 +0800] "GET /xingrg/all/common/auto_word.html?type=employee&rest_code=00148 HTTP/1.1" 200 243
114.86.187.179 - - [29/May/2022:09:12:56 +0800] "GET /xingrg/javascript/easyui/themes/default/validatebox.css HTTP/1.1" 404 1104
58.39.61.91 - - [29/May/2022:09:12:56 +0800] "GET /xingrg/all/function/internal_message.html?_=1653786738716&CODE_STATE=getMsg HTTP/1.1" 200 27
114.84.147.169 - - [29/May/2022:09:12:56 +0800] "GET /xingrg/all/function/internal_message.html?_=1653786510826&CODE_STATE=getMsg HTTP/1.1" 200 27
114.84.147.169 - - [29/May/2022:09:12:56 +0800] "GET /xingrg/check_reg.html?_=1653786510827 HTTP/1.1" 200 22
114.86.187.179 - - [29/May/2022:09:12:56 +0800] "POST /xingrg/kc/buy/cgsh_order_operate.html HTTP/1.1" 200 2660
180.175.103.167 - - [29/May/2022:09:12:56 +0800] "GET /xingrg/all/function/internal_message.html?_=1653786697848&CODE_STATE=getMsg HTTP/1.1" 200 27
116.233.76.8 - - [29/May/2022:09:12:58 +0800] "GET /xingrg/all/function/internal_message.html?_=1653786779734&CODE_STATE=getMsg HTTP/1.1" 200 27
218.81.223.53 - - [29/May/2022:09:12:59 +0800] "GET /xingrg/all/function/internal_message.html?_=1653786804192&CODE_STATE=getMsg HTTP/1.1" 200 27
114.86.187.179 - - [29/May/2022:09:13:00 +0800] "GET /xingrg/kc/print/load_config.html?kc_code=cgsh HTTP/1.1" 200 1943
114.86.187.179 - - [29/May/2022:09:13:00 +0800] "GET /xingrg/kc/print/load_data.html?order_code=212022052801852&kc_code=cgsh&condition= HTTP/1.1" 200 655
116.230.110.173 - - [29/May/2022:09:13:07 +0800] "GET /xingrg/all/function/internal_message.html?_=1653786770174&CODE_STATE=getMsg HTTP/1.1" 200 27
120.253.135.82 - - [29/May/2022:09:13:08 +0800] "POST /xingrg/kc/pszx/mdps_list_operate.html HTTP/1.1" 200 2408
116.235.92.88 - - [29/May/2022:09:13:11 +0800] "GET /xingrg/all/function/internal_message.html?_=1653786966496&CODE_STATE=getMsg HTTP/1.1" 200 27
120.253.135.82 - - [29/May/2022:09:13:12 +0800] "POST /xingrg/kc/pszx/mdps_list_operate.html HTTP/1.1" 200 613
114.88.162.248 - - [29/May/2022:09:13:13 +0800] "GET /xingrg/all/function/internal_message.html?_=1653786793098&CODE_STATE=getMsg HTTP/1.1" 200 27
120.253.135.82 - - [29/May/2022:09:13:15 +0800] "POST /xingrg/kc/pszx/mdps_list_operate.html HTTP/1.1" 200 294
114.86.187.179 - - [29/May/2022:09:13:18 +0800] "GET /xingrg/all/function/internal_message.html?_=1653786799295&CODE_STATE=getMsg HTTP/1.1" 200 27
180.156.212.250 - - [29/May/2022:09:13:20 +0800] "GET /xingrg/check_reg.html?_=1653786869373 HTTP/1.1" 302 -
58.39.61.91 - - [29/May/2022:09:13:20 +0800] "GET /xingrg/all/function/internal_message.html?_=1653786799645&CODE_STATE=getMsg HTTP/1.1" 200 27
120.253.135.82 - - [29/May/2022:09:13:24 +0800] "POST /xingrg/kc/pszx/mdps_list_operate.html HTTP/1.1" 200 633
114.86.187.179 - - [29/May/2022:09:13:29 +0800] "POST /xingrg/kc/buy/cgsh_list_operate.html HTTP/1.1" 200 203
114.86.187.179 - - [29/May/2022:09:13:29 +0800] "GET /xingrg/kc/buy/cgsh_order_info.html?code=212022052801858 HTTP/1.1" 200 67523
114.86.187.179 - - [29/May/2022:09:13:30 +0800] "GET /xingrg/javascript/easyui/themes/default/validatebox.css HTTP/1.1" 404 1104
114.86.187.179 - - [29/May/2022:09:13:31 +0800] "POST /xingrg/kc/buy/cgsh_order_operate.html HTTP/1.1" 200 2667
114.86.187.179 - - [29/May/2022:09:13:32 +0800] "GET /xingrg/kc/print/load_data.html?order_code=212022052801858&kc_code=cgsh&condition= HTTP/1.1" 200 663
180.175.103.167 - - [29/May/2022:09:13:34 +0800] "GET /xingrg/all/function/internal_message.html?_=1653786818469&CODE_STATE=getMsg HTTP/1.1" 200 27
120.253.135.82 - - [29/May/2022:09:13:36 +0800] "GET /xingrg/all/function/internal_message.html?_=1653786625384&CODE_STATE=getMsg HTTP/1.1" 200 27
120.253.135.82 - - [29/May/2022:09:13:44 +0800] "GET /xingrg/all/function/internal_message.html?_=1653786922034&CODE_STATE=getMsg HTTP/1.1" 200 27
114.86.187.179 - - [29/May/2022:09:13:44 +0800] "POST /xingrg/kc/buy/cgsh_list_operate.html HTTP/1.1" 200 4971
114.86.187.179 - - [29/May/2022:09:13:51 +0800] "POST /xingrg/kc/buy/cgsh_list_operate.html HTTP/1.1" 200 599
114.84.147.169 - - [29/May/2022:09:13:56 +0800] "GET /xingrg/all/function/internal_message.html?_=1653786570821&CODE_STATE=getMsg HTTP/1.1" 200 27
58.39.61.91 - - [29/May/2022:09:13:56 +0800] "GET /xingrg/all/function/internal_message.html?_=1653786798806&CODE_STATE=getMsg HTTP/1.1" 200 27
180.175.103.167 - - [29/May/2022:09:13:56 +0800] "GET /xingrg/all/function/internal_message.html?_=1653786757848&CODE_STATE=getMsg HTTP/1.1" 200 27
116.233.76.8 - - [29/May/2022:09:13:58 +0800] "GET /xingrg/all/function/internal_message.html?_=1653786839733&CODE_STATE=getMsg HTTP/1.1" 200 27
218.81.223.53 - - [29/May/2022:09:13:59 +0800] "GET /xingrg/all/function/internal_message.html?_=1653786864206&CODE_STATE=getMsg HTTP/1.1" 200 27
116.230.110.173 - - [29/May/2022:09:14:07 +0800] "GET /xingrg/all/function/internal_message.html?_=1653786830183&CODE_STATE=getMsg HTTP/1.1" 200 27
116.235.92.88 - - [29/May/2022:09:14:11 +0800] "GET /xingrg/all/function/internal_message.html?_=1653787026472&CODE_STATE=getMsg HTTP/1.1" 200 27
58.39.61.91 - - [29/May/2022:09:14:13 +0800] "GET /xingrg/check_reg.html?_=1653786815967 HTTP/1.1" 200 22
114.88.162.248 - - [29/May/2022:09:14:13 +0800] "GET /xingrg/all/function/internal_message.html?_=1653786853098&CODE_STATE=getMsg HTTP/1.1" 200 27
114.86.187.179 - - [29/May/2022:09:14:18 +0800] "GET /xingrg/all/function/internal_message.html?_=1653786859281&CODE_STATE=getMsg HTTP/1.1" 200 27
114.83.223.13 - - [29/May/2022:09:14:18 +0800] "POST /xingrg/services/DataTransmitService HTTP/1.1" 200 524
58.39.61.91 - - [29/May/2022:09:14:20 +0800] "GET /xingrg/all/function/internal_message.html?_=1653786859649&CODE_STATE=getMsg HTTP/1.1" 200 27
58.39.61.91 - - [29/May/2022:09:14:20 +0800] "GET /xingrg/check_reg.html?_=1653786859652 HTTP/1.1" 200 22
180.156.212.250 - - [29/May/2022:09:14:21 +0800] "GET /xingrg/kc/buy/cgsh_order_list.html HTTP/1.1" 302 -
180.156.212.250 - - [29/May/2022:09:14:21 +0800] "GET /xingrg/login.html HTTP/1.1" 200 7641
180.156.212.250 - - [29/May/2022:09:14:21 +0800] "GET /xingrg/login.html HTTP/1.1" 200 7641
218.81.223.53 - - [29/May/2022:09:14:29 +0800] "GET /xingrg/kc/base/wldb_order_list.html HTTP/1.1" 200 19107
218.81.223.53 - - [29/May/2022:09:14:29 +0800] "GET /xingrg/javascript/easyui/themes/icon.css HTTP/1.1" 304 -
218.81.223.53 - - [29/May/2022:09:14:29 +0800] "GET /xingrg/javascript/jquery_tools/jquery.tools.extend.js HTTP/1.1" 304 -
218.81.223.53 - - [29/May/2022:09:14:29 +0800] "GET /xingrg/javascript/jquery_tools/jquery.tools.table.js HTTP/1.1" 304 -
218.81.223.53 - - [29/May/2022:09:14:29 +0800] "GET /xingrg/css/site.css HTTP/1.1" 304 -
218.81.223.53 - - [29/May/2022:09:14:29 +0800] "GET /xingrg/css/base.css HTTP/1.1" 304 -
218.81.223.53 - - [29/May/2022:09:14:29 +0800] "GET /xingrg/javascript/jquery_tools/datebox.css HTTP/1.1" 304 -
218.81.223.53 - - [29/May/2022:09:14:29 +0800] "GET /xingrg/javascript/easyui/themes/default/easyui.css HTTP/1.1" 304 -
218.81.223.53 - - [29/May/2022:09:14:29 +0800] "GET /xingrg/javascript/auto/jquery.autocomplete.css HTTP/1.1" 304 -
218.81.223.53 - - [29/May/2022:09:14:29 +0800] "GET /xingrg/javascript/jquery_tools/fix.css HTTP/1.1" 304 -
218.81.223.53 - - [29/May/2022:09:14:29 +0800] "GET /xingrg/javascript/jquery_tools/jquery.tools.min.js HTTP/1.1" 304 -
218.81.223.53 - - [29/May/2022:09:14:29 +0800] "GET /xingrg/javascript/jquery_tools/list_manager.js HTTP/1.1" 304 -
218.81.223.53 - - [29/May/2022:09:14:29 +0800] "GET /xingrg/javascript/auto/jquery.autocomplete.js HTTP/1.1" 304 -
218.81.223.53 - - [29/May/2022:09:14:29 +0800] "GET /xingrg/javascript/jquery_tools/jquery.tools.hotkey.js HTTP/1.1" 304 -
218.81.223.53 - - [29/May/2022:09:14:29 +0800] "GET /xingrg/javascript/jquery.utils.js HTTP/1.1" 304 -
218.81.223.53 - - [29/May/2022:09:14:29 +0800] "GET /xingrg/javascript/jquery_tools/table.css HTTP/1.1" 304 -
218.81.223.53 - - [29/May/2022:09:14:29 +0800] "GET /xingrg/javascript/jquery.cookie.js HTTP/1.1" 304 -
218.81.223.53 - - [29/May/2022:09:14:29 +0800] "GET /xingrg/javascript/print/LodopFuncs.js HTTP/1.1" 304 -
218.81.223.53 - - [29/May/2022:09:14:29 +0800] "GET /xingrg/javascript/easyui/easyloader.js HTTP/1.1" 304 -
114.86.187.179 - - [29/May/2022:09:14:29 +0800] "POST /xingrg/kc/buy/cgsh_list_operate.html HTTP/1.1" 200 4
218.81.223.53 - - [29/May/2022:09:14:29 +0800] "GET /xingrg/javascript/easyui/plugins/jquery.parser.js HTTP/1.1" 304 -
218.81.223.53 - - [29/May/2022:09:14:30 +0800] "POST /xingrg/kc/base/wldb_list_operate.html HTTP/1.1" 200 928
218.81.223.53 - - [29/May/2022:09:14:32 +0800] "GET /xingrg/kc/base/wldb_order_add.html HTTP/1.1" 200 30321
218.81.223.53 - - [29/May/2022:09:14:32 +0800] "GET /xingrg/javascript/pic_change.js HTTP/1.1" 304 -
218.81.223.53 - - [29/May/2022:09:14:32 +0800] "GET /xingrg/javascript/json2.js HTTP/1.1" 304 -
218.81.223.53 - - [29/May/2022:09:14:32 +0800] "GET /xingrg/javascript/convert.js HTTP/1.1" 304 -
218.81.223.53 - - [29/May/2022:09:14:32 +0800] "GET /xingrg/javascript/print/kc_print.js HTTP/1.1" 304 -
218.81.223.53 - - [29/May/2022:09:14:32 +0800] "GET /xingrg/javascript/jquery_tools/order_manager.js HTTP/1.1" 304 -
218.81.223.53 - - [29/May/2022:09:14:32 +0800] "GET /xingrg/words/20220528145213_words.js HTTP/1.1" 304 -
218.81.223.53 - - [29/May/2022:09:14:32 +0800] "POST /xingrg/kc/base/wldb_order_operate.html HTTP/1.1" 200 6806
114.86.187.179 - - [29/May/2022:09:14:33 +0800] "POST /xingrg/kc/buy/cgsh_list_operate.html HTTP/1.1" 200 3437
218.81.223.53 - - [29/May/2022:09:14:33 +0800] "GET /xingrg/all/common/auto_word.html?type=base&rest_code=00146 HTTP/1.1" 200 1799
218.81.223.53 - - [29/May/2022:09:14:33 +0800] "GET /xingrg/all/common/auto_word.html?type=base&rest_code=00146 HTTP/1.1" 200 1799
218.81.223.53 - - [29/May/2022:09:14:33 +0800] "GET /xingrg/javascript/easyui/themes/default/validatebox.css HTTP/1.1" 404 1104
218.81.223.53 - - [29/May/2022:09:14:33 +0800] "GET /xingrg/javascript/easyui/plugins/jquery.validatebox.js HTTP/1.1" 304 -
218.81.223.53 - - [29/May/2022:09:14:33 +0800] "GET /xingrg/javascript/easyui/plugins/jquery.numberbox.js HTTP/1.1" 304 -
180.175.103.167 - - [29/May/2022:09:14:34 +0800] "GET /xingrg/all/function/internal_message.html?_=1653786878467&CODE_STATE=getMsg HTTP/1.1" 200 27
120.253.135.82 - - [29/May/2022:09:14:36 +0800] "GET /xingrg/all/function/internal_message.html?_=1653786685395&CODE_STATE=getMsg HTTP/1.1" 200 27
114.86.187.179 - - [29/May/2022:09:14:37 +0800] "POST /xingrg/kc/buy/cgsh_list_operate.html HTTP/1.1" 200 611
180.156.212.250 - - [29/May/2022:09:14:41 +0800] "GET /xingrg/images/blue/jxLogo.png HTTP/1.1" 200 6156
180.156.212.250 - - [29/May/2022:09:14:41 +0800] "GET /xingrg/images/blue/srbg.png HTTP/1.1" 200 138
180.156.212.250 - - [29/May/2022:09:14:41 +0800] "GET /xingrg/images/blue/hj.png HTTP/1.1" 200 1014
180.156.212.250 - - [29/May/2022:09:14:41 +0800] "GET /xingrg/images/blue/login_bg.png HTTP/1.1" 200 22101
180.156.212.250 - - [29/May/2022:09:14:41 +0800] "GET /favicon.ico HTTP/1.1" 404 -
120.253.135.82 - - [29/May/2022:09:14:44 +0800] "GET /xingrg/all/function/internal_message.html?_=1653786982068&CODE_STATE=getMsg HTTP/1.1" 200 27
180.156.212.250 - - [29/May/2022:09:14:48 +0800] "POST /xingrg/login.do HTTP/1.1" 302 -
180.156.212.250 - - [29/May/2022:09:14:48 +0800] "GET /xingrg/javascript/jquery_easy_ui/themes/icon.css HTTP/1.1" 200 3949
180.156.212.250 - - [29/May/2022:09:14:48 +0800] "GET /xingrg/css/form.css HTTP/1.1" 200 893
180.156.212.250 - - [29/May/2022:09:14:48 +0800] "GET /xingrg/index.html?sysBaseUrl=http%3A%2F%2F180.169.147.146%3A18081%2Fxingrg%2F&costTime=41×tamp=1653786888530 HTTP/1.1" 200 17173
180.156.212.250 - - [29/May/2022:09:14:48 +0800] "GET /xingrg/javascript/jquery-1.4.2.min.js HTTP/1.1" 200 72205
180.156.212.250 - - [29/May/2022:09:14:48 +0800] "GET /xingrg/javascript/jquery_easy_ui/jquery.easyui.min.js HTTP/1.1" 200 213662
180.156.212.250 - - [29/May/2022:09:14:48 +0800] "GET /xingrg/javascript/jquery_easy_ui/easyui-lang-zh_CN.js HTTP/1.1" 200 1900
180.156.212.250 - - [29/May/2022:09:14:48 +0800] "GET /xingrg/javascript/jquery.timers.js HTTP/1.1" 200 3532
180.156.212.250 - - [29/May/2022:09:14:48 +0800] "GET /xingrg/javascript/jquery.utils.js HTTP/1.1" 200 11805
180.156.212.250 - - [29/May/2022:09:14:48 +0800] "GET /xingrg/javascript/jquery_easy_ui/themes/default/easyui.css HTTP/1.1" 200 26500
180.156.212.250 - - [29/May/2022:09:14:48 +0800] "GET /xingrg/javascript/jquery.form.js HTTP/1.1" 200 23110
180.156.212.250 - - [29/May/2022:09:14:49 +0800] "GET /xingrg/javascript/jquery_easy_ui/themes/icons/settle_new.png HTTP/1.1" 200 826
180.156.212.250 - - [29/May/2022:09:14:49 +0800] "GET /xingrg/images/blue/navBackgound.jpg HTTP/1.1" 200 12378
180.156.212.250 - - [29/May/2022:09:14:49 +0800] "GET /xingrg/images/blue/pingpu.png HTTP/1.1" 200 231
180.156.212.250 - - [29/May/2022:09:14:49 +0800] "POST /xingrg/all/common/load_tree.html?tree=area_rest_tree_json&manage=1 HTTP/1.1" 200 342
180.156.212.250 - - [29/May/2022:09:14:49 +0800] "GET /xingrg/javascript/jquery_easy_ui/themes/default/images/tabs_rightarrow.png HTTP/1.1" 200 395
180.156.212.250 - - [29/May/2022:09:14:49 +0800] "GET /xingrg/javascript/jquery_easy_ui/themes/default/images/tabs_leftarrow.png HTTP/1.1" 200 389
180.156.212.250 - - [29/May/2022:09:14:50 +0800] "GET /xingrg/javascript/jquery_easy_ui/themes/default/images/panel_tool_collapse.gif HTTP/1.1" 200 246
180.156.212.250 - - [29/May/2022:09:14:50 +0800] "GET /xingrg/all/function/internal_message.html?_=1653786959226&CODE_STATE=count HTTP/1.1" 200 11
180.156.212.250 - - [29/May/2022:09:14:50 +0800] "GET /xingrg/check_reg.html?_=1653786959228 HTTP/1.1" 200 22
180.156.212.250 - - [29/May/2022:09:14:50 +0800] "GET /favicon.ico HTTP/1.1" 404 -
180.156.212.250 - - [29/May/2022:09:14:50 +0800] "POST /xingrg/load_menu.html HTTP/1.1" 200 5138
180.156.212.250 - - [29/May/2022:09:14:50 +0800] "GET /xingrg/javascript/jquery_easy_ui/themes/default/images/tree_arrows.gif HTTP/1.1" 200 1043
180.156.212.250 - - [29/May/2022:09:14:50 +0800] "GET /xingrg/javascript/jquery_easy_ui/themes/default/images/tree_folder_open.gif HTTP/1.1" 200 956
180.156.212.250 - - [29/May/2022:09:14:50 +0800] "GET /xingrg/javascript/jquery_easy_ui/themes/icons/search_new.png HTTP/1.1" 200 586
180.156.212.250 - - [29/May/2022:09:14:50 +0800] "GET /xingrg/javascript/jquery_easy_ui/themes/default/images/tree_folder.gif HTTP/1.1" 200 952
180.156.212.250 - - [29/May/2022:09:14:50 +0800] "GET /xingrg/javascript/jquery_easy_ui/themes/icons/storage_new.png HTTP/1.1" 200 853
180.156.212.250 - - [29/May/2022:09:14:51 +0800] "GET /xingrg/javascript/jquery_easy_ui/themes/icons/forms_new.png HTTP/1.1" 200 350
180.156.212.250 - - [29/May/2022:09:14:51 +0800] "GET /xingrg/javascript/jquery_easy_ui/themes/default/images/tree_file.gif HTTP/1.1" 200 118
114.84.147.169 - - [29/May/2022:09:14:56 +0800] "GET /xingrg/all/function/internal_message.html?_=1653786630817&CODE_STATE=getMsg HTTP/1.1" 200 27
58.39.61.91 - - [29/May/2022:09:14:56 +0800] "GET /xingrg/all/function/internal_message.html?_=1653786858820&CODE_STATE=getMsg HTTP/1.1" 200 27
180.175.103.167 - - [29/May/2022:09:14:56 +0800] "GET /xingrg/check_reg.html?_=1653786817849 HTTP/1.1" 200 22
180.175.103.167 - - [29/May/2022:09:14:56 +0800] "GET /xingrg/all/function/internal_message.html?_=1653786817852&CODE_STATE=getMsg HTTP/1.1" 200 27
116.233.76.8 - - [29/May/2022:09:14:58 +0800] "GET /xingrg/all/function/internal_message.html?_=1653786899732&CODE_STATE=getMsg HTTP/1.1" 200 27
116.233.76.8 - - [29/May/2022:09:14:58 +0800] "GET /xingrg/check_reg.html?_=1653786899742 HTTP/1.1" 200 22
218.81.223.53 - - [29/May/2022:09:14:59 +0800] "GET /xingrg/all/function/internal_message.html?_=1653786924593&CODE_STATE=getMsg HTTP/1.1" 200 27
218.81.223.53 - - [29/May/2022:09:15:02 +0800] "GET /xingrg/kc/base/wldb_order_operate.html?command=get_materiel&rest_code=00146&base_code=0010066&code=00101025011 HTTP/1.1" 200 481
114.86.187.179 - - [29/May/2022:09:15:05 +0800] "POST /xingrg/kc/buy/cgsh_list_operate.html HTTP/1.1" 200 4
116.230.110.173 - - [29/May/2022:09:15:07 +0800] "GET /xingrg/check_reg.html?_=1653786890170 HTTP/1.1" 200 22
116.230.110.173 - - [29/May/2022:09:15:07 +0800] "GET /xingrg/all/function/internal_message.html?_=1653786890170&CODE_STATE=getMsg HTTP/1.1" 200 27
114.86.187.179 - - [29/May/2022:09:15:08 +0800] "POST /xingrg/kc/buy/cgsh_list_operate.html HTTP/1.1" 200 876
116.235.92.88 - - [29/May/2022:09:15:11 +0800] "GET /xingrg/all/function/internal_message.html?_=1653787086442&CODE_STATE=getMsg HTTP/1.1" 200 27
114.88.162.248 - - [29/May/2022:09:15:13 +0800] "GET /xingrg/all/function/internal_message.html?_=1653786913098&CODE_STATE=getMsg HTTP/1.1" 200 27
114.86.187.179 - - [29/May/2022:09:15:16 +0800] "GET /xingrg/kc/buy/cgsh_order_add.html HTTP/1.1" 200 67528
114.86.187.179 - - [29/May/2022:09:15:16 +0800] "POST /xingrg/kc/buy/cgsh_order_operate.html HTTP/1.1" 200 8245
114.86.187.179 - - [29/May/2022:09:15:17 +0800] "GET /xingrg/javascript/easyui/themes/default/validatebox.css HTTP/1.1" 404 1104
114.86.187.179 - - [29/May/2022:09:15:18 +0800] "GET /xingrg/javascript/auto/indicator.gif HTTP/1.1" 404 1066
114.86.187.179 - - [29/May/2022:09:15:18 +0800] "GET /xingrg/all/function/internal_message.html?_=1653786919296&CODE_STATE=getMsg HTTP/1.1" 200 27
58.39.61.91 - - [29/May/2022:09:15:20 +0800] "GET /xingrg/all/function/internal_message.html?_=1653786919648&CODE_STATE=getMsg HTTP/1.1" 200 27
218.81.223.53 - - [29/May/2022:09:15:29 +0800] "GET /xingrg/kc/base/wldb_order_operate.html?command=get_materiel&rest_code=00146&base_code=0010067&code=00101025011 HTTP/1.1" 200 481
180.175.103.167 - - [29/May/2022:09:15:34 +0800] "GET /xingrg/all/function/internal_message.html?_=1653786938467&CODE_STATE=getMsg HTTP/1.1" 200 27
120.253.135.82 - - [29/May/2022:09:15:36 +0800] "GET /xingrg/all/function/internal_message.html?_=1653786745430&CODE_STATE=getMsg HTTP/1.1" 200 27
120.253.135.82 - - [29/May/2022:09:15:44 +0800] "GET /xingrg/all/function/internal_message.html?_=1653787042078&CODE_STATE=getMsg HTTP/1.1" 200 27
114.86.187.179 - - [29/May/2022:09:15:47 +0800] "GET /xingrg/kc/buy/cgsh_order_operate.html?command=get_materiel&rest_code=00148&code=00101006130&supplier_code=00100010&order_time=2022-05-29 HTTP/1.1" 200 446
180.156.212.250 - - [29/May/2022:09:15:50 +0800] "GET /xingrg/all/function/internal_message.html?_=1653787019232&CODE_STATE=getMsg HTTP/1.1" 200 27
114.84.147.169 - - [29/May/2022:09:15:56 +0800] "GET /xingrg/all/function/internal_message.html?_=1653786690826&CODE_STATE=getMsg HTTP/1.1" 200 27
58.39.61.91 - - [29/May/2022:09:15:56 +0800] "GET /xingrg/all/function/internal_message.html?_=1653786918834&CODE_STATE=getMsg HTTP/1.1" 200 27
180.175.103.167 - - [29/May/2022:09:15:56 +0800] "GET /xingrg/all/function/internal_message.html?_=1653786877852&CODE_STATE=getMsg HTTP/1.1" 200 27
116.233.76.8 - - [29/May/2022:09:15:58 +0800] "GET /xingrg/all/function/internal_message.html?_=1653786959753&CODE_STATE=getMsg HTTP/1.1" 200 27
218.81.223.53 - - [29/May/2022:09:15:59 +0800] "GET /xingrg/all/function/internal_message.html?_=1653786984967&CODE_STATE=getMsg HTTP/1.1" 200 27
218.81.223.53 - - [29/May/2022:09:16:06 +0800] "POST /xingrg/kc/base/wldb_order_operate.html HTTP/1.1" 200 37
116.230.110.173 - - [29/May/2022:09:16:07 +0800] "GET /xingrg/all/function/internal_message.html?_=1653786950182&CODE_STATE=getMsg HTTP/1.1" 200 27
218.81.223.53 - - [29/May/2022:09:16:08 +0800] "POST /xingrg/kc/base/wldb_order_operate.html HTTP/1.1" 200 12
218.81.223.53 - - [29/May/2022:09:16:08 +0800] "POST /xingrg/kc/base/wldb_order_operate.html HTTP/1.1" 200 2225
218.81.223.53 - - [29/May/2022:09:16:09 +0800] "GET /xingrg/kc/base/wldb_order_info.html?code=422022052900361 HTTP/1.1" 200 26195
218.81.223.53 - - [29/May/2022:09:16:10 +0800] "GET /xingrg/javascript/easyui/themes/default/validatebox.css HTTP/1.1" 404 1104
218.81.223.53 - - [29/May/2022:09:16:10 +0800] "POST /xingrg/kc/base/wldb_order_operate.html HTTP/1.1" 200 520
120.253.135.82 - - [29/May/2022:09:16:11 +0800] "GET /xingrg/kc/pszx/mdps_order_info.html?code=312022052900932 HTTP/1.1" 200 23972
114.86.187.179 - - [29/May/2022:09:16:11 +0800] "GET /xingrg/kc/buy/cgsh_order_operate.html?command=get_materiel&rest_code=00148&code=00101006111&supplier_code=00100010&order_time=2022-05-29 HTTP/1.1" 200 409
120.253.135.82 - - [29/May/2022:09:16:11 +0800] "POST /xingrg/kc/pszx/mdps_order_operate.html HTTP/1.1" 200 5840
120.253.135.82 - - [29/May/2022:09:16:11 +0800] "GET /xingrg/javascript/easyui/themes/default/validatebox.css HTTP/1.1" 404 1104
116.235.92.88 - - [29/May/2022:09:16:11 +0800] "GET /xingrg/all/function/internal_message.html?_=1653787146442&CODE_STATE=getMsg HTTP/1.1" 200 27
114.88.162.248 - - [29/May/2022:09:16:13 +0800] "GET /xingrg/all/function/internal_message.html?_=1653786973102&CODE_STATE=getMsg HTTP/1.1" 200 27
114.88.162.248 - - [29/May/2022:09:16:13 +0800] "GET /xingrg/check_reg.html?_=1653786973098 HTTP/1.1" 200 22
114.86.187.179 - - [29/May/2022:09:16:18 +0800] "GET /xingrg/all/function/internal_message.html?_=1653786979284&CODE_STATE=getMsg HTTP/1.1" 200 27
58.39.61.91 - - [29/May/2022:09:16:20 +0800] "GET /xingrg/all/function/internal_message.html?_=1653786979649&CODE_STATE=getMsg HTTP/1.1" 200 27
58.35.210.91 - - [29/May/2022:09:16:23 +0800] "POST /xingrg/services/DataTransmitService HTTP/1.1" 200 524
120.253.135.82 - - [29/May/2022:09:16:24 +0800] "POST /xingrg/kc/pszx/mdps_order_operate.html HTTP/1.1" 200 37
114.86.187.179 - - [29/May/2022:09:16:24 +0800] "GET /xingrg/kc/buy/cgsh_order_operate.html?command=get_materiel&rest_code=00148&code=00101006144&supplier_code=00100010&order_time=2022-05-29 HTTP/1.1" 200 431
120.253.135.82 - - [29/May/2022:09:16:25 +0800] "POST /xingrg/kc/pszx/mdps_order_operate.html HTTP/1.1" 200 12
120.253.135.82 - - [29/May/2022:09:16:31 +0800] "GET /xingrg/kc/pszx/mdps_order_info.html?code=312022052900932 HTTP/1.1" 200 19632
120.253.135.82 - - [29/May/2022:09:16:32 +0800] "POST /xingrg/kc/pszx/mdps_order_operate.html HTTP/1.1" 200 4028
120.253.135.82 - - [29/May/2022:09:16:32 +0800] "GET /xingrg/javascript/easyui/themes/default/validatebox.css HTTP/1.1" 404 1104
180.175.103.167 - - [29/May/2022:09:16:34 +0800] "GET /xingrg/all/function/internal_message.html?_=1653786998466&CODE_STATE=getMsg HTTP/1.1" 200 27
180.175.103.167 - - [29/May/2022:09:16:34 +0800] "GET /xingrg/check_reg.html?_=1653786998469 HTTP/1.1" 200 22
120.253.135.82 - - [29/May/2022:09:16:35 +0800] "POST /xingrg/kc/pszx/mdps_list_operate.html HTTP/1.1" 200 2045
120.253.135.82 - - [29/May/2022:09:16:36 +0800] "GET /xingrg/all/function/internal_message.html?_=1653786805437&CODE_STATE=getMsg HTTP/1.1" 200 27
120.253.135.82 - - [29/May/2022:09:16:41 +0800] "GET /xingrg/check_reg.html?_=1653787099417 HTTP/1.1" 200 22
120.253.135.82 - - [29/May/2022:09:16:43 +0800] "POST /xingrg/kc/pszx/mdps_list_operate.html HTTP/1.1" 200 613
120.253.135.82 - - [29/May/2022:09:16:43 +0800] "GET /xingrg/kc/pszx/mdps_order_info.html?code=312022052900933 HTTP/1.1" 200 23972
120.253.135.82 - - [29/May/2022:09:16:43 +0800] "GET /xingrg/javascript/easyui/themes/default/validatebox.css HTTP/1.1" 404 1104
120.253.135.82 - - [29/May/2022:09:16:44 +0800] "POST /xingrg/kc/pszx/mdps_order_operate.html HTTP/1.1" 200 5845
120.253.135.82 - - [29/May/2022:09:16:44 +0800] "GET /xingrg/all/function/internal_message.html?_=1653787102090&CODE_STATE=getMsg HTTP/1.1" 200 27
120.253.135.82 - - [29/May/2022:09:16:48 +0800] "POST /xingrg/kc/pszx/mdps_order_operate.html HTTP/1.1" 200 37
180.156.212.250 - - [29/May/2022:09:16:50 +0800] "GET /xingrg/all/function/internal_message.html?_=1653787079245&CODE_STATE=getMsg HTTP/1.1" 200 27
120.253.135.82 - - [29/May/2022:09:16:50 +0800] "POST /xingrg/kc/pszx/mdps_order_operate.html HTTP/1.1" 200 12
120.253.135.82 - - [29/May/2022:09:16:51 +0800] "GET /xingrg/kc/pszx/mdps_order_info.html?code=312022052900933 HTTP/1.1" 200 19632
120.253.135.82 - - [29/May/2022:09:16:52 +0800] "POST /xingrg/kc/pszx/mdps_order_operate.html HTTP/1.1" 200 4036
120.253.135.82 - - [29/May/2022:09:16:52 +0800] "GET /xingrg/javascript/easyui/themes/default/validatebox.css HTTP/1.1" 404 1104
180.156.212.250 - - [29/May/2022:09:16:54 +0800] "GET /xingrg/javascript/jquery_easy_ui/themes/default/images/tabs_close.gif HTTP/1.1" 200 829
180.156.212.250 - - [29/May/2022:09:16:54 +0800] "GET /xingrg/css/base.css HTTP/1.1" 200 2811
180.156.212.250 - - [29/May/2022:09:16:54 +0800] "GET /xingrg/css/site.css HTTP/1.1" 200 7541
180.156.212.250 - - [29/May/2022:09:16:54 +0800] "GET /xingrg/javascript/jquery_tools/datebox.css HTTP/1.1" 200 2597
180.156.212.250 - - [29/May/2022:09:16:54 +0800] "GET /xingrg/javascript/easyui/themes/icon.css HTTP/1.1" 200 4483
180.156.212.250 - - [29/May/2022:09:16:54 +0800] "GET /xingrg/javascript/auto/jquery.autocomplete.css HTTP/1.1" 200 587
180.156.212.250 - - [29/May/2022:09:16:54 +0800] "GET /xingrg/kc/buy/cgsh_order_list.html HTTP/1.1" 200 51746
180.156.212.250 - - [29/May/2022:09:16:54 +0800] "GET /xingrg/javascript/jquery_tools/table.css HTTP/1.1" 200 1032
180.156.212.250 - - [29/May/2022:09:16:54 +0800] "GET /xingrg/javascript/jquery_tools/fix.css HTTP/1.1" 200 1702
180.156.212.250 - - [29/May/2022:09:16:54 +0800] "GET /xingrg/javascript/jquery_tools/jquery.tools.min.js HTTP/1.1" 200 138801
180.156.212.250 - - [29/May/2022:09:16:54 +0800] "GET /xingrg/javascript/jquery_tools/jquery.tools.hotkey.js HTTP/1.1" 200 3242
180.156.212.250 - - [29/May/2022:09:16:54 +0800] "GET /xingrg/javascript/jquery_tools/jquery.tools.table.js HTTP/1.1" 200 6994
180.156.212.250 - - [29/May/2022:09:16:54 +0800] "GET /xingrg/javascript/jquery_tools/list_manager.js HTTP/1.1" 200 3652
180.156.212.250 - - [29/May/2022:09:16:54 +0800] "GET /xingrg/javascript/easyui/easyloader.js HTTP/1.1" 200 5975
180.156.212.250 - - [29/May/2022:09:16:54 +0800] "GET /xingrg/javascript/print/LodopFuncs.js HTTP/1.1" 200 5121
180.156.212.250 - - [29/May/2022:09:16:54 +0800] "GET /xingrg/javascript/jquery.cookie.js HTTP/1.1" 200 5513
180.156.212.250 - - [29/May/2022:09:16:54 +0800] "GET /xingrg/javascript/jquery_tools/jquery.tools.extend.js HTTP/1.1" 200 15385
180.156.212.250 - - [29/May/2022:09:16:54 +0800] "GET /xingrg/javascript/easyui/themes/default/easyui.css HTTP/1.1" 200 30432
180.156.212.250 - - [29/May/2022:09:16:54 +0800] "GET /xingrg/javascript/auto/jquery.autocomplete.js HTTP/1.1" 200 21624
180.156.212.250 - - [29/May/2022:09:16:55 +0800] "GET /xingrg/javascript/easyui/themes/icons/edit_add_new.png HTTP/1.1" 200 2997
180.156.212.250 - - [29/May/2022:09:16:55 +0800] "GET /xingrg/javascript/easyui/themes/icons/cance_new.png HTTP/1.1" 200 3986
180.156.212.250 - - [29/May/2022:09:16:55 +0800] "GET /xingrg/javascript/easyui/themes/icons/check_new.png HTTP/1.1" 200 3224
180.156.212.250 - - [29/May/2022:09:16:55 +0800] "GET /xingrg/javascript/easyui/themes/icons/field_new.png HTTP/1.1" 200 1097
180.156.212.250 - - [29/May/2022:09:16:55 +0800] "GET /xingrg/javascript/easyui/themes/icons/import_new.png HTTP/1.1" 200 1247
180.156.212.250 - - [29/May/2022:09:16:55 +0800] "GET /xingrg/javascript/easyui/plugins/jquery.parser.js HTTP/1.1" 200 1142
180.156.212.250 - - [29/May/2022:09:16:55 +0800] "GET /xingrg/images/control/ajaxLoader.gif HTTP/1.1" 200 4659
180.156.212.250 - - [29/May/2022:09:16:56 +0800] "POST /xingrg/kc/buy/cgsh_list_operate.html HTTP/1.1" 200 876
114.84.147.169 - - [29/May/2022:09:16:56 +0800] "GET /xingrg/all/function/internal_message.html?_=1653786750840&CODE_STATE=getMsg HTTP/1.1" 200 27
58.39.61.91 - - [29/May/2022:09:16:56 +0800] "GET /xingrg/all/function/internal_message.html?_=1653786978930&CODE_STATE=getMsg HTTP/1.1" 200 27
180.175.103.167 - - [29/May/2022:09:16:56 +0800] "GET /xingrg/all/function/internal_message.html?_=1653786937852&CODE_STATE=getMsg HTTP/1.1" 200 27
116.233.76.8 - - [29/May/2022:09:16:58 +0800] "GET /xingrg/all/function/internal_message.html?_=1653787019767&CODE_STATE=getMsg HTTP/1.1" 200 27
218.81.223.53 - - [29/May/2022:09:16:59 +0800] "GET /xingrg/all/function/internal_message.html?_=1653787044979&CODE_STATE=getMsg HTTP/1.1" 200 27
180.156.212.250 - - [29/May/2022:09:17:02 +0800] "POST /xingrg/kc/buy/cgsh_list_operate.html HTTP/1.1" 200 5753
180.156.212.250 - - [29/May/2022:09:17:05 +0800] "POST /xingrg/kc/buy/cgsh_list_operate.html HTTP/1.1" 200 574
116.230.110.173 - - [29/May/2022:09:17:07 +0800] "GET /xingrg/all/function/internal_message.html?_=1653787010172&CODE_STATE=getMsg HTTP/1.1" 200 27
180.156.212.250 - - [29/May/2022:09:17:07 +0800] "GET /xingrg/javascript/pic_change.js HTTP/1.1" 200 4739
180.156.212.250 - - [29/May/2022:09:17:07 +0800] "GET /xingrg/javascript/convert.js HTTP/1.1" 200 1239
180.156.212.250 - - [29/May/2022:09:17:07 +0800] "GET /xingrg/javascript/jquery_tools/order_manager.js HTTP/1.1" 200 11183
180.156.212.250 - - [29/May/2022:09:17:07 +0800] "GET /xingrg/javascript/json2.js HTTP/1.1" 200 11259
180.156.212.250 - - [29/May/2022:09:17:07 +0800] "GET /xingrg/javascript/print/kc_print.js HTTP/1.1" 200 11415
180.156.212.250 - - [29/May/2022:09:17:07 +0800] "GET /xingrg/kc/buy/cgsh_order_info.html?code=212022052701767 HTTP/1.1" 200 62423
180.156.212.250 - - [29/May/2022:09:17:07 +0800] "GET /xingrg/words/20220528145213_words.js HTTP/1.1" 200 899815
180.156.212.250 - - [29/May/2022:09:17:08 +0800] "GET /xingrg/javascript/easyui/themes/icons/copy_new.png HTTP/1.1" 200 815
180.156.212.250 - - [29/May/2022:09:17:08 +0800] "GET /xingrg/javascript/easyui/themes/icons/print.png HTTP/1.1" 200 1057
180.156.212.250 - - [29/May/2022:09:17:08 +0800] "GET /xingrg/javascript/easyui/themes/default/images/menu_downarrow.png HTTP/1.1" 200 173
180.156.212.250 - - [29/May/2022:09:17:08 +0800] "GET /xingrg/javascript/easyui/themes/icons/cancel.png HTTP/1.1" 200 1133
180.156.212.250 - - [29/May/2022:09:17:09 +0800] "GET /xingrg/javascript/easyui/themes/default/validatebox.css HTTP/1.1" 404 1104
180.156.212.250 - - [29/May/2022:09:17:09 +0800] "GET /xingrg/javascript/easyui/plugins/jquery.validatebox.js HTTP/1.1" 200 6103
180.156.212.250 - - [29/May/2022:09:17:09 +0800] "GET /xingrg/javascript/easyui/plugins/jquery.numberbox.js HTTP/1.1" 200 5213
180.156.212.250 - - [29/May/2022:09:17:10 +0800] "POST /xingrg/kc/buy/cgsh_order_operate.html HTTP/1.1" 200 7775
180.156.212.250 - - [29/May/2022:09:17:10 +0800] "GET /xingrg/javascript/easyui/themes/icons/edit_remove.png HTTP/1.1" 200 625
116.235.92.88 - - [29/May/2022:09:17:11 +0800] "GET /xingrg/all/function/internal_message.html?_=1653787206416&CODE_STATE=getMsg HTTP/1.1" 200 27
114.88.162.248 - - [29/May/2022:09:17:13 +0800] "GET /xingrg/all/function/internal_message.html?_=1653787033101&CODE_STATE=getMsg HTTP/1.1" 200 27
114.86.187.179 - - [29/May/2022:09:17:14 +0800] "GET /xingrg/kc/buy/cgsh_order_operate.html?command=get_materiel&rest_code=00148&code=00101006060&supplier_code=00100010&order_time=2022-05-29 HTTP/1.1" 200 409
114.86.187.179 - - [29/May/2022:09:17:18 +0800] "GET /xingrg/check_reg.html?_=1653787039297 HTTP/1.1" 200 22
114.86.187.179 - - [29/May/2022:09:17:18 +0800] "GET /xingrg/all/function/internal_message.html?_=1653787039302&CODE_STATE=getMsg HTTP/1.1" 200 27
58.39.61.91 - - [29/May/2022:09:17:20 +0800] "GET /xingrg/all/function/internal_message.html?_=1653787039653&CODE_STATE=getMsg HTTP/1.1" 200 27
218.81.223.53 - - [29/May/2022:09:17:25 +0800] "GET /xingrg/check_reg.html?_=1653787070739 HTTP/1.1" 200 22
114.86.187.179 - - [29/May/2022:09:17:28 +0800] "POST /xingrg/kc/buy/cgsh_order_operate.html HTTP/1.1" 200 37
114.86.187.179 - - [29/May/2022:09:17:30 +0800] "POST /xingrg/kc/buy/cgsh_order_operate.html HTTP/1.1" 200 4464
180.175.103.167 - - [29/May/2022:09:17:34 +0800] "GET /xingrg/all/function/internal_message.html?_=1653787058468&CODE_STATE=getMsg HTTP/1.1" 200 27
120.253.135.82 - - [29/May/2022:09:17:36 +0800] "GET /xingrg/all/function/internal_message.html?_=1653786865450&CODE_STATE=getMsg HTTP/1.1" 200 27
116.235.92.88 - - [29/May/2022:09:17:38 +0800] "GET /xingrg/check_reg.html?_=1653787233330 HTTP/1.1" 200 22
120.253.135.82 - - [29/May/2022:09:17:44 +0800] "GET /xingrg/all/function/internal_message.html?_=1653787162105&CODE_STATE=getMsg HTTP/1.1" 200 27
120.253.135.82 - - [29/May/2022:09:17:47 +0800] "POST /xingrg/kc/pszx/mdps_list_operate.html HTTP/1.1" 200 1681
114.86.187.179 - - [29/May/2022:09:17:47 +0800] "GET /xingrg/kc/print/load_data.html?order_code=212022052901865&kc_code=cgsh&condition= HTTP/1.1" 200 1453
120.253.135.82 - - [29/May/2022:09:17:48 +0800] "POST /xingrg/kc/pszx/mdps_list_operate.html HTTP/1.1" 200 294
180.156.212.250 - - [29/May/2022:09:17:50 +0800] "GET /xingrg/all/function/internal_message.html?_=1653787139272&CODE_STATE=getMsg HTTP/1.1" 200 27
120.253.135.82 - - [29/May/2022:09:17:52 +0800] "GET /xingrg/check_reg.html?_=1653786881888 HTTP/1.1" 200 22
120.253.135.82 - - [29/May/2022:09:17:54 +0800] "GET /xingrg/kc/pszx/mdps_order_list.html?orderType=0 HTTP/1.1" 200 20966
120.253.135.82 - - [29/May/2022:09:17:54 +0800] "POST /xingrg/kc/pszx/mdps_list_operate.html HTTP/1.1" 200 5015
114.84.147.169 - - [29/May/2022:09:17:56 +0800] "GET /xingrg/all/function/internal_message.html?_=1653786810848&CODE_STATE=getMsg HTTP/1.1" 200 27
114.84.147.169 - - [29/May/2022:09:17:56 +0800] "GET /xingrg/check_reg.html?_=1653786810850 HTTP/1.1" 200 22
58.39.61.91 - - [29/May/2022:09:17:56 +0800] "GET /xingrg/all/function/internal_message.html?_=1653787038939&CODE_STATE=getMsg HTTP/1.1" 200 27
180.175.103.167 - - [29/May/2022:09:17:56 +0800] "GET /xingrg/all/function/internal_message.html?_=1653786997853&CODE_STATE=getMsg HTTP/1.1" 200 27
120.253.135.82 - - [29/May/2022:09:17:58 +0800] "POST /xingrg/kc/pszx/mdps_list_operate.html HTTP/1.1" 200 202
116.233.76.8 - - [29/May/2022:09:17:58 +0800] "GET /xingrg/all/function/internal_message.html?_=1653787079767&CODE_STATE=getMsg HTTP/1.1" 200 27
218.81.223.53 - - [29/May/2022:09:17:59 +0800] "GET /xingrg/all/function/internal_message.html?_=1653787104994&CODE_STATE=getMsg HTTP/1.1" 200 27
114.86.187.179 - - [29/May/2022:09:18:04 +0800] "POST /xingrg/kc/buy/cgsh_list_operate.html HTTP/1.1" 200 1690
116.230.110.173 - - [29/May/2022:09:18:07 +0800] "GET /xingrg/all/function/internal_message.html?_=1653787070176&CODE_STATE=getMsg HTTP/1.1" 200 27
116.235.92.88 - - [29/May/2022:09:18:11 +0800] "GET /xingrg/all/function/internal_message.html?_=1653787266395&CODE_STATE=getMsg HTTP/1.1" 200 27
120.253.135.82 - - [29/May/2022:09:18:13 +0800] "GET /xingrg/kc/report/report_main.html HTTP/1.1" 200 8599
120.253.135.82 - - [29/May/2022:09:18:13 +0800] "GET /xingrg/css/blue.css HTTP/1.1" 304 -
120.253.135.82 - - [29/May/2022:09:18:13 +0800] "GET /xingrg/javascript/jquery_ui/themes/humanity/humanity.css HTTP/1.1" 200 27801
120.253.135.82 - - [29/May/2022:09:18:13 +0800] "GET /xingrg/javascript/jquery_easy_ui/themes/icons/back_new.png HTTP/1.1" 304 -
114.88.162.248 - - [29/May/2022:09:18:13 +0800] "GET /xingrg/all/function/internal_message.html?_=1653787093102&CODE_STATE=getMsg HTTP/1.1" 200 27
114.86.187.179 - - [29/May/2022:09:18:13 +0800] "POST /xingrg/kc/buy/cgsh_list_operate.html HTTP/1.1" 200 431
114.86.187.179 - - [29/May/2022:09:18:18 +0800] "GET /xingrg/all/function/internal_message.html?_=1653787099286&CODE_STATE=getMsg HTTP/1.1" 200 27
114.86.187.179 - - [29/May/2022:09:18:18 +0800] "POST /xingrg/kc/buy/cgsh_list_operate.html HTTP/1.1" 200 4
120.253.135.82 - - [29/May/2022:09:18:19 +0800] "GET /xingrg/kc/base/kc_stocks.html HTTP/1.1" 200 16437
120.253.135.82 - - [29/May/2022:09:18:19 +0800] "GET /xingrg/javascript/easyui/themes/sunny/easyui.css HTTP/1.1" 200 34304
120.253.135.82 - - [29/May/2022:09:18:19 +0800] "GET /xingrg/javascript/easyui/themes/icons/refresh_new.png HTTP/1.1" 200 685
120.253.135.82 - - [29/May/2022:09:18:19 +0800] "GET /xingrg/javascript/easyui/themes/icons/filter_new.png HTTP/1.1" 200 795
120.253.135.82 - - [29/May/2022:09:18:19 +0800] "GET /xingrg/javascript/easyui/themes/icons/print_new.png HTTP/1.1" 200 3580
120.253.135.82 - - [29/May/2022:09:18:19 +0800] "GET /xingrg/javascript/easyui/plugins/jquery.draggable.js HTTP/1.1" 200 6121
120.253.135.82 - - [29/May/2022:09:18:19 +0800] "GET /xingrg/javascript/easyui/plugins/jquery.droppable.js HTTP/1.1" 200 1167
120.253.135.82 - - [29/May/2022:09:18:19 +0800] "GET /xingrg/javascript/easyui/themes/default/tree.css HTTP/1.1" 404 1090
120.253.135.82 - - [29/May/2022:09:18:19 +0800] "GET /xingrg/javascript/easyui/plugins/jquery.tree.js HTTP/1.1" 200 20874
120.253.135.82 - - [29/May/2022:09:18:19 +0800] "POST /xingrg/all/common/load_tree.html?tree=materiel_sort_tree_json HTTP/1.1" 200 9388
120.253.135.82 - - [29/May/2022:09:18:19 +0800] "GET /xingrg/javascript/easyui/themes/sunny/images/tree_arrows.gif HTTP/1.1" 200 617
120.253.135.82 - - [29/May/2022:09:18:19 +0800] "GET /xingrg/javascript/easyui/themes/sunny/images/tree_file.gif HTTP/1.1" 200 118
120.253.135.82 - - [29/May/2022:09:18:19 +0800] "GET /xingrg/javascript/easyui/themes/sunny/images/tree_folder.gif HTTP/1.1" 200 952
120.253.135.82 - - [29/May/2022:09:18:19 +0800] "GET /xingrg/javascript/easyui/themes/sunny/images/tree_folder_open.gif HTTP/1.1" 200 956
58.39.61.91 - - [29/May/2022:09:18:20 +0800] "GET /xingrg/all/function/internal_message.html?_=1653787099670&CODE_STATE=getMsg HTTP/1.1" 200 27
120.253.135.82 - - [29/May/2022:09:18:23 +0800] "GET /xingrg/css/images/panel_loading.gif HTTP/1.1" 200 1737
120.253.135.82 - - [29/May/2022:09:18:23 +0800] "POST /xingrg/all/common/load_combo.html?type=base HTTP/1.1" 200 1169
114.86.187.179 - - [29/May/2022:09:18:24 +0800] "POST /xingrg/kc/buy/cgsh_list_operate.html HTTP/1.1" 200 876
180.175.103.167 - - [29/May/2022:09:18:34 +0800] "GET /xingrg/all/function/internal_message.html?_=1653787118468&CODE_STATE=getMsg HTTP/1.1" 200 27
120.253.135.82 - - [29/May/2022:09:18:36 +0800] "GET /xingrg/all/function/internal_message.html?_=1653786925464&CODE_STATE=getMsg HTTP/1.1" 200 27
120.253.135.82 - - [29/May/2022:09:18:44 +0800] "GET /xingrg/all/function/internal_message.html?_=1653787222118&CODE_STATE=getMsg HTTP/1.1" 200 27
120.253.135.82 - - [29/May/2022:09:18:45 +0800] "POST /xingrg/kc/base/stock_operate.html HTTP/1.1" 200 1709
120.253.135.82 - - [29/May/2022:09:18:45 +0800] "GET /xingrg/javascript/jquery_tools/fix_table.js HTTP/1.1" 200 6528
180.156.212.250 - - [29/May/2022:09:18:50 +0800] "GET /xingrg/all/function/internal_message.html?_=1653787199288&CODE_STATE=getMsg HTTP/1.1" 200 27
114.84.147.169 - - [29/May/2022:09:18:56 +0800] "GET /xingrg/all/function/internal_message.html?_=1653786870840&CODE_STATE=getMsg HTTP/1.1" 200 27
58.39.61.91 - - [29/May/2022:09:18:56 +0800] "GET /xingrg/all/function/internal_message.html?_=1653787099033&CODE_STATE=getMsg HTTP/1.1" 200 27
180.175.103.167 - - [29/May/2022:09:18:56 +0800] "GET /xingrg/all/function/internal_message.html?_=1653787057854&CODE_STATE=getMsg HTTP/1.1" 200 27
116.233.76.8 - - [29/May/2022:09:18:58 +0800] "GET /xingrg/all/function/internal_message.html?_=1653787139760&CODE_STATE=getMsg HTTP/1.1" 200 27
218.81.223.53 - - [29/May/2022:09:19:00 +0800] "GET /xingrg/all/function/internal_message.html?_=1653787165392&CODE_STATE=getMsg HTTP/1.1" 200 27
116.230.110.173 - - [29/May/2022:09:19:07 +0800] "GET /xingrg/all/function/internal_message.html?_=1653787130169&CODE_STATE=getMsg HTTP/1.1" 200 27
116.235.92.88 - - [29/May/2022:09:19:11 +0800] "GET /xingrg/all/function/internal_message.html?_=1653787326364&CODE_STATE=getMsg HTTP/1.1" 200 27
58.39.61.91 - - [29/May/2022:09:19:13 +0800] "GET /xingrg/check_reg.html?_=1653787115972 HTTP/1.1" 200 22
114.88.162.248 - - [29/May/2022:09:19:13 +0800] "GET /xingrg/all/function/internal_message.html?_=1653787153103&CODE_STATE=getMsg HTTP/1.1" 200 27
114.86.187.179 - - [29/May/2022:09:19:18 +0800] "GET /xingrg/all/function/internal_message.html?_=1653787159287&CODE_STATE=getMsg HTTP/1.1" 200 27
58.39.61.91 - - [29/May/2022:09:19:20 +0800] "GET /xingrg/all/function/internal_message.html?_=1653787159659&CODE_STATE=getMsg HTTP/1.1" 200 27
58.39.61.91 - - [29/May/2022:09:19:20 +0800] "GET /xingrg/check_reg.html?_=1653787159660 HTTP/1.1" 200 22
180.175.103.167 - - [29/May/2022:09:19:34 +0800] "GET /xingrg/all/function/internal_message.html?_=1653787178468&CODE_STATE=getMsg HTTP/1.1" 200 27
120.253.135.82 - - [29/May/2022:09:19:36 +0800] "GET /xingrg/all/function/internal_message.html?_=1653786985478&CODE_STATE=getMsg HTTP/1.1" 200 27
120.253.135.82 - - [29/May/2022:09:19:44 +0800] "GET /xingrg/all/function/internal_message.html?_=1653787282152&CODE_STATE=getMsg HTTP/1.1" 200 27
180.175.103.167 - - [29/May/2022:09:19:44 +0800] "POST /xingrg/services/DataTransmitService HTTP/1.1" 200 524
180.156.212.250 - - [29/May/2022:09:19:50 +0800] "GET /xingrg/check_reg.html?_=1653787259243 HTTP/1.1" 200 22
180.156.212.250 - - [29/May/2022:09:19:50 +0800] "GET /xingrg/all/function/internal_message.html?_=1653787259302&CODE_STATE=getMsg HTTP/1.1" 200 27
114.84.147.169 - - [29/May/2022:09:19:56 +0800] "GET /xingrg/all/function/internal_message.html?_=1653786930854&CODE_STATE=getMsg HTTP/1.1" 200 27
58.39.61.91 - - [29/May/2022:09:19:56 +0800] "GET /xingrg/all/function/internal_message.html?_=1653787159045&CODE_STATE=getMsg HTTP/1.1" 200 27
180.175.103.167 - - [29/May/2022:09:19:56 +0800] "GET /xingrg/check_reg.html?_=1653787117854 HTTP/1.1" 200 22
180.175.103.167 - - [29/May/2022:09:19:56 +0800] "GET /xingrg/all/function/internal_message.html?_=1653787117857&CODE_STATE=getMsg HTTP/1.1" 200 27
116.233.76.8 - - [29/May/2022:09:19:58 +0800] "GET /xingrg/all/function/internal_message.html?_=1653787199760&CODE_STATE=getMsg HTTP/1.1" 200 27
116.233.76.8 - - [29/May/2022:09:19:58 +0800] "GET /xingrg/check_reg.html?_=1653787199762 HTTP/1.1" 200 22
218.81.223.53 - - [29/May/2022:09:20:00 +0800] "GET /xingrg/all/function/internal_message.html?_=1653787225394&CODE_STATE=getMsg HTTP/1.1" 200 27
116.230.110.173 - - [29/May/2022:09:20:07 +0800] "GET /xingrg/all/function/internal_message.html?_=1653787190172&CODE_STATE=getMsg HTTP/1.1" 200 27
116.230.110.173 - - [29/May/2022:09:20:07 +0800] "GET /xingrg/check_reg.html?_=1653787190174 HTTP/1.1" 200 22
