114.84.147.169 - - [29/May/2022:08:27:56 +0800] "GET /xingrg/all/function/internal_message.html?_=1653783810690&CODE_STATE=getMsg HTTP/1.1" 200 27
114.84.147.169 - - [29/May/2022:08:27:56 +0800] "GET /xingrg/check_reg.html?_=1653783810691 HTTP/1.1" 200 22
180.175.103.167 - - [29/May/2022:08:27:56 +0800] "GET /xingrg/all/function/internal_message.html?_=1653783997805&CODE_STATE=getMsg HTTP/1.1" 200 27
116.233.76.8 - - [29/May/2022:08:27:58 +0800] "GET /xingrg/all/function/internal_message.html?_=1653784079656&CODE_STATE=getMsg HTTP/1.1" 200 27
116.230.110.173 - - [29/May/2022:08:28:07 +0800] "GET /xingrg/all/function/internal_message.html?_=1653784070176&CODE_STATE=getMsg HTTP/1.1" 200 27
116.235.92.88 - - [29/May/2022:08:28:12 +0800] "GET /xingrg/all/function/internal_message.html?_=1653784267505&CODE_STATE=getMsg HTTP/1.1" 200 27
114.88.162.248 - - [29/May/2022:08:28:13 +0800] "GET /xingrg/all/function/internal_message.html?_=1653784093022&CODE_STATE=getMsg HTTP/1.1" 200 27
180.156.212.250 - - [29/May/2022:08:28:18 +0800] "GET /xingrg/check_reg.html?_=1653784167413 HTTP/1.1" 302 -
58.39.61.91 - - [29/May/2022:08:28:20 +0800] "GET /xingrg/all/function/internal_message.html?_=1653784099523&CODE_STATE=getMsg HTTP/1.1" 200 27
180.175.103.167 - - [29/May/2022:08:28:34 +0800] "GET /xingrg/all/function/internal_message.html?_=1653784118390&CODE_STATE=getMsg HTTP/1.1" 200 27
120.253.135.82 - - [29/May/2022:08:28:36 +0800] "GET /xingrg/all/function/internal_message.html?_=1653783926111&CODE_STATE=getMsg HTTP/1.1" 200 27
120.253.135.82 - - [29/May/2022:08:28:43 +0800] "GET /xingrg/all/function/internal_message.html?_=1653784221282&CODE_STATE=getMsg HTTP/1.1" 200 27
218.81.223.53 - - [29/May/2022:08:28:51 +0800] "GET /xingrg/all/function/internal_message.html?_=1653784156465&CODE_STATE=getMsg HTTP/1.1" 200 27
58.39.61.91 - - [29/May/2022:08:28:54 +0800] "GET /xingrg/all/function/internal_message.html?_=1653784097048&CODE_STATE=getMsg HTTP/1.1" 200 27
114.84.147.169 - - [29/May/2022:08:28:56 +0800] "GET /xingrg/all/function/internal_message.html?_=1653783870714&CODE_STATE=getMsg HTTP/1.1" 200 27
180.175.103.167 - - [29/May/2022:08:28:56 +0800] "GET /xingrg/all/function/internal_message.html?_=1653784057805&CODE_STATE=getMsg HTTP/1.1" 200 27
116.233.76.8 - - [29/May/2022:08:28:58 +0800] "GET /xingrg/all/function/internal_message.html?_=1653784139654&CODE_STATE=getMsg HTTP/1.1" 200 27
116.230.110.173 - - [29/May/2022:08:29:07 +0800] "GET /xingrg/all/function/internal_message.html?_=1653784130170&CODE_STATE=getMsg HTTP/1.1" 200 27
116.235.92.88 - - [29/May/2022:08:29:12 +0800] "GET /xingrg/all/function/internal_message.html?_=1653784327477&CODE_STATE=getMsg HTTP/1.1" 200 27
58.39.61.91 - - [29/May/2022:08:29:13 +0800] "GET /xingrg/check_reg.html?_=1653784115918 HTTP/1.1" 200 22
114.88.162.248 - - [29/May/2022:08:29:13 +0800] "GET /xingrg/all/function/internal_message.html?_=1653784153021&CODE_STATE=getMsg HTTP/1.1" 200 27
120.253.135.82 - - [29/May/2022:08:29:18 +0800] "GET /xingrg/kc/buy/cgsh_order_list.html HTTP/1.1" 200 51746
120.253.135.82 - - [29/May/2022:08:29:18 +0800] "GET /xingrg/javascript/jquery_tools/jquery.tools.table.js HTTP/1.1" 200 6994
120.253.135.82 - - [29/May/2022:08:29:18 +0800] "GET /xingrg/javascript/jquery_tools/table.css HTTP/1.1" 200 1032
120.253.135.82 - - [29/May/2022:08:29:18 +0800] "GET /xingrg/javascript/easyui/themes/default/easyui.css HTTP/1.1" 200 30432
120.253.135.82 - - [29/May/2022:08:29:19 +0800] "POST /xingrg/kc/buy/cgsh_list_operate.html HTTP/1.1" 200 876
58.39.61.91 - - [29/May/2022:08:29:20 +0800] "GET /xingrg/all/function/internal_message.html?_=1653784159526&CODE_STATE=getMsg HTTP/1.1" 200 27
58.39.61.91 - - [29/May/2022:08:29:20 +0800] "GET /xingrg/check_reg.html?_=1653784159529 HTTP/1.1" 200 22
120.253.135.82 - - [29/May/2022:08:29:33 +0800] "GET /xingrg/kc/buy/cgth_order_list.html HTTP/1.1" 200 51149
120.253.135.82 - - [29/May/2022:08:29:34 +0800] "POST /xingrg/kc/buy/cgth_list_operate.html HTTP/1.1" 200 1035
180.175.103.167 - - [29/May/2022:08:29:34 +0800] "GET /xingrg/all/function/internal_message.html?_=1653784178392&CODE_STATE=getMsg HTTP/1.1" 200 27
120.253.135.82 - - [29/May/2022:08:29:37 +0800] "GET /xingrg/all/function/internal_message.html?_=1653783986282&CODE_STATE=getMsg HTTP/1.1" 200 27
120.253.135.82 - - [29/May/2022:08:29:37 +0800] "GET /xingrg/javascript/easyui/themes/default/images/button_plain_hover.png HTTP/1.1" 200 144
120.253.135.82 - - [29/May/2022:08:29:37 +0800] "GET /xingrg/javascript/easyui/themes/default/images/button_plain_hover.png HTTP/1.1" 200 144
120.253.135.82 - - [29/May/2022:08:29:37 +0800] "GET /xingrg/javascript/easyui/themes/default/images/button_plain_hover.png HTTP/1.1" 200 144
120.253.135.82 - - [29/May/2022:08:29:40 +0800] "GET /xingrg/kc/buy/cgsh_order_list.html HTTP/1.1" 200 51746
120.253.135.82 - - [29/May/2022:08:29:41 +0800] "POST /xingrg/kc/buy/cgsh_list_operate.html HTTP/1.1" 200 876
120.253.135.82 - - [29/May/2022:08:29:42 +0800] "GET /xingrg/javascript/jquery_tools/order_manager.js HTTP/1.1" 200 11183
120.253.135.82 - - [29/May/2022:08:29:42 +0800] "GET /xingrg/kc/buy/cgsh_order_add.html HTTP/1.1" 200 66592
120.253.135.82 - - [29/May/2022:08:29:42 +0800] "GET /xingrg/javascript/print/kc_print.js HTTP/1.1" 200 11415
120.253.135.82 - - [29/May/2022:08:29:42 +0800] "GET /xingrg/words/20220528145213_words.js HTTP/1.1" 200 899815
120.253.135.82 - - [29/May/2022:08:29:42 +0800] "GET /xingrg/javascript/easyui/themes/icons/copy_new.png HTTP/1.1" 200 815
120.253.135.82 - - [29/May/2022:08:29:42 +0800] "GET /xingrg/javascript/easyui/themes/icons/template_new.png HTTP/1.1" 200 3956
120.253.135.82 - - [29/May/2022:08:29:42 +0800] "GET /xingrg/javascript/easyui/themes/default/images/menu_downarrow.png HTTP/1.1" 200 173
120.253.135.82 - - [29/May/2022:08:29:42 +0800] "GET /xingrg/javascript/easyui/themes/icons/print.png HTTP/1.1" 200 1057
120.253.135.82 - - [29/May/2022:08:29:42 +0800] "GET /xingrg/javascript/easyui/themes/icons/ok.png HTTP/1.1" 200 883
120.253.135.82 - - [29/May/2022:08:29:42 +0800] "GET /xingrg/javascript/easyui/themes/icons/cancel.png HTTP/1.1" 200 1133
120.253.135.82 - - [29/May/2022:08:29:43 +0800] "GET /xingrg/all/function/internal_message.html?_=1653784281315&CODE_STATE=getMsg HTTP/1.1" 200 27
120.253.135.82 - - [29/May/2022:08:29:43 +0800] "POST /xingrg/kc/buy/cgsh_order_operate.html HTTP/1.1" 200 8245
120.253.135.82 - - [29/May/2022:08:29:43 +0800] "GET /xingrg/all/common/auto_word.html?type=employee&rest_code=00101 HTTP/1.1" 200 977
120.253.135.82 - - [29/May/2022:08:29:44 +0800] "GET /xingrg/all/common/auto_word.html?type=employee&rest_code=00101 HTTP/1.1" 200 977
120.253.135.82 - - [29/May/2022:08:29:44 +0800] "GET /xingrg/javascript/easyui/themes/default/validatebox.css HTTP/1.1" 404 1104
120.253.135.82 - - [29/May/2022:08:29:44 +0800] "GET /xingrg/javascript/easyui/plugins/jquery.validatebox.js HTTP/1.1" 200 6103
120.253.135.82 - - [29/May/2022:08:29:44 +0800] "GET /xingrg/javascript/easyui/plugins/jquery.numberbox.js HTTP/1.1" 200 5213
218.81.223.53 - - [29/May/2022:08:29:51 +0800] "GET /xingrg/all/function/internal_message.html?_=1653784216866&CODE_STATE=getMsg HTTP/1.1" 200 27
58.39.61.91 - - [29/May/2022:08:29:54 +0800] "GET /xingrg/all/function/internal_message.html?_=1653784157055&CODE_STATE=getMsg HTTP/1.1" 200 27
114.84.147.169 - - [29/May/2022:08:29:56 +0800] "GET /xingrg/all/function/internal_message.html?_=1653783930712&CODE_STATE=getMsg HTTP/1.1" 200 27
180.175.103.167 - - [29/May/2022:08:29:56 +0800] "GET /xingrg/check_reg.html?_=1653784117805 HTTP/1.1" 200 22
180.175.103.167 - - [29/May/2022:08:29:56 +0800] "GET /xingrg/all/function/internal_message.html?_=1653784117808&CODE_STATE=getMsg HTTP/1.1" 200 27
116.233.76.8 - - [29/May/2022:08:29:58 +0800] "GET /xingrg/all/function/internal_message.html?_=1653784199653&CODE_STATE=getMsg HTTP/1.1" 200 27
116.233.76.8 - - [29/May/2022:08:29:58 +0800] "GET /xingrg/check_reg.html?_=1653784199654 HTTP/1.1" 200 22
120.253.135.82 - - [29/May/2022:08:30:02 +0800] "POST /xingrg/all/common/load_combo.html?type=employee HTTP/1.1" 200 1752
116.230.110.173 - - [29/May/2022:08:30:07 +0800] "GET /xingrg/check_reg.html?_=1653784190185 HTTP/1.1" 200 22
116.230.110.173 - - [29/May/2022:08:30:07 +0800] "GET /xingrg/all/function/internal_message.html?_=1653784190184&CODE_STATE=getMsg HTTP/1.1" 200 27
120.253.135.82 - - [29/May/2022:08:30:12 +0800] "GET /xingrg/kc/buy/cgsh_order_operate.html?command=get_materiel&rest_code=00101&code=00102034041&supplier_code=00100403&order_time=2022-05-29 HTTP/1.1" 200 428
116.235.92.88 - - [29/May/2022:08:30:12 +0800] "GET /xingrg/all/function/internal_message.html?_=1653784387450&CODE_STATE=getMsg HTTP/1.1" 200 27
114.88.162.248 - - [29/May/2022:08:30:13 +0800] "GET /xingrg/all/function/internal_message.html?_=1653784213020&CODE_STATE=getMsg HTTP/1.1" 200 27
58.39.61.91 - - [29/May/2022:08:30:20 +0800] "GET /xingrg/all/function/internal_message.html?_=1653784219530&CODE_STATE=getMsg HTTP/1.1" 200 27
180.175.103.167 - - [29/May/2022:08:30:34 +0800] "GET /xingrg/all/function/internal_message.html?_=1653784238391&CODE_STATE=getMsg HTTP/1.1" 200 27
120.253.135.82 - - [29/May/2022:08:30:37 +0800] "GET /xingrg/all/function/internal_message.html?_=1653784046294&CODE_STATE=getMsg HTTP/1.1" 200 27
120.253.135.82 - - [29/May/2022:08:30:43 +0800] "GET /xingrg/all/function/internal_message.html?_=1653784341325&CODE_STATE=getMsg HTTP/1.1" 200 27
218.81.223.53 - - [29/May/2022:08:30:51 +0800] "GET /xingrg/all/function/internal_message.html?_=1653784276867&CODE_STATE=getMsg HTTP/1.1" 200 27
58.39.61.91 - - [29/May/2022:08:30:54 +0800] "GET /xingrg/all/function/internal_message.html?_=1653784217068&CODE_STATE=getMsg HTTP/1.1" 200 27
114.84.147.169 - - [29/May/2022:08:30:56 +0800] "GET /xingrg/all/function/internal_message.html?_=1653783990720&CODE_STATE=getMsg HTTP/1.1" 200 27
180.175.103.167 - - [29/May/2022:08:30:56 +0800] "GET /xingrg/all/function/internal_message.html?_=1653784177794&CODE_STATE=getMsg HTTP/1.1" 200 27
116.233.76.8 - - [29/May/2022:08:30:58 +0800] "GET /xingrg/all/function/internal_message.html?_=1653784259652&CODE_STATE=getMsg HTTP/1.1" 200 27
116.230.110.173 - - [29/May/2022:08:31:07 +0800] "GET /xingrg/all/function/internal_message.html?_=1653784250182&CODE_STATE=getMsg HTTP/1.1" 200 27
116.235.92.88 - - [29/May/2022:08:31:12 +0800] "GET /xingrg/all/function/internal_message.html?_=1653784447431&CODE_STATE=getMsg HTTP/1.1" 200 27
114.88.162.248 - - [29/May/2022:08:31:13 +0800] "GET /xingrg/all/function/internal_message.html?_=1653784273025&CODE_STATE=getMsg HTTP/1.1" 200 27
114.88.162.248 - - [29/May/2022:08:31:13 +0800] "GET /xingrg/check_reg.html?_=1653784273021 HTTP/1.1" 200 22
58.39.61.91 - - [29/May/2022:08:31:20 +0800] "GET /xingrg/all/function/internal_message.html?_=1653784279532&CODE_STATE=getMsg HTTP/1.1" 200 27
120.253.135.82 - - [29/May/2022:08:31:25 +0800] "POST /xingrg/kc/buy/cgsh_order_operate.html HTTP/1.1" 200 37
120.253.135.82 - - [29/May/2022:08:31:30 +0800] "POST /xingrg/kc/buy/cgsh_order_operate.html HTTP/1.1" 200 2660
180.175.103.167 - - [29/May/2022:08:31:34 +0800] "GET /xingrg/all/function/internal_message.html?_=1653784298390&CODE_STATE=getMsg HTTP/1.1" 200 27
180.175.103.167 - - [29/May/2022:08:31:34 +0800] "GET /xingrg/check_reg.html?_=1653784298393 HTTP/1.1" 200 22
120.253.135.82 - - [29/May/2022:08:31:37 +0800] "GET /xingrg/all/function/internal_message.html?_=1653784106307&CODE_STATE=getMsg HTTP/1.1" 200 27
120.253.135.82 - - [29/May/2022:08:31:41 +0800] "GET /xingrg/check_reg.html?_=1653784399242 HTTP/1.1" 200 22
120.253.135.82 - - [29/May/2022:08:31:43 +0800] "GET /xingrg/all/function/internal_message.html?_=1653784401338&CODE_STATE=getMsg HTTP/1.1" 200 27
218.81.223.53 - - [29/May/2022:08:31:52 +0800] "GET /xingrg/all/function/internal_message.html?_=1653784337270&CODE_STATE=getMsg HTTP/1.1" 200 27
58.39.61.91 - - [29/May/2022:08:31:54 +0800] "GET /xingrg/all/function/internal_message.html?_=1653784277153&CODE_STATE=getMsg HTTP/1.1" 200 27
114.84.147.169 - - [29/May/2022:08:31:56 +0800] "GET /xingrg/all/function/internal_message.html?_=1653784050718&CODE_STATE=getMsg HTTP/1.1" 200 27
180.175.103.167 - - [29/May/2022:08:31:56 +0800] "GET /xingrg/all/function/internal_message.html?_=1653784237794&CODE_STATE=getMsg HTTP/1.1" 200 27
116.233.76.8 - - [29/May/2022:08:31:58 +0800] "GET /xingrg/all/function/internal_message.html?_=1653784319660&CODE_STATE=getMsg HTTP/1.1" 200 27
116.230.110.173 - - [29/May/2022:08:32:07 +0800] "GET /xingrg/all/function/internal_message.html?_=1653784310178&CODE_STATE=getMsg HTTP/1.1" 200 27
116.235.92.88 - - [29/May/2022:08:32:12 +0800] "GET /xingrg/all/function/internal_message.html?_=1653784507400&CODE_STATE=getMsg HTTP/1.1" 200 27
114.88.162.248 - - [29/May/2022:08:32:13 +0800] "GET /xingrg/all/function/internal_message.html?_=1653784333025&CODE_STATE=getMsg HTTP/1.1" 200 27
58.39.61.91 - - [29/May/2022:08:32:20 +0800] "GET /xingrg/all/function/internal_message.html?_=1653784339531&CODE_STATE=getMsg HTTP/1.1" 200 27
218.81.223.53 - - [29/May/2022:08:32:25 +0800] "GET /xingrg/check_reg.html?_=1653784370686 HTTP/1.1" 200 22
180.175.103.167 - - [29/May/2022:08:32:34 +0800] "GET /xingrg/all/function/internal_message.html?_=1653784358392&CODE_STATE=getMsg HTTP/1.1" 200 27
120.253.135.82 - - [29/May/2022:08:32:36 +0800] "GET /xingrg/check_reg.html?_=1653784165962 HTTP/1.1" 200 22
120.253.135.82 - - [29/May/2022:08:32:37 +0800] "GET /xingrg/all/function/internal_message.html?_=1653784166321&CODE_STATE=getMsg HTTP/1.1" 200 27
116.235.92.88 - - [29/May/2022:08:32:38 +0800] "GET /xingrg/check_reg.html?_=1653784533469 HTTP/1.1" 200 22
120.253.135.82 - - [29/May/2022:08:32:43 +0800] "GET /xingrg/all/function/internal_message.html?_=1653784461353&CODE_STATE=getMsg HTTP/1.1" 200 27
218.81.223.53 - - [29/May/2022:08:32:52 +0800] "GET /xingrg/all/function/internal_message.html?_=1653784397283&CODE_STATE=getMsg HTTP/1.1" 200 27
58.39.61.91 - - [29/May/2022:08:32:54 +0800] "GET /xingrg/all/function/internal_message.html?_=1653784337158&CODE_STATE=getMsg HTTP/1.1" 200 27
114.84.147.169 - - [29/May/2022:08:32:56 +0800] "GET /xingrg/all/function/internal_message.html?_=1653784110709&CODE_STATE=getMsg HTTP/1.1" 200 27
114.84.147.169 - - [29/May/2022:08:32:56 +0800] "GET /xingrg/check_reg.html?_=1653784110711 HTTP/1.1" 200 22
180.175.103.167 - - [29/May/2022:08:32:56 +0800] "GET /xingrg/all/function/internal_message.html?_=1653784297794&CODE_STATE=getMsg HTTP/1.1" 200 27
116.233.76.8 - - [29/May/2022:08:32:58 +0800] "GET /xingrg/all/function/internal_message.html?_=1653784379659&CODE_STATE=getMsg HTTP/1.1" 200 27
116.230.110.173 - - [29/May/2022:08:33:07 +0800] "GET /xingrg/all/function/internal_message.html?_=1653784370177&CODE_STATE=getMsg HTTP/1.1" 200 27
116.235.92.88 - - [29/May/2022:08:33:12 +0800] "GET /xingrg/all/function/internal_message.html?_=1653784567404&CODE_STATE=getMsg HTTP/1.1" 200 27
114.88.162.248 - - [29/May/2022:08:33:13 +0800] "GET /xingrg/all/function/internal_message.html?_=1653784393026&CODE_STATE=getMsg HTTP/1.1" 200 27
180.156.212.250 - - [29/May/2022:08:33:18 +0800] "GET /xingrg/check_reg.html?_=1653784467597 HTTP/1.1" 302 -
58.39.61.91 - - [29/May/2022:08:33:20 +0800] "GET /xingrg/all/function/internal_message.html?_=1653784399529&CODE_STATE=getMsg HTTP/1.1" 200 27
180.175.103.167 - - [29/May/2022:08:33:34 +0800] "GET /xingrg/all/function/internal_message.html?_=1653784418391&CODE_STATE=getMsg HTTP/1.1" 200 27
120.253.135.82 - - [29/May/2022:08:33:37 +0800] "GET /xingrg/all/function/internal_message.html?_=1653784226335&CODE_STATE=getMsg HTTP/1.1" 200 27
120.253.135.82 - - [29/May/2022:08:33:43 +0800] "GET /xingrg/all/function/internal_message.html?_=1653784521366&CODE_STATE=getMsg HTTP/1.1" 200 27
58.39.61.91 - - [29/May/2022:08:33:50 +0800] "POST /xingrg/services/DataTransmitService HTTP/1.1" 200 524
218.81.223.53 - - [29/May/2022:08:33:52 +0800] "GET /xingrg/all/function/internal_message.html?_=1653784457297&CODE_STATE=getMsg HTTP/1.1" 200 27
58.39.61.91 - - [29/May/2022:08:33:54 +0800] "GET /xingrg/all/function/internal_message.html?_=1653784397240&CODE_STATE=getMsg HTTP/1.1" 200 27
114.84.147.169 - - [29/May/2022:08:33:56 +0800] "GET /xingrg/all/function/internal_message.html?_=1653784170721&CODE_STATE=getMsg HTTP/1.1" 200 27
180.175.103.167 - - [29/May/2022:08:33:56 +0800] "GET /xingrg/all/function/internal_message.html?_=1653784357795&CODE_STATE=getMsg HTTP/1.1" 200 27
116.233.76.8 - - [29/May/2022:08:33:58 +0800] "GET /xingrg/all/function/internal_message.html?_=1653784439661&CODE_STATE=getMsg HTTP/1.1" 200 27
116.230.110.173 - - [29/May/2022:08:34:07 +0800] "GET /xingrg/all/function/internal_message.html?_=1653784430170&CODE_STATE=getMsg HTTP/1.1" 200 27
116.235.92.88 - - [29/May/2022:08:34:12 +0800] "GET /xingrg/all/function/internal_message.html?_=1653784627384&CODE_STATE=getMsg HTTP/1.1" 200 27
58.39.61.91 - - [29/May/2022:08:34:13 +0800] "GET /xingrg/check_reg.html?_=1653784415922 HTTP/1.1" 200 22
114.88.162.248 - - [29/May/2022:08:34:13 +0800] "GET /xingrg/all/function/internal_message.html?_=1653784453052&CODE_STATE=getMsg HTTP/1.1" 200 27
218.81.223.53 - - [29/May/2022:08:34:20 +0800] "POST /xingrg/services/DataTransmitService HTTP/1.1" 200 524
58.39.61.91 - - [29/May/2022:08:34:20 +0800] "GET /xingrg/check_reg.html?_=1653784459558 HTTP/1.1" 200 22
58.39.61.91 - - [29/May/2022:08:34:20 +0800] "GET /xingrg/all/function/internal_message.html?_=1653784459544&CODE_STATE=getMsg HTTP/1.1" 200 27
218.81.223.53 - - [29/May/2022:08:34:21 +0800] "POST /xingrg/services/DataTransmitService HTTP/1.1" 200 412
180.175.103.167 - - [29/May/2022:08:34:34 +0800] "GET /xingrg/all/function/internal_message.html?_=1653784478390&CODE_STATE=getMsg HTTP/1.1" 200 27
120.253.135.82 - - [29/May/2022:08:34:37 +0800] "GET /xingrg/all/function/internal_message.html?_=1653784286348&CODE_STATE=getMsg HTTP/1.1" 200 27
120.253.135.82 - - [29/May/2022:08:34:43 +0800] "GET /xingrg/all/function/internal_message.html?_=1653784581399&CODE_STATE=getMsg HTTP/1.1" 200 27
218.81.223.53 - - [29/May/2022:08:34:52 +0800] "GET /xingrg/all/function/internal_message.html?_=1653784517679&CODE_STATE=getMsg HTTP/1.1" 200 27
58.39.61.91 - - [29/May/2022:08:34:54 +0800] "GET /xingrg/all/function/internal_message.html?_=1653784457247&CODE_STATE=getMsg HTTP/1.1" 200 27
114.84.147.169 - - [29/May/2022:08:34:56 +0800] "GET /xingrg/all/function/internal_message.html?_=1653784230716&CODE_STATE=getMsg HTTP/1.1" 200 27
180.175.103.167 - - [29/May/2022:08:34:56 +0800] "GET /xingrg/all/function/internal_message.html?_=1653784417795&CODE_STATE=getMsg HTTP/1.1" 200 27
180.175.103.167 - - [29/May/2022:08:34:56 +0800] "GET /xingrg/check_reg.html?_=1653784417798 HTTP/1.1" 200 22
116.233.76.8 - - [29/May/2022:08:34:58 +0800] "GET /xingrg/check_reg.html?_=1653784499661 HTTP/1.1" 200 22
116.233.76.8 - - [29/May/2022:08:34:58 +0800] "GET /xingrg/all/function/internal_message.html?_=1653784499665&CODE_STATE=getMsg HTTP/1.1" 200 27
116.230.110.173 - - [29/May/2022:08:35:07 +0800] "GET /xingrg/all/function/internal_message.html?_=1653784490174&CODE_STATE=getMsg HTTP/1.1" 200 27
116.230.110.173 - - [29/May/2022:08:35:07 +0800] "GET /xingrg/check_reg.html?_=1653784490176 HTTP/1.1" 200 22
116.235.92.88 - - [29/May/2022:08:35:12 +0800] "GET /xingrg/all/function/internal_message.html?_=1653784687364&CODE_STATE=getMsg HTTP/1.1" 200 27
114.88.162.248 - - [29/May/2022:08:35:13 +0800] "GET /xingrg/all/function/internal_message.html?_=1653784513051&CODE_STATE=getMsg HTTP/1.1" 200 27
58.39.61.91 - - [29/May/2022:08:35:20 +0800] "GET /xingrg/all/function/internal_message.html?_=1653784519541&CODE_STATE=getMsg HTTP/1.1" 200 27
180.175.103.167 - - [29/May/2022:08:35:34 +0800] "GET /xingrg/all/function/internal_message.html?_=1653784538388&CODE_STATE=getMsg HTTP/1.1" 200 27
120.253.135.82 - - [29/May/2022:08:35:37 +0800] "GET /xingrg/all/function/internal_message.html?_=1653784346679&CODE_STATE=getMsg HTTP/1.1" 200 27
120.253.135.82 - - [29/May/2022:08:35:43 +0800] "GET /xingrg/all/function/internal_message.html?_=1653784641408&CODE_STATE=getMsg HTTP/1.1" 200 27
218.81.223.53 - - [29/May/2022:08:35:52 +0800] "GET /xingrg/all/function/internal_message.html?_=1653784577683&CODE_STATE=getMsg HTTP/1.1" 200 27
58.39.61.91 - - [29/May/2022:08:35:54 +0800] "GET /xingrg/all/function/internal_message.html?_=1653784517261&CODE_STATE=getMsg HTTP/1.1" 200 27
114.84.147.169 - - [29/May/2022:08:35:56 +0800] "GET /xingrg/all/function/internal_message.html?_=1653784290712&CODE_STATE=getMsg HTTP/1.1" 200 27
180.175.103.167 - - [29/May/2022:08:35:56 +0800] "GET /xingrg/all/function/internal_message.html?_=1653784477798&CODE_STATE=getMsg HTTP/1.1" 200 27
116.233.76.8 - - [29/May/2022:08:35:58 +0800] "GET /xingrg/all/function/internal_message.html?_=1653784559663&CODE_STATE=getMsg HTTP/1.1" 200 27
116.230.110.173 - - [29/May/2022:08:36:07 +0800] "GET /xingrg/all/function/internal_message.html?_=1653784550170&CODE_STATE=getMsg HTTP/1.1" 200 27
116.235.92.88 - - [29/May/2022:08:36:12 +0800] "GET /xingrg/all/function/internal_message.html?_=1653784747323&CODE_STATE=getMsg HTTP/1.1" 200 27
114.88.162.248 - - [29/May/2022:08:36:13 +0800] "GET /xingrg/all/function/internal_message.html?_=1653784573055&CODE_STATE=getMsg HTTP/1.1" 200 27
114.88.162.248 - - [29/May/2022:08:36:13 +0800] "GET /xingrg/check_reg.html?_=1653784573052 HTTP/1.1" 200 22
58.39.61.91 - - [29/May/2022:08:36:20 +0800] "GET /xingrg/all/function/internal_message.html?_=1653784579554&CODE_STATE=getMsg HTTP/1.1" 200 27
180.175.103.167 - - [29/May/2022:08:36:34 +0800] "GET /xingrg/all/function/internal_message.html?_=1653784598389&CODE_STATE=getMsg HTTP/1.1" 200 27
180.175.103.167 - - [29/May/2022:08:36:34 +0800] "GET /xingrg/check_reg.html?_=1653784598392 HTTP/1.1" 200 22
120.253.135.82 - - [29/May/2022:08:36:35 +0800] "GET /xingrg/kc/print/load_config.html?kc_code=cgsh HTTP/1.1" 200 1943
120.253.135.82 - - [29/May/2022:08:36:35 +0800] "GET /xingrg/kc/print/load_data.html?order_code=212022052901860&kc_code=cgsh&condition= HTTP/1.1" 200 661
120.253.135.82 - - [29/May/2022:08:36:38 +0800] "GET /xingrg/all/function/internal_message.html?_=1653784407325&CODE_STATE=getMsg HTTP/1.1" 200 27
120.253.135.82 - - [29/May/2022:08:36:41 +0800] "GET /xingrg/check_reg.html?_=1653784699261 HTTP/1.1" 200 22
120.253.135.82 - - [29/May/2022:08:36:43 +0800] "GET /xingrg/all/function/internal_message.html?_=1653784701423&CODE_STATE=getMsg HTTP/1.1" 200 27
218.81.223.53 - - [29/May/2022:08:36:53 +0800] "GET /xingrg/all/function/internal_message.html?_=1653784638091&CODE_STATE=getMsg HTTP/1.1" 200 27
58.39.61.91 - - [29/May/2022:08:36:54 +0800] "GET /xingrg/all/function/internal_message.html?_=1653784577331&CODE_STATE=getMsg HTTP/1.1" 200 27
114.84.147.169 - - [29/May/2022:08:36:56 +0800] "GET /xingrg/all/function/internal_message.html?_=1653784350722&CODE_STATE=getMsg HTTP/1.1" 200 27
180.175.103.167 - - [29/May/2022:08:36:56 +0800] "GET /xingrg/all/function/internal_message.html?_=1653784537799&CODE_STATE=getMsg HTTP/1.1" 200 27
116.233.76.8 - - [29/May/2022:08:36:58 +0800] "GET /xingrg/all/function/internal_message.html?_=1653784619664&CODE_STATE=getMsg HTTP/1.1" 200 27
116.230.110.173 - - [29/May/2022:08:37:07 +0800] "GET /xingrg/all/function/internal_message.html?_=1653784610179&CODE_STATE=getMsg HTTP/1.1" 200 27
116.235.92.88 - - [29/May/2022:08:37:12 +0800] "GET /xingrg/all/function/internal_message.html?_=1653784807296&CODE_STATE=getMsg HTTP/1.1" 200 27
114.88.162.248 - - [29/May/2022:08:37:13 +0800] "GET /xingrg/all/function/internal_message.html?_=1653784633039&CODE_STATE=getMsg HTTP/1.1" 200 27
58.39.61.91 - - [29/May/2022:08:37:20 +0800] "GET /xingrg/all/function/internal_message.html?_=1653784639557&CODE_STATE=getMsg HTTP/1.1" 200 27
218.81.223.53 - - [29/May/2022:08:37:25 +0800] "GET /xingrg/check_reg.html?_=1653784670691 HTTP/1.1" 200 22
180.175.103.167 - - [29/May/2022:08:37:34 +0800] "GET /xingrg/all/function/internal_message.html?_=1653784658392&CODE_STATE=getMsg HTTP/1.1" 200 27
120.253.135.82 - - [29/May/2022:08:37:37 +0800] "GET /xingrg/check_reg.html?_=1653784465967 HTTP/1.1" 200 22
120.253.135.82 - - [29/May/2022:08:37:38 +0800] "GET /xingrg/all/function/internal_message.html?_=1653784467325&CODE_STATE=getMsg HTTP/1.1" 200 27
116.235.92.88 - - [29/May/2022:08:37:38 +0800] "GET /xingrg/check_reg.html?_=1653784833465 HTTP/1.1" 200 22
120.253.135.82 - - [29/May/2022:08:37:43 +0800] "GET /xingrg/all/function/internal_message.html?_=1653784761457&CODE_STATE=getMsg HTTP/1.1" 200 27
218.81.223.53 - - [29/May/2022:08:37:53 +0800] "GET /xingrg/all/function/internal_message.html?_=1653784698101&CODE_STATE=getMsg HTTP/1.1" 200 27
58.39.61.91 - - [29/May/2022:08:37:54 +0800] "GET /xingrg/all/function/internal_message.html?_=1653784637336&CODE_STATE=getMsg HTTP/1.1" 200 27
114.84.147.169 - - [29/May/2022:08:37:56 +0800] "GET /xingrg/all/function/internal_message.html?_=1653784410720&CODE_STATE=getMsg HTTP/1.1" 200 27
114.84.147.169 - - [29/May/2022:08:37:56 +0800] "GET /xingrg/check_reg.html?_=1653784410719 HTTP/1.1" 200 22
180.175.103.167 - - [29/May/2022:08:37:56 +0800] "GET /xingrg/all/function/internal_message.html?_=1653784597825&CODE_STATE=getMsg HTTP/1.1" 200 27
116.233.76.8 - - [29/May/2022:08:37:58 +0800] "GET /xingrg/all/function/internal_message.html?_=1653784679654&CODE_STATE=getMsg HTTP/1.1" 200 27
116.230.110.173 - - [29/May/2022:08:38:07 +0800] "GET /xingrg/all/function/internal_message.html?_=1653784670177&CODE_STATE=getMsg HTTP/1.1" 200 27
116.235.92.88 - - [29/May/2022:08:38:12 +0800] "GET /xingrg/all/function/internal_message.html?_=1653784867273&CODE_STATE=getMsg HTTP/1.1" 200 27
114.88.162.248 - - [29/May/2022:08:38:13 +0800] "GET /xingrg/all/function/internal_message.html?_=1653784693040&CODE_STATE=getMsg HTTP/1.1" 200 27
180.156.212.250 - - [29/May/2022:08:38:18 +0800] "GET /xingrg/check_reg.html?_=1653784767771 HTTP/1.1" 302 -
58.39.61.91 - - [29/May/2022:08:38:20 +0800] "GET /xingrg/all/function/internal_message.html?_=1653784699555&CODE_STATE=getMsg HTTP/1.1" 200 27
180.175.103.167 - - [29/May/2022:08:38:34 +0800] "GET /xingrg/all/function/internal_message.html?_=1653784718392&CODE_STATE=getMsg HTTP/1.1" 200 27
120.253.135.82 - - [29/May/2022:08:38:38 +0800] "GET /xingrg/all/function/internal_message.html?_=1653784527340&CODE_STATE=getMsg HTTP/1.1" 200 27
120.253.135.82 - - [29/May/2022:08:38:43 +0800] "GET /xingrg/all/function/internal_message.html?_=1653784821466&CODE_STATE=getMsg HTTP/1.1" 200 27
120.253.135.82 - - [29/May/2022:08:38:45 +0800] "POST /xingrg/kc/buy/cgsh_order_operate.html HTTP/1.1" 200 37
120.253.135.82 - - [29/May/2022:08:38:49 +0800] "POST /xingrg/kc/buy/cgsh_order_operate.html HTTP/1.1" 200 12
120.253.135.82 - - [29/May/2022:08:38:51 +0800] "GET /xingrg/kc/buy/cgsh_order_info.html?code=212022052901860 HTTP/1.1" 200 61496
120.253.135.82 - - [29/May/2022:08:38:52 +0800] "GET /xingrg/javascript/easyui/themes/default/validatebox.css HTTP/1.1" 404 1104
218.81.223.53 - - [29/May/2022:08:38:53 +0800] "GET /xingrg/all/function/internal_message.html?_=1653784758114&CODE_STATE=getMsg HTTP/1.1" 200 27
120.253.135.82 - - [29/May/2022:08:38:53 +0800] "POST /xingrg/kc/buy/cgsh_order_operate.html HTTP/1.1" 200 610
58.39.61.91 - - [29/May/2022:08:38:54 +0800] "GET /xingrg/all/function/internal_message.html?_=1653784697405&CODE_STATE=getMsg HTTP/1.1" 200 27
114.84.147.169 - - [29/May/2022:08:38:56 +0800] "GET /xingrg/all/function/internal_message.html?_=1653784470740&CODE_STATE=getMsg HTTP/1.1" 200 27
180.175.103.167 - - [29/May/2022:08:38:56 +0800] "GET /xingrg/all/function/internal_message.html?_=1653784657825&CODE_STATE=getMsg HTTP/1.1" 200 27
116.233.76.8 - - [29/May/2022:08:38:58 +0800] "GET /xingrg/all/function/internal_message.html?_=1653784739684&CODE_STATE=getMsg HTTP/1.1" 200 27
120.253.135.82 - - [29/May/2022:08:39:02 +0800] "GET /xingrg/kc/report/report_main.html HTTP/1.1" 200 8599
120.253.135.82 - - [29/May/2022:08:39:03 +0800] "POST /xingrg/kc/buy/cgsh_list_operate.html HTTP/1.1" 200 876
120.253.135.82 - - [29/May/2022:08:39:05 +0800] "GET /xingrg/kc/base/kc_stocks.html HTTP/1.1" 200 16437
120.253.135.82 - - [29/May/2022:08:39:05 +0800] "GET /xingrg/javascript/easyui/themes/default/tree.css HTTP/1.1" 404 1090
120.253.135.82 - - [29/May/2022:08:39:05 +0800] "POST /xingrg/all/common/load_tree.html?tree=materiel_sort_tree_json HTTP/1.1" 200 9388
116.230.110.173 - - [29/May/2022:08:39:07 +0800] "GET /xingrg/all/function/internal_message.html?_=1653784730174&CODE_STATE=getMsg HTTP/1.1" 200 27
120.253.135.82 - - [29/May/2022:08:39:09 +0800] "POST /xingrg/all/common/load_combo.html?type=base HTTP/1.1" 200 1169
116.235.92.88 - - [29/May/2022:08:39:12 +0800] "GET /xingrg/all/function/internal_message.html?_=1653784927246&CODE_STATE=getMsg HTTP/1.1" 200 27
58.39.61.91 - - [29/May/2022:08:39:13 +0800] "GET /xingrg/check_reg.html?_=1653784715929 HTTP/1.1" 200 22
114.88.162.248 - - [29/May/2022:08:39:13 +0800] "GET /xingrg/all/function/internal_message.html?_=1653784753041&CODE_STATE=getMsg HTTP/1.1" 200 27
120.253.135.82 - - [29/May/2022:08:39:19 +0800] "POST /xingrg/kc/base/stock_operate.html HTTP/1.1" 200 1709
58.39.61.91 - - [29/May/2022:08:39:20 +0800] "GET /xingrg/all/function/internal_message.html?_=1653784759554&CODE_STATE=getMsg HTTP/1.1" 200 27
58.39.61.91 - - [29/May/2022:08:39:20 +0800] "GET /xingrg/check_reg.html?_=1653784759555 HTTP/1.1" 200 22
116.235.92.88 - - [29/May/2022:08:39:34 +0800] "GET /xingrg/kc/buy/cgsh_order_add.html HTTP/1.1" 200 67569
116.235.92.88 - - [29/May/2022:08:39:34 +0800] "POST /xingrg/kc/buy/cgsh_order_operate.html HTTP/1.1" 200 8245
116.235.92.88 - - [29/May/2022:08:39:34 +0800] "GET /xingrg/javascript/easyui/themes/default/validatebox.css HTTP/1.1" 404 1104
180.175.103.167 - - [29/May/2022:08:39:34 +0800] "GET /xingrg/all/function/internal_message.html?_=1653784778391&CODE_STATE=getMsg HTTP/1.1" 200 27
116.235.92.88 - - [29/May/2022:08:39:35 +0800] "GET /xingrg/javascript/easyui/themes/default/tree.css HTTP/1.1" 404 1090
116.235.92.88 - - [29/May/2022:08:39:35 +0800] "POST /xingrg/all/common/load_tree.html?tree=supplier_tree_json&isDelete=1 HTTP/1.1" 200 66214
120.253.135.82 - - [29/May/2022:08:39:38 +0800] "GET /xingrg/all/function/internal_message.html?_=1653784587352&CODE_STATE=getMsg HTTP/1.1" 200 27
120.253.135.82 - - [29/May/2022:08:39:41 +0800] "POST /xingrg/kc/base/stock_operate.html HTTP/1.1" 200 1458
120.253.135.82 - - [29/May/2022:08:39:43 +0800] "GET /xingrg/all/function/internal_message.html?_=1653784881498&CODE_STATE=getMsg HTTP/1.1" 200 27
218.81.223.53 - - [29/May/2022:08:39:53 +0800] "GET /xingrg/all/function/internal_message.html?_=1653784818560&CODE_STATE=getMsg HTTP/1.1" 200 27
58.39.61.91 - - [29/May/2022:08:39:54 +0800] "GET /xingrg/all/function/internal_message.html?_=1653784757410&CODE_STATE=getMsg HTTP/1.1" 200 27
116.235.92.88 - - [29/May/2022:08:39:55 +0800] "GET /xingrg/kc/buy/cgsh_order_operate.html?command=get_materiel&rest_code=00104&code=00101020103&supplier_code=00100151&order_time=2022-05-28 HTTP/1.1" 200 427
114.84.147.169 - - [29/May/2022:08:39:56 +0800] "GET /xingrg/all/function/internal_message.html?_=1653784530736&CODE_STATE=getMsg HTTP/1.1" 200 27
180.175.103.167 - - [29/May/2022:08:39:56 +0800] "GET /xingrg/check_reg.html?_=1653784717826 HTTP/1.1" 200 22
180.175.103.167 - - [29/May/2022:08:39:56 +0800] "GET /xingrg/all/function/internal_message.html?_=1653784717829&CODE_STATE=getMsg HTTP/1.1" 200 27
116.233.76.8 - - [29/May/2022:08:39:58 +0800] "GET /xingrg/all/function/internal_message.html?_=1653784799689&CODE_STATE=getMsg HTTP/1.1" 200 27
116.233.76.8 - - [29/May/2022:08:39:58 +0800] "GET /xingrg/check_reg.html?_=1653784799691 HTTP/1.1" 200 22
116.230.110.173 - - [29/May/2022:08:40:07 +0800] "GET /xingrg/all/function/internal_message.html?_=1653784790160&CODE_STATE=getMsg HTTP/1.1" 200 27
116.230.110.173 - - [29/May/2022:08:40:07 +0800] "GET /xingrg/check_reg.html?_=1653784790161 HTTP/1.1" 200 22
116.235.92.88 - - [29/May/2022:08:40:12 +0800] "GET /xingrg/all/function/internal_message.html?_=1653784987227&CODE_STATE=getMsg HTTP/1.1" 200 27
114.88.162.248 - - [29/May/2022:08:40:13 +0800] "GET /xingrg/all/function/internal_message.html?_=1653784813042&CODE_STATE=getMsg HTTP/1.1" 200 27
120.253.135.82 - - [29/May/2022:08:40:18 +0800] "POST /xingrg/kc/base/stock_operate.html HTTP/1.1" 200 1458
116.235.92.88 - - [29/May/2022:08:40:18 +0800] "POST /xingrg/kc/buy/cgsh_order_operate.html HTTP/1.1" 200 37
58.39.61.91 - - [29/May/2022:08:40:20 +0800] "GET /xingrg/all/function/internal_message.html?_=1653784819556&CODE_STATE=getMsg HTTP/1.1" 200 27
116.235.92.88 - - [29/May/2022:08:40:21 +0800] "POST /xingrg/kc/buy/cgsh_order_operate.html HTTP/1.1" 200 2654
116.235.92.88 - - [29/May/2022:08:40:22 +0800] "GET /xingrg/kc/print/load_data.html?order_code=212022052901861&kc_code=cgsh&condition= HTTP/1.1" 200 655
180.175.103.167 - - [29/May/2022:08:40:34 +0800] "GET /xingrg/all/function/internal_message.html?_=1653784838390&CODE_STATE=getMsg HTTP/1.1" 200 27
120.253.135.82 - - [29/May/2022:08:40:38 +0800] "GET /xingrg/all/function/internal_message.html?_=1653784647365&CODE_STATE=getMsg HTTP/1.1" 200 27
120.253.135.82 - - [29/May/2022:08:40:43 +0800] "GET /xingrg/all/function/internal_message.html?_=1653784941507&CODE_STATE=getMsg HTTP/1.1" 200 27
120.253.135.82 - - [29/May/2022:08:40:49 +0800] "POST /xingrg/kc/base/stock_operate.html HTTP/1.1" 200 1459
218.81.223.53 - - [29/May/2022:08:40:53 +0800] "GET /xingrg/all/function/internal_message.html?_=1653784878562&CODE_STATE=getMsg HTTP/1.1" 200 27
58.39.61.91 - - [29/May/2022:08:40:55 +0800] "GET /xingrg/all/function/internal_message.html?_=1653784817423&CODE_STATE=getMsg HTTP/1.1" 200 27
114.84.147.169 - - [29/May/2022:08:40:56 +0800] "GET /xingrg/all/function/internal_message.html?_=1653784590746&CODE_STATE=getMsg HTTP/1.1" 200 27
180.175.103.167 - - [29/May/2022:08:40:56 +0800] "GET /xingrg/all/function/internal_message.html?_=1653784777829&CODE_STATE=getMsg HTTP/1.1" 200 27
116.233.76.8 - - [29/May/2022:08:40:58 +0800] "GET /xingrg/all/function/internal_message.html?_=1653784859676&CODE_STATE=getMsg HTTP/1.1" 200 27
116.230.110.173 - - [29/May/2022:08:41:07 +0800] "GET /xingrg/all/function/internal_message.html?_=1653784850169&CODE_STATE=getMsg HTTP/1.1" 200 27
116.235.92.88 - - [29/May/2022:08:41:12 +0800] "GET /xingrg/all/function/internal_message.html?_=1653785047200&CODE_STATE=getMsg HTTP/1.1" 200 27
114.88.162.248 - - [29/May/2022:08:41:13 +0800] "GET /xingrg/check_reg.html?_=1653784873046 HTTP/1.1" 200 22
114.88.162.248 - - [29/May/2022:08:41:13 +0800] "GET /xingrg/all/function/internal_message.html?_=1653784873043&CODE_STATE=getMsg HTTP/1.1" 200 27
58.39.61.91 - - [29/May/2022:08:41:20 +0800] "GET /xingrg/all/function/internal_message.html?_=1653784879565&CODE_STATE=getMsg HTTP/1.1" 200 27
120.253.135.82 - - [29/May/2022:08:41:26 +0800] "GET /xingrg/kc/buy/cgth_order_list.html HTTP/1.1" 200 51149
120.253.135.82 - - [29/May/2022:08:41:26 +0800] "POST /xingrg/kc/buy/cgth_list_operate.html HTTP/1.1" 200 1035
120.253.135.82 - - [29/May/2022:08:41:29 +0800] "GET /xingrg/javascript/jquery_easy_ui/easyui-lang-zh_CN.js HTTP/1.1" 200 1900
120.253.135.82 - - [29/May/2022:08:41:29 +0800] "GET /xingrg/javascript/jquery_easy_ui/jquery.easyui.min.js HTTP/1.1" 200 213662
120.253.135.82 - - [29/May/2022:08:41:29 +0800] "GET /xingrg/kc/buy/cgth_order_add.html HTTP/1.1" 200 68957
120.253.135.82 - - [29/May/2022:08:41:29 +0800] "GET /xingrg/javascript/AjaxInfoList.js HTTP/1.1" 200 3774
120.253.135.82 - - [29/May/2022:08:41:29 +0800] "GET /xingrg/javascript/Grid.js HTTP/1.1" 200 58908
120.253.135.82 - - [29/May/2022:08:41:29 +0800] "GET /xingrg/dwr/interface/AjaxCgthService.js HTTP/1.1" 200 14519
120.253.135.82 - - [29/May/2022:08:41:29 +0800] "GET /xingrg/dwr/interface/AjaxComOrderService.js HTTP/1.1" 200 18264
120.253.135.82 - - [29/May/2022:08:41:29 +0800] "GET /xingrg/javascript/ToolTips.js HTTP/1.1" 200 5615
120.253.135.82 - - [29/May/2022:08:41:29 +0800] "GET /xingrg/dwr/util.js HTTP/1.1" 200 35990
120.253.135.82 - - [29/May/2022:08:41:29 +0800] "GET /xingrg/dwr/engine.js HTTP/1.1" 200 43631
120.253.135.82 - - [29/May/2022:08:41:29 +0800] "GET /xingrg/javascript/Calendar.js HTTP/1.1" 200 31561
120.253.135.82 - - [29/May/2022:08:41:29 +0800] "GET /xingrg/javascript/tools/jquery.qtip-1.0.0-rc3.min.js HTTP/1.1" 200 38404
120.253.135.82 - - [29/May/2022:08:41:30 +0800] "GET /xingrg/javascript/jquery_easy_ui/themes/icons/edit_add_new.png HTTP/1.1" 200 2997
120.253.135.82 - - [29/May/2022:08:41:30 +0800] "GET /xingrg/javascript/jquery_easy_ui/themes/icons/check_new.png HTTP/1.1" 200 3224
120.253.135.82 - - [29/May/2022:08:41:30 +0800] "GET /xingrg/javascript/jquery_easy_ui/themes/icons/ok.png HTTP/1.1" 200 883
120.253.135.82 - - [29/May/2022:08:41:30 +0800] "GET /xingrg/javascript/jquery_easy_ui/themes/icons/print.png HTTP/1.1" 200 1057
120.253.135.82 - - [29/May/2022:08:41:30 +0800] "GET /xingrg/javascript/jquery_easy_ui/themes/default/images/menu_downarrow.png HTTP/1.1" 200 173
120.253.135.82 - - [29/May/2022:08:41:30 +0800] "GET /xingrg/javascript/jquery_easy_ui/themes/icons/cance_new.png HTTP/1.1" 200 3986
120.253.135.82 - - [29/May/2022:08:41:30 +0800] "GET /xingrg/javascript/jquery_easy_ui/themes/default/images/combo_arrow_dot.gif HTTP/1.1" 200 79
120.253.135.82 - - [29/May/2022:08:41:30 +0800] "GET /xingrg/javascript/jquery_easy_ui/themes/default/images/validatebox_warning.png HTTP/1.1" 200 921
120.253.135.82 - - [29/May/2022:08:41:30 +0800] "GET /xingrg/javascript/jquery_easy_ui/themes/default/images/validatebox_pointer.gif HTTP/1.1" 200 82
120.253.135.82 - - [29/May/2022:08:41:30 +0800] "GET /xingrg/javascript/jquery_easy_ui/themes/default/images/calendar_nextmonth.gif HTTP/1.1" 200 64
120.253.135.82 - - [29/May/2022:08:41:30 +0800] "GET /xingrg/javascript/jquery_easy_ui/themes/default/images/calendar_nextyear.gif HTTP/1.1" 200 75
120.253.135.82 - - [29/May/2022:08:41:30 +0800] "GET /xingrg/javascript/jquery_easy_ui/themes/default/images/calendar_prevmonth.gif HTTP/1.1" 200 66
120.253.135.82 - - [29/May/2022:08:41:30 +0800] "GET /xingrg/javascript/jquery_easy_ui/themes/default/images/calendar_prevyear.gif HTTP/1.1" 200 76
120.253.135.82 - - [29/May/2022:08:41:30 +0800] "POST /xingrg/all/common/load_tree.html?tree=supplier_tree_json&isDelete=1 HTTP/1.1" 200 66214
120.253.135.82 - - [29/May/2022:08:41:30 +0800] "GET /xingrg/images/blue/button/kc_tab_del.gif HTTP/1.1" 200 383
120.253.135.82 - - [29/May/2022:08:41:30 +0800] "GET /xingrg/images/blue/button/kc_tab_add.gif HTTP/1.1" 200 375
120.253.135.82 - - [29/May/2022:08:41:30 +0800] "GET /xingrg/images/blue/button/kc_tab_edit.gif HTTP/1.1" 200 551
120.253.135.82 - - [29/May/2022:08:41:30 +0800] "GET /xingrg/images/blue/button/kc_tab_save.gif HTTP/1.1" 200 777
120.253.135.82 - - [29/May/2022:08:41:30 +0800] "GET /xingrg/images/blue/kc_tab_mid.gif HTTP/1.1" 200 44
120.253.135.82 - - [29/May/2022:08:41:30 +0800] "GET /xingrg/images/blue/kc_tab_right.gif HTTP/1.1" 200 643
120.253.135.82 - - [29/May/2022:08:41:30 +0800] "GET /xingrg/images/blue/kc_tab_left.gif HTTP/1.1" 200 188
120.253.135.82 - - [29/May/2022:08:41:30 +0800] "GET /xingrg/images/blue/kc_tab2_right.gif HTTP/1.1" 200 192
120.253.135.82 - - [29/May/2022:08:41:30 +0800] "GET /xingrg/images/blue/kc_tab2_left.gif HTTP/1.1" 200 625
180.175.103.167 - - [29/May/2022:08:41:34 +0800] "GET /xingrg/all/function/internal_message.html?_=1653784898389&CODE_STATE=getMsg HTTP/1.1" 200 27
180.175.103.167 - - [29/May/2022:08:41:34 +0800] "GET /xingrg/check_reg.html?_=1653784898391 HTTP/1.1" 200 22
120.253.135.82 - - [29/May/2022:08:41:37 +0800] "GET /xingrg/javascript/jquery_easy_ui/themes/default/images/button_plain_hover.png HTTP/1.1" 200 252
116.235.92.88 - - [29/May/2022:08:41:38 +0800] "GET /xingrg/kc/buy/cgsh_order_add.html HTTP/1.1" 200 67569
120.253.135.82 - - [29/May/2022:08:41:38 +0800] "GET /xingrg/all/function/internal_message.html?_=1653784707379&CODE_STATE=getMsg HTTP/1.1" 200 27
116.235.92.88 - - [29/May/2022:08:41:38 +0800] "POST /xingrg/kc/buy/cgsh_order_operate.html HTTP/1.1" 200 8245
116.235.92.88 - - [29/May/2022:08:41:38 +0800] "GET /xingrg/javascript/easyui/themes/default/validatebox.css HTTP/1.1" 404 1104
120.253.135.82 - - [29/May/2022:08:41:41 +0800] "GET /xingrg/check_reg.html?_=1653784999281 HTTP/1.1" 200 22
120.253.135.82 - - [29/May/2022:08:41:43 +0800] "GET /xingrg/all/function/internal_message.html?_=1653785001521&CODE_STATE=getMsg HTTP/1.1" 200 27
218.81.223.53 - - [29/May/2022:08:41:54 +0800] "GET /xingrg/all/function/internal_message.html?_=1653784938993&CODE_STATE=getMsg HTTP/1.1" 200 27
58.39.61.91 - - [29/May/2022:08:41:55 +0800] "GET /xingrg/all/function/internal_message.html?_=1653784877519&CODE_STATE=getMsg HTTP/1.1" 200 27
114.84.147.169 - - [29/May/2022:08:41:56 +0800] "GET /xingrg/all/function/internal_message.html?_=1653784650740&CODE_STATE=getMsg HTTP/1.1" 200 27
180.175.103.167 - - [29/May/2022:08:41:56 +0800] "GET /xingrg/all/function/internal_message.html?_=1653784837830&CODE_STATE=getMsg HTTP/1.1" 200 27
116.233.76.8 - - [29/May/2022:08:41:58 +0800] "GET /xingrg/all/function/internal_message.html?_=1653784919691&CODE_STATE=getMsg HTTP/1.1" 200 27
116.230.110.173 - - [29/May/2022:08:42:07 +0800] "GET /xingrg/all/function/internal_message.html?_=1653784910181&CODE_STATE=getMsg HTTP/1.1" 200 27
116.235.92.88 - - [29/May/2022:08:42:12 +0800] "GET /xingrg/all/function/internal_message.html?_=1653785107184&CODE_STATE=getMsg HTTP/1.1" 200 27
114.88.162.248 - - [29/May/2022:08:42:13 +0800] "GET /xingrg/all/function/internal_message.html?_=1653784933048&CODE_STATE=getMsg HTTP/1.1" 200 27
120.253.135.82 - - [29/May/2022:08:42:14 +0800] "GET /xingrg/images/blue/wait.gif HTTP/1.1" 200 1100
120.253.135.82 - - [29/May/2022:08:42:14 +0800] "POST /xingrg/dwr/call/plaincall/AjaxCgthService.saveOrder.dwr HTTP/1.1" 200 78
120.253.135.82 - - [29/May/2022:08:42:15 +0800] "GET /xingrg/images/yd/bt.gif HTTP/1.1" 404 1040
116.235.92.88 - - [29/May/2022:08:42:16 +0800] "GET /xingrg/kc/buy/cgsh_order_operate.html?command=get_materiel&rest_code=00104&code=00101002027&supplier_code=00100545&order_time=2022-05-28 HTTP/1.1" 200 431
120.253.135.82 - - [29/May/2022:08:42:19 +0800] "POST /xingrg/dwr/call/plaincall/AjaxComOrderService.getMaterielSearchList.dwr HTTP/1.1" 200 5508
120.253.135.82 - - [29/May/2022:08:42:20 +0800] "POST /xingrg/dwr/call/plaincall/AjaxComOrderService.getMaterielSearchList.dwr HTTP/1.1" 200 5508
58.39.61.91 - - [29/May/2022:08:42:20 +0800] "GET /xingrg/all/function/internal_message.html?_=1653784939567&CODE_STATE=getMsg HTTP/1.1" 200 27
120.253.135.82 - - [29/May/2022:08:42:21 +0800] "POST /xingrg/dwr/call/plaincall/AjaxComOrderService.getMaterielSearchList.dwr HTTP/1.1" 200 287
120.253.135.82 - - [29/May/2022:08:42:23 +0800] "POST /xingrg/dwr/call/plaincall/AjaxComOrderService.getMaterielSearchList.dwr HTTP/1.1" 200 287
218.81.223.53 - - [29/May/2022:08:42:25 +0800] "GET /xingrg/check_reg.html?_=1653784970697 HTTP/1.1" 200 22
120.253.135.82 - - [29/May/2022:08:42:26 +0800] "POST /xingrg/dwr/call/plaincall/AjaxCgthService.getMaterielByMap.dwr HTTP/1.1" 200 1643
180.156.212.250 - - [29/May/2022:08:42:27 +0800] "POST /xingrg/services/DataTransmitService HTTP/1.1" 200 524
120.253.135.82 - - [29/May/2022:08:42:31 +0800] "POST /xingrg/dwr/call/plaincall/AjaxCgthService.saveMaterielItem.dwr HTTP/1.1" 200 78
116.235.92.88 - - [29/May/2022:08:42:33 +0800] "POST /xingrg/kc/buy/cgsh_order_operate.html HTTP/1.1" 200 37
120.253.135.82 - - [29/May/2022:08:42:34 +0800] "POST /xingrg/dwr/call/plaincall/AjaxCgthService.saveOrder.dwr HTTP/1.1" 200 78
180.175.103.167 - - [29/May/2022:08:42:34 +0800] "GET /xingrg/all/function/internal_message.html?_=1653784958414&CODE_STATE=getMsg HTTP/1.1" 200 27
116.235.92.88 - - [29/May/2022:08:42:34 +0800] "POST /xingrg/kc/buy/cgsh_order_operate.html HTTP/1.1" 200 2658
116.235.92.88 - - [29/May/2022:08:42:35 +0800] "GET /xingrg/kc/print/load_data.html?order_code=212022052901862&kc_code=cgsh&condition= HTTP/1.1" 200 653
120.253.135.82 - - [29/May/2022:08:42:37 +0800] "GET /xingrg/check_reg.html?_=1653784766285 HTTP/1.1" 200 22
120.253.135.82 - - [29/May/2022:08:42:38 +0800] "GET /xingrg/all/function/internal_message.html?_=1653784767393&CODE_STATE=getMsg HTTP/1.1" 200 27
116.235.92.88 - - [29/May/2022:08:42:38 +0800] "GET /xingrg/check_reg.html?_=1653785133451 HTTP/1.1" 200 22
120.253.135.82 - - [29/May/2022:08:42:43 +0800] "GET /xingrg/all/function/internal_message.html?_=1653785061535&CODE_STATE=getMsg HTTP/1.1" 200 27
120.253.135.82 - - [29/May/2022:08:42:53 +0800] "POST /xingrg/dwr/call/plaincall/AjaxCgthService.saveOrder.dwr HTTP/1.1" 200 78
218.81.223.53 - - [29/May/2022:08:42:54 +0800] "GET /xingrg/all/function/internal_message.html?_=1653784998995&CODE_STATE=getMsg HTTP/1.1" 200 27
58.39.61.91 - - [29/May/2022:08:42:55 +0800] "GET /xingrg/all/function/internal_message.html?_=1653784937528&CODE_STATE=getMsg HTTP/1.1" 200 27
114.84.147.169 - - [29/May/2022:08:42:56 +0800] "GET /xingrg/all/function/internal_message.html?_=1653784710736&CODE_STATE=getMsg HTTP/1.1" 200 27
114.84.147.169 - - [29/May/2022:08:42:56 +0800] "GET /xingrg/check_reg.html?_=1653784710737 HTTP/1.1" 200 22
180.175.103.167 - - [29/May/2022:08:42:56 +0800] "GET /xingrg/all/function/internal_message.html?_=1653784897831&CODE_STATE=getMsg HTTP/1.1" 200 27
120.253.135.82 - - [29/May/2022:08:42:57 +0800] "GET /xingrg/kc/print/load_config.html?_=1653784786336&kc_code=cgth HTTP/1.1" 200 2458
120.253.135.82 - - [29/May/2022:08:42:57 +0800] "GET /xingrg/kc/print/load_data.html?_=1653784786360&order_code=232022052900010&kc_code=cgth&condition= HTTP/1.1" 200 518
116.233.76.8 - - [29/May/2022:08:42:58 +0800] "GET /xingrg/all/function/internal_message.html?_=1653784979683&CODE_STATE=getMsg HTTP/1.1" 200 27
116.230.110.173 - - [29/May/2022:08:43:07 +0800] "GET /xingrg/all/function/internal_message.html?_=1653784970181&CODE_STATE=getMsg HTTP/1.1" 200 27
114.88.162.248 - - [29/May/2022:08:43:13 +0800] "GET /xingrg/all/function/internal_message.html?_=1653784993049&CODE_STATE=getMsg HTTP/1.1" 200 27
116.235.92.88 - - [29/May/2022:08:43:18 +0800] "POST /xingrg/kc/buy/cgsh_order_operate.html HTTP/1.1" 200 37
180.156.212.250 - - [29/May/2022:08:43:18 +0800] "GET /xingrg/check_reg.html?_=1653785067928 HTTP/1.1" 302 -
116.235.92.88 - - [29/May/2022:08:43:20 +0800] "POST /xingrg/kc/buy/cgsh_order_operate.html HTTP/1.1" 200 2658
58.39.61.91 - - [29/May/2022:08:43:20 +0800] "GET /xingrg/all/function/internal_message.html?_=1653784999569&CODE_STATE=getMsg HTTP/1.1" 200 27
116.235.92.88 - - [29/May/2022:08:43:20 +0800] "GET /xingrg/kc/buy/cgsh_order_add.html HTTP/1.1" 200 67569
116.235.92.88 - - [29/May/2022:08:43:21 +0800] "GET /xingrg/javascript/easyui/themes/default/validatebox.css HTTP/1.1" 404 1104
116.235.92.88 - - [29/May/2022:08:43:21 +0800] "POST /xingrg/kc/buy/cgsh_order_operate.html HTTP/1.1" 200 8245
116.235.92.88 - - [29/May/2022:08:43:22 +0800] "GET /xingrg/javascript/easyui/themes/default/tree.css HTTP/1.1" 404 1090
116.235.92.88 - - [29/May/2022:08:43:22 +0800] "POST /xingrg/all/common/load_tree.html?tree=supplier_tree_json&isDelete=1 HTTP/1.1" 200 66214
180.175.103.167 - - [29/May/2022:08:43:34 +0800] "GET /xingrg/all/function/internal_message.html?_=1653785018412&CODE_STATE=getMsg HTTP/1.1" 200 27
120.253.135.82 - - [29/May/2022:08:43:43 +0800] "GET /xingrg/all/function/internal_message.html?_=1653785121548&CODE_STATE=getMsg HTTP/1.1" 200 27
218.81.223.53 - - [29/May/2022:08:43:54 +0800] "GET /xingrg/all/function/internal_message.html?_=1653785059009&CODE_STATE=getMsg HTTP/1.1" 200 27
58.39.61.91 - - [29/May/2022:08:43:55 +0800] "GET /xingrg/all/function/internal_message.html?_=1653784997626&CODE_STATE=getMsg HTTP/1.1" 200 27
114.84.147.169 - - [29/May/2022:08:43:56 +0800] "GET /xingrg/all/function/internal_message.html?_=1653784770746&CODE_STATE=getMsg HTTP/1.1" 200 27
180.175.103.167 - - [29/May/2022:08:43:56 +0800] "GET /xingrg/all/function/internal_message.html?_=1653784957830&CODE_STATE=getMsg HTTP/1.1" 200 27
116.233.76.8 - - [29/May/2022:08:43:58 +0800] "GET /xingrg/all/function/internal_message.html?_=1653785039684&CODE_STATE=getMsg HTTP/1.1" 200 27
116.230.110.173 - - [29/May/2022:08:44:07 +0800] "GET /xingrg/all/function/internal_message.html?_=1653785030178&CODE_STATE=getMsg HTTP/1.1" 200 27
116.235.92.88 - - [29/May/2022:08:44:12 +0800] "GET /xingrg/all/function/internal_message.html?_=1653785227179&CODE_STATE=getMsg HTTP/1.1" 200 27
58.39.61.91 - - [29/May/2022:08:44:13 +0800] "GET /xingrg/check_reg.html?_=1653785015934 HTTP/1.1" 200 22
114.88.162.248 - - [29/May/2022:08:44:13 +0800] "GET /xingrg/all/function/internal_message.html?_=1653785053050&CODE_STATE=getMsg HTTP/1.1" 200 27
58.39.61.91 - - [29/May/2022:08:44:20 +0800] "GET /xingrg/all/function/internal_message.html?_=1653785059571&CODE_STATE=getMsg HTTP/1.1" 200 27
58.39.61.91 - - [29/May/2022:08:44:20 +0800] "GET /xingrg/check_reg.html?_=1653785059572 HTTP/1.1" 200 22
180.175.103.167 - - [29/May/2022:08:44:34 +0800] "GET /xingrg/all/function/internal_message.html?_=1653785078427&CODE_STATE=getMsg HTTP/1.1" 200 27
120.253.135.82 - - [29/May/2022:08:44:43 +0800] "GET /xingrg/all/function/internal_message.html?_=1653785181563&CODE_STATE=getMsg HTTP/1.1" 200 27
218.81.223.53 - - [29/May/2022:08:44:54 +0800] "GET /xingrg/all/function/internal_message.html?_=1653785119416&CODE_STATE=getMsg HTTP/1.1" 200 27
58.39.61.91 - - [29/May/2022:08:44:55 +0800] "GET /xingrg/all/function/internal_message.html?_=1653785057634&CODE_STATE=getMsg HTTP/1.1" 200 27
114.84.147.169 - - [29/May/2022:08:44:56 +0800] "GET /xingrg/all/function/internal_message.html?_=1653784830744&CODE_STATE=getMsg HTTP/1.1" 200 27
