180.175.103.167 - - [27/May/2022:12:24:04 +0800] "GET /xingrg/all/function/internal_message.html?_=1653625363675&CODE_STATE=getMsg HTTP/1.1" 200 27
116.230.110.173 - - [27/May/2022:12:24:06 +0800] "GET /xingrg/all/function/internal_message.html?_=1653625430183&CODE_STATE=getMsg HTTP/1.1" 200 27
114.83.218.142 - - [27/May/2022:12:24:08 +0800] "GET /xingrg/all/function/internal_message.html?_=1653625441984&CODE_STATE=getMsg HTTP/1.1" 200 27
218.81.223.53 - - [27/May/2022:12:24:12 +0800] "GET /xingrg/all/function/internal_message.html?_=1653625467486&CODE_STATE=getMsg HTTP/1.1" 200 27
180.157.251.97 - - [27/May/2022:12:24:16 +0800] "POST /xingrg/services/DataTransmitService HTTP/1.1" 200 524
180.157.251.97 - - [27/May/2022:12:24:16 +0800] "POST /xingrg/services/DataTransmitService HTTP/1.1" 200 412
120.253.135.82 - - [27/May/2022:12:24:17 +0800] "GET /xingrg/all/function/internal_message.html?_=1653625263501&CODE_STATE=getMsg HTTP/1.1" 200 27
58.39.61.91 - - [27/May/2022:12:24:23 +0800] "GET /xingrg/check_reg.html?_=1653625425423 HTTP/1.1" 200 22
58.39.61.91 - - [27/May/2022:12:24:24 +0800] "GET /xingrg/all/function/internal_message.html?_=1653625426350&CODE_STATE=getMsg HTTP/1.1" 200 27
58.35.196.179 - - [27/May/2022:12:24:24 +0800] "GET /xingrg/kc/buy/cgsh_order_operate.html?command=get_materiel&rest_code=00156&code=00101007184&supplier_code=00100547&order_time=2022-05-20 HTTP/1.1" 200 409
58.39.61.91 - - [27/May/2022:12:24:27 +0800] "GET /xingrg/login.html HTTP/1.1" 200 7641
58.39.61.91 - - [27/May/2022:12:24:27 +0800] "GET /favicon.ico HTTP/1.1" 404 -
58.35.196.179 - - [27/May/2022:12:24:35 +0800] "GET /xingrg/all/function/internal_message.html?_=1653625471274&CODE_STATE=getMsg HTTP/1.1" 200 27
58.39.61.91 - - [27/May/2022:12:24:36 +0800] "POST /xingrg/login.do HTTP/1.1" 302 -
58.39.61.91 - - [27/May/2022:12:24:36 +0800] "GET /xingrg/index.html?sysBaseUrl=http%3A%2F%2F180.169.147.146%3A18081%2Fxingrg%2F&costTime=47×tamp=1653625476191 HTTP/1.1" 200 17177
124.78.156.37 - - [27/May/2022:12:24:36 +0800] "POST /xingrg/services/DataTransmitService HTTP/1.1" 200 524
58.39.61.91 - - [27/May/2022:12:24:36 +0800] "POST /xingrg/all/common/load_tree.html?tree=area_rest_tree_json&manage=1 HTTP/1.1" 200 476
58.39.61.91 - - [27/May/2022:12:24:36 +0800] "GET /xingrg/all/function/internal_message.html?_=1653625472534&CODE_STATE=count HTTP/1.1" 200 11
58.39.61.91 - - [27/May/2022:12:24:36 +0800] "GET /xingrg/check_reg.html?_=1653625472535 HTTP/1.1" 200 22
58.39.61.91 - - [27/May/2022:12:24:36 +0800] "GET /favicon.ico HTTP/1.1" 404 -
58.39.61.91 - - [27/May/2022:12:24:36 +0800] "POST /xingrg/load_menu.html HTTP/1.1" 200 5138
58.39.61.91 - - [27/May/2022:12:24:40 +0800] "POST /xingrg/all/user/operate.html HTTP/1.1" 200 36
58.39.61.91 - - [27/May/2022:12:24:40 +0800] "GET /xingrg/index.html?sysBaseUrl=http%3A%2F%2F180.169.147.146%3A18081%2Fxingrg%2F&costTime=47×tamp=1653625476191 HTTP/1.1" 200 17179
58.39.61.91 - - [27/May/2022:12:24:40 +0800] "GET /xingrg/javascript/jquery_easy_ui/themes/default/easyui.css HTTP/1.1" 304 -
58.39.61.91 - - [27/May/2022:12:24:40 +0800] "GET /xingrg/javascript/jquery_easy_ui/themes/icon.css HTTP/1.1" 304 -
58.39.61.91 - - [27/May/2022:12:24:40 +0800] "GET /xingrg/css/form.css HTTP/1.1" 304 -
58.39.61.91 - - [27/May/2022:12:24:40 +0800] "GET /xingrg/javascript/jquery-1.4.2.min.js HTTP/1.1" 304 -
58.39.61.91 - - [27/May/2022:12:24:40 +0800] "GET /xingrg/javascript/jquery_easy_ui/jquery.easyui.min.js HTTP/1.1" 304 -
58.39.61.91 - - [27/May/2022:12:24:40 +0800] "GET /xingrg/javascript/jquery_easy_ui/easyui-lang-zh_CN.js HTTP/1.1" 304 -
58.39.61.91 - - [27/May/2022:12:24:40 +0800] "GET /xingrg/javascript/jquery.form.js HTTP/1.1" 304 -
58.39.61.91 - - [27/May/2022:12:24:40 +0800] "GET /xingrg/javascript/jquery.utils.js HTTP/1.1" 304 -
58.39.61.91 - - [27/May/2022:12:24:40 +0800] "GET /xingrg/javascript/jquery.timers.js HTTP/1.1" 304 -
58.39.61.91 - - [27/May/2022:12:24:40 +0800] "GET /xingrg/images/blue/jxLogo.png HTTP/1.1" 304 -
58.39.61.91 - - [27/May/2022:12:24:40 +0800] "GET /xingrg/images/blue/navBackgound.jpg HTTP/1.1" 304 -
58.39.61.91 - - [27/May/2022:12:24:40 +0800] "GET /xingrg/javascript/jquery_easy_ui/themes/icons/settle_new.png HTTP/1.1" 304 -
58.39.61.91 - - [27/May/2022:12:24:40 +0800] "POST /xingrg/all/common/load_tree.html?tree=area_rest_tree_json&manage=1 HTTP/1.1" 200 476
58.39.61.91 - - [27/May/2022:12:24:40 +0800] "GET /xingrg/all/function/internal_message.html?_=1653625476638&CODE_STATE=count HTTP/1.1" 200 11
58.39.61.91 - - [27/May/2022:12:24:40 +0800] "GET /xingrg/check_reg.html?_=1653625476639 HTTP/1.1" 200 22
58.39.61.91 - - [27/May/2022:12:24:40 +0800] "GET /xingrg/images/blue/pingpu.png HTTP/1.1" 304 -
58.39.61.91 - - [27/May/2022:12:24:40 +0800] "GET /xingrg/javascript/jquery_easy_ui/themes/default/images/tabs_rightarrow.png HTTP/1.1" 304 -
58.39.61.91 - - [27/May/2022:12:24:40 +0800] "GET /xingrg/javascript/jquery_easy_ui/themes/default/images/panel_tool_collapse.gif HTTP/1.1" 304 -
58.39.61.91 - - [27/May/2022:12:24:40 +0800] "GET /xingrg/javascript/jquery_easy_ui/themes/default/images/tabs_leftarrow.png HTTP/1.1" 304 -
58.39.61.91 - - [27/May/2022:12:24:40 +0800] "POST /xingrg/load_menu.html HTTP/1.1" 200 5138
58.39.61.91 - - [27/May/2022:12:24:42 +0800] "GET /xingrg/kc/buy/cgsh_order_list.html HTTP/1.1" 200 51752
116.235.92.88 - - [27/May/2022:12:24:43 +0800] "GET /xingrg/all/function/internal_message.html?_=1653625656357&CODE_STATE=getMsg HTTP/1.1" 200 27
58.39.61.91 - - [27/May/2022:12:24:43 +0800] "POST /xingrg/kc/buy/cgsh_list_operate.html HTTP/1.1" 200 876
180.175.103.167 - - [27/May/2022:12:24:44 +0800] "GET /xingrg/all/function/internal_message.html?_=1653625483931&CODE_STATE=getMsg HTTP/1.1" 200 27
180.156.212.250 - - [27/May/2022:12:24:44 +0800] "GET /xingrg/all/function/internal_message.html?_=1653625550001&CODE_STATE=getMsg HTTP/1.1" 200 27
58.39.61.91 - - [27/May/2022:12:24:45 +0800] "GET /xingrg/javascript/jquery_tools/images/prev.gif HTTP/1.1" 404 1086
58.39.61.91 - - [27/May/2022:12:24:45 +0800] "GET /xingrg/javascript/jquery_tools/images/next.gif HTTP/1.1" 404 1086
58.35.196.179 - - [27/May/2022:12:24:48 +0800] "GET /xingrg/kc/buy/cgsh_order_operate.html?command=get_materiel&rest_code=00156&code=00101007181&supplier_code=00100547&order_time=2022-05-20 HTTP/1.1" 200 412
58.39.61.91 - - [27/May/2022:12:24:51 +0800] "GET /xingrg/javascript/auto/indicator.gif HTTP/1.1" 404 1066
58.39.61.91 - - [27/May/2022:12:24:56 +0800] "POST /xingrg/kc/buy/cgsh_list_operate.html HTTP/1.1" 200 2508
58.39.61.91 - - [27/May/2022:12:24:59 +0800] "POST /xingrg/kc/buy/cgsh_list_operate.html HTTP/1.1" 200 497
180.175.103.167 - - [27/May/2022:12:25:04 +0800] "GET /xingrg/all/function/internal_message.html?_=1653625423643&CODE_STATE=getMsg HTTP/1.1" 200 27
180.175.103.167 - - [27/May/2022:12:25:05 +0800] "GET /xingrg/kc/mdqp/pssh_order_info.html?code=312022042900237 HTTP/1.1" 200 17266
180.175.103.167 - - [27/May/2022:12:25:05 +0800] "GET /xingrg/javascript/jquery_tools/jquery-1.4.2.min.js HTTP/1.1" 404 1094
180.175.103.167 - - [27/May/2022:12:25:05 +0800] "POST /xingrg/kc/mdqp/pssh_order_operate.html HTTP/1.1" 200 1084
180.175.103.167 - - [27/May/2022:12:25:05 +0800] "GET /xingrg/javascript/easyui/themes/default/validatebox.css HTTP/1.1" 404 1104
116.230.110.173 - - [27/May/2022:12:25:06 +0800] "GET /xingrg/check_reg.html?_=1653625490175 HTTP/1.1" 200 22
116.230.110.173 - - [27/May/2022:12:25:06 +0800] "GET /xingrg/all/function/internal_message.html?_=1653625490177&CODE_STATE=getMsg HTTP/1.1" 200 27
180.175.103.167 - - [27/May/2022:12:25:07 +0800] "GET /xingrg/javascript/auto/indicator.gif HTTP/1.1" 404 1066
114.83.218.142 - - [27/May/2022:12:25:08 +0800] "GET /xingrg/all/function/internal_message.html?_=1653625501985&CODE_STATE=getMsg HTTP/1.1" 200 27
58.35.196.179 - - [27/May/2022:12:25:09 +0800] "GET /xingrg/kc/buy/cgsh_order_operate.html?command=get_materiel&rest_code=00156&code=00101007077&supplier_code=00100547&order_time=2022-05-20 HTTP/1.1" 200 415
218.81.223.53 - - [27/May/2022:12:25:12 +0800] "GET /xingrg/all/function/internal_message.html?_=1653625527488&CODE_STATE=getMsg HTTP/1.1" 200 27
180.175.103.167 - - [27/May/2022:12:25:14 +0800] "POST /xingrg/all/common/load_combo.html?type=employee HTTP/1.1" 200 356
120.253.135.82 - - [27/May/2022:12:25:17 +0800] "GET /xingrg/all/function/internal_message.html?_=1653625323513&CODE_STATE=getMsg HTTP/1.1" 200 27
180.175.103.167 - - [27/May/2022:12:25:17 +0800] "POST /xingrg/kc/mdqp/pssh_order_operate.html HTTP/1.1" 200 37
180.175.103.167 - - [27/May/2022:12:25:18 +0800] "POST /xingrg/kc/mdqp/pssh_order_operate.html HTTP/1.1" 200 1084
180.175.103.167 - - [27/May/2022:12:25:23 +0800] "POST /xingrg/kc/mdqp/pssh_order_operate.html HTTP/1.1" 200 37
180.175.103.167 - - [27/May/2022:12:25:23 +0800] "POST /xingrg/kc/mdqp/pssh_order_operate.html HTTP/1.1" 200 12
180.175.103.167 - - [27/May/2022:12:25:24 +0800] "GET /xingrg/kc/mdqp/pssh_order_info.html?code=312022042900237 HTTP/1.1" 200 14386
180.175.103.167 - - [27/May/2022:12:25:24 +0800] "GET /xingrg/javascript/jquery_tools/jquery-1.4.2.min.js HTTP/1.1" 404 1094
180.175.103.167 - - [27/May/2022:12:25:24 +0800] "GET /xingrg/javascript/easyui/themes/default/validatebox.css HTTP/1.1" 404 1104
180.175.103.167 - - [27/May/2022:12:25:24 +0800] "POST /xingrg/kc/mdqp/pssh_order_operate.html HTTP/1.1" 200 1084
58.39.61.91 - - [27/May/2022:12:25:24 +0800] "GET /xingrg/all/function/internal_message.html?_=1653625486362&CODE_STATE=getMsg HTTP/1.1" 200 27
180.175.103.167 - - [27/May/2022:12:25:25 +0800] "GET /xingrg/kc/print/load_config.html?kc_code=pssh HTTP/1.1" 200 2291
180.175.103.167 - - [27/May/2022:12:25:25 +0800] "GET /xingrg/kc/print/load_data.html?order_code=312022042900237&kc_code=pssh&condition= HTTP/1.1" 200 910
58.35.196.179 - - [27/May/2022:12:25:25 +0800] "GET /xingrg/kc/buy/cgsh_order_operate.html?command=get_materiel&rest_code=00156&code=00101007072&supplier_code=00100547&order_time=2022-05-20 HTTP/1.1" 200 435
58.39.61.91 - - [27/May/2022:12:25:30 +0800] "POST /xingrg/kc/buy/cgsh_list_operate.html HTTP/1.1" 200 1716
180.175.103.167 - - [27/May/2022:12:25:30 +0800] "GET /xingrg/kc/mdqp/psth_order_list1.html HTTP/1.1" 200 17886
180.175.103.167 - - [27/May/2022:12:25:31 +0800] "POST /xingrg/kc/mdqp/pssh_list_operate.html HTTP/1.1" 200 5664
180.175.103.167 - - [27/May/2022:12:25:31 +0800] "POST /xingrg/kc/mdqp/psth_list_operate.html HTTP/1.1" 200 749
180.175.103.167 - - [27/May/2022:12:25:32 +0800] "GET /xingrg/kc/mdqp/psth_order_add1.html HTTP/1.1" 200 25243
180.175.103.167 - - [27/May/2022:12:25:32 +0800] "GET /xingrg/javascript/jquery_tools/jquery-1.4.2.min.js HTTP/1.1" 404 1094
180.175.103.167 - - [27/May/2022:12:25:32 +0800] "GET /xingrg/all/common/auto_word.html?type=base&rest_code=00105&rest_code=00101 HTTP/1.1" 200 1907
180.175.103.167 - - [27/May/2022:12:25:32 +0800] "GET /xingrg/javascript/easyui/themes/default/validatebox.css HTTP/1.1" 404 1104
180.175.103.167 - - [27/May/2022:12:25:32 +0800] "POST /xingrg/kc/mdqp/psth_order_operate.html HTTP/1.1" 200 6806
58.35.196.179 - - [27/May/2022:12:25:35 +0800] "GET /xingrg/all/function/internal_message.html?_=1653625531248&CODE_STATE=getMsg HTTP/1.1" 200 27
58.35.196.179 - - [27/May/2022:12:25:35 +0800] "POST /xingrg/kc/buy/cgsh_order_operate.html HTTP/1.1" 200 37
58.35.196.179 - - [27/May/2022:12:25:37 +0800] "POST /xingrg/kc/buy/cgsh_order_operate.html HTTP/1.1" 200 3267
58.35.196.179 - - [27/May/2022:12:25:38 +0800] "GET /xingrg/kc/print/load_data.html?order_code=212022052701745&kc_code=cgsh&condition= HTTP/1.1" 200 899
58.39.61.91 - - [27/May/2022:12:25:40 +0800] "GET /xingrg/all/function/internal_message.html?_=1653625536661&CODE_STATE=getMsg HTTP/1.1" 200 27
116.235.92.88 - - [27/May/2022:12:25:43 +0800] "GET /xingrg/all/function/internal_message.html?_=1653625716355&CODE_STATE=getMsg HTTP/1.1" 200 27
58.35.196.179 - - [27/May/2022:12:25:44 +0800] "GET /xingrg/kc/buy/cgsh_order_add.html HTTP/1.1" 200 67569
180.175.103.167 - - [27/May/2022:12:25:44 +0800] "GET /xingrg/check_reg.html?_=1653625543963 HTTP/1.1" 200 22
180.175.103.167 - - [27/May/2022:12:25:44 +0800] "GET /xingrg/all/function/internal_message.html?_=1653625543967&CODE_STATE=getMsg HTTP/1.1" 200 27
58.35.196.179 - - [27/May/2022:12:25:44 +0800] "POST /xingrg/kc/buy/cgsh_order_operate.html HTTP/1.1" 200 8245
58.35.196.179 - - [27/May/2022:12:25:44 +0800] "GET /xingrg/javascript/easyui/themes/default/validatebox.css HTTP/1.1" 404 1104
180.156.212.250 - - [27/May/2022:12:25:44 +0800] "GET /xingrg/all/function/internal_message.html?_=1653625610016&CODE_STATE=getMsg HTTP/1.1" 200 27
180.175.103.167 - - [27/May/2022:12:25:46 +0800] "GET /xingrg/kc/mdqp/psth_order_operate.html?command=get_materiel&base_code=0010520&rest_code=00105&code=00101009142 HTTP/1.1" 200 442
180.175.103.167 - - [27/May/2022:12:25:55 +0800] "GET /xingrg/kc/mdqp/psth_order_operate.html?command=get_materiel&base_code=0010520&rest_code=00105&code=00101009143 HTTP/1.1" 200 438
180.175.103.167 - - [27/May/2022:12:26:04 +0800] "GET /xingrg/all/function/internal_message.html?_=1653625483625&CODE_STATE=getMsg HTTP/1.1" 200 27
116.230.110.173 - - [27/May/2022:12:26:06 +0800] "GET /xingrg/all/function/internal_message.html?_=1653625550173&CODE_STATE=getMsg HTTP/1.1" 200 27
114.83.218.142 - - [27/May/2022:12:26:08 +0800] "GET /xingrg/check_reg.html?_=1653625561988 HTTP/1.1" 200 22
114.83.218.142 - - [27/May/2022:12:26:08 +0800] "GET /xingrg/all/function/internal_message.html?_=1653625561993&CODE_STATE=getMsg HTTP/1.1" 200 27
218.81.223.53 - - [27/May/2022:12:26:13 +0800] "GET /xingrg/all/function/internal_message.html?_=1653625587800&CODE_STATE=getMsg HTTP/1.1" 200 27
180.156.212.250 - - [27/May/2022:12:26:13 +0800] "GET /xingrg/kc/mdqp/pssh_order_list.html HTTP/1.1" 200 17782
180.156.212.250 - - [27/May/2022:12:26:13 +0800] "POST /xingrg/kc/mdqp/pssh_list_operate.html HTTP/1.1" 200 5421
180.175.103.167 - - [27/May/2022:12:26:16 +0800] "POST /xingrg/kc/mdqp/psth_order_operate.html HTTP/1.1" 200 37
180.156.212.250 - - [27/May/2022:12:26:17 +0800] "POST /xingrg/kc/mdqp/pssh_list_operate.html HTTP/1.1" 200 382
180.175.103.167 - - [27/May/2022:12:26:17 +0800] "POST /xingrg/kc/mdqp/psth_order_operate.html HTTP/1.1" 200 2713
120.253.135.82 - - [27/May/2022:12:26:17 +0800] "GET /xingrg/all/function/internal_message.html?_=1653625383853&CODE_STATE=getMsg HTTP/1.1" 200 27
180.156.212.250 - - [27/May/2022:12:26:21 +0800] "POST /xingrg/kc/mdqp/pssh_list_operate.html HTTP/1.1" 200 258
58.39.61.91 - - [27/May/2022:12:26:24 +0800] "GET /xingrg/all/function/internal_message.html?_=1653625546376&CODE_STATE=getMsg HTTP/1.1" 200 27
58.35.196.179 - - [27/May/2022:12:26:35 +0800] "GET /xingrg/all/function/internal_message.html?_=1653625591223&CODE_STATE=getMsg HTTP/1.1" 200 27
218.81.223.53 - - [27/May/2022:12:26:39 +0800] "GET /xingrg/check_reg.html?_=1653625614118 HTTP/1.1" 200 22
58.39.61.91 - - [27/May/2022:12:26:40 +0800] "GET /xingrg/all/function/internal_message.html?_=1653625596655&CODE_STATE=getMsg HTTP/1.1" 200 27
116.235.92.88 - - [27/May/2022:12:26:43 +0800] "GET /xingrg/check_reg.html?_=1653625776370 HTTP/1.1" 200 22
116.235.92.88 - - [27/May/2022:12:26:43 +0800] "GET /xingrg/all/function/internal_message.html?_=1653625776369&CODE_STATE=getMsg HTTP/1.1" 200 27
180.175.103.167 - - [27/May/2022:12:26:44 +0800] "GET /xingrg/all/function/internal_message.html?_=1653625603945&CODE_STATE=getMsg HTTP/1.1" 200 27
180.156.212.250 - - [27/May/2022:12:26:44 +0800] "GET /xingrg/all/function/internal_message.html?_=1653625670033&CODE_STATE=getMsg HTTP/1.1" 200 27
180.175.103.167 - - [27/May/2022:12:26:55 +0800] "GET /xingrg/kc/print/load_config.html?kc_code=psth HTTP/1.1" 200 2351
180.175.103.167 - - [27/May/2022:12:26:55 +0800] "GET /xingrg/kc/print/load_data.html?order_code=322022052700010&kc_code=psth&condition= HTTP/1.1" 200 738
180.175.103.167 - - [27/May/2022:12:27:04 +0800] "GET /xingrg/all/function/internal_message.html?_=1653625543621&CODE_STATE=getMsg HTTP/1.1" 200 27
116.230.110.173 - - [27/May/2022:12:27:06 +0800] "GET /xingrg/all/function/internal_message.html?_=1653625610161&CODE_STATE=getMsg HTTP/1.1" 200 27
114.83.218.142 - - [27/May/2022:12:27:08 +0800] "GET /xingrg/all/function/internal_message.html?_=1653625621993&CODE_STATE=getMsg HTTP/1.1" 200 27
218.81.223.53 - - [27/May/2022:12:27:13 +0800] "GET /xingrg/all/function/internal_message.html?_=1653625647812&CODE_STATE=getMsg HTTP/1.1" 200 27
120.253.135.82 - - [27/May/2022:12:27:17 +0800] "GET /xingrg/all/function/internal_message.html?_=1653625443868&CODE_STATE=getMsg HTTP/1.1" 200 27
58.35.196.179 - - [27/May/2022:12:27:18 +0800] "GET /xingrg/kc/buy/cgsh_order_operate.html?command=get_materiel&rest_code=00156&code=00101006088&supplier_code=00100517&order_time=2022-05-20 HTTP/1.1" 200 430
180.156.212.250 - - [27/May/2022:12:27:24 +0800] "POST /xingrg/kc/mdqp/pssh_list_operate.html HTTP/1.1" 200 1895
58.39.61.91 - - [27/May/2022:12:27:24 +0800] "GET /xingrg/all/function/internal_message.html?_=1653625606433&CODE_STATE=getMsg HTTP/1.1" 200 27
180.156.212.250 - - [27/May/2022:12:27:28 +0800] "POST /xingrg/kc/mdqp/pssh_list_operate.html HTTP/1.1" 200 258
180.156.212.250 - - [27/May/2022:12:27:29 +0800] "POST /xingrg/kc/mdqp/pssh_list_operate.html HTTP/1.1" 200 382
58.35.196.179 - - [27/May/2022:12:27:35 +0800] "GET /xingrg/all/function/internal_message.html?_=1653625651204&CODE_STATE=getMsg HTTP/1.1" 200 27
58.35.196.179 - - [27/May/2022:12:27:35 +0800] "GET /xingrg/check_reg.html?_=1653625651306 HTTP/1.1" 200 22
58.35.196.179 - - [27/May/2022:12:27:37 +0800] "POST /xingrg/kc/buy/cgsh_order_operate.html HTTP/1.1" 200 37
58.35.196.179 - - [27/May/2022:12:27:38 +0800] "POST /xingrg/kc/buy/cgsh_order_operate.html HTTP/1.1" 200 2662
58.39.61.91 - - [27/May/2022:12:27:40 +0800] "GET /xingrg/all/function/internal_message.html?_=1653625656653&CODE_STATE=getMsg HTTP/1.1" 200 27
180.175.103.167 - - [27/May/2022:12:27:42 +0800] "GET /xingrg/kc/buy/cgsh_order_operate.html?command=get_materiel&rest_code=00105&code=00101007043&supplier_code=00100327&order_time=2022-05-27 HTTP/1.1" 200 427
116.235.92.88 - - [27/May/2022:12:27:43 +0800] "GET /xingrg/all/function/internal_message.html?_=1653625836368&CODE_STATE=getMsg HTTP/1.1" 200 27
180.175.103.167 - - [27/May/2022:12:27:44 +0800] "GET /xingrg/all/function/internal_message.html?_=1653625663957&CODE_STATE=getMsg HTTP/1.1" 200 27
180.156.212.250 - - [27/May/2022:12:27:45 +0800] "GET /xingrg/all/function/internal_message.html?_=1653625730394&CODE_STATE=getMsg HTTP/1.1" 200 27
58.35.196.179 - - [27/May/2022:12:27:46 +0800] "GET /xingrg/kc/print/load_data.html?order_code=212022052701746&kc_code=cgsh&condition= HTTP/1.1" 200 670
180.175.103.167 - - [27/May/2022:12:28:04 +0800] "GET /xingrg/all/function/internal_message.html?_=1653625603603&CODE_STATE=getMsg HTTP/1.1" 200 27
116.230.110.173 - - [27/May/2022:12:28:06 +0800] "GET /xingrg/all/function/internal_message.html?_=1653625670178&CODE_STATE=getMsg HTTP/1.1" 200 27
114.83.218.142 - - [27/May/2022:12:28:08 +0800] "GET /xingrg/all/function/internal_message.html?_=1653625681999&CODE_STATE=getMsg HTTP/1.1" 200 27
180.175.103.167 - - [27/May/2022:12:28:08 +0800] "POST /xingrg/kc/buy/cgsh_order_operate.html HTTP/1.1" 200 2065
218.81.223.53 - - [27/May/2022:12:28:13 +0800] "GET /xingrg/all/function/internal_message.html?_=1653625707826&CODE_STATE=getMsg HTTP/1.1" 200 27
120.253.135.82 - - [27/May/2022:12:28:18 +0800] "GET /xingrg/all/function/internal_message.html?_=1653625504175&CODE_STATE=getMsg HTTP/1.1" 200 27
58.39.61.91 - - [27/May/2022:12:28:24 +0800] "GET /xingrg/all/function/internal_message.html?_=1653625666434&CODE_STATE=getMsg HTTP/1.1" 200 27
180.156.212.250 - - [27/May/2022:12:28:29 +0800] "GET /xingrg/kc/mdqp/pssh_order_info.html?code=312022052300580 HTTP/1.1" 200 17244
180.156.212.250 - - [27/May/2022:12:28:29 +0800] "GET /xingrg/javascript/jquery_tools/jquery-1.4.2.min.js HTTP/1.1" 404 1094
180.156.212.250 - - [27/May/2022:12:28:29 +0800] "POST /xingrg/kc/mdqp/pssh_order_operate.html HTTP/1.1" 200 1079
180.156.212.250 - - [27/May/2022:12:28:29 +0800] "GET /xingrg/javascript/easyui/themes/default/validatebox.css HTTP/1.1" 404 1104
180.156.212.250 - - [27/May/2022:12:28:29 +0800] "GET /xingrg/check_reg.html?_=1653625775029 HTTP/1.1" 200 22
58.35.196.179 - - [27/May/2022:12:28:35 +0800] "GET /xingrg/all/function/internal_message.html?_=1653625711185&CODE_STATE=getMsg HTTP/1.1" 200 27
120.253.135.82 - - [27/May/2022:12:28:40 +0800] "GET /xingrg/check_reg.html?_=1653625526206 HTTP/1.1" 200 22
58.39.61.91 - - [27/May/2022:12:28:40 +0800] "GET /xingrg/all/function/internal_message.html?_=1653625716648&CODE_STATE=getMsg HTTP/1.1" 200 27
116.235.92.88 - - [27/May/2022:12:28:43 +0800] "GET /xingrg/all/function/internal_message.html?_=1653625896366&CODE_STATE=getMsg HTTP/1.1" 200 27
180.175.103.167 - - [27/May/2022:12:28:44 +0800] "GET /xingrg/all/function/internal_message.html?_=1653625723953&CODE_STATE=getMsg HTTP/1.1" 200 27
180.156.212.250 - - [27/May/2022:12:28:45 +0800] "GET /xingrg/all/function/internal_message.html?_=1653625790739&CODE_STATE=getMsg HTTP/1.1" 200 27
180.175.103.167 - - [27/May/2022:12:28:52 +0800] "GET /xingrg/check_reg.html?_=1653625652103 HTTP/1.1" 200 22
180.175.103.167 - - [27/May/2022:12:29:03 +0800] "POST /xingrg/kc/buy/cgsh_order_operate.html HTTP/1.1" 200 37
180.175.103.167 - - [27/May/2022:12:29:04 +0800] "GET /xingrg/all/function/internal_message.html?_=1653625663561&CODE_STATE=getMsg HTTP/1.1" 200 27
180.175.103.167 - - [27/May/2022:12:29:05 +0800] "POST /xingrg/kc/buy/cgsh_order_operate.html HTTP/1.1" 200 7519
116.230.110.173 - - [27/May/2022:12:29:06 +0800] "GET /xingrg/all/function/internal_message.html?_=1653625730167&CODE_STATE=getMsg HTTP/1.1" 200 27
114.83.218.142 - - [27/May/2022:12:29:08 +0800] "GET /xingrg/all/function/internal_message.html?_=1653625742001&CODE_STATE=getMsg HTTP/1.1" 200 27
180.175.103.167 - - [27/May/2022:12:29:10 +0800] "POST /xingrg/kc/mdqp/psth_list_operate.html HTTP/1.1" 200 1527
180.175.103.167 - - [27/May/2022:12:29:12 +0800] "GET /xingrg/kc/mdqp/psth_order_add1.html HTTP/1.1" 200 25243
180.175.103.167 - - [27/May/2022:12:29:12 +0800] "GET /xingrg/javascript/jquery_tools/jquery-1.4.2.min.js HTTP/1.1" 404 1094
180.175.103.167 - - [27/May/2022:12:29:12 +0800] "GET /xingrg/javascript/easyui/themes/default/validatebox.css HTTP/1.1" 404 1104
180.175.103.167 - - [27/May/2022:12:29:12 +0800] "POST /xingrg/kc/mdqp/psth_order_operate.html HTTP/1.1" 200 6806
218.81.223.53 - - [27/May/2022:12:29:13 +0800] "GET /xingrg/all/function/internal_message.html?_=1653625768126&CODE_STATE=getMsg HTTP/1.1" 200 27
180.175.103.167 - - [27/May/2022:12:29:17 +0800] "GET /xingrg/kc/mdqp/psth_order_list1.html HTTP/1.1" 200 17886
180.175.103.167 - - [27/May/2022:12:29:17 +0800] "POST /xingrg/kc/mdqp/psth_list_operate.html HTTP/1.1" 200 1527
120.253.135.82 - - [27/May/2022:12:29:18 +0800] "GET /xingrg/all/function/internal_message.html?_=1653625564193&CODE_STATE=getMsg HTTP/1.1" 200 27
180.175.103.167 - - [27/May/2022:12:29:19 +0800] "POST /xingrg/kc/mdqp/psth_list_operate.html HTTP/1.1" 200 315
180.175.103.167 - - [27/May/2022:12:29:19 +0800] "GET /xingrg/kc/mdqp/psth_order_info1.html?code=322022052700010 HTTP/1.1" 200 25827
180.175.103.167 - - [27/May/2022:12:29:19 +0800] "GET /xingrg/javascript/jquery_tools/jquery-1.4.2.min.js HTTP/1.1" 404 1094
180.175.103.167 - - [27/May/2022:12:29:20 +0800] "GET /xingrg/javascript/easyui/themes/default/validatebox.css HTTP/1.1" 404 1104
180.175.103.167 - - [27/May/2022:12:29:20 +0800] "POST /xingrg/kc/mdqp/psth_order_operate.html HTTP/1.1" 200 2713
180.175.103.167 - - [27/May/2022:12:29:21 +0800] "GET /xingrg/javascript/jquery_tools/images/prev.gif HTTP/1.1" 404 1086
180.175.103.167 - - [27/May/2022:12:29:21 +0800] "GET /xingrg/javascript/jquery_tools/images/next.gif HTTP/1.1" 404 1086
58.39.61.91 - - [27/May/2022:12:29:24 +0800] "GET /xingrg/check_reg.html?_=1653625725467 HTTP/1.1" 200 22
58.39.61.91 - - [27/May/2022:12:29:25 +0800] "GET /xingrg/all/function/internal_message.html?_=1653625726448&CODE_STATE=getMsg HTTP/1.1" 200 27
180.175.103.167 - - [27/May/2022:12:29:26 +0800] "POST /xingrg/kc/buy/cgsh_order_operate.html HTTP/1.1" 200 37
58.35.196.179 - - [27/May/2022:12:29:27 +0800] "POST /xingrg/kc/buy/cgsh_order_operate.html HTTP/1.1" 200 37
58.35.196.179 - - [27/May/2022:12:29:29 +0800] "POST /xingrg/kc/buy/cgsh_order_operate.html HTTP/1.1" 200 2662
180.175.103.167 - - [27/May/2022:12:29:32 +0800] "POST /xingrg/kc/mdqp/psth_order_operate.html HTTP/1.1" 200 37
180.175.103.167 - - [27/May/2022:12:29:33 +0800] "POST /xingrg/kc/mdqp/psth_order_operate.html HTTP/1.1" 200 2713
180.175.103.167 - - [27/May/2022:12:29:34 +0800] "POST /xingrg/kc/buy/cgsh_order_operate.html HTTP/1.1" 200 7519
58.35.196.179 - - [27/May/2022:12:29:35 +0800] "GET /xingrg/all/function/internal_message.html?_=1653625771161&CODE_STATE=getMsg HTTP/1.1" 200 27
180.175.103.167 - - [27/May/2022:12:29:37 +0800] "GET /xingrg/kc/print/load_data.html?order_code=212022052701747&kc_code=cgsh&condition= HTTP/1.1" 200 2611
58.39.61.91 - - [27/May/2022:12:29:40 +0800] "GET /xingrg/check_reg.html?_=1653625776665 HTTP/1.1" 200 22
58.39.61.91 - - [27/May/2022:12:29:40 +0800] "GET /xingrg/all/function/internal_message.html?_=1653625776667&CODE_STATE=getMsg HTTP/1.1" 200 27
116.235.92.88 - - [27/May/2022:12:29:43 +0800] "GET /xingrg/all/function/internal_message.html?_=1653625956364&CODE_STATE=getMsg HTTP/1.1" 200 27
180.175.103.167 - - [27/May/2022:12:29:44 +0800] "GET /xingrg/all/function/internal_message.html?_=1653625783981&CODE_STATE=getMsg HTTP/1.1" 200 27
180.156.212.250 - - [27/May/2022:12:29:45 +0800] "GET /xingrg/all/function/internal_message.html?_=1653625851061&CODE_STATE=getMsg HTTP/1.1" 200 27
180.175.103.167 - - [27/May/2022:12:29:53 +0800] "GET /xingrg/index.html?sysBaseUrl=http%3A%2F%2F180.169.147.146%3A18081%2Fxingrg%2F&costTime=36×tamp=1585223203754 HTTP/1.1" 302 -
180.175.103.167 - - [27/May/2022:12:29:53 +0800] "GET /xingrg/login.html HTTP/1.1" 200 7641
180.175.103.167 - - [27/May/2022:12:29:53 +0800] "GET /favicon.ico HTTP/1.1" 404 -
180.175.103.167 - - [27/May/2022:12:29:56 +0800] "POST /xingrg/login.do HTTP/1.1" 200 2421
180.175.103.167 - - [27/May/2022:12:29:56 +0800] "GET /favicon.ico HTTP/1.1" 404 -
180.175.103.167 - - [27/May/2022:12:29:57 +0800] "GET /xingrg/login.html HTTP/1.1" 200 7641
180.175.103.167 - - [27/May/2022:12:29:57 +0800] "GET /favicon.ico HTTP/1.1" 404 -
180.175.103.167 - - [27/May/2022:12:29:58 +0800] "POST /xingrg/login.do HTTP/1.1" 302 -
180.175.103.167 - - [27/May/2022:12:29:58 +0800] "GET /xingrg/index.html?sysBaseUrl=http%3A%2F%2F180.169.147.146%3A18081%2Fxingrg%2F&costTime=44×tamp=1653625798283 HTTP/1.1" 200 17173
180.175.103.167 - - [27/May/2022:12:29:58 +0800] "GET /favicon.ico HTTP/1.1" 404 -
180.175.103.167 - - [27/May/2022:12:29:58 +0800] "POST /xingrg/all/common/load_tree.html?tree=area_rest_tree_json&manage=1 HTTP/1.1" 200 3472
180.175.103.167 - - [27/May/2022:12:29:58 +0800] "GET /xingrg/all/function/internal_message.html?_=1653625798246&CODE_STATE=count HTTP/1.1" 200 11
180.175.103.167 - - [27/May/2022:12:29:58 +0800] "GET /xingrg/check_reg.html?_=1653625798247 HTTP/1.1" 200 22
180.175.103.167 - - [27/May/2022:12:29:58 +0800] "POST /xingrg/load_menu.html HTTP/1.1" 200 5138
180.175.103.167 - - [27/May/2022:12:30:04 +0800] "GET /xingrg/kc/mdqp/psth_order_list1.html HTTP/1.1" 200 17886
180.175.103.167 - - [27/May/2022:12:30:04 +0800] "GET /xingrg/all/function/internal_message.html?_=1653625723564&CODE_STATE=getMsg HTTP/1.1" 200 27
180.175.103.167 - - [27/May/2022:12:30:04 +0800] "POST /xingrg/kc/mdqp/psth_list_operate.html HTTP/1.1" 200 1527
180.175.103.167 - - [27/May/2022:12:30:06 +0800] "POST /xingrg/kc/mdqp/psth_list_operate.html HTTP/1.1" 200 315
116.230.110.173 - - [27/May/2022:12:30:06 +0800] "GET /xingrg/all/function/internal_message.html?_=1653625790170&CODE_STATE=getMsg HTTP/1.1" 200 27
116.230.110.173 - - [27/May/2022:12:30:06 +0800] "GET /xingrg/check_reg.html?_=1653625790171 HTTP/1.1" 200 22
180.175.103.167 - - [27/May/2022:12:30:06 +0800] "GET /xingrg/javascript/jquery_tools/jquery-1.4.2.min.js HTTP/1.1" 404 1094
180.175.103.167 - - [27/May/2022:12:30:06 +0800] "GET /xingrg/kc/mdqp/psth_order_info1.html?code=322022052700010 HTTP/1.1" 200 25827
180.175.103.167 - - [27/May/2022:12:30:06 +0800] "GET /xingrg/all/common/auto_word.html?type=base&rest_code=00105&rest_code=00101 HTTP/1.1" 200 1907
180.175.103.167 - - [27/May/2022:12:30:06 +0800] "GET /xingrg/javascript/easyui/themes/default/validatebox.css HTTP/1.1" 404 1104
180.175.103.167 - - [27/May/2022:12:30:06 +0800] "POST /xingrg/kc/mdqp/psth_order_operate.html HTTP/1.1" 200 2713
114.83.218.142 - - [27/May/2022:12:30:08 +0800] "GET /xingrg/all/function/internal_message.html?_=1653625802008&CODE_STATE=getMsg HTTP/1.1" 200 27
218.81.223.53 - - [27/May/2022:12:30:13 +0800] "GET /xingrg/all/function/internal_message.html?_=1653625828133&CODE_STATE=getMsg HTTP/1.1" 200 27
58.35.196.179 - - [27/May/2022:12:30:14 +0800] "GET /xingrg/kc/buy/cgsh_order_add.html HTTP/1.1" 200 67569
58.35.196.179 - - [27/May/2022:12:30:14 +0800] "POST /xingrg/kc/buy/cgsh_order_operate.html HTTP/1.1" 200 8245
58.35.196.179 - - [27/May/2022:12:30:14 +0800] "GET /xingrg/javascript/easyui/themes/default/validatebox.css HTTP/1.1" 404 1104
58.39.61.91 - - [27/May/2022:12:30:25 +0800] "GET /xingrg/all/function/internal_message.html?_=1653625786462&CODE_STATE=getMsg HTTP/1.1" 200 27
180.175.103.167 - - [27/May/2022:12:30:33 +0800] "GET /xingrg/kc/mdqp/pssh_order_list.html HTTP/1.1" 200 17862
180.175.103.167 - - [27/May/2022:12:30:33 +0800] "POST /xingrg/kc/mdqp/pssh_list_operate.html HTTP/1.1" 200 5477
58.35.196.179 - - [27/May/2022:12:30:35 +0800] "GET /xingrg/all/function/internal_message.html?_=1653625831138&CODE_STATE=getMsg HTTP/1.1" 200 27
180.175.103.167 - - [27/May/2022:12:30:35 +0800] "GET /xingrg/kc/buy/cgsh_order_add.html HTTP/1.1" 200 67610
180.175.103.167 - - [27/May/2022:12:30:35 +0800] "POST /xingrg/kc/buy/cgsh_order_operate.html HTTP/1.1" 200 8245
180.175.103.167 - - [27/May/2022:12:30:35 +0800] "GET /xingrg/javascript/easyui/themes/default/validatebox.css HTTP/1.1" 404 1104
180.175.103.167 - - [27/May/2022:12:30:38 +0800] "POST /xingrg/kc/mdqp/pssh_list_operate.html HTTP/1.1" 200 1587
58.39.61.91 - - [27/May/2022:12:30:40 +0800] "GET /xingrg/all/function/internal_message.html?_=1653625836664&CODE_STATE=getMsg HTTP/1.1" 200 27
180.175.103.167 - - [27/May/2022:12:30:42 +0800] "POST /xingrg/kc/mdqp/pssh_list_operate.html HTTP/1.1" 200 5477
116.235.92.88 - - [27/May/2022:12:30:43 +0800] "GET /xingrg/all/function/internal_message.html?_=1653626016364&CODE_STATE=getMsg HTTP/1.1" 200 27
180.175.103.167 - - [27/May/2022:12:30:44 +0800] "POST /xingrg/kc/mdqp/pssh_list_operate.html HTTP/1.1" 200 5638
180.156.212.250 - - [27/May/2022:12:30:45 +0800] "GET /xingrg/all/function/internal_message.html?_=1653625911069&CODE_STATE=getMsg HTTP/1.1" 200 27
180.175.103.167 - - [27/May/2022:12:30:48 +0800] "POST /xingrg/kc/mdqp/pssh_list_operate.html HTTP/1.1" 200 5664
180.175.103.167 - - [27/May/2022:12:30:52 +0800] "POST /xingrg/kc/mdqp/pssh_list_operate.html HTTP/1.1" 200 397
180.156.212.250 - - [27/May/2022:12:30:52 +0800] "GET /xingrg/kc/mdqp/pssh_order_info.html?code=312022052300580 HTTP/1.1" 200 17244
180.156.212.250 - - [27/May/2022:12:30:52 +0800] "GET /xingrg/javascript/jquery_tools/jquery-1.4.2.min.js HTTP/1.1" 404 1094
180.156.212.250 - - [27/May/2022:12:30:52 +0800] "POST /xingrg/kc/mdqp/pssh_order_operate.html HTTP/1.1" 200 1079
180.156.212.250 - - [27/May/2022:12:30:52 +0800] "GET /xingrg/javascript/easyui/themes/default/validatebox.css HTTP/1.1" 404 1104
180.175.103.167 - - [27/May/2022:12:30:58 +0800] "GET /xingrg/all/function/internal_message.html?_=1653625858256&CODE_STATE=getMsg HTTP/1.1" 200 27
180.175.103.167 - - [27/May/2022:12:31:04 +0800] "GET /xingrg/all/function/internal_message.html?_=1653625783544&CODE_STATE=getMsg HTTP/1.1" 200 27
116.230.110.173 - - [27/May/2022:12:31:06 +0800] "GET /xingrg/all/function/internal_message.html?_=1653625850187&CODE_STATE=getMsg HTTP/1.1" 200 27
114.83.218.142 - - [27/May/2022:12:31:08 +0800] "GET /xingrg/check_reg.html?_=1653625861999 HTTP/1.1" 200 22
114.83.218.142 - - [27/May/2022:12:31:08 +0800] "GET /xingrg/all/function/internal_message.html?_=1653625862003&CODE_STATE=getMsg HTTP/1.1" 200 27
180.175.103.167 - - [27/May/2022:12:31:10 +0800] "GET /xingrg/kc/buy/cgsh_order_operate.html?command=get_materiel&rest_code=00105&code=00101002058&supplier_code=00100313&order_time=2022-05-27 HTTP/1.1" 200 410
218.81.223.53 - - [27/May/2022:12:31:13 +0800] "GET /xingrg/all/function/internal_message.html?_=1653625888437&CODE_STATE=getMsg HTTP/1.1" 200 27
58.39.61.91 - - [27/May/2022:12:31:25 +0800] "GET /xingrg/all/function/internal_message.html?_=1653625846484&CODE_STATE=getMsg HTTP/1.1" 200 27
58.35.196.179 - - [27/May/2022:12:31:35 +0800] "GET /xingrg/all/function/internal_message.html?_=1653625891118&CODE_STATE=getMsg HTTP/1.1" 200 27
180.156.212.250 - - [27/May/2022:12:31:35 +0800] "POST /xingrg/kc/mdqp/pssh_list_operate.html HTTP/1.1" 200 1895
180.156.212.250 - - [27/May/2022:12:31:37 +0800] "POST /xingrg/kc/mdqp/pssh_list_operate.html HTTP/1.1" 200 258
218.81.223.53 - - [27/May/2022:12:31:39 +0800] "GET /xingrg/check_reg.html?_=1653625914126 HTTP/1.1" 200 22
58.39.61.91 - - [27/May/2022:12:31:40 +0800] "GET /xingrg/all/function/internal_message.html?_=1653625896660&CODE_STATE=getMsg HTTP/1.1" 200 27
116.235.92.88 - - [27/May/2022:12:31:43 +0800] "GET /xingrg/all/function/internal_message.html?_=1653626076361&CODE_STATE=getMsg HTTP/1.1" 200 27
116.235.92.88 - - [27/May/2022:12:31:43 +0800] "GET /xingrg/check_reg.html?_=1653626076362 HTTP/1.1" 200 22
180.156.212.250 - - [27/May/2022:12:31:45 +0800] "GET /xingrg/all/function/internal_message.html?_=1653625971083&CODE_STATE=getMsg HTTP/1.1" 200 27
180.175.103.167 - - [27/May/2022:12:31:49 +0800] "GET /xingrg/kc/buy/cgsh_order_operate.html?command=get_materiel&rest_code=00105&code=00101001061&supplier_code=00100313&order_time=2022-05-27 HTTP/1.1" 200 419
180.156.212.250 - - [27/May/2022:12:31:50 +0800] "POST /xingrg/kc/mdqp/pssh_list_operate.html HTTP/1.1" 200 382
180.175.103.167 - - [27/May/2022:12:31:58 +0800] "GET /xingrg/all/function/internal_message.html?_=1653625918256&CODE_STATE=getMsg HTTP/1.1" 200 27
180.175.103.167 - - [27/May/2022:12:32:04 +0800] "GET /xingrg/all/function/internal_message.html?_=1653625843525&CODE_STATE=getMsg HTTP/1.1" 200 27
116.230.110.173 - - [27/May/2022:12:32:06 +0800] "GET /xingrg/all/function/internal_message.html?_=1653625910185&CODE_STATE=getMsg HTTP/1.1" 200 27
114.83.218.142 - - [27/May/2022:12:32:08 +0800] "GET /xingrg/all/function/internal_message.html?_=1653625922009&CODE_STATE=getMsg HTTP/1.1" 200 27
124.78.156.37 - - [27/May/2022:12:32:12 +0800] "GET /xingrg/check_reg.html?_=1653625931489 HTTP/1.1" 200 22
218.81.223.53 - - [27/May/2022:12:32:13 +0800] "GET /xingrg/all/function/internal_message.html?_=1653625948440&CODE_STATE=getMsg HTTP/1.1" 200 27
180.175.103.167 - - [27/May/2022:12:32:18 +0800] "GET /xingrg/kc/buy/cgsh_order_operate.html?command=get_materiel&rest_code=00105&code=00101010161&supplier_code=00100313&order_time=2022-05-27 HTTP/1.1" 200 409
58.39.61.91 - - [27/May/2022:12:32:25 +0800] "GET /xingrg/all/function/internal_message.html?_=1653625906556&CODE_STATE=getMsg HTTP/1.1" 200 27
58.35.196.179 - - [27/May/2022:12:32:35 +0800] "GET /xingrg/all/function/internal_message.html?_=1653625951095&CODE_STATE=getMsg HTTP/1.1" 200 27
58.35.196.179 - - [27/May/2022:12:32:35 +0800] "GET /xingrg/check_reg.html?_=1653625951286 HTTP/1.1" 200 22
58.39.61.91 - - [27/May/2022:12:32:40 +0800] "GET /xingrg/all/function/internal_message.html?_=1653625956656&CODE_STATE=getMsg HTTP/1.1" 200 27
116.235.92.88 - - [27/May/2022:12:32:43 +0800] "GET /xingrg/all/function/internal_message.html?_=1653626136360&CODE_STATE=getMsg HTTP/1.1" 200 27
180.156.212.250 - - [27/May/2022:12:32:45 +0800] "GET /xingrg/all/function/internal_message.html?_=1653626031098&CODE_STATE=getMsg HTTP/1.1" 200 27
180.175.103.167 - - [27/May/2022:12:32:57 +0800] "GET /xingrg/kc/buy/cgsh_order_operate.html?command=get_materiel&rest_code=00105&code=00101003080&supplier_code=00100313&order_time=2022-05-27 HTTP/1.1" 200 428
180.175.103.167 - - [27/May/2022:12:32:58 +0800] "GET /xingrg/all/function/internal_message.html?_=1653625978258&CODE_STATE=getMsg HTTP/1.1" 200 27
180.175.103.167 - - [27/May/2022:12:33:04 +0800] "GET /xingrg/all/function/internal_message.html?_=1653625903504&CODE_STATE=getMsg HTTP/1.1" 200 27
116.230.110.173 - - [27/May/2022:12:33:06 +0800] "GET /xingrg/all/function/internal_message.html?_=1653625970184&CODE_STATE=getMsg HTTP/1.1" 200 27
114.83.218.142 - - [27/May/2022:12:33:08 +0800] "GET /xingrg/all/function/internal_message.html?_=1653625982008&CODE_STATE=getMsg HTTP/1.1" 200 27
218.81.223.53 - - [27/May/2022:12:33:13 +0800] "GET /xingrg/all/function/internal_message.html?_=1653626008455&CODE_STATE=getMsg HTTP/1.1" 200 27
180.175.103.167 - - [27/May/2022:12:33:20 +0800] "GET /xingrg/kc/buy/cgsh_order_operate.html?command=get_materiel&rest_code=00105&code=00101004010&supplier_code=00100313&order_time=2022-05-27 HTTP/1.1" 200 409
58.39.61.91 - - [27/May/2022:12:33:25 +0800] "GET /xingrg/all/function/internal_message.html?_=1653625966577&CODE_STATE=getMsg HTTP/1.1" 200 27
180.156.212.250 - - [27/May/2022:12:33:30 +0800] "GET /xingrg/check_reg.html?_=1653626075340 HTTP/1.1" 200 22
58.35.196.179 - - [27/May/2022:12:33:35 +0800] "GET /xingrg/all/function/internal_message.html?_=1653626011075&CODE_STATE=getMsg HTTP/1.1" 200 27
58.39.61.91 - - [27/May/2022:12:33:40 +0800] "GET /xingrg/all/function/internal_message.html?_=1653626016655&CODE_STATE=getMsg HTTP/1.1" 200 27
116.235.92.88 - - [27/May/2022:12:33:43 +0800] "GET /xingrg/all/function/internal_message.html?_=1653626196358&CODE_STATE=getMsg HTTP/1.1" 200 27
180.156.212.250 - - [27/May/2022:12:33:45 +0800] "GET /xingrg/all/function/internal_message.html?_=1653626091106&CODE_STATE=getMsg HTTP/1.1" 200 27
180.175.103.167 - - [27/May/2022:12:33:47 +0800] "GET /xingrg/kc/buy/cgsh_order_operate.html?command=get_materiel&rest_code=00105&code=00102026001&supplier_code=00100313&order_time=2022-05-27 HTTP/1.1" 200 409
180.175.103.167 - - [27/May/2022:12:33:52 +0800] "GET /xingrg/check_reg.html?_=1653625952122 HTTP/1.1" 200 22
180.175.103.167 - - [27/May/2022:12:33:58 +0800] "GET /xingrg/all/function/internal_message.html?_=1653626038255&CODE_STATE=getMsg HTTP/1.1" 200 27
180.175.103.167 - - [27/May/2022:12:34:04 +0800] "GET /xingrg/all/function/internal_message.html?_=1653625963487&CODE_STATE=getMsg HTTP/1.1" 200 27
116.230.110.173 - - [27/May/2022:12:34:06 +0800] "GET /xingrg/all/function/internal_message.html?_=1653626030171&CODE_STATE=getMsg HTTP/1.1" 200 27
114.83.218.142 - - [27/May/2022:12:34:08 +0800] "GET /xingrg/all/function/internal_message.html?_=1653626042013&CODE_STATE=getMsg HTTP/1.1" 200 27
218.81.223.53 - - [27/May/2022:12:34:14 +0800] "GET /xingrg/all/function/internal_message.html?_=1653626068769&CODE_STATE=getMsg HTTP/1.1" 200 27
58.39.61.91 - - [27/May/2022:12:34:24 +0800] "GET /xingrg/check_reg.html?_=1653626025518 HTTP/1.1" 200 22
180.162.6.153 - - [27/May/2022:12:34:24 +0800] "GET /favicon.ico HTTP/1.1" 404 -
58.39.61.91 - - [27/May/2022:12:34:25 +0800] "GET /xingrg/all/function/internal_message.html?_=1653626026594&CODE_STATE=getMsg HTTP/1.1" 200 27
180.175.103.167 - - [27/May/2022:12:34:34 +0800] "POST /xingrg/kc/buy/cgsh_order_operate.html HTTP/1.1" 200 37
58.35.196.179 - - [27/May/2022:12:34:35 +0800] "GET /xingrg/all/function/internal_message.html?_=1653626071048&CODE_STATE=getMsg HTTP/1.1" 200 27
180.175.103.167 - - [27/May/2022:12:34:36 +0800] "POST /xingrg/kc/buy/cgsh_order_operate.html HTTP/1.1" 200 5660
180.175.103.167 - - [27/May/2022:12:34:39 +0800] "GET /xingrg/kc/print/load_data.html?order_code=212022052701748&kc_code=cgsh&condition= HTTP/1.1" 200 1845
58.39.61.91 - - [27/May/2022:12:34:40 +0800] "GET /xingrg/check_reg.html?_=1653626076679 HTTP/1.1" 200 22
58.39.61.91 - - [27/May/2022:12:34:40 +0800] "GET /xingrg/all/function/internal_message.html?_=1653626076666&CODE_STATE=getMsg HTTP/1.1" 200 27
116.235.92.88 - - [27/May/2022:12:34:43 +0800] "GET /xingrg/all/function/internal_message.html?_=1653626256357&CODE_STATE=getMsg HTTP/1.1" 200 27
180.156.212.250 - - [27/May/2022:12:34:45 +0800] "GET /xingrg/all/function/internal_message.html?_=1653626151121&CODE_STATE=getMsg HTTP/1.1" 200 27
180.175.103.167 - - [27/May/2022:12:34:58 +0800] "GET /xingrg/check_reg.html?_=1653626098253 HTTP/1.1" 200 22
180.175.103.167 - - [27/May/2022:12:34:58 +0800] "GET /xingrg/all/function/internal_message.html?_=1653626098255&CODE_STATE=getMsg HTTP/1.1" 200 27
180.175.103.167 - - [27/May/2022:12:35:04 +0800] "GET /xingrg/all/function/internal_message.html?_=1653626023464&CODE_STATE=getMsg HTTP/1.1" 200 27
116.230.110.173 - - [27/May/2022:12:35:06 +0800] "GET /xingrg/check_reg.html?_=1653626090179 HTTP/1.1" 200 22
116.230.110.173 - - [27/May/2022:12:35:06 +0800] "GET /xingrg/all/function/internal_message.html?_=1653626090181&CODE_STATE=getMsg HTTP/1.1" 200 27
114.83.218.142 - - [27/May/2022:12:35:08 +0800] "GET /xingrg/all/function/internal_message.html?_=1653626102030&CODE_STATE=getMsg HTTP/1.1" 200 27
218.81.223.53 - - [27/May/2022:12:35:14 +0800] "GET /xingrg/all/function/internal_message.html?_=1653626128778&CODE_STATE=getMsg HTTP/1.1" 200 27
58.39.61.91 - - [27/May/2022:12:35:25 +0800] "GET /xingrg/all/function/internal_message.html?_=1653626086608&CODE_STATE=getMsg HTTP/1.1" 200 27
58.35.196.179 - - [27/May/2022:12:35:35 +0800] "GET /xingrg/all/function/internal_message.html?_=1653626131022&CODE_STATE=getMsg HTTP/1.1" 200 27
58.39.61.91 - - [27/May/2022:12:35:40 +0800] "GET /xingrg/all/function/internal_message.html?_=1653626136682&CODE_STATE=getMsg HTTP/1.1" 200 27
116.235.92.88 - - [27/May/2022:12:35:43 +0800] "GET /xingrg/all/function/internal_message.html?_=1653626316354&CODE_STATE=getMsg HTTP/1.1" 200 27
180.156.212.250 - - [27/May/2022:12:35:46 +0800] "GET /xingrg/all/function/internal_message.html?_=1653626211474&CODE_STATE=getMsg HTTP/1.1" 200 27
180.175.103.167 - - [27/May/2022:12:35:58 +0800] "GET /xingrg/all/function/internal_message.html?_=1653626158254&CODE_STATE=getMsg HTTP/1.1" 200 27
180.175.103.167 - - [27/May/2022:12:36:04 +0800] "GET /xingrg/all/function/internal_message.html?_=1653626083434&CODE_STATE=getMsg HTTP/1.1" 200 27
116.230.110.173 - - [27/May/2022:12:36:06 +0800] "GET /xingrg/all/function/internal_message.html?_=1653626150174&CODE_STATE=getMsg HTTP/1.1" 200 27
114.83.218.142 - - [27/May/2022:12:36:08 +0800] "GET /xingrg/check_reg.html?_=1653626162023 HTTP/1.1" 200 22
114.83.218.142 - - [27/May/2022:12:36:08 +0800] "GET /xingrg/all/function/internal_message.html?_=1653626162025&CODE_STATE=getMsg HTTP/1.1" 200 27
218.81.223.53 - - [27/May/2022:12:36:14 +0800] "GET /xingrg/all/function/internal_message.html?_=1653626189090&CODE_STATE=getMsg HTTP/1.1" 200 27
58.39.61.91 - - [27/May/2022:12:36:25 +0800] "GET /xingrg/all/function/internal_message.html?_=1653626146621&CODE_STATE=getMsg HTTP/1.1" 200 27
58.35.196.179 - - [27/May/2022:12:36:35 +0800] "GET /xingrg/all/function/internal_message.html?_=1653626190993&CODE_STATE=getMsg HTTP/1.1" 200 27
218.81.223.53 - - [27/May/2022:12:36:39 +0800] "GET /xingrg/check_reg.html?_=1653626214128 HTTP/1.1" 200 22
58.39.61.91 - - [27/May/2022:12:36:40 +0800] "GET /xingrg/all/function/internal_message.html?_=1653626196675&CODE_STATE=getMsg HTTP/1.1" 200 27
116.235.92.88 - - [27/May/2022:12:36:43 +0800] "GET /xingrg/all/function/internal_message.html?_=1653626376368&CODE_STATE=getMsg HTTP/1.1" 200 27
116.235.92.88 - - [27/May/2022:12:36:43 +0800] "GET /xingrg/check_reg.html?_=1653626376370 HTTP/1.1" 200 22
180.156.212.250 - - [27/May/2022:12:36:46 +0800] "GET /xingrg/all/function/internal_message.html?_=1653626271480&CODE_STATE=getMsg HTTP/1.1" 200 27
180.175.103.167 - - [27/May/2022:12:36:58 +0800] "GET /xingrg/all/function/internal_message.html?_=1653626218254&CODE_STATE=getMsg HTTP/1.1" 200 27
180.175.103.167 - - [27/May/2022:12:37:04 +0800] "GET /xingrg/all/function/internal_message.html?_=1653626143418&CODE_STATE=getMsg HTTP/1.1" 200 27
116.230.110.173 - - [27/May/2022:12:37:06 +0800] "GET /xingrg/all/function/internal_message.html?_=1653626210160&CODE_STATE=getMsg HTTP/1.1" 200 27
114.83.218.142 - - [27/May/2022:12:37:08 +0800] "GET /xingrg/all/function/internal_message.html?_=1653626222028&CODE_STATE=getMsg HTTP/1.1" 200 27
124.78.156.37 - - [27/May/2022:12:37:12 +0800] "GET /xingrg/check_reg.html?_=1653626231498 HTTP/1.1" 200 22
218.81.223.53 - - [27/May/2022:12:37:14 +0800] "GET /xingrg/all/function/internal_message.html?_=1653626249102&CODE_STATE=getMsg HTTP/1.1" 200 27
180.175.103.167 - - [27/May/2022:12:37:22 +0800] "POST /xingrg/services/DataTransmitService HTTP/1.1" 200 524
180.175.103.167 - - [27/May/2022:12:37:23 +0800] "POST /xingrg/services/DataTransmitService HTTP/1.1" 200 412
58.39.61.91 - - [27/May/2022:12:37:25 +0800] "GET /xingrg/all/function/internal_message.html?_=1653626206698&CODE_STATE=getMsg HTTP/1.1" 200 27
58.35.196.179 - - [27/May/2022:12:37:35 +0800] "GET /xingrg/all/function/internal_message.html?_=1653626250966&CODE_STATE=getMsg HTTP/1.1" 200 27
58.35.196.179 - - [27/May/2022:12:37:35 +0800] "GET /xingrg/check_reg.html?_=1653626251267 HTTP/1.1" 200 22
58.39.61.91 - - [27/May/2022:12:37:40 +0800] "GET /xingrg/all/function/internal_message.html?_=1653626256670&CODE_STATE=getMsg HTTP/1.1" 200 27
116.235.92.88 - - [27/May/2022:12:37:43 +0800] "GET /xingrg/all/function/internal_message.html?_=1653626436367&CODE_STATE=getMsg HTTP/1.1" 200 27
180.156.212.250 - - [27/May/2022:12:37:46 +0800] "GET /xingrg/all/function/internal_message.html?_=1653626331786&CODE_STATE=getMsg HTTP/1.1" 200 27
180.175.103.167 - - [27/May/2022:12:37:58 +0800] "GET /xingrg/all/function/internal_message.html?_=1653626278254&CODE_STATE=getMsg HTTP/1.1" 200 27
180.175.103.167 - - [27/May/2022:12:38:04 +0800] "GET /xingrg/all/function/internal_message.html?_=1653626203404&CODE_STATE=getMsg HTTP/1.1" 200 27
116.230.110.173 - - [27/May/2022:12:38:06 +0800] "GET /xingrg/all/function/internal_message.html?_=1653626270171&CODE_STATE=getMsg HTTP/1.1" 200 27
114.83.218.142 - - [27/May/2022:12:38:08 +0800] "GET /xingrg/all/function/internal_message.html?_=1653626282034&CODE_STATE=getMsg HTTP/1.1" 200 27
218.81.223.53 - - [27/May/2022:12:38:14 +0800] "GET /xingrg/all/function/internal_message.html?_=1653626309115&CODE_STATE=getMsg HTTP/1.1" 200 27
58.39.61.91 - - [27/May/2022:12:38:25 +0800] "GET /xingrg/all/function/internal_message.html?_=1653626266711&CODE_STATE=getMsg HTTP/1.1" 200 27
180.156.212.250 - - [27/May/2022:12:38:30 +0800] "GET /xingrg/check_reg.html?_=1653626375707 HTTP/1.1" 200 22
58.35.196.179 - - [27/May/2022:12:38:35 +0800] "GET /xingrg/all/function/internal_message.html?_=1653626310942&CODE_STATE=getMsg HTTP/1.1" 200 27
58.39.61.91 - - [27/May/2022:12:38:40 +0800] "GET /xingrg/all/function/internal_message.html?_=1653626316683&CODE_STATE=getMsg HTTP/1.1" 200 27
116.235.92.88 - - [27/May/2022:12:38:43 +0800] "GET /xingrg/all/function/internal_message.html?_=1653626496391&CODE_STATE=getMsg HTTP/1.1" 200 27
180.156.212.250 - - [27/May/2022:12:38:46 +0800] "GET /xingrg/all/function/internal_message.html?_=1653626391799&CODE_STATE=getMsg HTTP/1.1" 200 27
180.175.103.167 - - [27/May/2022:12:38:53 +0800] "GET /xingrg/check_reg.html?_=1653626252125 HTTP/1.1" 200 22
180.175.103.167 - - [27/May/2022:12:38:58 +0800] "GET /xingrg/all/function/internal_message.html?_=1653626338254&CODE_STATE=getMsg HTTP/1.1" 200 27
180.175.103.167 - - [27/May/2022:12:39:04 +0800] "GET /xingrg/all/function/internal_message.html?_=1653626263375&CODE_STATE=getMsg HTTP/1.1" 200 27
116.230.110.173 - - [27/May/2022:12:39:06 +0800] "GET /xingrg/all/function/internal_message.html?_=1653626330173&CODE_STATE=getMsg HTTP/1.1" 200 27
114.83.218.142 - - [27/May/2022:12:39:08 +0800] "GET /xingrg/all/function/internal_message.html?_=1653626342042&CODE_STATE=getMsg HTTP/1.1" 200 27
218.81.223.53 - - [27/May/2022:12:39:14 +0800] "GET /xingrg/all/function/internal_message.html?_=1653626369413&CODE_STATE=getMsg HTTP/1.1" 200 27
58.39.61.91 - - [27/May/2022:12:39:24 +0800] "GET /xingrg/check_reg.html?_=1653626325565 HTTP/1.1" 200 22
58.39.61.91 - - [27/May/2022:12:39:25 +0800] "GET /xingrg/all/function/internal_message.html?_=1653626326730&CODE_STATE=getMsg HTTP/1.1" 200 27
58.35.196.179 - - [27/May/2022:12:39:35 +0800] "GET /xingrg/all/function/internal_message.html?_=1653626370915&CODE_STATE=getMsg HTTP/1.1" 200 27
58.39.61.91 - - [27/May/2022:12:39:40 +0800] "GET /xingrg/check_reg.html?_=1653626376692 HTTP/1.1" 200 22
58.39.61.91 - - [27/May/2022:12:39:40 +0800] "GET /xingrg/all/function/internal_message.html?_=1653626376696&CODE_STATE=getMsg HTTP/1.1" 200 27
116.235.92.88 - - [27/May/2022:12:39:43 +0800] "GET /xingrg/all/function/internal_message.html?_=1653626556388&CODE_STATE=getMsg HTTP/1.1" 200 27
180.156.212.250 - - [27/May/2022:12:39:46 +0800] "GET /xingrg/all/function/internal_message.html?_=1653626451813&CODE_STATE=getMsg HTTP/1.1" 200 27
180.175.103.167 - - [27/May/2022:12:39:58 +0800] "GET /xingrg/check_reg.html?_=1653626398254 HTTP/1.1" 200 22
180.175.103.167 - - [27/May/2022:12:39:58 +0800] "GET /xingrg/all/function/internal_message.html?_=1653626398256&CODE_STATE=getMsg HTTP/1.1" 200 27
180.175.103.167 - - [27/May/2022:12:40:04 +0800] "GET /xingrg/all/function/internal_message.html?_=1653626323361&CODE_STATE=getMsg HTTP/1.1" 200 27
