116.235.92.88 - - [27/May/2022:08:26:43 +0800] "GET /xingrg/check_reg.html?_=1653611376004 HTTP/1.1" 200 22
218.81.223.53 - - [27/May/2022:08:26:51 +0800] "GET /xingrg/all/function/internal_message.html?_=1653611225737&CODE_STATE=getMsg HTTP/1.1" 200 27
120.253.135.82 - - [27/May/2022:08:26:52 +0800] "GET /xingrg/kc/pszx/mdps_order_add.html HTTP/1.1" 200 29035
120.253.135.82 - - [27/May/2022:08:26:52 +0800] "POST /xingrg/kc/pszx/mdps_order_operate.html HTTP/1.1" 200 7126
120.253.135.82 - - [27/May/2022:08:26:52 +0800] "GET /xingrg/javascript/easyui/themes/default/validatebox.css HTTP/1.1" 404 1104
120.253.135.82 - - [27/May/2022:08:27:00 +0800] "GET /xingrg/all/function/internal_message.html?_=1653611026833&CODE_STATE=getMsg HTTP/1.1" 200 27
120.253.135.82 - - [27/May/2022:08:27:02 +0800] "POST /xingrg/all/common/load_combo.html?type=base HTTP/1.1" 200 1169
116.230.110.173 - - [27/May/2022:08:27:05 +0800] "GET /xingrg/all/function/internal_message.html?_=1653611210173&CODE_STATE=getMsg HTTP/1.1" 200 27
180.175.103.167 - - [27/May/2022:08:27:08 +0800] "GET /xingrg/all/function/internal_message.html?_=1653611148249&CODE_STATE=getMsg HTTP/1.1" 200 27
58.39.61.91 - - [27/May/2022:08:27:11 +0800] "GET /xingrg/all/function/internal_message.html?_=1653611227302&CODE_STATE=getMsg HTTP/1.1" 200 27
58.39.61.91 - - [27/May/2022:08:27:18 +0800] "GET /xingrg/all/function/internal_message.html?_=1653611200074&CODE_STATE=getMsg HTTP/1.1" 200 27
180.175.103.167 - - [27/May/2022:08:27:20 +0800] "GET /xingrg/all/function/internal_message.html?_=1653611240144&CODE_STATE=getMsg HTTP/1.1" 200 27
180.156.212.250 - - [27/May/2022:08:27:25 +0800] "GET /xingrg/all/function/internal_message.html?_=1653611310075&CODE_STATE=getMsg HTTP/1.1" 200 27
116.235.92.88 - - [27/May/2022:08:27:43 +0800] "GET /xingrg/all/function/internal_message.html?_=1653611436004&CODE_STATE=getMsg HTTP/1.1" 200 27
218.81.223.53 - - [27/May/2022:08:27:51 +0800] "GET /xingrg/all/function/internal_message.html?_=1653611285750&CODE_STATE=getMsg HTTP/1.1" 200 27
120.253.135.82 - - [27/May/2022:08:27:56 +0800] "GET /xingrg/kc/pszx/mdps_order_operate.html?command=get_materiel&pszx_code=00101&rest_code=00106&base_code=0010246&code=00101011010 HTTP/1.1" 200 426
120.253.135.82 - - [27/May/2022:08:28:00 +0800] "GET /xingrg/all/function/internal_message.html?_=1653611086847&CODE_STATE=getMsg HTTP/1.1" 200 27
116.230.110.173 - - [27/May/2022:08:28:05 +0800] "GET /xingrg/all/function/internal_message.html?_=1653611270174&CODE_STATE=getMsg HTTP/1.1" 200 27
180.175.103.167 - - [27/May/2022:08:28:08 +0800] "GET /xingrg/all/function/internal_message.html?_=1653611208235&CODE_STATE=getMsg HTTP/1.1" 200 27
58.39.61.91 - - [27/May/2022:08:28:11 +0800] "GET /xingrg/all/function/internal_message.html?_=1653611287312&CODE_STATE=getMsg HTTP/1.1" 200 27
58.39.61.91 - - [27/May/2022:08:28:11 +0800] "GET /xingrg/check_reg.html?_=1653611287313 HTTP/1.1" 200 22
120.253.135.82 - - [27/May/2022:08:28:17 +0800] "POST /xingrg/kc/pszx/mdps_order_operate.html HTTP/1.1" 200 37
120.253.135.82 - - [27/May/2022:08:28:17 +0800] "GET /xingrg/kc/pszx/mdps_order_info.html?code=312022052700809 HTTP/1.1" 200 23983
58.39.61.91 - - [27/May/2022:08:28:18 +0800] "GET /xingrg/all/function/internal_message.html?_=1653611260085&CODE_STATE=getMsg HTTP/1.1" 200 27
120.253.135.82 - - [27/May/2022:08:28:18 +0800] "GET /xingrg/javascript/easyui/themes/default/validatebox.css HTTP/1.1" 404 1104
120.253.135.82 - - [27/May/2022:08:28:18 +0800] "POST /xingrg/kc/pszx/mdps_order_operate.html HTTP/1.1" 200 2284
180.175.103.167 - - [27/May/2022:08:28:20 +0800] "GET /xingrg/all/function/internal_message.html?_=1653611300159&CODE_STATE=getMsg HTTP/1.1" 200 27
180.156.212.250 - - [27/May/2022:08:28:24 +0800] "GET /xingrg/check_reg.html?_=1653611369468 HTTP/1.1" 200 22
180.156.212.250 - - [27/May/2022:08:28:25 +0800] "GET /xingrg/all/function/internal_message.html?_=1653611370087&CODE_STATE=getMsg HTTP/1.1" 200 27
116.235.92.88 - - [27/May/2022:08:28:43 +0800] "GET /xingrg/all/function/internal_message.html?_=1653611496000&CODE_STATE=getMsg HTTP/1.1" 200 27
218.81.223.53 - - [27/May/2022:08:28:51 +0800] "GET /xingrg/all/function/internal_message.html?_=1653611345953&CODE_STATE=getMsg HTTP/1.1" 200 27
180.175.103.167 - - [27/May/2022:08:28:52 +0800] "GET /xingrg/check_reg.html?_=1653611251918 HTTP/1.1" 200 22
120.253.135.82 - - [27/May/2022:08:29:00 +0800] "GET /xingrg/all/function/internal_message.html?_=1653611146861&CODE_STATE=getMsg HTTP/1.1" 200 27
120.253.135.82 - - [27/May/2022:08:29:02 +0800] "GET /xingrg/kc/pszx/mdps_order_operate.html?command=get_materiel&pszx_code=00101&rest_code=00106&base_code=0010851&code=00101020372 HTTP/1.1" 200 450
116.230.110.173 - - [27/May/2022:08:29:05 +0800] "GET /xingrg/all/function/internal_message.html?_=1653611330162&CODE_STATE=getMsg HTTP/1.1" 200 27
180.175.103.167 - - [27/May/2022:08:29:08 +0800] "GET /xingrg/all/function/internal_message.html?_=1653611268207&CODE_STATE=getMsg HTTP/1.1" 200 27
58.39.61.91 - - [27/May/2022:08:29:11 +0800] "GET /xingrg/all/function/internal_message.html?_=1653611347312&CODE_STATE=getMsg HTTP/1.1" 200 27
58.39.61.91 - - [27/May/2022:08:29:18 +0800] "GET /xingrg/all/function/internal_message.html?_=1653611320099&CODE_STATE=getMsg HTTP/1.1" 200 27
180.175.103.167 - - [27/May/2022:08:29:20 +0800] "GET /xingrg/all/function/internal_message.html?_=1653611360146&CODE_STATE=getMsg HTTP/1.1" 200 27
58.39.61.91 - - [27/May/2022:08:29:22 +0800] "GET /xingrg/check_reg.html?_=1653611324451 HTTP/1.1" 200 22
180.156.212.250 - - [27/May/2022:08:29:25 +0800] "GET /xingrg/all/function/internal_message.html?_=1653611430102&CODE_STATE=getMsg HTTP/1.1" 200 27
116.235.92.88 - - [27/May/2022:08:29:43 +0800] "GET /xingrg/all/function/internal_message.html?_=1653611556003&CODE_STATE=getMsg HTTP/1.1" 200 27
218.81.223.53 - - [27/May/2022:08:29:51 +0800] "GET /xingrg/all/function/internal_message.html?_=1653611405966&CODE_STATE=getMsg HTTP/1.1" 200 27
120.253.135.82 - - [27/May/2022:08:30:00 +0800] "GET /xingrg/all/function/internal_message.html?_=1653611206874&CODE_STATE=getMsg HTTP/1.1" 200 27
116.230.110.173 - - [27/May/2022:08:30:05 +0800] "GET /xingrg/all/function/internal_message.html?_=1653611390174&CODE_STATE=getMsg HTTP/1.1" 200 27
116.230.110.173 - - [27/May/2022:08:30:05 +0800] "GET /xingrg/check_reg.html?_=1653611390175 HTTP/1.1" 200 22
58.39.61.91 - - [27/May/2022:08:30:08 +0800] "GET /xingrg/css/base.css HTTP/1.1" 304 -
58.39.61.91 - - [27/May/2022:08:30:08 +0800] "GET /xingrg/css/site.css HTTP/1.1" 304 -
58.39.61.91 - - [27/May/2022:08:30:08 +0800] "GET /xingrg/javascript/jquery_tools/jquery.tools.min.js HTTP/1.1" 304 -
58.39.61.91 - - [27/May/2022:08:30:08 +0800] "GET /xingrg/javascript/jquery_tools/fix.css HTTP/1.1" 304 -
58.39.61.91 - - [27/May/2022:08:30:08 +0800] "GET /xingrg/javascript/jquery_tools/datebox.css HTTP/1.1" 304 -
58.39.61.91 - - [27/May/2022:08:30:08 +0800] "GET /xingrg/javascript/easyui/themes/icon.css HTTP/1.1" 304 -
58.39.61.91 - - [27/May/2022:08:30:08 +0800] "GET /xingrg/javascript/auto/jquery.autocomplete.css HTTP/1.1" 304 -
58.39.61.91 - - [27/May/2022:08:30:08 +0800] "GET /xingrg/javascript/jquery_tools/table.css HTTP/1.1" 304 -
58.39.61.91 - - [27/May/2022:08:30:08 +0800] "GET /xingrg/javascript/easyui/themes/default/easyui.css HTTP/1.1" 304 -
58.39.61.91 - - [27/May/2022:08:30:08 +0800] "GET /xingrg/kc/base/yddb_order_list.html HTTP/1.1" 200 16713
58.39.61.91 - - [27/May/2022:08:30:08 +0800] "GET /xingrg/javascript/jquery_tools/jquery.tools.extend.js HTTP/1.1" 304 -
58.39.61.91 - - [27/May/2022:08:30:08 +0800] "GET /xingrg/javascript/auto/jquery.autocomplete.js HTTP/1.1" 304 -
58.39.61.91 - - [27/May/2022:08:30:08 +0800] "GET /xingrg/javascript/jquery_tools/jquery.tools.hotkey.js HTTP/1.1" 304 -
58.39.61.91 - - [27/May/2022:08:30:08 +0800] "GET /xingrg/javascript/jquery_tools/jquery.tools.table.js HTTP/1.1" 304 -
58.39.61.91 - - [27/May/2022:08:30:08 +0800] "GET /xingrg/javascript/jquery_tools/list_manager.js HTTP/1.1" 304 -
58.39.61.91 - - [27/May/2022:08:30:08 +0800] "GET /xingrg/javascript/jquery.utils.js HTTP/1.1" 304 -
58.39.61.91 - - [27/May/2022:08:30:08 +0800] "GET /xingrg/javascript/jquery.cookie.js HTTP/1.1" 304 -
58.39.61.91 - - [27/May/2022:08:30:08 +0800] "GET /xingrg/javascript/print/LodopFuncs.js HTTP/1.1" 304 -
58.39.61.91 - - [27/May/2022:08:30:08 +0800] "GET /xingrg/javascript/easyui/easyloader.js HTTP/1.1" 304 -
58.39.61.91 - - [27/May/2022:08:30:08 +0800] "GET /xingrg/javascript/easyui/plugins/jquery.parser.js HTTP/1.1" 304 -
58.39.61.91 - - [27/May/2022:08:30:08 +0800] "POST /xingrg/kc/base/yddb_list_operate.html HTTP/1.1" 200 636
180.175.103.167 - - [27/May/2022:08:30:08 +0800] "GET /xingrg/all/function/internal_message.html?_=1653611328193&CODE_STATE=getMsg HTTP/1.1" 200 27
58.39.61.91 - - [27/May/2022:08:30:11 +0800] "GET /xingrg/all/function/internal_message.html?_=1653611407330&CODE_STATE=getMsg HTTP/1.1" 200 27
58.39.61.91 - - [27/May/2022:08:30:18 +0800] "GET /xingrg/all/function/internal_message.html?_=1653611380113&CODE_STATE=getMsg HTTP/1.1" 200 27
180.175.103.167 - - [27/May/2022:08:30:20 +0800] "GET /xingrg/all/function/internal_message.html?_=1653611420146&CODE_STATE=getMsg HTTP/1.1" 200 27
180.175.103.167 - - [27/May/2022:08:30:20 +0800] "GET /xingrg/check_reg.html?_=1653611420148 HTTP/1.1" 200 22
58.39.61.91 - - [27/May/2022:08:30:20 +0800] "GET /xingrg/kc/base/yddb_order_list.html HTTP/1.1" 200 16713
58.39.61.91 - - [27/May/2022:08:30:20 +0800] "POST /xingrg/kc/base/yddb_list_operate.html HTTP/1.1" 200 636
58.39.61.91 - - [27/May/2022:08:30:22 +0800] "GET /xingrg/javascript/easyui/themes/default/images/button_plain_hover.png HTTP/1.1" 304 -
58.39.61.91 - - [27/May/2022:08:30:22 +0800] "GET /xingrg/kc/base/yddb_order_add.html HTTP/1.1" 200 29841
58.39.61.91 - - [27/May/2022:08:30:22 +0800] "GET /xingrg/javascript/pic_change.js HTTP/1.1" 304 -
58.39.61.91 - - [27/May/2022:08:30:22 +0800] "GET /xingrg/css/blue.css HTTP/1.1" 304 -
58.39.61.91 - - [27/May/2022:08:30:22 +0800] "GET /xingrg/dwr/util.js HTTP/1.1" 304 -
58.39.61.91 - - [27/May/2022:08:30:22 +0800] "GET /xingrg/javascript/Calendar.js HTTP/1.1" 304 -
58.39.61.91 - - [27/May/2022:08:30:22 +0800] "GET /xingrg/javascript/AjaxInfoList.js HTTP/1.1" 304 -
58.39.61.91 - - [27/May/2022:08:30:22 +0800] "GET /xingrg/javascript/myfunction.js HTTP/1.1" 304 -
58.39.61.91 - - [27/May/2022:08:30:22 +0800] "GET /xingrg/javascript/checkform.js HTTP/1.1" 304 -
58.39.61.91 - - [27/May/2022:08:30:22 +0800] "GET /xingrg/javascript/ToolTips.js HTTP/1.1" 304 -
58.39.61.91 - - [27/May/2022:08:30:22 +0800] "GET /xingrg/javascript/Grid.js HTTP/1.1" 304 -
58.39.61.91 - - [27/May/2022:08:30:22 +0800] "GET /xingrg/javascript/jquery_easy_ui/themes/icon.css HTTP/1.1" 304 -
58.39.61.91 - - [27/May/2022:08:30:22 +0800] "GET /xingrg/javascript/jquery_easy_ui/themes/default/easyui.css HTTP/1.1" 304 -
58.39.61.91 - - [27/May/2022:08:30:22 +0800] "GET /xingrg/dwr/interface/AjaxYddbService.js HTTP/1.1" 200 13201
58.39.61.91 - - [27/May/2022:08:30:22 +0800] "GET /xingrg/dwr/interface/AjaxComOrderService.js HTTP/1.1" 200 18264
58.39.61.91 - - [27/May/2022:08:30:22 +0800] "GET /xingrg/dwr/engine.js HTTP/1.1" 200 43631
58.39.61.91 - - [27/May/2022:08:30:22 +0800] "GET /xingrg/javascript/jquery_easy_ui/themes/icons/edit_add_new.png HTTP/1.1" 304 -
58.39.61.91 - - [27/May/2022:08:30:22 +0800] "GET /xingrg/javascript/jquery_easy_ui/themes/icons/print.png HTTP/1.1" 304 -
58.39.61.91 - - [27/May/2022:08:30:22 +0800] "GET /xingrg/javascript/jquery_easy_ui/themes/icons/check_new.png HTTP/1.1" 304 -
58.39.61.91 - - [27/May/2022:08:30:22 +0800] "GET /xingrg/javascript/jquery_easy_ui/themes/default/images/menu_downarrow.png HTTP/1.1" 304 -
58.39.61.91 - - [27/May/2022:08:30:22 +0800] "GET /xingrg/javascript/jquery_easy_ui/themes/icons/cance_new.png HTTP/1.1" 304 -
58.39.61.91 - - [27/May/2022:08:30:22 +0800] "GET /xingrg/javascript/jquery_easy_ui/themes/icons/back_new.png HTTP/1.1" 304 -
58.39.61.91 - - [27/May/2022:08:30:22 +0800] "GET /xingrg/images/blue/button/kc_tab_edit.gif HTTP/1.1" 304 -
58.39.61.91 - - [27/May/2022:08:30:22 +0800] "GET /xingrg/images/blue/button/kc_tab_del.gif HTTP/1.1" 304 -
58.39.61.91 - - [27/May/2022:08:30:22 +0800] "GET /xingrg/images/blue/button/kc_tab_add.gif HTTP/1.1" 304 -
58.39.61.91 - - [27/May/2022:08:30:22 +0800] "GET /xingrg/images/blue/button/kc_tab_save.gif HTTP/1.1" 304 -
58.39.61.91 - - [27/May/2022:08:30:22 +0800] "GET /xingrg/images/blue/kc_tab_left.gif HTTP/1.1" 304 -
58.39.61.91 - - [27/May/2022:08:30:22 +0800] "GET /xingrg/images/blue/kc_tab_right.gif HTTP/1.1" 304 -
58.39.61.91 - - [27/May/2022:08:30:22 +0800] "GET /xingrg/images/blue/kc_tab_mid.gif HTTP/1.1" 304 -
58.39.61.91 - - [27/May/2022:08:30:22 +0800] "GET /xingrg/images/blue/kc_tab2_right.gif HTTP/1.1" 304 -
58.39.61.91 - - [27/May/2022:08:30:22 +0800] "GET /xingrg/images/blue/kc_tab2_left.gif HTTP/1.1" 304 -
58.39.61.91 - - [27/May/2022:08:30:24 +0800] "GET /xingrg/javascript/jquery_easy_ui/themes/default/images/button_plain_hover.png HTTP/1.1" 304 -
180.156.212.250 - - [27/May/2022:08:30:25 +0800] "GET /xingrg/all/function/internal_message.html?_=1653611490116&CODE_STATE=getMsg HTTP/1.1" 200 27
116.235.92.88 - - [27/May/2022:08:30:43 +0800] "GET /xingrg/all/function/internal_message.html?_=1653611616002&CODE_STATE=getMsg HTTP/1.1" 200 27
58.39.61.91 - - [27/May/2022:08:30:44 +0800] "GET /xingrg/images/blue/wait.gif HTTP/1.1" 304 -
58.39.61.91 - - [27/May/2022:08:30:44 +0800] "POST /xingrg/dwr/call/plaincall/AjaxYddbService.getRestBases.dwr HTTP/1.1" 200 1562
218.81.223.53 - - [27/May/2022:08:30:52 +0800] "GET /xingrg/all/function/internal_message.html?_=1653611466172&CODE_STATE=getMsg HTTP/1.1" 200 27
120.253.135.82 - - [27/May/2022:08:30:55 +0800] "GET /xingrg/check_reg.html?_=1653611261739 HTTP/1.1" 200 22
120.253.135.82 - - [27/May/2022:08:31:00 +0800] "GET /xingrg/all/function/internal_message.html?_=1653611266887&CODE_STATE=getMsg HTTP/1.1" 200 27
58.39.61.91 - - [27/May/2022:08:31:03 +0800] "POST /xingrg/dwr/call/plaincall/AjaxYddbService.saveOrder.dwr HTTP/1.1" 200 78
116.230.110.173 - - [27/May/2022:08:31:05 +0800] "GET /xingrg/all/function/internal_message.html?_=1653611450168&CODE_STATE=getMsg HTTP/1.1" 200 27
180.175.103.167 - - [27/May/2022:08:31:08 +0800] "GET /xingrg/all/function/internal_message.html?_=1653611388179&CODE_STATE=getMsg HTTP/1.1" 200 27
58.39.61.91 - - [27/May/2022:08:31:11 +0800] "GET /xingrg/all/function/internal_message.html?_=1653611467332&CODE_STATE=getMsg HTTP/1.1" 200 27
58.39.61.91 - - [27/May/2022:08:31:16 +0800] "GET /xingrg/images/yd/bt.gif HTTP/1.1" 404 1040
58.39.61.91 - - [27/May/2022:08:31:18 +0800] "GET /xingrg/all/function/internal_message.html?_=1653611440127&CODE_STATE=getMsg HTTP/1.1" 200 27
180.175.103.167 - - [27/May/2022:08:31:20 +0800] "GET /xingrg/all/function/internal_message.html?_=1653611480147&CODE_STATE=getMsg HTTP/1.1" 200 27
58.39.61.91 - - [27/May/2022:08:31:21 +0800] "POST /xingrg/dwr/call/plaincall/AjaxComOrderService.getMaterielSearchList.dwr HTTP/1.1" 200 1702
58.39.61.91 - - [27/May/2022:08:31:23 +0800] "POST /xingrg/dwr/call/plaincall/AjaxComOrderService.getMaterielSearchList.dwr HTTP/1.1" 200 464
180.156.212.250 - - [27/May/2022:08:31:25 +0800] "GET /xingrg/all/function/internal_message.html?_=1653611550132&CODE_STATE=getMsg HTTP/1.1" 200 27
58.39.61.91 - - [27/May/2022:08:31:26 +0800] "POST /xingrg/dwr/call/plaincall/AjaxYddbService.getMaterielByMap.dwr HTTP/1.1" 200 3844
58.39.61.91 - - [27/May/2022:08:31:28 +0800] "POST /xingrg/dwr/call/plaincall/AjaxYddbService.getUnitPrice.dwr HTTP/1.1" 200 87
218.81.223.53 - - [27/May/2022:08:31:29 +0800] "GET /xingrg/check_reg.html?_=1653611503687 HTTP/1.1" 200 22
58.39.61.91 - - [27/May/2022:08:31:37 +0800] "POST /xingrg/dwr/call/plaincall/AjaxYddbService.saveMaterielItem.dwr HTTP/1.1" 200 78
58.39.61.91 - - [27/May/2022:08:31:42 +0800] "POST /xingrg/dwr/call/plaincall/AjaxComOrderService.getMaterielSearchList.dwr HTTP/1.1" 200 1702
116.235.92.88 - - [27/May/2022:08:31:43 +0800] "GET /xingrg/all/function/internal_message.html?_=1653611675997&CODE_STATE=getMsg HTTP/1.1" 200 27
116.235.92.88 - - [27/May/2022:08:31:43 +0800] "GET /xingrg/check_reg.html?_=1653611676013 HTTP/1.1" 200 22
58.39.61.91 - - [27/May/2022:08:31:43 +0800] "POST /xingrg/dwr/call/plaincall/AjaxComOrderService.getMaterielSearchList.dwr HTTP/1.1" 200 464
58.39.61.91 - - [27/May/2022:08:31:45 +0800] "POST /xingrg/dwr/call/plaincall/AjaxYddbService.getMaterielByMap.dwr HTTP/1.1" 200 3845
58.39.61.91 - - [27/May/2022:08:31:47 +0800] "POST /xingrg/dwr/call/plaincall/AjaxYddbService.getUnitPrice.dwr HTTP/1.1" 200 88
218.81.223.53 - - [27/May/2022:08:31:52 +0800] "GET /xingrg/all/function/internal_message.html?_=1653611526179&CODE_STATE=getMsg HTTP/1.1" 200 27
58.39.61.91 - - [27/May/2022:08:31:55 +0800] "POST /xingrg/dwr/call/plaincall/AjaxYddbService.saveMaterielItem.dwr HTTP/1.1" 200 79
58.39.61.91 - - [27/May/2022:08:31:59 +0800] "POST /xingrg/dwr/call/plaincall/AjaxComOrderService.getMaterielSearchList.dwr HTTP/1.1" 200 32540
58.39.61.91 - - [27/May/2022:08:31:59 +0800] "POST /xingrg/dwr/call/plaincall/AjaxComOrderService.getMaterielSearchList.dwr HTTP/1.1" 200 32540
120.253.135.82 - - [27/May/2022:08:32:00 +0800] "GET /xingrg/all/function/internal_message.html?_=1653611326900&CODE_STATE=getMsg HTTP/1.1" 200 27
116.230.110.173 - - [27/May/2022:08:32:05 +0800] "GET /xingrg/all/function/internal_message.html?_=1653611510183&CODE_STATE=getMsg HTTP/1.1" 200 27
58.39.61.91 - - [27/May/2022:08:32:08 +0800] "POST /xingrg/dwr/call/plaincall/AjaxYddbService.getMaterielByMap.dwr HTTP/1.1" 200 3755
180.175.103.167 - - [27/May/2022:08:32:08 +0800] "GET /xingrg/all/function/internal_message.html?_=1653611448163&CODE_STATE=getMsg HTTP/1.1" 200 27
58.39.61.91 - - [27/May/2022:08:32:11 +0800] "GET /xingrg/all/function/internal_message.html?_=1653611527332&CODE_STATE=getMsg HTTP/1.1" 200 27
58.39.61.91 - - [27/May/2022:08:32:11 +0800] "POST /xingrg/dwr/call/plaincall/AjaxYddbService.removeMaterielItem.dwr HTTP/1.1" 200 79
58.39.61.91 - - [27/May/2022:08:32:15 +0800] "POST /xingrg/dwr/call/plaincall/AjaxComOrderService.getMaterielSearchList.dwr HTTP/1.1" 200 32540
58.39.61.91 - - [27/May/2022:08:32:15 +0800] "POST /xingrg/dwr/call/plaincall/AjaxComOrderService.getMaterielSearchList.dwr HTTP/1.1" 200 32540
58.39.61.91 - - [27/May/2022:08:32:18 +0800] "GET /xingrg/all/function/internal_message.html?_=1653611500141&CODE_STATE=getMsg HTTP/1.1" 200 27
180.175.103.167 - - [27/May/2022:08:32:20 +0800] "GET /xingrg/all/function/internal_message.html?_=1653611540147&CODE_STATE=getMsg HTTP/1.1" 200 27
58.39.61.91 - - [27/May/2022:08:32:24 +0800] "POST /xingrg/dwr/call/plaincall/AjaxYddbService.getMaterielByMap.dwr HTTP/1.1" 200 3749
180.156.212.250 - - [27/May/2022:08:32:25 +0800] "GET /xingrg/all/function/internal_message.html?_=1653611610142&CODE_STATE=getMsg HTTP/1.1" 200 27
120.253.135.82 - - [27/May/2022:08:32:27 +0800] "POST /xingrg/kc/pszx/mdps_order_operate.html HTTP/1.1" 200 37
58.39.61.91 - - [27/May/2022:08:32:27 +0800] "GET /xingrg/kc/buy/cgsh_order_list.html HTTP/1.1" 200 51752
120.253.135.82 - - [27/May/2022:08:32:28 +0800] "GET /xingrg/kc/pszx/mdps_order_info.html?code=312022052700809 HTTP/1.1" 200 23983
58.39.61.91 - - [27/May/2022:08:32:28 +0800] "GET /xingrg/kc/buy/cgsh_order_list.html HTTP/1.1" 200 51752
58.39.61.91 - - [27/May/2022:08:32:28 +0800] "GET /xingrg/javascript/easyui/themes/icons/cance_new.png HTTP/1.1" 304 -
58.39.61.91 - - [27/May/2022:08:32:28 +0800] "GET /xingrg/javascript/easyui/themes/icons/check_new.png HTTP/1.1" 304 -
58.39.61.91 - - [27/May/2022:08:32:28 +0800] "POST /xingrg/kc/buy/cgsh_list_operate.html HTTP/1.1" 200 876
120.253.135.82 - - [27/May/2022:08:32:29 +0800] "GET /xingrg/javascript/easyui/themes/default/validatebox.css HTTP/1.1" 404 1104
120.253.135.82 - - [27/May/2022:08:32:29 +0800] "POST /xingrg/kc/pszx/mdps_order_operate.html HTTP/1.1" 200 2796
58.39.61.91 - - [27/May/2022:08:32:29 +0800] "POST /xingrg/kc/buy/cgsh_list_operate.html HTTP/1.1" 200 876
58.39.61.91 - - [27/May/2022:08:32:31 +0800] "GET /xingrg/javascript/jquery_tools/images/prev.gif HTTP/1.1" 404 1086
58.39.61.91 - - [27/May/2022:08:32:31 +0800] "GET /xingrg/javascript/jquery_tools/images/next.gif HTTP/1.1" 404 1086
116.235.92.88 - - [27/May/2022:08:32:43 +0800] "GET /xingrg/all/function/internal_message.html?_=1653611736000&CODE_STATE=getMsg HTTP/1.1" 200 27
58.39.61.91 - - [27/May/2022:08:32:43 +0800] "POST /xingrg/kc/buy/cgsh_list_operate.html HTTP/1.1" 200 876
58.39.61.91 - - [27/May/2022:08:32:47 +0800] "POST /xingrg/kc/buy/cgsh_list_operate.html HTTP/1.1" 200 3622
58.39.61.91 - - [27/May/2022:08:32:50 +0800] "POST /xingrg/kc/buy/cgsh_list_operate.html HTTP/1.1" 200 418
218.81.223.53 - - [27/May/2022:08:32:52 +0800] "GET /xingrg/all/function/internal_message.html?_=1653611586193&CODE_STATE=getMsg HTTP/1.1" 200 27
58.39.61.91 - - [27/May/2022:08:32:54 +0800] "GET /xingrg/kc/buy/cgsh_order_info.html?code=212022052401509 HTTP/1.1" 200 62341
58.39.61.91 - - [27/May/2022:08:32:54 +0800] "GET /xingrg/words/20220526150924_words.js HTTP/1.1" 304 -
58.39.61.91 - - [27/May/2022:08:32:54 +0800] "GET /xingrg/javascript/easyui/themes/default/validatebox.css HTTP/1.1" 404 1104
58.39.61.91 - - [27/May/2022:08:32:55 +0800] "POST /xingrg/kc/buy/cgsh_order_operate.html HTTP/1.1" 200 2397
58.39.61.91 - - [27/May/2022:08:32:55 +0800] "POST /xingrg/kc/buy/cgsh_list_operate.html HTTP/1.1" 200 3229
58.39.61.91 - - [27/May/2022:08:32:58 +0800] "POST /xingrg/kc/buy/cgsh_list_operate.html HTTP/1.1" 200 385
120.253.135.82 - - [27/May/2022:08:33:00 +0800] "GET /xingrg/all/function/internal_message.html?_=1653611386915&CODE_STATE=getMsg HTTP/1.1" 200 27
58.39.61.91 - - [27/May/2022:08:33:01 +0800] "POST /xingrg/kc/buy/cgsh_list_operate.html HTTP/1.1" 200 646
58.39.61.91 - - [27/May/2022:08:33:03 +0800] "POST /xingrg/kc/buy/cgsh_list_operate.html HTTP/1.1" 200 555
116.230.110.173 - - [27/May/2022:08:33:05 +0800] "GET /xingrg/all/function/internal_message.html?_=1653611570170&CODE_STATE=getMsg HTTP/1.1" 200 27
58.39.61.91 - - [27/May/2022:08:33:07 +0800] "POST /xingrg/kc/buy/cgsh_list_operate.html HTTP/1.1" 200 203
180.175.103.167 - - [27/May/2022:08:33:08 +0800] "GET /xingrg/all/function/internal_message.html?_=1653611508149&CODE_STATE=getMsg HTTP/1.1" 200 27
58.39.61.91 - - [27/May/2022:08:33:10 +0800] "GET /xingrg/javascript/jquery_easy_ui/themes/default/images/tabs_active.png HTTP/1.1" 304 -
58.39.61.91 - - [27/May/2022:08:33:11 +0800] "GET /xingrg/check_reg.html?_=1653611587337 HTTP/1.1" 200 22
58.39.61.91 - - [27/May/2022:08:33:11 +0800] "GET /xingrg/all/function/internal_message.html?_=1653611587341&CODE_STATE=getMsg HTTP/1.1" 200 27
58.39.61.91 - - [27/May/2022:08:33:18 +0800] "GET /xingrg/all/function/internal_message.html?_=1653611560154&CODE_STATE=getMsg HTTP/1.1" 200 27
180.175.103.167 - - [27/May/2022:08:33:20 +0800] "GET /xingrg/all/function/internal_message.html?_=1653611600142&CODE_STATE=getMsg HTTP/1.1" 200 27
180.175.103.167 - - [27/May/2022:08:33:21 +0800] "GET /xingrg/kc/buy/cgsh_order_list.html HTTP/1.1" 200 51746
180.175.103.167 - - [27/May/2022:08:33:22 +0800] "POST /xingrg/kc/buy/cgsh_list_operate.html HTTP/1.1" 200 876
180.156.212.250 - - [27/May/2022:08:33:24 +0800] "GET /xingrg/check_reg.html?_=1653611669473 HTTP/1.1" 200 22
180.156.212.250 - - [27/May/2022:08:33:25 +0800] "GET /xingrg/all/function/internal_message.html?_=1653611670156&CODE_STATE=getMsg HTTP/1.1" 200 27
58.39.61.91 - - [27/May/2022:08:33:33 +0800] "POST /xingrg/dwr/call/plaincall/AjaxYddbService.saveMaterielItem.dwr HTTP/1.1" 200 79
58.39.61.91 - - [27/May/2022:08:33:37 +0800] "POST /xingrg/dwr/call/plaincall/AjaxYddbService.checkOrder.dwr HTTP/1.1" 200 79
116.235.92.88 - - [27/May/2022:08:33:43 +0800] "GET /xingrg/all/function/internal_message.html?_=1653611795998&CODE_STATE=getMsg HTTP/1.1" 200 27
58.39.61.91 - - [27/May/2022:08:33:48 +0800] "GET /xingrg/kc/base/yddb_order_info.html?code=482022052700227 HTTP/1.1" 200 29514
58.39.61.91 - - [27/May/2022:08:33:48 +0800] "GET /xingrg/dwr/interface/AjaxYddbService.js HTTP/1.1" 200 13201
58.39.61.91 - - [27/May/2022:08:33:48 +0800] "GET /xingrg/dwr/interface/AjaxComOrderService.js HTTP/1.1" 200 18264
58.39.61.91 - - [27/May/2022:08:33:48 +0800] "GET /xingrg/dwr/engine.js HTTP/1.1" 200 43631
58.39.61.91 - - [27/May/2022:08:33:48 +0800] "POST /xingrg/dwr/call/plaincall/AjaxYddbService.loadMaterielItems.dwr HTTP/1.1" 200 1142
58.39.61.91 - - [27/May/2022:08:33:51 +0800] "GET /xingrg/kc/base/yddb_order_add.html HTTP/1.1" 200 29841
58.39.61.91 - - [27/May/2022:08:33:51 +0800] "GET /xingrg/dwr/interface/AjaxComOrderService.js HTTP/1.1" 200 18264
58.39.61.91 - - [27/May/2022:08:33:51 +0800] "GET /xingrg/dwr/interface/AjaxYddbService.js HTTP/1.1" 200 13201
58.39.61.91 - - [27/May/2022:08:33:51 +0800] "GET /xingrg/dwr/engine.js HTTP/1.1" 200 43631
218.81.223.53 - - [27/May/2022:08:33:52 +0800] "GET /xingrg/all/function/internal_message.html?_=1653611646402&CODE_STATE=getMsg HTTP/1.1" 200 27
58.39.61.91 - - [27/May/2022:08:33:52 +0800] "POST /xingrg/services/DataTransmitService HTTP/1.1" 200 524
180.175.103.167 - - [27/May/2022:08:33:52 +0800] "GET /xingrg/check_reg.html?_=1653611551911 HTTP/1.1" 200 22
58.39.61.91 - - [27/May/2022:08:33:54 +0800] "POST /xingrg/dwr/call/plaincall/AjaxYddbService.getRestBases.dwr HTTP/1.1" 200 1562
180.175.103.167 - - [27/May/2022:08:33:54 +0800] "GET /xingrg/kc/buy/cgsh_order_add.html HTTP/1.1" 200 67610
180.175.103.167 - - [27/May/2022:08:33:54 +0800] "GET /xingrg/words/20220526150924_words.js HTTP/1.1" 200 899320
218.81.223.53 - - [27/May/2022:08:33:55 +0800] "POST /xingrg/services/DataTransmitService HTTP/1.1" 200 524
180.175.103.167 - - [27/May/2022:08:33:55 +0800] "POST /xingrg/kc/buy/cgsh_order_operate.html HTTP/1.1" 200 8245
180.175.103.167 - - [27/May/2022:08:33:55 +0800] "GET /xingrg/all/common/auto_word.html?type=employee&rest_code=00105 HTTP/1.1" 200 193
180.175.103.167 - - [27/May/2022:08:33:55 +0800] "GET /xingrg/all/common/auto_word.html?type=employee&rest_code=00105 HTTP/1.1" 200 193
180.175.103.167 - - [27/May/2022:08:33:55 +0800] "GET /xingrg/javascript/easyui/themes/default/validatebox.css HTTP/1.1" 404 1104
218.81.223.53 - - [27/May/2022:08:33:55 +0800] "POST /xingrg/services/DataTransmitService HTTP/1.1" 200 412
58.39.61.91 - - [27/May/2022:08:34:00 +0800] "POST /xingrg/dwr/call/plaincall/AjaxYddbService.saveOrder.dwr HTTP/1.1" 200 78
120.253.135.82 - - [27/May/2022:08:34:00 +0800] "GET /xingrg/all/function/internal_message.html?_=1653611446928&CODE_STATE=getMsg HTTP/1.1" 200 27
180.175.103.167 - - [27/May/2022:08:34:04 +0800] "GET /xingrg/kc/buy/cgsh_order_operate.html?command=get_materiel&rest_code=00105&code=00101016100&supplier_code=00100151&order_time=2022-05-27 HTTP/1.1" 200 412
58.39.61.91 - - [27/May/2022:08:34:05 +0800] "POST /xingrg/dwr/call/plaincall/AjaxComOrderService.getMaterielSearchList.dwr HTTP/1.1" 200 1702
58.39.61.91 - - [27/May/2022:08:34:05 +0800] "POST /xingrg/dwr/call/plaincall/AjaxComOrderService.getMaterielSearchList.dwr HTTP/1.1" 200 1702
116.230.110.173 - - [27/May/2022:08:34:05 +0800] "GET /xingrg/all/function/internal_message.html?_=1653611630180&CODE_STATE=getMsg HTTP/1.1" 200 27
58.39.61.91 - - [27/May/2022:08:34:06 +0800] "GET /xingrg/images/yd/bt.gif HTTP/1.1" 404 1040
58.39.61.91 - - [27/May/2022:08:34:06 +0800] "POST /xingrg/dwr/call/plaincall/AjaxComOrderService.getMaterielSearchList.dwr HTTP/1.1" 200 464
58.39.61.91 - - [27/May/2022:08:34:07 +0800] "POST /xingrg/dwr/call/plaincall/AjaxYddbService.getMaterielByMap.dwr HTTP/1.1" 200 3844
180.175.103.167 - - [27/May/2022:08:34:08 +0800] "GET /xingrg/all/function/internal_message.html?_=1653611568123&CODE_STATE=getMsg HTTP/1.1" 200 27
58.39.61.91 - - [27/May/2022:08:34:09 +0800] "POST /xingrg/dwr/call/plaincall/AjaxYddbService.getUnitPrice.dwr HTTP/1.1" 200 87
58.39.61.91 - - [27/May/2022:08:34:11 +0800] "GET /xingrg/all/function/internal_message.html?_=1653611647339&CODE_STATE=getMsg HTTP/1.1" 200 27
58.39.61.91 - - [27/May/2022:08:34:13 +0800] "POST /xingrg/dwr/call/plaincall/AjaxYddbService.saveMaterielItem.dwr HTTP/1.1" 200 78
58.39.61.91 - - [27/May/2022:08:34:15 +0800] "POST /xingrg/dwr/call/plaincall/AjaxComOrderService.getMaterielSearchList.dwr HTTP/1.1" 200 1702
58.39.61.91 - - [27/May/2022:08:34:16 +0800] "POST /xingrg/dwr/call/plaincall/AjaxComOrderService.getMaterielSearchList.dwr HTTP/1.1" 200 464
58.39.61.91 - - [27/May/2022:08:34:17 +0800] "POST /xingrg/dwr/call/plaincall/AjaxYddbService.getMaterielByMap.dwr HTTP/1.1" 200 3848
58.39.61.91 - - [27/May/2022:08:34:18 +0800] "GET /xingrg/all/function/internal_message.html?_=1653611620168&CODE_STATE=getMsg HTTP/1.1" 200 27
180.175.103.167 - - [27/May/2022:08:34:20 +0800] "GET /xingrg/all/function/internal_message.html?_=1653611660254&CODE_STATE=getMsg HTTP/1.1" 200 27
58.39.61.91 - - [27/May/2022:08:34:22 +0800] "POST /xingrg/dwr/call/plaincall/AjaxYddbService.getUnitPrice.dwr HTTP/1.1" 200 88
58.39.61.91 - - [27/May/2022:08:34:22 +0800] "GET /xingrg/check_reg.html?_=1653611624466 HTTP/1.1" 200 22
58.39.61.91 - - [27/May/2022:08:34:22 +0800] "GET /xingrg/images/yd/bt.gif HTTP/1.1" 404 1040
180.156.212.250 - - [27/May/2022:08:34:25 +0800] "GET /xingrg/all/function/internal_message.html?_=1653611730170&CODE_STATE=getMsg HTTP/1.1" 200 27
58.39.61.91 - - [27/May/2022:08:34:31 +0800] "POST /xingrg/dwr/call/plaincall/AjaxYddbService.saveMaterielItem.dwr HTTP/1.1" 200 79
58.39.61.91 - - [27/May/2022:08:34:35 +0800] "POST /xingrg/dwr/call/plaincall/AjaxYddbService.checkOrder.dwr HTTP/1.1" 200 79
58.39.61.91 - - [27/May/2022:08:34:36 +0800] "GET /xingrg/kc/base/yddb_order_info.html?code=482022052700228 HTTP/1.1" 200 29513
58.39.61.91 - - [27/May/2022:08:34:36 +0800] "GET /xingrg/dwr/interface/AjaxYddbService.js HTTP/1.1" 200 13201
58.39.61.91 - - [27/May/2022:08:34:36 +0800] "GET /xingrg/dwr/interface/AjaxComOrderService.js HTTP/1.1" 200 18264
58.39.61.91 - - [27/May/2022:08:34:36 +0800] "GET /xingrg/dwr/engine.js HTTP/1.1" 200 43631
58.39.61.91 - - [27/May/2022:08:34:36 +0800] "POST /xingrg/dwr/call/plaincall/AjaxYddbService.loadMaterielItems.dwr HTTP/1.1" 200 836
58.39.61.91 - - [27/May/2022:08:34:37 +0800] "GET /xingrg/kc/base/yddb_order_list.html HTTP/1.1" 200 16713
58.39.61.91 - - [27/May/2022:08:34:37 +0800] "POST /xingrg/kc/base/yddb_list_operate.html HTTP/1.1" 200 636
180.175.103.167 - - [27/May/2022:08:34:37 +0800] "GET /xingrg/kc/buy/cgsh_order_operate.html?command=get_materiel&rest_code=00105&code=00101016030&supplier_code=00100151&order_time=2022-05-27 HTTP/1.1" 200 412
58.39.61.91 - - [27/May/2022:08:34:39 +0800] "GET /xingrg/kc/base/yddb_order_add.html HTTP/1.1" 200 29837
58.39.61.91 - - [27/May/2022:08:34:39 +0800] "POST /xingrg/kc/buy/cgsh_list_operate.html HTTP/1.1" 200 3622
58.39.61.91 - - [27/May/2022:08:34:39 +0800] "GET /xingrg/dwr/interface/AjaxYddbService.js HTTP/1.1" 200 13201
58.39.61.91 - - [27/May/2022:08:34:39 +0800] "GET /xingrg/dwr/interface/AjaxComOrderService.js HTTP/1.1" 200 18264
58.39.61.91 - - [27/May/2022:08:34:39 +0800] "GET /xingrg/dwr/engine.js HTTP/1.1" 200 43631
58.39.61.91 - - [27/May/2022:08:34:39 +0800] "GET /xingrg/dwr/util.js HTTP/1.1" 304 -
58.39.61.91 - - [27/May/2022:08:34:42 +0800] "POST /xingrg/dwr/call/plaincall/AjaxYddbService.getRestBases.dwr HTTP/1.1" 200 1562
116.235.92.88 - - [27/May/2022:08:34:43 +0800] "GET /xingrg/all/function/internal_message.html?_=1653611856005&CODE_STATE=getMsg HTTP/1.1" 200 27
218.81.223.53 - - [27/May/2022:08:34:52 +0800] "GET /xingrg/all/function/internal_message.html?_=1653611706408&CODE_STATE=getMsg HTTP/1.1" 200 27
58.39.61.91 - - [27/May/2022:08:34:54 +0800] "POST /xingrg/dwr/call/plaincall/AjaxYddbService.saveOrder.dwr HTTP/1.1" 200 78
58.39.61.91 - - [27/May/2022:08:34:58 +0800] "POST /xingrg/dwr/call/plaincall/AjaxComOrderService.getMaterielSearchList.dwr HTTP/1.1" 200 26921
58.39.61.91 - - [27/May/2022:08:34:58 +0800] "POST /xingrg/dwr/call/plaincall/AjaxComOrderService.getMaterielSearchList.dwr HTTP/1.1" 200 1007
120.253.135.82 - - [27/May/2022:08:35:01 +0800] "GET /xingrg/all/function/internal_message.html?_=1653611507197&CODE_STATE=getMsg HTTP/1.1" 200 27
58.39.61.91 - - [27/May/2022:08:35:01 +0800] "POST /xingrg/dwr/call/plaincall/AjaxYddbService.getMaterielByMap.dwr HTTP/1.1" 200 3758
116.230.110.173 - - [27/May/2022:08:35:05 +0800] "GET /xingrg/check_reg.html?_=1653611690177 HTTP/1.1" 200 22
116.230.110.173 - - [27/May/2022:08:35:05 +0800] "GET /xingrg/all/function/internal_message.html?_=1653611690178&CODE_STATE=getMsg HTTP/1.1" 200 27
180.175.103.167 - - [27/May/2022:08:35:08 +0800] "GET /xingrg/all/function/internal_message.html?_=1653611628107&CODE_STATE=getMsg HTTP/1.1" 200 27
58.39.61.91 - - [27/May/2022:08:35:11 +0800] "GET /xingrg/all/function/internal_message.html?_=1653611707335&CODE_STATE=getMsg HTTP/1.1" 200 27
58.39.61.91 - - [27/May/2022:08:35:18 +0800] "POST /xingrg/dwr/call/plaincall/AjaxYddbService.saveMaterielItem.dwr HTTP/1.1" 200 78
58.39.61.91 - - [27/May/2022:08:35:18 +0800] "GET /xingrg/all/function/internal_message.html?_=1653611680180&CODE_STATE=getMsg HTTP/1.1" 200 27
58.39.61.91 - - [27/May/2022:08:35:21 +0800] "POST /xingrg/dwr/call/plaincall/AjaxComOrderService.getMaterielSearchList.dwr HTTP/1.1" 200 24743
180.175.103.167 - - [27/May/2022:08:35:22 +0800] "POST /xingrg/kc/buy/cgsh_order_operate.html HTTP/1.1" 200 37
180.175.103.167 - - [27/May/2022:08:35:23 +0800] "POST /xingrg/kc/buy/cgsh_order_operate.html HTTP/1.1" 200 3259
180.175.103.167 - - [27/May/2022:08:35:25 +0800] "GET /xingrg/kc/print/load_config.html?kc_code=cgsh HTTP/1.1" 200 1943
180.175.103.167 - - [27/May/2022:08:35:25 +0800] "GET /xingrg/kc/print/load_data.html?order_code=212022052701722&kc_code=cgsh&condition= HTTP/1.1" 200 881
180.156.212.250 - - [27/May/2022:08:35:25 +0800] "GET /xingrg/all/function/internal_message.html?_=1653611790183&CODE_STATE=getMsg HTTP/1.1" 200 27
58.39.61.91 - - [27/May/2022:08:35:25 +0800] "POST /xingrg/dwr/call/plaincall/AjaxYddbService.getMaterielByMap.dwr HTTP/1.1" 200 3747
58.39.61.91 - - [27/May/2022:08:35:41 +0800] "POST /xingrg/dwr/call/plaincall/AjaxYddbService.saveMaterielItem.dwr HTTP/1.1" 200 78
116.235.92.88 - - [27/May/2022:08:35:43 +0800] "GET /xingrg/all/function/internal_message.html?_=1653611916003&CODE_STATE=getMsg HTTP/1.1" 200 27
218.81.223.53 - - [27/May/2022:08:35:52 +0800] "GET /xingrg/all/function/internal_message.html?_=1653611766624&CODE_STATE=getMsg HTTP/1.1" 200 27
120.253.135.82 - - [27/May/2022:08:35:55 +0800] "GET /xingrg/check_reg.html?_=1653611561749 HTTP/1.1" 200 22
120.253.135.82 - - [27/May/2022:08:36:01 +0800] "GET /xingrg/all/function/internal_message.html?_=1653611567252&CODE_STATE=getMsg HTTP/1.1" 200 27
116.230.110.173 - - [27/May/2022:08:36:05 +0800] "GET /xingrg/all/function/internal_message.html?_=1653611750164&CODE_STATE=getMsg HTTP/1.1" 200 27
180.175.103.167 - - [27/May/2022:08:36:08 +0800] "GET /xingrg/all/function/internal_message.html?_=1653611688119&CODE_STATE=getMsg HTTP/1.1" 200 27
58.39.61.91 - - [27/May/2022:08:36:11 +0800] "GET /xingrg/all/function/internal_message.html?_=1653611767339&CODE_STATE=getMsg HTTP/1.1" 200 27
58.39.61.91 - - [27/May/2022:08:36:18 +0800] "GET /xingrg/all/function/internal_message.html?_=1653611740194&CODE_STATE=getMsg HTTP/1.1" 200 27
180.175.103.167 - - [27/May/2022:08:36:20 +0800] "GET /xingrg/all/function/internal_message.html?_=1653611780267&CODE_STATE=getMsg HTTP/1.1" 200 27
180.156.212.250 - - [27/May/2022:08:36:25 +0800] "GET /xingrg/all/function/internal_message.html?_=1653611850203&CODE_STATE=getMsg HTTP/1.1" 200 27
218.81.223.53 - - [27/May/2022:08:36:29 +0800] "GET /xingrg/check_reg.html?_=1653611803696 HTTP/1.1" 200 22
116.235.92.88 - - [27/May/2022:08:36:43 +0800] "GET /xingrg/all/function/internal_message.html?_=1653611975999&CODE_STATE=getMsg HTTP/1.1" 200 27
116.235.92.88 - - [27/May/2022:08:36:43 +0800] "GET /xingrg/check_reg.html?_=1653611976001 HTTP/1.1" 200 22
218.81.223.53 - - [27/May/2022:08:36:52 +0800] "GET /xingrg/all/function/internal_message.html?_=1653611826638&CODE_STATE=getMsg HTTP/1.1" 200 27
120.253.135.82 - - [27/May/2022:08:37:01 +0800] "GET /xingrg/all/function/internal_message.html?_=1653611627266&CODE_STATE=getMsg HTTP/1.1" 200 27
116.230.110.173 - - [27/May/2022:08:37:05 +0800] "GET /xingrg/all/function/internal_message.html?_=1653611810178&CODE_STATE=getMsg HTTP/1.1" 200 27
58.39.61.91 - - [27/May/2022:08:37:07 +0800] "POST /xingrg/dwr/call/plaincall/AjaxComOrderService.getMaterielSearchList.dwr HTTP/1.1" 200 8897
180.175.103.167 - - [27/May/2022:08:37:08 +0800] "GET /xingrg/all/function/internal_message.html?_=1653611748088&CODE_STATE=getMsg HTTP/1.1" 200 27
58.39.61.91 - - [27/May/2022:08:37:08 +0800] "POST /xingrg/dwr/call/plaincall/AjaxComOrderService.getMaterielSearchList.dwr HTTP/1.1" 200 330802
58.39.61.91 - - [27/May/2022:08:37:11 +0800] "GET /xingrg/all/function/internal_message.html?_=1653611827351&CODE_STATE=getMsg HTTP/1.1" 200 27
58.39.61.91 - - [27/May/2022:08:37:18 +0800] "GET /xingrg/all/function/internal_message.html?_=1653611800259&CODE_STATE=getMsg HTTP/1.1" 200 27
180.175.103.167 - - [27/May/2022:08:37:20 +0800] "GET /xingrg/all/function/internal_message.html?_=1653611840247&CODE_STATE=getMsg HTTP/1.1" 200 27
180.156.212.250 - - [27/May/2022:08:37:25 +0800] "GET /xingrg/all/function/internal_message.html?_=1653611910220&CODE_STATE=getMsg HTTP/1.1" 200 27
58.39.61.91 - - [27/May/2022:08:37:39 +0800] "POST /xingrg/dwr/call/plaincall/AjaxComOrderService.getMaterielSearchList.dwr HTTP/1.1" 200 330803
58.39.61.91 - - [27/May/2022:08:37:39 +0800] "POST /xingrg/dwr/call/plaincall/AjaxComOrderService.getMaterielSearchList.dwr HTTP/1.1" 200 8897
116.235.92.88 - - [27/May/2022:08:37:43 +0800] "GET /xingrg/all/function/internal_message.html?_=1653612035998&CODE_STATE=getMsg HTTP/1.1" 200 27
58.39.61.91 - - [27/May/2022:08:37:43 +0800] "POST /xingrg/dwr/call/plaincall/AjaxComOrderService.getMaterielSearchList.dwr HTTP/1.1" 200 8897
58.39.61.91 - - [27/May/2022:08:37:44 +0800] "POST /xingrg/dwr/call/plaincall/AjaxComOrderService.getMaterielSearchList.dwr HTTP/1.1" 200 330803
124.78.156.37 - - [27/May/2022:08:37:48 +0800] "GET /xingrg/login.html?r=1 HTTP/1.1" 200 7641
124.78.156.37 - - [27/May/2022:08:37:49 +0800] "GET /favicon.ico HTTP/1.1" 404 -
124.78.156.37 - - [27/May/2022:08:37:51 +0800] "POST /xingrg/login.do HTTP/1.1" 302 -
124.78.156.37 - - [27/May/2022:08:37:51 +0800] "GET /xingrg/index.html?sysBaseUrl=http%3A%2F%2F180.169.147.146%3A18081%2Fxingrg%2F&costTime=41×tamp=1653611871026 HTTP/1.1" 200 17173
124.78.156.37 - - [27/May/2022:08:37:51 +0800] "GET /favicon.ico HTTP/1.1" 404 -
124.78.156.37 - - [27/May/2022:08:37:51 +0800] "POST /xingrg/all/common/load_tree.html?tree=area_rest_tree_json&manage=1 HTTP/1.1" 200 342
124.78.156.37 - - [27/May/2022:08:37:51 +0800] "GET /xingrg/all/function/internal_message.html?_=1653611870150&CODE_STATE=count HTTP/1.1" 200 11
124.78.156.37 - - [27/May/2022:08:37:51 +0800] "GET /xingrg/check_reg.html?_=1653611870151 HTTP/1.1" 200 22
124.78.156.37 - - [27/May/2022:08:37:51 +0800] "POST /xingrg/load_menu.html HTTP/1.1" 200 5138
218.81.223.53 - - [27/May/2022:08:37:52 +0800] "GET /xingrg/all/function/internal_message.html?_=1653611886651&CODE_STATE=getMsg HTTP/1.1" 200 27
124.78.156.37 - - [27/May/2022:08:37:53 +0800] "GET /xingrg/kc/buy/buy_main.html HTTP/1.1" 200 12412
124.78.156.37 - - [27/May/2022:08:37:53 +0800] "GET /xingrg/css/new_ie.css HTTP/1.1" 404 1036
124.78.156.37 - - [27/May/2022:08:37:53 +0800] "GET /xingrg/images/yd/bt.gif HTTP/1.1" 404 1040
124.78.156.37 - - [27/May/2022:08:37:54 +0800] "GET /xingrg/kc/buy/cgsh_order_list.html HTTP/1.1" 200 51746
124.78.156.37 - - [27/May/2022:08:37:55 +0800] "POST /xingrg/kc/buy/cgsh_list_operate.html HTTP/1.1" 200 876
120.253.135.82 - - [27/May/2022:08:38:01 +0800] "GET /xingrg/all/function/internal_message.html?_=1653611687519&CODE_STATE=getMsg HTTP/1.1" 200 27
116.230.110.173 - - [27/May/2022:08:38:05 +0800] "GET /xingrg/all/function/internal_message.html?_=1653611870166&CODE_STATE=getMsg HTTP/1.1" 200 27
180.175.103.167 - - [27/May/2022:08:38:08 +0800] "GET /xingrg/all/function/internal_message.html?_=1653611808073&CODE_STATE=getMsg HTTP/1.1" 200 27
124.78.156.37 - - [27/May/2022:08:38:10 +0800] "POST /xingrg/kc/buy/cgsh_list_operate.html HTTP/1.1" 200 5743
58.39.61.91 - - [27/May/2022:08:38:11 +0800] "GET /xingrg/check_reg.html?_=1653611887362 HTTP/1.1" 200 22
58.39.61.91 - - [27/May/2022:08:38:11 +0800] "GET /xingrg/all/function/internal_message.html?_=1653611887365&CODE_STATE=getMsg HTTP/1.1" 200 27
58.39.61.91 - - [27/May/2022:08:38:13 +0800] "POST /xingrg/dwr/call/plaincall/AjaxYddbService.getMaterielByMap.dwr HTTP/1.1" 200 3755
124.78.156.37 - - [27/May/2022:08:38:17 +0800] "POST /xingrg/kc/buy/cgsh_list_operate.html HTTP/1.1" 200 5968
58.39.61.91 - - [27/May/2022:08:38:18 +0800] "GET /xingrg/all/function/internal_message.html?_=1653611860268&CODE_STATE=getMsg HTTP/1.1" 200 27
180.175.103.167 - - [27/May/2022:08:38:20 +0800] "GET /xingrg/all/function/internal_message.html?_=1653611900217&CODE_STATE=getMsg HTTP/1.1" 200 27
124.78.156.37 - - [27/May/2022:08:38:23 +0800] "POST /xingrg/kc/buy/cgsh_list_operate.html HTTP/1.1" 200 5933
180.156.212.250 - - [27/May/2022:08:38:24 +0800] "GET /xingrg/check_reg.html?_=1653611969480 HTTP/1.1" 200 22
180.156.212.250 - - [27/May/2022:08:38:25 +0800] "GET /xingrg/all/function/internal_message.html?_=1653611970226&CODE_STATE=getMsg HTTP/1.1" 200 27
58.39.61.91 - - [27/May/2022:08:38:28 +0800] "POST /xingrg/dwr/call/plaincall/AjaxYddbService.saveMaterielItem.dwr HTTP/1.1" 200 79
124.78.156.37 - - [27/May/2022:08:38:30 +0800] "POST /xingrg/kc/buy/cgsh_list_operate.html HTTP/1.1" 200 5922
58.39.61.91 - - [27/May/2022:08:38:32 +0800] "POST /xingrg/kc/buy/cgsh_list_operate.html HTTP/1.1" 200 3622
58.39.61.91 - - [27/May/2022:08:38:34 +0800] "POST /xingrg/kc/buy/cgsh_list_operate.html HTTP/1.1" 200 418
58.39.61.91 - - [27/May/2022:08:38:36 +0800] "GET /xingrg/kc/buy/cgsh_order_info.html?code=212022052401509 HTTP/1.1" 200 62341
58.39.61.91 - - [27/May/2022:08:38:36 +0800] "GET /xingrg/javascript/easyui/themes/default/validatebox.css HTTP/1.1" 404 1104
58.39.61.91 - - [27/May/2022:08:38:37 +0800] "POST /xingrg/kc/buy/cgsh_order_operate.html HTTP/1.1" 200 2397
124.78.156.37 - - [27/May/2022:08:38:38 +0800] "POST /xingrg/kc/buy/cgsh_list_operate.html HTTP/1.1" 200 5992
116.235.92.88 - - [27/May/2022:08:38:43 +0800] "GET /xingrg/all/function/internal_message.html?_=1653612095996&CODE_STATE=getMsg HTTP/1.1" 200 27
124.78.156.37 - - [27/May/2022:08:38:48 +0800] "POST /xingrg/kc/buy/cgsh_list_operate.html HTTP/1.1" 200 5956
124.78.156.37 - - [27/May/2022:08:38:51 +0800] "GET /xingrg/all/function/internal_message.html?_=1653611930163&CODE_STATE=getMsg HTTP/1.1" 200 27
180.175.103.167 - - [27/May/2022:08:38:52 +0800] "GET /xingrg/check_reg.html?_=1653611851944 HTTP/1.1" 200 22
218.81.223.53 - - [27/May/2022:08:38:52 +0800] "GET /xingrg/all/function/internal_message.html?_=1653611946867&CODE_STATE=getMsg HTTP/1.1" 200 27
58.39.61.91 - - [27/May/2022:08:38:55 +0800] "POST /xingrg/kc/buy/cgsh_list_operate.html HTTP/1.1" 200 3622
120.253.135.82 - - [27/May/2022:08:39:01 +0800] "GET /xingrg/all/function/internal_message.html?_=1653611747526&CODE_STATE=getMsg HTTP/1.1" 200 27
116.230.110.173 - - [27/May/2022:08:39:05 +0800] "GET /xingrg/all/function/internal_message.html?_=1653611930167&CODE_STATE=getMsg HTTP/1.1" 200 27
180.175.103.167 - - [27/May/2022:08:39:08 +0800] "GET /xingrg/all/function/internal_message.html?_=1653611868046&CODE_STATE=getMsg HTTP/1.1" 200 27
58.39.61.91 - - [27/May/2022:08:39:11 +0800] "GET /xingrg/all/function/internal_message.html?_=1653611947353&CODE_STATE=getMsg HTTP/1.1" 200 27
58.39.61.91 - - [27/May/2022:08:39:17 +0800] "POST /xingrg/dwr/call/plaincall/AjaxYddbService.saveMaterielItem.dwr HTTP/1.1" 200 79
58.39.61.91 - - [27/May/2022:08:39:18 +0800] "GET /xingrg/all/function/internal_message.html?_=1653611920337&CODE_STATE=getMsg HTTP/1.1" 200 27
180.175.103.167 - - [27/May/2022:08:39:20 +0800] "GET /xingrg/all/function/internal_message.html?_=1653611960194&CODE_STATE=getMsg HTTP/1.1" 200 27
58.39.61.91 - - [27/May/2022:08:39:22 +0800] "GET /xingrg/check_reg.html?_=1653611924470 HTTP/1.1" 200 22
58.39.61.91 - - [27/May/2022:08:39:23 +0800] "POST /xingrg/dwr/call/plaincall/AjaxYddbService.saveMaterielItem.dwr HTTP/1.1" 200 79
180.156.212.250 - - [27/May/2022:08:39:25 +0800] "GET /xingrg/all/function/internal_message.html?_=1653612030238&CODE_STATE=getMsg HTTP/1.1" 200 27
58.39.61.91 - - [27/May/2022:08:39:30 +0800] "POST /xingrg/kc/buy/cgsh_list_operate.html HTTP/1.1" 200 3622
116.235.92.88 - - [27/May/2022:08:39:43 +0800] "GET /xingrg/all/function/internal_message.html?_=1653612156005&CODE_STATE=getMsg HTTP/1.1" 200 27
58.39.61.91 - - [27/May/2022:08:39:48 +0800] "POST /xingrg/dwr/call/plaincall/AjaxYddbService.saveMaterielItem.dwr HTTP/1.1" 200 79
124.78.156.37 - - [27/May/2022:08:39:51 +0800] "GET /xingrg/all/function/internal_message.html?_=1653611990156&CODE_STATE=getMsg HTTP/1.1" 200 27
218.81.223.53 - - [27/May/2022:08:39:52 +0800] "GET /xingrg/all/function/internal_message.html?_=1653612006881&CODE_STATE=getMsg HTTP/1.1" 200 27
58.39.61.91 - - [27/May/2022:08:39:54 +0800] "POST /xingrg/dwr/call/plaincall/AjaxYddbService.saveMaterielItem.dwr HTTP/1.1" 200 79
124.78.156.37 - - [27/May/2022:08:39:54 +0800] "POST /xingrg/kc/buy/cgsh_list_operate.html HTTP/1.1" 200 276
124.78.156.37 - - [27/May/2022:08:39:56 +0800] "GET /xingrg/kc/buy/cgsh_order_info.html?code=212022042900173 HTTP/1.1" 200 62466
124.78.156.37 - - [27/May/2022:08:39:56 +0800] "GET /xingrg/words/20220526150924_words.js HTTP/1.1" 304 -
124.78.156.37 - - [27/May/2022:08:39:56 +0800] "GET /xingrg/javascript/easyui/themes/default/validatebox.css HTTP/1.1" 404 1104
124.78.156.37 - - [27/May/2022:08:39:57 +0800] "POST /xingrg/kc/buy/cgsh_order_operate.html HTTP/1.1" 200 1213
120.253.135.82 - - [27/May/2022:08:40:01 +0800] "GET /xingrg/all/function/internal_message.html?_=1653611807792&CODE_STATE=getMsg HTTP/1.1" 200 27
58.35.210.91 - - [27/May/2022:08:40:04 +0800] "POST /xingrg/services/DataTransmitService HTTP/1.1" 200 524
116.230.110.173 - - [27/May/2022:08:40:05 +0800] "GET /xingrg/check_reg.html?_=1653611990184 HTTP/1.1" 200 22
116.230.110.173 - - [27/May/2022:08:40:05 +0800] "GET /xingrg/all/function/internal_message.html?_=1653611990183&CODE_STATE=getMsg HTTP/1.1" 200 27
180.175.103.167 - - [27/May/2022:08:40:08 +0800] "GET /xingrg/all/function/internal_message.html?_=1653611928016&CODE_STATE=getMsg HTTP/1.1" 200 27
58.39.61.91 - - [27/May/2022:08:40:11 +0800] "GET /xingrg/all/function/internal_message.html?_=1653612007351&CODE_STATE=getMsg HTTP/1.1" 200 27
58.39.61.91 - - [27/May/2022:08:40:18 +0800] "GET /xingrg/all/function/internal_message.html?_=1653611980342&CODE_STATE=getMsg HTTP/1.1" 200 27
180.175.103.167 - - [27/May/2022:08:40:20 +0800] "GET /xingrg/check_reg.html?_=1653612020174 HTTP/1.1" 200 22
180.175.103.167 - - [27/May/2022:08:40:20 +0800] "GET /xingrg/all/function/internal_message.html?_=1653612020175&CODE_STATE=getMsg HTTP/1.1" 200 27
180.156.212.250 - - [27/May/2022:08:40:25 +0800] "GET /xingrg/all/function/internal_message.html?_=1653612090256&CODE_STATE=getMsg HTTP/1.1" 200 27
58.39.61.91 - - [27/May/2022:08:40:37 +0800] "POST /xingrg/kc/buy/cgsh_list_operate.html HTTP/1.1" 200 3622
116.235.92.88 - - [27/May/2022:08:40:43 +0800] "GET /xingrg/all/function/internal_message.html?_=1653612216029&CODE_STATE=getMsg HTTP/1.1" 200 27
124.78.156.37 - - [27/May/2022:08:40:51 +0800] "GET /xingrg/all/function/internal_message.html?_=1653612050168&CODE_STATE=getMsg HTTP/1.1" 200 27
218.81.223.53 - - [27/May/2022:08:40:53 +0800] "GET /xingrg/all/function/internal_message.html?_=1653612067081&CODE_STATE=getMsg HTTP/1.1" 200 27
120.253.135.82 - - [27/May/2022:08:40:55 +0800] "GET /xingrg/check_reg.html?_=1653611861750 HTTP/1.1" 200 22
120.253.135.82 - - [27/May/2022:08:41:01 +0800] "GET /xingrg/all/function/internal_message.html?_=1653611867802&CODE_STATE=getMsg HTTP/1.1" 200 27
116.230.110.173 - - [27/May/2022:08:41:05 +0800] "GET /xingrg/all/function/internal_message.html?_=1653612050177&CODE_STATE=getMsg HTTP/1.1" 200 27
180.175.103.167 - - [27/May/2022:08:41:08 +0800] "GET /xingrg/all/function/internal_message.html?_=1653611988002&CODE_STATE=getMsg HTTP/1.1" 200 27
58.39.61.91 - - [27/May/2022:08:41:11 +0800] "GET /xingrg/all/function/internal_message.html?_=1653612067349&CODE_STATE=getMsg HTTP/1.1" 200 27
58.39.61.91 - - [27/May/2022:08:41:18 +0800] "GET /xingrg/all/function/internal_message.html?_=1653612040356&CODE_STATE=getMsg HTTP/1.1" 200 27
180.175.103.167 - - [27/May/2022:08:41:20 +0800] "GET /xingrg/all/function/internal_message.html?_=1653612080148&CODE_STATE=getMsg HTTP/1.1" 200 27
180.156.212.250 - - [27/May/2022:08:41:25 +0800] "GET /xingrg/all/function/internal_message.html?_=1653612150268&CODE_STATE=getMsg HTTP/1.1" 200 27
218.81.223.53 - - [27/May/2022:08:41:29 +0800] "GET /xingrg/check_reg.html?_=1653612103696 HTTP/1.1" 200 22
116.235.92.88 - - [27/May/2022:08:41:43 +0800] "GET /xingrg/check_reg.html?_=1653612276024 HTTP/1.1" 200 22
116.235.92.88 - - [27/May/2022:08:41:43 +0800] "GET /xingrg/all/function/internal_message.html?_=1653612276036&CODE_STATE=getMsg HTTP/1.1" 200 27
218.81.223.53 - - [27/May/2022:08:41:53 +0800] "GET /xingrg/all/function/internal_message.html?_=1653612127096&CODE_STATE=getMsg HTTP/1.1" 200 27
120.253.135.82 - - [27/May/2022:08:42:01 +0800] "GET /xingrg/all/function/internal_message.html?_=1653611927818&CODE_STATE=getMsg HTTP/1.1" 200 27
