58.39.61.91 - - [27/May/2022:10:41:22 +0800] "GET /xingrg/all/function/internal_message.html?_=1653619243842&CODE_STATE=getMsg HTTP/1.1" 200 27
120.253.135.82 - - [27/May/2022:10:41:27 +0800] "GET /xingrg/kc/pszx/mdps_order_operate.html?command=get_materiel&pszx_code=00101&rest_code=00106&base_code=0010246&code=00101006122 HTTP/1.1" 200 430
180.156.212.250 - - [27/May/2022:10:41:29 +0800] "GET /xingrg/all/function/internal_message.html?_=1653619354965&CODE_STATE=getMsg HTTP/1.1" 200 27
218.81.223.53 - - [27/May/2022:10:41:38 +0800] "GET /xingrg/check_reg.html?_=1653619313312 HTTP/1.1" 200 22
116.235.92.88 - - [27/May/2022:10:41:43 +0800] "GET /xingrg/check_reg.html?_=1653619476204 HTTP/1.1" 200 22
116.235.92.88 - - [27/May/2022:10:41:43 +0800] "GET /xingrg/all/function/internal_message.html?_=1653619476206&CODE_STATE=getMsg HTTP/1.1" 200 27
180.175.103.167 - - [27/May/2022:10:41:43 +0800] "GET /xingrg/all/function/internal_message.html?_=1653619303743&CODE_STATE=getMsg HTTP/1.1" 200 27
117.143.51.123 - - [27/May/2022:10:41:52 +0800] "GET /xingrg/all/function/internal_message.html?_=1653619307936&CODE_STATE=getMsg HTTP/1.1" 200 27
218.81.223.53 - - [27/May/2022:10:42:02 +0800] "GET /xingrg/all/function/internal_message.html?_=1653619336417&CODE_STATE=getMsg HTTP/1.1" 200 27
116.230.110.173 - - [27/May/2022:10:42:06 +0800] "GET /xingrg/all/function/internal_message.html?_=1653619310175&CODE_STATE=getMsg HTTP/1.1" 200 27
120.253.135.82 - - [27/May/2022:10:42:06 +0800] "GET /xingrg/all/function/internal_message.html?_=1653619132380&CODE_STATE=getMsg HTTP/1.1" 200 27
180.175.103.167 - - [27/May/2022:10:42:06 +0800] "GET /xingrg/all/function/internal_message.html?_=1653619245647&CODE_STATE=getMsg HTTP/1.1" 200 27
58.39.61.91 - - [27/May/2022:10:42:11 +0800] "GET /xingrg/all/function/internal_message.html?_=1653619327675&CODE_STATE=getMsg HTTP/1.1" 200 27
58.39.61.91 - - [27/May/2022:10:42:22 +0800] "GET /xingrg/all/function/internal_message.html?_=1653619303902&CODE_STATE=getMsg HTTP/1.1" 200 27
180.156.212.250 - - [27/May/2022:10:42:29 +0800] "GET /xingrg/all/function/internal_message.html?_=1653619414981&CODE_STATE=getMsg HTTP/1.1" 200 27
120.253.135.82 - - [27/May/2022:10:42:31 +0800] "POST /xingrg/kc/pszx/mdps_order_operate.html HTTP/1.1" 200 37
120.253.135.82 - - [27/May/2022:10:42:32 +0800] "GET /xingrg/kc/pszx/mdps_order_info.html?code=312022052700816 HTTP/1.1" 200 23981
120.253.135.82 - - [27/May/2022:10:42:33 +0800] "GET /xingrg/javascript/easyui/themes/default/validatebox.css HTTP/1.1" 404 1104
120.253.135.82 - - [27/May/2022:10:42:33 +0800] "POST /xingrg/kc/pszx/mdps_order_operate.html HTTP/1.1" 200 2274
120.253.135.82 - - [27/May/2022:10:42:35 +0800] "GET /xingrg/kc/report/report_main.html HTTP/1.1" 200 8599
120.253.135.82 - - [27/May/2022:10:42:36 +0800] "POST /xingrg/kc/pszx/mdps_list_operate.html HTTP/1.1" 200 2058
120.253.135.82 - - [27/May/2022:10:42:37 +0800] "GET /xingrg/kc/base/kc_stocks.html HTTP/1.1" 200 16437
120.253.135.82 - - [27/May/2022:10:42:37 +0800] "GET /xingrg/javascript/easyui/themes/default/tree.css HTTP/1.1" 404 1090
120.253.135.82 - - [27/May/2022:10:42:37 +0800] "POST /xingrg/all/common/load_tree.html?tree=materiel_sort_tree_json HTTP/1.1" 200 9388
120.253.135.82 - - [27/May/2022:10:42:42 +0800] "GET /xingrg/kc/base/kc_stocks.html HTTP/1.1" 200 16437
120.253.135.82 - - [27/May/2022:10:42:42 +0800] "GET /xingrg/javascript/easyui/themes/default/tree.css HTTP/1.1" 404 1090
120.253.135.82 - - [27/May/2022:10:42:42 +0800] "POST /xingrg/all/common/load_tree.html?tree=materiel_sort_tree_json HTTP/1.1" 200 9388
116.235.92.88 - - [27/May/2022:10:42:43 +0800] "GET /xingrg/all/function/internal_message.html?_=1653619536203&CODE_STATE=getMsg HTTP/1.1" 200 27
180.175.103.167 - - [27/May/2022:10:42:44 +0800] "GET /xingrg/all/function/internal_message.html?_=1653619363743&CODE_STATE=getMsg HTTP/1.1" 200 27
120.253.135.82 - - [27/May/2022:10:42:48 +0800] "POST /xingrg/kc/base/stock_operate.html HTTP/1.1" 200 4172
117.143.51.123 - - [27/May/2022:10:42:52 +0800] "GET /xingrg/check_reg.html?_=1653619367921 HTTP/1.1" 200 22
117.143.51.123 - - [27/May/2022:10:42:52 +0800] "GET /xingrg/all/function/internal_message.html?_=1653619367927&CODE_STATE=getMsg HTTP/1.1" 200 27
218.81.223.53 - - [27/May/2022:10:43:02 +0800] "GET /xingrg/all/function/internal_message.html?_=1653619396430&CODE_STATE=getMsg HTTP/1.1" 200 27
116.230.110.173 - - [27/May/2022:10:43:06 +0800] "GET /xingrg/all/function/internal_message.html?_=1653619370172&CODE_STATE=getMsg HTTP/1.1" 200 27
180.175.103.167 - - [27/May/2022:10:43:06 +0800] "GET /xingrg/all/function/internal_message.html?_=1653619305631&CODE_STATE=getMsg HTTP/1.1" 200 27
120.253.135.82 - - [27/May/2022:10:43:06 +0800] "GET /xingrg/all/function/internal_message.html?_=1653619192613&CODE_STATE=getMsg HTTP/1.1" 200 27
58.39.61.91 - - [27/May/2022:10:43:11 +0800] "GET /xingrg/check_reg.html?_=1653619387670 HTTP/1.1" 200 22
58.39.61.91 - - [27/May/2022:10:43:11 +0800] "GET /xingrg/all/function/internal_message.html?_=1653619387682&CODE_STATE=getMsg HTTP/1.1" 200 27
58.39.61.91 - - [27/May/2022:10:43:22 +0800] "GET /xingrg/all/function/internal_message.html?_=1653619363916&CODE_STATE=getMsg HTTP/1.1" 200 27
120.253.135.82 - - [27/May/2022:10:43:22 +0800] "GET /xingrg/kc/pszx/mdps_order_list.html?orderType=0 HTTP/1.1" 200 20966
120.253.135.82 - - [27/May/2022:10:43:23 +0800] "POST /xingrg/kc/pszx/mdps_list_operate.html HTTP/1.1" 200 5206
120.253.135.82 - - [27/May/2022:10:43:24 +0800] "GET /xingrg/javascript/easyui/themes/default/tree.css HTTP/1.1" 404 1090
120.253.135.82 - - [27/May/2022:10:43:24 +0800] "POST /xingrg/all/common/load_tree.html?tree=area_rest_tree_json HTTP/1.1" 200 3472
120.253.135.82 - - [27/May/2022:10:43:25 +0800] "GET /xingrg/javascript/easyui/themes/default/images/tree_arrows.gif HTTP/1.1" 304 -
120.253.135.82 - - [27/May/2022:10:43:25 +0800] "GET /xingrg/javascript/easyui/themes/default/images/tree_checkbox_0.gif HTTP/1.1" 304 -
120.253.135.82 - - [27/May/2022:10:43:25 +0800] "GET /xingrg/javascript/easyui/themes/default/images/tree_folder_open.gif HTTP/1.1" 304 -
120.253.135.82 - - [27/May/2022:10:43:25 +0800] "GET /xingrg/javascript/easyui/themes/icons/area.png HTTP/1.1" 304 -
120.253.135.82 - - [27/May/2022:10:43:25 +0800] "GET /xingrg/javascript/easyui/themes/icons/rest.png HTTP/1.1" 304 -
120.253.135.82 - - [27/May/2022:10:43:25 +0800] "GET /xingrg/javascript/easyui/themes/icons/manage.png HTTP/1.1" 304 -
180.156.212.250 - - [27/May/2022:10:43:28 +0800] "GET /xingrg/check_reg.html?_=1653619473498 HTTP/1.1" 200 22
180.156.212.250 - - [27/May/2022:10:43:29 +0800] "GET /xingrg/all/function/internal_message.html?_=1653619474995&CODE_STATE=getMsg HTTP/1.1" 200 27
120.253.135.82 - - [27/May/2022:10:43:31 +0800] "POST /xingrg/kc/pszx/mdps_list_operate.html HTTP/1.1" 200 2058
120.253.135.82 - - [27/May/2022:10:43:33 +0800] "POST /xingrg/kc/pszx/mdps_list_operate.html HTTP/1.1" 200 199
120.253.135.82 - - [27/May/2022:10:43:34 +0800] "GET /xingrg/kc/pszx/mdps_order_info.html?code=312022052700816 HTTP/1.1" 200 23981
120.253.135.82 - - [27/May/2022:10:43:34 +0800] "POST /xingrg/kc/pszx/mdps_order_operate.html HTTP/1.1" 200 2274
120.253.135.82 - - [27/May/2022:10:43:35 +0800] "GET /xingrg/javascript/easyui/themes/default/validatebox.css HTTP/1.1" 404 1104
120.253.135.82 - - [27/May/2022:10:43:39 +0800] "GET /xingrg/check_reg.html?_=1653619225200 HTTP/1.1" 200 22
116.235.92.88 - - [27/May/2022:10:43:43 +0800] "GET /xingrg/all/function/internal_message.html?_=1653619596201&CODE_STATE=getMsg HTTP/1.1" 200 27
180.175.103.167 - - [27/May/2022:10:43:44 +0800] "GET /xingrg/all/function/internal_message.html?_=1653619423743&CODE_STATE=getMsg HTTP/1.1" 200 27
117.143.51.123 - - [27/May/2022:10:43:52 +0800] "GET /xingrg/all/function/internal_message.html?_=1653619427928&CODE_STATE=getMsg HTTP/1.1" 200 27
180.175.103.167 - - [27/May/2022:10:43:52 +0800] "GET /xingrg/check_reg.html?_=1653619352029 HTTP/1.1" 200 22
218.81.223.53 - - [27/May/2022:10:44:02 +0800] "GET /xingrg/all/function/internal_message.html?_=1653619456689&CODE_STATE=getMsg HTTP/1.1" 200 27
116.230.110.173 - - [27/May/2022:10:44:06 +0800] "GET /xingrg/all/function/internal_message.html?_=1653619430167&CODE_STATE=getMsg HTTP/1.1" 200 27
180.175.103.167 - - [27/May/2022:10:44:06 +0800] "GET /xingrg/all/function/internal_message.html?_=1653619365604&CODE_STATE=getMsg HTTP/1.1" 200 27
120.253.135.82 - - [27/May/2022:10:44:06 +0800] "GET /xingrg/all/function/internal_message.html?_=1653619252625&CODE_STATE=getMsg HTTP/1.1" 200 27
58.39.61.91 - - [27/May/2022:10:44:11 +0800] "GET /xingrg/all/function/internal_message.html?_=1653619447680&CODE_STATE=getMsg HTTP/1.1" 200 27
58.39.61.91 - - [27/May/2022:10:44:22 +0800] "GET /xingrg/all/function/internal_message.html?_=1653619423976&CODE_STATE=getMsg HTTP/1.1" 200 27
58.39.61.91 - - [27/May/2022:10:44:23 +0800] "GET /xingrg/check_reg.html?_=1653619424604 HTTP/1.1" 200 22
120.253.135.82 - - [27/May/2022:10:44:23 +0800] "GET /xingrg/kc/pszx/mdps_order_operate.html?command=get_materiel&pszx_code=00101&rest_code=00106&base_code=0010246&code=00101007072 HTTP/1.1" 200 434
180.156.212.250 - - [27/May/2022:10:44:29 +0800] "GET /xingrg/all/function/internal_message.html?_=1653619535008&CODE_STATE=getMsg HTTP/1.1" 200 27
120.253.135.82 - - [27/May/2022:10:44:42 +0800] "POST /xingrg/kc/pszx/mdps_order_operate.html HTTP/1.1" 200 37
116.235.92.88 - - [27/May/2022:10:44:43 +0800] "GET /xingrg/all/function/internal_message.html?_=1653619656215&CODE_STATE=getMsg HTTP/1.1" 200 27
120.253.135.82 - - [27/May/2022:10:44:43 +0800] "GET /xingrg/kc/pszx/mdps_order_info.html?code=312022052700816 HTTP/1.1" 200 23981
180.175.103.167 - - [27/May/2022:10:44:44 +0800] "GET /xingrg/all/function/internal_message.html?_=1653619483745&CODE_STATE=getMsg HTTP/1.1" 200 27
120.253.135.82 - - [27/May/2022:10:44:44 +0800] "GET /xingrg/javascript/easyui/themes/default/validatebox.css HTTP/1.1" 404 1104
120.253.135.82 - - [27/May/2022:10:44:45 +0800] "POST /xingrg/kc/pszx/mdps_order_operate.html HTTP/1.1" 200 2765
117.143.51.123 - - [27/May/2022:10:44:52 +0800] "GET /xingrg/all/function/internal_message.html?_=1653619487927&CODE_STATE=getMsg HTTP/1.1" 200 27
218.81.223.53 - - [27/May/2022:10:45:02 +0800] "GET /xingrg/all/function/internal_message.html?_=1653619516692&CODE_STATE=getMsg HTTP/1.1" 200 27
116.230.110.173 - - [27/May/2022:10:45:06 +0800] "GET /xingrg/all/function/internal_message.html?_=1653619490175&CODE_STATE=getMsg HTTP/1.1" 200 27
116.230.110.173 - - [27/May/2022:10:45:06 +0800] "GET /xingrg/check_reg.html?_=1653619490176 HTTP/1.1" 200 22
180.175.103.167 - - [27/May/2022:10:45:06 +0800] "GET /xingrg/all/function/internal_message.html?_=1653619425574&CODE_STATE=getMsg HTTP/1.1" 200 27
120.253.135.82 - - [27/May/2022:10:45:06 +0800] "GET /xingrg/all/function/internal_message.html?_=1653619312639&CODE_STATE=getMsg HTTP/1.1" 200 27
58.39.61.91 - - [27/May/2022:10:45:11 +0800] "GET /xingrg/all/function/internal_message.html?_=1653619507691&CODE_STATE=getMsg HTTP/1.1" 200 27
58.39.61.91 - - [27/May/2022:10:45:22 +0800] "GET /xingrg/all/function/internal_message.html?_=1653619483990&CODE_STATE=getMsg HTTP/1.1" 200 27
180.156.212.250 - - [27/May/2022:10:45:29 +0800] "GET /xingrg/all/function/internal_message.html?_=1653619595023&CODE_STATE=getMsg HTTP/1.1" 200 27
116.235.92.88 - - [27/May/2022:10:45:43 +0800] "GET /xingrg/all/function/internal_message.html?_=1653619716213&CODE_STATE=getMsg HTTP/1.1" 200 27
180.175.103.167 - - [27/May/2022:10:45:44 +0800] "GET /xingrg/all/function/internal_message.html?_=1653619543772&CODE_STATE=getMsg HTTP/1.1" 200 27
180.175.103.167 - - [27/May/2022:10:45:44 +0800] "GET /xingrg/check_reg.html?_=1653619543775 HTTP/1.1" 200 22
117.143.51.123 - - [27/May/2022:10:45:52 +0800] "GET /xingrg/all/function/internal_message.html?_=1653619547918&CODE_STATE=getMsg HTTP/1.1" 200 27
218.81.223.53 - - [27/May/2022:10:46:02 +0800] "GET /xingrg/all/function/internal_message.html?_=1653619576946&CODE_STATE=getMsg HTTP/1.1" 200 27
116.230.110.173 - - [27/May/2022:10:46:06 +0800] "GET /xingrg/all/function/internal_message.html?_=1653619550167&CODE_STATE=getMsg HTTP/1.1" 200 27
180.175.103.167 - - [27/May/2022:10:46:06 +0800] "GET /xingrg/all/function/internal_message.html?_=1653619485558&CODE_STATE=getMsg HTTP/1.1" 200 27
120.253.135.82 - - [27/May/2022:10:46:06 +0800] "GET /xingrg/all/function/internal_message.html?_=1653619372652&CODE_STATE=getMsg HTTP/1.1" 200 27
58.39.61.91 - - [27/May/2022:10:46:11 +0800] "GET /xingrg/all/function/internal_message.html?_=1653619567687&CODE_STATE=getMsg HTTP/1.1" 200 27
58.39.61.91 - - [27/May/2022:10:46:22 +0800] "GET /xingrg/all/function/internal_message.html?_=1653619544004&CODE_STATE=getMsg HTTP/1.1" 200 27
58.35.210.91 - - [27/May/2022:10:46:24 +0800] "POST /xingrg/services/DataTransmitService HTTP/1.1" 200 524
180.156.212.250 - - [27/May/2022:10:46:30 +0800] "GET /xingrg/all/function/internal_message.html?_=1653619655228&CODE_STATE=getMsg HTTP/1.1" 200 27
218.81.223.53 - - [27/May/2022:10:46:38 +0800] "GET /xingrg/check_reg.html?_=1653619613318 HTTP/1.1" 200 22
116.235.92.88 - - [27/May/2022:10:46:43 +0800] "GET /xingrg/check_reg.html?_=1653619776211 HTTP/1.1" 200 22
116.235.92.88 - - [27/May/2022:10:46:43 +0800] "GET /xingrg/all/function/internal_message.html?_=1653619776212&CODE_STATE=getMsg HTTP/1.1" 200 27
180.175.103.167 - - [27/May/2022:10:46:44 +0800] "GET /xingrg/all/function/internal_message.html?_=1653619603776&CODE_STATE=getMsg HTTP/1.1" 200 27
117.143.51.123 - - [27/May/2022:10:46:52 +0800] "GET /xingrg/all/function/internal_message.html?_=1653619607905&CODE_STATE=getMsg HTTP/1.1" 200 27
218.81.223.53 - - [27/May/2022:10:47:02 +0800] "GET /xingrg/all/function/internal_message.html?_=1653619636953&CODE_STATE=getMsg HTTP/1.1" 200 27
116.230.110.173 - - [27/May/2022:10:47:06 +0800] "GET /xingrg/all/function/internal_message.html?_=1653619610169&CODE_STATE=getMsg HTTP/1.1" 200 27
180.175.103.167 - - [27/May/2022:10:47:06 +0800] "GET /xingrg/all/function/internal_message.html?_=1653619545544&CODE_STATE=getMsg HTTP/1.1" 200 27
120.253.135.82 - - [27/May/2022:10:47:06 +0800] "GET /xingrg/all/function/internal_message.html?_=1653619432897&CODE_STATE=getMsg HTTP/1.1" 200 27
58.39.61.91 - - [27/May/2022:10:47:11 +0800] "GET /xingrg/all/function/internal_message.html?_=1653619627687&CODE_STATE=getMsg HTTP/1.1" 200 27
58.39.61.91 - - [27/May/2022:10:47:22 +0800] "GET /xingrg/all/function/internal_message.html?_=1653619604070&CODE_STATE=getMsg HTTP/1.1" 200 27
180.156.212.250 - - [27/May/2022:10:47:30 +0800] "GET /xingrg/all/function/internal_message.html?_=1653619715238&CODE_STATE=getMsg HTTP/1.1" 200 27
116.235.92.88 - - [27/May/2022:10:47:43 +0800] "GET /xingrg/all/function/internal_message.html?_=1653619836210&CODE_STATE=getMsg HTTP/1.1" 200 27
180.175.103.167 - - [27/May/2022:10:47:44 +0800] "GET /xingrg/all/function/internal_message.html?_=1653619663777&CODE_STATE=getMsg HTTP/1.1" 200 27
117.143.51.123 - - [27/May/2022:10:47:52 +0800] "GET /xingrg/all/function/internal_message.html?_=1653619667912&CODE_STATE=getMsg HTTP/1.1" 200 27
117.143.51.123 - - [27/May/2022:10:47:52 +0800] "GET /xingrg/check_reg.html?_=1653619667914 HTTP/1.1" 200 22
218.81.223.53 - - [27/May/2022:10:48:02 +0800] "GET /xingrg/all/function/internal_message.html?_=1653619696966&CODE_STATE=getMsg HTTP/1.1" 200 27
116.230.110.173 - - [27/May/2022:10:48:06 +0800] "GET /xingrg/all/function/internal_message.html?_=1653619670178&CODE_STATE=getMsg HTTP/1.1" 200 27
180.175.103.167 - - [27/May/2022:10:48:06 +0800] "GET /xingrg/all/function/internal_message.html?_=1653619605514&CODE_STATE=getMsg HTTP/1.1" 200 27
120.253.135.82 - - [27/May/2022:10:48:06 +0800] "GET /xingrg/all/function/internal_message.html?_=1653619492898&CODE_STATE=getMsg HTTP/1.1" 200 27
58.39.61.91 - - [27/May/2022:10:48:11 +0800] "GET /xingrg/all/function/internal_message.html?_=1653619687685&CODE_STATE=getMsg HTTP/1.1" 200 27
58.39.61.91 - - [27/May/2022:10:48:11 +0800] "GET /xingrg/check_reg.html?_=1653619687687 HTTP/1.1" 200 22
58.39.61.91 - - [27/May/2022:10:48:22 +0800] "GET /xingrg/all/function/internal_message.html?_=1653619664079&CODE_STATE=getMsg HTTP/1.1" 200 27
180.156.212.250 - - [27/May/2022:10:48:28 +0800] "GET /xingrg/check_reg.html?_=1653619773703 HTTP/1.1" 200 22
180.156.212.250 - - [27/May/2022:10:48:30 +0800] "GET /xingrg/all/function/internal_message.html?_=1653619775250&CODE_STATE=getMsg HTTP/1.1" 200 27
120.253.135.82 - - [27/May/2022:10:48:39 +0800] "GET /xingrg/check_reg.html?_=1653619525207 HTTP/1.1" 200 22
116.235.92.88 - - [27/May/2022:10:48:43 +0800] "GET /xingrg/all/function/internal_message.html?_=1653619896209&CODE_STATE=getMsg HTTP/1.1" 200 27
180.175.103.167 - - [27/May/2022:10:48:44 +0800] "GET /xingrg/all/function/internal_message.html?_=1653619723779&CODE_STATE=getMsg HTTP/1.1" 200 27
117.143.51.123 - - [27/May/2022:10:48:52 +0800] "GET /xingrg/all/function/internal_message.html?_=1653619727931&CODE_STATE=getMsg HTTP/1.1" 200 27
180.175.103.167 - - [27/May/2022:10:48:52 +0800] "GET /xingrg/check_reg.html?_=1653619652036 HTTP/1.1" 200 22
218.81.223.53 - - [27/May/2022:10:49:02 +0800] "GET /xingrg/all/function/internal_message.html?_=1653619757233&CODE_STATE=getMsg HTTP/1.1" 200 27
116.230.110.173 - - [27/May/2022:10:49:06 +0800] "GET /xingrg/all/function/internal_message.html?_=1653619730175&CODE_STATE=getMsg HTTP/1.1" 200 27
180.175.103.167 - - [27/May/2022:10:49:06 +0800] "GET /xingrg/all/function/internal_message.html?_=1653619665486&CODE_STATE=getMsg HTTP/1.1" 200 27
120.253.135.82 - - [27/May/2022:10:49:06 +0800] "GET /xingrg/all/function/internal_message.html?_=1653619552911&CODE_STATE=getMsg HTTP/1.1" 200 27
58.39.61.91 - - [27/May/2022:10:49:11 +0800] "GET /xingrg/all/function/internal_message.html?_=1653619747695&CODE_STATE=getMsg HTTP/1.1" 200 27
58.39.61.91 - - [27/May/2022:10:49:22 +0800] "GET /xingrg/all/function/internal_message.html?_=1653619724136&CODE_STATE=getMsg HTTP/1.1" 200 27
58.39.61.91 - - [27/May/2022:10:49:23 +0800] "GET /xingrg/check_reg.html?_=1653619724613 HTTP/1.1" 200 22
180.156.212.250 - - [27/May/2022:10:49:30 +0800] "GET /xingrg/all/function/internal_message.html?_=1653619835265&CODE_STATE=getMsg HTTP/1.1" 200 27
116.235.92.88 - - [27/May/2022:10:49:43 +0800] "GET /xingrg/all/function/internal_message.html?_=1653619956208&CODE_STATE=getMsg HTTP/1.1" 200 27
180.175.103.167 - - [27/May/2022:10:49:44 +0800] "GET /xingrg/all/function/internal_message.html?_=1653619783778&CODE_STATE=getMsg HTTP/1.1" 200 27
117.143.51.123 - - [27/May/2022:10:49:52 +0800] "GET /xingrg/all/function/internal_message.html?_=1653619787916&CODE_STATE=getMsg HTTP/1.1" 200 27
218.81.223.53 - - [27/May/2022:10:50:02 +0800] "GET /xingrg/all/function/internal_message.html?_=1653619817242&CODE_STATE=getMsg HTTP/1.1" 200 27
116.230.110.173 - - [27/May/2022:10:50:06 +0800] "GET /xingrg/all/function/internal_message.html?_=1653619790176&CODE_STATE=getMsg HTTP/1.1" 200 27
116.230.110.173 - - [27/May/2022:10:50:06 +0800] "GET /xingrg/check_reg.html?_=1653619790179 HTTP/1.1" 200 22
180.175.103.167 - - [27/May/2022:10:50:06 +0800] "GET /xingrg/all/function/internal_message.html?_=1653619725472&CODE_STATE=getMsg HTTP/1.1" 200 27
120.253.135.82 - - [27/May/2022:10:50:06 +0800] "GET /xingrg/all/function/internal_message.html?_=1653619612924&CODE_STATE=getMsg HTTP/1.1" 200 27
58.39.61.91 - - [27/May/2022:10:50:11 +0800] "GET /xingrg/all/function/internal_message.html?_=1653619807696&CODE_STATE=getMsg HTTP/1.1" 200 27
58.39.61.91 - - [27/May/2022:10:50:22 +0800] "GET /xingrg/all/function/internal_message.html?_=1653619784137&CODE_STATE=getMsg HTTP/1.1" 200 27
180.156.212.250 - - [27/May/2022:10:50:30 +0800] "GET /xingrg/all/function/internal_message.html?_=1653619895278&CODE_STATE=getMsg HTTP/1.1" 200 27
116.235.92.88 - - [27/May/2022:10:50:43 +0800] "GET /xingrg/all/function/internal_message.html?_=1653620016208&CODE_STATE=getMsg HTTP/1.1" 200 27
180.175.103.167 - - [27/May/2022:10:50:44 +0800] "GET /xingrg/check_reg.html?_=1653619843779 HTTP/1.1" 200 22
180.175.103.167 - - [27/May/2022:10:50:44 +0800] "GET /xingrg/all/function/internal_message.html?_=1653619843781&CODE_STATE=getMsg HTTP/1.1" 200 27
117.143.51.123 - - [27/May/2022:10:50:52 +0800] "GET /xingrg/all/function/internal_message.html?_=1653619847908&CODE_STATE=getMsg HTTP/1.1" 200 27
218.81.223.53 - - [27/May/2022:10:51:03 +0800] "GET /xingrg/all/function/internal_message.html?_=1653619877505&CODE_STATE=getMsg HTTP/1.1" 200 27
116.230.110.173 - - [27/May/2022:10:51:06 +0800] "GET /xingrg/all/function/internal_message.html?_=1653619850168&CODE_STATE=getMsg HTTP/1.1" 200 27
180.175.103.167 - - [27/May/2022:10:51:06 +0800] "GET /xingrg/all/function/internal_message.html?_=1653619785442&CODE_STATE=getMsg HTTP/1.1" 200 27
120.253.135.82 - - [27/May/2022:10:51:07 +0800] "GET /xingrg/all/function/internal_message.html?_=1653619673173&CODE_STATE=getMsg HTTP/1.1" 200 27
58.39.61.91 - - [27/May/2022:10:51:11 +0800] "GET /xingrg/all/function/internal_message.html?_=1653619867690&CODE_STATE=getMsg HTTP/1.1" 200 27
58.39.61.91 - - [27/May/2022:10:51:22 +0800] "GET /xingrg/all/function/internal_message.html?_=1653619844150&CODE_STATE=getMsg HTTP/1.1" 200 27
180.156.212.250 - - [27/May/2022:10:51:30 +0800] "GET /xingrg/all/function/internal_message.html?_=1653619955481&CODE_STATE=getMsg HTTP/1.1" 200 27
218.81.223.53 - - [27/May/2022:10:51:38 +0800] "GET /xingrg/check_reg.html?_=1653619913323 HTTP/1.1" 200 22
116.235.92.88 - - [27/May/2022:10:51:43 +0800] "GET /xingrg/check_reg.html?_=1653620076208 HTTP/1.1" 200 22
116.235.92.88 - - [27/May/2022:10:51:43 +0800] "GET /xingrg/all/function/internal_message.html?_=1653620076207&CODE_STATE=getMsg HTTP/1.1" 200 27
180.175.103.167 - - [27/May/2022:10:51:44 +0800] "GET /xingrg/all/function/internal_message.html?_=1653619903780&CODE_STATE=getMsg HTTP/1.1" 200 27
117.143.51.123 - - [27/May/2022:10:51:52 +0800] "GET /xingrg/all/function/internal_message.html?_=1653619907921&CODE_STATE=getMsg HTTP/1.1" 200 27
218.81.223.53 - - [27/May/2022:10:52:03 +0800] "GET /xingrg/all/function/internal_message.html?_=1653619937505&CODE_STATE=getMsg HTTP/1.1" 200 27
116.230.110.173 - - [27/May/2022:10:52:06 +0800] "GET /xingrg/all/function/internal_message.html?_=1653619910180&CODE_STATE=getMsg HTTP/1.1" 200 27
180.175.103.167 - - [27/May/2022:10:52:06 +0800] "GET /xingrg/all/function/internal_message.html?_=1653619845427&CODE_STATE=getMsg HTTP/1.1" 200 27
120.253.135.82 - - [27/May/2022:10:52:07 +0800] "GET /xingrg/all/function/internal_message.html?_=1653619733186&CODE_STATE=getMsg HTTP/1.1" 200 27
58.39.61.91 - - [27/May/2022:10:52:11 +0800] "GET /xingrg/all/function/internal_message.html?_=1653619927702&CODE_STATE=getMsg HTTP/1.1" 200 27
58.39.61.91 - - [27/May/2022:10:52:22 +0800] "GET /xingrg/all/function/internal_message.html?_=1653619904206&CODE_STATE=getMsg HTTP/1.1" 200 27
180.156.212.250 - - [27/May/2022:10:52:30 +0800] "GET /xingrg/all/function/internal_message.html?_=1653620015492&CODE_STATE=getMsg HTTP/1.1" 200 27
116.235.92.88 - - [27/May/2022:10:52:43 +0800] "GET /xingrg/all/function/internal_message.html?_=1653620136205&CODE_STATE=getMsg HTTP/1.1" 200 27
180.175.103.167 - - [27/May/2022:10:52:44 +0800] "GET /xingrg/all/function/internal_message.html?_=1653619963779&CODE_STATE=getMsg HTTP/1.1" 200 27
117.143.51.123 - - [27/May/2022:10:52:52 +0800] "GET /xingrg/check_reg.html?_=1653619967915 HTTP/1.1" 200 22
117.143.51.123 - - [27/May/2022:10:52:52 +0800] "GET /xingrg/all/function/internal_message.html?_=1653619967919&CODE_STATE=getMsg HTTP/1.1" 200 27
218.81.223.53 - - [27/May/2022:10:53:03 +0800] "GET /xingrg/all/function/internal_message.html?_=1653619997518&CODE_STATE=getMsg HTTP/1.1" 200 27
116.230.110.173 - - [27/May/2022:10:53:06 +0800] "GET /xingrg/all/function/internal_message.html?_=1653619970169&CODE_STATE=getMsg HTTP/1.1" 200 27
180.175.103.167 - - [27/May/2022:10:53:06 +0800] "GET /xingrg/all/function/internal_message.html?_=1653619905413&CODE_STATE=getMsg HTTP/1.1" 200 27
120.253.135.82 - - [27/May/2022:10:53:07 +0800] "GET /xingrg/all/function/internal_message.html?_=1653619793446&CODE_STATE=getMsg HTTP/1.1" 200 27
58.39.61.91 - - [27/May/2022:10:53:11 +0800] "GET /xingrg/check_reg.html?_=1653619987706 HTTP/1.1" 200 22
58.39.61.91 - - [27/May/2022:10:53:11 +0800] "GET /xingrg/all/function/internal_message.html?_=1653619987707&CODE_STATE=getMsg HTTP/1.1" 200 27
58.39.61.91 - - [27/May/2022:10:53:22 +0800] "GET /xingrg/all/function/internal_message.html?_=1653619964208&CODE_STATE=getMsg HTTP/1.1" 200 27
180.175.103.167 - - [27/May/2022:10:53:24 +0800] "POST /xingrg/services/DataTransmitService HTTP/1.1" 200 524
180.156.212.250 - - [27/May/2022:10:53:28 +0800] "GET /xingrg/check_reg.html?_=1653620073896 HTTP/1.1" 200 22
180.156.212.250 - - [27/May/2022:10:53:30 +0800] "GET /xingrg/all/function/internal_message.html?_=1653620075507&CODE_STATE=getMsg HTTP/1.1" 200 27
120.253.135.82 - - [27/May/2022:10:53:39 +0800] "GET /xingrg/check_reg.html?_=1653619825210 HTTP/1.1" 200 22
116.235.92.88 - - [27/May/2022:10:53:43 +0800] "GET /xingrg/all/function/internal_message.html?_=1653620196203&CODE_STATE=getMsg HTTP/1.1" 200 27
180.175.103.167 - - [27/May/2022:10:53:44 +0800] "GET /xingrg/all/function/internal_message.html?_=1653620023780&CODE_STATE=getMsg HTTP/1.1" 200 27
117.143.51.123 - - [27/May/2022:10:53:52 +0800] "GET /xingrg/all/function/internal_message.html?_=1653620027918&CODE_STATE=getMsg HTTP/1.1" 200 27
180.175.103.167 - - [27/May/2022:10:53:52 +0800] "GET /xingrg/check_reg.html?_=1653619952029 HTTP/1.1" 200 22
218.81.223.53 - - [27/May/2022:10:54:03 +0800] "GET /xingrg/all/function/internal_message.html?_=1653620057777&CODE_STATE=getMsg HTTP/1.1" 200 27
116.230.110.173 - - [27/May/2022:10:54:06 +0800] "GET /xingrg/all/function/internal_message.html?_=1653620030172&CODE_STATE=getMsg HTTP/1.1" 200 27
180.175.103.167 - - [27/May/2022:10:54:06 +0800] "GET /xingrg/all/function/internal_message.html?_=1653619965386&CODE_STATE=getMsg HTTP/1.1" 200 27
120.253.135.82 - - [27/May/2022:10:54:07 +0800] "GET /xingrg/all/function/internal_message.html?_=1653619853447&CODE_STATE=getMsg HTTP/1.1" 200 27
58.39.61.91 - - [27/May/2022:10:54:11 +0800] "GET /xingrg/all/function/internal_message.html?_=1653620047705&CODE_STATE=getMsg HTTP/1.1" 200 27
180.157.251.97 - - [27/May/2022:10:54:15 +0800] "POST /xingrg/services/DataTransmitService HTTP/1.1" 200 524
180.157.251.97 - - [27/May/2022:10:54:15 +0800] "POST /xingrg/services/DataTransmitService HTTP/1.1" 200 412
58.39.61.91 - - [27/May/2022:10:54:22 +0800] "GET /xingrg/all/function/internal_message.html?_=1653620024266&CODE_STATE=getMsg HTTP/1.1" 200 27
58.39.61.91 - - [27/May/2022:10:54:23 +0800] "GET /xingrg/check_reg.html?_=1653620024612 HTTP/1.1" 200 22
180.162.6.153 - - [27/May/2022:10:54:24 +0800] "GET /favicon.ico HTTP/1.1" 404 -
180.156.212.250 - - [27/May/2022:10:54:30 +0800] "GET /xingrg/all/function/internal_message.html?_=1653620135520&CODE_STATE=getMsg HTTP/1.1" 200 27
124.78.156.37 - - [27/May/2022:10:54:36 +0800] "POST /xingrg/services/DataTransmitService HTTP/1.1" 200 524
116.235.92.88 - - [27/May/2022:10:54:43 +0800] "GET /xingrg/all/function/internal_message.html?_=1653620256201&CODE_STATE=getMsg HTTP/1.1" 200 27
180.175.103.167 - - [27/May/2022:10:54:44 +0800] "GET /xingrg/all/function/internal_message.html?_=1653620083780&CODE_STATE=getMsg HTTP/1.1" 200 27
120.253.135.82 - - [27/May/2022:10:54:49 +0800] "POST /xingrg/kc/pszx/mdps_order_operate.html HTTP/1.1" 200 37
120.253.135.82 - - [27/May/2022:10:54:49 +0800] "GET /xingrg/kc/pszx/mdps_order_info.html?code=312022052700816 HTTP/1.1" 200 23981
120.253.135.82 - - [27/May/2022:10:54:50 +0800] "GET /xingrg/javascript/easyui/themes/default/validatebox.css HTTP/1.1" 404 1104
120.253.135.82 - - [27/May/2022:10:54:50 +0800] "POST /xingrg/kc/pszx/mdps_order_operate.html HTTP/1.1" 200 2765
117.143.51.123 - - [27/May/2022:10:54:52 +0800] "GET /xingrg/all/function/internal_message.html?_=1653620087921&CODE_STATE=getMsg HTTP/1.1" 200 27
120.253.135.82 - - [27/May/2022:10:54:53 +0800] "GET /xingrg/kc/report/report_main.html HTTP/1.1" 200 8599
120.253.135.82 - - [27/May/2022:10:54:54 +0800] "POST /xingrg/kc/pszx/mdps_list_operate.html HTTP/1.1" 200 2060
120.253.135.82 - - [27/May/2022:10:54:55 +0800] "GET /xingrg/kc/base/kc_stocks.html HTTP/1.1" 200 16437
120.253.135.82 - - [27/May/2022:10:54:55 +0800] "GET /xingrg/javascript/easyui/themes/default/tree.css HTTP/1.1" 404 1090
120.253.135.82 - - [27/May/2022:10:54:55 +0800] "POST /xingrg/all/common/load_tree.html?tree=materiel_sort_tree_json HTTP/1.1" 200 9388
218.81.223.53 - - [27/May/2022:10:55:03 +0800] "GET /xingrg/all/function/internal_message.html?_=1653620117779&CODE_STATE=getMsg HTTP/1.1" 200 27
120.253.135.82 - - [27/May/2022:10:55:04 +0800] "POST /xingrg/kc/base/stock_operate.html HTTP/1.1" 200 4175
116.230.110.173 - - [27/May/2022:10:55:06 +0800] "GET /xingrg/all/function/internal_message.html?_=1653620090179&CODE_STATE=getMsg HTTP/1.1" 200 27
116.230.110.173 - - [27/May/2022:10:55:06 +0800] "GET /xingrg/check_reg.html?_=1653620090180 HTTP/1.1" 200 22
180.175.103.167 - - [27/May/2022:10:55:06 +0800] "GET /xingrg/all/function/internal_message.html?_=1653620025371&CODE_STATE=getMsg HTTP/1.1" 200 27
120.253.135.82 - - [27/May/2022:10:55:07 +0800] "GET /xingrg/all/function/internal_message.html?_=1653619913461&CODE_STATE=getMsg HTTP/1.1" 200 27
58.39.61.91 - - [27/May/2022:10:55:11 +0800] "GET /xingrg/all/function/internal_message.html?_=1653620107715&CODE_STATE=getMsg HTTP/1.1" 200 27
58.39.61.91 - - [27/May/2022:10:55:22 +0800] "GET /xingrg/all/function/internal_message.html?_=1653620084267&CODE_STATE=getMsg HTTP/1.1" 200 27
180.156.212.250 - - [27/May/2022:10:55:30 +0800] "GET /xingrg/all/function/internal_message.html?_=1653620195533&CODE_STATE=getMsg HTTP/1.1" 200 27
116.235.92.88 - - [27/May/2022:10:55:43 +0800] "GET /xingrg/all/function/internal_message.html?_=1653620316200&CODE_STATE=getMsg HTTP/1.1" 200 27
180.175.103.167 - - [27/May/2022:10:55:44 +0800] "GET /xingrg/check_reg.html?_=1653620143780 HTTP/1.1" 200 22
180.175.103.167 - - [27/May/2022:10:55:44 +0800] "GET /xingrg/all/function/internal_message.html?_=1653620143783&CODE_STATE=getMsg HTTP/1.1" 200 27
117.143.51.123 - - [27/May/2022:10:55:52 +0800] "GET /xingrg/all/function/internal_message.html?_=1653620147918&CODE_STATE=getMsg HTTP/1.1" 200 27
114.83.218.142 - - [27/May/2022:10:55:59 +0800] "GET /xingrg/login.html?sysBaseUrl=http%3A%2F%2F180.169.147.146%3A18081%2Fxingrg%2F&costTime=31×tamp=1615347190560 HTTP/1.1" 200 7641
114.83.218.142 - - [27/May/2022:10:56:00 +0800] "GET /favicon.ico HTTP/1.1" 404 -
218.81.223.53 - - [27/May/2022:10:56:03 +0800] "GET /xingrg/all/function/internal_message.html?_=1653620178041&CODE_STATE=getMsg HTTP/1.1" 200 27
116.230.110.173 - - [27/May/2022:10:56:06 +0800] "GET /xingrg/all/function/internal_message.html?_=1653620150176&CODE_STATE=getMsg HTTP/1.1" 200 27
180.175.103.167 - - [27/May/2022:10:56:06 +0800] "GET /xingrg/all/function/internal_message.html?_=1653620085357&CODE_STATE=getMsg HTTP/1.1" 200 27
114.83.218.142 - - [27/May/2022:10:56:07 +0800] "POST /xingrg/login.do HTTP/1.1" 302 -
114.83.218.142 - - [27/May/2022:10:56:07 +0800] "GET /xingrg/index.html?sysBaseUrl=http%3A%2F%2F180.169.147.146%3A18081%2Fxingrg%2F&costTime=54×tamp=1653620167357 HTTP/1.1" 200 17179
120.253.135.82 - - [27/May/2022:10:56:07 +0800] "GET /xingrg/all/function/internal_message.html?_=1653619973475&CODE_STATE=getMsg HTTP/1.1" 200 27
114.83.218.142 - - [27/May/2022:10:56:07 +0800] "GET /favicon.ico HTTP/1.1" 404 -
114.83.218.142 - - [27/May/2022:10:56:07 +0800] "POST /xingrg/all/common/load_tree.html?tree=area_rest_tree_json&manage=1 HTTP/1.1" 200 351
114.83.218.142 - - [27/May/2022:10:56:08 +0800] "GET /xingrg/all/function/internal_message.html?_=1653620161647&CODE_STATE=count HTTP/1.1" 200 11
114.83.218.142 - - [27/May/2022:10:56:08 +0800] "GET /xingrg/check_reg.html?_=1653620161649 HTTP/1.1" 200 22
114.83.218.142 - - [27/May/2022:10:56:08 +0800] "POST /xingrg/load_menu.html HTTP/1.1" 200 5138
58.39.61.91 - - [27/May/2022:10:56:11 +0800] "GET /xingrg/all/function/internal_message.html?_=1653620167711&CODE_STATE=getMsg HTTP/1.1" 200 27
114.83.218.142 - - [27/May/2022:10:56:12 +0800] "GET /xingrg/kc/buy/cgsh_order_list.html HTTP/1.1" 200 51752
114.83.218.142 - - [27/May/2022:10:56:14 +0800] "POST /xingrg/kc/buy/cgsh_list_operate.html HTTP/1.1" 200 876
114.83.218.142 - - [27/May/2022:10:56:21 +0800] "GET /xingrg/kc/buy/cgsh_order_add.html HTTP/1.1" 200 67616
114.83.218.142 - - [27/May/2022:10:56:22 +0800] "GET /xingrg/words/20220526150924_words.js HTTP/1.1" 304 -
114.83.218.142 - - [27/May/2022:10:56:22 +0800] "POST /xingrg/kc/buy/cgsh_order_operate.html HTTP/1.1" 200 8245
114.83.218.142 - - [27/May/2022:10:56:22 +0800] "GET /xingrg/all/common/auto_word.html?type=employee&rest_code=00149 HTTP/1.1" 200 197
114.83.218.142 - - [27/May/2022:10:56:22 +0800] "GET /xingrg/all/common/auto_word.html?type=employee&rest_code=00149 HTTP/1.1" 200 197
114.83.218.142 - - [27/May/2022:10:56:22 +0800] "GET /xingrg/javascript/easyui/themes/default/validatebox.css HTTP/1.1" 404 1104
58.39.61.91 - - [27/May/2022:10:56:22 +0800] "GET /xingrg/all/function/internal_message.html?_=1653620144281&CODE_STATE=getMsg HTTP/1.1" 200 27
114.83.218.142 - - [27/May/2022:10:56:25 +0800] "GET /xingrg/javascript/auto/indicator.gif HTTP/1.1" 404 1066
114.83.218.142 - - [27/May/2022:10:56:28 +0800] "GET /xingrg/javascript/jquery_tools/images/prev.gif HTTP/1.1" 404 1086
114.83.218.142 - - [27/May/2022:10:56:28 +0800] "GET /xingrg/javascript/jquery_tools/images/next.gif HTTP/1.1" 404 1086
180.156.212.250 - - [27/May/2022:10:56:30 +0800] "GET /xingrg/all/function/internal_message.html?_=1653620255736&CODE_STATE=getMsg HTTP/1.1" 200 27
218.81.223.53 - - [27/May/2022:10:56:38 +0800] "GET /xingrg/check_reg.html?_=1653620213332 HTTP/1.1" 200 22
114.83.218.142 - - [27/May/2022:10:56:39 +0800] "GET /xingrg/kc/buy/cgsh_order_operate.html?command=get_materiel&rest_code=00149&code=00101008300&supplier_code=00100151&order_time=2022-05-27 HTTP/1.1" 200 434
116.235.92.88 - - [27/May/2022:10:56:43 +0800] "GET /xingrg/all/function/internal_message.html?_=1653620376240&CODE_STATE=getMsg HTTP/1.1" 200 27
116.235.92.88 - - [27/May/2022:10:56:43 +0800] "GET /xingrg/check_reg.html?_=1653620376241 HTTP/1.1" 200 22
180.175.103.167 - - [27/May/2022:10:56:44 +0800] "GET /xingrg/all/function/internal_message.html?_=1653620203783&CODE_STATE=getMsg HTTP/1.1" 200 27
117.143.51.123 - - [27/May/2022:10:56:52 +0800] "GET /xingrg/all/function/internal_message.html?_=1653620207908&CODE_STATE=getMsg HTTP/1.1" 200 27
114.83.218.142 - - [27/May/2022:10:56:55 +0800] "GET /xingrg/kc/buy/cgsh_order_operate.html?command=get_materiel&rest_code=00149&code=00101008126&supplier_code=00100151&order_time=2022-05-27 HTTP/1.1" 200 412
218.81.223.53 - - [27/May/2022:10:57:03 +0800] "GET /xingrg/all/function/internal_message.html?_=1653620238057&CODE_STATE=getMsg HTTP/1.1" 200 27
180.175.103.167 - - [27/May/2022:10:57:06 +0800] "GET /xingrg/all/function/internal_message.html?_=1653620145341&CODE_STATE=getMsg HTTP/1.1" 200 27
116.230.110.173 - - [27/May/2022:10:57:06 +0800] "GET /xingrg/all/function/internal_message.html?_=1653620210168&CODE_STATE=getMsg HTTP/1.1" 200 27
120.253.135.82 - - [27/May/2022:10:57:07 +0800] "GET /xingrg/all/function/internal_message.html?_=1653620033727&CODE_STATE=getMsg HTTP/1.1" 200 27
114.83.218.142 - - [27/May/2022:10:57:08 +0800] "GET /xingrg/all/function/internal_message.html?_=1653620221662&CODE_STATE=getMsg HTTP/1.1" 200 27
58.39.61.91 - - [27/May/2022:10:57:11 +0800] "GET /xingrg/all/function/internal_message.html?_=1653620227707&CODE_STATE=getMsg HTTP/1.1" 200 27
114.83.218.142 - - [27/May/2022:10:57:13 +0800] "GET /xingrg/kc/buy/cgsh_order_operate.html?command=get_materiel&rest_code=00149&code=00101009053&supplier_code=00100151&order_time=2022-05-27 HTTP/1.1" 200 408
58.39.61.91 - - [27/May/2022:10:57:22 +0800] "GET /xingrg/all/function/internal_message.html?_=1653620204334&CODE_STATE=getMsg HTTP/1.1" 200 27
114.83.218.142 - - [27/May/2022:10:57:27 +0800] "GET /xingrg/kc/buy/cgsh_order_operate.html?command=get_materiel&rest_code=00149&code=00101008350&supplier_code=00100151&order_time=2022-05-27 HTTP/1.1" 200 430
180.156.212.250 - - [27/May/2022:10:57:30 +0800] "GET /xingrg/all/function/internal_message.html?_=1653620315748&CODE_STATE=getMsg HTTP/1.1" 200 27
114.83.218.142 - - [27/May/2022:10:57:42 +0800] "GET /xingrg/kc/buy/cgsh_order_operate.html?command=get_materiel&rest_code=00149&code=00101008331&supplier_code=00100151&order_time=2022-05-27 HTTP/1.1" 200 416
116.235.92.88 - - [27/May/2022:10:57:43 +0800] "GET /xingrg/all/function/internal_message.html?_=1653620436238&CODE_STATE=getMsg HTTP/1.1" 200 27
180.175.103.167 - - [27/May/2022:10:57:44 +0800] "GET /xingrg/all/function/internal_message.html?_=1653620263769&CODE_STATE=getMsg HTTP/1.1" 200 27
117.143.51.123 - - [27/May/2022:10:57:52 +0800] "GET /xingrg/check_reg.html?_=1653620267921 HTTP/1.1" 200 22
117.143.51.123 - - [27/May/2022:10:57:52 +0800] "GET /xingrg/all/function/internal_message.html?_=1653620267914&CODE_STATE=getMsg HTTP/1.1" 200 27
114.83.218.142 - - [27/May/2022:10:57:55 +0800] "GET /xingrg/kc/buy/cgsh_order_operate.html?command=get_materiel&rest_code=00149&code=00101008270&supplier_code=00100151&order_time=2022-05-27 HTTP/1.1" 200 431
218.81.223.53 - - [27/May/2022:10:58:03 +0800] "GET /xingrg/all/function/internal_message.html?_=1653620298069&CODE_STATE=getMsg HTTP/1.1" 200 27
180.175.103.167 - - [27/May/2022:10:58:06 +0800] "GET /xingrg/all/function/internal_message.html?_=1653620205327&CODE_STATE=getMsg HTTP/1.1" 200 27
116.230.110.173 - - [27/May/2022:10:58:06 +0800] "GET /xingrg/all/function/internal_message.html?_=1653620270173&CODE_STATE=getMsg HTTP/1.1" 200 27
114.83.218.142 - - [27/May/2022:10:58:06 +0800] "GET /xingrg/kc/buy/cgsh_order_operate.html?command=get_materiel&rest_code=00149&code=00101006056&supplier_code=00100151&order_time=2022-05-27 HTTP/1.1" 200 413
120.253.135.82 - - [27/May/2022:10:58:07 +0800] "GET /xingrg/all/function/internal_message.html?_=1653620093736&CODE_STATE=getMsg HTTP/1.1" 200 27
114.83.218.142 - - [27/May/2022:10:58:08 +0800] "GET /xingrg/all/function/internal_message.html?_=1653620281669&CODE_STATE=getMsg HTTP/1.1" 200 27
58.39.61.91 - - [27/May/2022:10:58:11 +0800] "GET /xingrg/all/function/internal_message.html?_=1653620287727&CODE_STATE=getMsg HTTP/1.1" 200 27
58.39.61.91 - - [27/May/2022:10:58:11 +0800] "GET /xingrg/check_reg.html?_=1653620287731 HTTP/1.1" 200 22
114.83.218.142 - - [27/May/2022:10:58:20 +0800] "GET /xingrg/kc/buy/cgsh_order_operate.html?command=get_materiel&rest_code=00149&code=00101008100&supplier_code=00100151&order_time=2022-05-27 HTTP/1.1" 200 408
120.253.135.82 - - [27/May/2022:10:58:22 +0800] "GET /xingrg/javascript/easyui/themes/sunny/images/ui-bg_gloss-wave_60_fece2f_500x100.png HTTP/1.1" 304 -
58.39.61.91 - - [27/May/2022:10:58:22 +0800] "GET /xingrg/all/function/internal_message.html?_=1653620264339&CODE_STATE=getMsg HTTP/1.1" 200 27
58.40.7.146 - - [27/May/2022:10:58:23 +0800] "POST /xingrg/services/DataTransmitService HTTP/1.1" 200 524
120.253.135.82 - - [27/May/2022:10:58:24 +0800] "GET /xingrg/kc/pszx/mdps_order_list.html?orderType=0 HTTP/1.1" 200 20966
120.253.135.82 - - [27/May/2022:10:58:24 +0800] "POST /xingrg/kc/pszx/mdps_list_operate.html HTTP/1.1" 200 5206
180.156.212.250 - - [27/May/2022:10:58:29 +0800] "GET /xingrg/check_reg.html?_=1653620374086 HTTP/1.1" 200 22
180.156.212.250 - - [27/May/2022:10:58:30 +0800] "GET /xingrg/all/function/internal_message.html?_=1653620375760&CODE_STATE=getMsg HTTP/1.1" 200 27
58.40.7.146 - - [27/May/2022:10:58:30 +0800] "POST /xingrg/services/DataTransmitService HTTP/1.1" 200 524
120.253.135.82 - - [27/May/2022:10:58:30 +0800] "POST /xingrg/kc/pszx/mdps_list_operate.html HTTP/1.1" 200 2092
120.253.135.82 - - [27/May/2022:10:58:32 +0800] "POST /xingrg/kc/pszx/mdps_list_operate.html HTTP/1.1" 200 575
120.253.135.82 - - [27/May/2022:10:58:35 +0800] "GET /xingrg/kc/pszx/mdps_order_info.html?code=312022052700815 HTTP/1.1" 200 23989
120.253.135.82 - - [27/May/2022:10:58:36 +0800] "GET /xingrg/javascript/easyui/themes/default/validatebox.css HTTP/1.1" 404 1104
120.253.135.82 - - [27/May/2022:10:58:36 +0800] "POST /xingrg/kc/pszx/mdps_order_operate.html HTTP/1.1" 200 5183
120.253.135.82 - - [27/May/2022:10:58:39 +0800] "GET /xingrg/check_reg.html?_=1653620125221 HTTP/1.1" 200 22
116.235.92.88 - - [27/May/2022:10:58:43 +0800] "GET /xingrg/all/function/internal_message.html?_=1653620496236&CODE_STATE=getMsg HTTP/1.1" 200 27
180.175.103.167 - - [27/May/2022:10:58:44 +0800] "GET /xingrg/all/function/internal_message.html?_=1653620323768&CODE_STATE=getMsg HTTP/1.1" 200 27
117.143.51.123 - - [27/May/2022:10:58:52 +0800] "GET /xingrg/all/function/internal_message.html?_=1653620327926&CODE_STATE=getMsg HTTP/1.1" 200 27
180.175.103.167 - - [27/May/2022:10:58:52 +0800] "GET /xingrg/check_reg.html?_=1653620252037 HTTP/1.1" 200 22
218.81.223.53 - - [27/May/2022:10:59:03 +0800] "GET /xingrg/all/function/internal_message.html?_=1653620358337&CODE_STATE=getMsg HTTP/1.1" 200 27
180.175.103.167 - - [27/May/2022:10:59:06 +0800] "GET /xingrg/all/function/internal_message.html?_=1653620265301&CODE_STATE=getMsg HTTP/1.1" 200 27
116.230.110.173 - - [27/May/2022:10:59:06 +0800] "GET /xingrg/all/function/internal_message.html?_=1653620330164&CODE_STATE=getMsg HTTP/1.1" 200 27
120.253.135.82 - - [27/May/2022:10:59:07 +0800] "GET /xingrg/all/function/internal_message.html?_=1653620153975&CODE_STATE=getMsg HTTP/1.1" 200 27
114.83.218.142 - - [27/May/2022:10:59:08 +0800] "GET /xingrg/all/function/internal_message.html?_=1653620341674&CODE_STATE=getMsg HTTP/1.1" 200 27
58.39.61.91 - - [27/May/2022:10:59:11 +0800] "GET /xingrg/all/function/internal_message.html?_=1653620347724&CODE_STATE=getMsg HTTP/1.1" 200 27
58.39.61.91 - - [27/May/2022:10:59:22 +0800] "GET /xingrg/all/function/internal_message.html?_=1653620324401&CODE_STATE=getMsg HTTP/1.1" 200 27
58.39.61.91 - - [27/May/2022:10:59:23 +0800] "GET /xingrg/check_reg.html?_=1653620324617 HTTP/1.1" 200 22
180.156.212.250 - - [27/May/2022:10:59:30 +0800] "GET /xingrg/all/function/internal_message.html?_=1653620435775&CODE_STATE=getMsg HTTP/1.1" 200 27
120.253.135.82 - - [27/May/2022:10:59:30 +0800] "GET /xingrg/kc/pszx/mdps_order_operate.html?command=get_materiel&pszx_code=00101&rest_code=00104&base_code=0010851&code=00101008221 HTTP/1.1" 200 420
116.235.92.88 - - [27/May/2022:10:59:43 +0800] "GET /xingrg/all/function/internal_message.html?_=1653620556234&CODE_STATE=getMsg HTTP/1.1" 200 27
120.253.135.82 - - [27/May/2022:10:59:43 +0800] "POST /xingrg/kc/pszx/mdps_order_operate.html HTTP/1.1" 200 37
180.175.103.167 - - [27/May/2022:10:59:44 +0800] "GET /xingrg/all/function/internal_message.html?_=1653620383770&CODE_STATE=getMsg HTTP/1.1" 200 27
120.253.135.82 - - [27/May/2022:10:59:44 +0800] "GET /xingrg/kc/pszx/mdps_order_info.html?code=312022052700815 HTTP/1.1" 200 23989
120.253.135.82 - - [27/May/2022:10:59:45 +0800] "POST /xingrg/kc/pszx/mdps_order_operate.html HTTP/1.1" 200 5188
120.253.135.82 - - [27/May/2022:10:59:45 +0800] "GET /xingrg/javascript/easyui/themes/default/validatebox.css HTTP/1.1" 404 1104
117.143.51.123 - - [27/May/2022:10:59:52 +0800] "GET /xingrg/all/function/internal_message.html?_=1653620387927&CODE_STATE=getMsg HTTP/1.1" 200 27
218.81.223.53 - - [27/May/2022:11:00:03 +0800] "GET /xingrg/all/function/internal_message.html?_=1653620418346&CODE_STATE=getMsg HTTP/1.1" 200 27
180.175.103.167 - - [27/May/2022:11:00:06 +0800] "GET /xingrg/all/function/internal_message.html?_=1653620325285&CODE_STATE=getMsg HTTP/1.1" 200 27
116.230.110.173 - - [27/May/2022:11:00:06 +0800] "GET /xingrg/all/function/internal_message.html?_=1653620390172&CODE_STATE=getMsg HTTP/1.1" 200 27
116.230.110.173 - - [27/May/2022:11:00:06 +0800] "GET /xingrg/check_reg.html?_=1653620390174 HTTP/1.1" 200 22
120.253.135.82 - - [27/May/2022:11:00:08 +0800] "GET /xingrg/all/function/internal_message.html?_=1653620213981&CODE_STATE=getMsg HTTP/1.1" 200 27
114.83.218.142 - - [27/May/2022:11:00:08 +0800] "GET /xingrg/all/function/internal_message.html?_=1653620401664&CODE_STATE=getMsg HTTP/1.1" 200 27
58.39.61.91 - - [27/May/2022:11:00:11 +0800] "GET /xingrg/all/function/internal_message.html?_=1653620407721&CODE_STATE=getMsg HTTP/1.1" 200 27
58.39.61.91 - - [27/May/2022:11:00:22 +0800] "GET /xingrg/all/function/internal_message.html?_=1653620384412&CODE_STATE=getMsg HTTP/1.1" 200 27
180.156.212.250 - - [27/May/2022:11:00:30 +0800] "GET /xingrg/all/function/internal_message.html?_=1653620495788&CODE_STATE=getMsg HTTP/1.1" 200 27
116.235.92.88 - - [27/May/2022:11:00:43 +0800] "GET /xingrg/all/function/internal_message.html?_=1653620616232&CODE_STATE=getMsg HTTP/1.1" 200 27
180.175.103.167 - - [27/May/2022:11:00:44 +0800] "GET /xingrg/all/function/internal_message.html?_=1653620443797&CODE_STATE=getMsg HTTP/1.1" 200 27
180.175.103.167 - - [27/May/2022:11:00:44 +0800] "GET /xingrg/check_reg.html?_=1653620443801 HTTP/1.1" 200 22
117.143.51.123 - - [27/May/2022:11:00:52 +0800] "GET /xingrg/all/function/internal_message.html?_=1653620447919&CODE_STATE=getMsg HTTP/1.1" 200 27
218.81.223.53 - - [27/May/2022:11:01:04 +0800] "GET /xingrg/all/function/internal_message.html?_=1653620478593&CODE_STATE=getMsg HTTP/1.1" 200 27
180.175.103.167 - - [27/May/2022:11:01:06 +0800] "GET /xingrg/all/function/internal_message.html?_=1653620385271&CODE_STATE=getMsg HTTP/1.1" 200 27
116.230.110.173 - - [27/May/2022:11:01:06 +0800] "GET /xingrg/all/function/internal_message.html?_=1653620450161&CODE_STATE=getMsg HTTP/1.1" 200 27
120.253.135.82 - - [27/May/2022:11:01:08 +0800] "GET /xingrg/all/function/internal_message.html?_=1653620273996&CODE_STATE=getMsg HTTP/1.1" 200 27
114.83.218.142 - - [27/May/2022:11:01:08 +0800] "GET /xingrg/check_reg.html?_=1653620461670 HTTP/1.1" 200 22
114.83.218.142 - - [27/May/2022:11:01:08 +0800] "GET /xingrg/all/function/internal_message.html?_=1653620461677&CODE_STATE=getMsg HTTP/1.1" 200 27
58.39.61.91 - - [27/May/2022:11:01:11 +0800] "GET /xingrg/all/function/internal_message.html?_=1653620467723&CODE_STATE=getMsg HTTP/1.1" 200 27
58.39.61.91 - - [27/May/2022:11:01:22 +0800] "GET /xingrg/all/function/internal_message.html?_=1653620444426&CODE_STATE=getMsg HTTP/1.1" 200 27
180.156.212.250 - - [27/May/2022:11:01:30 +0800] "GET /xingrg/all/function/internal_message.html?_=1653620555982&CODE_STATE=getMsg HTTP/1.1" 200 27
218.81.223.53 - - [27/May/2022:11:01:38 +0800] "GET /xingrg/check_reg.html?_=1653620513337 HTTP/1.1" 200 22
116.235.92.88 - - [27/May/2022:11:01:43 +0800] "GET /xingrg/all/function/internal_message.html?_=1653620676231&CODE_STATE=getMsg HTTP/1.1" 200 27
116.235.92.88 - - [27/May/2022:11:01:43 +0800] "GET /xingrg/check_reg.html?_=1653620676232 HTTP/1.1" 200 22
114.83.218.142 - - [27/May/2022:11:01:43 +0800] "GET /xingrg/kc/buy/cgsh_order_operate.html?command=get_materiel&rest_code=00149&code=00101008323&supplier_code=00100151&order_time=2022-05-27 HTTP/1.1" 200 408
180.175.103.167 - - [27/May/2022:11:01:44 +0800] "GET /xingrg/all/function/internal_message.html?_=1653620503800&CODE_STATE=getMsg HTTP/1.1" 200 27
117.143.51.123 - - [27/May/2022:11:01:52 +0800] "GET /xingrg/all/function/internal_message.html?_=1653620507920&CODE_STATE=getMsg HTTP/1.1" 200 27
114.83.218.142 - - [27/May/2022:11:01:58 +0800] "GET /xingrg/kc/buy/cgsh_order_operate.html?command=get_materiel&rest_code=00149&code=00101008366&supplier_code=00100151&order_time=2022-05-27 HTTP/1.1" 200 408
218.81.223.53 - - [27/May/2022:11:02:04 +0800] "GET /xingrg/all/function/internal_message.html?_=1653620538608&CODE_STATE=getMsg HTTP/1.1" 200 27
180.175.103.167 - - [27/May/2022:11:02:06 +0800] "GET /xingrg/all/function/internal_message.html?_=1653620445241&CODE_STATE=getMsg HTTP/1.1" 200 27
116.230.110.173 - - [27/May/2022:11:02:06 +0800] "GET /xingrg/all/function/internal_message.html?_=1653620510172&CODE_STATE=getMsg HTTP/1.1" 200 27
114.83.218.142 - - [27/May/2022:11:02:08 +0800] "GET /xingrg/all/function/internal_message.html?_=1653620521680&CODE_STATE=getMsg HTTP/1.1" 200 27
120.253.135.82 - - [27/May/2022:11:02:08 +0800] "GET /xingrg/all/function/internal_message.html?_=1653620334270&CODE_STATE=getMsg HTTP/1.1" 200 27
58.39.61.91 - - [27/May/2022:11:02:11 +0800] "GET /xingrg/all/function/internal_message.html?_=1653620527730&CODE_STATE=getMsg HTTP/1.1" 200 27
58.39.61.91 - - [27/May/2022:11:02:22 +0800] "GET /xingrg/all/function/internal_message.html?_=1653620504477&CODE_STATE=getMsg HTTP/1.1" 200 27
180.156.212.250 - - [27/May/2022:11:02:30 +0800] "GET /xingrg/all/function/internal_message.html?_=1653620615988&CODE_STATE=getMsg HTTP/1.1" 200 27
58.39.61.91 - - [27/May/2022:11:02:34 +0800] "GET /xingrg/kc/buy/cgsh_order_list.html HTTP/1.1" 200 51752
58.39.61.91 - - [27/May/2022:11:02:35 +0800] "POST /xingrg/kc/buy/cgsh_list_operate.html HTTP/1.1" 200 876
116.235.92.88 - - [27/May/2022:11:02:43 +0800] "GET /xingrg/all/function/internal_message.html?_=1653620736237&CODE_STATE=getMsg HTTP/1.1" 200 27
180.175.103.167 - - [27/May/2022:11:02:44 +0800] "GET /xingrg/all/function/internal_message.html?_=1653620563801&CODE_STATE=getMsg HTTP/1.1" 200 27
58.39.61.91 - - [27/May/2022:11:02:51 +0800] "GET /xingrg/kc/buy/cgsh_order_add.html HTTP/1.1" 200 67446
58.39.61.91 - - [27/May/2022:11:02:52 +0800] "GET /xingrg/words/20220526150924_words.js HTTP/1.1" 304 -
58.39.61.91 - - [27/May/2022:11:02:52 +0800] "POST /xingrg/kc/buy/cgsh_order_operate.html HTTP/1.1" 200 8245
