58.35.196.179 - - [27/May/2022:12:06:03 +0800] "GET /xingrg/kc/buy/cgsh_order_add.html HTTP/1.1" 200 67569
58.35.196.179 - - [27/May/2022:12:06:03 +0800] "POST /xingrg/kc/buy/cgsh_order_operate.html HTTP/1.1" 200 8245
58.35.196.179 - - [27/May/2022:12:06:03 +0800] "GET /xingrg/javascript/easyui/themes/default/validatebox.css HTTP/1.1" 404 1104
180.175.103.167 - - [27/May/2022:12:06:04 +0800] "GET /xingrg/all/function/internal_message.html?_=1653624283961&CODE_STATE=getMsg HTTP/1.1" 200 27
116.230.110.173 - - [27/May/2022:12:06:06 +0800] "GET /xingrg/all/function/internal_message.html?_=1653624350163&CODE_STATE=getMsg HTTP/1.1" 200 27
114.83.218.142 - - [27/May/2022:12:06:08 +0800] "GET /xingrg/all/function/internal_message.html?_=1653624361911&CODE_STATE=getMsg HTTP/1.1" 200 27
218.81.223.53 - - [27/May/2022:12:06:10 +0800] "POST /xingrg/all/common/load_combo.html?type=employee HTTP/1.1" 200 186
114.83.218.142 - - [27/May/2022:12:06:11 +0800] "GET /xingrg/check_reg.html?_=1653624361913 HTTP/1.1" 200 22
218.81.223.53 - - [27/May/2022:12:06:11 +0800] "GET /xingrg/all/function/internal_message.html?_=1653624386013&CODE_STATE=getMsg HTTP/1.1" 200 27
124.78.156.37 - - [27/May/2022:12:06:15 +0800] "GET /xingrg/all/function/internal_message.html?_=1653624373672&CODE_STATE=getMsg HTTP/1.1" 200 27
120.253.135.82 - - [27/May/2022:12:06:15 +0800] "GET /xingrg/all/function/internal_message.html?_=1653624181252&CODE_STATE=getMsg HTTP/1.1" 200 27
218.81.223.53 - - [27/May/2022:12:06:17 +0800] "POST /xingrg/kc/mdqp/pssh_order_operate.html HTTP/1.1" 200 37
218.81.223.53 - - [27/May/2022:12:06:17 +0800] "POST /xingrg/kc/mdqp/pssh_order_operate.html HTTP/1.1" 200 12
218.81.223.53 - - [27/May/2022:12:06:20 +0800] "GET /xingrg/kc/mdqp/pssh_order_info.html?code=312022052600726 HTTP/1.1" 200 14392
218.81.223.53 - - [27/May/2022:12:06:20 +0800] "GET /xingrg/javascript/jquery_tools/jquery-1.4.2.min.js HTTP/1.1" 404 1094
218.81.223.53 - - [27/May/2022:12:06:20 +0800] "POST /xingrg/kc/mdqp/pssh_order_operate.html HTTP/1.1" 200 2146
218.81.223.53 - - [27/May/2022:12:06:20 +0800] "GET /xingrg/javascript/easyui/themes/default/validatebox.css HTTP/1.1" 404 1104
58.39.61.91 - - [27/May/2022:12:06:24 +0800] "GET /xingrg/all/function/internal_message.html?_=1653624345927&CODE_STATE=getMsg HTTP/1.1" 200 27
218.81.223.53 - - [27/May/2022:12:06:24 +0800] "GET /xingrg/kc/print/load_config.html?kc_code=pssh HTTP/1.1" 200 2291
218.81.223.53 - - [27/May/2022:12:06:24 +0800] "GET /xingrg/kc/print/load_data.html?order_code=312022052600726&kc_code=pssh&condition= HTTP/1.1" 200 1249
58.35.196.179 - - [27/May/2022:12:06:35 +0800] "GET /xingrg/all/function/internal_message.html?_=1653624391314&CODE_STATE=getMsg HTTP/1.1" 200 27
218.81.223.53 - - [27/May/2022:12:06:39 +0800] "GET /xingrg/check_reg.html?_=1653624414095 HTTP/1.1" 200 22
180.156.212.250 - - [27/May/2022:12:06:41 +0800] "GET /xingrg/all/function/internal_message.html?_=1653624466778&CODE_STATE=getMsg HTTP/1.1" 200 27
116.235.92.88 - - [27/May/2022:12:06:43 +0800] "GET /xingrg/check_reg.html?_=1653624576344 HTTP/1.1" 200 22
116.235.92.88 - - [27/May/2022:12:06:43 +0800] "GET /xingrg/all/function/internal_message.html?_=1653624576345&CODE_STATE=getMsg HTTP/1.1" 200 27
180.175.103.167 - - [27/May/2022:12:06:44 +0800] "GET /xingrg/all/function/internal_message.html?_=1653624403890&CODE_STATE=getMsg HTTP/1.1" 200 27
180.175.103.167 - - [27/May/2022:12:07:04 +0800] "GET /xingrg/all/function/internal_message.html?_=1653624343944&CODE_STATE=getMsg HTTP/1.1" 200 27
116.230.110.173 - - [27/May/2022:12:07:06 +0800] "GET /xingrg/all/function/internal_message.html?_=1653624410174&CODE_STATE=getMsg HTTP/1.1" 200 27
114.83.218.142 - - [27/May/2022:12:07:08 +0800] "GET /xingrg/all/function/internal_message.html?_=1653624421910&CODE_STATE=getMsg HTTP/1.1" 200 27
218.81.223.53 - - [27/May/2022:12:07:11 +0800] "GET /xingrg/all/function/internal_message.html?_=1653624446026&CODE_STATE=getMsg HTTP/1.1" 200 27
124.78.156.37 - - [27/May/2022:12:07:15 +0800] "GET /xingrg/all/function/internal_message.html?_=1653624433674&CODE_STATE=getMsg HTTP/1.1" 200 27
120.253.135.82 - - [27/May/2022:12:07:15 +0800] "GET /xingrg/all/function/internal_message.html?_=1653624241256&CODE_STATE=getMsg HTTP/1.1" 200 27
58.39.61.91 - - [27/May/2022:12:07:24 +0800] "GET /xingrg/all/function/internal_message.html?_=1653624406002&CODE_STATE=getMsg HTTP/1.1" 200 27
180.175.103.167 - - [27/May/2022:12:07:28 +0800] "GET /xingrg/kc/buy/cgsh_order_operate.html?command=get_materiel&rest_code=00105&code=00101010760&supplier_code=00100327&order_time=2022-05-27 HTTP/1.1" 200 466
58.35.196.179 - - [27/May/2022:12:07:35 +0800] "GET /xingrg/check_reg.html?_=1653624451318 HTTP/1.1" 200 22
58.35.196.179 - - [27/May/2022:12:07:35 +0800] "GET /xingrg/all/function/internal_message.html?_=1653624451320&CODE_STATE=getMsg HTTP/1.1" 200 27
180.156.212.250 - - [27/May/2022:12:07:42 +0800] "GET /xingrg/all/function/internal_message.html?_=1653624527239&CODE_STATE=getMsg HTTP/1.1" 200 27
116.235.92.88 - - [27/May/2022:12:07:43 +0800] "GET /xingrg/all/function/internal_message.html?_=1653624636342&CODE_STATE=getMsg HTTP/1.1" 200 27
180.175.103.167 - - [27/May/2022:12:07:44 +0800] "GET /xingrg/all/function/internal_message.html?_=1653624463891&CODE_STATE=getMsg HTTP/1.1" 200 27
180.175.103.167 - - [27/May/2022:12:08:04 +0800] "GET /xingrg/all/function/internal_message.html?_=1653624403927&CODE_STATE=getMsg HTTP/1.1" 200 27
116.230.110.173 - - [27/May/2022:12:08:06 +0800] "GET /xingrg/all/function/internal_message.html?_=1653624470163&CODE_STATE=getMsg HTTP/1.1" 200 27
180.175.103.167 - - [27/May/2022:12:08:07 +0800] "GET /xingrg/kc/buy/cgsh_order_operate.html?command=get_materiel&rest_code=00105&code=00101006315&supplier_code=00100327&order_time=2022-05-27 HTTP/1.1" 200 393
114.83.218.142 - - [27/May/2022:12:08:08 +0800] "GET /xingrg/all/function/internal_message.html?_=1653624481927&CODE_STATE=getMsg HTTP/1.1" 200 27
218.81.223.53 - - [27/May/2022:12:08:11 +0800] "GET /xingrg/all/function/internal_message.html?_=1653624506040&CODE_STATE=getMsg HTTP/1.1" 200 27
218.81.223.53 - - [27/May/2022:12:08:12 +0800] "POST /xingrg/kc/mdqp/pssh_list_operate.html HTTP/1.1" 200 1912
218.81.223.53 - - [27/May/2022:12:08:12 +0800] "POST /xingrg/kc/mdqp/pssh_list_operate.html HTTP/1.1" 200 1912
218.81.223.53 - - [27/May/2022:12:08:14 +0800] "GET /xingrg/kc/mdqp/pssh_order_list.html HTTP/1.1" 200 17778
218.81.223.53 - - [27/May/2022:12:08:14 +0800] "POST /xingrg/kc/mdqp/pssh_list_operate.html HTTP/1.1" 200 9013
124.78.156.37 - - [27/May/2022:12:08:15 +0800] "GET /xingrg/all/function/internal_message.html?_=1653624493676&CODE_STATE=getMsg HTTP/1.1" 200 27
120.253.135.82 - - [27/May/2022:12:08:15 +0800] "GET /xingrg/all/function/internal_message.html?_=1653624301553&CODE_STATE=getMsg HTTP/1.1" 200 27
218.81.223.53 - - [27/May/2022:12:08:18 +0800] "POST /xingrg/kc/mdqp/pssh_list_operate.html HTTP/1.1" 200 374
218.81.223.53 - - [27/May/2022:12:08:20 +0800] "GET /xingrg/kc/mdqp/pssh_order_info.html?code=312022052500676 HTTP/1.1" 200 17272
218.81.223.53 - - [27/May/2022:12:08:20 +0800] "GET /xingrg/javascript/jquery_tools/jquery-1.4.2.min.js HTTP/1.1" 404 1094
218.81.223.53 - - [27/May/2022:12:08:20 +0800] "POST /xingrg/kc/mdqp/pssh_order_operate.html HTTP/1.1" 200 1071
218.81.223.53 - - [27/May/2022:12:08:20 +0800] "GET /xingrg/javascript/easyui/themes/default/validatebox.css HTTP/1.1" 404 1104
58.39.61.91 - - [27/May/2022:12:08:24 +0800] "GET /xingrg/all/function/internal_message.html?_=1653624466008&CODE_STATE=getMsg HTTP/1.1" 200 27
180.156.212.250 - - [27/May/2022:12:08:29 +0800] "GET /xingrg/check_reg.html?_=1653624574923 HTTP/1.1" 200 22
58.35.196.179 - - [27/May/2022:12:08:35 +0800] "GET /xingrg/all/function/internal_message.html?_=1653624511315&CODE_STATE=getMsg HTTP/1.1" 200 27
180.175.103.167 - - [27/May/2022:12:08:35 +0800] "GET /xingrg/kc/buy/cgsh_order_operate.html?command=get_materiel&rest_code=00105&code=00101010245&supplier_code=00100327&order_time=2022-05-27 HTTP/1.1" 200 416
218.81.223.53 - - [27/May/2022:12:08:39 +0800] "POST /xingrg/all/common/load_combo.html?type=employee HTTP/1.1" 200 186
116.230.110.173 - - [27/May/2022:12:08:39 +0800] "POST /xingrg/services/DataTransmitService HTTP/1.1" 200 524
120.253.135.82 - - [27/May/2022:12:08:40 +0800] "GET /xingrg/check_reg.html?_=1653624326183 HTTP/1.1" 200 22
180.156.212.250 - - [27/May/2022:12:08:42 +0800] "GET /xingrg/all/function/internal_message.html?_=1653624587242&CODE_STATE=getMsg HTTP/1.1" 200 27
116.235.92.88 - - [27/May/2022:12:08:43 +0800] "GET /xingrg/all/function/internal_message.html?_=1653624696341&CODE_STATE=getMsg HTTP/1.1" 200 27
180.175.103.167 - - [27/May/2022:12:08:44 +0800] "GET /xingrg/all/function/internal_message.html?_=1653624523892&CODE_STATE=getMsg HTTP/1.1" 200 27
218.81.223.53 - - [27/May/2022:12:08:52 +0800] "POST /xingrg/kc/mdqp/pssh_order_operate.html HTTP/1.1" 200 37
218.81.223.53 - - [27/May/2022:12:08:52 +0800] "POST /xingrg/kc/mdqp/pssh_order_operate.html HTTP/1.1" 200 12
180.175.103.167 - - [27/May/2022:12:08:52 +0800] "GET /xingrg/check_reg.html?_=1653624452104 HTTP/1.1" 200 22
218.81.223.53 - - [27/May/2022:12:08:57 +0800] "GET /xingrg/kc/mdqp/pssh_order_info.html?code=312022052500676 HTTP/1.1" 200 14392
218.81.223.53 - - [27/May/2022:12:08:57 +0800] "GET /xingrg/javascript/jquery_tools/jquery-1.4.2.min.js HTTP/1.1" 404 1094
218.81.223.53 - - [27/May/2022:12:08:57 +0800] "POST /xingrg/kc/mdqp/pssh_order_operate.html HTTP/1.1" 200 1071
218.81.223.53 - - [27/May/2022:12:08:57 +0800] "GET /xingrg/javascript/easyui/themes/default/validatebox.css HTTP/1.1" 404 1104
218.81.223.53 - - [27/May/2022:12:09:01 +0800] "GET /xingrg/kc/print/load_data.html?order_code=312022052500676&kc_code=pssh&condition= HTTP/1.1" 200 881
180.175.103.167 - - [27/May/2022:12:09:04 +0800] "GET /xingrg/all/function/internal_message.html?_=1653624463908&CODE_STATE=getMsg HTTP/1.1" 200 27
116.230.110.173 - - [27/May/2022:12:09:06 +0800] "GET /xingrg/all/function/internal_message.html?_=1653624530180&CODE_STATE=getMsg HTTP/1.1" 200 27
114.83.218.142 - - [27/May/2022:12:09:08 +0800] "GET /xingrg/all/function/internal_message.html?_=1653624541931&CODE_STATE=getMsg HTTP/1.1" 200 27
180.175.103.167 - - [27/May/2022:12:09:09 +0800] "POST /xingrg/all/common/load_select.html HTTP/1.1" 200 12
218.81.223.53 - - [27/May/2022:12:09:11 +0800] "GET /xingrg/all/function/internal_message.html?_=1653624566054&CODE_STATE=getMsg HTTP/1.1" 200 27
180.175.103.167 - - [27/May/2022:12:09:14 +0800] "GET /xingrg/kc/buy/cgsh_order_operate.html?command=get_materiel_price&rest_code=00105&code=00101010245&unit_code=00100012&supplier_code=00100327&order_time=2022-05-27 HTTP/1.1" 200 27
124.78.156.37 - - [27/May/2022:12:09:15 +0800] "GET /xingrg/all/function/internal_message.html?_=1653624553702&CODE_STATE=getMsg HTTP/1.1" 200 27
124.78.156.37 - - [27/May/2022:12:09:15 +0800] "GET /xingrg/check_reg.html?_=1653624553706 HTTP/1.1" 200 22
120.253.135.82 - - [27/May/2022:12:09:15 +0800] "GET /xingrg/all/function/internal_message.html?_=1653624361564&CODE_STATE=getMsg HTTP/1.1" 200 27
58.39.61.91 - - [27/May/2022:12:09:23 +0800] "GET /xingrg/check_reg.html?_=1653624525272 HTTP/1.1" 200 22
58.39.61.91 - - [27/May/2022:12:09:24 +0800] "GET /xingrg/all/function/internal_message.html?_=1653624526031&CODE_STATE=getMsg HTTP/1.1" 200 27
58.39.61.91 - - [27/May/2022:12:09:31 +0800] "POST /xingrg/services/DataTransmitService HTTP/1.1" 200 524
58.35.196.179 - - [27/May/2022:12:09:33 +0800] "GET /xingrg/kc/buy/cgsh_order_operate.html?command=get_materiel&rest_code=00156&code=00101001013&supplier_code=00100313&order_time=2022-05-20 HTTP/1.1" 200 435
58.35.196.179 - - [27/May/2022:12:09:35 +0800] "GET /xingrg/all/function/internal_message.html?_=1653624571318&CODE_STATE=getMsg HTTP/1.1" 200 27
180.156.212.250 - - [27/May/2022:12:09:42 +0800] "GET /xingrg/all/function/internal_message.html?_=1653624647257&CODE_STATE=getMsg HTTP/1.1" 200 27
116.235.92.88 - - [27/May/2022:12:09:43 +0800] "GET /xingrg/all/function/internal_message.html?_=1653624756339&CODE_STATE=getMsg HTTP/1.1" 200 27
180.175.103.167 - - [27/May/2022:12:09:44 +0800] "GET /xingrg/all/function/internal_message.html?_=1653624583919&CODE_STATE=getMsg HTTP/1.1" 200 27
114.84.147.169 - - [27/May/2022:12:09:58 +0800] "POST /xingrg/services/DataTransmitService HTTP/1.1" 200 524
58.35.196.179 - - [27/May/2022:12:10:02 +0800] "GET /xingrg/kc/buy/cgsh_order_operate.html?command=get_materiel&rest_code=00156&code=00101001047&supplier_code=00100313&order_time=2022-05-20 HTTP/1.1" 200 421
180.175.103.167 - - [27/May/2022:12:10:04 +0800] "GET /xingrg/all/function/internal_message.html?_=1653624523884&CODE_STATE=getMsg HTTP/1.1" 200 27
116.230.110.173 - - [27/May/2022:12:10:06 +0800] "GET /xingrg/check_reg.html?_=1653624590178 HTTP/1.1" 200 22
116.230.110.173 - - [27/May/2022:12:10:06 +0800] "GET /xingrg/all/function/internal_message.html?_=1653624590179&CODE_STATE=getMsg HTTP/1.1" 200 27
114.83.218.142 - - [27/May/2022:12:10:08 +0800] "GET /xingrg/all/function/internal_message.html?_=1653624601936&CODE_STATE=getMsg HTTP/1.1" 200 27
218.81.223.53 - - [27/May/2022:12:10:09 +0800] "GET /xingrg/kc/mdqp/pssh_order_list.html HTTP/1.1" 200 17778
218.81.223.53 - - [27/May/2022:12:10:10 +0800] "POST /xingrg/kc/mdqp/pssh_list_operate.html HTTP/1.1" 200 9050
218.81.223.53 - - [27/May/2022:12:10:11 +0800] "GET /xingrg/all/function/internal_message.html?_=1653624626068&CODE_STATE=getMsg HTTP/1.1" 200 27
58.35.196.179 - - [27/May/2022:12:10:11 +0800] "GET /xingrg/kc/buy/cgsh_order_operate.html?command=get_materiel&rest_code=00156&code=00101003080&supplier_code=00100313&order_time=2022-05-20 HTTP/1.1" 200 428
124.78.156.37 - - [27/May/2022:12:10:15 +0800] "GET /xingrg/all/function/internal_message.html?_=1653624613706&CODE_STATE=getMsg HTTP/1.1" 200 27
120.253.135.82 - - [27/May/2022:12:10:15 +0800] "GET /xingrg/all/function/internal_message.html?_=1653624421578&CODE_STATE=getMsg HTTP/1.1" 200 27
58.35.196.179 - - [27/May/2022:12:10:23 +0800] "GET /xingrg/kc/buy/cgsh_order_operate.html?command=get_materiel&rest_code=00156&code=00101005009&supplier_code=00100313&order_time=2022-05-20 HTTP/1.1" 200 417
58.39.61.91 - - [27/May/2022:12:10:24 +0800] "GET /xingrg/all/function/internal_message.html?_=1653624586035&CODE_STATE=getMsg HTTP/1.1" 200 27
58.35.196.179 - - [27/May/2022:12:10:33 +0800] "GET /xingrg/kc/buy/cgsh_order_operate.html?command=get_materiel&rest_code=00156&code=00101008169&supplier_code=00100313&order_time=2022-05-20 HTTP/1.1" 200 414
58.35.196.179 - - [27/May/2022:12:10:35 +0800] "GET /xingrg/all/function/internal_message.html?_=1653624631311&CODE_STATE=getMsg HTTP/1.1" 200 27
180.156.212.250 - - [27/May/2022:12:10:42 +0800] "GET /xingrg/all/function/internal_message.html?_=1653624707730&CODE_STATE=getMsg HTTP/1.1" 200 27
116.235.92.88 - - [27/May/2022:12:10:43 +0800] "GET /xingrg/all/function/internal_message.html?_=1653624816338&CODE_STATE=getMsg HTTP/1.1" 200 27
180.175.103.167 - - [27/May/2022:12:10:44 +0800] "GET /xingrg/check_reg.html?_=1653624643919 HTTP/1.1" 200 22
180.175.103.167 - - [27/May/2022:12:10:44 +0800] "GET /xingrg/all/function/internal_message.html?_=1653624643923&CODE_STATE=getMsg HTTP/1.1" 200 27
58.35.196.179 - - [27/May/2022:12:10:53 +0800] "GET /xingrg/kc/buy/cgsh_order_operate.html?command=get_materiel&rest_code=00156&code=00101010033&supplier_code=00100313&order_time=2022-05-20 HTTP/1.1" 200 416
180.175.103.167 - - [27/May/2022:12:11:04 +0800] "GET /xingrg/all/function/internal_message.html?_=1653624583859&CODE_STATE=getMsg HTTP/1.1" 200 27
116.230.110.173 - - [27/May/2022:12:11:06 +0800] "GET /xingrg/all/function/internal_message.html?_=1653624650171&CODE_STATE=getMsg HTTP/1.1" 200 27
58.35.196.179 - - [27/May/2022:12:11:08 +0800] "GET /xingrg/kc/buy/cgsh_order_operate.html?command=get_materiel&rest_code=00156&code=00101020162&supplier_code=00100313&order_time=2022-05-20 HTTP/1.1" 200 428
114.83.218.142 - - [27/May/2022:12:11:08 +0800] "GET /xingrg/check_reg.html?_=1653624661936 HTTP/1.1" 200 22
114.83.218.142 - - [27/May/2022:12:11:08 +0800] "GET /xingrg/all/function/internal_message.html?_=1653624661939&CODE_STATE=getMsg HTTP/1.1" 200 27
218.81.223.53 - - [27/May/2022:12:11:11 +0800] "GET /xingrg/all/function/internal_message.html?_=1653624686081&CODE_STATE=getMsg HTTP/1.1" 200 27
218.81.223.53 - - [27/May/2022:12:11:11 +0800] "POST /xingrg/kc/mdqp/pssh_list_operate.html HTTP/1.1" 200 1912
58.35.196.179 - - [27/May/2022:12:11:15 +0800] "GET /xingrg/kc/buy/cgsh_order_operate.html?command=get_materiel&rest_code=00156&code=00101008115&supplier_code=00100313&order_time=2022-05-20 HTTP/1.1" 200 412
124.78.156.37 - - [27/May/2022:12:11:15 +0800] "GET /xingrg/all/function/internal_message.html?_=1653624673707&CODE_STATE=getMsg HTTP/1.1" 200 27
120.253.135.82 - - [27/May/2022:12:11:15 +0800] "GET /xingrg/all/function/internal_message.html?_=1653624481880&CODE_STATE=getMsg HTTP/1.1" 200 27
58.35.196.179 - - [27/May/2022:12:11:21 +0800] "GET /xingrg/kc/buy/cgsh_order_operate.html?command=get_materiel&rest_code=00156&code=00101008652&supplier_code=00100313&order_time=2022-05-20 HTTP/1.1" 200 420
58.39.61.91 - - [27/May/2022:12:11:24 +0800] "GET /xingrg/all/function/internal_message.html?_=1653624646048&CODE_STATE=getMsg HTTP/1.1" 200 27
218.81.223.53 - - [27/May/2022:12:11:26 +0800] "POST /xingrg/kc/mdqp/pssh_list_operate.html HTTP/1.1" 200 576
218.81.223.53 - - [27/May/2022:12:11:26 +0800] "GET /xingrg/kc/mdqp/pssh_order_info.html?code=312022052700812 HTTP/1.1" 200 17259
218.81.223.53 - - [27/May/2022:12:11:26 +0800] "GET /xingrg/javascript/jquery_tools/jquery-1.4.2.min.js HTTP/1.1" 404 1094
218.81.223.53 - - [27/May/2022:12:11:26 +0800] "POST /xingrg/kc/mdqp/pssh_order_operate.html HTTP/1.1" 200 2111
218.81.223.53 - - [27/May/2022:12:11:26 +0800] "GET /xingrg/javascript/easyui/themes/default/validatebox.css HTTP/1.1" 404 1104
58.35.196.179 - - [27/May/2022:12:11:27 +0800] "GET /xingrg/kc/buy/cgsh_order_operate.html?command=get_materiel&rest_code=00156&code=00101008560&supplier_code=00100313&order_time=2022-05-20 HTTP/1.1" 200 412
58.35.196.179 - - [27/May/2022:12:11:35 +0800] "GET /xingrg/all/function/internal_message.html?_=1653624691317&CODE_STATE=getMsg HTTP/1.1" 200 27
218.81.223.53 - - [27/May/2022:12:11:37 +0800] "GET /xingrg/kc/mdqp/pssh_order_list.html HTTP/1.1" 200 17778
218.81.223.53 - - [27/May/2022:12:11:38 +0800] "POST /xingrg/kc/mdqp/pssh_list_operate.html HTTP/1.1" 200 9050
218.81.223.53 - - [27/May/2022:12:11:39 +0800] "GET /xingrg/check_reg.html?_=1653624714104 HTTP/1.1" 200 22
218.81.223.53 - - [27/May/2022:12:11:40 +0800] "GET /xingrg/kc/mdqp/qqps_order_list.html HTTP/1.1" 200 9222
218.81.223.53 - - [27/May/2022:12:11:40 +0800] "GET /xingrg/javascript/ToolTips.js HTTP/1.1" 304 -
218.81.223.53 - - [27/May/2022:12:11:40 +0800] "GET /xingrg/css/blue.css HTTP/1.1" 304 -
218.81.223.53 - - [27/May/2022:12:11:40 +0800] "GET /xingrg/dwr/util.js HTTP/1.1" 304 -
218.81.223.53 - - [27/May/2022:12:11:40 +0800] "GET /xingrg/javascript/Calendar.js HTTP/1.1" 304 -
218.81.223.53 - - [27/May/2022:12:11:40 +0800] "GET /xingrg/javascript/jquery_easy_ui/themes/default/easyui.css HTTP/1.1" 304 -
218.81.223.53 - - [27/May/2022:12:11:40 +0800] "GET /xingrg/javascript/jquery_easy_ui/themes/icon.css HTTP/1.1" 304 -
218.81.223.53 - - [27/May/2022:12:11:40 +0800] "GET /xingrg/javascript/myfunction.js HTTP/1.1" 304 -
218.81.223.53 - - [27/May/2022:12:11:40 +0800] "GET /xingrg/dwr/interface/AjaxReportQueryService.js HTTP/1.1" 200 13203
218.81.223.53 - - [27/May/2022:12:11:40 +0800] "GET /xingrg/dwr/interface/AjaxQqpsService.js HTTP/1.1" 200 16326
218.81.223.53 - - [27/May/2022:12:11:40 +0800] "GET /xingrg/dwr/engine.js HTTP/1.1" 200 43631
218.81.223.53 - - [27/May/2022:12:11:41 +0800] "GET /xingrg/kc/mdqp/pssh_order_list.html HTTP/1.1" 200 17778
218.81.223.53 - - [27/May/2022:12:11:42 +0800] "POST /xingrg/kc/mdqp/pssh_list_operate.html HTTP/1.1" 200 9050
180.156.212.250 - - [27/May/2022:12:11:42 +0800] "GET /xingrg/all/function/internal_message.html?_=1653624767742&CODE_STATE=getMsg HTTP/1.1" 200 27
58.35.196.179 - - [27/May/2022:12:11:43 +0800] "GET /xingrg/kc/buy/cgsh_order_operate.html?command=get_materiel&rest_code=00156&code=00101008282&supplier_code=00100313&order_time=2022-05-20 HTTP/1.1" 200 414
116.235.92.88 - - [27/May/2022:12:11:43 +0800] "GET /xingrg/all/function/internal_message.html?_=1653624876340&CODE_STATE=getMsg HTTP/1.1" 200 27
116.235.92.88 - - [27/May/2022:12:11:43 +0800] "GET /xingrg/check_reg.html?_=1653624876341 HTTP/1.1" 200 22
180.175.103.167 - - [27/May/2022:12:11:44 +0800] "GET /xingrg/all/function/internal_message.html?_=1653624703923&CODE_STATE=getMsg HTTP/1.1" 200 27
218.81.223.53 - - [27/May/2022:12:11:55 +0800] "POST /xingrg/kc/mdqp/pssh_list_operate.html HTTP/1.1" 200 1912
218.81.223.53 - - [27/May/2022:12:12:02 +0800] "POST /xingrg/kc/mdqp/pssh_list_operate.html HTTP/1.1" 200 576
218.81.223.53 - - [27/May/2022:12:12:02 +0800] "GET /xingrg/javascript/jquery_tools/jquery-1.4.2.min.js HTTP/1.1" 404 1094
218.81.223.53 - - [27/May/2022:12:12:02 +0800] "GET /xingrg/kc/mdqp/pssh_order_info.html?code=312022052700812 HTTP/1.1" 200 17259
218.81.223.53 - - [27/May/2022:12:12:03 +0800] "GET /xingrg/javascript/easyui/themes/default/validatebox.css HTTP/1.1" 404 1104
218.81.223.53 - - [27/May/2022:12:12:03 +0800] "POST /xingrg/kc/mdqp/pssh_order_operate.html HTTP/1.1" 200 2111
180.175.103.167 - - [27/May/2022:12:12:04 +0800] "GET /xingrg/all/function/internal_message.html?_=1653624643835&CODE_STATE=getMsg HTTP/1.1" 200 27
116.230.110.173 - - [27/May/2022:12:12:06 +0800] "GET /xingrg/all/function/internal_message.html?_=1653624710186&CODE_STATE=getMsg HTTP/1.1" 200 27
114.83.218.142 - - [27/May/2022:12:12:08 +0800] "GET /xingrg/all/function/internal_message.html?_=1653624721934&CODE_STATE=getMsg HTTP/1.1" 200 27
180.175.103.167 - - [27/May/2022:12:12:10 +0800] "GET /xingrg/kc/buy/cgsh_order_operate.html?command=get_materiel&rest_code=00105&code=00101006105&supplier_code=00100327&order_time=2022-05-27 HTTP/1.1" 200 408
218.81.223.53 - - [27/May/2022:12:12:11 +0800] "GET /xingrg/all/function/internal_message.html?_=1653624746094&CODE_STATE=getMsg HTTP/1.1" 200 27
218.81.223.53 - - [27/May/2022:12:12:14 +0800] "POST /xingrg/kc/mdqp/pssh_list_operate.html HTTP/1.1" 200 1912
124.78.156.37 - - [27/May/2022:12:12:15 +0800] "GET /xingrg/all/function/internal_message.html?_=1653624733707&CODE_STATE=getMsg HTTP/1.1" 200 27
120.253.135.82 - - [27/May/2022:12:12:15 +0800] "GET /xingrg/all/function/internal_message.html?_=1653624541885&CODE_STATE=getMsg HTTP/1.1" 200 27
58.39.61.91 - - [27/May/2022:12:12:24 +0800] "GET /xingrg/all/function/internal_message.html?_=1653624706104&CODE_STATE=getMsg HTTP/1.1" 200 27
58.35.196.179 - - [27/May/2022:12:12:35 +0800] "GET /xingrg/all/function/internal_message.html?_=1653624751318&CODE_STATE=getMsg HTTP/1.1" 200 27
58.35.196.179 - - [27/May/2022:12:12:35 +0800] "GET /xingrg/check_reg.html?_=1653624751320 HTTP/1.1" 200 22
180.156.212.250 - - [27/May/2022:12:12:43 +0800] "GET /xingrg/all/function/internal_message.html?_=1653624828180&CODE_STATE=getMsg HTTP/1.1" 200 27
116.235.92.88 - - [27/May/2022:12:12:43 +0800] "GET /xingrg/all/function/internal_message.html?_=1653624936339&CODE_STATE=getMsg HTTP/1.1" 200 27
218.81.223.53 - - [27/May/2022:12:12:43 +0800] "GET /xingrg/kc/buy/cgsh_order_list.html HTTP/1.1" 200 51752
180.175.103.167 - - [27/May/2022:12:12:44 +0800] "GET /xingrg/all/function/internal_message.html?_=1653624763923&CODE_STATE=getMsg HTTP/1.1" 200 27
218.81.223.53 - - [27/May/2022:12:12:44 +0800] "POST /xingrg/kc/buy/cgsh_list_operate.html HTTP/1.1" 200 876
218.81.223.53 - - [27/May/2022:12:12:46 +0800] "GET /xingrg/kc/buy/cgsh_order_add.html HTTP/1.1" 200 67528
218.81.223.53 - - [27/May/2022:12:12:46 +0800] "GET /xingrg/javascript/easyui/themes/default/validatebox.css HTTP/1.1" 404 1104
218.81.223.53 - - [27/May/2022:12:12:46 +0800] "POST /xingrg/kc/buy/cgsh_order_operate.html HTTP/1.1" 200 8245
58.35.196.179 - - [27/May/2022:12:13:03 +0800] "GET /xingrg/kc/buy/cgsh_order_operate.html?command=get_materiel&rest_code=00156&code=00101004010&supplier_code=00100313&order_time=2022-05-20 HTTP/1.1" 200 409
180.175.103.167 - - [27/May/2022:12:13:04 +0800] "GET /xingrg/all/function/internal_message.html?_=1653624703817&CODE_STATE=getMsg HTTP/1.1" 200 27
116.230.110.173 - - [27/May/2022:12:13:06 +0800] "GET /xingrg/all/function/internal_message.html?_=1653624770172&CODE_STATE=getMsg HTTP/1.1" 200 27
114.83.218.142 - - [27/May/2022:12:13:08 +0800] "GET /xingrg/all/function/internal_message.html?_=1653624781945&CODE_STATE=getMsg HTTP/1.1" 200 27
218.81.223.53 - - [27/May/2022:12:13:11 +0800] "GET /xingrg/all/function/internal_message.html?_=1653624806108&CODE_STATE=getMsg HTTP/1.1" 200 27
58.35.196.179 - - [27/May/2022:12:13:12 +0800] "GET /xingrg/kc/buy/cgsh_order_operate.html?command=get_materiel&rest_code=00156&code=00102026001&supplier_code=00100313&order_time=2022-05-20 HTTP/1.1" 200 409
124.78.156.37 - - [27/May/2022:12:13:15 +0800] "GET /xingrg/all/function/internal_message.html?_=1653624793707&CODE_STATE=getMsg HTTP/1.1" 200 27
120.253.135.82 - - [27/May/2022:12:13:16 +0800] "GET /xingrg/all/function/internal_message.html?_=1653624602186&CODE_STATE=getMsg HTTP/1.1" 200 27
58.39.61.91 - - [27/May/2022:12:13:24 +0800] "GET /xingrg/all/function/internal_message.html?_=1653624766107&CODE_STATE=getMsg HTTP/1.1" 200 27
58.35.196.179 - - [27/May/2022:12:13:25 +0800] "GET /xingrg/kc/buy/cgsh_order_operate.html?command=get_materiel&rest_code=00156&code=00101003035&supplier_code=00100313&order_time=2022-05-20 HTTP/1.1" 200 429
180.156.212.250 - - [27/May/2022:12:13:29 +0800] "GET /xingrg/check_reg.html?_=1653624874932 HTTP/1.1" 200 22
218.81.223.53 - - [27/May/2022:12:13:33 +0800] "GET /xingrg/kc/buy/cgsh_order_operate.html?command=get_materiel&rest_code=00146&code=00101006168&supplier_code=00100517&order_time=2022-05-26 HTTP/1.1" 200 443
58.35.196.179 - - [27/May/2022:12:13:35 +0800] "GET /xingrg/all/function/internal_message.html?_=1653624811304&CODE_STATE=getMsg HTTP/1.1" 200 27
120.253.135.82 - - [27/May/2022:12:13:40 +0800] "GET /xingrg/check_reg.html?_=1653624626188 HTTP/1.1" 200 22
180.156.212.250 - - [27/May/2022:12:13:43 +0800] "GET /xingrg/all/function/internal_message.html?_=1653624888184&CODE_STATE=getMsg HTTP/1.1" 200 27
116.235.92.88 - - [27/May/2022:12:13:43 +0800] "GET /xingrg/all/function/internal_message.html?_=1653624996337&CODE_STATE=getMsg HTTP/1.1" 200 27
180.175.103.167 - - [27/May/2022:12:13:44 +0800] "GET /xingrg/all/function/internal_message.html?_=1653624823923&CODE_STATE=getMsg HTTP/1.1" 200 27
180.175.103.167 - - [27/May/2022:12:13:52 +0800] "GET /xingrg/kc/buy/cgsh_order_operate.html?command=get_materiel&rest_code=00105&code=00101007191&supplier_code=00100327&order_time=2022-05-27 HTTP/1.1" 200 412
180.175.103.167 - - [27/May/2022:12:13:52 +0800] "GET /xingrg/check_reg.html?_=1653624752096 HTTP/1.1" 200 22
218.81.223.53 - - [27/May/2022:12:13:54 +0800] "POST /xingrg/kc/buy/cgsh_order_operate.html HTTP/1.1" 200 37
180.175.103.167 - - [27/May/2022:12:13:57 +0800] "POST /xingrg/all/common/load_select.html HTTP/1.1" 200 12
218.81.223.53 - - [27/May/2022:12:14:00 +0800] "POST /xingrg/kc/buy/cgsh_order_operate.html HTTP/1.1" 200 12
180.175.103.167 - - [27/May/2022:12:14:04 +0800] "GET /xingrg/all/function/internal_message.html?_=1653624763791&CODE_STATE=getMsg HTTP/1.1" 200 27
116.230.110.173 - - [27/May/2022:12:14:06 +0800] "GET /xingrg/all/function/internal_message.html?_=1653624830183&CODE_STATE=getMsg HTTP/1.1" 200 27
58.35.196.179 - - [27/May/2022:12:14:08 +0800] "POST /xingrg/kc/buy/cgsh_order_operate.html HTTP/1.1" 200 37
218.81.223.53 - - [27/May/2022:12:14:08 +0800] "GET /xingrg/kc/buy/cgsh_order_info.html?code=212022052701743 HTTP/1.1" 200 62437
114.83.218.142 - - [27/May/2022:12:14:08 +0800] "GET /xingrg/all/function/internal_message.html?_=1653624841951&CODE_STATE=getMsg HTTP/1.1" 200 27
180.175.103.167 - - [27/May/2022:12:14:08 +0800] "GET /xingrg/kc/buy/cgsh_order_operate.html?command=get_materiel_price&rest_code=00105&code=00101007191&unit_code=00100001&supplier_code=00100327&order_time=2022-05-27 HTTP/1.1" 200 27
218.81.223.53 - - [27/May/2022:12:14:08 +0800] "GET /xingrg/javascript/easyui/themes/default/validatebox.css HTTP/1.1" 404 1104
218.81.223.53 - - [27/May/2022:12:14:09 +0800] "POST /xingrg/kc/buy/cgsh_order_operate.html HTTP/1.1" 200 624
58.35.196.179 - - [27/May/2022:12:14:10 +0800] "POST /xingrg/kc/buy/cgsh_order_operate.html HTTP/1.1" 200 6877
218.81.223.53 - - [27/May/2022:12:14:11 +0800] "GET /xingrg/all/function/internal_message.html?_=1653624866122&CODE_STATE=getMsg HTTP/1.1" 200 27
218.81.223.53 - - [27/May/2022:12:14:12 +0800] "GET /xingrg/kc/print/load_data.html?order_code=212022052701743&kc_code=cgsh&condition= HTTP/1.1" 200 735
124.78.156.37 - - [27/May/2022:12:14:15 +0800] "GET /xingrg/check_reg.html?_=1653624853707 HTTP/1.1" 200 22
124.78.156.37 - - [27/May/2022:12:14:15 +0800] "GET /xingrg/all/function/internal_message.html?_=1653624853710&CODE_STATE=getMsg HTTP/1.1" 200 27
58.35.196.179 - - [27/May/2022:12:14:16 +0800] "GET /xingrg/kc/print/load_data.html?order_code=212022052701744&kc_code=cgsh&condition= HTTP/1.1" 200 2318
120.253.135.82 - - [27/May/2022:12:14:16 +0800] "GET /xingrg/all/function/internal_message.html?_=1653624662194&CODE_STATE=getMsg HTTP/1.1" 200 27
58.39.61.91 - - [27/May/2022:12:14:23 +0800] "GET /xingrg/check_reg.html?_=1653624825333 HTTP/1.1" 200 22
58.39.61.91 - - [27/May/2022:12:14:24 +0800] "GET /xingrg/all/function/internal_message.html?_=1653624826119&CODE_STATE=getMsg HTTP/1.1" 200 27
58.35.196.179 - - [27/May/2022:12:14:35 +0800] "GET /xingrg/all/function/internal_message.html?_=1653624871312&CODE_STATE=getMsg HTTP/1.1" 200 27
180.175.103.167 - - [27/May/2022:12:14:39 +0800] "GET /xingrg/kc/buy/cgsh_order_operate.html?command=get_materiel&rest_code=00105&code=00101012010&supplier_code=00100327&order_time=2022-05-27 HTTP/1.1" 200 408
180.156.212.250 - - [27/May/2022:12:14:43 +0800] "GET /xingrg/all/function/internal_message.html?_=1653624948197&CODE_STATE=getMsg HTTP/1.1" 200 27
116.235.92.88 - - [27/May/2022:12:14:43 +0800] "GET /xingrg/all/function/internal_message.html?_=1653625056335&CODE_STATE=getMsg HTTP/1.1" 200 27
180.175.103.167 - - [27/May/2022:12:14:44 +0800] "GET /xingrg/all/function/internal_message.html?_=1653624883924&CODE_STATE=getMsg HTTP/1.1" 200 27
180.175.103.167 - - [27/May/2022:12:14:49 +0800] "POST /xingrg/kc/mdqp/pssh_list_operate.html HTTP/1.1" 200 5549
180.175.103.167 - - [27/May/2022:12:14:59 +0800] "POST /xingrg/kc/mdqp/pssh_list_operate.html HTTP/1.1" 200 649
180.175.103.167 - - [27/May/2022:12:15:04 +0800] "GET /xingrg/all/function/internal_message.html?_=1653624823764&CODE_STATE=getMsg HTTP/1.1" 200 27
116.230.110.173 - - [27/May/2022:12:15:06 +0800] "GET /xingrg/check_reg.html?_=1653624890183 HTTP/1.1" 200 22
116.230.110.173 - - [27/May/2022:12:15:06 +0800] "GET /xingrg/all/function/internal_message.html?_=1653624890184&CODE_STATE=getMsg HTTP/1.1" 200 27
180.175.103.167 - - [27/May/2022:12:15:06 +0800] "POST /xingrg/kc/mdqp/pssh_list_operate.html HTTP/1.1" 200 673
114.83.218.142 - - [27/May/2022:12:15:08 +0800] "GET /xingrg/all/function/internal_message.html?_=1653624901959&CODE_STATE=getMsg HTTP/1.1" 200 27
218.81.223.53 - - [27/May/2022:12:15:11 +0800] "GET /xingrg/all/function/internal_message.html?_=1653624926135&CODE_STATE=getMsg HTTP/1.1" 200 27
180.175.103.167 - - [27/May/2022:12:15:13 +0800] "POST /xingrg/kc/mdqp/pssh_list_operate.html HTTP/1.1" 200 562
124.78.156.37 - - [27/May/2022:12:15:15 +0800] "GET /xingrg/all/function/internal_message.html?_=1653624913695&CODE_STATE=getMsg HTTP/1.1" 200 27
120.253.135.82 - - [27/May/2022:12:15:16 +0800] "GET /xingrg/all/function/internal_message.html?_=1653624722208&CODE_STATE=getMsg HTTP/1.1" 200 27
180.175.103.167 - - [27/May/2022:12:15:16 +0800] "POST /xingrg/kc/mdqp/pssh_list_operate.html HTTP/1.1" 200 5745
180.175.103.167 - - [27/May/2022:12:15:20 +0800] "POST /xingrg/kc/mdqp/pssh_list_operate.html HTTP/1.1" 200 5542
58.39.61.91 - - [27/May/2022:12:15:24 +0800] "GET /xingrg/all/function/internal_message.html?_=1653624886134&CODE_STATE=getMsg HTTP/1.1" 200 27
58.40.7.146 - - [27/May/2022:12:15:26 +0800] "GET /favicon.ico HTTP/1.1" 404 -
180.175.103.167 - - [27/May/2022:12:15:29 +0800] "POST /xingrg/kc/mdqp/pssh_list_operate.html HTTP/1.1" 200 5654
180.175.103.167 - - [27/May/2022:12:15:32 +0800] "POST /xingrg/kc/mdqp/pssh_list_operate.html HTTP/1.1" 200 5627
180.175.103.167 - - [27/May/2022:12:15:35 +0800] "POST /xingrg/kc/mdqp/pssh_list_operate.html HTTP/1.1" 200 397
58.35.196.179 - - [27/May/2022:12:15:35 +0800] "GET /xingrg/all/function/internal_message.html?_=1653624931316&CODE_STATE=getMsg HTTP/1.1" 200 27
180.175.103.167 - - [27/May/2022:12:15:37 +0800] "GET /xingrg/kc/mdqp/pssh_order_info.html?code=312022042900237 HTTP/1.1" 200 17266
180.175.103.167 - - [27/May/2022:12:15:37 +0800] "GET /xingrg/words/20220526150924_words.js HTTP/1.1" 304 -
180.175.103.167 - - [27/May/2022:12:15:37 +0800] "GET /xingrg/javascript/jquery_tools/jquery-1.4.2.min.js HTTP/1.1" 404 1094
180.175.103.167 - - [27/May/2022:12:15:37 +0800] "POST /xingrg/kc/mdqp/pssh_order_operate.html HTTP/1.1" 200 1084
180.175.103.167 - - [27/May/2022:12:15:37 +0800] "GET /xingrg/all/common/auto_word.html?type=base&rest_code=00105&rest_code=00105 HTTP/1.1" 200 1907
180.175.103.167 - - [27/May/2022:12:15:37 +0800] "GET /xingrg/javascript/easyui/themes/default/validatebox.css HTTP/1.1" 404 1104
180.156.212.250 - - [27/May/2022:12:15:43 +0800] "GET /xingrg/all/function/internal_message.html?_=1653625008642&CODE_STATE=getMsg HTTP/1.1" 200 27
116.235.92.88 - - [27/May/2022:12:15:43 +0800] "GET /xingrg/all/function/internal_message.html?_=1653625116337&CODE_STATE=getMsg HTTP/1.1" 200 27
180.175.103.167 - - [27/May/2022:12:15:44 +0800] "GET /xingrg/check_reg.html?_=1653624943951 HTTP/1.1" 200 22
180.175.103.167 - - [27/May/2022:12:15:44 +0800] "GET /xingrg/all/function/internal_message.html?_=1653624943954&CODE_STATE=getMsg HTTP/1.1" 200 27
180.175.103.167 - - [27/May/2022:12:16:04 +0800] "GET /xingrg/all/function/internal_message.html?_=1653624883799&CODE_STATE=getMsg HTTP/1.1" 200 27
116.230.110.173 - - [27/May/2022:12:16:06 +0800] "GET /xingrg/all/function/internal_message.html?_=1653624950170&CODE_STATE=getMsg HTTP/1.1" 200 27
114.83.218.142 - - [27/May/2022:12:16:08 +0800] "GET /xingrg/check_reg.html?_=1653624961958 HTTP/1.1" 200 22
114.83.218.142 - - [27/May/2022:12:16:08 +0800] "GET /xingrg/all/function/internal_message.html?_=1653624961962&CODE_STATE=getMsg HTTP/1.1" 200 27
218.81.223.53 - - [27/May/2022:12:16:11 +0800] "GET /xingrg/all/function/internal_message.html?_=1653624986465&CODE_STATE=getMsg HTTP/1.1" 200 27
124.78.156.37 - - [27/May/2022:12:16:15 +0800] "GET /xingrg/all/function/internal_message.html?_=1653624973695&CODE_STATE=getMsg HTTP/1.1" 200 27
120.253.135.82 - - [27/May/2022:12:16:16 +0800] "GET /xingrg/all/function/internal_message.html?_=1653624782508&CODE_STATE=getMsg HTTP/1.1" 200 27
58.35.210.91 - - [27/May/2022:12:16:24 +0800] "POST /xingrg/services/DataTransmitService HTTP/1.1" 200 524
58.39.61.91 - - [27/May/2022:12:16:24 +0800] "GET /xingrg/all/function/internal_message.html?_=1653624946147&CODE_STATE=getMsg HTTP/1.1" 200 27
58.35.196.179 - - [27/May/2022:12:16:34 +0800] "POST /xingrg/kc/buy/cgsh_order_operate.html HTTP/1.1" 200 37
218.81.223.53 - - [27/May/2022:12:16:39 +0800] "GET /xingrg/check_reg.html?_=1653625014104 HTTP/1.1" 200 22
180.175.103.167 - - [27/May/2022:12:16:40 +0800] "GET /xingrg/kc/buy/cgsh_order_operate.html?command=get_materiel&rest_code=00105&code=00101010841&supplier_code=00100327&order_time=2022-05-27 HTTP/1.1" 200 401
180.156.212.250 - - [27/May/2022:12:16:43 +0800] "GET /xingrg/all/function/internal_message.html?_=1653625068645&CODE_STATE=getMsg HTTP/1.1" 200 27
116.235.92.88 - - [27/May/2022:12:16:43 +0800] "GET /xingrg/all/function/internal_message.html?_=1653625176339&CODE_STATE=getMsg HTTP/1.1" 200 27
116.235.92.88 - - [27/May/2022:12:16:43 +0800] "GET /xingrg/check_reg.html?_=1653625176340 HTTP/1.1" 200 22
180.175.103.167 - - [27/May/2022:12:16:44 +0800] "GET /xingrg/all/function/internal_message.html?_=1653625003939&CODE_STATE=getMsg HTTP/1.1" 200 27
180.175.103.167 - - [27/May/2022:12:17:04 +0800] "GET /xingrg/all/function/internal_message.html?_=1653624943798&CODE_STATE=getMsg HTTP/1.1" 200 27
116.230.110.173 - - [27/May/2022:12:17:06 +0800] "GET /xingrg/all/function/internal_message.html?_=1653625010179&CODE_STATE=getMsg HTTP/1.1" 200 27
114.83.218.142 - - [27/May/2022:12:17:08 +0800] "GET /xingrg/all/function/internal_message.html?_=1653625021945&CODE_STATE=getMsg HTTP/1.1" 200 27
218.81.223.53 - - [27/May/2022:12:17:11 +0800] "GET /xingrg/all/function/internal_message.html?_=1653625046474&CODE_STATE=getMsg HTTP/1.1" 200 27
124.78.156.37 - - [27/May/2022:12:17:15 +0800] "GET /xingrg/all/function/internal_message.html?_=1653625033696&CODE_STATE=getMsg HTTP/1.1" 200 27
120.253.135.82 - - [27/May/2022:12:17:16 +0800] "GET /xingrg/all/function/internal_message.html?_=1653624842515&CODE_STATE=getMsg HTTP/1.1" 200 27
58.39.61.91 - - [27/May/2022:12:17:24 +0800] "GET /xingrg/all/function/internal_message.html?_=1653625006207&CODE_STATE=getMsg HTTP/1.1" 200 27
180.175.103.167 - - [27/May/2022:12:17:25 +0800] "GET /xingrg/kc/buy/cgsh_order_operate.html?command=get_materiel&rest_code=00105&code=00101010347&supplier_code=00100327&order_time=2022-05-27 HTTP/1.1" 200 441
116.235.92.88 - - [27/May/2022:12:17:43 +0800] "GET /xingrg/all/function/internal_message.html?_=1653625236337&CODE_STATE=getMsg HTTP/1.1" 200 27
180.156.212.250 - - [27/May/2022:12:17:43 +0800] "GET /xingrg/all/function/internal_message.html?_=1653625129057&CODE_STATE=getMsg HTTP/1.1" 200 27
180.175.103.167 - - [27/May/2022:12:17:44 +0800] "GET /xingrg/all/function/internal_message.html?_=1653625063925&CODE_STATE=getMsg HTTP/1.1" 200 27
180.175.103.167 - - [27/May/2022:12:18:04 +0800] "GET /xingrg/all/function/internal_message.html?_=1653625003751&CODE_STATE=getMsg HTTP/1.1" 200 27
116.230.110.173 - - [27/May/2022:12:18:06 +0800] "GET /xingrg/all/function/internal_message.html?_=1653625070170&CODE_STATE=getMsg HTTP/1.1" 200 27
114.83.218.142 - - [27/May/2022:12:18:08 +0800] "GET /xingrg/all/function/internal_message.html?_=1653625081954&CODE_STATE=getMsg HTTP/1.1" 200 27
218.81.223.53 - - [27/May/2022:12:18:11 +0800] "GET /xingrg/all/function/internal_message.html?_=1653625106489&CODE_STATE=getMsg HTTP/1.1" 200 27
124.78.156.37 - - [27/May/2022:12:18:15 +0800] "GET /xingrg/all/function/internal_message.html?_=1653625093723&CODE_STATE=getMsg HTTP/1.1" 200 27
120.253.135.82 - - [27/May/2022:12:18:16 +0800] "GET /xingrg/all/function/internal_message.html?_=1653624902827&CODE_STATE=getMsg HTTP/1.1" 200 27
58.39.61.91 - - [27/May/2022:12:18:24 +0800] "GET /xingrg/all/function/internal_message.html?_=1653625066222&CODE_STATE=getMsg HTTP/1.1" 200 27
180.156.212.250 - - [27/May/2022:12:18:29 +0800] "GET /xingrg/check_reg.html?_=1653625174929 HTTP/1.1" 200 22
120.253.135.82 - - [27/May/2022:12:18:40 +0800] "GET /xingrg/check_reg.html?_=1653624926194 HTTP/1.1" 200 22
116.235.92.88 - - [27/May/2022:12:18:43 +0800] "GET /xingrg/all/function/internal_message.html?_=1653625296336&CODE_STATE=getMsg HTTP/1.1" 200 27
180.156.212.250 - - [27/May/2022:12:18:43 +0800] "GET /xingrg/all/function/internal_message.html?_=1653625189063&CODE_STATE=getMsg HTTP/1.1" 200 27
180.175.103.167 - - [27/May/2022:12:18:44 +0800] "GET /xingrg/all/function/internal_message.html?_=1653625123925&CODE_STATE=getMsg HTTP/1.1" 200 27
180.175.103.167 - - [27/May/2022:12:18:52 +0800] "GET /xingrg/check_reg.html?_=1653625052101 HTTP/1.1" 200 22
180.175.103.167 - - [27/May/2022:12:19:04 +0800] "GET /xingrg/all/function/internal_message.html?_=1653625063729&CODE_STATE=getMsg HTTP/1.1" 200 27
116.230.110.173 - - [27/May/2022:12:19:06 +0800] "GET /xingrg/all/function/internal_message.html?_=1653625130177&CODE_STATE=getMsg HTTP/1.1" 200 27
114.83.218.142 - - [27/May/2022:12:19:08 +0800] "GET /xingrg/all/function/internal_message.html?_=1653625141957&CODE_STATE=getMsg HTTP/1.1" 200 27
180.175.103.167 - - [27/May/2022:12:19:11 +0800] "POST /xingrg/all/common/load_select.html HTTP/1.1" 200 38
218.81.223.53 - - [27/May/2022:12:19:12 +0800] "GET /xingrg/all/function/internal_message.html?_=1653625166811&CODE_STATE=getMsg HTTP/1.1" 200 27
124.78.156.37 - - [27/May/2022:12:19:15 +0800] "GET /xingrg/all/function/internal_message.html?_=1653625153723&CODE_STATE=getMsg HTTP/1.1" 200 27
124.78.156.37 - - [27/May/2022:12:19:15 +0800] "GET /xingrg/check_reg.html?_=1653625153726 HTTP/1.1" 200 22
120.253.135.82 - - [27/May/2022:12:19:16 +0800] "GET /xingrg/all/function/internal_message.html?_=1653624962839&CODE_STATE=getMsg HTTP/1.1" 200 27
180.175.103.167 - - [27/May/2022:12:19:16 +0800] "GET /xingrg/kc/buy/cgsh_order_operate.html?command=get_materiel_price&rest_code=00105&code=00101010347&unit_code=00100414&supplier_code=00100327&order_time=2022-05-27 HTTP/1.1" 200 31
58.39.61.91 - - [27/May/2022:12:19:23 +0800] "GET /xingrg/check_reg.html?_=1653625125376 HTTP/1.1" 200 22
58.39.61.91 - - [27/May/2022:12:19:24 +0800] "GET /xingrg/all/function/internal_message.html?_=1653625126235&CODE_STATE=getMsg HTTP/1.1" 200 27
116.235.92.88 - - [27/May/2022:12:19:43 +0800] "GET /xingrg/all/function/internal_message.html?_=1653625356335&CODE_STATE=getMsg HTTP/1.1" 200 27
180.156.212.250 - - [27/May/2022:12:19:43 +0800] "GET /xingrg/all/function/internal_message.html?_=1653625249075&CODE_STATE=getMsg HTTP/1.1" 200 27
180.175.103.167 - - [27/May/2022:12:19:44 +0800] "GET /xingrg/all/function/internal_message.html?_=1653625183924&CODE_STATE=getMsg HTTP/1.1" 200 27
180.175.103.167 - - [27/May/2022:12:20:04 +0800] "GET /xingrg/all/function/internal_message.html?_=1653625123706&CODE_STATE=getMsg HTTP/1.1" 200 27
116.230.110.173 - - [27/May/2022:12:20:06 +0800] "GET /xingrg/all/function/internal_message.html?_=1653625190169&CODE_STATE=getMsg HTTP/1.1" 200 27
116.230.110.173 - - [27/May/2022:12:20:06 +0800] "GET /xingrg/check_reg.html?_=1653625190171 HTTP/1.1" 200 22
114.83.218.142 - - [27/May/2022:12:20:08 +0800] "GET /xingrg/all/function/internal_message.html?_=1653625201953&CODE_STATE=getMsg HTTP/1.1" 200 27
218.81.223.53 - - [27/May/2022:12:20:12 +0800] "GET /xingrg/all/function/internal_message.html?_=1653625226812&CODE_STATE=getMsg HTTP/1.1" 200 27
124.78.156.37 - - [27/May/2022:12:20:15 +0800] "GET /xingrg/all/function/internal_message.html?_=1653625213726&CODE_STATE=getMsg HTTP/1.1" 200 27
120.253.135.82 - - [27/May/2022:12:20:16 +0800] "GET /xingrg/all/function/internal_message.html?_=1653625022854&CODE_STATE=getMsg HTTP/1.1" 200 27
58.39.61.91 - - [27/May/2022:12:20:24 +0800] "GET /xingrg/all/function/internal_message.html?_=1653625186248&CODE_STATE=getMsg HTTP/1.1" 200 27
116.235.92.88 - - [27/May/2022:12:20:43 +0800] "GET /xingrg/all/function/internal_message.html?_=1653625416334&CODE_STATE=getMsg HTTP/1.1" 200 27
180.175.103.167 - - [27/May/2022:12:20:44 +0800] "GET /xingrg/all/function/internal_message.html?_=1653625243925&CODE_STATE=getMsg HTTP/1.1" 200 27
180.175.103.167 - - [27/May/2022:12:20:44 +0800] "GET /xingrg/check_reg.html?_=1653625243928 HTTP/1.1" 200 22
180.156.212.250 - - [27/May/2022:12:20:44 +0800] "GET /xingrg/all/function/internal_message.html?_=1653625309517&CODE_STATE=getMsg HTTP/1.1" 200 27
180.175.103.167 - - [27/May/2022:12:20:51 +0800] "GET /xingrg/kc/buy/cgsh_order_operate.html?command=get_materiel&rest_code=00105&code=00101006013&supplier_code=00100327&order_time=2022-05-27 HTTP/1.1" 200 409
180.175.103.167 - - [27/May/2022:12:21:04 +0800] "GET /xingrg/all/function/internal_message.html?_=1653625183688&CODE_STATE=getMsg HTTP/1.1" 200 27
116.230.110.173 - - [27/May/2022:12:21:06 +0800] "GET /xingrg/all/function/internal_message.html?_=1653625250185&CODE_STATE=getMsg HTTP/1.1" 200 27
114.83.218.142 - - [27/May/2022:12:21:08 +0800] "GET /xingrg/all/function/internal_message.html?_=1653625261973&CODE_STATE=getMsg HTTP/1.1" 200 27
114.83.218.142 - - [27/May/2022:12:21:08 +0800] "GET /xingrg/check_reg.html?_=1653625261975 HTTP/1.1" 200 22
218.81.223.53 - - [27/May/2022:12:21:12 +0800] "GET /xingrg/all/function/internal_message.html?_=1653625287137&CODE_STATE=getMsg HTTP/1.1" 200 27
124.78.156.37 - - [27/May/2022:12:21:15 +0800] "GET /xingrg/all/function/internal_message.html?_=1653625273726&CODE_STATE=getMsg HTTP/1.1" 200 27
120.253.135.82 - - [27/May/2022:12:21:17 +0800] "GET /xingrg/all/function/internal_message.html?_=1653625083162&CODE_STATE=getMsg HTTP/1.1" 200 27
58.39.61.91 - - [27/May/2022:12:21:24 +0800] "GET /xingrg/all/function/internal_message.html?_=1653625246262&CODE_STATE=getMsg HTTP/1.1" 200 27
218.81.223.53 - - [27/May/2022:12:21:39 +0800] "GET /xingrg/check_reg.html?_=1653625314109 HTTP/1.1" 200 22
92.255.85.184 - - [27/May/2022:12:21:43 +0800] "/*àCookie: mstshash=Administr " 400 -
116.235.92.88 - - [27/May/2022:12:21:43 +0800] "GET /xingrg/all/function/internal_message.html?_=1653625476359&CODE_STATE=getMsg HTTP/1.1" 200 27
116.235.92.88 - - [27/May/2022:12:21:43 +0800] "GET /xingrg/check_reg.html?_=1653625476360 HTTP/1.1" 200 22
180.175.103.167 - - [27/May/2022:12:21:44 +0800] "GET /xingrg/all/function/internal_message.html?_=1653625303928&CODE_STATE=getMsg HTTP/1.1" 200 27
180.156.212.250 - - [27/May/2022:12:21:44 +0800] "GET /xingrg/all/function/internal_message.html?_=1653625369524&CODE_STATE=getMsg HTTP/1.1" 200 27
180.175.103.167 - - [27/May/2022:12:21:47 +0800] "GET /xingrg/kc/buy/cgsh_order_operate.html?command=get_materiel&rest_code=00105&code=00101042015&supplier_code=00100327&order_time=2022-05-27 HTTP/1.1" 200 439
116.230.110.173 - - [27/May/2022:12:22:06 +0800] "GET /xingrg/all/function/internal_message.html?_=1653625310173&CODE_STATE=getMsg HTTP/1.1" 200 27
114.83.218.142 - - [27/May/2022:12:22:08 +0800] "GET /xingrg/all/function/internal_message.html?_=1653625321971&CODE_STATE=getMsg HTTP/1.1" 200 27
58.35.196.179 - - [27/May/2022:12:22:08 +0800] "POST /xingrg/kc/buy/cgsh_order_operate.html HTTP/1.1" 200 6877
218.81.223.53 - - [27/May/2022:12:22:12 +0800] "GET /xingrg/all/function/internal_message.html?_=1653625347151&CODE_STATE=getMsg HTTP/1.1" 200 27
124.78.156.37 - - [27/May/2022:12:22:15 +0800] "GET /xingrg/all/function/internal_message.html?_=1653625333726&CODE_STATE=getMsg HTTP/1.1" 200 27
120.253.135.82 - - [27/May/2022:12:22:17 +0800] "GET /xingrg/all/function/internal_message.html?_=1653625143176&CODE_STATE=getMsg HTTP/1.1" 200 27
58.39.61.91 - - [27/May/2022:12:22:24 +0800] "GET /xingrg/all/function/internal_message.html?_=1653625306328&CODE_STATE=getMsg HTTP/1.1" 200 27
58.35.196.179 - - [27/May/2022:12:22:25 +0800] "GET /xingrg/kc/buy/cgsh_order_add.html HTTP/1.1" 200 67569
58.35.196.179 - - [27/May/2022:12:22:25 +0800] "POST /xingrg/kc/buy/cgsh_order_operate.html HTTP/1.1" 200 8245
58.35.196.179 - - [27/May/2022:12:22:25 +0800] "GET /xingrg/javascript/easyui/themes/default/validatebox.css HTTP/1.1" 404 1104
58.35.196.179 - - [27/May/2022:12:22:35 +0800] "GET /xingrg/all/function/internal_message.html?_=1653625351319&CODE_STATE=getMsg HTTP/1.1" 200 27
58.35.196.179 - - [27/May/2022:12:22:35 +0800] "GET /xingrg/check_reg.html?_=1653625351324 HTTP/1.1" 200 22
116.235.92.88 - - [27/May/2022:12:22:43 +0800] "GET /xingrg/all/function/internal_message.html?_=1653625536357&CODE_STATE=getMsg HTTP/1.1" 200 27
180.175.103.167 - - [27/May/2022:12:22:44 +0800] "GET /xingrg/all/function/internal_message.html?_=1653625363929&CODE_STATE=getMsg HTTP/1.1" 200 27
180.156.212.250 - - [27/May/2022:12:22:44 +0800] "GET /xingrg/all/function/internal_message.html?_=1653625429983&CODE_STATE=getMsg HTTP/1.1" 200 27
180.175.103.167 - - [27/May/2022:12:23:04 +0800] "GET /xingrg/all/function/internal_message.html?_=1653625303697&CODE_STATE=getMsg HTTP/1.1" 200 27
116.230.110.173 - - [27/May/2022:12:23:06 +0800] "GET /xingrg/all/function/internal_message.html?_=1653625370185&CODE_STATE=getMsg HTTP/1.1" 200 27
114.83.218.142 - - [27/May/2022:12:23:08 +0800] "GET /xingrg/all/function/internal_message.html?_=1653625381976&CODE_STATE=getMsg HTTP/1.1" 200 27
218.81.223.53 - - [27/May/2022:12:23:12 +0800] "GET /xingrg/all/function/internal_message.html?_=1653625407164&CODE_STATE=getMsg HTTP/1.1" 200 27
124.78.156.37 - - [27/May/2022:12:23:15 +0800] "GET /xingrg/all/function/internal_message.html?_=1653625393726&CODE_STATE=getMsg HTTP/1.1" 200 27
120.253.135.82 - - [27/May/2022:12:23:17 +0800] "GET /xingrg/all/function/internal_message.html?_=1653625203491&CODE_STATE=getMsg HTTP/1.1" 200 27
58.39.61.91 - - [27/May/2022:12:23:24 +0800] "GET /xingrg/all/function/internal_message.html?_=1653625366335&CODE_STATE=getMsg HTTP/1.1" 200 27
180.156.212.250 - - [27/May/2022:12:23:29 +0800] "GET /xingrg/check_reg.html?_=1653625474934 HTTP/1.1" 200 22
58.35.196.179 - - [27/May/2022:12:23:35 +0800] "GET /xingrg/all/function/internal_message.html?_=1653625411300&CODE_STATE=getMsg HTTP/1.1" 200 27
120.253.135.82 - - [27/May/2022:12:23:40 +0800] "GET /xingrg/check_reg.html?_=1653625226199 HTTP/1.1" 200 22
116.235.92.88 - - [27/May/2022:12:23:43 +0800] "GET /xingrg/all/function/internal_message.html?_=1653625596356&CODE_STATE=getMsg HTTP/1.1" 200 27
180.175.103.167 - - [27/May/2022:12:23:44 +0800] "GET /xingrg/all/function/internal_message.html?_=1653625423929&CODE_STATE=getMsg HTTP/1.1" 200 27
180.156.212.250 - - [27/May/2022:12:23:44 +0800] "GET /xingrg/all/function/internal_message.html?_=1653625489989&CODE_STATE=getMsg HTTP/1.1" 200 27
180.175.103.167 - - [27/May/2022:12:23:52 +0800] "GET /xingrg/check_reg.html?_=1653625352106 HTTP/1.1" 200 22
