58.39.61.91 - - [26/May/2022:09:38:37 +0800] "POST /xingrg/dwr/call/plaincall/AjaxYddbService.getMaterielByMap.dwr HTTP/1.1" 200 3828
120.253.135.82 - - [26/May/2022:09:38:39 +0800] "GET /xingrg/kc/pszx/mdps_order_info.html?code=312022052600745 HTTP/1.1" 200 19643
120.253.135.82 - - [26/May/2022:09:38:40 +0800] "POST /xingrg/kc/pszx/mdps_order_operate.html HTTP/1.1" 200 4378
120.253.135.82 - - [26/May/2022:09:38:40 +0800] "GET /xingrg/javascript/easyui/themes/default/validatebox.css HTTP/1.1" 404 1104
116.235.92.88 - - [26/May/2022:09:38:41 +0800] "GET /xingrg/all/function/internal_message.html?_=1653529295299&CODE_STATE=getMsg HTTP/1.1" 200 27
58.39.61.91 - - [26/May/2022:09:38:42 +0800] "POST /xingrg/dwr/call/plaincall/AjaxYddbService.saveMaterielItem.dwr HTTP/1.1" 200 78
120.253.135.82 - - [26/May/2022:09:38:46 +0800] "GET /xingrg/all/function/internal_message.html?_=1653528933512&CODE_STATE=getMsg HTTP/1.1" 200 27
58.35.196.179 - - [26/May/2022:09:38:46 +0800] "GET /xingrg/all/function/internal_message.html?_=1653529124181&CODE_STATE=getMsg HTTP/1.1" 200 27
58.39.61.91 - - [26/May/2022:09:38:49 +0800] "POST /xingrg/dwr/call/plaincall/AjaxYddbService.checkOrder.dwr HTTP/1.1" 200 78
180.175.103.167 - - [26/May/2022:09:38:50 +0800] "GET /xingrg/check_reg.html?_=1653529050846 HTTP/1.1" 200 22
58.39.61.91 - - [26/May/2022:09:38:51 +0800] "GET /xingrg/kc/base/yddb_order_info.html?code=482022052600209 HTTP/1.1" 200 29505
58.39.61.91 - - [26/May/2022:09:38:51 +0800] "GET /xingrg/dwr/interface/AjaxComOrderService.js HTTP/1.1" 200 18264
58.39.61.91 - - [26/May/2022:09:38:51 +0800] "GET /xingrg/dwr/interface/AjaxYddbService.js HTTP/1.1" 200 13201
58.39.61.91 - - [26/May/2022:09:38:51 +0800] "GET /xingrg/dwr/engine.js HTTP/1.1" 200 43631
58.39.61.91 - - [26/May/2022:09:38:51 +0800] "POST /xingrg/dwr/call/plaincall/AjaxYddbService.loadMaterielItems.dwr HTTP/1.1" 200 443
58.39.61.91 - - [26/May/2022:09:38:53 +0800] "GET /xingrg/kc/base/yddb_order_report.html?fileType=servlets/html&code=482022052600209&reportName=ck_order_report&subName=yddb HTTP/1.1" 302 -
58.39.61.91 - - [26/May/2022:09:38:53 +0800] "GET /xingrg/servlets/html?sysBaseUrl=http%3A%2F%2F180.169.147.146%3A18081%2Fxingrg%2F&costTime=126×tamp=1653529133468 HTTP/1.1" 200 14783
58.39.61.91 - - [26/May/2022:09:38:53 +0800] "GET /favicon.ico HTTP/1.1" 404 -
180.156.212.250 - - [26/May/2022:09:38:57 +0800] "GET /xingrg/kc/buy/cgsh_order_list.html HTTP/1.1" 200 51746
180.156.212.250 - - [26/May/2022:09:38:58 +0800] "POST /xingrg/kc/buy/cgsh_list_operate.html HTTP/1.1" 200 876
180.156.212.250 - - [26/May/2022:09:39:00 +0800] "GET /xingrg/kc/buy/cgsh_order_add.html HTTP/1.1" 200 67522
180.156.212.250 - - [26/May/2022:09:39:00 +0800] "GET /xingrg/javascript/easyui/themes/icons/copy_new.png HTTP/1.1" 200 815
180.156.212.250 - - [26/May/2022:09:39:00 +0800] "POST /xingrg/kc/buy/cgsh_order_operate.html HTTP/1.1" 200 8245
180.156.212.250 - - [26/May/2022:09:39:01 +0800] "GET /xingrg/all/common/auto_word.html?type=employee&rest_code=00102 HTTP/1.1" 200 189
180.156.212.250 - - [26/May/2022:09:39:01 +0800] "GET /xingrg/all/common/auto_word.html?type=employee&rest_code=00102 HTTP/1.1" 200 189
180.156.212.250 - - [26/May/2022:09:39:01 +0800] "GET /xingrg/javascript/easyui/themes/default/validatebox.css HTTP/1.1" 404 1104
180.156.212.250 - - [26/May/2022:09:39:02 +0800] "GET /xingrg/javascript/easyui/plugins/jquery.draggable.js HTTP/1.1" 200 6121
58.39.61.91 - - [26/May/2022:09:39:02 +0800] "GET /xingrg/kc/base/yddb_order_list.html?isBack=1 HTTP/1.1" 200 16713
180.156.212.250 - - [26/May/2022:09:39:02 +0800] "GET /xingrg/javascript/easyui/plugins/jquery.droppable.js HTTP/1.1" 200 1167
180.156.212.250 - - [26/May/2022:09:39:02 +0800] "GET /xingrg/javascript/easyui/themes/default/tree.css HTTP/1.1" 404 1090
180.156.212.250 - - [26/May/2022:09:39:02 +0800] "GET /xingrg/javascript/easyui/plugins/jquery.tree.js HTTP/1.1" 200 20874
58.39.61.91 - - [26/May/2022:09:39:02 +0800] "POST /xingrg/kc/base/yddb_list_operate.html HTTP/1.1" 200 636
180.156.212.250 - - [26/May/2022:09:39:02 +0800] "POST /xingrg/all/common/load_tree.html?tree=supplier_tree_json&isDelete=1 HTTP/1.1" 200 66214
116.230.110.173 - - [26/May/2022:09:39:03 +0800] "GET /xingrg/all/function/internal_message.html?_=1653529130175&CODE_STATE=getMsg HTTP/1.1" 200 27
180.156.212.250 - - [26/May/2022:09:39:05 +0800] "GET /xingrg/javascript/easyui/themes/default/images/tree_arrows.gif HTTP/1.1" 200 617
180.156.212.250 - - [26/May/2022:09:39:05 +0800] "GET /xingrg/javascript/easyui/themes/default/images/tree_folder_open.gif HTTP/1.1" 200 956
180.156.212.250 - - [26/May/2022:09:39:05 +0800] "GET /xingrg/javascript/easyui/themes/default/images/tree_folder.gif HTTP/1.1" 200 952
180.156.212.250 - - [26/May/2022:09:39:05 +0800] "GET /xingrg/javascript/easyui/themes/default/images/tree_file.gif HTTP/1.1" 200 118
120.253.135.82 - - [26/May/2022:09:39:08 +0800] "POST /xingrg/kc/pszx/mdps_list_operate.html HTTP/1.1" 200 2046
218.81.223.53 - - [26/May/2022:09:39:09 +0800] "GET /xingrg/all/function/internal_message.html?_=1653529160062&CODE_STATE=getMsg HTTP/1.1" 200 27
120.253.135.82 - - [26/May/2022:09:39:10 +0800] "POST /xingrg/kc/pszx/mdps_list_operate.html HTTP/1.1" 200 209
58.39.61.91 - - [26/May/2022:09:39:10 +0800] "GET /xingrg/kc/buy/cgsh_order_list.html HTTP/1.1" 200 51752
58.39.61.91 - - [26/May/2022:09:39:12 +0800] "POST /xingrg/kc/buy/cgsh_list_operate.html HTTP/1.1" 200 1688
58.39.61.91 - - [26/May/2022:09:39:19 +0800] "GET /xingrg/check_reg.html?_=1653529122596 HTTP/1.1" 200 22
58.39.61.91 - - [26/May/2022:09:39:19 +0800] "POST /xingrg/all/user/operate.html HTTP/1.1" 200 36
58.39.61.91 - - [26/May/2022:09:39:20 +0800] "GET /xingrg/index.html?sysBaseUrl=http%3A%2F%2F180.169.147.146%3A18081%2Fxingrg%2F&costTime=106×tamp=1653300806814 HTTP/1.1" 200 17177
58.39.61.91 - - [26/May/2022:09:39:20 +0800] "GET /xingrg/javascript/jquery_easy_ui/themes/default/easyui.css HTTP/1.1" 304 -
58.39.61.91 - - [26/May/2022:09:39:20 +0800] "GET /xingrg/javascript/jquery_easy_ui/themes/icon.css HTTP/1.1" 304 -
58.39.61.91 - - [26/May/2022:09:39:20 +0800] "GET /xingrg/css/form.css HTTP/1.1" 304 -
58.39.61.91 - - [26/May/2022:09:39:20 +0800] "GET /xingrg/javascript/jquery-1.4.2.min.js HTTP/1.1" 304 -
58.39.61.91 - - [26/May/2022:09:39:20 +0800] "GET /xingrg/javascript/jquery_easy_ui/jquery.easyui.min.js HTTP/1.1" 304 -
58.39.61.91 - - [26/May/2022:09:39:20 +0800] "GET /xingrg/javascript/jquery_easy_ui/easyui-lang-zh_CN.js HTTP/1.1" 304 -
58.39.61.91 - - [26/May/2022:09:39:20 +0800] "GET /xingrg/javascript/jquery.form.js HTTP/1.1" 304 -
58.39.61.91 - - [26/May/2022:09:39:20 +0800] "GET /xingrg/javascript/jquery.utils.js HTTP/1.1" 304 -
58.39.61.91 - - [26/May/2022:09:39:20 +0800] "GET /xingrg/javascript/jquery.timers.js HTTP/1.1" 304 -
58.39.61.91 - - [26/May/2022:09:39:20 +0800] "GET /xingrg/images/blue/jxLogo.png HTTP/1.1" 304 -
58.39.61.91 - - [26/May/2022:09:39:20 +0800] "GET /xingrg/images/blue/navBackgound.jpg HTTP/1.1" 304 -
58.39.61.91 - - [26/May/2022:09:39:20 +0800] "GET /xingrg/javascript/jquery_easy_ui/themes/icons/settle_new.png HTTP/1.1" 304 -
58.39.61.91 - - [26/May/2022:09:39:20 +0800] "POST /xingrg/all/common/load_tree.html?tree=area_rest_tree_json&manage=1 HTTP/1.1" 200 476
58.39.61.91 - - [26/May/2022:09:39:20 +0800] "GET /xingrg/all/function/internal_message.html?_=1653529157190&CODE_STATE=count HTTP/1.1" 200 11
58.39.61.91 - - [26/May/2022:09:39:20 +0800] "GET /xingrg/check_reg.html?_=1653529157192 HTTP/1.1" 200 22
58.39.61.91 - - [26/May/2022:09:39:20 +0800] "GET /xingrg/javascript/jquery_easy_ui/themes/default/images/tabs_leftarrow.png HTTP/1.1" 304 -
58.39.61.91 - - [26/May/2022:09:39:20 +0800] "GET /xingrg/images/blue/pingpu.png HTTP/1.1" 304 -
58.39.61.91 - - [26/May/2022:09:39:20 +0800] "GET /xingrg/javascript/jquery_easy_ui/themes/default/images/tabs_rightarrow.png HTTP/1.1" 304 -
58.39.61.91 - - [26/May/2022:09:39:20 +0800] "GET /xingrg/javascript/jquery_easy_ui/themes/default/images/panel_tool_collapse.gif HTTP/1.1" 304 -
58.39.61.91 - - [26/May/2022:09:39:20 +0800] "POST /xingrg/load_menu.html HTTP/1.1" 200 5138
222.70.180.114 - - [26/May/2022:09:39:21 +0800] "GET /xingrg/all/function/internal_message.html?_=1653529152166&CODE_STATE=getMsg HTTP/1.1" 200 27
58.39.61.91 - - [26/May/2022:09:39:22 +0800] "GET /xingrg/kc/buy/cgsh_order_list.html HTTP/1.1" 200 51750
58.39.61.91 - - [26/May/2022:09:39:25 +0800] "POST /xingrg/kc/buy/cgsh_list_operate.html HTTP/1.1" 200 2053
120.253.135.82 - - [26/May/2022:09:39:26 +0800] "POST /xingrg/kc/pszx/mdps_list_operate.html HTTP/1.1" 200 5033
120.253.135.82 - - [26/May/2022:09:39:30 +0800] "POST /xingrg/kc/pszx/mdps_list_operate.html HTTP/1.1" 200 573
114.83.218.142 - - [26/May/2022:09:39:31 +0800] "GET /xingrg/all/function/internal_message.html?_=1653529166337&CODE_STATE=getMsg HTTP/1.1" 200 27
120.253.135.82 - - [26/May/2022:09:39:31 +0800] "GET /xingrg/kc/pszx/mdps_order_info.html?code=312022052300615 HTTP/1.1" 200 23983
120.253.135.82 - - [26/May/2022:09:39:32 +0800] "POST /xingrg/kc/pszx/mdps_order_operate.html HTTP/1.1" 200 7686
120.253.135.82 - - [26/May/2022:09:39:32 +0800] "GET /xingrg/javascript/easyui/themes/default/validatebox.css HTTP/1.1" 404 1104
180.175.103.167 - - [26/May/2022:09:39:34 +0800] "GET /xingrg/all/function/internal_message.html?_=1653529094888&CODE_STATE=getMsg HTTP/1.1" 200 27
58.39.61.91 - - [26/May/2022:09:39:36 +0800] "GET /xingrg/all/function/internal_message.html?_=1653529139396&CODE_STATE=getMsg HTTP/1.1" 200 27
180.156.212.250 - - [26/May/2022:09:39:37 +0800] "GET /xingrg/all/function/internal_message.html?_=1653529244774&CODE_STATE=getMsg HTTP/1.1" 200 27
120.253.135.82 - - [26/May/2022:09:39:38 +0800] "GET /xingrg/kc/print/load_data.html?order_code=312022052300615&kc_code=mdps&condition= HTTP/1.1" 200 3180
116.235.92.88 - - [26/May/2022:09:39:41 +0800] "GET /xingrg/all/function/internal_message.html?_=1653529355297&CODE_STATE=getMsg HTTP/1.1" 200 27
120.253.135.82 - - [26/May/2022:09:39:45 +0800] "POST /xingrg/kc/pszx/mdps_list_operate.html HTTP/1.1" 200 5033
120.253.135.82 - - [26/May/2022:09:39:45 +0800] "GET /xingrg/check_reg.html?_=1653528992821 HTTP/1.1" 200 22
180.156.212.250 - - [26/May/2022:09:39:46 +0800] "GET /xingrg/kc/buy/cgsh_order_operate.html?command=get_materiel&rest_code=00102&code=00101001125&supplier_code=00100090&order_time=2022-05-26 HTTP/1.1" 200 416
120.253.135.82 - - [26/May/2022:09:39:46 +0800] "GET /xingrg/all/function/internal_message.html?_=1653528993664&CODE_STATE=getMsg HTTP/1.1" 200 27
58.35.196.179 - - [26/May/2022:09:39:46 +0800] "GET /xingrg/all/function/internal_message.html?_=1653529184183&CODE_STATE=getMsg HTTP/1.1" 200 27
120.253.135.82 - - [26/May/2022:09:39:49 +0800] "POST /xingrg/kc/pszx/mdps_list_operate.html HTTP/1.1" 200 444
120.253.135.82 - - [26/May/2022:09:39:50 +0800] "GET /xingrg/kc/pszx/mdps_order_info.html?code=312022052300619 HTTP/1.1" 200 23981
120.253.135.82 - - [26/May/2022:09:39:51 +0800] "POST /xingrg/kc/pszx/mdps_order_operate.html HTTP/1.1" 200 3761
120.253.135.82 - - [26/May/2022:09:39:51 +0800] "GET /xingrg/javascript/easyui/themes/default/validatebox.css HTTP/1.1" 404 1104
120.253.135.82 - - [26/May/2022:09:39:53 +0800] "GET /xingrg/kc/print/load_data.html?order_code=312022052300619&kc_code=mdps&condition= HTTP/1.1" 200 1366
58.39.61.91 - - [26/May/2022:09:40:01 +0800] "POST /xingrg/kc/buy/cgsh_list_operate.html HTTP/1.1" 200 570
58.39.61.91 - - [26/May/2022:09:40:02 +0800] "GET /xingrg/kc/buy/cgsh_order_info.html?code=212022052301477 HTTP/1.1" 200 67135
58.39.61.91 - - [26/May/2022:09:40:02 +0800] "GET /xingrg/all/common/auto_word.html?type=employee&rest_code=00151 HTTP/1.1" 200 293
58.39.61.91 - - [26/May/2022:09:40:02 +0800] "GET /xingrg/all/common/auto_word.html?type=employee&rest_code=00151 HTTP/1.1" 200 293
58.39.61.91 - - [26/May/2022:09:40:02 +0800] "GET /xingrg/javascript/easyui/themes/default/validatebox.css HTTP/1.1" 404 1104
114.83.218.142 - - [26/May/2022:09:40:03 +0800] "POST /xingrg/kc/mdqp/pssh_list_operate.html HTTP/1.1" 200 5514
116.230.110.173 - - [26/May/2022:09:40:03 +0800] "GET /xingrg/check_reg.html?_=1653529190169 HTTP/1.1" 200 22
116.230.110.173 - - [26/May/2022:09:40:03 +0800] "GET /xingrg/all/function/internal_message.html?_=1653529190172&CODE_STATE=getMsg HTTP/1.1" 200 27
222.70.180.114 - - [26/May/2022:09:40:03 +0800] "GET /xingrg/check_reg.html?_=1653529194460 HTTP/1.1" 200 22
58.39.61.91 - - [26/May/2022:09:40:03 +0800] "POST /xingrg/kc/buy/cgsh_order_operate.html HTTP/1.1" 200 18308
114.83.218.142 - - [26/May/2022:09:40:05 +0800] "POST /xingrg/kc/mdqp/pssh_list_operate.html HTTP/1.1" 200 769
114.83.218.142 - - [26/May/2022:09:40:06 +0800] "GET /xingrg/kc/mdqp/pssh_order_info.html?code=312022052500685 HTTP/1.1" 200 17281
114.83.218.142 - - [26/May/2022:09:40:06 +0800] "GET /xingrg/javascript/jquery_tools/jquery-1.4.2.min.js HTTP/1.1" 404 1094
114.83.218.142 - - [26/May/2022:09:40:06 +0800] "POST /xingrg/kc/mdqp/pssh_list_operate.html HTTP/1.1" 200 5514
114.83.218.142 - - [26/May/2022:09:40:06 +0800] "POST /xingrg/kc/mdqp/pssh_order_operate.html HTTP/1.1" 200 5200
114.83.218.142 - - [26/May/2022:09:40:06 +0800] "GET /xingrg/javascript/easyui/themes/default/validatebox.css HTTP/1.1" 404 1104
218.81.223.53 - - [26/May/2022:09:40:09 +0800] "GET /xingrg/all/function/internal_message.html?_=1653529220067&CODE_STATE=getMsg HTTP/1.1" 200 27
180.156.212.250 - - [26/May/2022:09:40:10 +0800] "GET /xingrg/kc/buy/cgsh_order_operate.html?command=get_materiel&rest_code=00102&code=00101001140&supplier_code=00100090&order_time=2022-05-26 HTTP/1.1" 200 415
58.39.61.91 - - [26/May/2022:09:40:20 +0800] "GET /xingrg/all/function/internal_message.html?_=1653529217204&CODE_STATE=getMsg HTTP/1.1" 200 27
222.70.180.114 - - [26/May/2022:09:40:21 +0800] "GET /xingrg/all/function/internal_message.html?_=1653529212151&CODE_STATE=getMsg HTTP/1.1" 200 27
180.156.212.250 - - [26/May/2022:09:40:27 +0800] "GET /xingrg/kc/buy/cgsh_order_operate.html?command=get_materiel&rest_code=00102&code=00101002038&supplier_code=00100090&order_time=2022-05-26 HTTP/1.1" 200 418
114.83.218.142 - - [26/May/2022:09:40:31 +0800] "GET /xingrg/all/function/internal_message.html?_=1653529226346&CODE_STATE=getMsg HTTP/1.1" 200 27
180.175.103.167 - - [26/May/2022:09:40:34 +0800] "GET /xingrg/all/function/internal_message.html?_=1653529154874&CODE_STATE=getMsg HTTP/1.1" 200 27
180.156.212.250 - - [26/May/2022:09:40:35 +0800] "GET /xingrg/check_reg.html?_=1653529302824 HTTP/1.1" 200 22
58.39.61.91 - - [26/May/2022:09:40:36 +0800] "GET /xingrg/all/function/internal_message.html?_=1653529199411&CODE_STATE=getMsg HTTP/1.1" 200 27
180.156.212.250 - - [26/May/2022:09:40:37 +0800] "GET /xingrg/all/function/internal_message.html?_=1653529304787&CODE_STATE=getMsg HTTP/1.1" 200 27
116.235.92.88 - - [26/May/2022:09:40:41 +0800] "GET /xingrg/all/function/internal_message.html?_=1653529415295&CODE_STATE=getMsg HTTP/1.1" 200 27
116.235.92.88 - - [26/May/2022:09:40:41 +0800] "GET /xingrg/check_reg.html?_=1653529415297 HTTP/1.1" 200 22
120.253.135.82 - - [26/May/2022:09:40:46 +0800] "GET /xingrg/all/function/internal_message.html?_=1653529053664&CODE_STATE=getMsg HTTP/1.1" 200 27
58.35.196.179 - - [26/May/2022:09:40:46 +0800] "GET /xingrg/all/function/internal_message.html?_=1653529244184&CODE_STATE=getMsg HTTP/1.1" 200 27
180.156.212.250 - - [26/May/2022:09:40:55 +0800] "GET /xingrg/kc/buy/cgsh_order_operate.html?command=get_materiel&rest_code=00102&code=00102026001&supplier_code=00100090&order_time=2022-05-26 HTTP/1.1" 200 409
116.230.110.173 - - [26/May/2022:09:41:03 +0800] "GET /xingrg/all/function/internal_message.html?_=1653529250176&CODE_STATE=getMsg HTTP/1.1" 200 27
218.81.223.53 - - [26/May/2022:09:41:09 +0800] "GET /xingrg/all/function/internal_message.html?_=1653529280216&CODE_STATE=getMsg HTTP/1.1" 200 27
218.81.223.53 - - [26/May/2022:09:41:15 +0800] "GET /xingrg/check_reg.html?_=1653529286633 HTTP/1.1" 200 22
58.39.61.91 - - [26/May/2022:09:41:20 +0800] "GET /xingrg/all/function/internal_message.html?_=1653529277199&CODE_STATE=getMsg HTTP/1.1" 200 27
222.70.180.114 - - [26/May/2022:09:41:21 +0800] "GET /xingrg/all/function/internal_message.html?_=1653529272135&CODE_STATE=getMsg HTTP/1.1" 200 27
114.83.218.142 - - [26/May/2022:09:41:31 +0800] "GET /xingrg/all/function/internal_message.html?_=1653529286333&CODE_STATE=getMsg HTTP/1.1" 200 27
180.175.103.167 - - [26/May/2022:09:41:34 +0800] "GET /xingrg/all/function/internal_message.html?_=1653529214858&CODE_STATE=getMsg HTTP/1.1" 200 27
58.39.61.91 - - [26/May/2022:09:41:36 +0800] "GET /xingrg/all/function/internal_message.html?_=1653529259435&CODE_STATE=getMsg HTTP/1.1" 200 27
180.156.212.250 - - [26/May/2022:09:41:37 +0800] "GET /xingrg/all/function/internal_message.html?_=1653529364801&CODE_STATE=getMsg HTTP/1.1" 200 27
180.156.212.250 - - [26/May/2022:09:41:37 +0800] "POST /xingrg/kc/buy/cgsh_order_operate.html HTTP/1.1" 200 37
116.235.92.88 - - [26/May/2022:09:41:41 +0800] "GET /xingrg/all/function/internal_message.html?_=1653529475295&CODE_STATE=getMsg HTTP/1.1" 200 27
180.156.212.250 - - [26/May/2022:09:41:42 +0800] "POST /xingrg/kc/buy/cgsh_order_operate.html HTTP/1.1" 200 12
120.253.135.82 - - [26/May/2022:09:41:45 +0800] "POST /xingrg/kc/pszx/mdps_list_operate.html HTTP/1.1" 200 5033
120.253.135.82 - - [26/May/2022:09:41:46 +0800] "GET /xingrg/all/function/internal_message.html?_=1653529113677&CODE_STATE=getMsg HTTP/1.1" 200 27
58.35.196.179 - - [26/May/2022:09:41:46 +0800] "GET /xingrg/check_reg.html?_=1653529304169 HTTP/1.1" 200 22
58.35.196.179 - - [26/May/2022:09:41:46 +0800] "GET /xingrg/all/function/internal_message.html?_=1653529304170&CODE_STATE=getMsg HTTP/1.1" 200 27
180.156.212.250 - - [26/May/2022:09:41:47 +0800] "GET /xingrg/kc/buy/cgsh_order_info.html?code=212022052601653 HTTP/1.1" 200 62427
180.156.212.250 - - [26/May/2022:09:41:48 +0800] "GET /xingrg/javascript/easyui/themes/default/validatebox.css HTTP/1.1" 404 1104
180.156.212.250 - - [26/May/2022:09:41:49 +0800] "POST /xingrg/kc/buy/cgsh_order_operate.html HTTP/1.1" 200 2418
180.156.212.250 - - [26/May/2022:09:42:02 +0800] "GET /xingrg/kc/print/load_config.html?kc_code=cgsh HTTP/1.1" 200 1943
180.156.212.250 - - [26/May/2022:09:42:03 +0800] "GET /xingrg/kc/print/load_data.html?order_code=212022052601653&kc_code=cgsh&condition= HTTP/1.1" 200 1469
116.230.110.173 - - [26/May/2022:09:42:03 +0800] "GET /xingrg/all/function/internal_message.html?_=1653529310177&CODE_STATE=getMsg HTTP/1.1" 200 27
120.253.135.82 - - [26/May/2022:09:42:04 +0800] "POST /xingrg/kc/pszx/mdps_list_operate.html HTTP/1.1" 200 573
120.253.135.82 - - [26/May/2022:09:42:08 +0800] "POST /xingrg/kc/pszx/mdps_list_operate.html HTTP/1.1" 200 444
120.253.135.82 - - [26/May/2022:09:42:08 +0800] "GET /xingrg/kc/pszx/mdps_order_info.html?code=312022052300619 HTTP/1.1" 200 23981
120.253.135.82 - - [26/May/2022:09:42:09 +0800] "POST /xingrg/kc/pszx/mdps_order_operate.html HTTP/1.1" 200 3761
120.253.135.82 - - [26/May/2022:09:42:09 +0800] "GET /xingrg/javascript/easyui/themes/default/validatebox.css HTTP/1.1" 404 1104
218.81.223.53 - - [26/May/2022:09:42:09 +0800] "GET /xingrg/all/function/internal_message.html?_=1653529340220&CODE_STATE=getMsg HTTP/1.1" 200 27
120.253.135.82 - - [26/May/2022:09:42:15 +0800] "POST /xingrg/kc/pszx/mdps_order_operate.html HTTP/1.1" 200 37
120.253.135.82 - - [26/May/2022:09:42:16 +0800] "POST /xingrg/kc/pszx/mdps_order_operate.html HTTP/1.1" 200 12
120.253.135.82 - - [26/May/2022:09:42:17 +0800] "GET /xingrg/kc/pszx/mdps_order_info.html?code=312022052300619 HTTP/1.1" 200 19641
120.253.135.82 - - [26/May/2022:09:42:18 +0800] "POST /xingrg/kc/pszx/mdps_order_operate.html HTTP/1.1" 200 1963
120.253.135.82 - - [26/May/2022:09:42:18 +0800] "GET /xingrg/javascript/easyui/themes/default/validatebox.css HTTP/1.1" 404 1104
120.253.135.82 - - [26/May/2022:09:42:19 +0800] "POST /xingrg/kc/pszx/mdps_list_operate.html HTTP/1.1" 200 4656
58.39.61.91 - - [26/May/2022:09:42:20 +0800] "GET /xingrg/all/function/internal_message.html?_=1653529337207&CODE_STATE=getMsg HTTP/1.1" 200 27
222.70.180.114 - - [26/May/2022:09:42:21 +0800] "GET /xingrg/all/function/internal_message.html?_=1653529332118&CODE_STATE=getMsg HTTP/1.1" 200 27
120.253.135.82 - - [26/May/2022:09:42:22 +0800] "POST /xingrg/kc/pszx/mdps_list_operate.html HTTP/1.1" 200 573
120.253.135.82 - - [26/May/2022:09:42:22 +0800] "GET /xingrg/kc/pszx/mdps_order_info.html?code=312022052300615 HTTP/1.1" 200 23983
120.253.135.82 - - [26/May/2022:09:42:23 +0800] "GET /xingrg/javascript/easyui/themes/default/validatebox.css HTTP/1.1" 404 1104
120.253.135.82 - - [26/May/2022:09:42:23 +0800] "POST /xingrg/kc/pszx/mdps_order_operate.html HTTP/1.1" 200 7686
58.39.61.91 - - [26/May/2022:09:42:23 +0800] "GET /xingrg/javascript/auto/indicator.gif HTTP/1.1" 404 1066
120.253.135.82 - - [26/May/2022:09:42:27 +0800] "POST /xingrg/kc/pszx/mdps_order_operate.html HTTP/1.1" 200 37
58.39.61.91 - - [26/May/2022:09:42:29 +0800] "GET /xingrg/kc/buy/cgsh_order_operate.html?command=get_materiel&rest_code=00151&code=00101006131&supplier_code=00100007&order_time=2022-05-23 HTTP/1.1" 200 417
120.253.135.82 - - [26/May/2022:09:42:29 +0800] "POST /xingrg/kc/pszx/mdps_order_operate.html HTTP/1.1" 200 12
114.83.218.142 - - [26/May/2022:09:42:31 +0800] "GET /xingrg/all/function/internal_message.html?_=1653529346339&CODE_STATE=getMsg HTTP/1.1" 200 27
180.175.103.167 - - [26/May/2022:09:42:34 +0800] "GET /xingrg/all/function/internal_message.html?_=1653529274844&CODE_STATE=getMsg HTTP/1.1" 200 27
58.39.61.91 - - [26/May/2022:09:42:36 +0800] "GET /xingrg/all/function/internal_message.html?_=1653529319437&CODE_STATE=getMsg HTTP/1.1" 200 27
180.156.212.250 - - [26/May/2022:09:42:37 +0800] "GET /xingrg/all/function/internal_message.html?_=1653529424814&CODE_STATE=getMsg HTTP/1.1" 200 27
116.235.92.88 - - [26/May/2022:09:42:41 +0800] "GET /xingrg/all/function/internal_message.html?_=1653529535292&CODE_STATE=getMsg HTTP/1.1" 200 27
58.35.196.179 - - [26/May/2022:09:42:46 +0800] "GET /xingrg/all/function/internal_message.html?_=1653529364170&CODE_STATE=getMsg HTTP/1.1" 200 27
120.253.135.82 - - [26/May/2022:09:42:52 +0800] "GET /xingrg/kc/pszx/mdps_order_info.html?code=312022052300615 HTTP/1.1" 200 19643
120.253.135.82 - - [26/May/2022:09:42:52 +0800] "POST /xingrg/kc/pszx/mdps_order_operate.html HTTP/1.1" 200 5840
120.253.135.82 - - [26/May/2022:09:42:53 +0800] "GET /xingrg/javascript/easyui/themes/default/validatebox.css HTTP/1.1" 404 1104
120.253.135.82 - - [26/May/2022:09:42:53 +0800] "GET /xingrg/all/function/internal_message.html?_=1653529180199&CODE_STATE=getMsg HTTP/1.1" 200 27
116.230.110.173 - - [26/May/2022:09:43:03 +0800] "GET /xingrg/all/function/internal_message.html?_=1653529370165&CODE_STATE=getMsg HTTP/1.1" 200 27
180.156.212.250 - - [26/May/2022:09:43:06 +0800] "GET /xingrg/kc/buy/cgsh_order_add.html HTTP/1.1" 200 67522
180.156.212.250 - - [26/May/2022:09:43:08 +0800] "POST /xingrg/kc/buy/cgsh_order_operate.html HTTP/1.1" 200 8245
180.156.212.250 - - [26/May/2022:09:43:08 +0800] "GET /xingrg/javascript/easyui/themes/default/validatebox.css HTTP/1.1" 404 1104
218.81.223.53 - - [26/May/2022:09:43:09 +0800] "GET /xingrg/all/function/internal_message.html?_=1653529400233&CODE_STATE=getMsg HTTP/1.1" 200 27
120.253.135.82 - - [26/May/2022:09:43:15 +0800] "POST /xingrg/kc/pszx/mdps_list_operate.html HTTP/1.1" 200 4277
180.156.212.250 - - [26/May/2022:09:43:17 +0800] "GET /xingrg/kc/buy/cgsh_order_operate.html?command=get_materiel&rest_code=00102&code=00101002027&supplier_code=00100151&order_time=2022-05-26 HTTP/1.1" 200 431
58.39.61.91 - - [26/May/2022:09:43:20 +0800] "GET /xingrg/all/function/internal_message.html?_=1653529397205&CODE_STATE=getMsg HTTP/1.1" 200 27
222.70.180.114 - - [26/May/2022:09:43:21 +0800] "GET /xingrg/all/function/internal_message.html?_=1653529392103&CODE_STATE=getMsg HTTP/1.1" 200 27
120.253.135.82 - - [26/May/2022:09:43:25 +0800] "POST /xingrg/kc/pszx/mdps_list_operate.html HTTP/1.1" 200 1708
120.253.135.82 - - [26/May/2022:09:43:26 +0800] "POST /xingrg/kc/pszx/mdps_list_operate.html HTTP/1.1" 200 426
120.253.135.82 - - [26/May/2022:09:43:27 +0800] "GET /xingrg/kc/pszx/mdps_order_info.html?code=312022052600744 HTTP/1.1" 200 23989
120.253.135.82 - - [26/May/2022:09:43:28 +0800] "POST /xingrg/kc/pszx/mdps_order_operate.html HTTP/1.1" 200 3736
120.253.135.82 - - [26/May/2022:09:43:28 +0800] "GET /xingrg/javascript/easyui/themes/default/validatebox.css HTTP/1.1" 404 1104
114.83.218.142 - - [26/May/2022:09:43:31 +0800] "GET /xingrg/check_reg.html?_=1653529406342 HTTP/1.1" 200 22
114.83.218.142 - - [26/May/2022:09:43:31 +0800] "GET /xingrg/all/function/internal_message.html?_=1653529406344&CODE_STATE=getMsg HTTP/1.1" 200 27
180.175.103.167 - - [26/May/2022:09:43:34 +0800] "GET /xingrg/all/function/internal_message.html?_=1653529334830&CODE_STATE=getMsg HTTP/1.1" 200 27
120.253.135.82 - - [26/May/2022:09:43:34 +0800] "GET /xingrg/kc/print/load_data.html?order_code=312022052600744&kc_code=mdps&condition= HTTP/1.1" 200 1380
58.39.61.91 - - [26/May/2022:09:43:36 +0800] "GET /xingrg/all/function/internal_message.html?_=1653529379460&CODE_STATE=getMsg HTTP/1.1" 200 27
180.156.212.250 - - [26/May/2022:09:43:37 +0800] "GET /xingrg/all/function/internal_message.html?_=1653529484828&CODE_STATE=getMsg HTTP/1.1" 200 27
180.156.212.250 - - [26/May/2022:09:43:38 +0800] "POST /xingrg/kc/buy/cgsh_order_operate.html HTTP/1.1" 200 37
116.235.92.88 - - [26/May/2022:09:43:41 +0800] "GET /xingrg/all/function/internal_message.html?_=1653529595306&CODE_STATE=getMsg HTTP/1.1" 200 27
180.156.212.250 - - [26/May/2022:09:43:42 +0800] "POST /xingrg/kc/buy/cgsh_order_operate.html HTTP/1.1" 200 12
120.253.135.82 - - [26/May/2022:09:43:44 +0800] "POST /xingrg/kc/pszx/mdps_order_operate.html HTTP/1.1" 200 37
120.253.135.82 - - [26/May/2022:09:43:45 +0800] "POST /xingrg/kc/pszx/mdps_order_operate.html HTTP/1.1" 200 12
180.156.212.250 - - [26/May/2022:09:43:46 +0800] "GET /xingrg/kc/buy/cgsh_order_info.html?code=212022052601654 HTTP/1.1" 200 62413
58.35.196.179 - - [26/May/2022:09:43:46 +0800] "GET /xingrg/all/function/internal_message.html?_=1653529424172&CODE_STATE=getMsg HTTP/1.1" 200 27
180.156.212.250 - - [26/May/2022:09:43:47 +0800] "GET /xingrg/javascript/easyui/themes/default/validatebox.css HTTP/1.1" 404 1104
120.253.135.82 - - [26/May/2022:09:43:47 +0800] "GET /xingrg/kc/pszx/mdps_order_info.html?code=312022052600744 HTTP/1.1" 200 19649
180.156.212.250 - - [26/May/2022:09:43:47 +0800] "POST /xingrg/kc/buy/cgsh_order_operate.html HTTP/1.1" 200 614
120.253.135.82 - - [26/May/2022:09:43:48 +0800] "POST /xingrg/kc/pszx/mdps_order_operate.html HTTP/1.1" 200 1938
120.253.135.82 - - [26/May/2022:09:43:48 +0800] "GET /xingrg/javascript/easyui/themes/default/validatebox.css HTTP/1.1" 404 1104
180.156.212.250 - - [26/May/2022:09:43:49 +0800] "GET /xingrg/kc/print/load_data.html?order_code=212022052601654&kc_code=cgsh&condition= HTTP/1.1" 200 673
180.175.103.167 - - [26/May/2022:09:43:50 +0800] "GET /xingrg/check_reg.html?_=1653529350854 HTTP/1.1" 200 22
120.253.135.82 - - [26/May/2022:09:43:53 +0800] "GET /xingrg/all/function/internal_message.html?_=1653529240209&CODE_STATE=getMsg HTTP/1.1" 200 27
116.230.110.173 - - [26/May/2022:09:44:03 +0800] "GET /xingrg/all/function/internal_message.html?_=1653529430185&CODE_STATE=getMsg HTTP/1.1" 200 27
114.83.218.142 - - [26/May/2022:09:44:08 +0800] "POST /xingrg/kc/mdqp/pssh_list_operate.html HTTP/1.1" 200 5514
218.81.223.53 - - [26/May/2022:09:44:09 +0800] "GET /xingrg/all/function/internal_message.html?_=1653529460356&CODE_STATE=getMsg HTTP/1.1" 200 27
114.83.218.142 - - [26/May/2022:09:44:12 +0800] "POST /xingrg/kc/mdqp/pssh_list_operate.html HTTP/1.1" 200 5627
114.83.218.142 - - [26/May/2022:09:44:14 +0800] "POST /xingrg/kc/mdqp/pssh_list_operate.html HTTP/1.1" 200 5514
114.83.218.142 - - [26/May/2022:09:44:17 +0800] "POST /xingrg/kc/mdqp/pssh_list_operate.html HTTP/1.1" 200 458
58.39.61.91 - - [26/May/2022:09:44:19 +0800] "GET /xingrg/check_reg.html?_=1653529422609 HTTP/1.1" 200 22
58.39.61.91 - - [26/May/2022:09:44:20 +0800] "GET /xingrg/check_reg.html?_=1653529457203 HTTP/1.1" 200 22
58.39.61.91 - - [26/May/2022:09:44:20 +0800] "GET /xingrg/all/function/internal_message.html?_=1653529457205&CODE_STATE=getMsg HTTP/1.1" 200 27
222.70.180.114 - - [26/May/2022:09:44:21 +0800] "GET /xingrg/all/function/internal_message.html?_=1653529452112&CODE_STATE=getMsg HTTP/1.1" 200 27
114.83.218.142 - - [26/May/2022:09:44:25 +0800] "POST /xingrg/kc/mdqp/pssh_list_operate.html HTTP/1.1" 200 260
114.83.218.142 - - [26/May/2022:09:44:27 +0800] "POST /xingrg/kc/mdqp/pssh_list_operate.html HTTP/1.1" 200 763
114.83.218.142 - - [26/May/2022:09:44:31 +0800] "GET /xingrg/all/function/internal_message.html?_=1653529466345&CODE_STATE=getMsg HTTP/1.1" 200 27
114.83.218.142 - - [26/May/2022:09:44:31 +0800] "POST /xingrg/kc/mdqp/pssh_list_operate.html HTTP/1.1" 200 769
180.156.212.250 - - [26/May/2022:09:44:32 +0800] "GET /xingrg/kc/buy/cgsh_order_add.html HTTP/1.1" 200 67522
180.156.212.250 - - [26/May/2022:09:44:33 +0800] "POST /xingrg/kc/buy/cgsh_order_operate.html HTTP/1.1" 200 8245
180.156.212.250 - - [26/May/2022:09:44:34 +0800] "GET /xingrg/javascript/easyui/themes/default/validatebox.css HTTP/1.1" 404 1104
180.175.103.167 - - [26/May/2022:09:44:34 +0800] "GET /xingrg/all/function/internal_message.html?_=1653529394802&CODE_STATE=getMsg HTTP/1.1" 200 27
114.83.218.142 - - [26/May/2022:09:44:34 +0800] "POST /xingrg/kc/mdqp/pssh_list_operate.html HTTP/1.1" 200 769
58.39.61.91 - - [26/May/2022:09:44:36 +0800] "GET /xingrg/all/function/internal_message.html?_=1653529439464&CODE_STATE=getMsg HTTP/1.1" 200 27
114.83.218.142 - - [26/May/2022:09:44:36 +0800] "GET /xingrg/kc/mdqp/pssh_order_info.html?code=312022052500687 HTTP/1.1" 200 17281
114.83.218.142 - - [26/May/2022:09:44:36 +0800] "GET /xingrg/javascript/jquery_tools/jquery-1.4.2.min.js HTTP/1.1" 404 1094
114.83.218.142 - - [26/May/2022:09:44:36 +0800] "POST /xingrg/kc/mdqp/pssh_list_operate.html HTTP/1.1" 200 5514
114.83.218.142 - - [26/May/2022:09:44:37 +0800] "POST /xingrg/kc/mdqp/pssh_order_operate.html HTTP/1.1" 200 6691
114.83.218.142 - - [26/May/2022:09:44:37 +0800] "GET /xingrg/javascript/easyui/themes/default/validatebox.css HTTP/1.1" 404 1104
180.156.212.250 - - [26/May/2022:09:44:37 +0800] "GET /xingrg/all/function/internal_message.html?_=1653529544842&CODE_STATE=getMsg HTTP/1.1" 200 27
116.235.92.88 - - [26/May/2022:09:44:41 +0800] "GET /xingrg/all/function/internal_message.html?_=1653529655330&CODE_STATE=getMsg HTTP/1.1" 200 27
120.253.135.82 - - [26/May/2022:09:44:45 +0800] "GET /xingrg/check_reg.html?_=1653529292815 HTTP/1.1" 200 22
58.35.196.179 - - [26/May/2022:09:44:46 +0800] "GET /xingrg/all/function/internal_message.html?_=1653529484174&CODE_STATE=getMsg HTTP/1.1" 200 27
180.156.212.250 - - [26/May/2022:09:44:51 +0800] "GET /xingrg/javascript/easyui/themes/default/tree.css HTTP/1.1" 404 1090
180.156.212.250 - - [26/May/2022:09:44:51 +0800] "POST /xingrg/all/common/load_tree.html?tree=supplier_tree_json&isDelete=1 HTTP/1.1" 200 66214
120.253.135.82 - - [26/May/2022:09:44:53 +0800] "GET /xingrg/all/function/internal_message.html?_=1653529300224&CODE_STATE=getMsg HTTP/1.1" 200 27
120.253.135.82 - - [26/May/2022:09:45:01 +0800] "POST /xingrg/kc/pszx/mdps_list_operate.html HTTP/1.1" 200 868
116.230.110.173 - - [26/May/2022:09:45:03 +0800] "GET /xingrg/check_reg.html?_=1653529490175 HTTP/1.1" 200 22
116.230.110.173 - - [26/May/2022:09:45:03 +0800] "GET /xingrg/all/function/internal_message.html?_=1653529490175&CODE_STATE=getMsg HTTP/1.1" 200 27
222.70.180.114 - - [26/May/2022:09:45:03 +0800] "GET /xingrg/check_reg.html?_=1653529494484 HTTP/1.1" 200 22
218.81.223.53 - - [26/May/2022:09:45:09 +0800] "GET /xingrg/all/function/internal_message.html?_=1653529520370&CODE_STATE=getMsg HTTP/1.1" 200 27
120.253.135.82 - - [26/May/2022:09:45:10 +0800] "POST /xingrg/kc/pszx/mdps_list_operate.html HTTP/1.1" 200 3210
120.253.135.82 - - [26/May/2022:09:45:14 +0800] "POST /xingrg/kc/pszx/mdps_list_operate.html HTTP/1.1" 200 445
120.253.135.82 - - [26/May/2022:09:45:14 +0800] "GET /xingrg/kc/pszx/mdps_order_info.html?code=312022052600742 HTTP/1.1" 200 23987
120.253.135.82 - - [26/May/2022:09:45:15 +0800] "POST /xingrg/kc/pszx/mdps_order_operate.html HTTP/1.1" 200 3779
120.253.135.82 - - [26/May/2022:09:45:15 +0800] "GET /xingrg/javascript/easyui/themes/default/validatebox.css HTTP/1.1" 404 1104
120.253.135.82 - - [26/May/2022:09:45:17 +0800] "GET /xingrg/kc/print/load_data.html?order_code=312022052600742&kc_code=mdps&condition= HTTP/1.1" 200 1404
58.39.61.91 - - [26/May/2022:09:45:20 +0800] "GET /xingrg/all/function/internal_message.html?_=1653529517202&CODE_STATE=getMsg HTTP/1.1" 200 27
222.70.180.114 - - [26/May/2022:09:45:21 +0800] "GET /xingrg/all/function/internal_message.html?_=1653529512083&CODE_STATE=getMsg HTTP/1.1" 200 27
120.253.135.82 - - [26/May/2022:09:45:25 +0800] "POST /xingrg/kc/pszx/mdps_list_operate.html HTTP/1.1" 200 3210
120.253.135.82 - - [26/May/2022:09:45:27 +0800] "POST /xingrg/kc/pszx/mdps_list_operate.html HTTP/1.1" 200 580
120.253.135.82 - - [26/May/2022:09:45:27 +0800] "GET /xingrg/kc/pszx/mdps_order_info.html?code=312022052600743 HTTP/1.1" 200 23989
120.253.135.82 - - [26/May/2022:09:45:28 +0800] "POST /xingrg/kc/pszx/mdps_order_operate.html HTTP/1.1" 200 5206
120.253.135.82 - - [26/May/2022:09:45:28 +0800] "GET /xingrg/javascript/easyui/themes/default/validatebox.css HTTP/1.1" 404 1104
120.253.135.82 - - [26/May/2022:09:45:30 +0800] "GET /xingrg/kc/print/load_data.html?order_code=312022052600743&kc_code=mdps&condition= HTTP/1.1" 200 2042
114.83.218.142 - - [26/May/2022:09:45:31 +0800] "GET /xingrg/all/function/internal_message.html?_=1653529526357&CODE_STATE=getMsg HTTP/1.1" 200 27
180.175.103.167 - - [26/May/2022:09:45:34 +0800] "GET /xingrg/all/function/internal_message.html?_=1653529454788&CODE_STATE=getMsg HTTP/1.1" 200 27
180.156.212.250 - - [26/May/2022:09:45:35 +0800] "GET /xingrg/check_reg.html?_=1653529602826 HTTP/1.1" 200 22
58.39.61.91 - - [26/May/2022:09:45:36 +0800] "GET /xingrg/all/function/internal_message.html?_=1653529499478&CODE_STATE=getMsg HTTP/1.1" 200 27
180.156.212.250 - - [26/May/2022:09:45:37 +0800] "GET /xingrg/all/function/internal_message.html?_=1653529604856&CODE_STATE=getMsg HTTP/1.1" 200 27
116.235.92.88 - - [26/May/2022:09:45:41 +0800] "GET /xingrg/all/function/internal_message.html?_=1653529715329&CODE_STATE=getMsg HTTP/1.1" 200 27
116.235.92.88 - - [26/May/2022:09:45:41 +0800] "GET /xingrg/check_reg.html?_=1653529715327 HTTP/1.1" 200 22
58.35.196.179 - - [26/May/2022:09:45:46 +0800] "GET /xingrg/all/function/internal_message.html?_=1653529544177&CODE_STATE=getMsg HTTP/1.1" 200 27
120.253.135.82 - - [26/May/2022:09:45:53 +0800] "GET /xingrg/all/function/internal_message.html?_=1653529360345&CODE_STATE=getMsg HTTP/1.1" 200 27
180.156.212.250 - - [26/May/2022:09:45:53 +0800] "GET /xingrg/kc/buy/cgsh_order_operate.html?command=get_materiel&rest_code=00102&code=00101002022&supplier_code=00100545&order_time=2022-05-26 HTTP/1.1" 200 409
116.230.110.173 - - [26/May/2022:09:46:03 +0800] "GET /xingrg/all/function/internal_message.html?_=1653529550173&CODE_STATE=getMsg HTTP/1.1" 200 27
180.156.212.250 - - [26/May/2022:09:46:07 +0800] "POST /xingrg/kc/buy/cgsh_order_operate.html HTTP/1.1" 200 37
116.232.37.91 - - [26/May/2022:09:46:08 +0800] "POST /xingrg/services/DataTransmitService HTTP/1.1" 200 524
218.81.223.53 - - [26/May/2022:09:46:09 +0800] "GET /xingrg/all/function/internal_message.html?_=1653529580518&CODE_STATE=getMsg HTTP/1.1" 200 27
180.156.212.250 - - [26/May/2022:09:46:10 +0800] "POST /xingrg/kc/buy/cgsh_order_operate.html HTTP/1.1" 200 12
180.156.212.250 - - [26/May/2022:09:46:11 +0800] "GET /xingrg/kc/buy/cgsh_order_info.html?code=212022052601655 HTTP/1.1" 200 62415
180.156.212.250 - - [26/May/2022:09:46:12 +0800] "GET /xingrg/javascript/easyui/themes/default/validatebox.css HTTP/1.1" 404 1104
180.156.212.250 - - [26/May/2022:09:46:13 +0800] "POST /xingrg/kc/buy/cgsh_order_operate.html HTTP/1.1" 200 609
180.156.212.250 - - [26/May/2022:09:46:15 +0800] "GET /xingrg/kc/print/load_data.html?order_code=212022052601655&kc_code=cgsh&condition= HTTP/1.1" 200 671
218.81.223.53 - - [26/May/2022:09:46:15 +0800] "GET /xingrg/check_reg.html?_=1653529586642 HTTP/1.1" 200 22
58.39.61.91 - - [26/May/2022:09:46:20 +0800] "GET /xingrg/all/function/internal_message.html?_=1653529577215&CODE_STATE=getMsg HTTP/1.1" 200 27
222.70.180.114 - - [26/May/2022:09:46:21 +0800] "GET /xingrg/all/function/internal_message.html?_=1653529572067&CODE_STATE=getMsg HTTP/1.1" 200 27
114.83.218.142 - - [26/May/2022:09:46:31 +0800] "GET /xingrg/all/function/internal_message.html?_=1653529586354&CODE_STATE=getMsg HTTP/1.1" 200 27
180.175.103.167 - - [26/May/2022:09:46:34 +0800] "GET /xingrg/all/function/internal_message.html?_=1653529514758&CODE_STATE=getMsg HTTP/1.1" 200 27
58.39.61.91 - - [26/May/2022:09:46:36 +0800] "GET /xingrg/all/function/internal_message.html?_=1653529559501&CODE_STATE=getMsg HTTP/1.1" 200 27
180.156.212.250 - - [26/May/2022:09:46:37 +0800] "GET /xingrg/all/function/internal_message.html?_=1653529665397&CODE_STATE=getMsg HTTP/1.1" 200 27
58.39.61.91 - - [26/May/2022:09:46:40 +0800] "POST /xingrg/kc/buy/cgsh_order_operate.html HTTP/1.1" 200 37
116.235.92.88 - - [26/May/2022:09:46:41 +0800] "GET /xingrg/all/function/internal_message.html?_=1653529775328&CODE_STATE=getMsg HTTP/1.1" 200 27
58.39.61.91 - - [26/May/2022:09:46:43 +0800] "POST /xingrg/kc/buy/cgsh_order_operate.html HTTP/1.1" 200 12
58.39.61.91 - - [26/May/2022:09:46:44 +0800] "GET /xingrg/kc/buy/cgsh_order_info.html?code=212022052301477 HTTP/1.1" 200 62029
58.39.61.91 - - [26/May/2022:09:46:44 +0800] "GET /xingrg/javascript/easyui/themes/default/validatebox.css HTTP/1.1" 404 1104
58.39.61.91 - - [26/May/2022:09:46:45 +0800] "POST /xingrg/kc/buy/cgsh_order_operate.html HTTP/1.1" 200 16251
58.35.196.179 - - [26/May/2022:09:46:46 +0800] "GET /xingrg/check_reg.html?_=1653529604179 HTTP/1.1" 200 22
58.35.196.179 - - [26/May/2022:09:46:46 +0800] "GET /xingrg/all/function/internal_message.html?_=1653529604181&CODE_STATE=getMsg HTTP/1.1" 200 27
58.39.61.91 - - [26/May/2022:09:46:46 +0800] "GET /xingrg/kc/print/load_config.html?kc_code=cgsh HTTP/1.1" 200 1943
58.39.61.91 - - [26/May/2022:09:46:47 +0800] "GET /xingrg/kc/print/load_data.html?order_code=212022052301477&kc_code=cgsh&condition= HTTP/1.1" 200 6840
120.253.135.82 - - [26/May/2022:09:46:51 +0800] "POST /xingrg/kc/pszx/mdps_order_operate.html HTTP/1.1" 200 37
120.253.135.82 - - [26/May/2022:09:46:53 +0800] "POST /xingrg/kc/pszx/mdps_order_operate.html HTTP/1.1" 200 12
120.253.135.82 - - [26/May/2022:09:46:54 +0800] "GET /xingrg/kc/pszx/mdps_order_info.html?code=312022052600743 HTTP/1.1" 200 19649
120.253.135.82 - - [26/May/2022:09:46:55 +0800] "POST /xingrg/kc/pszx/mdps_order_operate.html HTTP/1.1" 200 3386
120.253.135.82 - - [26/May/2022:09:46:55 +0800] "GET /xingrg/all/function/internal_message.html?_=1653529422317&CODE_STATE=getMsg HTTP/1.1" 200 27
120.253.135.82 - - [26/May/2022:09:46:55 +0800] "GET /xingrg/javascript/easyui/themes/default/validatebox.css HTTP/1.1" 404 1104
120.253.135.82 - - [26/May/2022:09:46:55 +0800] "POST /xingrg/kc/pszx/mdps_list_operate.html HTTP/1.1" 200 2821
58.39.61.91 - - [26/May/2022:09:46:56 +0800] "POST /xingrg/kc/buy/cgsh_list_operate.html HTTP/1.1" 200 581
58.39.61.91 - - [26/May/2022:09:46:56 +0800] "GET /xingrg/kc/buy/cgsh_order_info.html?code=212022052401506 HTTP/1.1" 200 67135
58.39.61.91 - - [26/May/2022:09:46:57 +0800] "GET /xingrg/javascript/easyui/themes/default/validatebox.css HTTP/1.1" 404 1104
120.253.135.82 - - [26/May/2022:09:46:57 +0800] "POST /xingrg/kc/pszx/mdps_list_operate.html HTTP/1.1" 200 445
58.39.61.91 - - [26/May/2022:09:46:57 +0800] "POST /xingrg/kc/buy/cgsh_order_operate.html HTTP/1.1" 200 11733
120.253.135.82 - - [26/May/2022:09:46:58 +0800] "GET /xingrg/kc/pszx/mdps_order_info.html?code=312022052600742 HTTP/1.1" 200 23987
120.253.135.82 - - [26/May/2022:09:46:58 +0800] "POST /xingrg/kc/pszx/mdps_order_operate.html HTTP/1.1" 200 3779
120.253.135.82 - - [26/May/2022:09:46:58 +0800] "GET /xingrg/javascript/easyui/themes/default/validatebox.css HTTP/1.1" 404 1104
120.253.135.82 - - [26/May/2022:09:47:02 +0800] "POST /xingrg/kc/pszx/mdps_order_operate.html HTTP/1.1" 200 37
116.230.110.173 - - [26/May/2022:09:47:03 +0800] "GET /xingrg/all/function/internal_message.html?_=1653529610174&CODE_STATE=getMsg HTTP/1.1" 200 27
120.253.135.82 - - [26/May/2022:09:47:04 +0800] "POST /xingrg/kc/pszx/mdps_order_operate.html HTTP/1.1" 200 12
218.81.223.53 - - [26/May/2022:09:47:09 +0800] "GET /xingrg/all/function/internal_message.html?_=1653529640522&CODE_STATE=getMsg HTTP/1.1" 200 27
58.39.61.91 - - [26/May/2022:09:47:20 +0800] "GET /xingrg/all/function/internal_message.html?_=1653529637220&CODE_STATE=getMsg HTTP/1.1" 200 27
222.70.180.114 - - [26/May/2022:09:47:21 +0800] "GET /xingrg/all/function/internal_message.html?_=1653529632051&CODE_STATE=getMsg HTTP/1.1" 200 27
114.83.218.142 - - [26/May/2022:09:47:31 +0800] "GET /xingrg/all/function/internal_message.html?_=1653529646356&CODE_STATE=getMsg HTTP/1.1" 200 27
180.175.103.167 - - [26/May/2022:09:47:34 +0800] "GET /xingrg/all/function/internal_message.html?_=1653529574742&CODE_STATE=getMsg HTTP/1.1" 200 27
58.39.61.91 - - [26/May/2022:09:47:36 +0800] "GET /xingrg/all/function/internal_message.html?_=1653529619505&CODE_STATE=getMsg HTTP/1.1" 200 27
180.156.212.250 - - [26/May/2022:09:47:37 +0800] "GET /xingrg/all/function/internal_message.html?_=1653529725412&CODE_STATE=getMsg HTTP/1.1" 200 27
116.235.92.88 - - [26/May/2022:09:47:41 +0800] "GET /xingrg/all/function/internal_message.html?_=1653529835326&CODE_STATE=getMsg HTTP/1.1" 200 27
58.35.196.179 - - [26/May/2022:09:47:46 +0800] "GET /xingrg/all/function/internal_message.html?_=1653529664182&CODE_STATE=getMsg HTTP/1.1" 200 27
120.253.135.82 - - [26/May/2022:09:47:57 +0800] "GET /xingrg/kc/pszx/mdps_order_info.html?code=312022052600742 HTTP/1.1" 200 19647
120.253.135.82 - - [26/May/2022:09:47:58 +0800] "POST /xingrg/kc/pszx/mdps_order_operate.html HTTP/1.1" 200 1982
120.253.135.82 - - [26/May/2022:09:47:58 +0800] "GET /xingrg/javascript/easyui/themes/default/validatebox.css HTTP/1.1" 404 1104
120.253.135.82 - - [26/May/2022:09:47:58 +0800] "GET /xingrg/all/function/internal_message.html?_=1653529485670&CODE_STATE=getMsg HTTP/1.1" 200 27
120.253.135.82 - - [26/May/2022:09:47:59 +0800] "POST /xingrg/kc/pszx/mdps_list_operate.html HTTP/1.1" 200 2437
116.230.110.173 - - [26/May/2022:09:48:03 +0800] "GET /xingrg/all/function/internal_message.html?_=1653529670169&CODE_STATE=getMsg HTTP/1.1" 200 27
218.81.223.53 - - [26/May/2022:09:48:09 +0800] "GET /xingrg/all/function/internal_message.html?_=1653529700535&CODE_STATE=getMsg HTTP/1.1" 200 27
58.39.61.91 - - [26/May/2022:09:48:20 +0800] "GET /xingrg/all/function/internal_message.html?_=1653529697216&CODE_STATE=getMsg HTTP/1.1" 200 27
222.70.180.114 - - [26/May/2022:09:48:21 +0800] "GET /xingrg/all/function/internal_message.html?_=1653529692034&CODE_STATE=getMsg HTTP/1.1" 200 27
120.253.135.82 - - [26/May/2022:09:48:26 +0800] "POST /xingrg/kc/pszx/mdps_list_operate.html HTTP/1.1" 200 3218
114.83.218.142 - - [26/May/2022:09:48:31 +0800] "GET /xingrg/all/function/internal_message.html?_=1653529706354&CODE_STATE=getMsg HTTP/1.1" 200 27
114.83.218.142 - - [26/May/2022:09:48:31 +0800] "GET /xingrg/check_reg.html?_=1653529706356 HTTP/1.1" 200 22
180.175.103.167 - - [26/May/2022:09:48:34 +0800] "GET /xingrg/all/function/internal_message.html?_=1653529634728&CODE_STATE=getMsg HTTP/1.1" 200 27
58.39.61.91 - - [26/May/2022:09:48:36 +0800] "GET /xingrg/all/function/internal_message.html?_=1653529679531&CODE_STATE=getMsg HTTP/1.1" 200 27
120.253.135.82 - - [26/May/2022:09:48:36 +0800] "POST /xingrg/kc/pszx/mdps_list_operate.html HTTP/1.1" 200 214
120.253.135.82 - - [26/May/2022:09:48:37 +0800] "GET /xingrg/kc/pszx/mdps_order_info.html?code=312022052600740 HTTP/1.1" 200 23987
180.156.212.250 - - [26/May/2022:09:48:38 +0800] "GET /xingrg/all/function/internal_message.html?_=1653529785641&CODE_STATE=getMsg HTTP/1.1" 200 27
120.253.135.82 - - [26/May/2022:09:48:38 +0800] "POST /xingrg/kc/pszx/mdps_order_operate.html HTTP/1.1" 200 2304
120.253.135.82 - - [26/May/2022:09:48:38 +0800] "GET /xingrg/javascript/easyui/themes/default/validatebox.css HTTP/1.1" 404 1104
120.253.135.82 - - [26/May/2022:09:48:40 +0800] "GET /xingrg/kc/print/load_data.html?order_code=312022052600740&kc_code=mdps&condition= HTTP/1.1" 200 729
116.235.92.88 - - [26/May/2022:09:48:41 +0800] "GET /xingrg/all/function/internal_message.html?_=1653529895324&CODE_STATE=getMsg HTTP/1.1" 200 27
120.253.135.82 - - [26/May/2022:09:48:46 +0800] "POST /xingrg/kc/pszx/mdps_list_operate.html HTTP/1.1" 200 3218
58.35.196.179 - - [26/May/2022:09:48:46 +0800] "GET /xingrg/all/function/internal_message.html?_=1653529724183&CODE_STATE=getMsg HTTP/1.1" 200 27
120.253.135.82 - - [26/May/2022:09:48:48 +0800] "POST /xingrg/kc/pszx/mdps_list_operate.html HTTP/1.1" 200 582
120.253.135.82 - - [26/May/2022:09:48:49 +0800] "GET /xingrg/kc/pszx/mdps_order_info.html?code=312022052600741 HTTP/1.1" 200 23989
120.253.135.82 - - [26/May/2022:09:48:50 +0800] "POST /xingrg/kc/pszx/mdps_order_operate.html HTTP/1.1" 200 4721
120.253.135.82 - - [26/May/2022:09:48:50 +0800] "GET /xingrg/javascript/easyui/themes/default/validatebox.css HTTP/1.1" 404 1104
180.175.103.167 - - [26/May/2022:09:48:50 +0800] "GET /xingrg/check_reg.html?_=1653529650846 HTTP/1.1" 200 22
120.253.135.82 - - [26/May/2022:09:48:52 +0800] "GET /xingrg/kc/print/load_data.html?order_code=312022052600741&kc_code=mdps&condition= HTTP/1.1" 200 1812
120.253.135.82 - - [26/May/2022:09:48:58 +0800] "GET /xingrg/all/function/internal_message.html?_=1653529545676&CODE_STATE=getMsg HTTP/1.1" 200 27
116.230.110.173 - - [26/May/2022:09:49:03 +0800] "GET /xingrg/all/function/internal_message.html?_=1653529730181&CODE_STATE=getMsg HTTP/1.1" 200 27
218.81.223.53 - - [26/May/2022:09:49:09 +0800] "GET /xingrg/all/function/internal_message.html?_=1653529760676&CODE_STATE=getMsg HTTP/1.1" 200 27
58.39.61.91 - - [26/May/2022:09:49:19 +0800] "GET /xingrg/check_reg.html?_=1653529722610 HTTP/1.1" 200 22
58.39.61.91 - - [26/May/2022:09:49:20 +0800] "GET /xingrg/check_reg.html?_=1653529757228 HTTP/1.1" 200 22
58.39.61.91 - - [26/May/2022:09:49:20 +0800] "GET /xingrg/all/function/internal_message.html?_=1653529757231&CODE_STATE=getMsg HTTP/1.1" 200 27
222.70.180.114 - - [26/May/2022:09:49:21 +0800] "GET /xingrg/all/function/internal_message.html?_=1653529752018&CODE_STATE=getMsg HTTP/1.1" 200 27
180.156.212.250 - - [26/May/2022:09:49:27 +0800] "GET /xingrg/kc/base/yddb_order_list.html HTTP/1.1" 200 16707
180.156.212.250 - - [26/May/2022:09:49:27 +0800] "POST /xingrg/kc/base/yddb_list_operate.html HTTP/1.1" 200 636
180.156.212.250 - - [26/May/2022:09:49:31 +0800] "POST /xingrg/kc/base/yddb_list_operate.html HTTP/1.1" 200 4381
114.83.218.142 - - [26/May/2022:09:49:31 +0800] "GET /xingrg/all/function/internal_message.html?_=1653529766359&CODE_STATE=getMsg HTTP/1.1" 200 27
180.156.212.250 - - [26/May/2022:09:49:33 +0800] "POST /xingrg/kc/base/yddb_list_operate.html HTTP/1.1" 200 205
180.156.212.250 - - [26/May/2022:09:49:33 +0800] "GET /xingrg/kc/base/yddb_order_info.html?code=482022052600208 HTTP/1.1" 200 31601
180.156.212.250 - - [26/May/2022:09:49:33 +0800] "GET /xingrg/dwr/interface/AjaxComOrderService.js HTTP/1.1" 200 18264
180.156.212.250 - - [26/May/2022:09:49:33 +0800] "GET /xingrg/dwr/interface/AjaxYddbService.js HTTP/1.1" 200 13201
180.156.212.250 - - [26/May/2022:09:49:33 +0800] "GET /xingrg/dwr/engine.js HTTP/1.1" 200 43631
180.156.212.250 - - [26/May/2022:09:49:33 +0800] "GET /xingrg/javascript/jquery_easy_ui/themes/icons/print.png HTTP/1.1" 200 1057
180.156.212.250 - - [26/May/2022:09:49:33 +0800] "GET /xingrg/javascript/jquery_easy_ui/themes/default/images/menu_downarrow.png HTTP/1.1" 200 173
180.156.212.250 - - [26/May/2022:09:49:33 +0800] "GET /xingrg/javascript/jquery_easy_ui/themes/icons/back_new.png HTTP/1.1" 200 3414
180.156.212.250 - - [26/May/2022:09:49:33 +0800] "POST /xingrg/dwr/call/plaincall/AjaxYddbService.loadMaterielItems.dwr HTTP/1.1" 200 405
180.175.103.167 - - [26/May/2022:09:49:34 +0800] "GET /xingrg/all/function/internal_message.html?_=1653529694700&CODE_STATE=getMsg HTTP/1.1" 200 27
58.39.61.91 - - [26/May/2022:09:49:36 +0800] "GET /xingrg/all/function/internal_message.html?_=1653529739532&CODE_STATE=getMsg HTTP/1.1" 200 27
180.156.212.250 - - [26/May/2022:09:49:38 +0800] "GET /xingrg/all/function/internal_message.html?_=1653529845641&CODE_STATE=getMsg HTTP/1.1" 200 27
116.235.92.88 - - [26/May/2022:09:49:41 +0800] "GET /xingrg/all/function/internal_message.html?_=1653529955323&CODE_STATE=getMsg HTTP/1.1" 200 27
58.39.61.91 - - [26/May/2022:09:49:45 +0800] "POST /xingrg/kc/buy/cgsh_order_operate.html HTTP/1.1" 200 37
120.253.135.82 - - [26/May/2022:09:49:45 +0800] "GET /xingrg/check_reg.html?_=1653529593035 HTTP/1.1" 200 22
58.35.196.179 - - [26/May/2022:09:49:46 +0800] "GET /xingrg/all/function/internal_message.html?_=1653529784168&CODE_STATE=getMsg HTTP/1.1" 200 27
58.39.61.91 - - [26/May/2022:09:49:48 +0800] "POST /xingrg/kc/buy/cgsh_order_operate.html HTTP/1.1" 200 12
58.39.61.91 - - [26/May/2022:09:49:49 +0800] "GET /xingrg/kc/buy/cgsh_order_info.html?code=212022052401506 HTTP/1.1" 200 62029
58.39.61.91 - - [26/May/2022:09:49:49 +0800] "GET /xingrg/javascript/easyui/themes/default/validatebox.css HTTP/1.1" 404 1104
58.39.61.91 - - [26/May/2022:09:49:50 +0800] "POST /xingrg/kc/buy/cgsh_order_operate.html HTTP/1.1" 200 9678
