116.235.92.88 - - [26/May/2022:09:59:41 +0800] "GET /xingrg/all/function/internal_message.html?_=1653530555322&CODE_STATE=getMsg HTTP/1.1" 200 27
180.175.103.167 - - [26/May/2022:09:59:43 +0800] "GET /xingrg/all/function/internal_message.html?_=1653530303657&CODE_STATE=getMsg HTTP/1.1" 200 27
120.253.135.82 - - [26/May/2022:09:59:45 +0800] "GET /xingrg/check_reg.html?_=1653530193051 HTTP/1.1" 200 22
58.35.196.179 - - [26/May/2022:09:59:46 +0800] "GET /xingrg/all/function/internal_message.html?_=1653530384171&CODE_STATE=getMsg HTTP/1.1" 200 27
180.175.103.167 - - [26/May/2022:09:59:47 +0800] "POST /xingrg/kc/mdqp/pssh_list_operate.html HTTP/1.1" 200 765
180.175.103.167 - - [26/May/2022:09:59:48 +0800] "GET /xingrg/kc/mdqp/pssh_order_info.html?code=312022052500719 HTTP/1.1" 200 17275
180.175.103.167 - - [26/May/2022:09:59:48 +0800] "GET /xingrg/javascript/jquery_tools/jquery-1.4.2.min.js HTTP/1.1" 404 1094
180.175.103.167 - - [26/May/2022:09:59:49 +0800] "POST /xingrg/kc/mdqp/pssh_order_operate.html HTTP/1.1" 200 5689
180.175.103.167 - - [26/May/2022:09:59:49 +0800] "GET /xingrg/javascript/easyui/themes/default/validatebox.css HTTP/1.1" 404 1104
180.175.103.167 - - [26/May/2022:09:59:52 +0800] "POST /xingrg/all/common/load_combo.html?type=employee HTTP/1.1" 200 356
180.175.103.167 - - [26/May/2022:09:59:55 +0800] "POST /xingrg/all/common/load_combo.html?type=employee HTTP/1.1" 200 356
180.175.103.167 - - [26/May/2022:09:59:58 +0800] "POST /xingrg/kc/mdqp/pssh_order_operate.html HTTP/1.1" 200 37
180.175.103.167 - - [26/May/2022:09:59:59 +0800] "POST /xingrg/kc/mdqp/pssh_order_operate.html HTTP/1.1" 200 5689
180.175.103.167 - - [26/May/2022:10:00:02 +0800] "POST /xingrg/kc/mdqp/pssh_order_operate.html HTTP/1.1" 200 37
180.175.103.167 - - [26/May/2022:10:00:02 +0800] "POST /xingrg/kc/mdqp/pssh_order_operate.html HTTP/1.1" 200 12
180.175.103.167 - - [26/May/2022:10:00:03 +0800] "GET /xingrg/kc/mdqp/pssh_order_info.html?code=312022052500719 HTTP/1.1" 200 14395
180.175.103.167 - - [26/May/2022:10:00:03 +0800] "GET /xingrg/javascript/jquery_tools/jquery-1.4.2.min.js HTTP/1.1" 404 1094
116.230.110.173 - - [26/May/2022:10:00:03 +0800] "GET /xingrg/all/function/internal_message.html?_=1653530390162&CODE_STATE=getMsg HTTP/1.1" 200 27
116.230.110.173 - - [26/May/2022:10:00:03 +0800] "GET /xingrg/check_reg.html?_=1653530390163 HTTP/1.1" 200 22
180.175.103.167 - - [26/May/2022:10:00:03 +0800] "POST /xingrg/kc/mdqp/pssh_order_operate.html HTTP/1.1" 200 5689
180.175.103.167 - - [26/May/2022:10:00:03 +0800] "GET /xingrg/javascript/easyui/themes/default/validatebox.css HTTP/1.1" 404 1104
222.70.180.114 - - [26/May/2022:10:00:03 +0800] "GET /xingrg/check_reg.html?_=1653530394476 HTTP/1.1" 200 22
180.175.103.167 - - [26/May/2022:10:00:04 +0800] "GET /xingrg/kc/print/load_data.html?order_code=312022052500719&kc_code=pssh&condition= HTTP/1.1" 200 2390
218.81.223.53 - - [26/May/2022:10:00:07 +0800] "GET /xingrg/kc/buy/cgsh_order_operate.html?command=get_materiel&rest_code=00146&code=00101037292&supplier_code=00100217&order_time=2022-05-25 HTTP/1.1" 200 426
218.81.223.53 - - [26/May/2022:10:00:10 +0800] "GET /xingrg/all/function/internal_message.html?_=1653530421527&CODE_STATE=getMsg HTTP/1.1" 200 27
120.253.135.82 - - [26/May/2022:10:00:11 +0800] "POST /xingrg/kc/pszx/mdps_order_operate.html HTTP/1.1" 200 37
180.175.103.167 - - [26/May/2022:10:00:12 +0800] "POST /xingrg/kc/mdqp/pssh_order_operate.html HTTP/1.1" 200 37
120.253.135.82 - - [26/May/2022:10:00:12 +0800] "POST /xingrg/kc/pszx/mdps_order_operate.html HTTP/1.1" 200 12
180.175.103.167 - - [26/May/2022:10:00:13 +0800] "POST /xingrg/kc/mdqp/pssh_order_operate.html HTTP/1.1" 200 7969
120.253.135.82 - - [26/May/2022:10:00:14 +0800] "GET /xingrg/kc/pszx/mdps_order_info.html?code=312022052600734 HTTP/1.1" 200 19641
120.253.135.82 - - [26/May/2022:10:00:15 +0800] "POST /xingrg/kc/pszx/mdps_order_operate.html HTTP/1.1" 200 2470
120.253.135.82 - - [26/May/2022:10:00:15 +0800] "GET /xingrg/javascript/easyui/themes/default/validatebox.css HTTP/1.1" 404 1104
120.253.135.82 - - [26/May/2022:10:00:16 +0800] "POST /xingrg/kc/pszx/mdps_list_operate.html HTTP/1.1" 200 2439
180.175.103.167 - - [26/May/2022:10:00:17 +0800] "GET /xingrg/check_reg.html?_=1653530417805 HTTP/1.1" 200 22
180.175.103.167 - - [26/May/2022:10:00:17 +0800] "GET /xingrg/all/function/internal_message.html?_=1653530417807&CODE_STATE=getMsg HTTP/1.1" 200 27
120.253.135.82 - - [26/May/2022:10:00:19 +0800] "POST /xingrg/kc/pszx/mdps_list_operate.html HTTP/1.1" 200 506
120.253.135.82 - - [26/May/2022:10:00:20 +0800] "GET /xingrg/kc/pszx/mdps_order_info.html?code=312022052600735 HTTP/1.1" 200 23983
222.70.180.114 - - [26/May/2022:10:00:20 +0800] "GET /xingrg/all/function/internal_message.html?_=1653530411794&CODE_STATE=getMsg HTTP/1.1" 200 27
120.253.135.82 - - [26/May/2022:10:00:21 +0800] "POST /xingrg/kc/pszx/mdps_order_operate.html HTTP/1.1" 200 4232
120.253.135.82 - - [26/May/2022:10:00:21 +0800] "GET /xingrg/javascript/easyui/themes/default/validatebox.css HTTP/1.1" 404 1104
180.175.103.167 - - [26/May/2022:10:00:24 +0800] "GET /xingrg/kc/base/yddb_order_list.html HTTP/1.1" 200 16707
180.175.103.167 - - [26/May/2022:10:00:24 +0800] "POST /xingrg/kc/base/yddb_list_operate.html HTTP/1.1" 200 636
120.253.135.82 - - [26/May/2022:10:00:25 +0800] "POST /xingrg/kc/pszx/mdps_order_operate.html HTTP/1.1" 200 37
120.253.135.82 - - [26/May/2022:10:00:26 +0800] "POST /xingrg/kc/pszx/mdps_order_operate.html HTTP/1.1" 200 12
120.253.135.82 - - [26/May/2022:10:00:27 +0800] "GET /xingrg/kc/pszx/mdps_order_info.html?code=312022052600735 HTTP/1.1" 200 19643
218.81.223.53 - - [26/May/2022:10:00:28 +0800] "GET /xingrg/kc/buy/cgsh_order_operate.html?command=get_materiel&rest_code=00146&code=00101037297&supplier_code=00100217&order_time=2022-05-25 HTTP/1.1" 200 428
180.175.103.167 - - [26/May/2022:10:00:28 +0800] "POST /xingrg/kc/base/yddb_list_operate.html HTTP/1.1" 200 4159
120.253.135.82 - - [26/May/2022:10:00:28 +0800] "POST /xingrg/kc/pszx/mdps_order_operate.html HTTP/1.1" 200 2427
120.253.135.82 - - [26/May/2022:10:00:28 +0800] "GET /xingrg/javascript/easyui/themes/default/validatebox.css HTTP/1.1" 404 1104
120.253.135.82 - - [26/May/2022:10:00:29 +0800] "POST /xingrg/kc/pszx/mdps_list_operate.html HTTP/1.1" 200 2059
180.175.103.167 - - [26/May/2022:10:00:30 +0800] "GET /xingrg/dwr/interface/AjaxComOrderService.js HTTP/1.1" 200 18264
180.175.103.167 - - [26/May/2022:10:00:30 +0800] "GET /xingrg/dwr/util.js HTTP/1.1" 304 -
180.175.103.167 - - [26/May/2022:10:00:30 +0800] "GET /xingrg/kc/base/yddb_order_add.html HTTP/1.1" 200 29837
180.175.103.167 - - [26/May/2022:10:00:30 +0800] "GET /xingrg/dwr/interface/AjaxYddbService.js HTTP/1.1" 200 13201
180.175.103.167 - - [26/May/2022:10:00:30 +0800] "GET /xingrg/dwr/engine.js HTTP/1.1" 200 43631
120.253.135.82 - - [26/May/2022:10:00:30 +0800] "GET /xingrg/all/function/internal_message.html?_=1653530237259&CODE_STATE=getMsg HTTP/1.1" 200 27
120.253.135.82 - - [26/May/2022:10:00:31 +0800] "POST /xingrg/kc/pszx/mdps_list_operate.html HTTP/1.1" 200 381
114.83.218.142 - - [26/May/2022:10:00:31 +0800] "GET /xingrg/all/function/internal_message.html?_=1653530426400&CODE_STATE=getMsg HTTP/1.1" 200 27
120.253.135.82 - - [26/May/2022:10:00:32 +0800] "POST /xingrg/kc/pszx/mdps_list_operate.html HTTP/1.1" 200 210
180.175.103.167 - - [26/May/2022:10:00:33 +0800] "POST /xingrg/dwr/call/plaincall/AjaxYddbService.getRestBases.dwr HTTP/1.1" 200 1094
180.175.103.167 - - [26/May/2022:10:00:34 +0800] "GET /xingrg/all/function/internal_message.html?_=1653530354534&CODE_STATE=getMsg HTTP/1.1" 200 27
180.156.212.250 - - [26/May/2022:10:00:36 +0800] "GET /xingrg/check_reg.html?_=1653530503546 HTTP/1.1" 200 22
58.39.61.91 - - [26/May/2022:10:00:36 +0800] "GET /xingrg/all/function/internal_message.html?_=1653530399713&CODE_STATE=getMsg HTTP/1.1" 200 27
180.156.212.250 - - [26/May/2022:10:00:38 +0800] "GET /xingrg/all/function/internal_message.html?_=1653530506212&CODE_STATE=getMsg HTTP/1.1" 200 27
58.39.61.91 - - [26/May/2022:10:00:40 +0800] "GET /xingrg/check_reg.html?_=1653530436942 HTTP/1.1" 200 22
58.39.61.91 - - [26/May/2022:10:00:40 +0800] "GET /xingrg/all/function/internal_message.html?_=1653530436945&CODE_STATE=getMsg HTTP/1.1" 200 27
116.235.92.88 - - [26/May/2022:10:00:41 +0800] "GET /xingrg/all/function/internal_message.html?_=1653530615322&CODE_STATE=getMsg HTTP/1.1" 200 27
116.235.92.88 - - [26/May/2022:10:00:41 +0800] "GET /xingrg/check_reg.html?_=1653530615323 HTTP/1.1" 200 22
180.175.103.167 - - [26/May/2022:10:00:43 +0800] "GET /xingrg/all/function/internal_message.html?_=1653530363646&CODE_STATE=getMsg HTTP/1.1" 200 27
58.35.196.179 - - [26/May/2022:10:00:46 +0800] "GET /xingrg/all/function/internal_message.html?_=1653530444181&CODE_STATE=getMsg HTTP/1.1" 200 27
218.81.223.53 - - [26/May/2022:10:00:49 +0800] "GET /xingrg/kc/buy/cgsh_order_operate.html?command=get_materiel&rest_code=00146&code=00101020166&supplier_code=00100217&order_time=2022-05-25 HTTP/1.1" 200 414
180.175.103.167 - - [26/May/2022:10:00:49 +0800] "POST /xingrg/kc/mdqp/pssh_order_operate.html HTTP/1.1" 200 37
180.175.103.167 - - [26/May/2022:10:00:50 +0800] "POST /xingrg/kc/mdqp/pssh_order_operate.html HTTP/1.1" 200 12
180.175.103.167 - - [26/May/2022:10:00:51 +0800] "GET /xingrg/kc/mdqp/pssh_order_info.html?code=312022052600723 HTTP/1.1" 200 14386
180.175.103.167 - - [26/May/2022:10:00:51 +0800] "GET /xingrg/javascript/jquery_tools/jquery-1.4.2.min.js HTTP/1.1" 404 1094
180.175.103.167 - - [26/May/2022:10:00:52 +0800] "POST /xingrg/kc/mdqp/pssh_order_operate.html HTTP/1.1" 200 7969
180.175.103.167 - - [26/May/2022:10:00:52 +0800] "GET /xingrg/javascript/easyui/themes/default/validatebox.css HTTP/1.1" 404 1104
180.175.103.167 - - [26/May/2022:10:00:55 +0800] "GET /xingrg/kc/print/load_config.html?kc_code=pssh HTTP/1.1" 200 2291
180.175.103.167 - - [26/May/2022:10:00:55 +0800] "GET /xingrg/kc/print/load_data.html?order_code=312022052600723&kc_code=pssh&condition= HTTP/1.1" 200 3265
218.81.223.53 - - [26/May/2022:10:00:57 +0800] "GET /xingrg/kc/buy/cgsh_order_operate.html?command=get_materiel&rest_code=00146&code=00101037293&supplier_code=00100217&order_time=2022-05-25 HTTP/1.1" 200 420
116.230.110.173 - - [26/May/2022:10:01:03 +0800] "GET /xingrg/all/function/internal_message.html?_=1653530450165&CODE_STATE=getMsg HTTP/1.1" 200 27
180.175.103.167 - - [26/May/2022:10:01:03 +0800] "POST /xingrg/dwr/call/plaincall/AjaxYddbService.saveOrder.dwr HTTP/1.1" 200 78
218.81.223.53 - - [26/May/2022:10:01:10 +0800] "GET /xingrg/all/function/internal_message.html?_=1653530481538&CODE_STATE=getMsg HTTP/1.1" 200 27
180.175.103.167 - - [26/May/2022:10:01:11 +0800] "POST /xingrg/dwr/call/plaincall/AjaxComOrderService.getMaterielSearchList.dwr HTTP/1.1" 200 203
180.175.103.167 - - [26/May/2022:10:01:11 +0800] "POST /xingrg/dwr/call/plaincall/AjaxComOrderService.getMaterielSearchList.dwr HTTP/1.1" 200 203
180.175.103.167 - - [26/May/2022:10:01:15 +0800] "POST /xingrg/dwr/call/plaincall/AjaxComOrderService.getMaterielSearchList.dwr HTTP/1.1" 200 2205
218.81.223.53 - - [26/May/2022:10:01:15 +0800] "GET /xingrg/check_reg.html?_=1653530486657 HTTP/1.1" 200 22
180.175.103.167 - - [26/May/2022:10:01:17 +0800] "GET /xingrg/all/function/internal_message.html?_=1653530477803&CODE_STATE=getMsg HTTP/1.1" 200 27
222.70.180.114 - - [26/May/2022:10:01:20 +0800] "GET /xingrg/all/function/internal_message.html?_=1653530471779&CODE_STATE=getMsg HTTP/1.1" 200 27
180.175.103.167 - - [26/May/2022:10:01:21 +0800] "POST /xingrg/dwr/call/plaincall/AjaxYddbService.getMaterielByMap.dwr HTTP/1.1" 200 2820
218.81.223.53 - - [26/May/2022:10:01:25 +0800] "GET /xingrg/kc/buy/cgsh_order_operate.html?command=get_materiel&rest_code=00146&code=00101037299&supplier_code=00100217&order_time=2022-05-25 HTTP/1.1" 200 423
180.175.103.167 - - [26/May/2022:10:01:29 +0800] "GET /xingrg/images/yd/bt.gif HTTP/1.1" 404 1040
120.253.135.82 - - [26/May/2022:10:01:30 +0800] "GET /xingrg/all/function/internal_message.html?_=1653530297272&CODE_STATE=getMsg HTTP/1.1" 200 27
114.83.218.142 - - [26/May/2022:10:01:31 +0800] "GET /xingrg/all/function/internal_message.html?_=1653530486400&CODE_STATE=getMsg HTTP/1.1" 200 27
120.253.135.82 - - [26/May/2022:10:01:33 +0800] "POST /xingrg/kc/pszx/mdps_list_operate.html HTTP/1.1" 200 2467
180.175.103.167 - - [26/May/2022:10:01:34 +0800] "GET /xingrg/all/function/internal_message.html?_=1653530414518&CODE_STATE=getMsg HTTP/1.1" 200 27
120.253.135.82 - - [26/May/2022:10:01:35 +0800] "POST /xingrg/kc/pszx/mdps_list_operate.html HTTP/1.1" 200 590
58.39.61.91 - - [26/May/2022:10:01:36 +0800] "GET /xingrg/all/function/internal_message.html?_=1653530459740&CODE_STATE=getMsg HTTP/1.1" 200 27
120.253.135.82 - - [26/May/2022:10:01:37 +0800] "GET /xingrg/kc/pszx/mdps_order_info.html?code=312022052600733 HTTP/1.1" 200 23989
120.253.135.82 - - [26/May/2022:10:01:37 +0800] "POST /xingrg/kc/pszx/mdps_order_operate.html HTTP/1.1" 200 5211
120.253.135.82 - - [26/May/2022:10:01:37 +0800] "GET /xingrg/javascript/easyui/themes/default/validatebox.css HTTP/1.1" 404 1104
180.156.212.250 - - [26/May/2022:10:01:38 +0800] "GET /xingrg/all/function/internal_message.html?_=1653530566226&CODE_STATE=getMsg HTTP/1.1" 200 27
120.253.135.82 - - [26/May/2022:10:01:39 +0800] "GET /xingrg/kc/print/load_data.html?order_code=312022052600733&kc_code=mdps&condition= HTTP/1.1" 200 2061
58.39.61.91 - - [26/May/2022:10:01:40 +0800] "GET /xingrg/all/function/internal_message.html?_=1653530496940&CODE_STATE=getMsg HTTP/1.1" 200 27
116.235.92.88 - - [26/May/2022:10:01:41 +0800] "GET /xingrg/all/function/internal_message.html?_=1653530675348&CODE_STATE=getMsg HTTP/1.1" 200 27
180.175.103.167 - - [26/May/2022:10:01:43 +0800] "GET /xingrg/all/function/internal_message.html?_=1653530423649&CODE_STATE=getMsg HTTP/1.1" 200 27
120.253.135.82 - - [26/May/2022:10:01:45 +0800] "POST /xingrg/kc/pszx/mdps_list_operate.html HTTP/1.1" 200 2467
58.35.196.179 - - [26/May/2022:10:01:46 +0800] "GET /xingrg/all/function/internal_message.html?_=1653530504184&CODE_STATE=getMsg HTTP/1.1" 200 27
58.35.196.179 - - [26/May/2022:10:01:46 +0800] "GET /xingrg/check_reg.html?_=1653530504185 HTTP/1.1" 200 22
120.253.135.82 - - [26/May/2022:10:01:47 +0800] "POST /xingrg/kc/pszx/mdps_list_operate.html HTTP/1.1" 200 281
218.81.223.53 - - [26/May/2022:10:01:47 +0800] "GET /xingrg/kc/buy/cgsh_order_operate.html?command=get_materiel&rest_code=00146&code=00101037298&supplier_code=00100217&order_time=2022-05-25 HTTP/1.1" 200 428
120.253.135.82 - - [26/May/2022:10:01:48 +0800] "GET /xingrg/kc/pszx/mdps_order_info.html?code=312022052600732 HTTP/1.1" 200 23987
120.253.135.82 - - [26/May/2022:10:01:48 +0800] "POST /xingrg/kc/pszx/mdps_order_operate.html HTTP/1.1" 200 2773
120.253.135.82 - - [26/May/2022:10:01:48 +0800] "GET /xingrg/javascript/easyui/themes/default/validatebox.css HTTP/1.1" 404 1104
180.175.103.167 - - [26/May/2022:10:01:49 +0800] "POST /xingrg/dwr/call/plaincall/AjaxYddbService.saveMaterielItem.dwr HTTP/1.1" 200 78
180.175.103.167 - - [26/May/2022:10:01:53 +0800] "POST /xingrg/dwr/call/plaincall/AjaxYddbService.checkOrder.dwr HTTP/1.1" 200 78
180.175.103.167 - - [26/May/2022:10:01:54 +0800] "GET /xingrg/kc/base/yddb_order_info.html?code=482022052600210 HTTP/1.1" 200 29670
180.175.103.167 - - [26/May/2022:10:01:54 +0800] "GET /xingrg/dwr/interface/AjaxYddbService.js HTTP/1.1" 200 13201
180.175.103.167 - - [26/May/2022:10:01:54 +0800] "GET /xingrg/dwr/interface/AjaxComOrderService.js HTTP/1.1" 200 18264
180.175.103.167 - - [26/May/2022:10:01:54 +0800] "GET /xingrg/dwr/engine.js HTTP/1.1" 200 43631
180.175.103.167 - - [26/May/2022:10:01:54 +0800] "POST /xingrg/dwr/call/plaincall/AjaxYddbService.loadMaterielItems.dwr HTTP/1.1" 200 393
120.253.135.82 - - [26/May/2022:10:01:55 +0800] "GET /xingrg/kc/print/load_data.html?order_code=312022052600732&kc_code=mdps&condition= HTTP/1.1" 200 936
180.175.103.167 - - [26/May/2022:10:01:56 +0800] "GET /xingrg/kc/base/yddb_order_report.html?fileType=servlets/rtf&code=482022052600210&reportName=ck_order_report&subName=yddb HTTP/1.1" 302 -
180.175.103.167 - - [26/May/2022:10:01:56 +0800] "GET /xingrg/servlets/rtf?sysBaseUrl=http%3A%2F%2F180.169.147.146%3A18081%2Fxingrg%2F&costTime=86×tamp=1653530516444 HTTP/1.1" 200 18079
180.175.103.167 - - [26/May/2022:10:01:56 +0800] "GET /favicon.ico HTTP/1.1" 404 -
120.253.135.82 - - [26/May/2022:10:02:02 +0800] "POST /xingrg/kc/pszx/mdps_list_operate.html HTTP/1.1" 200 2467
116.230.110.173 - - [26/May/2022:10:02:03 +0800] "GET /xingrg/all/function/internal_message.html?_=1653530510170&CODE_STATE=getMsg HTTP/1.1" 200 27
218.81.223.53 - - [26/May/2022:10:02:10 +0800] "GET /xingrg/all/function/internal_message.html?_=1653530541553&CODE_STATE=getMsg HTTP/1.1" 200 27
180.175.103.167 - - [26/May/2022:10:02:17 +0800] "GET /xingrg/all/function/internal_message.html?_=1653530537820&CODE_STATE=getMsg HTTP/1.1" 200 27
222.70.180.114 - - [26/May/2022:10:02:20 +0800] "GET /xingrg/all/function/internal_message.html?_=1653530531790&CODE_STATE=getMsg HTTP/1.1" 200 27
58.39.61.91 - - [26/May/2022:10:02:21 +0800] "POST /xingrg/kc/buy/cgsh_order_operate.html HTTP/1.1" 200 37
58.39.61.91 - - [26/May/2022:10:02:24 +0800] "POST /xingrg/kc/buy/cgsh_order_operate.html HTTP/1.1" 200 12
58.39.61.91 - - [26/May/2022:10:02:25 +0800] "GET /xingrg/kc/buy/cgsh_order_info.html?code=212022052501607 HTTP/1.1" 200 62349
58.39.61.91 - - [26/May/2022:10:02:25 +0800] "GET /xingrg/javascript/easyui/themes/default/validatebox.css HTTP/1.1" 404 1104
58.39.61.91 - - [26/May/2022:10:02:26 +0800] "POST /xingrg/kc/buy/cgsh_order_operate.html HTTP/1.1" 200 7159
58.39.61.91 - - [26/May/2022:10:02:27 +0800] "GET /xingrg/kc/print/load_data.html?order_code=212022052501607&kc_code=cgsh&condition= HTTP/1.1" 200 3288
120.253.135.82 - - [26/May/2022:10:02:30 +0800] "GET /xingrg/all/function/internal_message.html?_=1653530357416&CODE_STATE=getMsg HTTP/1.1" 200 27
114.83.218.142 - - [26/May/2022:10:02:31 +0800] "GET /xingrg/all/function/internal_message.html?_=1653530546418&CODE_STATE=getMsg HTTP/1.1" 200 27
180.175.103.167 - - [26/May/2022:10:02:34 +0800] "GET /xingrg/all/function/internal_message.html?_=1653530474504&CODE_STATE=getMsg HTTP/1.1" 200 27
58.39.61.91 - - [26/May/2022:10:02:36 +0800] "GET /xingrg/all/function/internal_message.html?_=1653530519740&CODE_STATE=getMsg HTTP/1.1" 200 27
180.156.212.250 - - [26/May/2022:10:02:38 +0800] "GET /xingrg/all/function/internal_message.html?_=1653530626241&CODE_STATE=getMsg HTTP/1.1" 200 27
58.39.61.91 - - [26/May/2022:10:02:40 +0800] "GET /xingrg/all/function/internal_message.html?_=1653530556950&CODE_STATE=getMsg HTTP/1.1" 200 27
116.235.92.88 - - [26/May/2022:10:02:41 +0800] "GET /xingrg/all/function/internal_message.html?_=1653530735347&CODE_STATE=getMsg HTTP/1.1" 200 27
180.175.103.167 - - [26/May/2022:10:02:43 +0800] "GET /xingrg/all/function/internal_message.html?_=1653530483650&CODE_STATE=getMsg HTTP/1.1" 200 27
58.35.196.179 - - [26/May/2022:10:02:46 +0800] "GET /xingrg/all/function/internal_message.html?_=1653530564169&CODE_STATE=getMsg HTTP/1.1" 200 27
116.230.110.173 - - [26/May/2022:10:03:03 +0800] "GET /xingrg/all/function/internal_message.html?_=1653530570176&CODE_STATE=getMsg HTTP/1.1" 200 27
218.81.223.53 - - [26/May/2022:10:03:10 +0800] "GET /xingrg/all/function/internal_message.html?_=1653530601566&CODE_STATE=getMsg HTTP/1.1" 200 27
180.175.103.167 - - [26/May/2022:10:03:17 +0800] "GET /xingrg/all/function/internal_message.html?_=1653530597805&CODE_STATE=getMsg HTTP/1.1" 200 27
222.70.180.114 - - [26/May/2022:10:03:20 +0800] "GET /xingrg/all/function/internal_message.html?_=1653530591775&CODE_STATE=getMsg HTTP/1.1" 200 27
120.253.135.82 - - [26/May/2022:10:03:25 +0800] "POST /xingrg/kc/pszx/mdps_list_operate.html HTTP/1.1" 200 590
120.253.135.82 - - [26/May/2022:10:03:26 +0800] "GET /xingrg/kc/pszx/mdps_order_info.html?code=312022052600733 HTTP/1.1" 200 23989
120.253.135.82 - - [26/May/2022:10:03:27 +0800] "POST /xingrg/kc/pszx/mdps_order_operate.html HTTP/1.1" 200 5211
120.253.135.82 - - [26/May/2022:10:03:27 +0800] "GET /xingrg/javascript/easyui/themes/default/validatebox.css HTTP/1.1" 404 1104
218.81.223.53 - - [26/May/2022:10:03:28 +0800] "POST /xingrg/kc/buy/cgsh_order_operate.html HTTP/1.1" 200 37
120.253.135.82 - - [26/May/2022:10:03:30 +0800] "GET /xingrg/all/function/internal_message.html?_=1653530417425&CODE_STATE=getMsg HTTP/1.1" 200 27
114.83.218.142 - - [26/May/2022:10:03:31 +0800] "GET /xingrg/check_reg.html?_=1653530606418 HTTP/1.1" 200 22
114.83.218.142 - - [26/May/2022:10:03:31 +0800] "GET /xingrg/all/function/internal_message.html?_=1653530606423&CODE_STATE=getMsg HTTP/1.1" 200 27
218.81.223.53 - - [26/May/2022:10:03:31 +0800] "POST /xingrg/kc/buy/cgsh_order_operate.html HTTP/1.1" 200 12
218.81.223.53 - - [26/May/2022:10:03:33 +0800] "GET /xingrg/kc/buy/cgsh_order_info.html?code=212022052601658 HTTP/1.1" 200 62429
218.81.223.53 - - [26/May/2022:10:03:33 +0800] "GET /xingrg/javascript/easyui/themes/default/validatebox.css HTTP/1.1" 404 1104
180.175.103.167 - - [26/May/2022:10:03:34 +0800] "GET /xingrg/all/function/internal_message.html?_=1653530534490&CODE_STATE=getMsg HTTP/1.1" 200 27
218.81.223.53 - - [26/May/2022:10:03:34 +0800] "POST /xingrg/kc/buy/cgsh_order_operate.html HTTP/1.1" 200 4334
120.253.135.82 - - [26/May/2022:10:03:36 +0800] "POST /xingrg/kc/pszx/mdps_order_operate.html HTTP/1.1" 200 37
58.39.61.91 - - [26/May/2022:10:03:36 +0800] "GET /xingrg/all/function/internal_message.html?_=1653530579762&CODE_STATE=getMsg HTTP/1.1" 200 27
218.81.223.53 - - [26/May/2022:10:03:37 +0800] "GET /xingrg/kc/print/load_data.html?order_code=212022052601658&kc_code=cgsh&condition= HTTP/1.1" 200 2228
120.253.135.82 - - [26/May/2022:10:03:38 +0800] "POST /xingrg/kc/pszx/mdps_order_operate.html HTTP/1.1" 200 12
180.156.212.250 - - [26/May/2022:10:03:39 +0800] "GET /xingrg/all/function/internal_message.html?_=1653530686531&CODE_STATE=getMsg HTTP/1.1" 200 27
120.253.135.82 - - [26/May/2022:10:03:39 +0800] "GET /xingrg/kc/pszx/mdps_order_info.html?code=312022052600733 HTTP/1.1" 200 19649
120.253.135.82 - - [26/May/2022:10:03:39 +0800] "POST /xingrg/kc/pszx/mdps_order_operate.html HTTP/1.1" 200 3393
120.253.135.82 - - [26/May/2022:10:03:40 +0800] "GET /xingrg/javascript/easyui/themes/default/validatebox.css HTTP/1.1" 404 1104
218.81.223.53 - - [26/May/2022:10:03:40 +0800] "POST /xingrg/services/DataTransmitService HTTP/1.1" 200 524
58.39.61.91 - - [26/May/2022:10:03:40 +0800] "GET /xingrg/all/function/internal_message.html?_=1653530616949&CODE_STATE=getMsg HTTP/1.1" 200 27
218.81.223.53 - - [26/May/2022:10:03:40 +0800] "POST /xingrg/services/DataTransmitService HTTP/1.1" 200 412
120.253.135.82 - - [26/May/2022:10:03:41 +0800] "POST /xingrg/kc/pszx/mdps_list_operate.html HTTP/1.1" 200 2078
116.235.92.88 - - [26/May/2022:10:03:41 +0800] "GET /xingrg/all/function/internal_message.html?_=1653530795345&CODE_STATE=getMsg HTTP/1.1" 200 27
120.253.135.82 - - [26/May/2022:10:03:42 +0800] "POST /xingrg/kc/pszx/mdps_list_operate.html HTTP/1.1" 200 281
180.175.103.167 - - [26/May/2022:10:03:43 +0800] "GET /xingrg/check_reg.html?_=1653530543651 HTTP/1.1" 200 22
180.175.103.167 - - [26/May/2022:10:03:43 +0800] "GET /xingrg/all/function/internal_message.html?_=1653530543654&CODE_STATE=getMsg HTTP/1.1" 200 27
120.253.135.82 - - [26/May/2022:10:03:44 +0800] "GET /xingrg/kc/pszx/mdps_order_info.html?code=312022052600732 HTTP/1.1" 200 23987
120.253.135.82 - - [26/May/2022:10:03:44 +0800] "POST /xingrg/kc/pszx/mdps_order_operate.html HTTP/1.1" 200 2773
120.253.135.82 - - [26/May/2022:10:03:44 +0800] "GET /xingrg/javascript/easyui/themes/default/validatebox.css HTTP/1.1" 404 1104
58.35.196.179 - - [26/May/2022:10:03:46 +0800] "GET /xingrg/all/function/internal_message.html?_=1653530624171&CODE_STATE=getMsg HTTP/1.1" 200 27
58.39.61.91 - - [26/May/2022:10:03:47 +0800] "POST /xingrg/services/DataTransmitService HTTP/1.1" 200 524
120.253.135.82 - - [26/May/2022:10:03:49 +0800] "POST /xingrg/kc/pszx/mdps_order_operate.html HTTP/1.1" 200 37
180.175.103.167 - - [26/May/2022:10:03:50 +0800] "GET /xingrg/check_reg.html?_=1653530550873 HTTP/1.1" 200 22
120.253.135.82 - - [26/May/2022:10:03:51 +0800] "POST /xingrg/kc/pszx/mdps_order_operate.html HTTP/1.1" 200 12
120.253.135.82 - - [26/May/2022:10:03:56 +0800] "GET /xingrg/kc/pszx/mdps_order_info.html?code=312022052600732 HTTP/1.1" 200 19647
120.253.135.82 - - [26/May/2022:10:03:57 +0800] "GET /xingrg/javascript/easyui/themes/default/validatebox.css HTTP/1.1" 404 1104
120.253.135.82 - - [26/May/2022:10:03:57 +0800] "POST /xingrg/kc/pszx/mdps_order_operate.html HTTP/1.1" 200 986
120.253.135.82 - - [26/May/2022:10:03:59 +0800] "POST /xingrg/kc/pszx/mdps_list_operate.html HTTP/1.1" 200 1692
116.230.110.173 - - [26/May/2022:10:04:03 +0800] "GET /xingrg/all/function/internal_message.html?_=1653530630171&CODE_STATE=getMsg HTTP/1.1" 200 27
218.81.223.53 - - [26/May/2022:10:04:10 +0800] "GET /xingrg/all/function/internal_message.html?_=1653530661580&CODE_STATE=getMsg HTTP/1.1" 200 27
180.175.103.167 - - [26/May/2022:10:04:17 +0800] "GET /xingrg/all/function/internal_message.html?_=1653530657804&CODE_STATE=getMsg HTTP/1.1" 200 27
58.39.61.91 - - [26/May/2022:10:04:19 +0800] "GET /xingrg/check_reg.html?_=1653530622639 HTTP/1.1" 200 22
222.70.180.114 - - [26/May/2022:10:04:20 +0800] "GET /xingrg/all/function/internal_message.html?_=1653530651760&CODE_STATE=getMsg HTTP/1.1" 200 27
120.253.135.82 - - [26/May/2022:10:04:30 +0800] "GET /xingrg/all/function/internal_message.html?_=1653530477570&CODE_STATE=getMsg HTTP/1.1" 200 27
114.83.218.142 - - [26/May/2022:10:04:31 +0800] "GET /xingrg/all/function/internal_message.html?_=1653530666430&CODE_STATE=getMsg HTTP/1.1" 200 27
180.175.103.167 - - [26/May/2022:10:04:34 +0800] "GET /xingrg/all/function/internal_message.html?_=1653530594462&CODE_STATE=getMsg HTTP/1.1" 200 27
58.39.61.91 - - [26/May/2022:10:04:36 +0800] "GET /xingrg/all/function/internal_message.html?_=1653530639767&CODE_STATE=getMsg HTTP/1.1" 200 27
180.156.212.250 - - [26/May/2022:10:04:39 +0800] "GET /xingrg/all/function/internal_message.html?_=1653530746548&CODE_STATE=getMsg HTTP/1.1" 200 27
58.39.61.91 - - [26/May/2022:10:04:40 +0800] "GET /xingrg/all/function/internal_message.html?_=1653530676948&CODE_STATE=getMsg HTTP/1.1" 200 27
116.235.92.88 - - [26/May/2022:10:04:41 +0800] "GET /xingrg/all/function/internal_message.html?_=1653530855343&CODE_STATE=getMsg HTTP/1.1" 200 27
180.175.103.167 - - [26/May/2022:10:04:43 +0800] "GET /xingrg/all/function/internal_message.html?_=1653530603654&CODE_STATE=getMsg HTTP/1.1" 200 27
120.253.135.82 - - [26/May/2022:10:04:45 +0800] "GET /xingrg/check_reg.html?_=1653530493053 HTTP/1.1" 200 22
58.35.196.179 - - [26/May/2022:10:04:46 +0800] "GET /xingrg/all/function/internal_message.html?_=1653530684172&CODE_STATE=getMsg HTTP/1.1" 200 27
116.230.110.173 - - [26/May/2022:10:05:03 +0800] "GET /xingrg/check_reg.html?_=1653530690186 HTTP/1.1" 200 22
116.230.110.173 - - [26/May/2022:10:05:03 +0800] "GET /xingrg/all/function/internal_message.html?_=1653530690187&CODE_STATE=getMsg HTTP/1.1" 200 27
222.70.180.114 - - [26/May/2022:10:05:03 +0800] "GET /xingrg/check_reg.html?_=1653530694506 HTTP/1.1" 200 22
218.81.223.53 - - [26/May/2022:10:05:10 +0800] "GET /xingrg/all/function/internal_message.html?_=1653530721749&CODE_STATE=getMsg HTTP/1.1" 200 27
180.175.103.167 - - [26/May/2022:10:05:17 +0800] "GET /xingrg/check_reg.html?_=1653530717806 HTTP/1.1" 200 22
180.175.103.167 - - [26/May/2022:10:05:17 +0800] "GET /xingrg/all/function/internal_message.html?_=1653530717804&CODE_STATE=getMsg HTTP/1.1" 200 27
222.70.180.114 - - [26/May/2022:10:05:20 +0800] "GET /xingrg/all/function/internal_message.html?_=1653530711731&CODE_STATE=getMsg HTTP/1.1" 200 27
120.253.135.82 - - [26/May/2022:10:05:30 +0800] "GET /xingrg/all/function/internal_message.html?_=1653530537576&CODE_STATE=getMsg HTTP/1.1" 200 27
114.83.218.142 - - [26/May/2022:10:05:31 +0800] "GET /xingrg/all/function/internal_message.html?_=1653530726431&CODE_STATE=getMsg HTTP/1.1" 200 27
120.253.135.82 - - [26/May/2022:10:05:32 +0800] "POST /xingrg/kc/pszx/mdps_list_operate.html HTTP/1.1" 200 4277
180.175.103.167 - - [26/May/2022:10:05:34 +0800] "GET /xingrg/all/function/internal_message.html?_=1653530654448&CODE_STATE=getMsg HTTP/1.1" 200 27
120.253.135.82 - - [26/May/2022:10:05:35 +0800] "POST /xingrg/kc/pszx/mdps_list_operate.html HTTP/1.1" 200 356
120.253.135.82 - - [26/May/2022:10:05:35 +0800] "GET /xingrg/kc/pszx/mdps_order_info.html?code=312022052300621 HTTP/1.1" 200 23981
120.253.135.82 - - [26/May/2022:10:05:35 +0800] "POST /xingrg/kc/pszx/mdps_order_operate.html HTTP/1.1" 200 3257
180.156.212.250 - - [26/May/2022:10:05:36 +0800] "GET /xingrg/check_reg.html?_=1653530803784 HTTP/1.1" 200 22
120.253.135.82 - - [26/May/2022:10:05:36 +0800] "GET /xingrg/javascript/easyui/themes/default/validatebox.css HTTP/1.1" 404 1104
58.39.61.91 - - [26/May/2022:10:05:36 +0800] "GET /xingrg/all/function/internal_message.html?_=1653530699781&CODE_STATE=getMsg HTTP/1.1" 200 27
180.156.212.250 - - [26/May/2022:10:05:39 +0800] "GET /xingrg/all/function/internal_message.html?_=1653530806561&CODE_STATE=getMsg HTTP/1.1" 200 27
58.39.61.91 - - [26/May/2022:10:05:40 +0800] "GET /xingrg/check_reg.html?_=1653530736964 HTTP/1.1" 200 22
58.39.61.91 - - [26/May/2022:10:05:40 +0800] "GET /xingrg/all/function/internal_message.html?_=1653530736961&CODE_STATE=getMsg HTTP/1.1" 200 27
116.235.92.88 - - [26/May/2022:10:05:41 +0800] "GET /xingrg/check_reg.html?_=1653530915359 HTTP/1.1" 200 22
116.235.92.88 - - [26/May/2022:10:05:41 +0800] "GET /xingrg/all/function/internal_message.html?_=1653530915357&CODE_STATE=getMsg HTTP/1.1" 200 27
180.175.103.167 - - [26/May/2022:10:05:43 +0800] "GET /xingrg/all/function/internal_message.html?_=1653530663655&CODE_STATE=getMsg HTTP/1.1" 200 27
58.35.196.179 - - [26/May/2022:10:05:46 +0800] "GET /xingrg/all/function/internal_message.html?_=1653530744174&CODE_STATE=getMsg HTTP/1.1" 200 27
116.230.110.173 - - [26/May/2022:10:06:03 +0800] "GET /xingrg/all/function/internal_message.html?_=1653530750184&CODE_STATE=getMsg HTTP/1.1" 200 27
218.81.223.53 - - [26/May/2022:10:06:11 +0800] "GET /xingrg/all/function/internal_message.html?_=1653530781763&CODE_STATE=getMsg HTTP/1.1" 200 27
120.253.135.82 - - [26/May/2022:10:06:11 +0800] "POST /xingrg/kc/pszx/mdps_list_operate.html HTTP/1.1" 200 4277
120.253.135.82 - - [26/May/2022:10:06:13 +0800] "GET /xingrg/kc/report/report_main.html HTTP/1.1" 200 8599
120.253.135.82 - - [26/May/2022:10:06:13 +0800] "GET /xingrg/javascript/jquery_ui/themes/humanity/humanity.css HTTP/1.1" 304 -
218.81.223.53 - - [26/May/2022:10:06:15 +0800] "GET /xingrg/check_reg.html?_=1653530786664 HTTP/1.1" 200 22
180.175.103.167 - - [26/May/2022:10:06:17 +0800] "GET /xingrg/all/function/internal_message.html?_=1653530777805&CODE_STATE=getMsg HTTP/1.1" 200 27
120.253.135.82 - - [26/May/2022:10:06:19 +0800] "GET /xingrg/kc/base/kc_stocks.html HTTP/1.1" 200 16437
120.253.135.82 - - [26/May/2022:10:06:19 +0800] "GET /xingrg/javascript/easyui/themes/sunny/easyui.css HTTP/1.1" 304 -
120.253.135.82 - - [26/May/2022:10:06:19 +0800] "GET /xingrg/javascript/easyui/themes/icons/print_new.png HTTP/1.1" 304 -
120.253.135.82 - - [26/May/2022:10:06:19 +0800] "GET /xingrg/javascript/easyui/themes/icons/refresh_new.png HTTP/1.1" 304 -
120.253.135.82 - - [26/May/2022:10:06:19 +0800] "GET /xingrg/javascript/easyui/themes/icons/filter_new.png HTTP/1.1" 304 -
120.253.135.82 - - [26/May/2022:10:06:19 +0800] "GET /xingrg/javascript/easyui/plugins/jquery.draggable.js HTTP/1.1" 304 -
120.253.135.82 - - [26/May/2022:10:06:19 +0800] "GET /xingrg/javascript/easyui/plugins/jquery.droppable.js HTTP/1.1" 304 -
120.253.135.82 - - [26/May/2022:10:06:19 +0800] "GET /xingrg/javascript/easyui/themes/default/tree.css HTTP/1.1" 404 1090
120.253.135.82 - - [26/May/2022:10:06:19 +0800] "GET /xingrg/javascript/easyui/plugins/jquery.tree.js HTTP/1.1" 304 -
120.253.135.82 - - [26/May/2022:10:06:20 +0800] "POST /xingrg/all/common/load_tree.html?tree=materiel_sort_tree_json HTTP/1.1" 200 9388
120.253.135.82 - - [26/May/2022:10:06:20 +0800] "GET /xingrg/javascript/easyui/themes/sunny/images/tree_arrows.gif HTTP/1.1" 304 -
120.253.135.82 - - [26/May/2022:10:06:20 +0800] "GET /xingrg/javascript/easyui/themes/sunny/images/tree_folder_open.gif HTTP/1.1" 304 -
120.253.135.82 - - [26/May/2022:10:06:20 +0800] "GET /xingrg/javascript/easyui/themes/sunny/images/tree_file.gif HTTP/1.1" 304 -
120.253.135.82 - - [26/May/2022:10:06:20 +0800] "GET /xingrg/javascript/easyui/themes/sunny/images/tree_folder.gif HTTP/1.1" 304 -
222.70.180.114 - - [26/May/2022:10:06:20 +0800] "GET /xingrg/all/function/internal_message.html?_=1653530771716&CODE_STATE=getMsg HTTP/1.1" 200 27
120.253.135.82 - - [26/May/2022:10:06:27 +0800] "POST /xingrg/kc/base/stock_operate.html HTTP/1.1" 200 3754
120.253.135.82 - - [26/May/2022:10:06:27 +0800] "GET /xingrg/javascript/jquery_tools/fix_table.js HTTP/1.1" 304 -
120.253.135.82 - - [26/May/2022:10:06:30 +0800] "GET /xingrg/all/function/internal_message.html?_=1653530597590&CODE_STATE=getMsg HTTP/1.1" 200 27
114.83.218.142 - - [26/May/2022:10:06:31 +0800] "GET /xingrg/all/function/internal_message.html?_=1653530786424&CODE_STATE=getMsg HTTP/1.1" 200 27
180.175.103.167 - - [26/May/2022:10:06:33 +0800] "GET /xingrg/all/function/internal_message.html?_=1653530714418&CODE_STATE=getMsg HTTP/1.1" 200 27
58.39.61.91 - - [26/May/2022:10:06:36 +0800] "GET /xingrg/all/function/internal_message.html?_=1653530759809&CODE_STATE=getMsg HTTP/1.1" 200 27
180.156.212.250 - - [26/May/2022:10:06:39 +0800] "GET /xingrg/all/function/internal_message.html?_=1653530866576&CODE_STATE=getMsg HTTP/1.1" 200 27
58.39.61.91 - - [26/May/2022:10:06:40 +0800] "GET /xingrg/all/function/internal_message.html?_=1653530796948&CODE_STATE=getMsg HTTP/1.1" 200 27
116.235.92.88 - - [26/May/2022:10:06:41 +0800] "GET /xingrg/all/function/internal_message.html?_=1653530975357&CODE_STATE=getMsg HTTP/1.1" 200 27
180.175.103.167 - - [26/May/2022:10:06:43 +0800] "GET /xingrg/all/function/internal_message.html?_=1653530723656&CODE_STATE=getMsg HTTP/1.1" 200 27
58.35.196.179 - - [26/May/2022:10:06:46 +0800] "GET /xingrg/all/function/internal_message.html?_=1653530804177&CODE_STATE=getMsg HTTP/1.1" 200 27
58.35.196.179 - - [26/May/2022:10:06:46 +0800] "GET /xingrg/check_reg.html?_=1653530804178 HTTP/1.1" 200 22
120.253.135.82 - - [26/May/2022:10:06:47 +0800] "POST /xingrg/kc/base/stock_operate.html HTTP/1.1" 200 2403
58.39.61.91 - - [26/May/2022:10:07:01 +0800] "GET /xingrg/kc/base/wldb_order_list.html HTTP/1.1" 200 19107
58.39.61.91 - - [26/May/2022:10:07:01 +0800] "POST /xingrg/kc/base/wldb_list_operate.html HTTP/1.1" 200 928
58.39.61.91 - - [26/May/2022:10:07:02 +0800] "GET /xingrg/kc/base/wldb_order_add.html HTTP/1.1" 200 30321
58.39.61.91 - - [26/May/2022:10:07:02 +0800] "POST /xingrg/kc/base/wldb_order_operate.html HTTP/1.1" 200 6806
58.39.61.91 - - [26/May/2022:10:07:02 +0800] "GET /xingrg/javascript/easyui/themes/default/validatebox.css HTTP/1.1" 404 1104
116.230.110.173 - - [26/May/2022:10:07:03 +0800] "GET /xingrg/all/function/internal_message.html?_=1653530810174&CODE_STATE=getMsg HTTP/1.1" 200 27
58.39.61.91 - - [26/May/2022:10:07:04 +0800] "GET /xingrg/javascript/auto/indicator.gif HTTP/1.1" 404 1066
58.39.61.91 - - [26/May/2022:10:07:09 +0800] "GET /xingrg/kc/base/wldb_order_operate.html?command=get_materiel&rest_code=00150&base_code=0010445&code=00101013115 HTTP/1.1" 200 434
218.81.223.53 - - [26/May/2022:10:07:11 +0800] "GET /xingrg/all/function/internal_message.html?_=1653530841964&CODE_STATE=getMsg HTTP/1.1" 200 27
180.175.103.167 - - [26/May/2022:10:07:17 +0800] "GET /xingrg/all/function/internal_message.html?_=1653530837805&CODE_STATE=getMsg HTTP/1.1" 200 27
222.70.180.114 - - [26/May/2022:10:07:20 +0800] "GET /xingrg/all/function/internal_message.html?_=1653530831701&CODE_STATE=getMsg HTTP/1.1" 200 27
120.253.135.82 - - [26/May/2022:10:07:29 +0800] "GET /xingrg/kc/base/stock_detail.html?m=00101034052 HTTP/1.1" 200 6395
120.253.135.82 - - [26/May/2022:10:07:30 +0800] "GET /xingrg/javascript/jquery_easy_ui/themes/default/images/button_a_bg.gif HTTP/1.1" 304 -
120.253.135.82 - - [26/May/2022:10:07:30 +0800] "GET /xingrg/javascript/jquery_easy_ui/themes/default/images/button_span_bg.gif HTTP/1.1" 304 -
120.253.135.82 - - [26/May/2022:10:07:30 +0800] "GET /xingrg/javascript/jquery_easy_ui/themes/icons/search.png HTTP/1.1" 304 -
120.253.135.82 - - [26/May/2022:10:07:30 +0800] "GET /xingrg/javascript/jquery_easy_ui/themes/default/images/menu_downarrow.png HTTP/1.1" 304 -
120.253.135.82 - - [26/May/2022:10:07:30 +0800] "GET /xingrg/javascript/jquery_easy_ui/themes/default/images/menu.gif HTTP/1.1" 304 -
120.253.135.82 - - [26/May/2022:10:07:30 +0800] "GET /xingrg/javascript/jquery_easy_ui/themes/default/images/calendar_prevmonth.gif HTTP/1.1" 304 -
120.253.135.82 - - [26/May/2022:10:07:30 +0800] "GET /xingrg/javascript/jquery_easy_ui/themes/icons/print.png HTTP/1.1" 304 -
120.253.135.82 - - [26/May/2022:10:07:30 +0800] "GET /xingrg/javascript/jquery_easy_ui/themes/default/images/calendar_nextyear.gif HTTP/1.1" 304 -
120.253.135.82 - - [26/May/2022:10:07:30 +0800] "GET /xingrg/javascript/jquery_easy_ui/themes/default/images/calendar_nextmonth.gif HTTP/1.1" 304 -
120.253.135.82 - - [26/May/2022:10:07:30 +0800] "GET /xingrg/javascript/jquery_easy_ui/themes/default/images/calendar_prevyear.gif HTTP/1.1" 304 -
120.253.135.82 - - [26/May/2022:10:07:30 +0800] "GET /xingrg/all/function/internal_message.html?_=1653530657603&CODE_STATE=getMsg HTTP/1.1" 200 27
114.83.218.142 - - [26/May/2022:10:07:31 +0800] "GET /xingrg/all/function/internal_message.html?_=1653530846425&CODE_STATE=getMsg HTTP/1.1" 200 27
180.175.103.167 - - [26/May/2022:10:07:33 +0800] "GET /xingrg/all/function/internal_message.html?_=1653530774402&CODE_STATE=getMsg HTTP/1.1" 200 27
58.39.61.91 - - [26/May/2022:10:07:36 +0800] "GET /xingrg/all/function/internal_message.html?_=1653530819824&CODE_STATE=getMsg HTTP/1.1" 200 27
120.253.135.82 - - [26/May/2022:10:07:38 +0800] "GET /xingrg/kc/base/stock_operate.html?_=1653530665398&command=get_report_file&start_day=20220401 HTTP/1.1" 200 53
120.253.135.82 - - [26/May/2022:10:07:38 +0800] "GET /xingrg/javascript/multi_select/jqueryMultiSelect.css HTTP/1.1" 304 -
120.253.135.82 - - [26/May/2022:10:07:38 +0800] "GET /xingrg/all/report/report_query.html?isQuery=1&onlyBody=1&rh=2000&fileName=kc/base/kc_stock_detail_new.xml&queryString=(1=1)&queryText=&tableQueryString=init_table$sp1$$sp$crk_table$sp1$order_day%20between%2020220401%20and%2020220531&varString=start_day:20220401,materiel_code:00101034052,cost_id:3599,end_date:20220131 HTTP/1.1" 200 48701
120.253.135.82 - - [26/May/2022:10:07:38 +0800] "GET /xingrg/javascript/calendar/timePicker.css HTTP/1.1" 304 -
120.253.135.82 - - [26/May/2022:10:07:38 +0800] "GET /xingrg/javascript/bigrid/fix.css HTTP/1.1" 304 -
120.253.135.82 - - [26/May/2022:10:07:38 +0800] "GET /xingrg/javascript/bigrid/fix.js HTTP/1.1" 304 -
120.253.135.82 - - [26/May/2022:10:07:38 +0800] "GET /xingrg/javascript/jqueryMultiSelect.js HTTP/1.1" 304 -
120.253.135.82 - - [26/May/2022:10:07:38 +0800] "GET /xingrg/javascript/calendar/jquery.timePicker.min.js HTTP/1.1" 304 -
120.253.135.82 - - [26/May/2022:10:07:38 +0800] "GET /xingrg/dwr/interface/AjaxReportQueryService.js HTTP/1.1" 200 13203
120.253.135.82 - - [26/May/2022:10:07:38 +0800] "GET /xingrg/dwr/engine.js HTTP/1.1" 200 43631
120.253.135.82 - - [26/May/2022:10:07:38 +0800] "GET /xingrg/images/control/loading.gif HTTP/1.1" 304 -
120.253.135.82 - - [26/May/2022:10:07:38 +0800] "GET /xingrg/images/blue/button/advance2over.gif HTTP/1.1" 304 -
120.253.135.82 - - [26/May/2022:10:07:38 +0800] "GET /xingrg/images/blue/button/advanceover.gif HTTP/1.1" 304 -
120.253.135.82 - - [26/May/2022:10:07:38 +0800] "GET /xingrg/javascript/jquery_easy_ui/themes/icons/help.png HTTP/1.1" 304 -
120.253.135.82 - - [26/May/2022:10:07:38 +0800] "GET /xingrg/images/blue/button/backover.gif HTTP/1.1" 304 -
120.253.135.82 - - [26/May/2022:10:07:38 +0800] "GET /xingrg/images/blue/button/back2over.gif HTTP/1.1" 304 -
180.156.212.250 - - [26/May/2022:10:07:39 +0800] "GET /xingrg/all/function/internal_message.html?_=1653530926589&CODE_STATE=getMsg HTTP/1.1" 200 27
120.253.135.82 - - [26/May/2022:10:07:39 +0800] "POST /xingrg/all/report/load_report_page.html HTTP/1.1" 200 20349
120.253.135.82 - - [26/May/2022:10:07:39 +0800] "GET /xingrg/servlets/image?cache=0.6337793453298236&image=px HTTP/1.1" 200 807
58.39.61.91 - - [26/May/2022:10:07:40 +0800] "GET /xingrg/all/function/internal_message.html?_=1653530856972&CODE_STATE=getMsg HTTP/1.1" 200 27
116.235.92.88 - - [26/May/2022:10:07:41 +0800] "GET /xingrg/all/function/internal_message.html?_=1653531035355&CODE_STATE=getMsg HTTP/1.1" 200 27
180.175.103.167 - - [26/May/2022:10:07:43 +0800] "GET /xingrg/all/function/internal_message.html?_=1653530783646&CODE_STATE=getMsg HTTP/1.1" 200 27
58.35.196.179 - - [26/May/2022:10:07:46 +0800] "GET /xingrg/all/function/internal_message.html?_=1653530864181&CODE_STATE=getMsg HTTP/1.1" 200 27
120.253.135.82 - - [26/May/2022:10:07:48 +0800] "GET /xingrg/kc/guide/show_order.html?code=212022050100041&type=21 HTTP/1.1" 302 -
120.253.135.82 - - [26/May/2022:10:07:49 +0800] "GET /xingrg/kc/buy/cgsh_order_info.html?code=212022050100041&sysBaseUrl=http%3A%2F%2F180.169.147.146%3A18081%2Fxingrg%2F&costTime=1×tamp=1653530868878 HTTP/1.1" 200 61498
120.253.135.82 - - [26/May/2022:10:07:49 +0800] "GET /favicon.ico HTTP/1.1" 404 -
120.253.135.82 - - [26/May/2022:10:07:49 +0800] "GET /xingrg/javascript/easyui/themes/default/validatebox.css HTTP/1.1" 404 1104
120.253.135.82 - - [26/May/2022:10:07:49 +0800] "GET /xingrg/kc/guide/show_order.html?code=212022050100041&type=21 HTTP/1.1" 302 -
120.253.135.82 - - [26/May/2022:10:07:50 +0800] "GET /xingrg/kc/buy/cgsh_order_info.html?code=212022050100041&sysBaseUrl=http%3A%2F%2F180.169.147.146%3A18081%2Fxingrg%2F&costTime=0×tamp=1653530869927 HTTP/1.1" 200 61498
120.253.135.82 - - [26/May/2022:10:07:50 +0800] "POST /xingrg/kc/buy/cgsh_order_operate.html HTTP/1.1" 200 2467
120.253.135.82 - - [26/May/2022:10:07:50 +0800] "GET /favicon.ico HTTP/1.1" 404 -
120.253.135.82 - - [26/May/2022:10:07:51 +0800] "GET /xingrg/javascript/easyui/themes/default/validatebox.css HTTP/1.1" 404 1104
120.253.135.82 - - [26/May/2022:10:07:52 +0800] "POST /xingrg/kc/buy/cgsh_order_operate.html HTTP/1.1" 200 2467
120.253.135.82 - - [26/May/2022:10:07:56 +0800] "GET /xingrg/kc/print/load_config.html?kc_code=cgsh HTTP/1.1" 200 1943
120.253.135.82 - - [26/May/2022:10:07:56 +0800] "GET /xingrg/kc/print/load_data.html?order_code=212022050100041&kc_code=cgsh&condition= HTTP/1.1" 200 1477
116.230.110.173 - - [26/May/2022:10:08:03 +0800] "GET /xingrg/all/function/internal_message.html?_=1653530870171&CODE_STATE=getMsg HTTP/1.1" 200 27
218.81.223.53 - - [26/May/2022:10:08:11 +0800] "GET /xingrg/all/function/internal_message.html?_=1653530901976&CODE_STATE=getMsg HTTP/1.1" 200 27
180.175.103.167 - - [26/May/2022:10:08:17 +0800] "GET /xingrg/all/function/internal_message.html?_=1653530897805&CODE_STATE=getMsg HTTP/1.1" 200 27
222.70.180.114 - - [26/May/2022:10:08:20 +0800] "GET /xingrg/all/function/internal_message.html?_=1653530891685&CODE_STATE=getMsg HTTP/1.1" 200 27
120.253.135.82 - - [26/May/2022:10:08:30 +0800] "GET /xingrg/all/function/internal_message.html?_=1653530717751&CODE_STATE=getMsg HTTP/1.1" 200 27
114.83.218.142 - - [26/May/2022:10:08:31 +0800] "GET /xingrg/all/function/internal_message.html?_=1653530906430&CODE_STATE=getMsg HTTP/1.1" 200 27
114.83.218.142 - - [26/May/2022:10:08:31 +0800] "GET /xingrg/check_reg.html?_=1653530906432 HTTP/1.1" 200 22
180.175.103.167 - - [26/May/2022:10:08:33 +0800] "GET /xingrg/all/function/internal_message.html?_=1653530834388&CODE_STATE=getMsg HTTP/1.1" 200 27
58.39.61.91 - - [26/May/2022:10:08:36 +0800] "GET /xingrg/all/function/internal_message.html?_=1653530879853&CODE_STATE=getMsg HTTP/1.1" 200 27
180.156.212.250 - - [26/May/2022:10:08:39 +0800] "GET /xingrg/all/function/internal_message.html?_=1653530986917&CODE_STATE=getMsg HTTP/1.1" 200 27
58.39.61.91 - - [26/May/2022:10:08:40 +0800] "GET /xingrg/all/function/internal_message.html?_=1653530916967&CODE_STATE=getMsg HTTP/1.1" 200 27
116.235.92.88 - - [26/May/2022:10:08:41 +0800] "GET /xingrg/all/function/internal_message.html?_=1653531095353&CODE_STATE=getMsg HTTP/1.1" 200 27
180.175.103.167 - - [26/May/2022:10:08:43 +0800] "GET /xingrg/all/function/internal_message.html?_=1653530843646&CODE_STATE=getMsg HTTP/1.1" 200 27
180.175.103.167 - - [26/May/2022:10:08:43 +0800] "GET /xingrg/check_reg.html?_=1653530843649 HTTP/1.1" 200 22
58.35.196.179 - - [26/May/2022:10:08:46 +0800] "GET /xingrg/all/function/internal_message.html?_=1653530924182&CODE_STATE=getMsg HTTP/1.1" 200 27
180.175.103.167 - - [26/May/2022:10:08:50 +0800] "GET /xingrg/check_reg.html?_=1653530850865 HTTP/1.1" 200 22
116.230.110.173 - - [26/May/2022:10:09:03 +0800] "GET /xingrg/all/function/internal_message.html?_=1653530930176&CODE_STATE=getMsg HTTP/1.1" 200 27
120.253.135.82 - - [26/May/2022:10:09:09 +0800] "GET /xingrg/javascript/jquery_easy_ui/themes/default/images/tabs_active.png HTTP/1.1" 304 -
120.253.135.82 - - [26/May/2022:10:09:10 +0800] "GET /xingrg/javascript/easyui/themes/sunny/images/ui-bg_gloss-wave_60_fece2f_500x100.png HTTP/1.1" 304 -
218.81.223.53 - - [26/May/2022:10:09:11 +0800] "GET /xingrg/all/function/internal_message.html?_=1653530961990&CODE_STATE=getMsg HTTP/1.1" 200 27
120.253.135.82 - - [26/May/2022:10:09:12 +0800] "GET /xingrg/kc/pszx/mdps_order_list.html?orderType=1 HTTP/1.1" 200 19023
120.253.135.82 - - [26/May/2022:10:09:12 +0800] "POST /xingrg/kc/pszx/mdps_list_operate.html HTTP/1.1" 200 868
180.175.103.167 - - [26/May/2022:10:09:17 +0800] "GET /xingrg/all/function/internal_message.html?_=1653530957806&CODE_STATE=getMsg HTTP/1.1" 200 27
120.253.135.82 - - [26/May/2022:10:09:18 +0800] "POST /xingrg/kc/pszx/mdps_list_operate.html HTTP/1.1" 200 868
58.39.61.91 - - [26/May/2022:10:09:19 +0800] "GET /xingrg/check_reg.html?_=1653530922643 HTTP/1.1" 200 22
222.70.180.114 - - [26/May/2022:10:09:20 +0800] "GET /xingrg/all/function/internal_message.html?_=1653530951669&CODE_STATE=getMsg HTTP/1.1" 200 27
120.253.135.82 - - [26/May/2022:10:09:22 +0800] "GET /xingrg/kc/pszx/mdps_order_list.html?orderType=0 HTTP/1.1" 200 20966
120.253.135.82 - - [26/May/2022:10:09:22 +0800] "POST /xingrg/kc/pszx/mdps_list_operate.html HTTP/1.1" 200 5229
120.253.135.82 - - [26/May/2022:10:09:26 +0800] "POST /xingrg/kc/pszx/mdps_list_operate.html HTTP/1.1" 200 4277
120.253.135.82 - - [26/May/2022:10:09:30 +0800] "GET /xingrg/all/function/internal_message.html?_=1653530777755&CODE_STATE=getMsg HTTP/1.1" 200 27
114.83.218.142 - - [26/May/2022:10:09:31 +0800] "GET /xingrg/all/function/internal_message.html?_=1653530966431&CODE_STATE=getMsg HTTP/1.1" 200 27
180.175.103.167 - - [26/May/2022:10:09:33 +0800] "GET /xingrg/all/function/internal_message.html?_=1653530894360&CODE_STATE=getMsg HTTP/1.1" 200 27
58.39.61.91 - - [26/May/2022:10:09:36 +0800] "GET /xingrg/all/function/internal_message.html?_=1653530939866&CODE_STATE=getMsg HTTP/1.1" 200 27
180.156.212.250 - - [26/May/2022:10:09:39 +0800] "GET /xingrg/all/function/internal_message.html?_=1653531046928&CODE_STATE=getMsg HTTP/1.1" 200 27
58.39.61.91 - - [26/May/2022:10:09:40 +0800] "GET /xingrg/all/function/internal_message.html?_=1653530976967&CODE_STATE=getMsg HTTP/1.1" 200 27
116.235.92.88 - - [26/May/2022:10:09:41 +0800] "GET /xingrg/all/function/internal_message.html?_=1653531155351&CODE_STATE=getMsg HTTP/1.1" 200 27
120.253.135.82 - - [26/May/2022:10:09:42 +0800] "POST /xingrg/kc/pszx/mdps_list_operate.html HTTP/1.1" 200 594
180.175.103.167 - - [26/May/2022:10:09:43 +0800] "GET /xingrg/all/function/internal_message.html?_=1653530903650&CODE_STATE=getMsg HTTP/1.1" 200 27
120.253.135.82 - - [26/May/2022:10:09:43 +0800] "GET /xingrg/kc/pszx/mdps_order_info.html?code=312022052300620 HTTP/1.1" 200 23983
120.253.135.82 - - [26/May/2022:10:09:43 +0800] "POST /xingrg/kc/pszx/mdps_order_operate.html HTTP/1.1" 200 8656
120.253.135.82 - - [26/May/2022:10:09:43 +0800] "GET /xingrg/javascript/easyui/themes/default/validatebox.css HTTP/1.1" 404 1104
120.253.135.82 - - [26/May/2022:10:09:45 +0800] "GET /xingrg/check_reg.html?_=1653530793063 HTTP/1.1" 200 22
58.35.196.179 - - [26/May/2022:10:09:46 +0800] "GET /xingrg/all/function/internal_message.html?_=1653530984185&CODE_STATE=getMsg HTTP/1.1" 200 27
120.253.135.82 - - [26/May/2022:10:10:02 +0800] "GET /xingrg/kc/pszx/mdps_order_info.html?code=312022052300620 HTTP/1.1" 200 23983
120.253.135.82 - - [26/May/2022:10:10:02 +0800] "POST /xingrg/kc/pszx/mdps_order_operate.html HTTP/1.1" 200 8656
120.253.135.82 - - [26/May/2022:10:10:03 +0800] "GET /xingrg/javascript/easyui/themes/default/validatebox.css HTTP/1.1" 404 1104
116.230.110.173 - - [26/May/2022:10:10:03 +0800] "GET /xingrg/all/function/internal_message.html?_=1653530990165&CODE_STATE=getMsg HTTP/1.1" 200 27
116.230.110.173 - - [26/May/2022:10:10:03 +0800] "GET /xingrg/check_reg.html?_=1653530990166 HTTP/1.1" 200 22
222.70.180.114 - - [26/May/2022:10:10:03 +0800] "GET /xingrg/check_reg.html?_=1653530994509 HTTP/1.1" 200 22
218.81.223.53 - - [26/May/2022:10:10:11 +0800] "GET /xingrg/all/function/internal_message.html?_=1653531022004&CODE_STATE=getMsg HTTP/1.1" 200 27
180.175.103.167 - - [26/May/2022:10:10:17 +0800] "GET /xingrg/check_reg.html?_=1653531017807 HTTP/1.1" 200 22
180.175.103.167 - - [26/May/2022:10:10:18 +0800] "GET /xingrg/all/function/internal_message.html?_=1653531017810&CODE_STATE=getMsg HTTP/1.1" 200 27
