180.175.103.167 - - [26/May/2022:08:57:35 +0800] "GET /xingrg/all/function/internal_message.html?_=1653526575710&CODE_STATE=getMsg HTTP/1.1" 200 27
58.39.61.91 - - [26/May/2022:08:57:35 +0800] "GET /xingrg/all/function/internal_message.html?_=1653526618794&CODE_STATE=getMsg HTTP/1.1" 200 27
180.156.212.250 - - [26/May/2022:08:57:35 +0800] "GET /xingrg/all/function/internal_message.html?_=1653526723142&CODE_STATE=getMsg HTTP/1.1" 200 27
218.81.223.53 - - [26/May/2022:08:57:41 +0800] "GET /xingrg/kc/buy/cgsh_order_operate.html?command=get_materiel&rest_code=00146&code=00102026001&supplier_code=00100516&order_time=2022-05-25 HTTP/1.1" 200 410
116.235.92.88 - - [26/May/2022:08:57:41 +0800] "GET /xingrg/all/function/internal_message.html?_=1653526835240&CODE_STATE=getMsg HTTP/1.1" 200 27
58.35.196.179 - - [26/May/2022:08:57:46 +0800] "GET /xingrg/all/function/internal_message.html?_=1653526664171&CODE_STATE=getMsg HTTP/1.1" 200 27
120.253.135.82 - - [26/May/2022:08:57:51 +0800] "GET /xingrg/all/function/internal_message.html?_=1653526479007&CODE_STATE=getMsg HTTP/1.1" 200 27
116.230.110.173 - - [26/May/2022:08:58:03 +0800] "GET /xingrg/all/function/internal_message.html?_=1653526670183&CODE_STATE=getMsg HTTP/1.1" 200 27
120.253.135.82 - - [26/May/2022:08:58:05 +0800] "GET /xingrg/kc/pszx/mdps_order_operate.html?command=get_materiel&pszx_code=00101&rest_code=00141&base_code=0010851&code=00101008141 HTTP/1.1" 200 434
218.81.223.53 - - [26/May/2022:08:58:07 +0800] "GET /xingrg/all/function/internal_message.html?_=1653526698390&CODE_STATE=getMsg HTTP/1.1" 200 27
218.81.223.53 - - [26/May/2022:08:58:09 +0800] "POST /xingrg/kc/buy/cgsh_order_operate.html HTTP/1.1" 200 37
218.81.223.53 - - [26/May/2022:08:58:14 +0800] "POST /xingrg/kc/buy/cgsh_order_operate.html HTTP/1.1" 200 12
218.81.223.53 - - [26/May/2022:08:58:18 +0800] "GET /xingrg/kc/buy/cgsh_order_info.html?code=212022052601648 HTTP/1.1" 200 62431
218.81.223.53 - - [26/May/2022:08:58:19 +0800] "GET /xingrg/javascript/easyui/themes/default/validatebox.css HTTP/1.1" 404 1104
218.81.223.53 - - [26/May/2022:08:58:19 +0800] "POST /xingrg/kc/buy/cgsh_order_operate.html HTTP/1.1" 200 1811
222.70.180.114 - - [26/May/2022:08:58:21 +0800] "GET /xingrg/all/function/internal_message.html?_=1653526692876&CODE_STATE=getMsg HTTP/1.1" 200 27
120.253.135.82 - - [26/May/2022:08:58:24 +0800] "GET /xingrg/check_reg.html?_=1653526511486 HTTP/1.1" 200 22
218.81.223.53 - - [26/May/2022:08:58:24 +0800] "GET /xingrg/kc/print/load_data.html?order_code=212022052601648&kc_code=cgsh&condition= HTTP/1.1" 200 1177
120.253.135.82 - - [26/May/2022:08:58:26 +0800] "POST /xingrg/kc/pszx/mdps_order_operate.html HTTP/1.1" 200 37
120.253.135.82 - - [26/May/2022:08:58:27 +0800] "GET /xingrg/kc/pszx/mdps_order_info.html?code=312022052600743 HTTP/1.1" 200 23989
120.253.135.82 - - [26/May/2022:08:58:28 +0800] "POST /xingrg/kc/pszx/mdps_order_operate.html HTTP/1.1" 200 5206
58.39.61.91 - - [26/May/2022:08:58:28 +0800] "GET /xingrg/check_reg.html?_=1653526705753 HTTP/1.1" 200 22
58.39.61.91 - - [26/May/2022:08:58:28 +0800] "GET /xingrg/all/function/internal_message.html?_=1653526705757&CODE_STATE=getMsg HTTP/1.1" 200 27
120.253.135.82 - - [26/May/2022:08:58:29 +0800] "GET /xingrg/javascript/easyui/themes/default/validatebox.css HTTP/1.1" 404 1104
218.81.223.53 - - [26/May/2022:08:58:32 +0800] "GET /xingrg/kc/buy/cgsh_order_add.html HTTP/1.1" 200 67528
218.81.223.53 - - [26/May/2022:08:58:33 +0800] "POST /xingrg/kc/buy/cgsh_order_operate.html HTTP/1.1" 200 8245
218.81.223.53 - - [26/May/2022:08:58:33 +0800] "GET /xingrg/javascript/easyui/themes/default/validatebox.css HTTP/1.1" 404 1104
180.175.103.167 - - [26/May/2022:08:58:35 +0800] "GET /xingrg/all/function/internal_message.html?_=1653526635679&CODE_STATE=getMsg HTTP/1.1" 200 27
58.39.61.91 - - [26/May/2022:08:58:35 +0800] "GET /xingrg/all/function/internal_message.html?_=1653526678817&CODE_STATE=getMsg HTTP/1.1" 200 27
180.156.212.250 - - [26/May/2022:08:58:35 +0800] "GET /xingrg/all/function/internal_message.html?_=1653526783243&CODE_STATE=getMsg HTTP/1.1" 200 27
116.235.92.88 - - [26/May/2022:08:58:41 +0800] "GET /xingrg/all/function/internal_message.html?_=1653526895255&CODE_STATE=getMsg HTTP/1.1" 200 27
58.35.196.179 - - [26/May/2022:08:58:46 +0800] "GET /xingrg/all/function/internal_message.html?_=1653526724172&CODE_STATE=getMsg HTTP/1.1" 200 27
180.175.103.167 - - [26/May/2022:08:58:50 +0800] "GET /xingrg/check_reg.html?_=1653526650815 HTTP/1.1" 200 22
120.253.135.82 - - [26/May/2022:08:58:51 +0800] "GET /xingrg/all/function/internal_message.html?_=1653526539021&CODE_STATE=getMsg HTTP/1.1" 200 27
116.230.110.173 - - [26/May/2022:08:59:03 +0800] "GET /xingrg/all/function/internal_message.html?_=1653526730179&CODE_STATE=getMsg HTTP/1.1" 200 27
218.81.223.53 - - [26/May/2022:08:59:07 +0800] "GET /xingrg/all/function/internal_message.html?_=1653526758403&CODE_STATE=getMsg HTTP/1.1" 200 27
58.39.61.91 - - [26/May/2022:08:59:19 +0800] "GET /xingrg/check_reg.html?_=1653526722551 HTTP/1.1" 200 22
222.70.180.114 - - [26/May/2022:08:59:21 +0800] "GET /xingrg/all/function/internal_message.html?_=1653526752859&CODE_STATE=getMsg HTTP/1.1" 200 27
120.253.135.82 - - [26/May/2022:08:59:24 +0800] "POST /xingrg/kc/pszx/mdps_order_operate.html HTTP/1.1" 200 37
120.253.135.82 - - [26/May/2022:08:59:25 +0800] "GET /xingrg/kc/pszx/mdps_order_info.html?code=312022052600743 HTTP/1.1" 200 23989
120.253.135.82 - - [26/May/2022:08:59:26 +0800] "POST /xingrg/kc/pszx/mdps_order_operate.html HTTP/1.1" 200 5206
120.253.135.82 - - [26/May/2022:08:59:26 +0800] "GET /xingrg/javascript/easyui/themes/default/validatebox.css HTTP/1.1" 404 1104
120.253.135.82 - - [26/May/2022:08:59:27 +0800] "POST /xingrg/kc/pszx/mdps_list_operate.html HTTP/1.1" 200 3210
58.39.61.91 - - [26/May/2022:08:59:28 +0800] "GET /xingrg/all/function/internal_message.html?_=1653526765766&CODE_STATE=getMsg HTTP/1.1" 200 27
120.253.135.82 - - [26/May/2022:08:59:29 +0800] "POST /xingrg/kc/pszx/mdps_list_operate.html HTTP/1.1" 200 444
180.175.103.167 - - [26/May/2022:08:59:30 +0800] "GET /xingrg/kc/buy/cgsh_order_add.html HTTP/1.1" 200 67610
180.175.103.167 - - [26/May/2022:08:59:30 +0800] "POST /xingrg/kc/buy/cgsh_order_operate.html HTTP/1.1" 200 8245
180.175.103.167 - - [26/May/2022:08:59:30 +0800] "GET /xingrg/javascript/easyui/themes/default/validatebox.css HTTP/1.1" 404 1104
180.175.103.167 - - [26/May/2022:08:59:35 +0800] "GET /xingrg/all/function/internal_message.html?_=1653526695671&CODE_STATE=getMsg HTTP/1.1" 200 27
58.39.61.91 - - [26/May/2022:08:59:35 +0800] "GET /xingrg/all/function/internal_message.html?_=1653526738822&CODE_STATE=getMsg HTTP/1.1" 200 27
180.156.212.250 - - [26/May/2022:08:59:35 +0800] "GET /xingrg/all/function/internal_message.html?_=1653526843247&CODE_STATE=getMsg HTTP/1.1" 200 27
116.235.92.88 - - [26/May/2022:08:59:41 +0800] "GET /xingrg/all/function/internal_message.html?_=1653526955240&CODE_STATE=getMsg HTTP/1.1" 200 27
58.35.196.179 - - [26/May/2022:08:59:46 +0800] "GET /xingrg/all/function/internal_message.html?_=1653526784176&CODE_STATE=getMsg HTTP/1.1" 200 27
120.253.135.82 - - [26/May/2022:08:59:52 +0800] "GET /xingrg/all/function/internal_message.html?_=1653526599322&CODE_STATE=getMsg HTTP/1.1" 200 27
120.253.135.82 - - [26/May/2022:08:59:58 +0800] "GET /xingrg/kc/pszx/mdps_order_info.html?code=312022052600742 HTTP/1.1" 200 23987
120.253.135.82 - - [26/May/2022:08:59:59 +0800] "POST /xingrg/kc/pszx/mdps_order_operate.html HTTP/1.1" 200 3778
120.253.135.82 - - [26/May/2022:08:59:59 +0800] "GET /xingrg/javascript/easyui/themes/default/validatebox.css HTTP/1.1" 404 1104
116.230.110.173 - - [26/May/2022:09:00:03 +0800] "GET /xingrg/check_reg.html?_=1653526790165 HTTP/1.1" 200 22
116.230.110.173 - - [26/May/2022:09:00:03 +0800] "GET /xingrg/all/function/internal_message.html?_=1653526790166&CODE_STATE=getMsg HTTP/1.1" 200 27
222.70.180.114 - - [26/May/2022:09:00:03 +0800] "GET /xingrg/check_reg.html?_=1653526794404 HTTP/1.1" 200 22
218.81.223.53 - - [26/May/2022:09:00:07 +0800] "GET /xingrg/all/function/internal_message.html?_=1653526818436&CODE_STATE=getMsg HTTP/1.1" 200 27
218.81.223.53 - - [26/May/2022:09:00:11 +0800] "GET /xingrg/kc/buy/cgsh_order_operate.html?command=get_materiel&rest_code=00146&code=00101010079&supplier_code=00100336&order_time=2022-05-26 HTTP/1.1" 200 433
120.253.135.82 - - [26/May/2022:09:00:12 +0800] "POST /xingrg/kc/pszx/mdps_order_operate.html HTTP/1.1" 200 37
120.253.135.82 - - [26/May/2022:09:00:13 +0800] "GET /xingrg/kc/pszx/mdps_order_info.html?code=312022052600742 HTTP/1.1" 200 23987
120.253.135.82 - - [26/May/2022:09:00:14 +0800] "POST /xingrg/kc/pszx/mdps_order_operate.html HTTP/1.1" 200 3779
120.253.135.82 - - [26/May/2022:09:00:14 +0800] "GET /xingrg/javascript/easyui/themes/default/validatebox.css HTTP/1.1" 404 1104
120.253.135.82 - - [26/May/2022:09:00:16 +0800] "POST /xingrg/kc/pszx/mdps_list_operate.html HTTP/1.1" 200 3210
222.70.180.114 - - [26/May/2022:09:00:21 +0800] "GET /xingrg/all/function/internal_message.html?_=1653526812830&CODE_STATE=getMsg HTTP/1.1" 200 27
58.39.61.91 - - [26/May/2022:09:00:28 +0800] "GET /xingrg/all/function/internal_message.html?_=1653526825764&CODE_STATE=getMsg HTTP/1.1" 200 27
180.156.212.250 - - [26/May/2022:09:00:35 +0800] "GET /xingrg/check_reg.html?_=1653526902518 HTTP/1.1" 200 22
180.175.103.167 - - [26/May/2022:09:00:35 +0800] "GET /xingrg/all/function/internal_message.html?_=1653526755642&CODE_STATE=getMsg HTTP/1.1" 200 27
58.39.61.91 - - [26/May/2022:09:00:35 +0800] "GET /xingrg/all/function/internal_message.html?_=1653526798835&CODE_STATE=getMsg HTTP/1.1" 200 27
180.156.212.250 - - [26/May/2022:09:00:35 +0800] "GET /xingrg/all/function/internal_message.html?_=1653526903261&CODE_STATE=getMsg HTTP/1.1" 200 27
180.175.103.167 - - [26/May/2022:09:00:37 +0800] "GET /xingrg/javascript/jquery_tools/images/prev.gif HTTP/1.1" 404 1086
180.175.103.167 - - [26/May/2022:09:00:37 +0800] "GET /xingrg/javascript/jquery_tools/images/next.gif HTTP/1.1" 404 1086
116.235.92.88 - - [26/May/2022:09:00:41 +0800] "GET /xingrg/all/function/internal_message.html?_=1653527015255&CODE_STATE=getMsg HTTP/1.1" 200 27
116.235.92.88 - - [26/May/2022:09:00:41 +0800] "GET /xingrg/check_reg.html?_=1653527015256 HTTP/1.1" 200 22
58.35.196.179 - - [26/May/2022:09:00:46 +0800] "GET /xingrg/all/function/internal_message.html?_=1653526844177&CODE_STATE=getMsg HTTP/1.1" 200 27
120.253.135.82 - - [26/May/2022:09:00:52 +0800] "GET /xingrg/all/function/internal_message.html?_=1653526659621&CODE_STATE=getMsg HTTP/1.1" 200 27
180.175.103.167 - - [26/May/2022:09:00:57 +0800] "GET /xingrg/kc/buy/cgsh_order_operate.html?command=get_materiel&rest_code=00105&code=00101008072&supplier_code=00100203&order_time=2022-05-25 HTTP/1.1" 200 408
218.81.223.53 - - [26/May/2022:09:01:01 +0800] "POST /xingrg/kc/buy/cgsh_order_operate.html HTTP/1.1" 200 37
116.230.110.173 - - [26/May/2022:09:01:03 +0800] "GET /xingrg/all/function/internal_message.html?_=1653526850168&CODE_STATE=getMsg HTTP/1.1" 200 27
218.81.223.53 - - [26/May/2022:09:01:07 +0800] "GET /xingrg/all/function/internal_message.html?_=1653526878532&CODE_STATE=getMsg HTTP/1.1" 200 27
218.81.223.53 - - [26/May/2022:09:01:08 +0800] "POST /xingrg/kc/buy/cgsh_order_operate.html HTTP/1.1" 200 12
218.81.223.53 - - [26/May/2022:09:01:09 +0800] "GET /xingrg/kc/buy/cgsh_order_info.html?code=212022052601649 HTTP/1.1" 200 62431
218.81.223.53 - - [26/May/2022:09:01:09 +0800] "GET /xingrg/javascript/easyui/themes/default/validatebox.css HTTP/1.1" 404 1104
218.81.223.53 - - [26/May/2022:09:01:10 +0800] "POST /xingrg/kc/buy/cgsh_order_operate.html HTTP/1.1" 200 616
218.81.223.53 - - [26/May/2022:09:01:12 +0800] "GET /xingrg/kc/print/load_data.html?order_code=212022052601649&kc_code=cgsh&condition= HTTP/1.1" 200 718
218.81.223.53 - - [26/May/2022:09:01:15 +0800] "GET /xingrg/check_reg.html?_=1653526886279 HTTP/1.1" 200 22
120.253.135.82 - - [26/May/2022:09:01:16 +0800] "POST /xingrg/kc/pszx/mdps_list_operate.html HTTP/1.1" 200 868
222.70.180.114 - - [26/May/2022:09:01:21 +0800] "GET /xingrg/all/function/internal_message.html?_=1653526872814&CODE_STATE=getMsg HTTP/1.1" 200 27
120.253.135.82 - - [26/May/2022:09:01:23 +0800] "GET /xingrg/kc/pszx/mdps_order_add.html HTTP/1.1" 200 29035
120.253.135.82 - - [26/May/2022:09:01:23 +0800] "POST /xingrg/kc/pszx/mdps_order_operate.html HTTP/1.1" 200 7126
120.253.135.82 - - [26/May/2022:09:01:24 +0800] "GET /xingrg/javascript/easyui/themes/default/validatebox.css HTTP/1.1" 404 1104
58.39.61.91 - - [26/May/2022:09:01:28 +0800] "GET /xingrg/all/function/internal_message.html?_=1653526885763&CODE_STATE=getMsg HTTP/1.1" 200 27
180.175.103.167 - - [26/May/2022:09:01:29 +0800] "GET /xingrg/kc/buy/cgsh_order_operate.html?command=get_materiel&rest_code=00105&code=00101008064&supplier_code=00100203&order_time=2022-05-25 HTTP/1.1" 200 412
180.175.103.167 - - [26/May/2022:09:01:35 +0800] "GET /xingrg/all/function/internal_message.html?_=1653526815625&CODE_STATE=getMsg HTTP/1.1" 200 27
58.39.61.91 - - [26/May/2022:09:01:35 +0800] "GET /xingrg/all/function/internal_message.html?_=1653526858860&CODE_STATE=getMsg HTTP/1.1" 200 27
180.156.212.250 - - [26/May/2022:09:01:35 +0800] "GET /xingrg/all/function/internal_message.html?_=1653526963274&CODE_STATE=getMsg HTTP/1.1" 200 27
218.81.223.53 - - [26/May/2022:09:01:38 +0800] "GET /xingrg/kc/buy/cgsh_order_add.html HTTP/1.1" 200 67528
218.81.223.53 - - [26/May/2022:09:01:38 +0800] "POST /xingrg/kc/buy/cgsh_order_operate.html HTTP/1.1" 200 8245
218.81.223.53 - - [26/May/2022:09:01:38 +0800] "GET /xingrg/javascript/easyui/themes/default/validatebox.css HTTP/1.1" 404 1104
116.235.92.88 - - [26/May/2022:09:01:41 +0800] "GET /xingrg/all/function/internal_message.html?_=1653527075254&CODE_STATE=getMsg HTTP/1.1" 200 27
120.253.135.82 - - [26/May/2022:09:01:43 +0800] "POST /xingrg/all/common/load_combo.html?type=base HTTP/1.1" 200 1169
58.35.196.179 - - [26/May/2022:09:01:46 +0800] "GET /xingrg/check_reg.html?_=1653526904178 HTTP/1.1" 200 22
58.35.196.179 - - [26/May/2022:09:01:46 +0800] "GET /xingrg/all/function/internal_message.html?_=1653526904179&CODE_STATE=getMsg HTTP/1.1" 200 27
120.253.135.82 - - [26/May/2022:09:01:52 +0800] "GET /xingrg/all/function/internal_message.html?_=1653526719623&CODE_STATE=getMsg HTTP/1.1" 200 27
180.175.103.167 - - [26/May/2022:09:01:55 +0800] "GET /xingrg/kc/buy/cgsh_order_operate.html?command=get_materiel&rest_code=00105&code=00101008355&supplier_code=00100203&order_time=2022-05-25 HTTP/1.1" 200 430
116.230.110.173 - - [26/May/2022:09:02:03 +0800] "GET /xingrg/all/function/internal_message.html?_=1653526910180&CODE_STATE=getMsg HTTP/1.1" 200 27
218.81.223.53 - - [26/May/2022:09:02:07 +0800] "GET /xingrg/all/function/internal_message.html?_=1653526938538&CODE_STATE=getMsg HTTP/1.1" 200 27
120.253.135.82 - - [26/May/2022:09:02:15 +0800] "GET /xingrg/kc/pszx/mdps_order_operate.html?command=get_materiel&pszx_code=00101&rest_code=00155&base_code=0010851&code=00101008665 HTTP/1.1" 200 443
180.175.103.167 - - [26/May/2022:09:02:16 +0800] "GET /xingrg/kc/buy/cgsh_order_operate.html?command=get_materiel&rest_code=00105&code=00101008286&supplier_code=00100203&order_time=2022-05-25 HTTP/1.1" 200 408
222.70.180.114 - - [26/May/2022:09:02:21 +0800] "GET /xingrg/all/function/internal_message.html?_=1653526932798&CODE_STATE=getMsg HTTP/1.1" 200 27
58.39.61.91 - - [26/May/2022:09:02:28 +0800] "GET /xingrg/all/function/internal_message.html?_=1653526945776&CODE_STATE=getMsg HTTP/1.1" 200 27
120.253.135.82 - - [26/May/2022:09:02:33 +0800] "GET /xingrg/kc/pszx/mdps_order_operate.html?command=get_materiel&pszx_code=00101&rest_code=00155&base_code=0010851&code=00101008371 HTTP/1.1" 200 434
180.175.103.167 - - [26/May/2022:09:02:33 +0800] "GET /xingrg/kc/buy/cgsh_order_operate.html?command=get_materiel&rest_code=00105&code=00101008005&supplier_code=00100203&order_time=2022-05-25 HTTP/1.1" 200 434
180.175.103.167 - - [26/May/2022:09:02:35 +0800] "GET /xingrg/all/function/internal_message.html?_=1653526875610&CODE_STATE=getMsg HTTP/1.1" 200 27
58.39.61.91 - - [26/May/2022:09:02:35 +0800] "GET /xingrg/all/function/internal_message.html?_=1653526918862&CODE_STATE=getMsg HTTP/1.1" 200 27
180.156.212.250 - - [26/May/2022:09:02:35 +0800] "GET /xingrg/all/function/internal_message.html?_=1653527023288&CODE_STATE=getMsg HTTP/1.1" 200 27
116.235.92.88 - - [26/May/2022:09:02:41 +0800] "GET /xingrg/all/function/internal_message.html?_=1653527135252&CODE_STATE=getMsg HTTP/1.1" 200 27
58.35.196.179 - - [26/May/2022:09:02:46 +0800] "GET /xingrg/all/function/internal_message.html?_=1653526964182&CODE_STATE=getMsg HTTP/1.1" 200 27
120.253.135.82 - - [26/May/2022:09:02:52 +0800] "GET /xingrg/all/function/internal_message.html?_=1653526779638&CODE_STATE=getMsg HTTP/1.1" 200 27
180.175.103.167 - - [26/May/2022:09:02:55 +0800] "GET /xingrg/kc/buy/cgsh_order_operate.html?command=get_materiel&rest_code=00105&code=00101008298&supplier_code=00100203&order_time=2022-05-25 HTTP/1.1" 200 413
120.253.135.82 - - [26/May/2022:09:03:00 +0800] "GET /xingrg/kc/pszx/mdps_order_operate.html?command=get_materiel&pszx_code=00101&rest_code=00155&base_code=0010851&code=00101008210 HTTP/1.1" 200 434
116.230.110.173 - - [26/May/2022:09:03:03 +0800] "GET /xingrg/all/function/internal_message.html?_=1653526970177&CODE_STATE=getMsg HTTP/1.1" 200 27
222.70.180.114 - - [26/May/2022:09:03:07 +0800] "POST /xingrg/services/DataTransmitService HTTP/1.1" 200 524
218.81.223.53 - - [26/May/2022:09:03:07 +0800] "GET /xingrg/all/function/internal_message.html?_=1653526998551&CODE_STATE=getMsg HTTP/1.1" 200 27
180.175.103.167 - - [26/May/2022:09:03:12 +0800] "POST /xingrg/kc/buy/cgsh_order_operate.html HTTP/1.1" 200 37
180.175.103.167 - - [26/May/2022:09:03:14 +0800] "POST /xingrg/kc/buy/cgsh_order_operate.html HTTP/1.1" 200 5641
180.175.103.167 - - [26/May/2022:09:03:21 +0800] "GET /xingrg/kc/print/load_data.html?order_code=212022052601650&kc_code=cgsh&condition= HTTP/1.1" 200 1815
222.70.180.114 - - [26/May/2022:09:03:21 +0800] "GET /xingrg/all/function/internal_message.html?_=1653526992783&CODE_STATE=getMsg HTTP/1.1" 200 27
120.253.135.82 - - [26/May/2022:09:03:24 +0800] "GET /xingrg/check_reg.html?_=1653526811492 HTTP/1.1" 200 22
58.39.61.91 - - [26/May/2022:09:03:28 +0800] "GET /xingrg/check_reg.html?_=1653527005775 HTTP/1.1" 200 22
58.39.61.91 - - [26/May/2022:09:03:28 +0800] "GET /xingrg/all/function/internal_message.html?_=1653527005776&CODE_STATE=getMsg HTTP/1.1" 200 27
120.253.135.82 - - [26/May/2022:09:03:30 +0800] "GET /xingrg/kc/pszx/mdps_order_operate.html?command=get_materiel&pszx_code=00101&rest_code=00155&base_code=0010851&code=00101008199 HTTP/1.1" 200 429
180.175.103.167 - - [26/May/2022:09:03:35 +0800] "GET /xingrg/all/function/internal_message.html?_=1653526935595&CODE_STATE=getMsg HTTP/1.1" 200 27
58.39.61.91 - - [26/May/2022:09:03:35 +0800] "GET /xingrg/all/function/internal_message.html?_=1653526978885&CODE_STATE=getMsg HTTP/1.1" 200 27
116.235.92.88 - - [26/May/2022:09:03:41 +0800] "GET /xingrg/all/function/internal_message.html?_=1653527195250&CODE_STATE=getMsg HTTP/1.1" 200 27
120.253.135.82 - - [26/May/2022:09:03:43 +0800] "POST /xingrg/kc/pszx/mdps_order_operate.html HTTP/1.1" 200 37
120.253.135.82 - - [26/May/2022:09:03:43 +0800] "GET /xingrg/kc/pszx/mdps_order_info.html?code=312022052600744 HTTP/1.1" 200 23989
180.156.212.250 - - [26/May/2022:09:03:44 +0800] "GET /xingrg/all/function/internal_message.html?_=1653527083406&CODE_STATE=getMsg HTTP/1.1" 200 27
120.253.135.82 - - [26/May/2022:09:03:45 +0800] "POST /xingrg/kc/pszx/mdps_order_operate.html HTTP/1.1" 200 3736
120.253.135.82 - - [26/May/2022:09:03:45 +0800] "GET /xingrg/javascript/easyui/themes/default/validatebox.css HTTP/1.1" 404 1104
58.35.196.179 - - [26/May/2022:09:03:46 +0800] "GET /xingrg/all/function/internal_message.html?_=1653527024184&CODE_STATE=getMsg HTTP/1.1" 200 27
180.175.103.167 - - [26/May/2022:09:03:50 +0800] "GET /xingrg/check_reg.html?_=1653526950839 HTTP/1.1" 200 22
180.175.103.167 - - [26/May/2022:09:03:54 +0800] "GET /xingrg/kc/buy/cgsh_order_add.html HTTP/1.1" 200 67610
180.175.103.167 - - [26/May/2022:09:03:54 +0800] "POST /xingrg/kc/buy/cgsh_order_operate.html HTTP/1.1" 200 8245
180.175.103.167 - - [26/May/2022:09:03:54 +0800] "GET /xingrg/javascript/easyui/themes/default/validatebox.css HTTP/1.1" 404 1104
116.230.110.173 - - [26/May/2022:09:04:03 +0800] "GET /xingrg/all/function/internal_message.html?_=1653527030172&CODE_STATE=getMsg HTTP/1.1" 200 27
218.81.223.53 - - [26/May/2022:09:04:07 +0800] "GET /xingrg/all/function/internal_message.html?_=1653527058652&CODE_STATE=getMsg HTTP/1.1" 200 27
218.81.223.53 - - [26/May/2022:09:04:09 +0800] "GET /xingrg/kc/buy/cgsh_order_operate.html?command=get_materiel&rest_code=00146&code=00101010855&supplier_code=00100327&order_time=2022-05-25 HTTP/1.1" 200 446
180.175.103.167 - - [26/May/2022:09:04:15 +0800] "GET /xingrg/kc/buy/cgsh_order_operate.html?command=get_materiel&rest_code=00105&code=00101008350&supplier_code=00100203&order_time=2022-05-26 HTTP/1.1" 200 430
58.39.61.91 - - [26/May/2022:09:04:19 +0800] "GET /xingrg/check_reg.html?_=1653527022563 HTTP/1.1" 200 22
222.70.180.114 - - [26/May/2022:09:04:21 +0800] "GET /xingrg/all/function/internal_message.html?_=1653527052767&CODE_STATE=getMsg HTTP/1.1" 200 27
58.39.61.91 - - [26/May/2022:09:04:28 +0800] "GET /xingrg/all/function/internal_message.html?_=1653527065772&CODE_STATE=getMsg HTTP/1.1" 200 27
180.175.103.167 - - [26/May/2022:09:04:35 +0800] "GET /xingrg/all/function/internal_message.html?_=1653526995563&CODE_STATE=getMsg HTTP/1.1" 200 27
58.39.61.91 - - [26/May/2022:09:04:35 +0800] "GET /xingrg/all/function/internal_message.html?_=1653527038889&CODE_STATE=getMsg HTTP/1.1" 200 27
180.175.103.167 - - [26/May/2022:09:04:38 +0800] "GET /xingrg/kc/buy/cgsh_order_operate.html?command=get_materiel&rest_code=00105&code=00101008003&supplier_code=00100203&order_time=2022-05-26 HTTP/1.1" 200 408
120.253.135.82 - - [26/May/2022:09:04:40 +0800] "GET /xingrg/login.html HTTP/1.1" 200 7641
120.253.135.82 - - [26/May/2022:09:04:40 +0800] "GET /xingrg/images/blue/jxLogo.png HTTP/1.1" 304 -
120.253.135.82 - - [26/May/2022:09:04:40 +0800] "GET /xingrg/images/blue/hj.png HTTP/1.1" 304 -
120.253.135.82 - - [26/May/2022:09:04:40 +0800] "GET /xingrg/images/blue/login_bg.png HTTP/1.1" 304 -
120.253.135.82 - - [26/May/2022:09:04:41 +0800] "GET /xingrg/images/blue/srbg.png HTTP/1.1" 304 -
116.235.92.88 - - [26/May/2022:09:04:41 +0800] "GET /xingrg/all/function/internal_message.html?_=1653527255248&CODE_STATE=getMsg HTTP/1.1" 200 27
120.253.135.82 - - [26/May/2022:09:04:41 +0800] "GET /favicon.ico HTTP/1.1" 404 -
120.253.135.82 - - [26/May/2022:09:04:43 +0800] "POST /xingrg/login.do HTTP/1.1" 302 -
120.253.135.82 - - [26/May/2022:09:04:44 +0800] "GET /xingrg/javascript/jquery_easy_ui/themes/icon.css HTTP/1.1" 304 -
120.253.135.82 - - [26/May/2022:09:04:44 +0800] "GET /xingrg/javascript/jquery_easy_ui/themes/default/easyui.css HTTP/1.1" 304 -
120.253.135.82 - - [26/May/2022:09:04:44 +0800] "GET /xingrg/index.html?sysBaseUrl=http%3A%2F%2F180.169.147.146%3A18081%2Fxingrg%2F&costTime=41×tamp=1653527083984 HTTP/1.1" 200 17173
120.253.135.82 - - [26/May/2022:09:04:44 +0800] "GET /xingrg/css/form.css HTTP/1.1" 304 -
120.253.135.82 - - [26/May/2022:09:04:44 +0800] "GET /xingrg/javascript/jquery_easy_ui/jquery.easyui.min.js HTTP/1.1" 304 -
120.253.135.82 - - [26/May/2022:09:04:44 +0800] "GET /xingrg/javascript/jquery_easy_ui/easyui-lang-zh_CN.js HTTP/1.1" 304 -
120.253.135.82 - - [26/May/2022:09:04:44 +0800] "GET /xingrg/javascript/jquery.timers.js HTTP/1.1" 304 -
120.253.135.82 - - [26/May/2022:09:04:44 +0800] "GET /xingrg/javascript/jquery-1.4.2.min.js HTTP/1.1" 304 -
120.253.135.82 - - [26/May/2022:09:04:44 +0800] "GET /xingrg/javascript/jquery.form.js HTTP/1.1" 304 -
120.253.135.82 - - [26/May/2022:09:04:44 +0800] "GET /xingrg/javascript/jquery.utils.js HTTP/1.1" 304 -
120.253.135.82 - - [26/May/2022:09:04:44 +0800] "GET /xingrg/images/blue/navBackgound.jpg HTTP/1.1" 304 -
120.253.135.82 - - [26/May/2022:09:04:44 +0800] "GET /favicon.ico HTTP/1.1" 404 -
120.253.135.82 - - [26/May/2022:09:04:44 +0800] "GET /xingrg/javascript/jquery_easy_ui/themes/icons/settle_new.png HTTP/1.1" 304 -
120.253.135.82 - - [26/May/2022:09:04:44 +0800] "POST /xingrg/all/common/load_tree.html?tree=area_rest_tree_json&manage=1 HTTP/1.1" 200 344
120.253.135.82 - - [26/May/2022:09:04:44 +0800] "GET /xingrg/images/blue/pingpu.png HTTP/1.1" 304 -
120.253.135.82 - - [26/May/2022:09:04:44 +0800] "GET /xingrg/javascript/jquery_easy_ui/themes/default/images/tabs_rightarrow.png HTTP/1.1" 304 -
120.253.135.82 - - [26/May/2022:09:04:44 +0800] "GET /xingrg/javascript/jquery_easy_ui/themes/default/images/tabs_leftarrow.png HTTP/1.1" 304 -
120.253.135.82 - - [26/May/2022:09:04:44 +0800] "GET /xingrg/javascript/jquery_easy_ui/themes/default/images/panel_tool_collapse.gif HTTP/1.1" 304 -
180.156.212.250 - - [26/May/2022:09:04:44 +0800] "GET /xingrg/all/function/internal_message.html?_=1653527143409&CODE_STATE=getMsg HTTP/1.1" 200 27
120.253.135.82 - - [26/May/2022:09:04:45 +0800] "GET /xingrg/all/function/internal_message.html?_=1653526892669&CODE_STATE=count HTTP/1.1" 200 11
120.253.135.82 - - [26/May/2022:09:04:45 +0800] "GET /xingrg/check_reg.html?_=1653526892670 HTTP/1.1" 200 22
120.253.135.82 - - [26/May/2022:09:04:45 +0800] "GET /xingrg/javascript/jquery_easy_ui/themes/default/images/tree_arrows.gif HTTP/1.1" 304 -
120.253.135.82 - - [26/May/2022:09:04:45 +0800] "POST /xingrg/load_menu.html HTTP/1.1" 200 6743
120.253.135.82 - - [26/May/2022:09:04:46 +0800] "GET /xingrg/javascript/jquery_easy_ui/themes/default/images/tree_folder_open.gif HTTP/1.1" 304 -
120.253.135.82 - - [26/May/2022:09:04:46 +0800] "GET /xingrg/javascript/jquery_easy_ui/themes/icons/search_new.png HTTP/1.1" 304 -
120.253.135.82 - - [26/May/2022:09:04:46 +0800] "GET /xingrg/javascript/jquery_easy_ui/themes/icons/forms_new.png HTTP/1.1" 304 -
120.253.135.82 - - [26/May/2022:09:04:46 +0800] "GET /xingrg/javascript/jquery_easy_ui/themes/icons/storage_new.png HTTP/1.1" 304 -
120.253.135.82 - - [26/May/2022:09:04:46 +0800] "GET /xingrg/javascript/jquery_easy_ui/themes/icons/delivery_new.png HTTP/1.1" 304 -
120.253.135.82 - - [26/May/2022:09:04:46 +0800] "GET /xingrg/javascript/jquery_easy_ui/themes/default/images/tree_file.gif HTTP/1.1" 304 -
120.253.135.82 - - [26/May/2022:09:04:46 +0800] "GET /xingrg/javascript/jquery_easy_ui/themes/default/images/tree_folder.gif HTTP/1.1" 304 -
58.35.196.179 - - [26/May/2022:09:04:46 +0800] "GET /xingrg/all/function/internal_message.html?_=1653527084169&CODE_STATE=getMsg HTTP/1.1" 200 27
120.253.135.82 - - [26/May/2022:09:04:50 +0800] "GET /xingrg/javascript/jquery_easy_ui/themes/default/images/tabs_close.gif HTTP/1.1" 304 -
120.253.135.82 - - [26/May/2022:09:04:50 +0800] "GET /xingrg/kc/pszx/mdqp_order_list.html?state=10 HTTP/1.1" 200 10217
120.253.135.82 - - [26/May/2022:09:04:50 +0800] "GET /xingrg/css/blue.css HTTP/1.1" 304 -
120.253.135.82 - - [26/May/2022:09:04:50 +0800] "GET /xingrg/javascript/pic_change.js HTTP/1.1" 304 -
120.253.135.82 - - [26/May/2022:09:04:50 +0800] "GET /xingrg/dwr/interface/AjaxReportQueryService.js HTTP/1.1" 200 13203
120.253.135.82 - - [26/May/2022:09:04:50 +0800] "GET /xingrg/dwr/interface/AjaxQqpsService.js HTTP/1.1" 200 16326
120.253.135.82 - - [26/May/2022:09:04:50 +0800] "GET /xingrg/dwr/util.js HTTP/1.1" 304 -
120.253.135.82 - - [26/May/2022:09:04:50 +0800] "GET /xingrg/javascript/myfunction.js HTTP/1.1" 304 -
120.253.135.82 - - [26/May/2022:09:04:50 +0800] "GET /xingrg/javascript/Calendar.js HTTP/1.1" 304 -
120.253.135.82 - - [26/May/2022:09:04:50 +0800] "GET /xingrg/dwr/engine.js HTTP/1.1" 200 43631
120.253.135.82 - - [26/May/2022:09:04:50 +0800] "GET /xingrg/javascript/jquery_easy_ui/themes/icons/uncheck_new.png HTTP/1.1" 304 -
120.253.135.82 - - [26/May/2022:09:04:50 +0800] "GET /xingrg/javascript/jquery_easy_ui/themes/icons/back_new.png HTTP/1.1" 304 -
120.253.135.82 - - [26/May/2022:09:04:50 +0800] "GET /xingrg/javascript/jquery_easy_ui/themes/icons/check_new.png HTTP/1.1" 304 -
120.253.135.82 - - [26/May/2022:09:04:52 +0800] "GET /xingrg/kc/pszx/mdps_order_list.html?orderType=0 HTTP/1.1" 200 20966
120.253.135.82 - - [26/May/2022:09:04:52 +0800] "GET /xingrg/css/base.css HTTP/1.1" 304 -
120.253.135.82 - - [26/May/2022:09:04:52 +0800] "GET /xingrg/css/site.css HTTP/1.1" 304 -
120.253.135.82 - - [26/May/2022:09:04:52 +0800] "GET /xingrg/javascript/jquery_tools/datebox.css HTTP/1.1" 304 -
120.253.135.82 - - [26/May/2022:09:04:52 +0800] "GET /xingrg/javascript/easyui/themes/default/easyui.css HTTP/1.1" 304 -
120.253.135.82 - - [26/May/2022:09:04:52 +0800] "GET /xingrg/javascript/easyui/themes/icon.css HTTP/1.1" 304 -
120.253.135.82 - - [26/May/2022:09:04:52 +0800] "GET /xingrg/javascript/auto/jquery.autocomplete.css HTTP/1.1" 304 -
120.253.135.82 - - [26/May/2022:09:04:52 +0800] "GET /xingrg/javascript/jquery_tools/fix.css HTTP/1.1" 304 -
120.253.135.82 - - [26/May/2022:09:04:52 +0800] "GET /xingrg/javascript/jquery_tools/table.css HTTP/1.1" 304 -
120.253.135.82 - - [26/May/2022:09:04:52 +0800] "GET /xingrg/javascript/jquery_tools/jquery.tools.extend.js HTTP/1.1" 304 -
120.253.135.82 - - [26/May/2022:09:04:52 +0800] "GET /xingrg/javascript/jquery_tools/jquery.tools.hotkey.js HTTP/1.1" 304 -
120.253.135.82 - - [26/May/2022:09:04:52 +0800] "GET /xingrg/javascript/jquery_tools/jquery.tools.min.js HTTP/1.1" 304 -
120.253.135.82 - - [26/May/2022:09:04:52 +0800] "GET /xingrg/javascript/jquery_tools/jquery.tools.table.js HTTP/1.1" 304 -
120.253.135.82 - - [26/May/2022:09:04:52 +0800] "GET /xingrg/javascript/auto/jquery.autocomplete.js HTTP/1.1" 304 -
120.253.135.82 - - [26/May/2022:09:04:52 +0800] "GET /xingrg/javascript/jquery.cookie.js HTTP/1.1" 304 -
120.253.135.82 - - [26/May/2022:09:04:52 +0800] "GET /xingrg/javascript/jquery_tools/list_manager.js HTTP/1.1" 304 -
120.253.135.82 - - [26/May/2022:09:04:52 +0800] "GET /xingrg/javascript/easyui/easyloader.js HTTP/1.1" 304 -
120.253.135.82 - - [26/May/2022:09:04:52 +0800] "GET /xingrg/javascript/print/LodopFuncs.js HTTP/1.1" 304 -
120.253.135.82 - - [26/May/2022:09:04:53 +0800] "GET /xingrg/javascript/easyui/themes/icons/cance_new.png HTTP/1.1" 304 -
120.253.135.82 - - [26/May/2022:09:04:53 +0800] "GET /xingrg/javascript/easyui/themes/icons/edit_add_new.png HTTP/1.1" 304 -
120.253.135.82 - - [26/May/2022:09:04:53 +0800] "GET /xingrg/javascript/easyui/themes/icons/check_new.png HTTP/1.1" 304 -
120.253.135.82 - - [26/May/2022:09:04:53 +0800] "GET /xingrg/javascript/easyui/themes/icons/uncheck_new.png HTTP/1.1" 304 -
120.253.135.82 - - [26/May/2022:09:04:53 +0800] "GET /xingrg/javascript/easyui/themes/icons/import_new.png HTTP/1.1" 304 -
120.253.135.82 - - [26/May/2022:09:04:53 +0800] "GET /xingrg/javascript/easyui/themes/icons/field_new.png HTTP/1.1" 304 -
120.253.135.82 - - [26/May/2022:09:04:53 +0800] "GET /xingrg/javascript/jquery_easy_ui/themes/icons/area.png HTTP/1.1" 304 -
120.253.135.82 - - [26/May/2022:09:04:53 +0800] "GET /xingrg/javascript/jquery_easy_ui/themes/icons/manage.png HTTP/1.1" 304 -
120.253.135.82 - - [26/May/2022:09:04:53 +0800] "GET /xingrg/javascript/easyui/plugins/jquery.parser.js HTTP/1.1" 304 -
120.253.135.82 - - [26/May/2022:09:04:53 +0800] "GET /xingrg/images/control/ajaxLoader.gif HTTP/1.1" 304 -
120.253.135.82 - - [26/May/2022:09:04:53 +0800] "POST /xingrg/kc/pszx/mdps_list_operate.html HTTP/1.1" 200 5347
120.253.135.82 - - [26/May/2022:09:04:55 +0800] "GET /xingrg/javascript/auto/indicator.gif HTTP/1.1" 404 1066
218.81.223.53 - - [26/May/2022:09:04:59 +0800] "GET /xingrg/kc/buy/cgsh_order_operate.html?command=get_materiel&rest_code=00146&code=00101010838&supplier_code=00100327&order_time=2022-05-25 HTTP/1.1" 200 401
120.253.135.82 - - [26/May/2022:09:04:59 +0800] "POST /xingrg/kc/pszx/mdps_list_operate.html HTTP/1.1" 200 1708
180.175.103.167 - - [26/May/2022:09:05:00 +0800] "GET /xingrg/kc/buy/cgsh_order_operate.html?command=get_materiel&rest_code=00105&code=00101008144&supplier_code=00100203&order_time=2022-05-26 HTTP/1.1" 200 412
120.253.135.82 - - [26/May/2022:09:05:01 +0800] "POST /xingrg/kc/pszx/mdps_list_operate.html HTTP/1.1" 200 426
116.230.110.173 - - [26/May/2022:09:05:03 +0800] "GET /xingrg/check_reg.html?_=1653527090175 HTTP/1.1" 200 22
116.230.110.173 - - [26/May/2022:09:05:03 +0800] "GET /xingrg/all/function/internal_message.html?_=1653527090176&CODE_STATE=getMsg HTTP/1.1" 200 27
222.70.180.114 - - [26/May/2022:09:05:03 +0800] "GET /xingrg/check_reg.html?_=1653527094405 HTTP/1.1" 200 22
218.81.223.53 - - [26/May/2022:09:05:07 +0800] "GET /xingrg/all/function/internal_message.html?_=1653527118657&CODE_STATE=getMsg HTTP/1.1" 200 27
120.253.135.82 - - [26/May/2022:09:05:18 +0800] "GET /xingrg/javascript/easyui/themes/default/images/button_plain_hover.png HTTP/1.1" 304 -
120.253.135.82 - - [26/May/2022:09:05:18 +0800] "GET /xingrg/javascript/easyui/themes/default/images/button_plain_hover.png HTTP/1.1" 304 -
120.253.135.82 - - [26/May/2022:09:05:18 +0800] "GET /xingrg/javascript/easyui/themes/default/images/button_plain_hover.png HTTP/1.1" 304 -
120.253.135.82 - - [26/May/2022:09:05:18 +0800] "GET /xingrg/javascript/easyui/themes/default/images/button_plain_hover.png HTTP/1.1" 304 -
120.253.135.82 - - [26/May/2022:09:05:18 +0800] "GET /xingrg/javascript/easyui/themes/default/images/button_plain_hover.png HTTP/1.1" 304 -
222.70.180.114 - - [26/May/2022:09:05:21 +0800] "GET /xingrg/all/function/internal_message.html?_=1653527112738&CODE_STATE=getMsg HTTP/1.1" 200 27
58.39.61.91 - - [26/May/2022:09:05:28 +0800] "GET /xingrg/all/function/internal_message.html?_=1653527125772&CODE_STATE=getMsg HTTP/1.1" 200 27
180.175.103.167 - - [26/May/2022:09:05:29 +0800] "GET /xingrg/kc/buy/cgsh_order_operate.html?command=get_materiel&rest_code=00105&code=00101008067&supplier_code=00100203&order_time=2022-05-26 HTTP/1.1" 200 416
180.175.103.167 - - [26/May/2022:09:05:35 +0800] "GET /xingrg/all/function/internal_message.html?_=1653527055537&CODE_STATE=getMsg HTTP/1.1" 200 27
58.39.61.91 - - [26/May/2022:09:05:35 +0800] "GET /xingrg/all/function/internal_message.html?_=1653527098904&CODE_STATE=getMsg HTTP/1.1" 200 27
58.39.61.91 - - [26/May/2022:09:05:37 +0800] "GET /xingrg/kc/base/yddb_order_add.html HTTP/1.1" 200 29837
58.39.61.91 - - [26/May/2022:09:05:38 +0800] "GET /xingrg/dwr/interface/AjaxYddbService.js HTTP/1.1" 200 13201
58.39.61.91 - - [26/May/2022:09:05:38 +0800] "GET /xingrg/dwr/engine.js HTTP/1.1" 200 43631
58.39.61.91 - - [26/May/2022:09:05:38 +0800] "GET /xingrg/dwr/interface/AjaxComOrderService.js HTTP/1.1" 200 18264
58.39.61.91 - - [26/May/2022:09:05:38 +0800] "GET /xingrg/dwr/util.js HTTP/1.1" 304 -
180.156.212.250 - - [26/May/2022:09:05:38 +0800] "GET /xingrg/check_reg.html?_=1653527202604 HTTP/1.1" 200 22
180.156.212.250 - - [26/May/2022:09:05:38 +0800] "GET /xingrg/all/function/internal_message.html?_=1653527203422&CODE_STATE=getMsg HTTP/1.1" 200 27
116.235.92.88 - - [26/May/2022:09:05:41 +0800] "GET /xingrg/all/function/internal_message.html?_=1653527315246&CODE_STATE=getMsg HTTP/1.1" 200 27
116.235.92.88 - - [26/May/2022:09:05:41 +0800] "GET /xingrg/check_reg.html?_=1653527315247 HTTP/1.1" 200 22
58.39.61.91 - - [26/May/2022:09:05:41 +0800] "POST /xingrg/dwr/call/plaincall/AjaxYddbService.getRestBases.dwr HTTP/1.1" 200 1562
120.253.135.82 - - [26/May/2022:09:05:45 +0800] "GET /xingrg/all/function/internal_message.html?_=1653526952675&CODE_STATE=getMsg HTTP/1.1" 200 27
58.35.196.179 - - [26/May/2022:09:05:46 +0800] "GET /xingrg/all/function/internal_message.html?_=1653527144170&CODE_STATE=getMsg HTTP/1.1" 200 27
180.175.103.167 - - [26/May/2022:09:05:48 +0800] "GET /xingrg/kc/buy/cgsh_order_operate.html?command=get_materiel&rest_code=00105&code=00101008270&supplier_code=00100203&order_time=2022-05-26 HTTP/1.1" 200 431
58.39.61.91 - - [26/May/2022:09:06:00 +0800] "POST /xingrg/dwr/call/plaincall/AjaxYddbService.saveOrder.dwr HTTP/1.1" 200 78
58.39.61.91 - - [26/May/2022:09:06:01 +0800] "GET /xingrg/images/yd/bt.gif HTTP/1.1" 404 1040
116.230.110.173 - - [26/May/2022:09:06:03 +0800] "GET /xingrg/all/function/internal_message.html?_=1653527150172&CODE_STATE=getMsg HTTP/1.1" 200 27
218.81.223.53 - - [26/May/2022:09:06:07 +0800] "GET /xingrg/all/function/internal_message.html?_=1653527178670&CODE_STATE=getMsg HTTP/1.1" 200 27
58.39.61.91 - - [26/May/2022:09:06:13 +0800] "POST /xingrg/dwr/call/plaincall/AjaxComOrderService.getMaterielSearchList.dwr HTTP/1.1" 200 394
58.39.61.91 - - [26/May/2022:09:06:15 +0800] "POST /xingrg/dwr/call/plaincall/AjaxComOrderService.getMaterielSearchList.dwr HTTP/1.1" 200 76
218.81.223.53 - - [26/May/2022:09:06:15 +0800] "GET /xingrg/check_reg.html?_=1653527186483 HTTP/1.1" 200 22
58.39.61.91 - - [26/May/2022:09:06:16 +0800] "POST /xingrg/dwr/call/plaincall/AjaxComOrderService.getMaterielSearchList.dwr HTTP/1.1" 200 9868
58.39.61.91 - - [26/May/2022:09:06:17 +0800] "POST /xingrg/dwr/call/plaincall/AjaxComOrderService.getMaterielSearchList.dwr HTTP/1.1" 200 728
58.39.61.91 - - [26/May/2022:09:06:21 +0800] "POST /xingrg/dwr/call/plaincall/AjaxYddbService.getMaterielByMap.dwr HTTP/1.1" 200 3763
222.70.180.114 - - [26/May/2022:09:06:21 +0800] "GET /xingrg/all/function/internal_message.html?_=1653527172748&CODE_STATE=getMsg HTTP/1.1" 200 27
218.81.223.53 - - [26/May/2022:09:06:23 +0800] "GET /xingrg/kc/buy/cgsh_order_operate.html?command=get_materiel&rest_code=00146&code=00101007043&supplier_code=00100327&order_time=2022-05-25 HTTP/1.1" 200 427
58.39.61.91 - - [26/May/2022:09:06:28 +0800] "GET /xingrg/all/function/internal_message.html?_=1653527185788&CODE_STATE=getMsg HTTP/1.1" 200 27
58.39.61.91 - - [26/May/2022:09:06:31 +0800] "POST /xingrg/dwr/call/plaincall/AjaxYddbService.saveMaterielItem.dwr HTTP/1.1" 200 78
180.175.103.167 - - [26/May/2022:09:06:35 +0800] "GET /xingrg/all/function/internal_message.html?_=1653527115579&CODE_STATE=getMsg HTTP/1.1" 200 27
58.39.61.91 - - [26/May/2022:09:06:35 +0800] "GET /xingrg/all/function/internal_message.html?_=1653527158929&CODE_STATE=getMsg HTTP/1.1" 200 27
180.156.212.250 - - [26/May/2022:09:06:36 +0800] "GET /xingrg/all/function/internal_message.html?_=1653527263436&CODE_STATE=getMsg HTTP/1.1" 200 27
58.39.61.91 - - [26/May/2022:09:06:40 +0800] "POST /xingrg/dwr/call/plaincall/AjaxComOrderService.getMaterielSearchList.dwr HTTP/1.1" 200 30298
58.39.61.91 - - [26/May/2022:09:06:41 +0800] "POST /xingrg/dwr/call/plaincall/AjaxComOrderService.getMaterielSearchList.dwr HTTP/1.1" 200 1722
116.235.92.88 - - [26/May/2022:09:06:41 +0800] "GET /xingrg/all/function/internal_message.html?_=1653527375245&CODE_STATE=getMsg HTTP/1.1" 200 27
58.39.61.91 - - [26/May/2022:09:06:42 +0800] "POST /xingrg/dwr/call/plaincall/AjaxComOrderService.getMaterielSearchList.dwr HTTP/1.1" 200 30299
58.39.61.91 - - [26/May/2022:09:06:43 +0800] "POST /xingrg/dwr/call/plaincall/AjaxComOrderService.getMaterielSearchList.dwr HTTP/1.1" 200 1155
180.175.103.167 - - [26/May/2022:09:06:44 +0800] "GET /xingrg/kc/buy/cgsh_order_operate.html?command=get_materiel&rest_code=00105&code=00101008377&supplier_code=00100203&order_time=2022-05-26 HTTP/1.1" 200 427
58.39.61.91 - - [26/May/2022:09:06:44 +0800] "POST /xingrg/dwr/call/plaincall/AjaxComOrderService.getMaterielSearchList.dwr HTTP/1.1" 200 891
120.253.135.82 - - [26/May/2022:09:06:45 +0800] "GET /xingrg/all/function/internal_message.html?_=1653527012688&CODE_STATE=getMsg HTTP/1.1" 200 27
218.81.223.53 - - [26/May/2022:09:06:46 +0800] "GET /xingrg/kc/buy/cgsh_order_operate.html?command=get_materiel&rest_code=00146&code=00101010839&supplier_code=00100327&order_time=2022-05-25 HTTP/1.1" 200 397
58.35.196.179 - - [26/May/2022:09:06:46 +0800] "GET /xingrg/all/function/internal_message.html?_=1653527204172&CODE_STATE=getMsg HTTP/1.1" 200 27
58.35.196.179 - - [26/May/2022:09:06:46 +0800] "GET /xingrg/check_reg.html?_=1653527204172 HTTP/1.1" 200 22
58.39.61.91 - - [26/May/2022:09:06:49 +0800] "POST /xingrg/dwr/call/plaincall/AjaxYddbService.getMaterielByMap.dwr HTTP/1.1" 200 3820
58.39.61.91 - - [26/May/2022:09:06:53 +0800] "POST /xingrg/dwr/call/plaincall/AjaxYddbService.saveMaterielItem.dwr HTTP/1.1" 200 79
58.39.61.91 - - [26/May/2022:09:06:58 +0800] "POST /xingrg/dwr/call/plaincall/AjaxComOrderService.getMaterielSearchList.dwr HTTP/1.1" 200 28042
58.39.61.91 - - [26/May/2022:09:06:58 +0800] "POST /xingrg/dwr/call/plaincall/AjaxComOrderService.getMaterielSearchList.dwr HTTP/1.1" 200 3026
116.230.110.173 - - [26/May/2022:09:07:03 +0800] "GET /xingrg/all/function/internal_message.html?_=1653527210186&CODE_STATE=getMsg HTTP/1.1" 200 27
58.39.61.91 - - [26/May/2022:09:07:03 +0800] "POST /xingrg/dwr/call/plaincall/AjaxYddbService.getMaterielByMap.dwr HTTP/1.1" 200 3803
58.39.61.91 - - [26/May/2022:09:07:07 +0800] "POST /xingrg/dwr/call/plaincall/AjaxYddbService.saveMaterielItem.dwr HTTP/1.1" 200 79
218.81.223.53 - - [26/May/2022:09:07:07 +0800] "GET /xingrg/all/function/internal_message.html?_=1653527238684&CODE_STATE=getMsg HTTP/1.1" 200 27
58.39.61.91 - - [26/May/2022:09:07:13 +0800] "POST /xingrg/dwr/call/plaincall/AjaxComOrderService.getMaterielSearchList.dwr HTTP/1.1" 200 14978
58.39.61.91 - - [26/May/2022:09:07:16 +0800] "POST /xingrg/dwr/call/plaincall/AjaxComOrderService.getMaterielSearchList.dwr HTTP/1.1" 200 1003
222.70.180.114 - - [26/May/2022:09:07:21 +0800] "GET /xingrg/all/function/internal_message.html?_=1653527232733&CODE_STATE=getMsg HTTP/1.1" 200 27
120.253.135.82 - - [26/May/2022:09:07:22 +0800] "GET /xingrg/javascript/easyui/themes/default/images/button_plain_hover.png HTTP/1.1" 304 -
120.253.135.82 - - [26/May/2022:09:07:22 +0800] "GET /xingrg/javascript/easyui/themes/default/images/button_plain_hover.png HTTP/1.1" 304 -
120.253.135.82 - - [26/May/2022:09:07:23 +0800] "GET /xingrg/kc/pszx/mdps_order_add.html HTTP/1.1" 200 29035
120.253.135.82 - - [26/May/2022:09:07:23 +0800] "GET /xingrg/javascript/jquery_tools/order_manager.js HTTP/1.1" 304 -
120.253.135.82 - - [26/May/2022:09:07:23 +0800] "GET /xingrg/javascript/json2.js HTTP/1.1" 304 -
120.253.135.82 - - [26/May/2022:09:07:23 +0800] "GET /xingrg/javascript/convert.js HTTP/1.1" 304 -
120.253.135.82 - - [26/May/2022:09:07:23 +0800] "GET /xingrg/javascript/print/kc_print.js HTTP/1.1" 304 -
120.253.135.82 - - [26/May/2022:09:07:24 +0800] "GET /xingrg/words/20220525141108_words.js HTTP/1.1" 304 -
120.253.135.82 - - [26/May/2022:09:07:24 +0800] "GET /xingrg/javascript/easyui/themes/icons/copy_new.png HTTP/1.1" 304 -
120.253.135.82 - - [26/May/2022:09:07:24 +0800] "GET /xingrg/javascript/easyui/themes/icons/ok.png HTTP/1.1" 304 -
120.253.135.82 - - [26/May/2022:09:07:24 +0800] "GET /xingrg/javascript/easyui/themes/icons/cancel.png HTTP/1.1" 304 -
120.253.135.82 - - [26/May/2022:09:07:24 +0800] "GET /xingrg/javascript/easyui/themes/icons/print.png HTTP/1.1" 304 -
120.253.135.82 - - [26/May/2022:09:07:24 +0800] "GET /xingrg/javascript/easyui/themes/default/images/menu_downarrow.png HTTP/1.1" 304 -
120.253.135.82 - - [26/May/2022:09:07:24 +0800] "POST /xingrg/kc/pszx/mdps_order_operate.html HTTP/1.1" 200 7126
120.253.135.82 - - [26/May/2022:09:07:24 +0800] "GET /xingrg/javascript/easyui/themes/icons/edit_remove.png HTTP/1.1" 304 -
120.253.135.82 - - [26/May/2022:09:07:24 +0800] "GET /xingrg/all/common/auto_word.html?type=base&rest_code=00101 HTTP/1.1" 200 671
120.253.135.82 - - [26/May/2022:09:07:24 +0800] "GET /xingrg/javascript/easyui/themes/default/validatebox.css HTTP/1.1" 404 1104
120.253.135.82 - - [26/May/2022:09:07:24 +0800] "GET /xingrg/javascript/easyui/plugins/jquery.validatebox.js HTTP/1.1" 304 -
120.253.135.82 - - [26/May/2022:09:07:24 +0800] "GET /xingrg/javascript/easyui/plugins/jquery.numberbox.js HTTP/1.1" 304 -
58.39.61.91 - - [26/May/2022:09:07:27 +0800] "POST /xingrg/dwr/call/plaincall/AjaxComOrderService.getMaterielSearchList.dwr HTTP/1.1" 200 204
120.253.135.82 - - [26/May/2022:09:07:28 +0800] "GET /xingrg/javascript/jquery_tools/images/prev.gif HTTP/1.1" 404 1086
120.253.135.82 - - [26/May/2022:09:07:28 +0800] "GET /xingrg/javascript/jquery_tools/images/next.gif HTTP/1.1" 404 1086
58.39.61.91 - - [26/May/2022:09:07:28 +0800] "GET /xingrg/all/function/internal_message.html?_=1653527245771&CODE_STATE=getMsg HTTP/1.1" 200 27
58.39.61.91 - - [26/May/2022:09:07:30 +0800] "POST /xingrg/dwr/call/plaincall/AjaxComOrderService.getMaterielSearchList.dwr HTTP/1.1" 200 1003
180.175.103.167 - - [26/May/2022:09:07:35 +0800] "GET /xingrg/all/function/internal_message.html?_=1653527175553&CODE_STATE=getMsg HTTP/1.1" 200 27
58.39.61.91 - - [26/May/2022:09:07:35 +0800] "GET /xingrg/all/function/internal_message.html?_=1653527218931&CODE_STATE=getMsg HTTP/1.1" 200 27
180.156.212.250 - - [26/May/2022:09:07:36 +0800] "GET /xingrg/all/function/internal_message.html?_=1653527323450&CODE_STATE=getMsg HTTP/1.1" 200 27
116.235.92.88 - - [26/May/2022:09:07:41 +0800] "GET /xingrg/all/function/internal_message.html?_=1653527435243&CODE_STATE=getMsg HTTP/1.1" 200 27
120.253.135.82 - - [26/May/2022:09:07:44 +0800] "GET /xingrg/css/images/panel_loading.gif HTTP/1.1" 304 -
120.253.135.82 - - [26/May/2022:09:07:44 +0800] "POST /xingrg/all/common/load_combo.html?type=base HTTP/1.1" 200 1169
58.39.61.91 - - [26/May/2022:09:07:44 +0800] "POST /xingrg/dwr/call/plaincall/AjaxComOrderService.getMaterielSearchList.dwr HTTP/1.1" 200 77
120.253.135.82 - - [26/May/2022:09:07:45 +0800] "GET /xingrg/all/function/internal_message.html?_=1653527072700&CODE_STATE=getMsg HTTP/1.1" 200 27
58.35.196.179 - - [26/May/2022:09:07:46 +0800] "GET /xingrg/all/function/internal_message.html?_=1653527264174&CODE_STATE=getMsg HTTP/1.1" 200 27
58.39.61.91 - - [26/May/2022:09:07:48 +0800] "GET /xingrg/kc/base/wldb_order_list.html HTTP/1.1" 200 19107
58.39.61.91 - - [26/May/2022:09:07:49 +0800] "POST /xingrg/kc/base/wldb_list_operate.html HTTP/1.1" 200 928
58.39.61.91 - - [26/May/2022:09:07:51 +0800] "GET /xingrg/kc/base/wldb_order_add.html HTTP/1.1" 200 30321
58.39.61.91 - - [26/May/2022:09:07:51 +0800] "GET /xingrg/words/20220525141108_words.js HTTP/1.1" 304 -
58.39.61.91 - - [26/May/2022:09:07:52 +0800] "GET /xingrg/all/common/auto_word.html?type=base&rest_code=00150 HTTP/1.1" 200 1699
58.39.61.91 - - [26/May/2022:09:07:52 +0800] "GET /xingrg/all/common/auto_word.html?type=base&rest_code=00150 HTTP/1.1" 200 1699
58.39.61.91 - - [26/May/2022:09:07:52 +0800] "GET /xingrg/javascript/easyui/themes/default/validatebox.css HTTP/1.1" 404 1104
58.39.61.91 - - [26/May/2022:09:07:52 +0800] "POST /xingrg/kc/base/wldb_order_operate.html HTTP/1.1" 200 6806
58.39.61.91 - - [26/May/2022:09:07:55 +0800] "GET /xingrg/javascript/auto/indicator.gif HTTP/1.1" 404 1066
218.81.223.53 - - [26/May/2022:09:07:58 +0800] "GET /xingrg/kc/buy/cgsh_order_operate.html?command=get_materiel&rest_code=00146&code=00101007016&supplier_code=00100327&order_time=2022-05-25 HTTP/1.1" 200 411
116.230.110.173 - - [26/May/2022:09:08:03 +0800] "GET /xingrg/all/function/internal_message.html?_=1653527270181&CODE_STATE=getMsg HTTP/1.1" 200 27
218.81.223.53 - - [26/May/2022:09:08:07 +0800] "GET /xingrg/all/function/internal_message.html?_=1653527298697&CODE_STATE=getMsg HTTP/1.1" 200 27
58.39.61.91 - - [26/May/2022:09:08:12 +0800] "POST /xingrg/dwr/call/plaincall/AjaxComOrderService.getMaterielSearchList.dwr HTTP/1.1" 200 993
58.39.61.91 - - [26/May/2022:09:08:13 +0800] "POST /xingrg/dwr/call/plaincall/AjaxComOrderService.getMaterielSearchList.dwr HTTP/1.1" 200 430
58.39.61.91 - - [26/May/2022:09:08:14 +0800] "POST /xingrg/dwr/call/plaincall/AjaxYddbService.getMaterielByMap.dwr HTTP/1.1" 200 3818
58.39.61.91 - - [26/May/2022:09:08:17 +0800] "GET /xingrg/images/yd/bt2.gif HTTP/1.1" 404 1042
58.39.61.91 - - [26/May/2022:09:08:18 +0800] "POST /xingrg/dwr/call/plaincall/AjaxYddbService.saveMaterielItem.dwr HTTP/1.1" 200 79
222.70.180.114 - - [26/May/2022:09:08:21 +0800] "GET /xingrg/all/function/internal_message.html?_=1653527292718&CODE_STATE=getMsg HTTP/1.1" 200 27
58.39.61.91 - - [26/May/2022:09:08:22 +0800] "POST /xingrg/dwr/call/plaincall/AjaxComOrderService.getMaterielSearchList.dwr HTTP/1.1" 200 14978
58.39.61.91 - - [26/May/2022:09:08:23 +0800] "POST /xingrg/dwr/call/plaincall/AjaxComOrderService.getMaterielSearchList.dwr HTTP/1.1" 200 450
58.39.61.91 - - [26/May/2022:09:08:25 +0800] "POST /xingrg/dwr/call/plaincall/AjaxYddbService.getMaterielByMap.dwr HTTP/1.1" 200 3823
58.39.61.91 - - [26/May/2022:09:08:28 +0800] "POST /xingrg/dwr/call/plaincall/AjaxYddbService.saveMaterielItem.dwr HTTP/1.1" 200 79
58.39.61.91 - - [26/May/2022:09:08:28 +0800] "GET /xingrg/all/function/internal_message.html?_=1653527305778&CODE_STATE=getMsg HTTP/1.1" 200 27
58.39.61.91 - - [26/May/2022:09:08:28 +0800] "GET /xingrg/check_reg.html?_=1653527305782 HTTP/1.1" 200 22
58.39.61.91 - - [26/May/2022:09:08:31 +0800] "POST /xingrg/dwr/call/plaincall/AjaxComOrderService.getMaterielSearchList.dwr HTTP/1.1" 200 14978
58.39.61.91 - - [26/May/2022:09:08:33 +0800] "POST /xingrg/dwr/call/plaincall/AjaxComOrderService.getMaterielSearchList.dwr HTTP/1.1" 200 684
180.175.103.167 - - [26/May/2022:09:08:35 +0800] "GET /xingrg/all/function/internal_message.html?_=1653527235529&CODE_STATE=getMsg HTTP/1.1" 200 27
58.39.61.91 - - [26/May/2022:09:08:35 +0800] "GET /xingrg/all/function/internal_message.html?_=1653527278954&CODE_STATE=getMsg HTTP/1.1" 200 27
180.156.212.250 - - [26/May/2022:09:08:36 +0800] "GET /xingrg/all/function/internal_message.html?_=1653527383555&CODE_STATE=getMsg HTTP/1.1" 200 27
58.39.61.91 - - [26/May/2022:09:08:36 +0800] "POST /xingrg/dwr/call/plaincall/AjaxYddbService.getMaterielByMap.dwr HTTP/1.1" 200 3818
116.230.110.173 - - [26/May/2022:09:08:37 +0800] "POST /xingrg/services/DataTransmitService HTTP/1.1" 200 524
