120.253.135.82 - - [26/May/2022:11:44:14 +0800] "POST /xingrg/all/common/load_combo.html?type=base HTTP/1.1" 200 1169
218.81.223.53 - - [26/May/2022:11:44:17 +0800] "GET /xingrg/all/function/internal_message.html?_=1653536668778&CODE_STATE=getMsg HTTP/1.1" 200 27
180.175.103.167 - - [26/May/2022:11:44:18 +0800] "GET /xingrg/all/function/internal_message.html?_=1653536657966&CODE_STATE=getMsg HTTP/1.1" 200 27
222.70.180.114 - - [26/May/2022:11:44:19 +0800] "GET /xingrg/all/function/internal_message.html?_=1653536650015&CODE_STATE=getMsg HTTP/1.1" 200 27
58.39.61.91 - - [26/May/2022:11:44:19 +0800] "GET /xingrg/check_reg.html?_=1653536622851 HTTP/1.1" 200 22
58.39.61.91 - - [26/May/2022:11:44:20 +0800] "GET /xingrg/all/function/internal_message.html?_=1653536657513&CODE_STATE=getMsg HTTP/1.1" 200 27
120.253.135.82 - - [26/May/2022:11:44:21 +0800] "POST /xingrg/kc/pszx/mdps_order_operate.html HTTP/1.1" 200 37
120.253.135.82 - - [26/May/2022:11:44:22 +0800] "GET /xingrg/kc/pszx/mdps_order_info.html?code=312022052600757 HTTP/1.1" 200 23987
120.253.135.82 - - [26/May/2022:11:44:23 +0800] "GET /xingrg/javascript/easyui/themes/default/validatebox.css HTTP/1.1" 404 1104
120.253.135.82 - - [26/May/2022:11:44:23 +0800] "POST /xingrg/kc/pszx/mdps_order_operate.html HTTP/1.1" 200 3247
120.253.135.82 - - [26/May/2022:11:44:28 +0800] "POST /xingrg/all/common/load_combo.html?type=base HTTP/1.1" 200 1169
114.83.218.142 - - [26/May/2022:11:44:31 +0800] "GET /xingrg/all/function/internal_message.html?_=1653536666797&CODE_STATE=getMsg HTTP/1.1" 200 27
180.175.103.167 - - [26/May/2022:11:44:32 +0800] "GET /xingrg/all/function/internal_message.html?_=1653536592468&CODE_STATE=getMsg HTTP/1.1" 200 27
120.253.135.82 - - [26/May/2022:11:44:32 +0800] "POST /xingrg/kc/pszx/mdps_order_operate.html HTTP/1.1" 200 37
120.253.135.82 - - [26/May/2022:11:44:33 +0800] "GET /xingrg/kc/pszx/mdps_order_info.html?code=312022052600757 HTTP/1.1" 200 23987
120.253.135.82 - - [26/May/2022:11:44:34 +0800] "GET /xingrg/javascript/easyui/themes/default/validatebox.css HTTP/1.1" 404 1104
120.253.135.82 - - [26/May/2022:11:44:34 +0800] "POST /xingrg/kc/pszx/mdps_order_operate.html HTTP/1.1" 200 3255
120.253.135.82 - - [26/May/2022:11:44:36 +0800] "POST /xingrg/kc/pszx/mdps_list_operate.html HTTP/1.1" 200 2466
120.253.135.82 - - [26/May/2022:11:44:37 +0800] "GET /xingrg/check_reg.html?_=1653536484959 HTTP/1.1" 200 22
120.253.135.82 - - [26/May/2022:11:44:38 +0800] "GET /xingrg/all/function/internal_message.html?_=1653536485352&CODE_STATE=getMsg HTTP/1.1" 200 27
58.39.61.91 - - [26/May/2022:11:44:39 +0800] "GET /xingrg/all/function/internal_message.html?_=1653536642171&CODE_STATE=getMsg HTTP/1.1" 200 27
120.253.135.82 - - [26/May/2022:11:44:39 +0800] "GET /xingrg/kc/pszx/mdps_order_add.html HTTP/1.1" 200 29035
120.253.135.82 - - [26/May/2022:11:44:39 +0800] "GET /xingrg/javascript/easyui/themes/default/validatebox.css HTTP/1.1" 404 1104
120.253.135.82 - - [26/May/2022:11:44:39 +0800] "POST /xingrg/kc/pszx/mdps_order_operate.html HTTP/1.1" 200 7126
116.235.92.88 - - [26/May/2022:11:44:40 +0800] "GET /xingrg/all/function/internal_message.html?_=1653536854127&CODE_STATE=getMsg HTTP/1.1" 200 27
180.175.103.167 - - [26/May/2022:11:44:43 +0800] "GET /xingrg/all/function/internal_message.html?_=1653536603727&CODE_STATE=getMsg HTTP/1.1" 200 27
58.35.196.179 - - [26/May/2022:11:44:46 +0800] "GET /xingrg/all/function/internal_message.html?_=1653536684173&CODE_STATE=getMsg HTTP/1.1" 200 27
180.156.212.250 - - [26/May/2022:11:44:47 +0800] "GET /xingrg/all/function/internal_message.html?_=1653536755458&CODE_STATE=getMsg HTTP/1.1" 200 27
120.253.135.82 - - [26/May/2022:11:44:53 +0800] "POST /xingrg/all/common/load_combo.html?type=base HTTP/1.1" 200 1169
117.143.172.212 - - [26/May/2022:11:44:56 +0800] "GET /xingrg/all/function/internal_message.html?_=1653536693580&CODE_STATE=getMsg HTTP/1.1" 200 27
116.230.110.173 - - [26/May/2022:11:45:03 +0800] "GET /xingrg/check_reg.html?_=1653536690172 HTTP/1.1" 200 22
116.230.110.173 - - [26/May/2022:11:45:03 +0800] "GET /xingrg/all/function/internal_message.html?_=1653536690173&CODE_STATE=getMsg HTTP/1.1" 200 27
222.70.180.114 - - [26/May/2022:11:45:03 +0800] "GET /xingrg/check_reg.html?_=1653536694634 HTTP/1.1" 200 22
218.81.223.53 - - [26/May/2022:11:45:17 +0800] "GET /xingrg/all/function/internal_message.html?_=1653536728786&CODE_STATE=getMsg HTTP/1.1" 200 27
180.175.103.167 - - [26/May/2022:11:45:18 +0800] "GET /xingrg/check_reg.html?_=1653536717992 HTTP/1.1" 200 22
180.175.103.167 - - [26/May/2022:11:45:18 +0800] "GET /xingrg/all/function/internal_message.html?_=1653536717996&CODE_STATE=getMsg HTTP/1.1" 200 27
222.70.180.114 - - [26/May/2022:11:45:19 +0800] "GET /xingrg/all/function/internal_message.html?_=1653536709986&CODE_STATE=getMsg HTTP/1.1" 200 27
58.39.61.91 - - [26/May/2022:11:45:20 +0800] "GET /xingrg/all/function/internal_message.html?_=1653536717512&CODE_STATE=getMsg HTTP/1.1" 200 27
120.253.135.82 - - [26/May/2022:11:45:28 +0800] "GET /xingrg/kc/pszx/mdps_order_operate.html?command=get_materiel&pszx_code=00101&rest_code=00104&base_code=0010851&code=00101008141 HTTP/1.1" 200 434
116.235.92.88 - - [26/May/2022:11:45:30 +0800] "POST /xingrg/services/DataTransmitService HTTP/1.1" 200 524
114.83.218.142 - - [26/May/2022:11:45:31 +0800] "GET /xingrg/all/function/internal_message.html?_=1653536726796&CODE_STATE=getMsg HTTP/1.1" 200 27
180.175.103.167 - - [26/May/2022:11:45:32 +0800] "GET /xingrg/all/function/internal_message.html?_=1653536652454&CODE_STATE=getMsg HTTP/1.1" 200 27
180.156.212.250 - - [26/May/2022:11:45:37 +0800] "GET /xingrg/check_reg.html?_=1653536804731 HTTP/1.1" 200 22
120.253.135.82 - - [26/May/2022:11:45:38 +0800] "GET /xingrg/all/function/internal_message.html?_=1653536545363&CODE_STATE=getMsg HTTP/1.1" 200 27
58.39.61.91 - - [26/May/2022:11:45:39 +0800] "GET /xingrg/all/function/internal_message.html?_=1653536702184&CODE_STATE=getMsg HTTP/1.1" 200 27
116.235.92.88 - - [26/May/2022:11:45:40 +0800] "GET /xingrg/all/function/internal_message.html?_=1653536914126&CODE_STATE=getMsg HTTP/1.1" 200 27
180.175.103.167 - - [26/May/2022:11:45:43 +0800] "GET /xingrg/all/function/internal_message.html?_=1653536663726&CODE_STATE=getMsg HTTP/1.1" 200 27
58.35.196.179 - - [26/May/2022:11:45:46 +0800] "GET /xingrg/all/function/internal_message.html?_=1653536744175&CODE_STATE=getMsg HTTP/1.1" 200 27
180.156.212.250 - - [26/May/2022:11:45:47 +0800] "GET /xingrg/all/function/internal_message.html?_=1653536815471&CODE_STATE=getMsg HTTP/1.1" 200 27
117.143.172.212 - - [26/May/2022:11:45:56 +0800] "GET /xingrg/all/function/internal_message.html?_=1653536753593&CODE_STATE=getMsg HTTP/1.1" 200 27
120.253.135.82 - - [26/May/2022:11:45:57 +0800] "GET /xingrg/kc/pszx/mdps_order_operate.html?command=get_materiel&pszx_code=00101&rest_code=00104&base_code=0010851&code=00101008261 HTTP/1.1" 200 430
116.230.110.173 - - [26/May/2022:11:46:03 +0800] "GET /xingrg/all/function/internal_message.html?_=1653536750187&CODE_STATE=getMsg HTTP/1.1" 200 27
218.81.223.53 - - [26/May/2022:11:46:17 +0800] "GET /xingrg/check_reg.html?_=1653536788349 HTTP/1.1" 200 22
218.81.223.53 - - [26/May/2022:11:46:17 +0800] "GET /xingrg/all/function/internal_message.html?_=1653536788800&CODE_STATE=getMsg HTTP/1.1" 200 27
180.175.103.167 - - [26/May/2022:11:46:18 +0800] "GET /xingrg/all/function/internal_message.html?_=1653536777995&CODE_STATE=getMsg HTTP/1.1" 200 27
222.70.180.114 - - [26/May/2022:11:46:19 +0800] "GET /xingrg/all/function/internal_message.html?_=1653536769970&CODE_STATE=getMsg HTTP/1.1" 200 27
58.39.61.91 - - [26/May/2022:11:46:20 +0800] "GET /xingrg/all/function/internal_message.html?_=1653536777513&CODE_STATE=getMsg HTTP/1.1" 200 27
114.83.218.142 - - [26/May/2022:11:46:31 +0800] "GET /xingrg/all/function/internal_message.html?_=1653536786808&CODE_STATE=getMsg HTTP/1.1" 200 27
180.175.103.167 - - [26/May/2022:11:46:32 +0800] "GET /xingrg/all/function/internal_message.html?_=1653536712423&CODE_STATE=getMsg HTTP/1.1" 200 27
120.253.135.82 - - [26/May/2022:11:46:38 +0800] "GET /xingrg/all/function/internal_message.html?_=1653536605376&CODE_STATE=getMsg HTTP/1.1" 200 27
58.39.61.91 - - [26/May/2022:11:46:39 +0800] "GET /xingrg/all/function/internal_message.html?_=1653536762234&CODE_STATE=getMsg HTTP/1.1" 200 27
120.253.135.82 - - [26/May/2022:11:46:39 +0800] "GET /xingrg/kc/pszx/mdps_order_operate.html?command=get_materiel&pszx_code=00101&rest_code=00104&base_code=0010851&code=00101008371 HTTP/1.1" 200 434
116.235.92.88 - - [26/May/2022:11:46:40 +0800] "GET /xingrg/all/function/internal_message.html?_=1653536974125&CODE_STATE=getMsg HTTP/1.1" 200 27
116.235.92.88 - - [26/May/2022:11:46:40 +0800] "GET /xingrg/check_reg.html?_=1653536974126 HTTP/1.1" 200 22
124.78.156.37 - - [26/May/2022:11:46:40 +0800] "GET /favicon.ico HTTP/1.1" 404 -
180.175.103.167 - - [26/May/2022:11:46:43 +0800] "GET /xingrg/all/function/internal_message.html?_=1653536723727&CODE_STATE=getMsg HTTP/1.1" 200 27
58.35.196.179 - - [26/May/2022:11:46:46 +0800] "GET /xingrg/check_reg.html?_=1653536804177 HTTP/1.1" 200 22
58.35.196.179 - - [26/May/2022:11:46:46 +0800] "GET /xingrg/all/function/internal_message.html?_=1653536804179&CODE_STATE=getMsg HTTP/1.1" 200 27
180.156.212.250 - - [26/May/2022:11:46:47 +0800] "GET /xingrg/all/function/internal_message.html?_=1653536875483&CODE_STATE=getMsg HTTP/1.1" 200 27
124.78.156.37 - - [26/May/2022:11:46:50 +0800] "GET /xingrg/login.html?r=1 HTTP/1.1" 200 7641
124.78.156.37 - - [26/May/2022:11:46:50 +0800] "GET /favicon.ico HTTP/1.1" 404 -
124.78.156.37 - - [26/May/2022:11:46:52 +0800] "POST /xingrg/login.do HTTP/1.1" 302 -
124.78.156.37 - - [26/May/2022:11:46:52 +0800] "GET /xingrg/index.html?sysBaseUrl=http%3A%2F%2F180.169.147.146%3A18081%2Fxingrg%2F&costTime=62×tamp=1653536812501 HTTP/1.1" 200 17173
124.78.156.37 - - [26/May/2022:11:46:52 +0800] "GET /favicon.ico HTTP/1.1" 404 -
124.78.156.37 - - [26/May/2022:11:46:52 +0800] "POST /xingrg/all/common/load_tree.html?tree=area_rest_tree_json&manage=1 HTTP/1.1" 200 342
124.78.156.37 - - [26/May/2022:11:46:52 +0800] "GET /xingrg/all/function/internal_message.html?_=1653536812216&CODE_STATE=count HTTP/1.1" 200 11
124.78.156.37 - - [26/May/2022:11:46:52 +0800] "GET /xingrg/check_reg.html?_=1653536812219 HTTP/1.1" 200 22
124.78.156.37 - - [26/May/2022:11:46:52 +0800] "POST /xingrg/load_menu.html HTTP/1.1" 200 5138
124.78.156.37 - - [26/May/2022:11:46:54 +0800] "GET /xingrg/kc/buy/buy_main.html HTTP/1.1" 200 12412
124.78.156.37 - - [26/May/2022:11:46:54 +0800] "GET /xingrg/css/new_ie.css HTTP/1.1" 404 1036
124.78.156.37 - - [26/May/2022:11:46:54 +0800] "GET /xingrg/images/yd/bt.gif HTTP/1.1" 404 1040
124.78.156.37 - - [26/May/2022:11:46:55 +0800] "GET /xingrg/kc/buy/cgsh_order_list.html HTTP/1.1" 200 51746
117.143.172.212 - - [26/May/2022:11:46:56 +0800] "GET /xingrg/all/function/internal_message.html?_=1653536813608&CODE_STATE=getMsg HTTP/1.1" 200 27
124.78.156.37 - - [26/May/2022:11:46:56 +0800] "POST /xingrg/kc/buy/cgsh_list_operate.html HTTP/1.1" 200 876
116.230.110.173 - - [26/May/2022:11:47:03 +0800] "GET /xingrg/all/function/internal_message.html?_=1653536810173&CODE_STATE=getMsg HTTP/1.1" 200 27
120.253.135.82 - - [26/May/2022:11:47:16 +0800] "GET /xingrg/kc/pszx/mdps_order_operate.html?command=get_materiel&pszx_code=00101&rest_code=00104&base_code=0010851&code=00101008521 HTTP/1.1" 200 431
218.81.223.53 - - [26/May/2022:11:47:17 +0800] "GET /xingrg/all/function/internal_message.html?_=1653536848813&CODE_STATE=getMsg HTTP/1.1" 200 27
180.175.103.167 - - [26/May/2022:11:47:18 +0800] "GET /xingrg/all/function/internal_message.html?_=1653536837995&CODE_STATE=getMsg HTTP/1.1" 200 27
222.70.180.114 - - [26/May/2022:11:47:19 +0800] "GET /xingrg/all/function/internal_message.html?_=1653536829954&CODE_STATE=getMsg HTTP/1.1" 200 27
58.39.61.91 - - [26/May/2022:11:47:20 +0800] "GET /xingrg/check_reg.html?_=1653536837515 HTTP/1.1" 200 22
58.39.61.91 - - [26/May/2022:11:47:20 +0800] "GET /xingrg/all/function/internal_message.html?_=1653536837518&CODE_STATE=getMsg HTTP/1.1" 200 27
114.83.218.142 - - [26/May/2022:11:47:31 +0800] "GET /xingrg/all/function/internal_message.html?_=1653536846811&CODE_STATE=getMsg HTTP/1.1" 200 27
180.175.103.167 - - [26/May/2022:11:47:32 +0800] "GET /xingrg/all/function/internal_message.html?_=1653536772409&CODE_STATE=getMsg HTTP/1.1" 200 27
120.253.135.82 - - [26/May/2022:11:47:38 +0800] "GET /xingrg/all/function/internal_message.html?_=1653536665389&CODE_STATE=getMsg HTTP/1.1" 200 27
58.39.61.91 - - [26/May/2022:11:47:39 +0800] "GET /xingrg/all/function/internal_message.html?_=1653536822242&CODE_STATE=getMsg HTTP/1.1" 200 27
116.235.92.88 - - [26/May/2022:11:47:40 +0800] "GET /xingrg/all/function/internal_message.html?_=1653537034124&CODE_STATE=getMsg HTTP/1.1" 200 27
180.175.103.167 - - [26/May/2022:11:47:43 +0800] "GET /xingrg/all/function/internal_message.html?_=1653536783728&CODE_STATE=getMsg HTTP/1.1" 200 27
58.39.61.91 - - [26/May/2022:11:47:44 +0800] "GET /xingrg/kc/report/report_main.html HTTP/1.1" 200 7340
58.39.61.91 - - [26/May/2022:11:47:44 +0800] "GET /xingrg/javascript/jquery_ui/themes/humanity/humanity.css HTTP/1.1" 200 27801
58.39.61.91 - - [26/May/2022:11:47:44 +0800] "GET /xingrg/javascript/jquery_easy_ui/themes/icons/settle_new.png HTTP/1.1" 200 826
58.39.61.91 - - [26/May/2022:11:47:46 +0800] "GET /xingrg/all/report/report_query.html?fileName=kc/buy/gys_amount.xml&rh=99999 HTTP/1.1" 200 52006
58.39.61.91 - - [26/May/2022:11:47:46 +0800] "GET /xingrg/javascript/calendar/timePicker.css HTTP/1.1" 200 523
58.39.61.91 - - [26/May/2022:11:47:46 +0800] "GET /xingrg/javascript/calendar/jquery.timePicker.min.js HTTP/1.1" 200 2997
58.39.61.91 - - [26/May/2022:11:47:46 +0800] "GET /xingrg/javascript/bigrid/fix.js HTTP/1.1" 200 6439
58.39.61.91 - - [26/May/2022:11:47:46 +0800] "GET /xingrg/javascript/multi_select/jqueryMultiSelect.css HTTP/1.1" 200 951
58.39.61.91 - - [26/May/2022:11:47:46 +0800] "GET /xingrg/css/form.css HTTP/1.1" 200 893
58.39.61.91 - - [26/May/2022:11:47:46 +0800] "GET /xingrg/javascript/bigrid/fix.css HTTP/1.1" 200 1702
58.39.61.91 - - [26/May/2022:11:47:46 +0800] "GET /xingrg/dwr/interface/AjaxReportQueryService.js HTTP/1.1" 200 13203
58.39.61.91 - - [26/May/2022:11:47:46 +0800] "GET /xingrg/javascript/jqueryMultiSelect.js HTTP/1.1" 200 11866
58.39.61.91 - - [26/May/2022:11:47:46 +0800] "GET /xingrg/dwr/engine.js HTTP/1.1" 200 43631
58.39.61.91 - - [26/May/2022:11:47:46 +0800] "GET /xingrg/images/blue/button/back2over.gif HTTP/1.1" 200 1335
58.39.61.91 - - [26/May/2022:11:47:46 +0800] "GET /xingrg/images/blue/button/advanceover.gif HTTP/1.1" 200 1347
58.39.61.91 - - [26/May/2022:11:47:46 +0800] "GET /xingrg/images/blue/button/backover.gif HTTP/1.1" 200 1348
58.39.61.91 - - [26/May/2022:11:47:46 +0800] "GET /xingrg/images/blue/button/advance2over.gif HTTP/1.1" 200 1336
58.39.61.91 - - [26/May/2022:11:47:46 +0800] "GET /xingrg/javascript/jquery_easy_ui/themes/icons/help.png HTTP/1.1" 200 1187
58.39.61.91 - - [26/May/2022:11:47:46 +0800] "GET /xingrg/images/control/loading.gif HTTP/1.1" 200 13463
58.39.61.91 - - [26/May/2022:11:47:46 +0800] "GET /xingrg/javascript/jquery_easy_ui/themes/default/images/menu.gif HTTP/1.1" 200 834
58.39.61.91 - - [26/May/2022:11:47:46 +0800] "GET /xingrg/javascript/jquery_easy_ui/themes/default/images/menu_rightarrow.png HTTP/1.1" 200 3617
58.39.61.91 - - [26/May/2022:11:47:46 +0800] "GET /xingrg/javascript/jquery_easy_ui/themes/icons/pencil.png HTTP/1.1" 200 713
58.39.61.91 - - [26/May/2022:11:47:46 +0800] "POST /xingrg/dwr/call/plaincall/AjaxReportQueryService.getFixDate.dwr HTTP/1.1" 200 111
58.39.61.91 - - [26/May/2022:11:47:46 +0800] "POST /xingrg/all/common/load_tree.html?tree=supplier_tree_json&manage=1 HTTP/1.1" 200 67421
58.35.196.179 - - [26/May/2022:11:47:46 +0800] "GET /xingrg/all/function/internal_message.html?_=1653536864179&CODE_STATE=getMsg HTTP/1.1" 200 27
58.39.61.91 - - [26/May/2022:11:47:47 +0800] "GET /xingrg/javascript/jquery_easy_ui/themes/default/images/tree_checkbox_0.gif HTTP/1.1" 200 168
180.156.212.250 - - [26/May/2022:11:47:48 +0800] "GET /xingrg/all/function/internal_message.html?_=1653536935731&CODE_STATE=getMsg HTTP/1.1" 200 27
120.253.135.82 - - [26/May/2022:11:47:48 +0800] "GET /xingrg/kc/pszx/mdps_order_operate.html?command=get_materiel&pszx_code=00101&rest_code=00104&base_code=0010851&code=00101008350 HTTP/1.1" 200 430
58.39.61.91 - - [26/May/2022:11:47:48 +0800] "POST /xingrg/all/common/load_tree.html?tree=materiel_sort_tree_json HTTP/1.1" 200 9388
58.39.61.91 - - [26/May/2022:11:47:48 +0800] "POST /xingrg/dwr/call/plaincall/AjaxReportQueryService.getInitString.dwr HTTP/1.1" 200 1530
58.39.61.91 - - [26/May/2022:11:47:48 +0800] "GET /xingrg/javascript/multi_select/dropdown.gif HTTP/1.1" 200 61
58.39.61.91 - - [26/May/2022:11:47:49 +0800] "POST /xingrg/dwr/call/plaincall/AjaxReportQueryService.refreshCache.dwr HTTP/1.1" 200 78
58.39.61.91 - - [26/May/2022:11:47:52 +0800] "POST /xingrg/all/report/load_report_page.html HTTP/1.1" 200 58010
58.39.61.91 - - [26/May/2022:11:47:52 +0800] "GET /xingrg/servlets/image?cache=0.3590288411021416&image=px HTTP/1.1" 200 807
124.78.156.37 - - [26/May/2022:11:47:52 +0800] "GET /xingrg/all/function/internal_message.html?_=1653536872235&CODE_STATE=getMsg HTTP/1.1" 200 27
117.143.172.212 - - [26/May/2022:11:47:55 +0800] "GET /xingrg/check_reg.html?_=1653536873041 HTTP/1.1" 200 22
58.39.61.91 - - [26/May/2022:11:47:55 +0800] "GET /xingrg/all/report/report_query.html?isQuery=1&fileName=kc/buy/wlcg_cate_hz.xml&queryString=(CONVERT(char(10)%252Ca.order_time%252C%2520120)%253E%253D'2022-05-01')%2520and%2520(CONVERT(char(10)%252Ca.order_time%252C%2520120)%253C%253D'2022-05-31')%2520and%2520(a.number%253E0%2520and%2520a.supplier_code%253D'00100313')&queryText=%25E3%2580%2590%25E9%2587%2587%25E8%25B4%25AD%25E6%2597%25A5%25E6%259C%259F%253A2022-05-01%2520%25E8%2587%25B3%25202022-05-31%25E3%2580%2591%2520%25E5%25B9%25B6%25E4%25B8%2594%2520%25E3%2580%2590%25E4%25BE%259B%25E5%25BA%2594%25E5%2595%2586%253D%25E8%25B1%25A1%25E5%25B1%25B1%25E5%2586%25B0%25E9%25B2%259C%25EF%25BC%2588%25E6%259E%2597%25E6%259D%25BE%25E5%259B%25BD%25EF%25BC%2589%25E3%2580%2591 HTTP/1.1" 200 54382
58.39.61.91 - - [26/May/2022:11:47:56 +0800] "GET /xingrg/dwr/interface/AjaxReportQueryService.js HTTP/1.1" 200 13203
117.143.172.212 - - [26/May/2022:11:47:56 +0800] "GET /xingrg/all/function/internal_message.html?_=1653536873610&CODE_STATE=getMsg HTTP/1.1" 200 27
58.39.61.91 - - [26/May/2022:11:47:56 +0800] "GET /xingrg/dwr/engine.js HTTP/1.1" 200 43631
58.39.61.91 - - [26/May/2022:11:47:58 +0800] "POST /xingrg/all/report/load_report_page.html HTTP/1.1" 200 10893
58.39.61.91 - - [26/May/2022:11:47:58 +0800] "GET /xingrg/servlets/image?cache=0.2447685226846873&image=px HTTP/1.1" 200 807
58.39.61.91 - - [26/May/2022:11:47:59 +0800] "POST /xingrg/all/report/load_report_page.html HTTP/1.1" 200 86646
58.39.61.91 - - [26/May/2022:11:47:59 +0800] "GET /xingrg/images/blue/button/back2.gif HTTP/1.1" 200 1339
58.39.61.91 - - [26/May/2022:11:47:59 +0800] "GET /xingrg/images/blue/button/back.gif HTTP/1.1" 200 1352
58.39.61.91 - - [26/May/2022:11:47:59 +0800] "GET /xingrg/servlets/image?cache=0.8518216163397692&image=px HTTP/1.1" 200 807
116.230.110.173 - - [26/May/2022:11:48:03 +0800] "GET /xingrg/all/function/internal_message.html?_=1653536870163&CODE_STATE=getMsg HTTP/1.1" 200 27
58.39.61.91 - - [26/May/2022:11:48:13 +0800] "GET /xingrg/all/report/report_query.html?isQuery=1&fileName=kc/buy/wlcg_cate_hz.xml&queryString=(CONVERT(char(10)%252Ca.order_time%252C%2520120)%253E%253D'2022-05-01')%2520and%2520(CONVERT(char(10)%252Ca.order_time%252C%2520120)%253C%253D'2022-05-31')%2520and%2520(a.number%253E0%2520and%2520a.supplier_code%253D'00100530')&queryText=%25E3%2580%2590%25E9%2587%2587%25E8%25B4%25AD%25E6%2597%25A5%25E6%259C%259F%253A2022-05-01%2520%25E8%2587%25B3%25202022-05-31%25E3%2580%2591%2520%25E5%25B9%25B6%25E4%25B8%2594%2520%25E3%2580%2590%25E4%25BE%259B%25E5%25BA%2594%25E5%2595%2586%253D%25E8%2588%259F%25E5%25B1%25B1%25E6%25B5%25B7%25E9%25B2%259C%25E7%25A4%25BC%25E7%259B%2592%25E3%2580%2591 HTTP/1.1" 200 54370
58.39.61.91 - - [26/May/2022:11:48:14 +0800] "GET /xingrg/dwr/interface/AjaxReportQueryService.js HTTP/1.1" 200 13203
58.39.61.91 - - [26/May/2022:11:48:14 +0800] "GET /xingrg/dwr/engine.js HTTP/1.1" 200 43631
58.39.61.91 - - [26/May/2022:11:48:15 +0800] "POST /xingrg/all/report/load_report_page.html HTTP/1.1" 200 8711
58.39.61.91 - - [26/May/2022:11:48:15 +0800] "GET /xingrg/servlets/image?cache=0.2770933800712979&image=px HTTP/1.1" 200 807
218.81.223.53 - - [26/May/2022:11:48:17 +0800] "GET /xingrg/all/function/internal_message.html?_=1653536908827&CODE_STATE=getMsg HTTP/1.1" 200 27
180.175.103.167 - - [26/May/2022:11:48:18 +0800] "GET /xingrg/all/function/internal_message.html?_=1653536897995&CODE_STATE=getMsg HTTP/1.1" 200 27
222.70.180.114 - - [26/May/2022:11:48:19 +0800] "GET /xingrg/all/function/internal_message.html?_=1653536889938&CODE_STATE=getMsg HTTP/1.1" 200 27
120.253.135.82 - - [26/May/2022:11:48:19 +0800] "GET /xingrg/kc/pszx/mdps_order_operate.html?command=get_materiel&pszx_code=00101&rest_code=00104&base_code=0010851&code=00101008005 HTTP/1.1" 200 433
58.39.61.91 - - [26/May/2022:11:48:20 +0800] "GET /xingrg/all/function/internal_message.html?_=1653536897527&CODE_STATE=getMsg HTTP/1.1" 200 27
58.39.61.91 - - [26/May/2022:11:48:22 +0800] "POST /xingrg/all/report/load_report_page.html HTTP/1.1" 200 13082
58.39.61.91 - - [26/May/2022:11:48:22 +0800] "GET /xingrg/servlets/image?cache=0.29579815184969305&image=px HTTP/1.1" 200 807
58.39.61.91 - - [26/May/2022:11:48:28 +0800] "POST /xingrg/all/report/report_print.html HTTP/1.1" 302 -
58.39.61.91 - - [26/May/2022:11:48:28 +0800] "GET /xingrg/servlets/html?sysBaseUrl=http%3A%2F%2F180.169.147.146%3A18081%2Fxingrg%2F&costTime=213×tamp=1653536908615 HTTP/1.1" 200 14723
58.39.61.91 - - [26/May/2022:11:48:28 +0800] "GET /xingrg/servlets/image?image=px HTTP/1.1" 200 807
58.39.61.91 - - [26/May/2022:11:48:28 +0800] "GET /favicon.ico HTTP/1.1" 404 -
114.83.218.142 - - [26/May/2022:11:48:31 +0800] "GET /xingrg/check_reg.html?_=1653536906812 HTTP/1.1" 200 22
114.83.218.142 - - [26/May/2022:11:48:31 +0800] "GET /xingrg/all/function/internal_message.html?_=1653536906815&CODE_STATE=getMsg HTTP/1.1" 200 27
180.175.103.167 - - [26/May/2022:11:48:32 +0800] "GET /xingrg/all/function/internal_message.html?_=1653536832394&CODE_STATE=getMsg HTTP/1.1" 200 27
120.253.135.82 - - [26/May/2022:11:48:38 +0800] "GET /xingrg/all/function/internal_message.html?_=1653536725403&CODE_STATE=getMsg HTTP/1.1" 200 27
58.39.61.91 - - [26/May/2022:11:48:39 +0800] "GET /xingrg/all/function/internal_message.html?_=1653536882256&CODE_STATE=getMsg HTTP/1.1" 200 27
116.235.92.88 - - [26/May/2022:11:48:40 +0800] "GET /xingrg/all/function/internal_message.html?_=1653537094122&CODE_STATE=getMsg HTTP/1.1" 200 27
180.175.103.167 - - [26/May/2022:11:48:43 +0800] "GET /xingrg/check_reg.html?_=1653536843727 HTTP/1.1" 200 22
180.175.103.167 - - [26/May/2022:11:48:43 +0800] "GET /xingrg/all/function/internal_message.html?_=1653536843730&CODE_STATE=getMsg HTTP/1.1" 200 27
58.35.196.179 - - [26/May/2022:11:48:46 +0800] "GET /xingrg/all/function/internal_message.html?_=1653536924182&CODE_STATE=getMsg HTTP/1.1" 200 27
180.156.212.250 - - [26/May/2022:11:48:48 +0800] "GET /xingrg/all/function/internal_message.html?_=1653536995746&CODE_STATE=getMsg HTTP/1.1" 200 27
180.175.103.167 - - [26/May/2022:11:48:50 +0800] "GET /xingrg/check_reg.html?_=1653536850946 HTTP/1.1" 200 22
124.78.156.37 - - [26/May/2022:11:48:52 +0800] "GET /xingrg/all/function/internal_message.html?_=1653536932229&CODE_STATE=getMsg HTTP/1.1" 200 27
124.78.156.37 - - [26/May/2022:11:48:53 +0800] "GET /xingrg/kc/buy/buy_main.html HTTP/1.1" 200 12412
124.78.156.37 - - [26/May/2022:11:48:53 +0800] "GET /xingrg/css/new_ie.css HTTP/1.1" 404 1036
124.78.156.37 - - [26/May/2022:11:48:54 +0800] "GET /xingrg/images/yd/bt.gif HTTP/1.1" 404 1040
120.253.135.82 - - [26/May/2022:11:48:54 +0800] "GET /xingrg/kc/pszx/mdps_order_operate.html?command=get_materiel&pszx_code=00101&rest_code=00104&base_code=0010851&code=00101008087 HTTP/1.1" 200 434
124.78.156.37 - - [26/May/2022:11:48:55 +0800] "GET /xingrg/kc/buy/cgsh_order_list.html HTTP/1.1" 200 51746
117.143.172.212 - - [26/May/2022:11:48:56 +0800] "GET /xingrg/all/function/internal_message.html?_=1653536933621&CODE_STATE=getMsg HTTP/1.1" 200 27
124.78.156.37 - - [26/May/2022:11:48:56 +0800] "POST /xingrg/kc/buy/cgsh_list_operate.html HTTP/1.1" 200 876
124.78.156.37 - - [26/May/2022:11:48:59 +0800] "GET /xingrg/kc/buy/cgsh_order_add.html HTTP/1.1" 200 67563
124.78.156.37 - - [26/May/2022:11:48:59 +0800] "GET /xingrg/words/20220525141108_words.js HTTP/1.1" 304 -
124.78.156.37 - - [26/May/2022:11:48:59 +0800] "GET /xingrg/javascript/easyui/themes/default/validatebox.css HTTP/1.1" 404 1104
124.78.156.37 - - [26/May/2022:11:48:59 +0800] "GET /xingrg/all/common/auto_word.html?type=employee&rest_code=00106 HTTP/1.1" 200 205
124.78.156.37 - - [26/May/2022:11:48:59 +0800] "GET /xingrg/all/common/auto_word.html?type=employee&rest_code=00106 HTTP/1.1" 200 205
124.78.156.37 - - [26/May/2022:11:48:59 +0800] "POST /xingrg/kc/buy/cgsh_order_operate.html HTTP/1.1" 200 8245
116.230.110.173 - - [26/May/2022:11:49:03 +0800] "GET /xingrg/all/function/internal_message.html?_=1653536930173&CODE_STATE=getMsg HTTP/1.1" 200 27
124.78.156.37 - - [26/May/2022:11:49:03 +0800] "GET /xingrg/javascript/easyui/themes/default/tree.css HTTP/1.1" 404 1090
124.78.156.37 - - [26/May/2022:11:49:03 +0800] "POST /xingrg/all/common/load_tree.html?tree=supplier_tree_json&isDelete=1 HTTP/1.1" 200 66214
218.81.223.53 - - [26/May/2022:11:49:17 +0800] "GET /xingrg/all/function/internal_message.html?_=1653536969036&CODE_STATE=getMsg HTTP/1.1" 200 27
180.175.103.167 - - [26/May/2022:11:49:18 +0800] "GET /xingrg/all/function/internal_message.html?_=1653536957996&CODE_STATE=getMsg HTTP/1.1" 200 27
222.70.180.114 - - [26/May/2022:11:49:19 +0800] "GET /xingrg/all/function/internal_message.html?_=1653536949921&CODE_STATE=getMsg HTTP/1.1" 200 27
58.39.61.91 - - [26/May/2022:11:49:19 +0800] "GET /xingrg/check_reg.html?_=1653536922852 HTTP/1.1" 200 22
58.39.61.91 - - [26/May/2022:11:49:20 +0800] "GET /xingrg/all/function/internal_message.html?_=1653536957529&CODE_STATE=getMsg HTTP/1.1" 200 27
114.83.218.142 - - [26/May/2022:11:49:31 +0800] "GET /xingrg/all/function/internal_message.html?_=1653536966807&CODE_STATE=getMsg HTTP/1.1" 200 27
180.175.103.167 - - [26/May/2022:11:49:32 +0800] "GET /xingrg/all/function/internal_message.html?_=1653536892367&CODE_STATE=getMsg HTTP/1.1" 200 27
120.253.135.82 - - [26/May/2022:11:49:37 +0800] "GET /xingrg/check_reg.html?_=1653536784968 HTTP/1.1" 200 22
120.253.135.82 - - [26/May/2022:11:49:38 +0800] "GET /xingrg/all/function/internal_message.html?_=1653536785417&CODE_STATE=getMsg HTTP/1.1" 200 27
58.39.61.91 - - [26/May/2022:11:49:39 +0800] "GET /xingrg/all/function/internal_message.html?_=1653536942270&CODE_STATE=getMsg HTTP/1.1" 200 27
116.235.92.88 - - [26/May/2022:11:49:40 +0800] "GET /xingrg/all/function/internal_message.html?_=1653537154120&CODE_STATE=getMsg HTTP/1.1" 200 27
180.175.103.167 - - [26/May/2022:11:49:43 +0800] "GET /xingrg/all/function/internal_message.html?_=1653536903730&CODE_STATE=getMsg HTTP/1.1" 200 27
58.35.196.179 - - [26/May/2022:11:49:46 +0800] "GET /xingrg/all/function/internal_message.html?_=1653536984183&CODE_STATE=getMsg HTTP/1.1" 200 27
180.156.212.250 - - [26/May/2022:11:49:48 +0800] "GET /xingrg/all/function/internal_message.html?_=1653537055977&CODE_STATE=getMsg HTTP/1.1" 200 27
120.253.135.82 - - [26/May/2022:11:49:49 +0800] "GET /xingrg/kc/pszx/mdps_order_operate.html?command=get_materiel&pszx_code=00101&rest_code=00104&base_code=0010851&code=00101008665 HTTP/1.1" 200 443
124.78.156.37 - - [26/May/2022:11:49:52 +0800] "GET /xingrg/all/function/internal_message.html?_=1653536992227&CODE_STATE=getMsg HTTP/1.1" 200 27
116.235.92.88 - - [26/May/2022:11:49:52 +0800] "GET /xingrg/kc/buy/cgsh_order_add.html HTTP/1.1" 200 67569
116.235.92.88 - - [26/May/2022:11:49:53 +0800] "POST /xingrg/kc/buy/cgsh_order_operate.html HTTP/1.1" 200 8245
116.235.92.88 - - [26/May/2022:11:49:53 +0800] "GET /xingrg/javascript/easyui/themes/default/validatebox.css HTTP/1.1" 404 1104
117.143.172.212 - - [26/May/2022:11:49:56 +0800] "GET /xingrg/all/function/internal_message.html?_=1653536993625&CODE_STATE=getMsg HTTP/1.1" 200 27
116.230.110.173 - - [26/May/2022:11:50:03 +0800] "GET /xingrg/check_reg.html?_=1653536990188 HTTP/1.1" 200 22
116.230.110.173 - - [26/May/2022:11:50:03 +0800] "GET /xingrg/all/function/internal_message.html?_=1653536990189&CODE_STATE=getMsg HTTP/1.1" 200 27
222.70.180.114 - - [26/May/2022:11:50:03 +0800] "GET /xingrg/check_reg.html?_=1653536994632 HTTP/1.1" 200 22
124.78.156.37 - - [26/May/2022:11:50:09 +0800] "GET /xingrg/javascript/auto/indicator.gif HTTP/1.1" 404 1066
120.253.135.82 - - [26/May/2022:11:50:15 +0800] "GET /xingrg/kc/pszx/mdps_order_operate.html?command=get_materiel&pszx_code=00101&rest_code=00104&base_code=0010851&code=00101034062 HTTP/1.1" 200 426
218.81.223.53 - - [26/May/2022:11:50:17 +0800] "GET /xingrg/all/function/internal_message.html?_=1653537029041&CODE_STATE=getMsg HTTP/1.1" 200 27
180.175.103.167 - - [26/May/2022:11:50:18 +0800] "GET /xingrg/check_reg.html?_=1653537017982 HTTP/1.1" 200 22
180.175.103.167 - - [26/May/2022:11:50:18 +0800] "GET /xingrg/all/function/internal_message.html?_=1653537017985&CODE_STATE=getMsg HTTP/1.1" 200 27
222.70.180.114 - - [26/May/2022:11:50:19 +0800] "GET /xingrg/all/function/internal_message.html?_=1653537009907&CODE_STATE=getMsg HTTP/1.1" 200 27
58.39.61.91 - - [26/May/2022:11:50:20 +0800] "GET /xingrg/all/function/internal_message.html?_=1653537017523&CODE_STATE=getMsg HTTP/1.1" 200 27
114.83.218.142 - - [26/May/2022:11:50:31 +0800] "GET /xingrg/all/function/internal_message.html?_=1653537026811&CODE_STATE=getMsg HTTP/1.1" 200 27
180.175.103.167 - - [26/May/2022:11:50:32 +0800] "GET /xingrg/all/function/internal_message.html?_=1653536952353&CODE_STATE=getMsg HTTP/1.1" 200 27
180.156.212.250 - - [26/May/2022:11:50:37 +0800] "GET /xingrg/check_reg.html?_=1653537104728 HTTP/1.1" 200 22
120.253.135.82 - - [26/May/2022:11:50:38 +0800] "GET /xingrg/all/function/internal_message.html?_=1653536845554&CODE_STATE=getMsg HTTP/1.1" 200 27
58.39.61.91 - - [26/May/2022:11:50:39 +0800] "GET /xingrg/all/function/internal_message.html?_=1653537002284&CODE_STATE=getMsg HTTP/1.1" 200 27
116.235.92.88 - - [26/May/2022:11:50:40 +0800] "GET /xingrg/all/function/internal_message.html?_=1653537214149&CODE_STATE=getMsg HTTP/1.1" 200 27
180.175.103.167 - - [26/May/2022:11:50:43 +0800] "GET /xingrg/all/function/internal_message.html?_=1653536963731&CODE_STATE=getMsg HTTP/1.1" 200 27
58.35.196.179 - - [26/May/2022:11:50:46 +0800] "GET /xingrg/all/function/internal_message.html?_=1653537044169&CODE_STATE=getMsg HTTP/1.1" 200 27
180.156.212.250 - - [26/May/2022:11:50:48 +0800] "GET /xingrg/all/function/internal_message.html?_=1653537115991&CODE_STATE=getMsg HTTP/1.1" 200 27
58.39.61.91 - - [26/May/2022:11:50:50 +0800] "GET /xingrg/kc/base/yddb_order_list.html HTTP/1.1" 200 16713
58.39.61.91 - - [26/May/2022:11:50:50 +0800] "GET /xingrg/javascript/easyui/themes/icons/edit_add_new.png HTTP/1.1" 200 2997
58.39.61.91 - - [26/May/2022:11:50:50 +0800] "GET /xingrg/javascript/easyui/themes/icons/field_new.png HTTP/1.1" 200 1097
58.39.61.91 - - [26/May/2022:11:50:50 +0800] "GET /xingrg/javascript/easyui/themes/icons/import_new.png HTTP/1.1" 200 1247
58.39.61.91 - - [26/May/2022:11:50:50 +0800] "GET /xingrg/images/control/ajaxLoader.gif HTTP/1.1" 200 4659
58.39.61.91 - - [26/May/2022:11:50:50 +0800] "POST /xingrg/kc/base/yddb_list_operate.html HTTP/1.1" 200 636
124.78.156.37 - - [26/May/2022:11:50:52 +0800] "GET /xingrg/all/function/internal_message.html?_=1653537052238&CODE_STATE=getMsg HTTP/1.1" 200 27
117.143.172.212 - - [26/May/2022:11:50:56 +0800] "GET /xingrg/all/function/internal_message.html?_=1653537053627&CODE_STATE=getMsg HTTP/1.1" 200 27
120.253.135.82 - - [26/May/2022:11:50:58 +0800] "GET /xingrg/kc/pszx/mdps_order_operate.html?command=get_materiel&pszx_code=00101&rest_code=00104&base_code=0010851&code=00101034052 HTTP/1.1" 200 429
58.39.61.91 - - [26/May/2022:11:51:03 +0800] "GET /xingrg/kc/base/yddb_order_add.html HTTP/1.1" 200 29841
58.39.61.91 - - [26/May/2022:11:51:03 +0800] "GET /xingrg/dwr/interface/AjaxYddbService.js HTTP/1.1" 200 13201
58.39.61.91 - - [26/May/2022:11:51:03 +0800] "GET /xingrg/javascript/checkform.js HTTP/1.1" 200 18351
58.39.61.91 - - [26/May/2022:11:51:03 +0800] "GET /xingrg/dwr/interface/AjaxComOrderService.js HTTP/1.1" 200 18264
58.39.61.91 - - [26/May/2022:11:51:03 +0800] "GET /xingrg/dwr/engine.js HTTP/1.1" 200 43631
116.230.110.173 - - [26/May/2022:11:51:03 +0800] "GET /xingrg/all/function/internal_message.html?_=1653537050176&CODE_STATE=getMsg HTTP/1.1" 200 27
218.81.223.53 - - [26/May/2022:11:51:17 +0800] "GET /xingrg/check_reg.html?_=1653537088543 HTTP/1.1" 200 22
218.81.223.53 - - [26/May/2022:11:51:17 +0800] "GET /xingrg/all/function/internal_message.html?_=1653537089054&CODE_STATE=getMsg HTTP/1.1" 200 27
180.175.103.167 - - [26/May/2022:11:51:18 +0800] "GET /xingrg/all/function/internal_message.html?_=1653537077985&CODE_STATE=getMsg HTTP/1.1" 200 27
222.70.180.114 - - [26/May/2022:11:51:19 +0800] "GET /xingrg/all/function/internal_message.html?_=1653537069892&CODE_STATE=getMsg HTTP/1.1" 200 27
58.39.61.91 - - [26/May/2022:11:51:20 +0800] "POST /xingrg/dwr/call/plaincall/AjaxYddbService.getRestBases.dwr HTTP/1.1" 200 1562
58.39.61.91 - - [26/May/2022:11:51:20 +0800] "GET /xingrg/all/function/internal_message.html?_=1653537077527&CODE_STATE=getMsg HTTP/1.1" 200 27
180.162.6.153 - - [26/May/2022:11:51:27 +0800] "GET /favicon.ico HTTP/1.1" 404 -
114.83.218.142 - - [26/May/2022:11:51:31 +0800] "GET /xingrg/all/function/internal_message.html?_=1653537086818&CODE_STATE=getMsg HTTP/1.1" 200 27
180.175.103.167 - - [26/May/2022:11:51:32 +0800] "GET /xingrg/all/function/internal_message.html?_=1653537012338&CODE_STATE=getMsg HTTP/1.1" 200 27
124.78.156.37 - - [26/May/2022:11:51:32 +0800] "GET /xingrg/kc/buy/cgsh_order_operate.html?command=get_materiel&rest_code=00106&code=00101019247&supplier_code=00100151&order_time=2022-05-26 HTTP/1.1" 200 455
120.253.135.82 - - [26/May/2022:11:51:38 +0800] "GET /xingrg/all/function/internal_message.html?_=1653536905568&CODE_STATE=getMsg HTTP/1.1" 200 27
120.253.135.82 - - [26/May/2022:11:51:38 +0800] "GET /xingrg/kc/pszx/mdps_order_operate.html?command=get_materiel&pszx_code=00101&rest_code=00104&base_code=0010851&code=00101016151 HTTP/1.1" 200 434
116.235.92.88 - - [26/May/2022:11:51:40 +0800] "GET /xingrg/check_reg.html?_=1653537274142 HTTP/1.1" 200 22
116.235.92.88 - - [26/May/2022:11:51:40 +0800] "GET /xingrg/all/function/internal_message.html?_=1653537274143&CODE_STATE=getMsg HTTP/1.1" 200 27
58.39.61.91 - - [26/May/2022:11:51:42 +0800] "GET /xingrg/all/function/internal_message.html?_=1653537062297&CODE_STATE=getMsg HTTP/1.1" 200 27
124.78.156.37 - - [26/May/2022:11:51:42 +0800] "POST /xingrg/all/common/load_select.html HTTP/1.1" 200 25
180.175.103.167 - - [26/May/2022:11:51:43 +0800] "GET /xingrg/all/function/internal_message.html?_=1653537023730&CODE_STATE=getMsg HTTP/1.1" 200 27
58.35.196.179 - - [26/May/2022:11:51:46 +0800] "GET /xingrg/all/function/internal_message.html?_=1653537104170&CODE_STATE=getMsg HTTP/1.1" 200 27
58.35.196.179 - - [26/May/2022:11:51:46 +0800] "GET /xingrg/check_reg.html?_=1653537104172 HTTP/1.1" 200 22
124.78.156.37 - - [26/May/2022:11:51:47 +0800] "GET /xingrg/kc/buy/cgsh_order_operate.html?command=get_materiel_price&rest_code=00106&code=00101019247&unit_code=00100188&supplier_code=00100151&order_time=2022-05-26 HTTP/1.1" 200 28
180.156.212.250 - - [26/May/2022:11:51:48 +0800] "GET /xingrg/all/function/internal_message.html?_=1653537176004&CODE_STATE=getMsg HTTP/1.1" 200 27
124.78.156.37 - - [26/May/2022:11:51:52 +0800] "GET /xingrg/check_reg.html?_=1653537112245 HTTP/1.1" 200 22
124.78.156.37 - - [26/May/2022:11:51:52 +0800] "GET /xingrg/all/function/internal_message.html?_=1653537112248&CODE_STATE=getMsg HTTP/1.1" 200 27
58.39.61.91 - - [26/May/2022:11:51:54 +0800] "POST /xingrg/dwr/call/plaincall/AjaxYddbService.saveOrder.dwr HTTP/1.1" 200 78
117.143.172.212 - - [26/May/2022:11:51:56 +0800] "GET /xingrg/all/function/internal_message.html?_=1653537113638&CODE_STATE=getMsg HTTP/1.1" 200 27
116.230.110.173 - - [26/May/2022:11:52:03 +0800] "GET /xingrg/all/function/internal_message.html?_=1653537110175&CODE_STATE=getMsg HTTP/1.1" 200 27
120.253.135.82 - - [26/May/2022:11:52:05 +0800] "GET /xingrg/kc/pszx/mdps_order_operate.html?command=get_materiel&pszx_code=00101&rest_code=00104&base_code=0010851&code=00101006318 HTTP/1.1" 200 462
58.39.61.91 - - [26/May/2022:11:52:06 +0800] "GET /xingrg/images/yd/bt.gif HTTP/1.1" 404 1040
58.39.61.91 - - [26/May/2022:11:52:09 +0800] "POST /xingrg/dwr/call/plaincall/AjaxComOrderService.getMaterielSearchList.dwr HTTP/1.1" 200 20569
58.39.61.91 - - [26/May/2022:11:52:10 +0800] "POST /xingrg/dwr/call/plaincall/AjaxComOrderService.getMaterielSearchList.dwr HTTP/1.1" 200 2574
58.39.61.91 - - [26/May/2022:11:52:11 +0800] "POST /xingrg/dwr/call/plaincall/AjaxYddbService.getMaterielByMap.dwr HTTP/1.1" 200 3761
218.81.223.53 - - [26/May/2022:11:52:17 +0800] "GET /xingrg/all/function/internal_message.html?_=1653537149068&CODE_STATE=getMsg HTTP/1.1" 200 27
180.175.103.167 - - [26/May/2022:11:52:18 +0800] "GET /xingrg/all/function/internal_message.html?_=1653537137985&CODE_STATE=getMsg HTTP/1.1" 200 27
222.70.180.114 - - [26/May/2022:11:52:18 +0800] "GET /xingrg/all/function/internal_message.html?_=1653537129876&CODE_STATE=getMsg HTTP/1.1" 200 27
58.39.61.91 - - [26/May/2022:11:52:19 +0800] "POST /xingrg/dwr/call/plaincall/AjaxYddbService.saveMaterielItem.dwr HTTP/1.1" 200 78
58.39.61.91 - - [26/May/2022:11:52:20 +0800] "GET /xingrg/all/function/internal_message.html?_=1653537137527&CODE_STATE=getMsg HTTP/1.1" 200 27
58.39.61.91 - - [26/May/2022:11:52:20 +0800] "GET /xingrg/check_reg.html?_=1653537137536 HTTP/1.1" 200 22
58.39.61.91 - - [26/May/2022:11:52:23 +0800] "POST /xingrg/dwr/call/plaincall/AjaxYddbService.checkOrder.dwr HTTP/1.1" 200 78
58.39.61.91 - - [26/May/2022:11:52:25 +0800] "GET /xingrg/kc/base/yddb_order_info.html?code=482022052600212 HTTP/1.1" 200 29513
58.39.61.91 - - [26/May/2022:11:52:25 +0800] "GET /xingrg/dwr/interface/AjaxYddbService.js HTTP/1.1" 200 13201
58.39.61.91 - - [26/May/2022:11:52:25 +0800] "GET /xingrg/dwr/interface/AjaxComOrderService.js HTTP/1.1" 200 18264
58.39.61.91 - - [26/May/2022:11:52:25 +0800] "GET /xingrg/dwr/engine.js HTTP/1.1" 200 43631
58.39.61.91 - - [26/May/2022:11:52:25 +0800] "POST /xingrg/dwr/call/plaincall/AjaxYddbService.loadMaterielItems.dwr HTTP/1.1" 200 395
114.83.218.142 - - [26/May/2022:11:52:31 +0800] "GET /xingrg/all/function/internal_message.html?_=1653537146827&CODE_STATE=getMsg HTTP/1.1" 200 27
180.175.103.167 - - [26/May/2022:11:52:31 +0800] "GET /xingrg/all/function/internal_message.html?_=1653537072323&CODE_STATE=getMsg HTTP/1.1" 200 27
124.78.156.37 - - [26/May/2022:11:52:34 +0800] "GET /xingrg/kc/buy/cgsh_order_operate.html?command=get_materiel&rest_code=00106&code=00101010092&supplier_code=00100151&order_time=2022-05-26 HTTP/1.1" 200 451
120.253.135.82 - - [26/May/2022:11:52:38 +0800] "GET /xingrg/all/function/internal_message.html?_=1653536965582&CODE_STATE=getMsg HTTP/1.1" 200 27
58.39.61.91 - - [26/May/2022:11:52:39 +0800] "GET /xingrg/all/function/internal_message.html?_=1653537122342&CODE_STATE=getMsg HTTP/1.1" 200 27
116.235.92.88 - - [26/May/2022:11:52:40 +0800] "GET /xingrg/all/function/internal_message.html?_=1653537334141&CODE_STATE=getMsg HTTP/1.1" 200 27
120.253.135.82 - - [26/May/2022:11:52:41 +0800] "GET /xingrg/kc/pszx/mdps_order_operate.html?command=get_materiel&pszx_code=00101&rest_code=00104&base_code=0010851&code=00101008359 HTTP/1.1" 200 429
180.175.103.167 - - [26/May/2022:11:52:43 +0800] "GET /xingrg/all/function/internal_message.html?_=1653537083731&CODE_STATE=getMsg HTTP/1.1" 200 27
58.35.196.179 - - [26/May/2022:11:52:46 +0800] "GET /xingrg/all/function/internal_message.html?_=1653537164174&CODE_STATE=getMsg HTTP/1.1" 200 27
180.156.212.250 - - [26/May/2022:11:52:48 +0800] "GET /xingrg/all/function/internal_message.html?_=1653537236265&CODE_STATE=getMsg HTTP/1.1" 200 27
124.78.156.37 - - [26/May/2022:11:52:52 +0800] "GET /xingrg/all/function/internal_message.html?_=1653537172241&CODE_STATE=getMsg HTTP/1.1" 200 27
117.143.172.212 - - [26/May/2022:11:52:55 +0800] "GET /xingrg/check_reg.html?_=1653537173051 HTTP/1.1" 200 22
117.143.172.212 - - [26/May/2022:11:52:56 +0800] "GET /xingrg/all/function/internal_message.html?_=1653537173652&CODE_STATE=getMsg HTTP/1.1" 200 27
116.230.110.173 - - [26/May/2022:11:53:03 +0800] "GET /xingrg/all/function/internal_message.html?_=1653537170169&CODE_STATE=getMsg HTTP/1.1" 200 27
218.81.223.53 - - [26/May/2022:11:53:17 +0800] "GET /xingrg/all/function/internal_message.html?_=1653537209083&CODE_STATE=getMsg HTTP/1.1" 200 27
180.175.103.167 - - [26/May/2022:11:53:18 +0800] "GET /xingrg/all/function/internal_message.html?_=1653537197986&CODE_STATE=getMsg HTTP/1.1" 200 27
222.70.180.114 - - [26/May/2022:11:53:18 +0800] "GET /xingrg/all/function/internal_message.html?_=1653537189847&CODE_STATE=getMsg HTTP/1.1" 200 27
58.39.61.91 - - [26/May/2022:11:53:20 +0800] "GET /xingrg/all/function/internal_message.html?_=1653537197535&CODE_STATE=getMsg HTTP/1.1" 200 27
120.253.135.82 - - [26/May/2022:11:53:24 +0800] "GET /xingrg/kc/pszx/mdps_order_operate.html?command=get_materiel&pszx_code=00101&rest_code=00104&base_code=0010851&code=00101008355 HTTP/1.1" 200 430
114.83.218.142 - - [26/May/2022:11:53:31 +0800] "GET /xingrg/all/function/internal_message.html?_=1653537206830&CODE_STATE=getMsg HTTP/1.1" 200 27
114.83.218.142 - - [26/May/2022:11:53:31 +0800] "GET /xingrg/check_reg.html?_=1653537206835 HTTP/1.1" 200 22
180.175.103.167 - - [26/May/2022:11:53:31 +0800] "GET /xingrg/all/function/internal_message.html?_=1653537132309&CODE_STATE=getMsg HTTP/1.1" 200 27
120.253.135.82 - - [26/May/2022:11:53:38 +0800] "GET /xingrg/all/function/internal_message.html?_=1653537025596&CODE_STATE=getMsg HTTP/1.1" 200 27
58.39.61.91 - - [26/May/2022:11:53:39 +0800] "GET /xingrg/all/function/internal_message.html?_=1653537182355&CODE_STATE=getMsg HTTP/1.1" 200 27
116.235.92.88 - - [26/May/2022:11:53:40 +0800] "GET /xingrg/all/function/internal_message.html?_=1653537394129&CODE_STATE=getMsg HTTP/1.1" 200 27
180.175.103.167 - - [26/May/2022:11:53:43 +0800] "GET /xingrg/check_reg.html?_=1653537143731 HTTP/1.1" 200 22
180.175.103.167 - - [26/May/2022:11:53:43 +0800] "GET /xingrg/all/function/internal_message.html?_=1653537143734&CODE_STATE=getMsg HTTP/1.1" 200 27
58.35.196.179 - - [26/May/2022:11:53:46 +0800] "GET /xingrg/all/function/internal_message.html?_=1653537224176&CODE_STATE=getMsg HTTP/1.1" 200 27
180.156.212.250 - - [26/May/2022:11:53:48 +0800] "GET /xingrg/all/function/internal_message.html?_=1653537296281&CODE_STATE=getMsg HTTP/1.1" 200 27
180.175.103.167 - - [26/May/2022:11:53:50 +0800] "GET /xingrg/check_reg.html?_=1653537150955 HTTP/1.1" 200 22
124.78.156.37 - - [26/May/2022:11:53:52 +0800] "GET /xingrg/all/function/internal_message.html?_=1653537232232&CODE_STATE=getMsg HTTP/1.1" 200 27
117.143.172.212 - - [26/May/2022:11:53:56 +0800] "GET /xingrg/all/function/internal_message.html?_=1653537233658&CODE_STATE=getMsg HTTP/1.1" 200 27
116.230.110.173 - - [26/May/2022:11:54:03 +0800] "GET /xingrg/all/function/internal_message.html?_=1653537230180&CODE_STATE=getMsg HTTP/1.1" 200 27
124.78.156.37 - - [26/May/2022:11:54:14 +0800] "GET /xingrg/kc/buy/cgsh_order_operate.html?command=get_materiel&rest_code=00106&code=00101020078&supplier_code=00100151&order_time=2022-05-26 HTTP/1.1" 200 433
120.253.135.82 - - [26/May/2022:11:54:16 +0800] "POST /xingrg/kc/pszx/mdps_order_operate.html HTTP/1.1" 200 37
120.253.135.82 - - [26/May/2022:11:54:17 +0800] "GET /xingrg/kc/pszx/mdps_order_info.html?code=312022052600758 HTTP/1.1" 200 23989
218.81.223.53 - - [26/May/2022:11:54:18 +0800] "GET /xingrg/all/function/internal_message.html?_=1653537269283&CODE_STATE=getMsg HTTP/1.1" 200 27
180.175.103.167 - - [26/May/2022:11:54:18 +0800] "GET /xingrg/all/function/internal_message.html?_=1653537257992&CODE_STATE=getMsg HTTP/1.1" 200 27
120.253.135.82 - - [26/May/2022:11:54:18 +0800] "GET /xingrg/javascript/easyui/themes/default/validatebox.css HTTP/1.1" 404 1104
120.253.135.82 - - [26/May/2022:11:54:18 +0800] "POST /xingrg/kc/pszx/mdps_order_operate.html HTTP/1.1" 200 8696
222.70.180.114 - - [26/May/2022:11:54:18 +0800] "GET /xingrg/all/function/internal_message.html?_=1653537249832&CODE_STATE=getMsg HTTP/1.1" 200 27
58.39.61.91 - - [26/May/2022:11:54:19 +0800] "GET /xingrg/check_reg.html?_=1653537222891 HTTP/1.1" 200 22
120.253.135.82 - - [26/May/2022:11:54:20 +0800] "POST /xingrg/kc/pszx/mdps_list_operate.html HTTP/1.1" 200 2854
58.39.61.91 - - [26/May/2022:11:54:20 +0800] "GET /xingrg/all/function/internal_message.html?_=1653537257537&CODE_STATE=getMsg HTTP/1.1" 200 27
120.253.135.82 - - [26/May/2022:11:54:22 +0800] "GET /xingrg/kc/report/report_main.html HTTP/1.1" 200 8599
120.253.135.82 - - [26/May/2022:11:54:22 +0800] "GET /xingrg/javascript/jquery_ui/themes/humanity/humanity.css HTTP/1.1" 304 -
120.253.135.82 - - [26/May/2022:11:54:24 +0800] "GET /xingrg/kc/base/kc_stocks.html HTTP/1.1" 200 16437
120.253.135.82 - - [26/May/2022:11:54:24 +0800] "GET /xingrg/javascript/easyui/themes/sunny/easyui.css HTTP/1.1" 304 -
120.253.135.82 - - [26/May/2022:11:54:24 +0800] "GET /xingrg/javascript/easyui/themes/icons/refresh_new.png HTTP/1.1" 304 -
120.253.135.82 - - [26/May/2022:11:54:24 +0800] "GET /xingrg/javascript/easyui/themes/icons/filter_new.png HTTP/1.1" 304 -
120.253.135.82 - - [26/May/2022:11:54:24 +0800] "GET /xingrg/javascript/easyui/themes/icons/print_new.png HTTP/1.1" 304 -
120.253.135.82 - - [26/May/2022:11:54:24 +0800] "GET /xingrg/javascript/easyui/plugins/jquery.draggable.js HTTP/1.1" 304 -
120.253.135.82 - - [26/May/2022:11:54:24 +0800] "GET /xingrg/javascript/easyui/plugins/jquery.droppable.js HTTP/1.1" 304 -
120.253.135.82 - - [26/May/2022:11:54:24 +0800] "GET /xingrg/javascript/easyui/themes/default/tree.css HTTP/1.1" 404 1090
120.253.135.82 - - [26/May/2022:11:54:24 +0800] "GET /xingrg/javascript/easyui/plugins/jquery.tree.js HTTP/1.1" 304 -
120.253.135.82 - - [26/May/2022:11:54:24 +0800] "POST /xingrg/all/common/load_tree.html?tree=materiel_sort_tree_json HTTP/1.1" 200 9388
120.253.135.82 - - [26/May/2022:11:54:25 +0800] "GET /xingrg/javascript/easyui/themes/sunny/images/tree_arrows.gif HTTP/1.1" 304 -
120.253.135.82 - - [26/May/2022:11:54:25 +0800] "GET /xingrg/javascript/easyui/themes/sunny/images/tree_folder_open.gif HTTP/1.1" 304 -
120.253.135.82 - - [26/May/2022:11:54:25 +0800] "GET /xingrg/javascript/easyui/themes/sunny/images/tree_folder.gif HTTP/1.1" 304 -
120.253.135.82 - - [26/May/2022:11:54:25 +0800] "GET /xingrg/javascript/easyui/themes/sunny/images/tree_file.gif HTTP/1.1" 304 -
120.253.135.82 - - [26/May/2022:11:54:29 +0800] "GET /xingrg/kc/report/report_main.html HTTP/1.1" 200 8599
120.253.135.82 - - [26/May/2022:11:54:30 +0800] "GET /xingrg/kc/base/kc_stocks.html HTTP/1.1" 200 16437
120.253.135.82 - - [26/May/2022:11:54:31 +0800] "GET /xingrg/javascript/easyui/themes/default/tree.css HTTP/1.1" 404 1090
120.253.135.82 - - [26/May/2022:11:54:31 +0800] "POST /xingrg/all/common/load_tree.html?tree=materiel_sort_tree_json HTTP/1.1" 200 9388
114.83.218.142 - - [26/May/2022:11:54:31 +0800] "GET /xingrg/all/function/internal_message.html?_=1653537266839&CODE_STATE=getMsg HTTP/1.1" 200 27
180.175.103.167 - - [26/May/2022:11:54:31 +0800] "GET /xingrg/all/function/internal_message.html?_=1653537192281&CODE_STATE=getMsg HTTP/1.1" 200 27
120.253.135.82 - - [26/May/2022:11:54:37 +0800] "POST /xingrg/kc/base/stock_operate.html HTTP/1.1" 200 4174
120.253.135.82 - - [26/May/2022:11:54:37 +0800] "GET /xingrg/javascript/jquery_tools/fix_table.js HTTP/1.1" 304 -
120.253.135.82 - - [26/May/2022:11:54:38 +0800] "GET /xingrg/check_reg.html?_=1653537085236 HTTP/1.1" 200 22
120.253.135.82 - - [26/May/2022:11:54:38 +0800] "GET /xingrg/all/function/internal_message.html?_=1653537085609&CODE_STATE=getMsg HTTP/1.1" 200 27
58.39.61.91 - - [26/May/2022:11:54:39 +0800] "GET /xingrg/all/function/internal_message.html?_=1653537242370&CODE_STATE=getMsg HTTP/1.1" 200 27
116.235.92.88 - - [26/May/2022:11:54:40 +0800] "GET /xingrg/all/function/internal_message.html?_=1653537454135&CODE_STATE=getMsg HTTP/1.1" 200 27
120.253.135.82 - - [26/May/2022:11:54:43 +0800] "POST /xingrg/kc/base/stock_operate.html HTTP/1.1" 200 4304
180.175.103.167 - - [26/May/2022:11:54:43 +0800] "GET /xingrg/all/function/internal_message.html?_=1653537203734&CODE_STATE=getMsg HTTP/1.1" 200 27
58.35.196.179 - - [26/May/2022:11:54:46 +0800] "GET /xingrg/all/function/internal_message.html?_=1653537284177&CODE_STATE=getMsg HTTP/1.1" 200 27
180.156.212.250 - - [26/May/2022:11:54:48 +0800] "GET /xingrg/all/function/internal_message.html?_=1653537356534&CODE_STATE=getMsg HTTP/1.1" 200 27
124.78.156.37 - - [26/May/2022:11:54:52 +0800] "GET /xingrg/all/function/internal_message.html?_=1653537292251&CODE_STATE=getMsg HTTP/1.1" 200 27
117.143.172.212 - - [26/May/2022:11:54:56 +0800] "GET /xingrg/all/function/internal_message.html?_=1653537293663&CODE_STATE=getMsg HTTP/1.1" 200 27
120.253.135.82 - - [26/May/2022:11:54:56 +0800] "GET /xingrg/kc/base/stock_detail.html?m=00101008355 HTTP/1.1" 200 6389
