120.253.135.82 - - [26/May/2022:11:54:56 +0800] "GET /xingrg/javascript/jquery_easy_ui/themes/default/images/button_a_bg.gif HTTP/1.1" 304 -
120.253.135.82 - - [26/May/2022:11:54:56 +0800] "GET /xingrg/javascript/jquery_easy_ui/themes/icons/search.png HTTP/1.1" 304 -
120.253.135.82 - - [26/May/2022:11:54:56 +0800] "GET /xingrg/javascript/jquery_easy_ui/themes/default/images/button_span_bg.gif HTTP/1.1" 304 -
120.253.135.82 - - [26/May/2022:11:54:56 +0800] "GET /xingrg/javascript/jquery_easy_ui/themes/default/images/menu.gif HTTP/1.1" 304 -
120.253.135.82 - - [26/May/2022:11:54:56 +0800] "GET /xingrg/javascript/jquery_easy_ui/themes/default/images/calendar_prevmonth.gif HTTP/1.1" 304 -
120.253.135.82 - - [26/May/2022:11:54:56 +0800] "GET /xingrg/javascript/jquery_easy_ui/themes/default/images/calendar_nextmonth.gif HTTP/1.1" 304 -
120.253.135.82 - - [26/May/2022:11:54:56 +0800] "GET /xingrg/javascript/jquery_easy_ui/themes/default/images/calendar_prevyear.gif HTTP/1.1" 304 -
120.253.135.82 - - [26/May/2022:11:54:56 +0800] "GET /xingrg/javascript/jquery_easy_ui/themes/default/images/calendar_nextyear.gif HTTP/1.1" 304 -
120.253.135.82 - - [26/May/2022:11:55:02 +0800] "GET /xingrg/kc/base/stock_operate.html?_=1653537109394&command=get_report_file&start_day=20220401 HTTP/1.1" 200 53
120.253.135.82 - - [26/May/2022:11:55:02 +0800] "GET /xingrg/all/report/report_query.html?isQuery=1&onlyBody=1&rh=2000&fileName=kc/base/kc_stock_detail_new.xml&queryString=(1=1)&queryText=&tableQueryString=init_table$sp1$$sp$crk_table$sp1$order_day%20between%2020220401%20and%2020220531&varString=start_day:20220401,materiel_code:00101008355,cost_id:3599,end_date:20220131 HTTP/1.1" 200 48701
120.253.135.82 - - [26/May/2022:11:55:02 +0800] "GET /xingrg/javascript/bigrid/fix.css HTTP/1.1" 304 -
120.253.135.82 - - [26/May/2022:11:55:02 +0800] "GET /xingrg/javascript/calendar/jquery.timePicker.min.js HTTP/1.1" 304 -
120.253.135.82 - - [26/May/2022:11:55:02 +0800] "GET /xingrg/javascript/calendar/timePicker.css HTTP/1.1" 304 -
120.253.135.82 - - [26/May/2022:11:55:02 +0800] "GET /xingrg/javascript/jqueryMultiSelect.js HTTP/1.1" 304 -
120.253.135.82 - - [26/May/2022:11:55:02 +0800] "GET /xingrg/dwr/interface/AjaxReportQueryService.js HTTP/1.1" 200 13203
120.253.135.82 - - [26/May/2022:11:55:02 +0800] "GET /xingrg/javascript/multi_select/jqueryMultiSelect.css HTTP/1.1" 304 -
120.253.135.82 - - [26/May/2022:11:55:02 +0800] "GET /xingrg/dwr/engine.js HTTP/1.1" 200 43631
120.253.135.82 - - [26/May/2022:11:55:02 +0800] "GET /xingrg/javascript/bigrid/fix.js HTTP/1.1" 304 -
120.253.135.82 - - [26/May/2022:11:55:02 +0800] "GET /xingrg/images/control/loading.gif HTTP/1.1" 304 -
120.253.135.82 - - [26/May/2022:11:55:02 +0800] "GET /xingrg/images/blue/button/advanceover.gif HTTP/1.1" 304 -
120.253.135.82 - - [26/May/2022:11:55:02 +0800] "GET /xingrg/images/blue/button/advance2over.gif HTTP/1.1" 304 -
120.253.135.82 - - [26/May/2022:11:55:02 +0800] "GET /xingrg/images/blue/button/back2over.gif HTTP/1.1" 304 -
120.253.135.82 - - [26/May/2022:11:55:02 +0800] "GET /xingrg/images/blue/button/backover.gif HTTP/1.1" 304 -
120.253.135.82 - - [26/May/2022:11:55:02 +0800] "GET /xingrg/javascript/jquery_easy_ui/themes/icons/help.png HTTP/1.1" 304 -
120.253.135.82 - - [26/May/2022:11:55:03 +0800] "POST /xingrg/all/report/load_report_page.html HTTP/1.1" 200 25137
120.253.135.82 - - [26/May/2022:11:55:03 +0800] "GET /xingrg/servlets/image?cache=0.8222386597727843&image=px HTTP/1.1" 200 807
116.230.110.173 - - [26/May/2022:11:55:03 +0800] "GET /xingrg/all/function/internal_message.html?_=1653537290166&CODE_STATE=getMsg HTTP/1.1" 200 27
116.230.110.173 - - [26/May/2022:11:55:03 +0800] "GET /xingrg/check_reg.html?_=1653537290169 HTTP/1.1" 200 22
222.70.180.114 - - [26/May/2022:11:55:03 +0800] "GET /xingrg/check_reg.html?_=1653537294663 HTTP/1.1" 200 22
120.253.135.82 - - [26/May/2022:11:55:06 +0800] "GET /xingrg/kc/guide/show_order.html?code=212022050100021&type=21 HTTP/1.1" 302 -
120.253.135.82 - - [26/May/2022:11:55:06 +0800] "GET /xingrg/kc/buy/cgsh_order_info.html?code=212022050100021&sysBaseUrl=http%3A%2F%2F180.169.147.146%3A18081%2Fxingrg%2F&costTime=0×tamp=1653537306155 HTTP/1.1" 200 61492
120.253.135.82 - - [26/May/2022:11:55:07 +0800] "GET /favicon.ico HTTP/1.1" 404 -
120.253.135.82 - - [26/May/2022:11:55:07 +0800] "GET /xingrg/javascript/easyui/themes/default/validatebox.css HTTP/1.1" 404 1104
120.253.135.82 - - [26/May/2022:11:55:08 +0800] "POST /xingrg/kc/buy/cgsh_order_operate.html HTTP/1.1" 200 1219
218.81.223.53 - - [26/May/2022:11:55:18 +0800] "GET /xingrg/all/function/internal_message.html?_=1653537329296&CODE_STATE=getMsg HTTP/1.1" 200 27
180.175.103.167 - - [26/May/2022:11:55:18 +0800] "GET /xingrg/check_reg.html?_=1653537317991 HTTP/1.1" 200 22
180.175.103.167 - - [26/May/2022:11:55:18 +0800] "GET /xingrg/all/function/internal_message.html?_=1653537317994&CODE_STATE=getMsg HTTP/1.1" 200 27
222.70.180.114 - - [26/May/2022:11:55:18 +0800] "GET /xingrg/all/function/internal_message.html?_=1653537309828&CODE_STATE=getMsg HTTP/1.1" 200 27
58.39.61.91 - - [26/May/2022:11:55:20 +0800] "GET /xingrg/all/function/internal_message.html?_=1653537317544&CODE_STATE=getMsg HTTP/1.1" 200 27
114.83.218.142 - - [26/May/2022:11:55:31 +0800] "GET /xingrg/all/function/internal_message.html?_=1653537326828&CODE_STATE=getMsg HTTP/1.1" 200 27
180.175.103.167 - - [26/May/2022:11:55:31 +0800] "GET /xingrg/all/function/internal_message.html?_=1653537252266&CODE_STATE=getMsg HTTP/1.1" 200 27
180.156.212.250 - - [26/May/2022:11:55:37 +0800] "GET /xingrg/check_reg.html?_=1653537404737 HTTP/1.1" 200 22
120.253.135.82 - - [26/May/2022:11:55:38 +0800] "GET /xingrg/all/function/internal_message.html?_=1653537145622&CODE_STATE=getMsg HTTP/1.1" 200 27
58.39.61.91 - - [26/May/2022:11:55:39 +0800] "GET /xingrg/all/function/internal_message.html?_=1653537302383&CODE_STATE=getMsg HTTP/1.1" 200 27
116.235.92.88 - - [26/May/2022:11:55:40 +0800] "GET /xingrg/all/function/internal_message.html?_=1653537514132&CODE_STATE=getMsg HTTP/1.1" 200 27
180.175.103.167 - - [26/May/2022:11:55:43 +0800] "GET /xingrg/all/function/internal_message.html?_=1653537263735&CODE_STATE=getMsg HTTP/1.1" 200 27
58.35.196.179 - - [26/May/2022:11:55:46 +0800] "GET /xingrg/all/function/internal_message.html?_=1653537344181&CODE_STATE=getMsg HTTP/1.1" 200 27
180.156.212.250 - - [26/May/2022:11:55:48 +0800] "GET /xingrg/all/function/internal_message.html?_=1653537416542&CODE_STATE=getMsg HTTP/1.1" 200 27
124.78.156.37 - - [26/May/2022:11:55:52 +0800] "GET /xingrg/all/function/internal_message.html?_=1653537352232&CODE_STATE=getMsg HTTP/1.1" 200 27
120.253.135.82 - - [26/May/2022:11:55:52 +0800] "GET /xingrg/javascript/jquery_easy_ui/themes/default/images/tabs_active.png HTTP/1.1" 304 -
120.253.135.82 - - [26/May/2022:11:55:54 +0800] "GET /xingrg/javascript/easyui/themes/sunny/images/ui-bg_gloss-wave_60_fece2f_500x100.png HTTP/1.1" 304 -
120.253.135.82 - - [26/May/2022:11:55:56 +0800] "GET /xingrg/kc/pszx/mdps_order_list.html?orderType=0 HTTP/1.1" 200 20966
117.143.172.212 - - [26/May/2022:11:55:56 +0800] "GET /xingrg/all/function/internal_message.html?_=1653537353670&CODE_STATE=getMsg HTTP/1.1" 200 27
120.253.135.82 - - [26/May/2022:11:55:56 +0800] "POST /xingrg/kc/pszx/mdps_list_operate.html HTTP/1.1" 200 5288
116.235.92.88 - - [26/May/2022:11:56:01 +0800] "GET /xingrg/kc/buy/cgsh_order_operate.html?command=get_materiel&rest_code=00104&code=00101007043&supplier_code=00100517&order_time=2022-05-01 HTTP/1.1" 200 427
116.230.110.173 - - [26/May/2022:11:56:03 +0800] "GET /xingrg/all/function/internal_message.html?_=1653537350181&CODE_STATE=getMsg HTTP/1.1" 200 27
120.253.135.82 - - [26/May/2022:11:56:09 +0800] "POST /xingrg/kc/pszx/mdps_list_operate.html HTTP/1.1" 200 2854
120.253.135.82 - - [26/May/2022:11:56:12 +0800] "POST /xingrg/kc/pszx/mdps_list_operate.html HTTP/1.1" 200 576
120.253.135.82 - - [26/May/2022:11:56:15 +0800] "GET /xingrg/kc/pszx/mdps_order_info.html?code=312022052600758 HTTP/1.1" 200 23989
120.253.135.82 - - [26/May/2022:11:56:15 +0800] "POST /xingrg/kc/pszx/mdps_order_operate.html HTTP/1.1" 200 8696
120.253.135.82 - - [26/May/2022:11:56:15 +0800] "GET /xingrg/javascript/easyui/themes/default/validatebox.css HTTP/1.1" 404 1104
218.81.223.53 - - [26/May/2022:11:56:17 +0800] "GET /xingrg/check_reg.html?_=1653537388737 HTTP/1.1" 200 22
218.81.223.53 - - [26/May/2022:11:56:18 +0800] "GET /xingrg/all/function/internal_message.html?_=1653537389310&CODE_STATE=getMsg HTTP/1.1" 200 27
180.175.103.167 - - [26/May/2022:11:56:18 +0800] "GET /xingrg/all/function/internal_message.html?_=1653537377993&CODE_STATE=getMsg HTTP/1.1" 200 27
222.70.180.114 - - [26/May/2022:11:56:18 +0800] "GET /xingrg/all/function/internal_message.html?_=1653537369813&CODE_STATE=getMsg HTTP/1.1" 200 27
58.39.61.91 - - [26/May/2022:11:56:20 +0800] "GET /xingrg/all/function/internal_message.html?_=1653537377543&CODE_STATE=getMsg HTTP/1.1" 200 27
124.78.156.37 - - [26/May/2022:11:56:25 +0800] "GET /xingrg/kc/buy/cgsh_order_operate.html?command=get_materiel&rest_code=00106&code=00101010335&supplier_code=00100151&order_time=2022-05-26 HTTP/1.1" 200 433
114.83.218.142 - - [26/May/2022:11:56:31 +0800] "GET /xingrg/all/function/internal_message.html?_=1653537386828&CODE_STATE=getMsg HTTP/1.1" 200 27
180.175.103.167 - - [26/May/2022:11:56:31 +0800] "GET /xingrg/all/function/internal_message.html?_=1653537312252&CODE_STATE=getMsg HTTP/1.1" 200 27
116.235.92.88 - - [26/May/2022:11:56:34 +0800] "GET /xingrg/kc/buy/cgsh_order_operate.html?command=get_materiel&rest_code=00104&code=00101006022&supplier_code=00100517&order_time=2022-05-01 HTTP/1.1" 200 432
120.253.135.82 - - [26/May/2022:11:56:38 +0800] "GET /xingrg/all/function/internal_message.html?_=1653537205637&CODE_STATE=getMsg HTTP/1.1" 200 27
58.39.61.91 - - [26/May/2022:11:56:39 +0800] "GET /xingrg/all/function/internal_message.html?_=1653537362434&CODE_STATE=getMsg HTTP/1.1" 200 27
116.235.92.88 - - [26/May/2022:11:56:40 +0800] "GET /xingrg/all/function/internal_message.html?_=1653537574135&CODE_STATE=getMsg HTTP/1.1" 200 27
116.235.92.88 - - [26/May/2022:11:56:40 +0800] "GET /xingrg/check_reg.html?_=1653537574136 HTTP/1.1" 200 22
180.175.103.167 - - [26/May/2022:11:56:43 +0800] "GET /xingrg/all/function/internal_message.html?_=1653537323734&CODE_STATE=getMsg HTTP/1.1" 200 27
120.253.135.82 - - [26/May/2022:11:56:44 +0800] "GET /xingrg/kc/pszx/mdps_order_operate.html?command=get_materiel&pszx_code=00101&rest_code=00104&base_code=0010851&code=00101008300 HTTP/1.1" 200 434
58.35.196.179 - - [26/May/2022:11:56:46 +0800] "GET /xingrg/check_reg.html?_=1653537404183 HTTP/1.1" 200 22
58.35.196.179 - - [26/May/2022:11:56:46 +0800] "GET /xingrg/all/function/internal_message.html?_=1653537404186&CODE_STATE=getMsg HTTP/1.1" 200 27
180.156.212.250 - - [26/May/2022:11:56:48 +0800] "GET /xingrg/all/function/internal_message.html?_=1653537476557&CODE_STATE=getMsg HTTP/1.1" 200 27
116.235.92.88 - - [26/May/2022:11:56:52 +0800] "POST /xingrg/kc/buy/cgsh_order_operate.html HTTP/1.1" 200 37
124.78.156.37 - - [26/May/2022:11:56:52 +0800] "GET /xingrg/all/function/internal_message.html?_=1653537412229&CODE_STATE=getMsg HTTP/1.1" 200 27
124.78.156.37 - - [26/May/2022:11:56:52 +0800] "GET /xingrg/check_reg.html?_=1653537412232 HTTP/1.1" 200 22
101.85.120.86 - - [26/May/2022:11:56:52 +0800] "GET /favicon.ico HTTP/1.1" 404 -
124.78.156.37 - - [26/May/2022:11:56:53 +0800] "GET /xingrg/kc/buy/cgsh_order_operate.html?command=get_materiel&rest_code=00106&code=00101012029&supplier_code=00100151&order_time=2022-05-26 HTTP/1.1" 200 412
101.85.120.86 - - [26/May/2022:11:56:53 +0800] "GET /xingrg/login.html HTTP/1.1" 200 7641
101.85.120.86 - - [26/May/2022:11:56:53 +0800] "GET /xingrg/images/blue/jxLogo.png HTTP/1.1" 304 -
101.85.120.86 - - [26/May/2022:11:56:54 +0800] "GET /xingrg/images/blue/login_bg.png HTTP/1.1" 304 -
101.85.120.86 - - [26/May/2022:11:56:54 +0800] "GET /xingrg/images/blue/srbg.png HTTP/1.1" 304 -
101.85.120.86 - - [26/May/2022:11:56:54 +0800] "GET /favicon.ico HTTP/1.1" 404 -
101.85.120.86 - - [26/May/2022:11:56:54 +0800] "GET /xingrg/images/blue/hj.png HTTP/1.1" 304 -
117.143.172.212 - - [26/May/2022:11:56:56 +0800] "GET /xingrg/all/function/internal_message.html?_=1653537413683&CODE_STATE=getMsg HTTP/1.1" 200 27
116.235.92.88 - - [26/May/2022:11:56:57 +0800] "POST /xingrg/kc/buy/cgsh_order_operate.html HTTP/1.1" 200 3251
116.235.92.88 - - [26/May/2022:11:56:58 +0800] "GET /xingrg/kc/print/load_data.html?order_code=212022052601666&kc_code=cgsh&condition= HTTP/1.1" 200 913
116.230.110.173 - - [26/May/2022:11:57:03 +0800] "GET /xingrg/all/function/internal_message.html?_=1653537410174&CODE_STATE=getMsg HTTP/1.1" 200 27
120.253.135.82 - - [26/May/2022:11:57:07 +0800] "GET /xingrg/kc/pszx/mdps_order_operate.html?command=get_materiel&pszx_code=00101&rest_code=00104&base_code=0010851&code=00101008210 HTTP/1.1" 200 434
218.81.223.53 - - [26/May/2022:11:57:18 +0800] "GET /xingrg/all/function/internal_message.html?_=1653537449323&CODE_STATE=getMsg HTTP/1.1" 200 27
180.175.103.167 - - [26/May/2022:11:57:18 +0800] "GET /xingrg/all/function/internal_message.html?_=1653537437994&CODE_STATE=getMsg HTTP/1.1" 200 27
222.70.180.114 - - [26/May/2022:11:57:18 +0800] "GET /xingrg/all/function/internal_message.html?_=1653537429797&CODE_STATE=getMsg HTTP/1.1" 200 27
58.39.61.91 - - [26/May/2022:11:57:20 +0800] "GET /xingrg/check_reg.html?_=1653537437543 HTTP/1.1" 200 22
58.39.61.91 - - [26/May/2022:11:57:20 +0800] "GET /xingrg/all/function/internal_message.html?_=1653537437545&CODE_STATE=getMsg HTTP/1.1" 200 27
114.83.218.142 - - [26/May/2022:11:57:31 +0800] "GET /xingrg/all/function/internal_message.html?_=1653537446842&CODE_STATE=getMsg HTTP/1.1" 200 27
180.175.103.167 - - [26/May/2022:11:57:31 +0800] "GET /xingrg/all/function/internal_message.html?_=1653537372221&CODE_STATE=getMsg HTTP/1.1" 200 27
120.253.135.82 - - [26/May/2022:11:57:37 +0800] "GET /xingrg/kc/pszx/mdps_order_operate.html?command=get_materiel&pszx_code=00101&rest_code=00104&base_code=0010851&code=00101008458 HTTP/1.1" 200 417
120.253.135.82 - - [26/May/2022:11:57:38 +0800] "GET /xingrg/all/function/internal_message.html?_=1653537265650&CODE_STATE=getMsg HTTP/1.1" 200 27
58.39.61.91 - - [26/May/2022:11:57:39 +0800] "GET /xingrg/all/function/internal_message.html?_=1653537422441&CODE_STATE=getMsg HTTP/1.1" 200 27
116.235.92.88 - - [26/May/2022:11:57:40 +0800] "GET /xingrg/all/function/internal_message.html?_=1653537634163&CODE_STATE=getMsg HTTP/1.1" 200 27
180.175.103.167 - - [26/May/2022:11:57:43 +0800] "GET /xingrg/all/function/internal_message.html?_=1653537383735&CODE_STATE=getMsg HTTP/1.1" 200 27
58.35.196.179 - - [26/May/2022:11:57:46 +0800] "GET /xingrg/all/function/internal_message.html?_=1653537464170&CODE_STATE=getMsg HTTP/1.1" 200 27
180.156.212.250 - - [26/May/2022:11:57:49 +0800] "GET /xingrg/all/function/internal_message.html?_=1653537536880&CODE_STATE=getMsg HTTP/1.1" 200 27
124.78.156.37 - - [26/May/2022:11:57:52 +0800] "GET /xingrg/all/function/internal_message.html?_=1653537472257&CODE_STATE=getMsg HTTP/1.1" 200 27
117.143.172.212 - - [26/May/2022:11:57:55 +0800] "GET /xingrg/check_reg.html?_=1653537473064 HTTP/1.1" 200 22
117.143.172.212 - - [26/May/2022:11:57:56 +0800] "GET /xingrg/all/function/internal_message.html?_=1653537473697&CODE_STATE=getMsg HTTP/1.1" 200 27
180.175.103.167 - - [26/May/2022:11:57:57 +0800] "GET /xingrg/kc/base/base_main.html HTTP/1.1" 200 12142
180.175.103.167 - - [26/May/2022:11:57:58 +0800] "GET /xingrg/kc/base/wldb_order_list.html HTTP/1.1" 200 19101
180.175.103.167 - - [26/May/2022:11:57:59 +0800] "POST /xingrg/kc/base/wldb_list_operate.html HTTP/1.1" 200 1779
180.175.103.167 - - [26/May/2022:11:58:02 +0800] "GET /xingrg/kc/base/wldb_order_add.html HTTP/1.1" 200 30315
180.175.103.167 - - [26/May/2022:11:58:02 +0800] "GET /xingrg/words/20220525141108_words.js HTTP/1.1" 304 -
180.175.103.167 - - [26/May/2022:11:58:02 +0800] "GET /xingrg/all/common/auto_word.html?type=base&rest_code=00105 HTTP/1.1" 200 1907
180.175.103.167 - - [26/May/2022:11:58:02 +0800] "GET /xingrg/all/common/auto_word.html?type=base&rest_code=00105 HTTP/1.1" 200 1907
180.175.103.167 - - [26/May/2022:11:58:02 +0800] "GET /xingrg/javascript/easyui/themes/default/validatebox.css HTTP/1.1" 404 1104
180.175.103.167 - - [26/May/2022:11:58:02 +0800] "POST /xingrg/kc/base/wldb_order_operate.html HTTP/1.1" 200 6806
116.230.110.173 - - [26/May/2022:11:58:03 +0800] "GET /xingrg/all/function/internal_message.html?_=1653537470169&CODE_STATE=getMsg HTTP/1.1" 200 27
124.78.156.37 - - [26/May/2022:11:58:05 +0800] "GET /xingrg/kc/buy/cgsh_order_operate.html?command=get_materiel&rest_code=00106&code=00101008100&supplier_code=00100151&order_time=2022-05-26 HTTP/1.1" 200 408
180.175.103.167 - - [26/May/2022:11:58:14 +0800] "GET /xingrg/javascript/auto/indicator.gif HTTP/1.1" 404 1066
218.81.223.53 - - [26/May/2022:11:58:18 +0800] "GET /xingrg/all/function/internal_message.html?_=1653537509339&CODE_STATE=getMsg HTTP/1.1" 200 27
180.175.103.167 - - [26/May/2022:11:58:18 +0800] "GET /xingrg/all/function/internal_message.html?_=1653537497994&CODE_STATE=getMsg HTTP/1.1" 200 27
222.70.180.114 - - [26/May/2022:11:58:18 +0800] "GET /xingrg/all/function/internal_message.html?_=1653537489783&CODE_STATE=getMsg HTTP/1.1" 200 27
180.175.103.167 - - [26/May/2022:11:58:20 +0800] "GET /xingrg/javascript/jquery_tools/images/prev.gif HTTP/1.1" 404 1086
180.175.103.167 - - [26/May/2022:11:58:20 +0800] "GET /xingrg/javascript/jquery_tools/images/next.gif HTTP/1.1" 404 1086
58.39.61.91 - - [26/May/2022:11:58:20 +0800] "GET /xingrg/all/function/internal_message.html?_=1653537497546&CODE_STATE=getMsg HTTP/1.1" 200 27
120.253.135.82 - - [26/May/2022:11:58:23 +0800] "GET /xingrg/kc/pszx/mdps_order_operate.html?command=get_materiel&pszx_code=00101&rest_code=00104&base_code=0010851&code=00101008152 HTTP/1.1" 200 430
114.83.218.142 - - [26/May/2022:11:58:31 +0800] "GET /xingrg/all/function/internal_message.html?_=1653537506844&CODE_STATE=getMsg HTTP/1.1" 200 27
114.83.218.142 - - [26/May/2022:11:58:31 +0800] "GET /xingrg/check_reg.html?_=1653537506846 HTTP/1.1" 200 22
180.175.103.167 - - [26/May/2022:11:58:31 +0800] "GET /xingrg/all/function/internal_message.html?_=1653537432206&CODE_STATE=getMsg HTTP/1.1" 200 27
120.253.135.82 - - [26/May/2022:11:58:32 +0800] "POST /xingrg/kc/pszx/mdps_order_operate.html HTTP/1.1" 200 1790
180.175.103.167 - - [26/May/2022:11:58:37 +0800] "GET /xingrg/kc/base/wldb_order_operate.html?command=get_materiel&rest_code=00105&base_code=0010507&code=00101019391 HTTP/1.1" 200 485
120.253.135.82 - - [26/May/2022:11:58:38 +0800] "GET /xingrg/all/function/internal_message.html?_=1653537325663&CODE_STATE=getMsg HTTP/1.1" 200 27
58.39.61.91 - - [26/May/2022:11:58:39 +0800] "GET /xingrg/all/function/internal_message.html?_=1653537482493&CODE_STATE=getMsg HTTP/1.1" 200 27
116.235.92.88 - - [26/May/2022:11:58:40 +0800] "GET /xingrg/all/function/internal_message.html?_=1653537694159&CODE_STATE=getMsg HTTP/1.1" 200 27
180.175.103.167 - - [26/May/2022:11:58:44 +0800] "POST /xingrg/kc/base/wldb_order_operate.html HTTP/1.1" 200 37
180.175.103.167 - - [26/May/2022:11:58:45 +0800] "POST /xingrg/kc/base/wldb_order_operate.html HTTP/1.1" 200 2226
180.175.103.167 - - [26/May/2022:11:58:45 +0800] "GET /xingrg/kc/base/wldb_order_info.html?code=422022052600312 HTTP/1.1" 200 30332
180.175.103.167 - - [26/May/2022:11:58:45 +0800] "GET /xingrg/javascript/easyui/themes/default/validatebox.css HTTP/1.1" 404 1104
180.175.103.167 - - [26/May/2022:11:58:46 +0800] "POST /xingrg/kc/base/wldb_order_operate.html HTTP/1.1" 200 2226
58.35.196.179 - - [26/May/2022:11:58:46 +0800] "GET /xingrg/all/function/internal_message.html?_=1653537524183&CODE_STATE=getMsg HTTP/1.1" 200 27
124.78.156.37 - - [26/May/2022:11:58:48 +0800] "GET /xingrg/kc/buy/cgsh_order_operate.html?command=get_materiel&rest_code=00106&code=00101008323&supplier_code=00100151&order_time=2022-05-26 HTTP/1.1" 200 408
180.156.212.250 - - [26/May/2022:11:58:49 +0800] "GET /xingrg/all/function/internal_message.html?_=1653537596896&CODE_STATE=getMsg HTTP/1.1" 200 27
180.175.103.167 - - [26/May/2022:11:58:50 +0800] "GET /xingrg/check_reg.html?_=1653537450945 HTTP/1.1" 200 22
120.253.135.82 - - [26/May/2022:11:58:51 +0800] "GET /xingrg/kc/pszx/mdps_order_operate.html?command=get_materiel&pszx_code=00101&rest_code=00104&base_code=0010851&code=00101008637 HTTP/1.1" 200 440
124.78.156.37 - - [26/May/2022:11:58:52 +0800] "GET /xingrg/all/function/internal_message.html?_=1653537532260&CODE_STATE=getMsg HTTP/1.1" 200 27
117.143.172.212 - - [26/May/2022:11:58:56 +0800] "GET /xingrg/all/function/internal_message.html?_=1653537533699&CODE_STATE=getMsg HTTP/1.1" 200 27
180.175.103.167 - - [26/May/2022:11:59:02 +0800] "GET /xingrg/kc/base/wldb_order_add.html HTTP/1.1" 200 30315
180.175.103.167 - - [26/May/2022:11:59:03 +0800] "GET /xingrg/javascript/easyui/themes/default/validatebox.css HTTP/1.1" 404 1104
180.175.103.167 - - [26/May/2022:11:59:03 +0800] "POST /xingrg/kc/base/wldb_order_operate.html HTTP/1.1" 200 6806
116.230.110.173 - - [26/May/2022:11:59:03 +0800] "GET /xingrg/all/function/internal_message.html?_=1653537530180&CODE_STATE=getMsg HTTP/1.1" 200 27
180.175.103.167 - - [26/May/2022:11:59:18 +0800] "GET /xingrg/all/function/internal_message.html?_=1653537558022&CODE_STATE=getMsg HTTP/1.1" 200 27
218.81.223.53 - - [26/May/2022:11:59:18 +0800] "GET /xingrg/all/function/internal_message.html?_=1653537569539&CODE_STATE=getMsg HTTP/1.1" 200 27
222.70.180.114 - - [26/May/2022:11:59:18 +0800] "GET /xingrg/all/function/internal_message.html?_=1653537549769&CODE_STATE=getMsg HTTP/1.1" 200 27
58.39.61.91 - - [26/May/2022:11:59:19 +0800] "GET /xingrg/check_reg.html?_=1653537522891 HTTP/1.1" 200 22
58.39.61.91 - - [26/May/2022:11:59:20 +0800] "GET /xingrg/all/function/internal_message.html?_=1653537557553&CODE_STATE=getMsg HTTP/1.1" 200 27
120.253.135.82 - - [26/May/2022:11:59:21 +0800] "GET /xingrg/kc/pszx/mdps_order_operate.html?command=get_materiel&pszx_code=00101&rest_code=00104&base_code=0010851&code=00101008357 HTTP/1.1" 200 429
180.175.103.167 - - [26/May/2022:11:59:31 +0800] "GET /xingrg/all/function/internal_message.html?_=1653537492179&CODE_STATE=getMsg HTTP/1.1" 200 27
114.83.218.142 - - [26/May/2022:11:59:31 +0800] "GET /xingrg/all/function/internal_message.html?_=1653537566850&CODE_STATE=getMsg HTTP/1.1" 200 27
120.253.135.82 - - [26/May/2022:11:59:38 +0800] "GET /xingrg/check_reg.html?_=1653537385240 HTTP/1.1" 200 22
120.253.135.82 - - [26/May/2022:11:59:38 +0800] "GET /xingrg/all/function/internal_message.html?_=1653537385677&CODE_STATE=getMsg HTTP/1.1" 200 27
58.39.61.91 - - [26/May/2022:11:59:39 +0800] "GET /xingrg/all/function/internal_message.html?_=1653537542499&CODE_STATE=getMsg HTTP/1.1" 200 27
116.235.92.88 - - [26/May/2022:11:59:40 +0800] "GET /xingrg/all/function/internal_message.html?_=1653537754158&CODE_STATE=getMsg HTTP/1.1" 200 27
180.175.103.167 - - [26/May/2022:11:59:43 +0800] "GET /xingrg/kc/base/wldb_order_operate.html?command=get_materiel&rest_code=00105&base_code=0010508&code=00102002451 HTTP/1.1" 200 433
180.175.103.167 - - [26/May/2022:11:59:43 +0800] "GET /xingrg/all/function/internal_message.html?_=1653537503754&CODE_STATE=getMsg HTTP/1.1" 200 27
58.35.196.179 - - [26/May/2022:11:59:46 +0800] "GET /xingrg/all/function/internal_message.html?_=1653537584185&CODE_STATE=getMsg HTTP/1.1" 200 27
180.156.212.250 - - [26/May/2022:11:59:49 +0800] "GET /xingrg/all/function/internal_message.html?_=1653537657133&CODE_STATE=getMsg HTTP/1.1" 200 27
120.253.135.82 - - [26/May/2022:11:59:51 +0800] "GET /xingrg/kc/pszx/mdps_order_operate.html?command=get_materiel&pszx_code=00101&rest_code=00104&base_code=0010851&code=00101008059 HTTP/1.1" 200 417
124.78.156.37 - - [26/May/2022:11:59:52 +0800] "GET /xingrg/all/function/internal_message.html?_=1653537592261&CODE_STATE=getMsg HTTP/1.1" 200 27
117.143.172.212 - - [26/May/2022:11:59:56 +0800] "GET /xingrg/all/function/internal_message.html?_=1653537593714&CODE_STATE=getMsg HTTP/1.1" 200 27
180.175.103.167 - - [26/May/2022:11:59:59 +0800] "POST /xingrg/kc/base/wldb_order_operate.html HTTP/1.1" 200 37
180.175.103.167 - - [26/May/2022:11:59:59 +0800] "POST /xingrg/kc/base/wldb_order_operate.html HTTP/1.1" 200 2183
180.175.103.167 - - [26/May/2022:12:00:00 +0800] "GET /xingrg/kc/base/wldb_order_info.html?code=422022052600313 HTTP/1.1" 200 30333
180.175.103.167 - - [26/May/2022:12:00:00 +0800] "GET /xingrg/javascript/easyui/themes/default/validatebox.css HTTP/1.1" 404 1104
180.175.103.167 - - [26/May/2022:12:00:01 +0800] "POST /xingrg/kc/base/wldb_order_operate.html HTTP/1.1" 200 2183
116.230.110.173 - - [26/May/2022:12:00:03 +0800] "GET /xingrg/check_reg.html?_=1653537590171 HTTP/1.1" 200 22
116.230.110.173 - - [26/May/2022:12:00:03 +0800] "GET /xingrg/all/function/internal_message.html?_=1653537590173&CODE_STATE=getMsg HTTP/1.1" 200 27
222.70.180.114 - - [26/May/2022:12:00:03 +0800] "GET /xingrg/check_reg.html?_=1653537594668 HTTP/1.1" 200 22
124.78.156.37 - - [26/May/2022:12:00:06 +0800] "GET /xingrg/kc/buy/cgsh_order_operate.html?command=get_materiel&rest_code=00106&code=00101016022&supplier_code=00100151&order_time=2022-05-26 HTTP/1.1" 200 408
180.175.103.167 - - [26/May/2022:12:00:18 +0800] "GET /xingrg/check_reg.html?_=1653537618021 HTTP/1.1" 200 22
180.175.103.167 - - [26/May/2022:12:00:18 +0800] "GET /xingrg/all/function/internal_message.html?_=1653537618024&CODE_STATE=getMsg HTTP/1.1" 200 27
218.81.223.53 - - [26/May/2022:12:00:18 +0800] "GET /xingrg/all/function/internal_message.html?_=1653537629551&CODE_STATE=getMsg HTTP/1.1" 200 27
222.70.180.114 - - [26/May/2022:12:00:18 +0800] "GET /xingrg/all/function/internal_message.html?_=1653537609739&CODE_STATE=getMsg HTTP/1.1" 200 27
58.39.61.91 - - [26/May/2022:12:00:20 +0800] "GET /xingrg/all/function/internal_message.html?_=1653537617562&CODE_STATE=getMsg HTTP/1.1" 200 27
101.85.120.86 - - [26/May/2022:12:00:30 +0800] "POST /xingrg/login.do HTTP/1.1" 302 -
101.85.120.86 - - [26/May/2022:12:00:30 +0800] "GET /xingrg/index.html?sysBaseUrl=http%3A%2F%2F180.169.147.146%3A18081%2Fxingrg%2F&costTime=50×tamp=1653537630811 HTTP/1.1" 200 17179
101.85.120.86 - - [26/May/2022:12:00:30 +0800] "GET /xingrg/javascript/jquery-1.4.2.min.js HTTP/1.1" 304 -
101.85.120.86 - - [26/May/2022:12:00:30 +0800] "GET /xingrg/css/form.css HTTP/1.1" 304 -
101.85.120.86 - - [26/May/2022:12:00:30 +0800] "GET /xingrg/javascript/jquery_easy_ui/themes/default/easyui.css HTTP/1.1" 304 -
101.85.120.86 - - [26/May/2022:12:00:30 +0800] "GET /xingrg/javascript/jquery_easy_ui/themes/icon.css HTTP/1.1" 304 -
101.85.120.86 - - [26/May/2022:12:00:30 +0800] "GET /xingrg/javascript/jquery.form.js HTTP/1.1" 304 -
101.85.120.86 - - [26/May/2022:12:00:30 +0800] "GET /xingrg/javascript/jquery_easy_ui/jquery.easyui.min.js HTTP/1.1" 304 -
101.85.120.86 - - [26/May/2022:12:00:30 +0800] "GET /xingrg/javascript/jquery.utils.js HTTP/1.1" 304 -
101.85.120.86 - - [26/May/2022:12:00:30 +0800] "GET /xingrg/javascript/jquery_easy_ui/easyui-lang-zh_CN.js HTTP/1.1" 304 -
101.85.120.86 - - [26/May/2022:12:00:30 +0800] "GET /xingrg/javascript/jquery.timers.js HTTP/1.1" 304 -
101.85.120.86 - - [26/May/2022:12:00:31 +0800] "GET /favicon.ico HTTP/1.1" 404 -
101.85.120.86 - - [26/May/2022:12:00:31 +0800] "GET /xingrg/javascript/jquery_easy_ui/themes/icons/settle_new.png HTTP/1.1" 304 -
101.85.120.86 - - [26/May/2022:12:00:31 +0800] "GET /xingrg/images/blue/navBackgound.jpg HTTP/1.1" 304 -
101.85.120.86 - - [26/May/2022:12:00:31 +0800] "POST /xingrg/all/common/load_tree.html?tree=area_rest_tree_json&manage=1 HTTP/1.1" 200 351
101.85.120.86 - - [26/May/2022:12:00:31 +0800] "GET /xingrg/all/function/internal_message.html?_=1653537628574&CODE_STATE=count HTTP/1.1" 200 11
101.85.120.86 - - [26/May/2022:12:00:31 +0800] "GET /xingrg/check_reg.html?_=1653537628575 HTTP/1.1" 200 22
101.85.120.86 - - [26/May/2022:12:00:31 +0800] "GET /xingrg/images/blue/pingpu.png HTTP/1.1" 304 -
101.85.120.86 - - [26/May/2022:12:00:31 +0800] "GET /xingrg/javascript/jquery_easy_ui/themes/default/images/tabs_rightarrow.png HTTP/1.1" 304 -
101.85.120.86 - - [26/May/2022:12:00:31 +0800] "GET /xingrg/javascript/jquery_easy_ui/themes/default/images/tabs_leftarrow.png HTTP/1.1" 304 -
101.85.120.86 - - [26/May/2022:12:00:31 +0800] "GET /xingrg/javascript/jquery_easy_ui/themes/default/images/panel_tool_collapse.gif HTTP/1.1" 304 -
101.85.120.86 - - [26/May/2022:12:00:31 +0800] "POST /xingrg/load_menu.html HTTP/1.1" 200 5138
101.85.120.86 - - [26/May/2022:12:00:31 +0800] "GET /xingrg/javascript/jquery_easy_ui/themes/default/images/tree_arrows.gif HTTP/1.1" 304 -
101.85.120.86 - - [26/May/2022:12:00:31 +0800] "GET /xingrg/javascript/jquery_easy_ui/themes/default/images/tree_folder_open.gif HTTP/1.1" 304 -
101.85.120.86 - - [26/May/2022:12:00:31 +0800] "GET /xingrg/javascript/jquery_easy_ui/themes/default/images/tree_folder.gif HTTP/1.1" 304 -
101.85.120.86 - - [26/May/2022:12:00:31 +0800] "GET /xingrg/javascript/jquery_easy_ui/themes/icons/search_new.png HTTP/1.1" 304 -
101.85.120.86 - - [26/May/2022:12:00:31 +0800] "GET /xingrg/javascript/jquery_easy_ui/themes/icons/storage_new.png HTTP/1.1" 304 -
101.85.120.86 - - [26/May/2022:12:00:31 +0800] "GET /xingrg/javascript/jquery_easy_ui/themes/icons/forms_new.png HTTP/1.1" 304 -
101.85.120.86 - - [26/May/2022:12:00:31 +0800] "GET /xingrg/javascript/jquery_easy_ui/themes/default/images/tree_file.gif HTTP/1.1" 304 -
180.175.103.167 - - [26/May/2022:12:00:31 +0800] "GET /xingrg/all/function/internal_message.html?_=1653537552163&CODE_STATE=getMsg HTTP/1.1" 200 27
114.83.218.142 - - [26/May/2022:12:00:31 +0800] "GET /xingrg/all/function/internal_message.html?_=1653537626854&CODE_STATE=getMsg HTTP/1.1" 200 27
180.156.212.250 - - [26/May/2022:12:00:37 +0800] "GET /xingrg/check_reg.html?_=1653537704740 HTTP/1.1" 200 22
101.85.120.86 - - [26/May/2022:12:00:38 +0800] "GET /xingrg/javascript/jquery_easy_ui/themes/icons/area.png HTTP/1.1" 304 -
101.85.120.86 - - [26/May/2022:12:00:38 +0800] "GET /xingrg/javascript/jquery_easy_ui/themes/icons/rest.png HTTP/1.1" 304 -
120.253.135.82 - - [26/May/2022:12:00:38 +0800] "GET /xingrg/all/function/internal_message.html?_=1653537445691&CODE_STATE=getMsg HTTP/1.1" 200 27
58.39.61.91 - - [26/May/2022:12:00:39 +0800] "GET /xingrg/all/function/internal_message.html?_=1653537602514&CODE_STATE=getMsg HTTP/1.1" 200 27
116.235.92.88 - - [26/May/2022:12:00:40 +0800] "GET /xingrg/all/function/internal_message.html?_=1653537814158&CODE_STATE=getMsg HTTP/1.1" 200 27
120.253.135.82 - - [26/May/2022:12:00:41 +0800] "POST /xingrg/kc/pszx/mdps_order_operate.html HTTP/1.1" 200 37
120.253.135.82 - - [26/May/2022:12:00:42 +0800] "GET /xingrg/kc/pszx/mdps_order_info.html?code=312022052600758 HTTP/1.1" 200 23989
180.175.103.167 - - [26/May/2022:12:00:43 +0800] "GET /xingrg/all/function/internal_message.html?_=1653537563737&CODE_STATE=getMsg HTTP/1.1" 200 27
120.253.135.82 - - [26/May/2022:12:00:43 +0800] "GET /xingrg/javascript/easyui/themes/default/validatebox.css HTTP/1.1" 404 1104
120.253.135.82 - - [26/May/2022:12:00:43 +0800] "POST /xingrg/kc/pszx/mdps_order_operate.html HTTP/1.1" 200 12102
101.85.120.86 - - [26/May/2022:12:00:43 +0800] "GET /xingrg/javascript/jquery_easy_ui/themes/default/images/tabs_close.gif HTTP/1.1" 304 -
101.85.120.86 - - [26/May/2022:12:00:43 +0800] "GET /xingrg/css/base.css HTTP/1.1" 304 -
101.85.120.86 - - [26/May/2022:12:00:43 +0800] "GET /xingrg/css/site.css HTTP/1.1" 304 -
101.85.120.86 - - [26/May/2022:12:00:43 +0800] "GET /xingrg/javascript/jquery_tools/datebox.css HTTP/1.1" 304 -
101.85.120.86 - - [26/May/2022:12:00:43 +0800] "GET /xingrg/javascript/easyui/themes/default/easyui.css HTTP/1.1" 304 -
101.85.120.86 - - [26/May/2022:12:00:43 +0800] "GET /xingrg/javascript/easyui/themes/icon.css HTTP/1.1" 304 -
101.85.120.86 - - [26/May/2022:12:00:43 +0800] "GET /xingrg/javascript/auto/jquery.autocomplete.css HTTP/1.1" 304 -
101.85.120.86 - - [26/May/2022:12:00:43 +0800] "GET /xingrg/javascript/jquery_tools/table.css HTTP/1.1" 304 -
101.85.120.86 - - [26/May/2022:12:00:43 +0800] "GET /xingrg/javascript/jquery_tools/fix.css HTTP/1.1" 304 -
101.85.120.86 - - [26/May/2022:12:00:43 +0800] "GET /xingrg/javascript/jquery_tools/jquery.tools.min.js HTTP/1.1" 304 -
101.85.120.86 - - [26/May/2022:12:00:43 +0800] "GET /xingrg/kc/buy/cgsh_order_list.html HTTP/1.1" 200 51752
101.85.120.86 - - [26/May/2022:12:00:43 +0800] "GET /xingrg/javascript/jquery_tools/jquery.tools.extend.js HTTP/1.1" 304 -
101.85.120.86 - - [26/May/2022:12:00:43 +0800] "GET /xingrg/javascript/jquery_tools/jquery.tools.hotkey.js HTTP/1.1" 304 -
101.85.120.86 - - [26/May/2022:12:00:43 +0800] "GET /xingrg/javascript/jquery_tools/jquery.tools.table.js HTTP/1.1" 304 -
101.85.120.86 - - [26/May/2022:12:00:43 +0800] "GET /xingrg/javascript/jquery_tools/list_manager.js HTTP/1.1" 304 -
101.85.120.86 - - [26/May/2022:12:00:43 +0800] "GET /xingrg/javascript/auto/jquery.autocomplete.js HTTP/1.1" 304 -
101.85.120.86 - - [26/May/2022:12:00:43 +0800] "GET /xingrg/javascript/easyui/easyloader.js HTTP/1.1" 304 -
101.85.120.86 - - [26/May/2022:12:00:43 +0800] "GET /xingrg/javascript/jquery.cookie.js HTTP/1.1" 304 -
101.85.120.86 - - [26/May/2022:12:00:43 +0800] "GET /xingrg/javascript/print/LodopFuncs.js HTTP/1.1" 304 -
101.85.120.86 - - [26/May/2022:12:00:44 +0800] "GET /xingrg/javascript/easyui/themes/icons/cance_new.png HTTP/1.1" 304 -
101.85.120.86 - - [26/May/2022:12:00:44 +0800] "GET /xingrg/javascript/easyui/themes/icons/edit_add_new.png HTTP/1.1" 304 -
101.85.120.86 - - [26/May/2022:12:00:44 +0800] "GET /xingrg/javascript/easyui/themes/icons/check_new.png HTTP/1.1" 304 -
101.85.120.86 - - [26/May/2022:12:00:44 +0800] "GET /xingrg/javascript/easyui/themes/icons/import_new.png HTTP/1.1" 304 -
101.85.120.86 - - [26/May/2022:12:00:44 +0800] "GET /xingrg/javascript/easyui/themes/icons/field_new.png HTTP/1.1" 304 -
101.85.120.86 - - [26/May/2022:12:00:44 +0800] "GET /xingrg/javascript/easyui/plugins/jquery.parser.js HTTP/1.1" 304 -
101.85.120.86 - - [26/May/2022:12:00:44 +0800] "GET /xingrg/images/control/ajaxLoader.gif HTTP/1.1" 304 -
101.85.120.86 - - [26/May/2022:12:00:45 +0800] "POST /xingrg/kc/buy/cgsh_list_operate.html HTTP/1.1" 200 876
101.85.120.86 - - [26/May/2022:12:00:46 +0800] "GET /xingrg/javascript/easyui/themes/default/images/button_plain_hover.png HTTP/1.1" 304 -
58.35.196.179 - - [26/May/2022:12:00:46 +0800] "GET /xingrg/all/function/internal_message.html?_=1653537644170&CODE_STATE=getMsg HTTP/1.1" 200 27
101.85.120.86 - - [26/May/2022:12:00:47 +0800] "GET /xingrg/javascript/pic_change.js HTTP/1.1" 304 -
101.85.120.86 - - [26/May/2022:12:00:47 +0800] "GET /xingrg/javascript/jquery_tools/order_manager.js HTTP/1.1" 304 -
101.85.120.86 - - [26/May/2022:12:00:47 +0800] "GET /xingrg/javascript/convert.js HTTP/1.1" 304 -
101.85.120.86 - - [26/May/2022:12:00:47 +0800] "GET /xingrg/javascript/json2.js HTTP/1.1" 304 -
101.85.120.86 - - [26/May/2022:12:00:47 +0800] "GET /xingrg/javascript/print/kc_print.js HTTP/1.1" 304 -
101.85.120.86 - - [26/May/2022:12:00:47 +0800] "GET /xingrg/kc/buy/cgsh_order_add.html HTTP/1.1" 200 66647
101.85.120.86 - - [26/May/2022:12:00:47 +0800] "GET /xingrg/words/20220525141108_words.js HTTP/1.1" 200 899168
101.85.120.86 - - [26/May/2022:12:00:47 +0800] "GET /xingrg/javascript/easyui/themes/icons/copy_new.png HTTP/1.1" 304 -
101.85.120.86 - - [26/May/2022:12:00:47 +0800] "GET /xingrg/javascript/easyui/themes/icons/template_new.png HTTP/1.1" 304 -
101.85.120.86 - - [26/May/2022:12:00:47 +0800] "GET /xingrg/javascript/easyui/themes/icons/ok.png HTTP/1.1" 304 -
101.85.120.86 - - [26/May/2022:12:00:47 +0800] "GET /xingrg/javascript/easyui/themes/icons/print.png HTTP/1.1" 304 -
101.85.120.86 - - [26/May/2022:12:00:47 +0800] "GET /xingrg/javascript/easyui/themes/default/images/menu_downarrow.png HTTP/1.1" 304 -
101.85.120.86 - - [26/May/2022:12:00:47 +0800] "GET /xingrg/javascript/easyui/themes/icons/cancel.png HTTP/1.1" 304 -
101.85.120.86 - - [26/May/2022:12:00:48 +0800] "GET /xingrg/javascript/easyui/themes/default/validatebox.css HTTP/1.1" 404 1104
101.85.120.86 - - [26/May/2022:12:00:48 +0800] "GET /xingrg/javascript/easyui/plugins/jquery.validatebox.js HTTP/1.1" 304 -
101.85.120.86 - - [26/May/2022:12:00:48 +0800] "GET /xingrg/all/common/auto_word.html?type=employee&rest_code=00142 HTTP/1.1" 200 105
101.85.120.86 - - [26/May/2022:12:00:48 +0800] "GET /xingrg/all/common/auto_word.html?type=employee&rest_code=00142 HTTP/1.1" 200 105
101.85.120.86 - - [26/May/2022:12:00:48 +0800] "POST /xingrg/kc/buy/cgsh_order_operate.html HTTP/1.1" 200 8245
101.85.120.86 - - [26/May/2022:12:00:48 +0800] "GET /xingrg/javascript/easyui/plugins/jquery.numberbox.js HTTP/1.1" 304 -
101.85.120.86 - - [26/May/2022:12:00:48 +0800] "GET /xingrg/javascript/easyui/themes/icons/edit_remove.png HTTP/1.1" 304 -
124.78.156.37 - - [26/May/2022:12:00:49 +0800] "GET /xingrg/kc/buy/cgsh_order_operate.html?command=get_materiel&rest_code=00106&code=00101019929&supplier_code=00100151&order_time=2022-05-26 HTTP/1.1" 200 401
180.156.212.250 - - [26/May/2022:12:00:49 +0800] "GET /xingrg/all/function/internal_message.html?_=1653537717142&CODE_STATE=getMsg HTTP/1.1" 200 27
101.85.120.86 - - [26/May/2022:12:00:50 +0800] "GET /xingrg/javascript/auto/indicator.gif HTTP/1.1" 404 1066
124.78.156.37 - - [26/May/2022:12:00:52 +0800] "GET /xingrg/all/function/internal_message.html?_=1653537652264&CODE_STATE=getMsg HTTP/1.1" 200 27
101.85.120.86 - - [26/May/2022:12:00:55 +0800] "GET /xingrg/javascript/jquery_tools/images/prev.gif HTTP/1.1" 404 1086
101.85.120.86 - - [26/May/2022:12:00:55 +0800] "GET /xingrg/javascript/jquery_tools/images/next.gif HTTP/1.1" 404 1086
117.143.172.212 - - [26/May/2022:12:00:56 +0800] "GET /xingrg/all/function/internal_message.html?_=1653537653726&CODE_STATE=getMsg HTTP/1.1" 200 27
116.230.110.173 - - [26/May/2022:12:01:03 +0800] "GET /xingrg/all/function/internal_message.html?_=1653537650188&CODE_STATE=getMsg HTTP/1.1" 200 27
180.175.103.167 - - [26/May/2022:12:01:14 +0800] "GET /xingrg/kc/base/wldb_order_add.html HTTP/1.1" 200 30315
180.175.103.167 - - [26/May/2022:12:01:15 +0800] "GET /xingrg/javascript/easyui/themes/default/validatebox.css HTTP/1.1" 404 1104
180.175.103.167 - - [26/May/2022:12:01:15 +0800] "POST /xingrg/kc/base/wldb_order_operate.html HTTP/1.1" 200 6806
101.85.120.86 - - [26/May/2022:12:01:15 +0800] "GET /xingrg/kc/buy/cgsh_order_operate.html?command=get_materiel&rest_code=00142&code=00101008361&supplier_code=00100161&order_time=2022-05-24 HTTP/1.1" 200 408
120.253.135.82 - - [26/May/2022:12:01:16 +0800] "POST /xingrg/kc/pszx/mdps_order_operate.html HTTP/1.1" 200 37
120.253.135.82 - - [26/May/2022:12:01:17 +0800] "GET /xingrg/kc/pszx/mdps_order_info.html?code=312022052600758 HTTP/1.1" 200 23989
218.81.223.53 - - [26/May/2022:12:01:17 +0800] "GET /xingrg/check_reg.html?_=1653537688925 HTTP/1.1" 200 22
180.175.103.167 - - [26/May/2022:12:01:18 +0800] "GET /xingrg/all/function/internal_message.html?_=1653537678008&CODE_STATE=getMsg HTTP/1.1" 200 27
120.253.135.82 - - [26/May/2022:12:01:18 +0800] "POST /xingrg/kc/pszx/mdps_order_operate.html HTTP/1.1" 200 12587
218.81.223.53 - - [26/May/2022:12:01:18 +0800] "GET /xingrg/all/function/internal_message.html?_=1653537689565&CODE_STATE=getMsg HTTP/1.1" 200 27
116.235.92.88 - - [26/May/2022:12:01:18 +0800] "GET /xingrg/kc/buy/cgsh_order_add.html HTTP/1.1" 200 67569
120.253.135.82 - - [26/May/2022:12:01:18 +0800] "GET /xingrg/javascript/easyui/themes/default/validatebox.css HTTP/1.1" 404 1104
116.235.92.88 - - [26/May/2022:12:01:18 +0800] "GET /xingrg/javascript/easyui/themes/default/validatebox.css HTTP/1.1" 404 1104
116.235.92.88 - - [26/May/2022:12:01:18 +0800] "POST /xingrg/kc/buy/cgsh_order_operate.html HTTP/1.1" 200 8245
222.70.180.114 - - [26/May/2022:12:01:18 +0800] "GET /xingrg/all/function/internal_message.html?_=1653537669722&CODE_STATE=getMsg HTTP/1.1" 200 27
58.39.61.91 - - [26/May/2022:12:01:20 +0800] "GET /xingrg/all/function/internal_message.html?_=1653537677564&CODE_STATE=getMsg HTTP/1.1" 200 27
101.85.120.86 - - [26/May/2022:12:01:31 +0800] "GET /xingrg/all/function/internal_message.html?_=1653537688586&CODE_STATE=getMsg HTTP/1.1" 200 27
180.175.103.167 - - [26/May/2022:12:01:31 +0800] "GET /xingrg/all/function/internal_message.html?_=1653537612174&CODE_STATE=getMsg HTTP/1.1" 200 27
114.83.218.142 - - [26/May/2022:12:01:31 +0800] "GET /xingrg/all/function/internal_message.html?_=1653537686857&CODE_STATE=getMsg HTTP/1.1" 200 27
120.253.135.82 - - [26/May/2022:12:01:38 +0800] "GET /xingrg/all/function/internal_message.html?_=1653537505704&CODE_STATE=getMsg HTTP/1.1" 200 27
58.39.61.91 - - [26/May/2022:12:01:39 +0800] "GET /xingrg/all/function/internal_message.html?_=1653537662560&CODE_STATE=getMsg HTTP/1.1" 200 27
116.235.92.88 - - [26/May/2022:12:01:40 +0800] "GET /xingrg/check_reg.html?_=1653537874159 HTTP/1.1" 200 22
116.235.92.88 - - [26/May/2022:12:01:40 +0800] "GET /xingrg/all/function/internal_message.html?_=1653537874160&CODE_STATE=getMsg HTTP/1.1" 200 27
180.175.103.167 - - [26/May/2022:12:01:43 +0800] "GET /xingrg/all/function/internal_message.html?_=1653537623714&CODE_STATE=getMsg HTTP/1.1" 200 27
58.35.196.179 - - [26/May/2022:12:01:46 +0800] "GET /xingrg/all/function/internal_message.html?_=1653537704170&CODE_STATE=getMsg HTTP/1.1" 200 27
58.35.196.179 - - [26/May/2022:12:01:46 +0800] "GET /xingrg/check_reg.html?_=1653537704172 HTTP/1.1" 200 22
180.175.103.167 - - [26/May/2022:12:01:47 +0800] "GET /xingrg/kc/base/wldb_order_operate.html?command=get_materiel&rest_code=00105&base_code=0010507&code=00101019187 HTTP/1.1" 200 479
101.85.120.86 - - [26/May/2022:12:01:49 +0800] "GET /xingrg/kc/buy/cgsh_order_operate.html?command=get_materiel&rest_code=00142&code=00101008264&supplier_code=00100161&order_time=2022-05-24 HTTP/1.1" 200 412
180.156.212.250 - - [26/May/2022:12:01:49 +0800] "GET /xingrg/all/function/internal_message.html?_=1653537777154&CODE_STATE=getMsg HTTP/1.1" 200 27
124.78.156.37 - - [26/May/2022:12:01:52 +0800] "GET /xingrg/all/function/internal_message.html?_=1653537712279&CODE_STATE=getMsg HTTP/1.1" 200 27
124.78.156.37 - - [26/May/2022:12:01:52 +0800] "GET /xingrg/check_reg.html?_=1653537712276 HTTP/1.1" 200 22
117.143.172.212 - - [26/May/2022:12:01:56 +0800] "GET /xingrg/all/function/internal_message.html?_=1653537713730&CODE_STATE=getMsg HTTP/1.1" 200 27
120.253.135.82 - - [26/May/2022:12:01:56 +0800] "POST /xingrg/kc/pszx/mdps_order_operate.html HTTP/1.1" 200 37
120.253.135.82 - - [26/May/2022:12:01:57 +0800] "GET /xingrg/kc/pszx/mdps_order_info.html?code=312022052600758 HTTP/1.1" 200 23989
120.253.135.82 - - [26/May/2022:12:01:58 +0800] "POST /xingrg/kc/pszx/mdps_order_operate.html HTTP/1.1" 200 12587
120.253.135.82 - - [26/May/2022:12:01:58 +0800] "GET /xingrg/javascript/easyui/themes/default/validatebox.css HTTP/1.1" 404 1104
120.253.135.82 - - [26/May/2022:12:02:01 +0800] "POST /xingrg/kc/pszx/mdps_list_operate.html HTTP/1.1" 200 355
120.253.135.82 - - [26/May/2022:12:02:03 +0800] "GET /xingrg/kc/pszx/mdps_order_info.html?code=312022052600757 HTTP/1.1" 200 23987
116.230.110.173 - - [26/May/2022:12:02:03 +0800] "GET /xingrg/all/function/internal_message.html?_=1653537710182&CODE_STATE=getMsg HTTP/1.1" 200 27
120.253.135.82 - - [26/May/2022:12:02:03 +0800] "POST /xingrg/kc/pszx/mdps_order_operate.html HTTP/1.1" 200 3255
120.253.135.82 - - [26/May/2022:12:02:03 +0800] "GET /xingrg/javascript/easyui/themes/default/validatebox.css HTTP/1.1" 404 1104
120.253.135.82 - - [26/May/2022:12:02:06 +0800] "POST /xingrg/kc/pszx/mdps_list_operate.html HTTP/1.1" 200 2854
101.85.120.86 - - [26/May/2022:12:02:09 +0800] "GET /xingrg/kc/buy/cgsh_order_operate.html?command=get_materiel&rest_code=00142&code=00101008355&supplier_code=00100161&order_time=2022-05-24 HTTP/1.1" 200 430
180.175.103.167 - - [26/May/2022:12:02:18 +0800] "GET /xingrg/all/function/internal_message.html?_=1653537738009&CODE_STATE=getMsg HTTP/1.1" 200 27
218.81.223.53 - - [26/May/2022:12:02:18 +0800] "GET /xingrg/all/function/internal_message.html?_=1653537749579&CODE_STATE=getMsg HTTP/1.1" 200 27
222.70.180.114 - - [26/May/2022:12:02:18 +0800] "GET /xingrg/all/function/internal_message.html?_=1653537729707&CODE_STATE=getMsg HTTP/1.1" 200 27
58.39.61.91 - - [26/May/2022:12:02:20 +0800] "GET /xingrg/all/function/internal_message.html?_=1653537737570&CODE_STATE=getMsg HTTP/1.1" 200 27
58.39.61.91 - - [26/May/2022:12:02:20 +0800] "GET /xingrg/check_reg.html?_=1653537737563 HTTP/1.1" 200 22
101.85.120.86 - - [26/May/2022:12:02:31 +0800] "GET /xingrg/all/function/internal_message.html?_=1653537748580&CODE_STATE=getMsg HTTP/1.1" 200 27
180.175.103.167 - - [26/May/2022:12:02:31 +0800] "GET /xingrg/all/function/internal_message.html?_=1653537672159&CODE_STATE=getMsg HTTP/1.1" 200 27
114.83.218.142 - - [26/May/2022:12:02:31 +0800] "GET /xingrg/all/function/internal_message.html?_=1653537746864&CODE_STATE=getMsg HTTP/1.1" 200 27
101.85.120.86 - - [26/May/2022:12:02:32 +0800] "GET /xingrg/kc/buy/cgsh_order_operate.html?command=get_materiel&rest_code=00142&code=00101008366&supplier_code=00100161&order_time=2022-05-24 HTTP/1.1" 200 408
120.253.135.82 - - [26/May/2022:12:02:38 +0800] "GET /xingrg/all/function/internal_message.html?_=1653537565717&CODE_STATE=getMsg HTTP/1.1" 200 27
58.39.61.91 - - [26/May/2022:12:02:39 +0800] "GET /xingrg/all/function/internal_message.html?_=1653537722571&CODE_STATE=getMsg HTTP/1.1" 200 27
116.235.92.88 - - [26/May/2022:12:02:40 +0800] "GET /xingrg/all/function/internal_message.html?_=1653537934150&CODE_STATE=getMsg HTTP/1.1" 200 27
180.175.103.167 - - [26/May/2022:12:02:43 +0800] "GET /xingrg/all/function/internal_message.html?_=1653537683682&CODE_STATE=getMsg HTTP/1.1" 200 27
58.35.196.179 - - [26/May/2022:12:02:46 +0800] "GET /xingrg/all/function/internal_message.html?_=1653537764174&CODE_STATE=getMsg HTTP/1.1" 200 27
101.85.120.86 - - [26/May/2022:12:02:47 +0800] "GET /xingrg/kc/buy/cgsh_order_operate.html?command=get_materiel&rest_code=00142&code=00101008286&supplier_code=00100161&order_time=2022-05-24 HTTP/1.1" 200 408
180.156.212.250 - - [26/May/2022:12:02:49 +0800] "GET /xingrg/all/function/internal_message.html?_=1653537837377&CODE_STATE=getMsg HTTP/1.1" 200 27
124.78.156.37 - - [26/May/2022:12:02:52 +0800] "GET /xingrg/all/function/internal_message.html?_=1653537772264&CODE_STATE=getMsg HTTP/1.1" 200 27
117.143.172.212 - - [26/May/2022:12:02:55 +0800] "GET /xingrg/check_reg.html?_=1653537773073 HTTP/1.1" 200 22
117.143.172.212 - - [26/May/2022:12:02:56 +0800] "GET /xingrg/all/function/internal_message.html?_=1653537773747&CODE_STATE=getMsg HTTP/1.1" 200 27
101.85.120.86 - - [26/May/2022:12:03:00 +0800] "GET /xingrg/kc/buy/cgsh_order_operate.html?command=get_materiel&rest_code=00142&code=00101008300&supplier_code=00100161&order_time=2022-05-24 HTTP/1.1" 200 434
116.230.110.173 - - [26/May/2022:12:03:03 +0800] "GET /xingrg/all/function/internal_message.html?_=1653537770176&CODE_STATE=getMsg HTTP/1.1" 200 27
222.70.180.114 - - [26/May/2022:12:03:07 +0800] "POST /xingrg/services/DataTransmitService HTTP/1.1" 200 524
120.253.135.82 - - [26/May/2022:12:03:07 +0800] "POST /xingrg/kc/pszx/mdps_list_operate.html HTTP/1.1" 200 1692
120.253.135.82 - - [26/May/2022:12:03:09 +0800] "POST /xingrg/kc/pszx/mdps_list_operate.html HTTP/1.1" 200 384
120.253.135.82 - - [26/May/2022:12:03:10 +0800] "GET /xingrg/kc/pszx/mdps_order_info.html?code=312022050100003 HTTP/1.1" 200 23978
120.253.135.82 - - [26/May/2022:12:03:11 +0800] "POST /xingrg/kc/pszx/mdps_order_operate.html HTTP/1.1" 200 3301
120.253.135.82 - - [26/May/2022:12:03:11 +0800] "GET /xingrg/javascript/easyui/themes/default/validatebox.css HTTP/1.1" 404 1104
120.253.135.82 - - [26/May/2022:12:03:14 +0800] "POST /xingrg/kc/pszx/mdps_list_operate.html HTTP/1.1" 200 1692
180.175.103.167 - - [26/May/2022:12:03:17 +0800] "GET /xingrg/kc/base/wldb_order_operate.html?command=get_materiel&rest_code=00105&base_code=0010507&code=00101019535 HTTP/1.1" 200 477
180.175.103.167 - - [26/May/2022:12:03:18 +0800] "GET /xingrg/all/function/internal_message.html?_=1653537798009&CODE_STATE=getMsg HTTP/1.1" 200 27
218.81.223.53 - - [26/May/2022:12:03:18 +0800] "GET /xingrg/all/function/internal_message.html?_=1653537809592&CODE_STATE=getMsg HTTP/1.1" 200 27
101.85.120.86 - - [26/May/2022:12:03:18 +0800] "GET /xingrg/kc/buy/cgsh_order_operate.html?command=get_materiel&rest_code=00142&code=00101008370&supplier_code=00100161&order_time=2022-05-24 HTTP/1.1" 200 434
222.70.180.114 - - [26/May/2022:12:03:18 +0800] "GET /xingrg/all/function/internal_message.html?_=1653537789691&CODE_STATE=getMsg HTTP/1.1" 200 27
58.39.61.91 - - [26/May/2022:12:03:20 +0800] "GET /xingrg/all/function/internal_message.html?_=1653537797563&CODE_STATE=getMsg HTTP/1.1" 200 27
120.253.135.82 - - [26/May/2022:12:03:20 +0800] "POST /xingrg/kc/pszx/mdps_list_operate.html HTTP/1.1" 200 5595
120.253.135.82 - - [26/May/2022:12:03:29 +0800] "POST /xingrg/kc/pszx/mdps_list_operate.html HTTP/1.1" 200 1692
101.85.120.86 - - [26/May/2022:12:03:31 +0800] "GET /xingrg/all/function/internal_message.html?_=1653537808581&CODE_STATE=getMsg HTTP/1.1" 200 27
180.175.103.167 - - [26/May/2022:12:03:31 +0800] "GET /xingrg/all/function/internal_message.html?_=1653537732144&CODE_STATE=getMsg HTTP/1.1" 200 27
114.83.218.142 - - [26/May/2022:12:03:31 +0800] "GET /xingrg/check_reg.html?_=1653537806862 HTTP/1.1" 200 22
114.83.218.142 - - [26/May/2022:12:03:31 +0800] "GET /xingrg/all/function/internal_message.html?_=1653537806866&CODE_STATE=getMsg HTTP/1.1" 200 27
120.253.135.82 - - [26/May/2022:12:03:38 +0800] "GET /xingrg/all/function/internal_message.html?_=1653537625731&CODE_STATE=getMsg HTTP/1.1" 200 27
