180.175.103.167 - - [26/May/2022:12:24:31 +0800] "GET /xingrg/all/function/internal_message.html?_=1653538991708&CODE_STATE=getMsg HTTP/1.1" 200 27
120.253.135.82 - - [26/May/2022:12:24:31 +0800] "POST /xingrg/kc/pszx/mdps_order_operate.html HTTP/1.1" 200 37
114.83.218.142 - - [26/May/2022:12:24:31 +0800] "GET /xingrg/all/function/internal_message.html?_=1653539066947&CODE_STATE=getMsg HTTP/1.1" 200 27
120.253.135.82 - - [26/May/2022:12:24:32 +0800] "GET /xingrg/kc/pszx/mdps_order_info.html?code=312022052600759 HTTP/1.1" 200 23987
120.253.135.82 - - [26/May/2022:12:24:33 +0800] "POST /xingrg/kc/pszx/mdps_order_operate.html HTTP/1.1" 200 3761
120.253.135.82 - - [26/May/2022:12:24:33 +0800] "GET /xingrg/javascript/easyui/themes/default/validatebox.css HTTP/1.1" 404 1104
124.78.156.37 - - [26/May/2022:12:24:34 +0800] "POST /xingrg/services/DataTransmitService HTTP/1.1" 200 524
120.253.135.82 - - [26/May/2022:12:24:36 +0800] "POST /xingrg/kc/pszx/mdps_list_operate.html HTTP/1.1" 200 2465
120.253.135.82 - - [26/May/2022:12:24:38 +0800] "GET /xingrg/check_reg.html?_=1653538885276 HTTP/1.1" 200 22
120.253.135.82 - - [26/May/2022:12:24:39 +0800] "GET /xingrg/all/function/internal_message.html?_=1653538886656&CODE_STATE=getMsg HTTP/1.1" 200 27
58.39.61.91 - - [26/May/2022:12:24:40 +0800] "GET /xingrg/all/function/internal_message.html?_=1653539043152&CODE_STATE=getMsg HTTP/1.1" 200 27
116.235.92.88 - - [26/May/2022:12:24:40 +0800] "GET /xingrg/all/function/internal_message.html?_=1653539254164&CODE_STATE=getMsg HTTP/1.1" 200 27
180.175.103.167 - - [26/May/2022:12:24:42 +0800] "GET /xingrg/all/function/internal_message.html?_=1653539003201&CODE_STATE=getMsg HTTP/1.1" 200 27
58.35.196.179 - - [26/May/2022:12:24:46 +0800] "GET /xingrg/all/function/internal_message.html?_=1653539084177&CODE_STATE=getMsg HTTP/1.1" 200 27
180.156.212.250 - - [26/May/2022:12:24:50 +0800] "POST /xingrg/kc/base/yddb_list_operate.html HTTP/1.1" 200 201
180.156.212.250 - - [26/May/2022:12:24:50 +0800] "GET /xingrg/kc/base/yddb_order_info.html?code=482022052600212 HTTP/1.1" 200 31608
180.156.212.250 - - [26/May/2022:12:24:50 +0800] "GET /xingrg/dwr/interface/AjaxComOrderService.js HTTP/1.1" 200 18264
180.156.212.250 - - [26/May/2022:12:24:50 +0800] "GET /xingrg/dwr/interface/AjaxYddbService.js HTTP/1.1" 200 13201
180.156.212.250 - - [26/May/2022:12:24:50 +0800] "GET /xingrg/dwr/engine.js HTTP/1.1" 200 43631
180.156.212.250 - - [26/May/2022:12:24:50 +0800] "GET /xingrg/javascript/jquery_easy_ui/themes/icons/print.png HTTP/1.1" 200 1057
180.156.212.250 - - [26/May/2022:12:24:50 +0800] "GET /xingrg/javascript/jquery_easy_ui/themes/default/images/menu_downarrow.png HTTP/1.1" 200 173
180.156.212.250 - - [26/May/2022:12:24:50 +0800] "GET /xingrg/javascript/jquery_easy_ui/themes/icons/back_new.png HTTP/1.1" 200 3414
180.156.212.250 - - [26/May/2022:12:24:50 +0800] "POST /xingrg/dwr/call/plaincall/AjaxYddbService.loadMaterielItems.dwr HTTP/1.1" 200 395
180.156.212.250 - - [26/May/2022:12:24:51 +0800] "GET /xingrg/all/function/internal_message.html?_=1653539159151&CODE_STATE=getMsg HTTP/1.1" 200 27
124.78.156.37 - - [26/May/2022:12:24:52 +0800] "GET /xingrg/all/function/internal_message.html?_=1653539092286&CODE_STATE=getMsg HTTP/1.1" 200 27
116.230.110.173 - - [26/May/2022:12:25:03 +0800] "GET /xingrg/all/function/internal_message.html?_=1653539090168&CODE_STATE=getMsg HTTP/1.1" 200 27
116.230.110.173 - - [26/May/2022:12:25:03 +0800] "GET /xingrg/check_reg.html?_=1653539090169 HTTP/1.1" 200 22
222.70.180.114 - - [26/May/2022:12:25:03 +0800] "GET /xingrg/check_reg.html?_=1653539094689 HTTP/1.1" 200 22
180.156.212.250 - - [26/May/2022:12:25:17 +0800] "GET /xingrg/kc/buy/cgsh_order_list.html HTTP/1.1" 200 51746
180.175.103.167 - - [26/May/2022:12:25:18 +0800] "GET /xingrg/check_reg.html?_=1653539118044 HTTP/1.1" 200 22
180.175.103.167 - - [26/May/2022:12:25:18 +0800] "GET /xingrg/all/function/internal_message.html?_=1653539118047&CODE_STATE=getMsg HTTP/1.1" 200 27
222.70.180.114 - - [26/May/2022:12:25:18 +0800] "GET /xingrg/all/function/internal_message.html?_=1653539109294&CODE_STATE=getMsg HTTP/1.1" 200 27
180.156.212.250 - - [26/May/2022:12:25:18 +0800] "POST /xingrg/kc/buy/cgsh_list_operate.html HTTP/1.1" 200 876
218.81.223.53 - - [26/May/2022:12:25:19 +0800] "GET /xingrg/all/function/internal_message.html?_=1653539130937&CODE_STATE=getMsg HTTP/1.1" 200 27
58.39.61.91 - - [26/May/2022:12:25:29 +0800] "GET /xingrg/all/function/internal_message.html?_=1653539125977&CODE_STATE=getMsg HTTP/1.1" 200 27
101.85.120.86 - - [26/May/2022:12:25:30 +0800] "GET /xingrg/all/function/internal_message.html?_=1653539128264&CODE_STATE=getMsg HTTP/1.1" 200 27
101.85.120.86 - - [26/May/2022:12:25:31 +0800] "GET /xingrg/check_reg.html?_=1653539128594 HTTP/1.1" 200 22
180.175.103.167 - - [26/May/2022:12:25:31 +0800] "GET /xingrg/all/function/internal_message.html?_=1653539051694&CODE_STATE=getMsg HTTP/1.1" 200 27
114.83.218.142 - - [26/May/2022:12:25:31 +0800] "GET /xingrg/all/function/internal_message.html?_=1653539126944&CODE_STATE=getMsg HTTP/1.1" 200 27
180.156.212.250 - - [26/May/2022:12:25:37 +0800] "GET /xingrg/check_reg.html?_=1653539204773 HTTP/1.1" 200 22
120.253.135.82 - - [26/May/2022:12:25:39 +0800] "GET /xingrg/all/function/internal_message.html?_=1653538946907&CODE_STATE=getMsg HTTP/1.1" 200 27
58.39.61.91 - - [26/May/2022:12:25:40 +0800] "GET /xingrg/all/function/internal_message.html?_=1653539103165&CODE_STATE=getMsg HTTP/1.1" 200 27
116.235.92.88 - - [26/May/2022:12:25:40 +0800] "GET /xingrg/all/function/internal_message.html?_=1653539314162&CODE_STATE=getMsg HTTP/1.1" 200 27
180.175.103.167 - - [26/May/2022:12:25:42 +0800] "GET /xingrg/all/function/internal_message.html?_=1653539063186&CODE_STATE=getMsg HTTP/1.1" 200 27
58.35.196.179 - - [26/May/2022:12:25:46 +0800] "GET /xingrg/all/function/internal_message.html?_=1653539144178&CODE_STATE=getMsg HTTP/1.1" 200 27
120.253.135.82 - - [26/May/2022:12:25:50 +0800] "POST /xingrg/kc/pszx/mdps_list_operate.html HTTP/1.1" 200 2437
180.156.212.250 - - [26/May/2022:12:25:51 +0800] "GET /xingrg/all/function/internal_message.html?_=1653539219164&CODE_STATE=getMsg HTTP/1.1" 200 27
124.78.156.37 - - [26/May/2022:12:25:52 +0800] "GET /xingrg/all/function/internal_message.html?_=1653539152272&CODE_STATE=getMsg HTTP/1.1" 200 27
120.253.135.82 - - [26/May/2022:12:25:58 +0800] "POST /xingrg/kc/pszx/mdps_list_operate.html HTTP/1.1" 200 2531
180.156.212.250 - - [26/May/2022:12:26:02 +0800] "GET /xingrg/kc/buy/cgsh_order_add.html HTTP/1.1" 200 67522
180.156.212.250 - - [26/May/2022:12:26:03 +0800] "POST /xingrg/kc/buy/cgsh_order_operate.html HTTP/1.1" 200 8245
116.230.110.173 - - [26/May/2022:12:26:03 +0800] "GET /xingrg/all/function/internal_message.html?_=1653539150172&CODE_STATE=getMsg HTTP/1.1" 200 27
180.156.212.250 - - [26/May/2022:12:26:03 +0800] "GET /xingrg/javascript/easyui/themes/default/validatebox.css HTTP/1.1" 404 1104
180.156.212.250 - - [26/May/2022:12:26:04 +0800] "GET /xingrg/javascript/easyui/themes/default/tree.css HTTP/1.1" 404 1090
180.156.212.250 - - [26/May/2022:12:26:04 +0800] "POST /xingrg/all/common/load_tree.html?tree=supplier_tree_json&isDelete=1 HTTP/1.1" 200 66214
120.253.135.82 - - [26/May/2022:12:26:11 +0800] "POST /xingrg/kc/pszx/mdps_list_operate.html HTTP/1.1" 200 2437
180.175.103.167 - - [26/May/2022:12:26:18 +0800] "GET /xingrg/all/function/internal_message.html?_=1653539178047&CODE_STATE=getMsg HTTP/1.1" 200 27
218.81.223.53 - - [26/May/2022:12:26:18 +0800] "GET /xingrg/check_reg.html?_=1653539189540 HTTP/1.1" 200 22
222.70.180.114 - - [26/May/2022:12:26:18 +0800] "GET /xingrg/all/function/internal_message.html?_=1653539169278&CODE_STATE=getMsg HTTP/1.1" 200 27
218.81.223.53 - - [26/May/2022:12:26:19 +0800] "GET /xingrg/all/function/internal_message.html?_=1653539190949&CODE_STATE=getMsg HTTP/1.1" 200 27
58.39.61.91 - - [26/May/2022:12:26:29 +0800] "GET /xingrg/all/function/internal_message.html?_=1653539185981&CODE_STATE=getMsg HTTP/1.1" 200 27
101.85.120.86 - - [26/May/2022:12:26:30 +0800] "GET /xingrg/all/function/internal_message.html?_=1653539188240&CODE_STATE=getMsg HTTP/1.1" 200 27
180.175.103.167 - - [26/May/2022:12:26:31 +0800] "GET /xingrg/all/function/internal_message.html?_=1653539111679&CODE_STATE=getMsg HTTP/1.1" 200 27
114.83.218.142 - - [26/May/2022:12:26:31 +0800] "GET /xingrg/all/function/internal_message.html?_=1653539186947&CODE_STATE=getMsg HTTP/1.1" 200 27
120.253.135.82 - - [26/May/2022:12:26:39 +0800] "GET /xingrg/all/function/internal_message.html?_=1653539006917&CODE_STATE=getMsg HTTP/1.1" 200 27
58.39.61.91 - - [26/May/2022:12:26:40 +0800] "GET /xingrg/all/function/internal_message.html?_=1653539163216&CODE_STATE=getMsg HTTP/1.1" 200 27
116.235.92.88 - - [26/May/2022:12:26:40 +0800] "GET /xingrg/all/function/internal_message.html?_=1653539374202&CODE_STATE=getMsg HTTP/1.1" 200 27
116.235.92.88 - - [26/May/2022:12:26:40 +0800] "GET /xingrg/check_reg.html?_=1653539374203 HTTP/1.1" 200 22
180.175.103.167 - - [26/May/2022:12:26:42 +0800] "GET /xingrg/all/function/internal_message.html?_=1653539123171&CODE_STATE=getMsg HTTP/1.1" 200 27
58.35.196.179 - - [26/May/2022:12:26:46 +0800] "GET /xingrg/all/function/internal_message.html?_=1653539204182&CODE_STATE=getMsg HTTP/1.1" 200 27
58.35.196.179 - - [26/May/2022:12:26:46 +0800] "GET /xingrg/check_reg.html?_=1653539204182 HTTP/1.1" 200 22
120.253.135.82 - - [26/May/2022:12:26:47 +0800] "POST /xingrg/kc/pszx/mdps_list_operate.html HTTP/1.1" 200 2854
120.253.135.82 - - [26/May/2022:12:26:49 +0800] "POST /xingrg/kc/pszx/mdps_list_operate.html HTTP/1.1" 200 204
120.253.135.82 - - [26/May/2022:12:26:50 +0800] "GET /xingrg/kc/pszx/mdps_order_info.html?code=312022052600728 HTTP/1.1" 200 23978
120.253.135.82 - - [26/May/2022:12:26:50 +0800] "POST /xingrg/kc/pszx/mdps_order_operate.html HTTP/1.1" 200 2285
180.156.212.250 - - [26/May/2022:12:26:51 +0800] "GET /xingrg/all/function/internal_message.html?_=1653539279179&CODE_STATE=getMsg HTTP/1.1" 200 27
120.253.135.82 - - [26/May/2022:12:26:51 +0800] "GET /xingrg/javascript/easyui/themes/default/validatebox.css HTTP/1.1" 404 1104
124.78.156.37 - - [26/May/2022:12:26:52 +0800] "GET /xingrg/all/function/internal_message.html?_=1653539212256&CODE_STATE=getMsg HTTP/1.1" 200 27
124.78.156.37 - - [26/May/2022:12:26:52 +0800] "GET /xingrg/check_reg.html?_=1653539212353 HTTP/1.1" 200 22
120.253.135.82 - - [26/May/2022:12:26:54 +0800] "POST /xingrg/kc/pszx/mdps_order_operate.html HTTP/1.1" 200 37
120.253.135.82 - - [26/May/2022:12:26:56 +0800] "POST /xingrg/kc/pszx/mdps_order_operate.html HTTP/1.1" 200 12
116.230.110.173 - - [26/May/2022:12:27:03 +0800] "GET /xingrg/all/function/internal_message.html?_=1653539210178&CODE_STATE=getMsg HTTP/1.1" 200 27
120.253.135.82 - - [26/May/2022:12:27:07 +0800] "GET /xingrg/kc/pszx/mdps_order_info.html?code=312022052600728 HTTP/1.1" 200 19638
120.253.135.82 - - [26/May/2022:12:27:08 +0800] "POST /xingrg/kc/pszx/mdps_order_operate.html HTTP/1.1" 200 505
120.253.135.82 - - [26/May/2022:12:27:08 +0800] "GET /xingrg/javascript/easyui/themes/default/validatebox.css HTTP/1.1" 404 1104
120.253.135.82 - - [26/May/2022:12:27:09 +0800] "POST /xingrg/kc/pszx/mdps_list_operate.html HTTP/1.1" 200 2483
120.253.135.82 - - [26/May/2022:12:27:15 +0800] "POST /xingrg/kc/pszx/mdps_list_operate.html HTTP/1.1" 200 1681
120.253.135.82 - - [26/May/2022:12:27:17 +0800] "POST /xingrg/kc/pszx/mdps_list_operate.html HTTP/1.1" 200 202
120.253.135.82 - - [26/May/2022:12:27:18 +0800] "GET /xingrg/kc/pszx/mdps_order_info.html?code=312022052600729 HTTP/1.1" 200 23972
180.175.103.167 - - [26/May/2022:12:27:18 +0800] "GET /xingrg/all/function/internal_message.html?_=1653539238047&CODE_STATE=getMsg HTTP/1.1" 200 27
222.70.180.114 - - [26/May/2022:12:27:18 +0800] "GET /xingrg/all/function/internal_message.html?_=1653539229249&CODE_STATE=getMsg HTTP/1.1" 200 27
120.253.135.82 - - [26/May/2022:12:27:18 +0800] "POST /xingrg/kc/pszx/mdps_order_operate.html HTTP/1.1" 200 2275
120.253.135.82 - - [26/May/2022:12:27:18 +0800] "GET /xingrg/javascript/easyui/themes/default/validatebox.css HTTP/1.1" 404 1104
218.81.223.53 - - [26/May/2022:12:27:19 +0800] "GET /xingrg/all/function/internal_message.html?_=1653539250963&CODE_STATE=getMsg HTTP/1.1" 200 27
120.253.135.82 - - [26/May/2022:12:27:22 +0800] "POST /xingrg/kc/pszx/mdps_order_operate.html HTTP/1.1" 200 37
120.253.135.82 - - [26/May/2022:12:27:23 +0800] "POST /xingrg/kc/pszx/mdps_order_operate.html HTTP/1.1" 200 12
58.39.61.91 - - [26/May/2022:12:27:29 +0800] "GET /xingrg/all/function/internal_message.html?_=1653539245980&CODE_STATE=getMsg HTTP/1.1" 200 27
101.85.120.86 - - [26/May/2022:12:27:30 +0800] "GET /xingrg/all/function/internal_message.html?_=1653539248216&CODE_STATE=getMsg HTTP/1.1" 200 27
120.253.135.82 - - [26/May/2022:12:27:31 +0800] "GET /xingrg/kc/pszx/mdps_order_info.html?code=312022052600729 HTTP/1.1" 200 19632
180.175.103.167 - - [26/May/2022:12:27:31 +0800] "GET /xingrg/all/function/internal_message.html?_=1653539171664&CODE_STATE=getMsg HTTP/1.1" 200 27
114.83.218.142 - - [26/May/2022:12:27:31 +0800] "GET /xingrg/all/function/internal_message.html?_=1653539246954&CODE_STATE=getMsg HTTP/1.1" 200 27
120.253.135.82 - - [26/May/2022:12:27:32 +0800] "POST /xingrg/kc/pszx/mdps_order_operate.html HTTP/1.1" 200 496
120.253.135.82 - - [26/May/2022:12:27:32 +0800] "GET /xingrg/javascript/easyui/themes/default/validatebox.css HTTP/1.1" 404 1104
120.253.135.82 - - [26/May/2022:12:27:33 +0800] "POST /xingrg/kc/pszx/mdps_list_operate.html HTTP/1.1" 200 868
120.253.135.82 - - [26/May/2022:12:27:39 +0800] "GET /xingrg/all/function/internal_message.html?_=1653539066931&CODE_STATE=getMsg HTTP/1.1" 200 27
58.39.61.91 - - [26/May/2022:12:27:40 +0800] "GET /xingrg/all/function/internal_message.html?_=1653539223224&CODE_STATE=getMsg HTTP/1.1" 200 27
116.235.92.88 - - [26/May/2022:12:27:40 +0800] "GET /xingrg/all/function/internal_message.html?_=1653539434201&CODE_STATE=getMsg HTTP/1.1" 200 27
120.253.135.82 - - [26/May/2022:12:27:40 +0800] "POST /xingrg/kc/pszx/mdps_list_operate.html HTTP/1.1" 200 2802
180.175.103.167 - - [26/May/2022:12:27:42 +0800] "GET /xingrg/all/function/internal_message.html?_=1653539183141&CODE_STATE=getMsg HTTP/1.1" 200 27
58.35.196.179 - - [26/May/2022:12:27:46 +0800] "GET /xingrg/all/function/internal_message.html?_=1653539264183&CODE_STATE=getMsg HTTP/1.1" 200 27
180.175.103.167 - - [26/May/2022:12:27:48 +0800] "POST /xingrg/services/DataTransmitService HTTP/1.1" 200 524
180.175.103.167 - - [26/May/2022:12:27:48 +0800] "POST /xingrg/services/DataTransmitService HTTP/1.1" 200 501
180.156.212.250 - - [26/May/2022:12:27:49 +0800] "GET /xingrg/kc/buy/cgsh_order_operate.html?command=get_materiel&rest_code=00102&code=00101008659&supplier_code=00100485&order_time=2022-05-26 HTTP/1.1" 200 412
120.253.135.82 - - [26/May/2022:12:27:51 +0800] "POST /xingrg/kc/pszx/mdps_list_operate.html HTTP/1.1" 200 209
180.156.212.250 - - [26/May/2022:12:27:51 +0800] "GET /xingrg/all/function/internal_message.html?_=1653539339193&CODE_STATE=getMsg HTTP/1.1" 200 27
124.78.156.37 - - [26/May/2022:12:27:52 +0800] "GET /xingrg/all/function/internal_message.html?_=1653539272238&CODE_STATE=getMsg HTTP/1.1" 200 27
120.253.135.82 - - [26/May/2022:12:27:53 +0800] "POST /xingrg/kc/pszx/mdps_list_operate.html HTTP/1.1" 200 453
120.253.135.82 - - [26/May/2022:12:27:53 +0800] "GET /xingrg/kc/pszx/mdps_order_info.html?code=312022052600724 HTTP/1.1" 200 23972
120.253.135.82 - - [26/May/2022:12:27:54 +0800] "POST /xingrg/kc/pszx/mdps_order_operate.html HTTP/1.1" 200 3816
120.253.135.82 - - [26/May/2022:12:27:55 +0800] "GET /xingrg/javascript/easyui/themes/default/validatebox.css HTTP/1.1" 404 1104
180.156.212.250 - - [26/May/2022:12:27:56 +0800] "GET /xingrg/kc/buy/cgsh_order_operate.html?command=get_materiel&rest_code=00102&code=00101008589&supplier_code=00100485&order_time=2022-05-26 HTTP/1.1" 200 410
120.253.135.82 - - [26/May/2022:12:27:58 +0800] "POST /xingrg/kc/pszx/mdps_order_operate.html HTTP/1.1" 200 37
124.78.156.37 - - [26/May/2022:12:27:58 +0800] "GET /xingrg/kc/buy/buy_main.html HTTP/1.1" 200 12412
124.78.156.37 - - [26/May/2022:12:27:58 +0800] "GET /xingrg/css/new_ie.css HTTP/1.1" 404 1036
124.78.156.37 - - [26/May/2022:12:27:59 +0800] "GET /xingrg/images/yd/bt.gif HTTP/1.1" 404 1040
124.78.156.37 - - [26/May/2022:12:28:00 +0800] "GET /xingrg/kc/buy/cgsh_order_list.html HTTP/1.1" 200 51746
120.253.135.82 - - [26/May/2022:12:28:00 +0800] "POST /xingrg/kc/pszx/mdps_order_operate.html HTTP/1.1" 200 12
124.78.156.37 - - [26/May/2022:12:28:02 +0800] "POST /xingrg/kc/buy/cgsh_list_operate.html HTTP/1.1" 200 2371
116.230.110.173 - - [26/May/2022:12:28:03 +0800] "GET /xingrg/all/function/internal_message.html?_=1653539270167&CODE_STATE=getMsg HTTP/1.1" 200 27
117.143.172.212 - - [26/May/2022:12:28:10 +0800] "GET /xingrg/check_reg.html?_=1653539285370 HTTP/1.1" 200 22
117.143.172.212 - - [26/May/2022:12:28:10 +0800] "GET /xingrg/all/function/internal_message.html?_=1653539285369&CODE_STATE=getMsg HTTP/1.1" 200 27
120.253.135.82 - - [26/May/2022:12:28:11 +0800] "GET /xingrg/kc/pszx/mdps_order_info.html?code=312022052600724 HTTP/1.1" 200 19632
120.253.135.82 - - [26/May/2022:12:28:12 +0800] "POST /xingrg/kc/pszx/mdps_order_operate.html HTTP/1.1" 200 2027
120.253.135.82 - - [26/May/2022:12:28:12 +0800] "GET /xingrg/javascript/easyui/themes/default/validatebox.css HTTP/1.1" 404 1104
120.253.135.82 - - [26/May/2022:12:28:13 +0800] "POST /xingrg/kc/pszx/mdps_list_operate.html HTTP/1.1" 200 2439
180.175.103.167 - - [26/May/2022:12:28:18 +0800] "GET /xingrg/all/function/internal_message.html?_=1653539298034&CODE_STATE=getMsg HTTP/1.1" 200 27
222.70.180.114 - - [26/May/2022:12:28:18 +0800] "GET /xingrg/all/function/internal_message.html?_=1653539289233&CODE_STATE=getMsg HTTP/1.1" 200 27
218.81.223.53 - - [26/May/2022:12:28:19 +0800] "GET /xingrg/all/function/internal_message.html?_=1653539310976&CODE_STATE=getMsg HTTP/1.1" 200 27
120.253.135.82 - - [26/May/2022:12:28:23 +0800] "POST /xingrg/kc/pszx/mdps_list_operate.html HTTP/1.1" 200 2437
120.253.135.82 - - [26/May/2022:12:28:26 +0800] "POST /xingrg/kc/pszx/mdps_list_operate.html HTTP/1.1" 200 300
120.253.135.82 - - [26/May/2022:12:28:28 +0800] "GET /xingrg/kc/pszx/mdps_order_info.html?code=312022052500679 HTTP/1.1" 200 23978
180.156.212.250 - - [26/May/2022:12:28:28 +0800] "POST /xingrg/kc/buy/cgsh_list_operate.html HTTP/1.1" 200 876
58.39.61.91 - - [26/May/2022:12:28:29 +0800] "GET /xingrg/all/function/internal_message.html?_=1653539305984&CODE_STATE=getMsg HTTP/1.1" 200 27
58.39.61.91 - - [26/May/2022:12:28:29 +0800] "GET /xingrg/check_reg.html?_=1653539305988 HTTP/1.1" 200 22
120.253.135.82 - - [26/May/2022:12:28:29 +0800] "POST /xingrg/kc/pszx/mdps_order_operate.html HTTP/1.1" 200 2798
120.253.135.82 - - [26/May/2022:12:28:29 +0800] "GET /xingrg/javascript/easyui/themes/default/validatebox.css HTTP/1.1" 404 1104
101.85.120.86 - - [26/May/2022:12:28:30 +0800] "GET /xingrg/all/function/internal_message.html?_=1653539308187&CODE_STATE=getMsg HTTP/1.1" 200 27
180.156.212.250 - - [26/May/2022:12:28:30 +0800] "POST /xingrg/kc/buy/cgsh_list_operate.html HTTP/1.1" 200 876
180.175.103.167 - - [26/May/2022:12:28:31 +0800] "GET /xingrg/all/function/internal_message.html?_=1653539231650&CODE_STATE=getMsg HTTP/1.1" 200 27
114.83.218.142 - - [26/May/2022:12:28:31 +0800] "GET /xingrg/check_reg.html?_=1653539306954 HTTP/1.1" 200 22
114.83.218.142 - - [26/May/2022:12:28:31 +0800] "GET /xingrg/all/function/internal_message.html?_=1653539306956&CODE_STATE=getMsg HTTP/1.1" 200 27
180.156.212.250 - - [26/May/2022:12:28:33 +0800] "GET /xingrg/kc/base/wldb_order_list.html HTTP/1.1" 200 19101
180.156.212.250 - - [26/May/2022:12:28:33 +0800] "POST /xingrg/kc/base/wldb_list_operate.html HTTP/1.1" 200 928
180.156.212.250 - - [26/May/2022:12:28:34 +0800] "GET /xingrg/kc/base/wldb_order_add.html HTTP/1.1" 200 30311
180.156.212.250 - - [26/May/2022:12:28:35 +0800] "POST /xingrg/kc/base/wldb_order_operate.html HTTP/1.1" 200 6806
180.156.212.250 - - [26/May/2022:12:28:36 +0800] "GET /xingrg/javascript/easyui/themes/default/validatebox.css HTTP/1.1" 404 1104
120.253.135.82 - - [26/May/2022:12:28:36 +0800] "POST /xingrg/kc/pszx/mdps_order_operate.html HTTP/1.1" 200 37
120.253.135.82 - - [26/May/2022:12:28:38 +0800] "POST /xingrg/kc/pszx/mdps_order_operate.html HTTP/1.1" 200 12
120.253.135.82 - - [26/May/2022:12:28:39 +0800] "GET /xingrg/kc/pszx/mdps_order_info.html?code=312022052500679 HTTP/1.1" 200 19638
58.39.61.91 - - [26/May/2022:12:28:40 +0800] "GET /xingrg/all/function/internal_message.html?_=1653539283275&CODE_STATE=getMsg HTTP/1.1" 200 27
116.235.92.88 - - [26/May/2022:12:28:40 +0800] "GET /xingrg/all/function/internal_message.html?_=1653539494199&CODE_STATE=getMsg HTTP/1.1" 200 27
124.78.156.37 - - [26/May/2022:12:28:40 +0800] "GET /xingrg/kc/buy/cgsh_order_add.html HTTP/1.1" 200 67563
124.78.156.37 - - [26/May/2022:12:28:40 +0800] "POST /xingrg/kc/buy/cgsh_order_operate.html HTTP/1.1" 200 8245
120.253.135.82 - - [26/May/2022:12:28:40 +0800] "POST /xingrg/kc/pszx/mdps_order_operate.html HTTP/1.1" 200 1012
124.78.156.37 - - [26/May/2022:12:28:40 +0800] "GET /xingrg/javascript/easyui/themes/default/validatebox.css HTTP/1.1" 404 1104
120.253.135.82 - - [26/May/2022:12:28:41 +0800] "GET /xingrg/all/function/internal_message.html?_=1653539127991&CODE_STATE=getMsg HTTP/1.1" 200 27
120.253.135.82 - - [26/May/2022:12:28:41 +0800] "GET /xingrg/javascript/easyui/themes/default/validatebox.css HTTP/1.1" 404 1104
120.253.135.82 - - [26/May/2022:12:28:42 +0800] "POST /xingrg/kc/pszx/mdps_list_operate.html HTTP/1.1" 200 2065
124.78.156.37 - - [26/May/2022:12:28:42 +0800] "GET /xingrg/javascript/easyui/themes/default/tree.css HTTP/1.1" 404 1090
124.78.156.37 - - [26/May/2022:12:28:42 +0800] "POST /xingrg/all/common/load_tree.html?tree=supplier_tree_json&isDelete=1 HTTP/1.1" 200 66214
180.175.103.167 - - [26/May/2022:12:28:42 +0800] "GET /xingrg/all/function/internal_message.html?_=1653539243126&CODE_STATE=getMsg HTTP/1.1" 200 27
120.253.135.82 - - [26/May/2022:12:28:43 +0800] "POST /xingrg/kc/pszx/mdps_list_operate.html HTTP/1.1" 200 212
180.175.103.167 - - [26/May/2022:12:28:43 +0800] "GET /xingrg/check_reg.html?_=1653539243643 HTTP/1.1" 200 22
120.253.135.82 - - [26/May/2022:12:28:44 +0800] "GET /xingrg/kc/pszx/mdps_order_info.html?code=312022052600731 HTTP/1.1" 200 23978
58.39.61.91 - - [26/May/2022:12:28:44 +0800] "GET /xingrg/kc/base/wldb_order_list.html HTTP/1.1" 200 19107
58.39.61.91 - - [26/May/2022:12:28:44 +0800] "POST /xingrg/kc/base/wldb_list_operate.html HTTP/1.1" 200 928
120.253.135.82 - - [26/May/2022:12:28:44 +0800] "POST /xingrg/kc/pszx/mdps_order_operate.html HTTP/1.1" 200 2304
120.253.135.82 - - [26/May/2022:12:28:44 +0800] "GET /xingrg/javascript/easyui/themes/default/validatebox.css HTTP/1.1" 404 1104
58.35.196.179 - - [26/May/2022:12:28:46 +0800] "GET /xingrg/all/function/internal_message.html?_=1653539324168&CODE_STATE=getMsg HTTP/1.1" 200 27
120.253.135.82 - - [26/May/2022:12:28:48 +0800] "POST /xingrg/kc/pszx/mdps_order_operate.html HTTP/1.1" 200 37
120.253.135.82 - - [26/May/2022:12:28:50 +0800] "POST /xingrg/kc/pszx/mdps_order_operate.html HTTP/1.1" 200 12
180.175.103.167 - - [26/May/2022:12:28:50 +0800] "GET /xingrg/check_reg.html?_=1653539250965 HTTP/1.1" 200 22
180.156.212.250 - - [26/May/2022:12:28:51 +0800] "GET /xingrg/all/function/internal_message.html?_=1653539399206&CODE_STATE=getMsg HTTP/1.1" 200 27
58.39.61.91 - - [26/May/2022:12:28:51 +0800] "GET /xingrg/kc/base/yddb_order_list.html HTTP/1.1" 200 16713
180.156.212.250 - - [26/May/2022:12:28:51 +0800] "POST /xingrg/all/common/load_combo.html?type=base HTTP/1.1" 200 3233
58.39.61.91 - - [26/May/2022:12:28:52 +0800] "POST /xingrg/kc/base/yddb_list_operate.html HTTP/1.1" 200 636
124.78.156.37 - - [26/May/2022:12:28:52 +0800] "GET /xingrg/all/function/internal_message.html?_=1653539332229&CODE_STATE=getMsg HTTP/1.1" 200 27
58.39.61.91 - - [26/May/2022:12:28:54 +0800] "POST /xingrg/kc/base/yddb_list_operate.html HTTP/1.1" 200 7105
180.156.212.250 - - [26/May/2022:12:28:56 +0800] "POST /xingrg/all/common/load_combo.html?type=base HTTP/1.1" 200 3233
58.39.61.91 - - [26/May/2022:12:28:56 +0800] "POST /xingrg/kc/base/yddb_list_operate.html HTTP/1.1" 200 201
58.39.61.91 - - [26/May/2022:12:28:57 +0800] "GET /xingrg/kc/base/yddb_order_info.html?code=482022052600212 HTTP/1.1" 200 31635
58.39.61.91 - - [26/May/2022:12:28:57 +0800] "GET /xingrg/dwr/interface/AjaxComOrderService.js HTTP/1.1" 200 18264
58.39.61.91 - - [26/May/2022:12:28:57 +0800] "GET /xingrg/dwr/interface/AjaxYddbService.js HTTP/1.1" 200 13201
58.39.61.91 - - [26/May/2022:12:28:57 +0800] "GET /xingrg/dwr/engine.js HTTP/1.1" 200 43631
58.39.61.91 - - [26/May/2022:12:28:58 +0800] "POST /xingrg/dwr/call/plaincall/AjaxYddbService.loadMaterielItems.dwr HTTP/1.1" 200 395
58.39.61.91 - - [26/May/2022:12:29:01 +0800] "GET /xingrg/kc/base/yddb_order_report.html?fileType=servlets/html&code=482022052600212&reportName=ck_order_report&subName=yddb HTTP/1.1" 302 -
58.39.61.91 - - [26/May/2022:12:29:01 +0800] "GET /xingrg/servlets/html?sysBaseUrl=http%3A%2F%2F180.169.147.146%3A18081%2Fxingrg%2F&costTime=90×tamp=1653539341672 HTTP/1.1" 200 14767
58.39.61.91 - - [26/May/2022:12:29:01 +0800] "GET /favicon.ico HTTP/1.1" 404 -
116.230.110.173 - - [26/May/2022:12:29:03 +0800] "GET /xingrg/all/function/internal_message.html?_=1653539330178&CODE_STATE=getMsg HTTP/1.1" 200 27
117.143.172.212 - - [26/May/2022:12:29:07 +0800] "GET /xingrg/all/function/internal_message.html?_=1653539345378&CODE_STATE=getMsg HTTP/1.1" 200 27
180.156.212.250 - - [26/May/2022:12:29:09 +0800] "GET /xingrg/kc/base/wldb_order_operate.html?command=get_materiel&rest_code=00102&base_code=0010476&code=00101016019 HTTP/1.1" 200 449
120.253.135.82 - - [26/May/2022:12:29:12 +0800] "GET /xingrg/kc/pszx/mdps_order_info.html?code=312022052600731 HTTP/1.1" 200 19638
120.253.135.82 - - [26/May/2022:12:29:13 +0800] "POST /xingrg/kc/pszx/mdps_order_operate.html HTTP/1.1" 200 526
120.253.135.82 - - [26/May/2022:12:29:13 +0800] "GET /xingrg/javascript/easyui/themes/default/validatebox.css HTTP/1.1" 404 1104
120.253.135.82 - - [26/May/2022:12:29:14 +0800] "POST /xingrg/kc/pszx/mdps_list_operate.html HTTP/1.1" 200 1694
58.39.61.91 - - [26/May/2022:12:29:16 +0800] "POST /xingrg/kc/base/yddb_list_operate.html HTTP/1.1" 200 1850
180.156.212.250 - - [26/May/2022:12:29:16 +0800] "GET /xingrg/kc/base/wldb_order_operate.html?command=get_materiel&rest_code=00102&base_code=0010476&code=00101019400 HTTP/1.1" 200 465
58.39.61.91 - - [26/May/2022:12:29:18 +0800] "POST /xingrg/kc/base/yddb_list_operate.html HTTP/1.1" 200 201
180.175.103.167 - - [26/May/2022:12:29:18 +0800] "GET /xingrg/all/function/internal_message.html?_=1653539358060&CODE_STATE=getMsg HTTP/1.1" 200 27
222.70.180.114 - - [26/May/2022:12:29:18 +0800] "GET /xingrg/all/function/internal_message.html?_=1653539349217&CODE_STATE=getMsg HTTP/1.1" 200 27
58.39.61.91 - - [26/May/2022:12:29:19 +0800] "GET /xingrg/kc/base/yddb_order_info.html?code=482022052600211 HTTP/1.1" 200 31477
58.39.61.91 - - [26/May/2022:12:29:19 +0800] "GET /xingrg/dwr/interface/AjaxYddbService.js HTTP/1.1" 200 13201
58.39.61.91 - - [26/May/2022:12:29:19 +0800] "GET /xingrg/dwr/interface/AjaxComOrderService.js HTTP/1.1" 200 18264
58.39.61.91 - - [26/May/2022:12:29:19 +0800] "GET /xingrg/dwr/engine.js HTTP/1.1" 200 43631
58.39.61.91 - - [26/May/2022:12:29:19 +0800] "POST /xingrg/dwr/call/plaincall/AjaxYddbService.loadMaterielItems.dwr HTTP/1.1" 200 389
58.39.61.91 - - [26/May/2022:12:29:19 +0800] "GET /xingrg/check_reg.html?_=1653539322928 HTTP/1.1" 200 22
218.81.223.53 - - [26/May/2022:12:29:19 +0800] "GET /xingrg/all/function/internal_message.html?_=1653539371170&CODE_STATE=getMsg HTTP/1.1" 200 27
58.39.61.91 - - [26/May/2022:12:29:23 +0800] "POST /xingrg/dwr/call/plaincall/AjaxYddbService.saveOrder.dwr HTTP/1.1" 200 78
180.156.212.250 - - [26/May/2022:12:29:24 +0800] "GET /xingrg/kc/base/wldb_order_operate.html?command=get_materiel&rest_code=00102&base_code=0010476&code=00101016044 HTTP/1.1" 200 464
58.39.61.91 - - [26/May/2022:12:29:26 +0800] "POST /xingrg/dwr/call/plaincall/AjaxYddbService.objCheckOrder.dwr HTTP/1.1" 200 78
58.39.61.91 - - [26/May/2022:12:29:26 +0800] "GET /xingrg/kc/base/yddb_order_info.html?code=482022052600211 HTTP/1.1" 200 31598
58.39.61.91 - - [26/May/2022:12:29:26 +0800] "GET /xingrg/dwr/interface/AjaxComOrderService.js HTTP/1.1" 200 18264
58.39.61.91 - - [26/May/2022:12:29:26 +0800] "GET /xingrg/dwr/interface/AjaxYddbService.js HTTP/1.1" 200 13201
58.39.61.91 - - [26/May/2022:12:29:26 +0800] "GET /xingrg/dwr/engine.js HTTP/1.1" 200 43631
58.39.61.91 - - [26/May/2022:12:29:26 +0800] "POST /xingrg/dwr/call/plaincall/AjaxYddbService.loadMaterielItems.dwr HTTP/1.1" 200 389
120.253.135.82 - - [26/May/2022:12:29:28 +0800] "POST /xingrg/kc/pszx/mdps_list_operate.html HTTP/1.1" 200 1690
58.39.61.91 - - [26/May/2022:12:29:28 +0800] "GET /xingrg/kc/base/yddb_order_report.html?fileType=servlets/html&code=482022052600211&reportName=ck_order_report&subName=yddb HTTP/1.1" 302 -
58.39.61.91 - - [26/May/2022:12:29:28 +0800] "GET /xingrg/servlets/html?sysBaseUrl=http%3A%2F%2F180.169.147.146%3A18081%2Fxingrg%2F&costTime=65×tamp=1653539368372 HTTP/1.1" 200 14767
58.39.61.91 - - [26/May/2022:12:29:28 +0800] "GET /favicon.ico HTTP/1.1" 404 -
58.39.61.91 - - [26/May/2022:12:29:29 +0800] "GET /xingrg/all/function/internal_message.html?_=1653539365982&CODE_STATE=getMsg HTTP/1.1" 200 27
120.253.135.82 - - [26/May/2022:12:29:29 +0800] "POST /xingrg/kc/pszx/mdps_list_operate.html HTTP/1.1" 200 288
120.253.135.82 - - [26/May/2022:12:29:30 +0800] "GET /xingrg/kc/pszx/mdps_order_info.html?code=312022052500678 HTTP/1.1" 200 23978
120.253.135.82 - - [26/May/2022:12:29:30 +0800] "POST /xingrg/kc/pszx/mdps_order_operate.html HTTP/1.1" 200 2789
120.253.135.82 - - [26/May/2022:12:29:30 +0800] "GET /xingrg/javascript/easyui/themes/default/validatebox.css HTTP/1.1" 404 1104
101.85.120.86 - - [26/May/2022:12:29:30 +0800] "GET /xingrg/all/function/internal_message.html?_=1653539368173&CODE_STATE=getMsg HTTP/1.1" 200 27
180.175.103.167 - - [26/May/2022:12:29:31 +0800] "GET /xingrg/all/function/internal_message.html?_=1653539291622&CODE_STATE=getMsg HTTP/1.1" 200 27
114.83.218.142 - - [26/May/2022:12:29:31 +0800] "GET /xingrg/all/function/internal_message.html?_=1653539366977&CODE_STATE=getMsg HTTP/1.1" 200 27
120.253.135.82 - - [26/May/2022:12:29:34 +0800] "POST /xingrg/kc/pszx/mdps_order_operate.html HTTP/1.1" 200 37
120.253.135.82 - - [26/May/2022:12:29:35 +0800] "POST /xingrg/kc/pszx/mdps_order_operate.html HTTP/1.1" 200 12
180.156.212.250 - - [26/May/2022:12:29:36 +0800] "GET /xingrg/kc/base/wldb_order_operate.html?command=get_materiel&rest_code=00102&base_code=0010476&code=00101016029 HTTP/1.1" 200 461
58.39.61.91 - - [26/May/2022:12:29:36 +0800] "POST /xingrg/kc/base/yddb_list_operate.html HTTP/1.1" 200 202
58.39.61.91 - - [26/May/2022:12:29:40 +0800] "GET /xingrg/all/function/internal_message.html?_=1653539343281&CODE_STATE=getMsg HTTP/1.1" 200 27
116.235.92.88 - - [26/May/2022:12:29:40 +0800] "GET /xingrg/all/function/internal_message.html?_=1653539554197&CODE_STATE=getMsg HTTP/1.1" 200 27
180.156.212.250 - - [26/May/2022:12:29:42 +0800] "GET /xingrg/kc/base/wldb_order_operate.html?command=get_materiel&rest_code=00102&base_code=0010476&code=00101019134 HTTP/1.1" 200 480
180.175.103.167 - - [26/May/2022:12:29:42 +0800] "GET /xingrg/all/function/internal_message.html?_=1653539303097&CODE_STATE=getMsg HTTP/1.1" 200 27
120.253.135.82 - - [26/May/2022:12:29:45 +0800] "GET /xingrg/kc/pszx/mdps_order_info.html?code=312022052500678 HTTP/1.1" 200 19638
120.253.135.82 - - [26/May/2022:12:29:46 +0800] "POST /xingrg/kc/pszx/mdps_order_operate.html HTTP/1.1" 200 1007
58.35.196.179 - - [26/May/2022:12:29:46 +0800] "GET /xingrg/all/function/internal_message.html?_=1653539384170&CODE_STATE=getMsg HTTP/1.1" 200 27
120.253.135.82 - - [26/May/2022:12:29:46 +0800] "GET /xingrg/check_reg.html?_=1653539193875 HTTP/1.1" 200 22
120.253.135.82 - - [26/May/2022:12:29:46 +0800] "GET /xingrg/all/function/internal_message.html?_=1653539193877&CODE_STATE=getMsg HTTP/1.1" 200 27
120.253.135.82 - - [26/May/2022:12:29:46 +0800] "GET /xingrg/javascript/easyui/themes/default/validatebox.css HTTP/1.1" 404 1104
120.253.135.82 - - [26/May/2022:12:29:48 +0800] "POST /xingrg/kc/pszx/mdps_list_operate.html HTTP/1.1" 200 868
58.39.61.91 - - [26/May/2022:12:29:50 +0800] "GET /xingrg/kc/base/yddb_order_info.html?code=482022052600210 HTTP/1.1" 200 31562
58.39.61.91 - - [26/May/2022:12:29:50 +0800] "GET /xingrg/dwr/interface/AjaxComOrderService.js HTTP/1.1" 200 18264
58.39.61.91 - - [26/May/2022:12:29:50 +0800] "GET /xingrg/dwr/interface/AjaxYddbService.js HTTP/1.1" 200 13201
58.39.61.91 - - [26/May/2022:12:29:50 +0800] "GET /xingrg/dwr/engine.js HTTP/1.1" 200 43631
58.39.61.91 - - [26/May/2022:12:29:50 +0800] "POST /xingrg/dwr/call/plaincall/AjaxYddbService.loadMaterielItems.dwr HTTP/1.1" 200 393
180.156.212.250 - - [26/May/2022:12:29:51 +0800] "GET /xingrg/all/function/internal_message.html?_=1653539459219&CODE_STATE=getMsg HTTP/1.1" 200 27
124.78.156.37 - - [26/May/2022:12:29:52 +0800] "GET /xingrg/all/function/internal_message.html?_=1653539392200&CODE_STATE=getMsg HTTP/1.1" 200 27
180.156.212.250 - - [26/May/2022:12:29:53 +0800] "GET /xingrg/kc/base/wldb_order_operate.html?command=get_materiel&rest_code=00102&base_code=0010476&code=00101019527 HTTP/1.1" 200 473
120.253.135.82 - - [26/May/2022:12:29:55 +0800] "POST /xingrg/kc/pszx/mdps_list_operate.html HTTP/1.1" 200 4277
180.156.212.250 - - [26/May/2022:12:30:00 +0800] "GET /xingrg/kc/base/wldb_order_operate.html?command=get_materiel&rest_code=00102&base_code=0010476&code=00101013011 HTTP/1.1" 200 451
120.253.135.82 - - [26/May/2022:12:30:03 +0800] "POST /xingrg/kc/pszx/mdps_list_operate.html HTTP/1.1" 200 208
116.230.110.173 - - [26/May/2022:12:30:03 +0800] "GET /xingrg/check_reg.html?_=1653539390164 HTTP/1.1" 200 22
116.230.110.173 - - [26/May/2022:12:30:03 +0800] "GET /xingrg/all/function/internal_message.html?_=1653539390165&CODE_STATE=getMsg HTTP/1.1" 200 27
222.70.180.114 - - [26/May/2022:12:30:03 +0800] "GET /xingrg/check_reg.html?_=1653539394694 HTTP/1.1" 200 22
120.253.135.82 - - [26/May/2022:12:30:06 +0800] "GET /xingrg/kc/pszx/mdps_order_info.html?code=312022052300593 HTTP/1.1" 200 23979
120.253.135.82 - - [26/May/2022:12:30:06 +0800] "POST /xingrg/kc/pszx/mdps_order_operate.html HTTP/1.1" 200 2290
120.253.135.82 - - [26/May/2022:12:30:06 +0800] "GET /xingrg/javascript/easyui/themes/default/validatebox.css HTTP/1.1" 404 1104
117.143.172.212 - - [26/May/2022:12:30:07 +0800] "GET /xingrg/all/function/internal_message.html?_=1653539405380&CODE_STATE=getMsg HTTP/1.1" 200 27
120.253.135.82 - - [26/May/2022:12:30:10 +0800] "POST /xingrg/kc/pszx/mdps_order_operate.html HTTP/1.1" 200 37
120.253.135.82 - - [26/May/2022:12:30:12 +0800] "POST /xingrg/kc/pszx/mdps_order_operate.html HTTP/1.1" 200 12
180.175.103.167 - - [26/May/2022:12:30:18 +0800] "GET /xingrg/all/function/internal_message.html?_=1653539418059&CODE_STATE=getMsg HTTP/1.1" 200 27
180.175.103.167 - - [26/May/2022:12:30:18 +0800] "GET /xingrg/check_reg.html?_=1653539418063 HTTP/1.1" 200 22
222.70.180.114 - - [26/May/2022:12:30:18 +0800] "GET /xingrg/all/function/internal_message.html?_=1653539409189&CODE_STATE=getMsg HTTP/1.1" 200 27
218.81.223.53 - - [26/May/2022:12:30:19 +0800] "GET /xingrg/all/function/internal_message.html?_=1653539431175&CODE_STATE=getMsg HTTP/1.1" 200 27
180.156.212.250 - - [26/May/2022:12:30:22 +0800] "POST /xingrg/kc/base/wldb_order_operate.html HTTP/1.1" 200 37
180.156.212.250 - - [26/May/2022:12:30:24 +0800] "POST /xingrg/kc/base/wldb_order_operate.html HTTP/1.1" 200 12
180.156.212.250 - - [26/May/2022:12:30:24 +0800] "POST /xingrg/kc/base/wldb_order_operate.html HTTP/1.1" 200 5183
180.156.212.250 - - [26/May/2022:12:30:25 +0800] "GET /xingrg/kc/base/wldb_order_info.html?code=422022052600316 HTTP/1.1" 200 26192
180.156.212.250 - - [26/May/2022:12:30:27 +0800] "POST /xingrg/kc/base/wldb_order_operate.html HTTP/1.1" 200 3409
180.156.212.250 - - [26/May/2022:12:30:27 +0800] "GET /xingrg/javascript/easyui/themes/default/validatebox.css HTTP/1.1" 404 1104
58.39.61.91 - - [26/May/2022:12:30:29 +0800] "GET /xingrg/all/function/internal_message.html?_=1653539425987&CODE_STATE=getMsg HTTP/1.1" 200 27
180.156.212.250 - - [26/May/2022:12:30:30 +0800] "GET /xingrg/kc/base/wldb_order_add.html HTTP/1.1" 200 30311
101.85.120.86 - - [26/May/2022:12:30:30 +0800] "GET /xingrg/all/function/internal_message.html?_=1653539428142&CODE_STATE=getMsg HTTP/1.1" 200 27
180.175.103.167 - - [26/May/2022:12:30:31 +0800] "GET /xingrg/all/function/internal_message.html?_=1653539351592&CODE_STATE=getMsg HTTP/1.1" 200 27
101.85.120.86 - - [26/May/2022:12:30:31 +0800] "GET /xingrg/check_reg.html?_=1653539428597 HTTP/1.1" 200 22
120.253.135.82 - - [26/May/2022:12:30:31 +0800] "GET /xingrg/kc/pszx/mdps_order_info.html?code=312022052300593 HTTP/1.1" 200 19639
114.83.218.142 - - [26/May/2022:12:30:31 +0800] "GET /xingrg/all/function/internal_message.html?_=1653539426972&CODE_STATE=getMsg HTTP/1.1" 200 27
180.156.212.250 - - [26/May/2022:12:30:32 +0800] "POST /xingrg/kc/base/wldb_order_operate.html HTTP/1.1" 200 6806
120.253.135.82 - - [26/May/2022:12:30:32 +0800] "POST /xingrg/kc/pszx/mdps_order_operate.html HTTP/1.1" 200 511
180.156.212.250 - - [26/May/2022:12:30:32 +0800] "GET /xingrg/javascript/easyui/themes/default/validatebox.css HTTP/1.1" 404 1104
120.253.135.82 - - [26/May/2022:12:30:32 +0800] "GET /xingrg/javascript/easyui/themes/default/validatebox.css HTTP/1.1" 404 1104
180.156.212.250 - - [26/May/2022:12:30:33 +0800] "POST /xingrg/all/common/load_combo.html?type=base HTTP/1.1" 200 3233
120.253.135.82 - - [26/May/2022:12:30:33 +0800] "POST /xingrg/kc/pszx/mdps_list_operate.html HTTP/1.1" 200 3905
180.156.212.250 - - [26/May/2022:12:30:35 +0800] "POST /xingrg/all/common/load_combo.html?type=base HTTP/1.1" 200 3233
120.253.135.82 - - [26/May/2022:12:30:36 +0800] "POST /xingrg/kc/pszx/mdps_list_operate.html HTTP/1.1" 200 285
180.156.212.250 - - [26/May/2022:12:30:37 +0800] "GET /xingrg/check_reg.html?_=1653539504774 HTTP/1.1" 200 22
120.253.135.82 - - [26/May/2022:12:30:37 +0800] "GET /xingrg/kc/pszx/mdps_order_info.html?code=312022052500667 HTTP/1.1" 200 23972
120.253.135.82 - - [26/May/2022:12:30:38 +0800] "POST /xingrg/kc/pszx/mdps_order_operate.html HTTP/1.1" 200 2781
120.253.135.82 - - [26/May/2022:12:30:38 +0800] "GET /xingrg/javascript/easyui/themes/default/validatebox.css HTTP/1.1" 404 1104
58.39.61.91 - - [26/May/2022:12:30:40 +0800] "GET /xingrg/all/function/internal_message.html?_=1653539403295&CODE_STATE=getMsg HTTP/1.1" 200 27
116.235.92.88 - - [26/May/2022:12:30:40 +0800] "GET /xingrg/all/function/internal_message.html?_=1653539614195&CODE_STATE=getMsg HTTP/1.1" 200 27
120.253.135.82 - - [26/May/2022:12:30:41 +0800] "POST /xingrg/kc/pszx/mdps_order_operate.html HTTP/1.1" 200 37
180.175.103.167 - - [26/May/2022:12:30:42 +0800] "GET /xingrg/all/function/internal_message.html?_=1653539363067&CODE_STATE=getMsg HTTP/1.1" 200 27
120.253.135.82 - - [26/May/2022:12:30:43 +0800] "POST /xingrg/kc/pszx/mdps_order_operate.html HTTP/1.1" 200 12
120.253.135.82 - - [26/May/2022:12:30:45 +0800] "GET /xingrg/kc/pszx/mdps_order_info.html?code=312022052500667 HTTP/1.1" 200 19632
180.156.212.250 - - [26/May/2022:12:30:46 +0800] "GET /xingrg/kc/base/wldb_order_operate.html?command=get_materiel&rest_code=00102&base_code=0010476&code=00101016086 HTTP/1.1" 200 468
58.35.196.179 - - [26/May/2022:12:30:46 +0800] "GET /xingrg/all/function/internal_message.html?_=1653539444170&CODE_STATE=getMsg HTTP/1.1" 200 27
120.253.135.82 - - [26/May/2022:12:30:47 +0800] "POST /xingrg/kc/pszx/mdps_order_operate.html HTTP/1.1" 200 998
120.253.135.82 - - [26/May/2022:12:30:47 +0800] "GET /xingrg/javascript/easyui/themes/default/validatebox.css HTTP/1.1" 404 1104
120.253.135.82 - - [26/May/2022:12:30:47 +0800] "GET /xingrg/all/function/internal_message.html?_=1653539254092&CODE_STATE=getMsg HTTP/1.1" 200 27
58.39.61.91 - - [26/May/2022:12:30:49 +0800] "GET /xingrg/kc/buy/cgsh_order_list.html HTTP/1.1" 200 51752
58.39.61.91 - - [26/May/2022:12:30:50 +0800] "POST /xingrg/kc/buy/cgsh_list_operate.html HTTP/1.1" 200 876
58.39.61.91 - - [26/May/2022:12:30:51 +0800] "GET /xingrg/kc/buy/cgsh_order_add.html HTTP/1.1" 200 67446
180.156.212.250 - - [26/May/2022:12:30:51 +0800] "GET /xingrg/all/function/internal_message.html?_=1653539519549&CODE_STATE=getMsg HTTP/1.1" 200 27
58.39.61.91 - - [26/May/2022:12:30:52 +0800] "GET /xingrg/javascript/easyui/themes/default/validatebox.css HTTP/1.1" 404 1104
58.39.61.91 - - [26/May/2022:12:30:52 +0800] "POST /xingrg/kc/buy/cgsh_order_operate.html HTTP/1.1" 200 8245
124.78.156.37 - - [26/May/2022:12:30:52 +0800] "GET /xingrg/all/function/internal_message.html?_=1653539452182&CODE_STATE=getMsg HTTP/1.1" 200 27
120.253.135.82 - - [26/May/2022:12:30:53 +0800] "POST /xingrg/kc/pszx/mdps_list_operate.html HTTP/1.1" 200 3543
120.253.135.82 - - [26/May/2022:12:30:55 +0800] "POST /xingrg/kc/pszx/mdps_list_operate.html HTTP/1.1" 200 212
180.156.212.250 - - [26/May/2022:12:30:56 +0800] "GET /xingrg/kc/base/wldb_order_operate.html?command=get_materiel&rest_code=00102&base_code=0010476&code=00101011005 HTTP/1.1" 200 430
120.253.135.82 - - [26/May/2022:12:30:56 +0800] "GET /xingrg/kc/pszx/mdps_order_info.html?code=312022052500668 HTTP/1.1" 200 23972
120.253.135.82 - - [26/May/2022:12:30:57 +0800] "POST /xingrg/kc/pszx/mdps_order_operate.html HTTP/1.1" 200 2297
120.253.135.82 - - [26/May/2022:12:30:57 +0800] "GET /xingrg/javascript/easyui/themes/default/validatebox.css HTTP/1.1" 404 1104
120.253.135.82 - - [26/May/2022:12:31:01 +0800] "POST /xingrg/kc/pszx/mdps_order_operate.html HTTP/1.1" 200 37
120.253.135.82 - - [26/May/2022:12:31:02 +0800] "POST /xingrg/kc/pszx/mdps_order_operate.html HTTP/1.1" 200 12
116.230.110.173 - - [26/May/2022:12:31:03 +0800] "GET /xingrg/all/function/internal_message.html?_=1653539450180&CODE_STATE=getMsg HTTP/1.1" 200 27
180.156.212.250 - - [26/May/2022:12:31:07 +0800] "GET /xingrg/kc/base/wldb_order_operate.html?command=get_materiel&rest_code=00102&base_code=0010476&code=00101013225 HTTP/1.1" 200 448
117.143.172.212 - - [26/May/2022:12:31:07 +0800] "GET /xingrg/all/function/internal_message.html?_=1653539465396&CODE_STATE=getMsg HTTP/1.1" 200 27
58.39.61.91 - - [26/May/2022:12:31:14 +0800] "GET /xingrg/javascript/auto/indicator.gif HTTP/1.1" 404 1066
120.253.135.82 - - [26/May/2022:12:31:18 +0800] "GET /xingrg/kc/pszx/mdps_order_info.html?code=312022052500668 HTTP/1.1" 200 19632
180.175.103.167 - - [26/May/2022:12:31:18 +0800] "GET /xingrg/all/function/internal_message.html?_=1653539478063&CODE_STATE=getMsg HTTP/1.1" 200 27
116.235.92.88 - - [26/May/2022:12:31:18 +0800] "GET /xingrg/javascript/jquery_easy_ui/themes/default/images/tabs_active.png HTTP/1.1" 200 2894
222.70.180.114 - - [26/May/2022:12:31:18 +0800] "GET /xingrg/all/function/internal_message.html?_=1653539469174&CODE_STATE=getMsg HTTP/1.1" 200 27
218.81.223.53 - - [26/May/2022:12:31:18 +0800] "GET /xingrg/check_reg.html?_=1653539489717 HTTP/1.1" 200 22
120.253.135.82 - - [26/May/2022:12:31:19 +0800] "POST /xingrg/kc/pszx/mdps_order_operate.html HTTP/1.1" 200 519
120.253.135.82 - - [26/May/2022:12:31:19 +0800] "GET /xingrg/javascript/easyui/themes/default/validatebox.css HTTP/1.1" 404 1104
218.81.223.53 - - [26/May/2022:12:31:19 +0800] "GET /xingrg/all/function/internal_message.html?_=1653539491189&CODE_STATE=getMsg HTTP/1.1" 200 27
120.253.135.82 - - [26/May/2022:12:31:21 +0800] "POST /xingrg/kc/pszx/mdps_list_operate.html HTTP/1.1" 200 3181
120.253.135.82 - - [26/May/2022:12:31:23 +0800] "POST /xingrg/kc/pszx/mdps_list_operate.html HTTP/1.1" 200 201
58.39.61.91 - - [26/May/2022:12:31:27 +0800] "GET /xingrg/kc/buy/cgsh_order_operate.html?command=get_materiel&rest_code=00150&code=00101008589&supplier_code=00100485&order_time=2022-05-26 HTTP/1.1" 200 410
58.39.61.91 - - [26/May/2022:12:31:29 +0800] "GET /xingrg/all/function/internal_message.html?_=1653539485995&CODE_STATE=getMsg HTTP/1.1" 200 27
101.85.120.86 - - [26/May/2022:12:31:30 +0800] "GET /xingrg/all/function/internal_message.html?_=1653539488114&CODE_STATE=getMsg HTTP/1.1" 200 27
180.175.103.167 - - [26/May/2022:12:31:31 +0800] "GET /xingrg/all/function/internal_message.html?_=1653539411562&CODE_STATE=getMsg HTTP/1.1" 200 27
114.83.218.142 - - [26/May/2022:12:31:31 +0800] "GET /xingrg/all/function/internal_message.html?_=1653539486967&CODE_STATE=getMsg HTTP/1.1" 200 27
58.39.61.91 - - [26/May/2022:12:31:34 +0800] "GET /xingrg/kc/buy/cgsh_order_operate.html?command=get_materiel&rest_code=00150&code=00101008659&supplier_code=00100485&order_time=2022-05-26 HTTP/1.1" 200 412
180.156.212.250 - - [26/May/2022:12:31:39 +0800] "POST /xingrg/kc/base/wldb_order_operate.html HTTP/1.1" 200 37
58.39.61.91 - - [26/May/2022:12:31:40 +0800] "GET /xingrg/all/function/internal_message.html?_=1653539463344&CODE_STATE=getMsg HTTP/1.1" 200 27
116.235.92.88 - - [26/May/2022:12:31:40 +0800] "GET /xingrg/all/function/internal_message.html?_=1653539674189&CODE_STATE=getMsg HTTP/1.1" 200 27
116.235.92.88 - - [26/May/2022:12:31:40 +0800] "GET /xingrg/check_reg.html?_=1653539674190 HTTP/1.1" 200 22
120.253.135.82 - - [26/May/2022:12:31:41 +0800] "GET /xingrg/kc/pszx/mdps_order_info.html?code=312022052600725 HTTP/1.1" 200 23972
180.156.212.250 - - [26/May/2022:12:31:41 +0800] "POST /xingrg/kc/base/wldb_order_operate.html HTTP/1.1" 200 12
180.156.212.250 - - [26/May/2022:12:31:41 +0800] "POST /xingrg/kc/base/wldb_order_operate.html HTTP/1.1" 200 3161
120.253.135.82 - - [26/May/2022:12:31:41 +0800] "POST /xingrg/kc/pszx/mdps_order_operate.html HTTP/1.1" 200 2275
120.253.135.82 - - [26/May/2022:12:31:41 +0800] "GET /xingrg/javascript/easyui/themes/default/validatebox.css HTTP/1.1" 404 1104
180.175.103.167 - - [26/May/2022:12:31:42 +0800] "GET /xingrg/all/function/internal_message.html?_=1653539423052&CODE_STATE=getMsg HTTP/1.1" 200 27
120.253.135.82 - - [26/May/2022:12:31:45 +0800] "POST /xingrg/kc/pszx/mdps_order_operate.html HTTP/1.1" 200 37
58.35.196.179 - - [26/May/2022:12:31:46 +0800] "GET /xingrg/all/function/internal_message.html?_=1653539504172&CODE_STATE=getMsg HTTP/1.1" 200 27
58.35.196.179 - - [26/May/2022:12:31:46 +0800] "GET /xingrg/check_reg.html?_=1653539504173 HTTP/1.1" 200 22
120.253.135.82 - - [26/May/2022:12:31:47 +0800] "GET /xingrg/all/function/internal_message.html?_=1653539314099&CODE_STATE=getMsg HTTP/1.1" 200 27
120.253.135.82 - - [26/May/2022:12:31:47 +0800] "POST /xingrg/kc/pszx/mdps_order_operate.html HTTP/1.1" 200 12
180.156.212.250 - - [26/May/2022:12:31:49 +0800] "GET /xingrg/kc/base/wldb_order_info.html?code=422022052600317 HTTP/1.1" 200 26190
180.156.212.250 - - [26/May/2022:12:31:51 +0800] "POST /xingrg/kc/base/wldb_order_operate.html HTTP/1.1" 200 1434
180.156.212.250 - - [26/May/2022:12:31:51 +0800] "GET /xingrg/javascript/easyui/themes/default/validatebox.css HTTP/1.1" 404 1104
180.156.212.250 - - [26/May/2022:12:31:51 +0800] "GET /xingrg/all/function/internal_message.html?_=1653539579558&CODE_STATE=getMsg HTTP/1.1" 200 27
58.39.61.91 - - [26/May/2022:12:31:52 +0800] "POST /xingrg/kc/buy/cgsh_order_operate.html HTTP/1.1" 200 37
124.78.156.37 - - [26/May/2022:12:31:52 +0800] "GET /xingrg/all/function/internal_message.html?_=1653539512152&CODE_STATE=getMsg HTTP/1.1" 200 27
124.78.156.37 - - [26/May/2022:12:31:52 +0800] "GET /xingrg/check_reg.html?_=1653539512343 HTTP/1.1" 200 22
180.156.212.250 - - [26/May/2022:12:31:53 +0800] "GET /xingrg/kc/base/wldb_order_add.html HTTP/1.1" 200 30311
120.253.135.82 - - [26/May/2022:12:31:53 +0800] "GET /xingrg/kc/pszx/mdps_order_info.html?code=312022052600725 HTTP/1.1" 200 19632
120.253.135.82 - - [26/May/2022:12:31:55 +0800] "POST /xingrg/kc/pszx/mdps_order_operate.html HTTP/1.1" 200 496
120.253.135.82 - - [26/May/2022:12:31:55 +0800] "GET /xingrg/javascript/easyui/themes/default/validatebox.css HTTP/1.1" 404 1104
180.156.212.250 - - [26/May/2022:12:31:55 +0800] "POST /xingrg/kc/base/wldb_order_operate.html HTTP/1.1" 200 6806
58.39.61.91 - - [26/May/2022:12:31:55 +0800] "POST /xingrg/kc/buy/cgsh_order_operate.html HTTP/1.1" 200 12
180.156.212.250 - - [26/May/2022:12:31:55 +0800] "GET /xingrg/javascript/easyui/themes/default/validatebox.css HTTP/1.1" 404 1104
180.156.212.250 - - [26/May/2022:12:31:56 +0800] "POST /xingrg/all/common/load_combo.html?type=base HTTP/1.1" 200 3233
120.253.135.82 - - [26/May/2022:12:31:56 +0800] "POST /xingrg/kc/pszx/mdps_list_operate.html HTTP/1.1" 200 2819
58.39.61.91 - - [26/May/2022:12:31:56 +0800] "GET /xingrg/kc/buy/cgsh_order_info.html?code=212022052601673 HTTP/1.1" 200 62351
58.39.61.91 - - [26/May/2022:12:31:57 +0800] "GET /xingrg/javascript/easyui/themes/default/validatebox.css HTTP/1.1" 404 1104
58.39.61.91 - - [26/May/2022:12:31:57 +0800] "POST /xingrg/kc/buy/cgsh_order_operate.html HTTP/1.1" 200 613
120.253.135.82 - - [26/May/2022:12:31:58 +0800] "POST /xingrg/kc/pszx/mdps_list_operate.html HTTP/1.1" 200 201
58.39.61.91 - - [26/May/2022:12:31:59 +0800] "GET /xingrg/kc/print/load_data.html?order_code=212022052601673&kc_code=cgsh&condition= HTTP/1.1" 200 708
180.156.212.250 - - [26/May/2022:12:31:59 +0800] "POST /xingrg/all/common/load_combo.html?type=base HTTP/1.1" 200 3233
120.253.135.82 - - [26/May/2022:12:31:59 +0800] "GET /xingrg/kc/pszx/mdps_order_info.html?code=312022052500674 HTTP/1.1" 200 23972
120.253.135.82 - - [26/May/2022:12:31:59 +0800] "POST /xingrg/kc/pszx/mdps_order_operate.html HTTP/1.1" 200 2273
120.253.135.82 - - [26/May/2022:12:31:59 +0800] "GET /xingrg/javascript/easyui/themes/default/validatebox.css HTTP/1.1" 404 1104
