183.192.89.132 - - [22/May/2022:11:13:02 +0800] "GET /xingrg/images/blue/button/cgshd.gif HTTP/1.1" 304 -
183.192.89.132 - - [22/May/2022:11:13:02 +0800] "GET /xingrg/images/blue/button/cgfkd.gif HTTP/1.1" 304 -
183.192.89.132 - - [22/May/2022:11:13:02 +0800] "GET /xingrg/images/blue/button/ckthd.gif HTTP/1.1" 304 -
183.192.89.132 - - [22/May/2022:11:13:03 +0800] "GET /xingrg/javascript/jquery_ui/themes/humanity/images/ui-bg_inset-soft_100_f4f0ec_1x100.png HTTP/1.1" 304 -
183.192.89.132 - - [22/May/2022:11:13:03 +0800] "GET /xingrg/javascript/jquery_ui/themes/humanity/images/ui-iconsnew.jpg HTTP/1.1" 304 -
183.192.89.132 - - [22/May/2022:11:13:03 +0800] "GET /xingrg/javascript/jquery_ui/themes/humanity/images/ui-icons_ffffff_256x240.png HTTP/1.1" 304 -
183.192.89.132 - - [22/May/2022:11:13:03 +0800] "GET /xingrg/javascript/jquery_ui/themes/humanity/images/ui-icons_c47a23_256x240.png HTTP/1.1" 304 -
183.192.89.132 - - [22/May/2022:11:13:03 +0800] "GET /xingrg/javascript/jquery_ui/themes/humanity/images/ui-bg_glass_70_ede4d4_1x400.png HTTP/1.1" 304 -
183.192.89.132 - - [22/May/2022:11:13:03 +0800] "GET /xingrg/images/yd/bt.gif HTTP/1.1" 404 1040
183.192.89.132 - - [22/May/2022:11:13:04 +0800] "GET /xingrg/kc/buy/cgsh_order_list.html HTTP/1.1" 200 52007
183.192.89.132 - - [22/May/2022:11:13:05 +0800] "POST /xingrg/kc/buy/cgsh_list_operate.html HTTP/1.1" 200 876
183.192.89.132 - - [22/May/2022:11:13:06 +0800] "GET /xingrg/kc/base/base_main.html HTTP/1.1" 200 12142
120.253.135.82 - - [22/May/2022:11:13:08 +0800] "GET /xingrg/all/function/internal_message.html?_=1653188997801&CODE_STATE=getMsg HTTP/1.1" 200 27
183.192.89.132 - - [22/May/2022:11:13:08 +0800] "GET /xingrg/kc/base/wldb_order_list.html HTTP/1.1" 200 19362
183.192.89.132 - - [22/May/2022:11:13:08 +0800] "POST /xingrg/kc/base/wldb_list_operate.html HTTP/1.1" 200 928
183.192.89.132 - - [22/May/2022:11:13:10 +0800] "GET /xingrg/kc/base/base_main.html HTTP/1.1" 200 12142
183.192.89.132 - - [22/May/2022:11:13:12 +0800] "GET /xingrg/kc/base/yddb_order_list.html HTTP/1.1" 200 16713
183.192.89.132 - - [22/May/2022:11:13:13 +0800] "POST /xingrg/kc/base/yddb_list_operate.html HTTP/1.1" 200 636
218.81.223.53 - - [22/May/2022:11:13:13 +0800] "GET /xingrg/all/function/internal_message.html?_=1653189219603&CODE_STATE=getMsg HTTP/1.1" 200 27
183.192.89.132 - - [22/May/2022:11:13:15 +0800] "POST /xingrg/kc/base/yddb_list_operate.html HTTP/1.1" 200 4380
183.192.89.132 - - [22/May/2022:11:13:16 +0800] "GET /xingrg/all/function/internal_message.html?_=1653189201706&CODE_STATE=getMsg HTTP/1.1" 200 27
180.175.103.167 - - [22/May/2022:11:13:16 +0800] "GET /xingrg/all/function/internal_message.html?_=1653189196952&CODE_STATE=getMsg HTTP/1.1" 200 27
183.192.89.132 - - [22/May/2022:11:13:18 +0800] "POST /xingrg/kc/base/yddb_list_operate.html HTTP/1.1" 200 431
183.192.89.132 - - [22/May/2022:11:13:20 +0800] "POST /xingrg/kc/base/yddb_list_operate.html HTTP/1.1" 200 564
180.162.224.22 - - [22/May/2022:11:13:23 +0800] "GET /xingrg/check_reg.html?_=1653189204244 HTTP/1.1" 200 22
180.162.224.22 - - [22/May/2022:11:13:23 +0800] "GET /xingrg/all/function/internal_message.html?_=1653189204245&CODE_STATE=getMsg HTTP/1.1" 200 27
101.83.241.183 - - [22/May/2022:11:13:24 +0800] "GET /xingrg/all/function/internal_message.html?_=1653189204930&CODE_STATE=getMsg HTTP/1.1" 200 27
183.192.89.132 - - [22/May/2022:11:13:32 +0800] "GET /xingrg/kc/base/base_main.html HTTP/1.1" 200 12142
183.192.89.132 - - [22/May/2022:11:13:34 +0800] "GET /xingrg/kc/base/check_order_list.html HTTP/1.1" 200 16487
183.192.89.132 - - [22/May/2022:11:13:34 +0800] "POST /xingrg/kc/base/check_list_operate.html HTTP/1.1" 200 781
183.192.89.132 - - [22/May/2022:11:13:37 +0800] "POST /xingrg/kc/base/check_list_operate.html HTTP/1.1" 200 5526
180.175.103.167 - - [22/May/2022:11:13:42 +0800] "GET /xingrg/all/function/internal_message.html?_=1653189147903&CODE_STATE=getMsg HTTP/1.1" 200 27
120.253.135.82 - - [22/May/2022:11:13:44 +0800] "GET /xingrg/all/function/internal_message.html?_=1653189330081&CODE_STATE=getMsg HTTP/1.1" 200 27
183.192.89.132 - - [22/May/2022:11:13:45 +0800] "GET /xingrg/kc/base/check_order_info.html?code=452022051400047 HTTP/1.1" 200 23128
222.70.180.114 - - [22/May/2022:11:13:45 +0800] "GET /xingrg/check_reg.html?_=1653189221454 HTTP/1.1" 200 22
183.192.89.132 - - [22/May/2022:11:13:45 +0800] "GET /xingrg/dwr/interface/AjaxComOrderService.js HTTP/1.1" 200 18264
183.192.89.132 - - [22/May/2022:11:13:45 +0800] "GET /xingrg/dwr/interface/AjaxCheckService.js HTTP/1.1" 200 14003
183.192.89.132 - - [22/May/2022:11:13:45 +0800] "GET /xingrg/dwr/engine.js HTTP/1.1" 200 43631
183.192.89.132 - - [22/May/2022:11:13:45 +0800] "GET /xingrg/javascript/jquery_easy_ui/themes/icons/uncheck_new.png HTTP/1.1" 304 -
183.192.89.132 - - [22/May/2022:11:13:45 +0800] "GET /xingrg/javascript/jquery_easy_ui/themes/icons/exam_new.png HTTP/1.1" 304 -
183.192.89.132 - - [22/May/2022:11:13:46 +0800] "POST /xingrg/dwr/call/plaincall/AjaxCheckService.loadOrderItems.dwr HTTP/1.1" 200 10220
183.192.89.132 - - [22/May/2022:11:13:49 +0800] "GET /xingrg/kc/base/check_order_info.html?code=452022051500055 HTTP/1.1" 200 23128
183.192.89.132 - - [22/May/2022:11:13:49 +0800] "GET /xingrg/dwr/interface/AjaxCheckService.js HTTP/1.1" 200 14003
183.192.89.132 - - [22/May/2022:11:13:49 +0800] "GET /xingrg/dwr/interface/AjaxComOrderService.js HTTP/1.1" 200 18264
183.192.89.132 - - [22/May/2022:11:13:49 +0800] "GET /xingrg/dwr/engine.js HTTP/1.1" 200 43631
183.192.89.132 - - [22/May/2022:11:13:49 +0800] "POST /xingrg/dwr/call/plaincall/AjaxCheckService.loadOrderItems.dwr HTTP/1.1" 200 3295
116.235.92.88 - - [22/May/2022:11:13:53 +0800] "GET /xingrg/all/function/internal_message.html?_=1653189409169&CODE_STATE=getMsg HTTP/1.1" 200 27
222.70.180.114 - - [22/May/2022:11:13:54 +0800] "GET /xingrg/all/function/internal_message.html?_=1653189230693&CODE_STATE=getMsg HTTP/1.1" 200 27
183.192.89.132 - - [22/May/2022:11:13:54 +0800] "GET /xingrg/check_reg.html?_=1653189240066 HTTP/1.1" 200 22
180.175.103.167 - - [22/May/2022:11:13:55 +0800] "POST /xingrg/kc/base/wldb_order_operate.html HTTP/1.1" 200 37
180.175.103.167 - - [22/May/2022:11:13:55 +0800] "POST /xingrg/kc/base/wldb_order_operate.html HTTP/1.1" 200 42070
180.175.103.167 - - [22/May/2022:11:13:56 +0800] "GET /xingrg/kc/base/wldb_order_info.html?code=422022052200267 HTTP/1.1" 200 30333
58.39.61.91 - - [22/May/2022:11:13:56 +0800] "GET /xingrg/all/function/internal_message.html?_=1653189235680&CODE_STATE=getMsg HTTP/1.1" 200 27
58.39.61.91 - - [22/May/2022:11:13:56 +0800] "GET /xingrg/check_reg.html?_=1653189235683 HTTP/1.1" 200 22
180.175.103.167 - - [22/May/2022:11:13:56 +0800] "GET /xingrg/javascript/easyui/themes/default/validatebox.css HTTP/1.1" 404 1104
180.175.103.167 - - [22/May/2022:11:13:56 +0800] "POST /xingrg/kc/base/wldb_order_operate.html HTTP/1.1" 200 42070
180.175.103.167 - - [22/May/2022:11:13:59 +0800] "GET /xingrg/kc/print/load_data.html?order_code=422022052200267&kc_code=wldb&condition= HTTP/1.1" 200 12526
218.81.223.53 - - [22/May/2022:11:14:06 +0800] "GET /xingrg/check_reg.html?_=1653189272043 HTTP/1.1" 200 22
120.253.135.82 - - [22/May/2022:11:14:08 +0800] "GET /xingrg/all/function/internal_message.html?_=1653189058059&CODE_STATE=getMsg HTTP/1.1" 200 27
218.81.223.53 - - [22/May/2022:11:14:13 +0800] "GET /xingrg/all/function/internal_message.html?_=1653189279608&CODE_STATE=getMsg HTTP/1.1" 200 27
183.192.89.132 - - [22/May/2022:11:14:16 +0800] "GET /xingrg/all/function/internal_message.html?_=1653189261706&CODE_STATE=getMsg HTTP/1.1" 200 27
180.175.103.167 - - [22/May/2022:11:14:16 +0800] "GET /xingrg/all/function/internal_message.html?_=1653189256931&CODE_STATE=getMsg HTTP/1.1" 200 27
180.162.224.22 - - [22/May/2022:11:14:23 +0800] "GET /xingrg/all/function/internal_message.html?_=1653189264252&CODE_STATE=getMsg HTTP/1.1" 200 27
120.253.135.82 - - [22/May/2022:11:14:23 +0800] "GET /xingrg/check_reg.html?_=1653189073606 HTTP/1.1" 200 22
101.83.241.183 - - [22/May/2022:11:14:24 +0800] "GET /xingrg/all/function/internal_message.html?_=1653189264916&CODE_STATE=getMsg HTTP/1.1" 200 27
180.175.103.167 - - [22/May/2022:11:14:42 +0800] "GET /xingrg/all/function/internal_message.html?_=1653189207903&CODE_STATE=getMsg HTTP/1.1" 200 27
120.253.135.82 - - [22/May/2022:11:14:43 +0800] "GET /xingrg/check_reg.html?_=1653189389252 HTTP/1.1" 200 22
120.253.135.82 - - [22/May/2022:11:14:44 +0800] "GET /xingrg/all/function/internal_message.html?_=1653189390093&CODE_STATE=getMsg HTTP/1.1" 200 27
116.235.92.88 - - [22/May/2022:11:14:53 +0800] "GET /xingrg/all/function/internal_message.html?_=1653189469168&CODE_STATE=getMsg HTTP/1.1" 200 27
116.235.92.88 - - [22/May/2022:11:14:53 +0800] "GET /xingrg/check_reg.html?_=1653189469169 HTTP/1.1" 200 22
222.70.180.114 - - [22/May/2022:11:14:54 +0800] "GET /xingrg/all/function/internal_message.html?_=1653189290680&CODE_STATE=getMsg HTTP/1.1" 200 27
58.39.61.91 - - [22/May/2022:11:14:56 +0800] "GET /xingrg/all/function/internal_message.html?_=1653189295689&CODE_STATE=getMsg HTTP/1.1" 200 27
120.253.135.82 - - [22/May/2022:11:15:08 +0800] "GET /xingrg/all/function/internal_message.html?_=1653189118063&CODE_STATE=getMsg HTTP/1.1" 200 27
218.81.223.53 - - [22/May/2022:11:15:13 +0800] "GET /xingrg/all/function/internal_message.html?_=1653189339621&CODE_STATE=getMsg HTTP/1.1" 200 27
183.192.89.132 - - [22/May/2022:11:15:16 +0800] "GET /xingrg/all/function/internal_message.html?_=1653189321738&CODE_STATE=getMsg HTTP/1.1" 200 27
180.175.103.167 - - [22/May/2022:11:15:16 +0800] "GET /xingrg/all/function/internal_message.html?_=1653189316899&CODE_STATE=getMsg HTTP/1.1" 200 27
180.162.224.22 - - [22/May/2022:11:15:23 +0800] "GET /xingrg/all/function/internal_message.html?_=1653189324250&CODE_STATE=getMsg HTTP/1.1" 200 27
101.83.241.183 - - [22/May/2022:11:15:24 +0800] "GET /xingrg/all/function/internal_message.html?_=1653189324887&CODE_STATE=getMsg HTTP/1.1" 200 27
180.175.103.167 - - [22/May/2022:11:15:42 +0800] "GET /xingrg/check_reg.html?_=1653189267904 HTTP/1.1" 200 22
180.175.103.167 - - [22/May/2022:11:15:42 +0800] "GET /xingrg/all/function/internal_message.html?_=1653189267907&CODE_STATE=getMsg HTTP/1.1" 200 27
120.253.135.82 - - [22/May/2022:11:15:44 +0800] "GET /xingrg/all/function/internal_message.html?_=1653189450108&CODE_STATE=getMsg HTTP/1.1" 200 27
116.235.92.88 - - [22/May/2022:11:15:53 +0800] "GET /xingrg/all/function/internal_message.html?_=1653189529166&CODE_STATE=getMsg HTTP/1.1" 200 27
222.70.180.114 - - [22/May/2022:11:15:54 +0800] "GET /xingrg/all/function/internal_message.html?_=1653189350659&CODE_STATE=getMsg HTTP/1.1" 200 27
58.39.61.91 - - [22/May/2022:11:15:56 +0800] "GET /xingrg/all/function/internal_message.html?_=1653189355688&CODE_STATE=getMsg HTTP/1.1" 200 27
180.171.129.142 - - [22/May/2022:11:15:59 +0800] "POST /xingrg/services/DataTransmitService HTTP/1.1" 200 524
120.253.135.82 - - [22/May/2022:11:16:08 +0800] "GET /xingrg/all/function/internal_message.html?_=1653189178076&CODE_STATE=getMsg HTTP/1.1" 200 27
218.81.223.53 - - [22/May/2022:11:16:14 +0800] "GET /xingrg/all/function/internal_message.html?_=1653189399743&CODE_STATE=getMsg HTTP/1.1" 200 27
180.175.103.167 - - [22/May/2022:11:16:16 +0800] "GET /xingrg/all/function/internal_message.html?_=1653189376869&CODE_STATE=getMsg HTTP/1.1" 200 27
183.192.89.132 - - [22/May/2022:11:16:16 +0800] "GET /xingrg/all/function/internal_message.html?_=1653189382016&CODE_STATE=getMsg HTTP/1.1" 200 27
180.175.103.167 - - [22/May/2022:11:16:17 +0800] "GET /xingrg/check_reg.html?_=1653189377274 HTTP/1.1" 200 22
180.162.224.22 - - [22/May/2022:11:16:23 +0800] "GET /xingrg/all/function/internal_message.html?_=1653189384265&CODE_STATE=getMsg HTTP/1.1" 200 27
101.83.241.183 - - [22/May/2022:11:16:24 +0800] "GET /xingrg/all/function/internal_message.html?_=1653189384880&CODE_STATE=getMsg HTTP/1.1" 200 27
180.175.103.167 - - [22/May/2022:11:16:42 +0800] "GET /xingrg/all/function/internal_message.html?_=1653189327908&CODE_STATE=getMsg HTTP/1.1" 200 27
120.253.135.82 - - [22/May/2022:11:16:44 +0800] "GET /xingrg/all/function/internal_message.html?_=1653189510120&CODE_STATE=getMsg HTTP/1.1" 200 27
116.235.92.88 - - [22/May/2022:11:16:53 +0800] "GET /xingrg/all/function/internal_message.html?_=1653189589166&CODE_STATE=getMsg HTTP/1.1" 200 27
222.70.180.114 - - [22/May/2022:11:16:54 +0800] "GET /xingrg/all/function/internal_message.html?_=1653189410639&CODE_STATE=getMsg HTTP/1.1" 200 27
58.39.61.91 - - [22/May/2022:11:16:56 +0800] "GET /xingrg/all/function/internal_message.html?_=1653189415686&CODE_STATE=getMsg HTTP/1.1" 200 27
120.253.135.82 - - [22/May/2022:11:17:08 +0800] "GET /xingrg/all/function/internal_message.html?_=1653189238314&CODE_STATE=getMsg HTTP/1.1" 200 27
218.81.223.53 - - [22/May/2022:11:17:14 +0800] "GET /xingrg/all/function/internal_message.html?_=1653189459758&CODE_STATE=getMsg HTTP/1.1" 200 27
183.192.89.132 - - [22/May/2022:11:17:16 +0800] "GET /xingrg/all/function/internal_message.html?_=1653189442023&CODE_STATE=getMsg HTTP/1.1" 200 27
180.175.103.167 - - [22/May/2022:11:17:16 +0800] "GET /xingrg/all/function/internal_message.html?_=1653189436846&CODE_STATE=getMsg HTTP/1.1" 200 27
180.162.224.22 - - [22/May/2022:11:17:23 +0800] "GET /xingrg/all/function/internal_message.html?_=1653189444256&CODE_STATE=getMsg HTTP/1.1" 200 27
101.83.241.183 - - [22/May/2022:11:17:24 +0800] "GET /xingrg/all/function/internal_message.html?_=1653189444867&CODE_STATE=getMsg HTTP/1.1" 200 27
101.83.241.183 - - [22/May/2022:11:17:26 +0800] "GET /xingrg/check_reg.html?_=1653189446173 HTTP/1.1" 200 22
180.175.103.167 - - [22/May/2022:11:17:42 +0800] "GET /xingrg/all/function/internal_message.html?_=1653189387908&CODE_STATE=getMsg HTTP/1.1" 200 27
120.253.135.82 - - [22/May/2022:11:17:44 +0800] "GET /xingrg/all/function/internal_message.html?_=1653189570152&CODE_STATE=getMsg HTTP/1.1" 200 27
116.235.92.88 - - [22/May/2022:11:17:53 +0800] "GET /xingrg/all/function/internal_message.html?_=1653189649164&CODE_STATE=getMsg HTTP/1.1" 200 27
222.70.180.114 - - [22/May/2022:11:17:54 +0800] "GET /xingrg/all/function/internal_message.html?_=1653189470609&CODE_STATE=getMsg HTTP/1.1" 200 27
58.39.61.91 - - [22/May/2022:11:17:56 +0800] "GET /xingrg/all/function/internal_message.html?_=1653189475701&CODE_STATE=getMsg HTTP/1.1" 200 27
180.175.103.167 - - [22/May/2022:11:18:06 +0800] "GET /xingrg/kc/base/wldb_order_list.html HTTP/1.1" 200 19101
180.175.103.167 - - [22/May/2022:11:18:07 +0800] "POST /xingrg/kc/base/wldb_list_operate.html HTTP/1.1" 200 5518
120.253.135.82 - - [22/May/2022:11:18:08 +0800] "GET /xingrg/all/function/internal_message.html?_=1653189298321&CODE_STATE=getMsg HTTP/1.1" 200 27
180.175.103.167 - - [22/May/2022:11:18:10 +0800] "POST /xingrg/kc/base/wldb_list_operate.html HTTP/1.1" 200 587
218.81.223.53 - - [22/May/2022:11:18:14 +0800] "GET /xingrg/all/function/internal_message.html?_=1653189519872&CODE_STATE=getMsg HTTP/1.1" 200 27
180.175.103.167 - - [22/May/2022:11:18:14 +0800] "POST /xingrg/kc/base/wldb_list_operate.html HTTP/1.1" 200 502
180.175.103.167 - - [22/May/2022:11:18:16 +0800] "GET /xingrg/all/function/internal_message.html?_=1653189496826&CODE_STATE=getMsg HTTP/1.1" 200 27
183.192.89.132 - - [22/May/2022:11:18:16 +0800] "GET /xingrg/all/function/internal_message.html?_=1653189502039&CODE_STATE=getMsg HTTP/1.1" 200 27
180.175.103.167 - - [22/May/2022:11:18:17 +0800] "POST /xingrg/kc/base/wldb_list_operate.html HTTP/1.1" 200 287
180.175.103.167 - - [22/May/2022:11:18:22 +0800] "POST /xingrg/kc/base/wldb_list_operate.html HTTP/1.1" 200 576
180.162.224.22 - - [22/May/2022:11:18:23 +0800] "GET /xingrg/all/function/internal_message.html?_=1653189504246&CODE_STATE=getMsg HTTP/1.1" 200 27
180.162.224.22 - - [22/May/2022:11:18:23 +0800] "GET /xingrg/check_reg.html?_=1653189504244 HTTP/1.1" 200 22
101.83.241.183 - - [22/May/2022:11:18:24 +0800] "GET /xingrg/all/function/internal_message.html?_=1653189504847&CODE_STATE=getMsg HTTP/1.1" 200 27
180.175.103.167 - - [22/May/2022:11:18:26 +0800] "POST /xingrg/kc/base/wldb_list_operate.html HTTP/1.1" 200 579
180.175.103.167 - - [22/May/2022:11:18:27 +0800] "POST /xingrg/kc/base/wldb_list_operate.html HTTP/1.1" 200 574
180.175.103.167 - - [22/May/2022:11:18:29 +0800] "POST /xingrg/kc/base/wldb_list_operate.html HTTP/1.1" 200 605
180.175.103.167 - - [22/May/2022:11:18:29 +0800] "POST /xingrg/kc/base/wldb_list_operate.html HTTP/1.1" 200 560
180.175.103.167 - - [22/May/2022:11:18:30 +0800] "POST /xingrg/kc/base/wldb_list_operate.html HTTP/1.1" 200 603
180.175.103.167 - - [22/May/2022:11:18:42 +0800] "GET /xingrg/all/function/internal_message.html?_=1653189447909&CODE_STATE=getMsg HTTP/1.1" 200 27
120.253.135.82 - - [22/May/2022:11:18:44 +0800] "GET /xingrg/all/function/internal_message.html?_=1653189630165&CODE_STATE=getMsg HTTP/1.1" 200 27
222.70.180.114 - - [22/May/2022:11:18:45 +0800] "GET /xingrg/check_reg.html?_=1653189521452 HTTP/1.1" 200 22
116.235.92.88 - - [22/May/2022:11:18:53 +0800] "GET /xingrg/all/function/internal_message.html?_=1653189709179&CODE_STATE=getMsg HTTP/1.1" 200 27
222.70.180.114 - - [22/May/2022:11:18:54 +0800] "GET /xingrg/all/function/internal_message.html?_=1653189530582&CODE_STATE=getMsg HTTP/1.1" 200 27
180.175.103.167 - - [22/May/2022:11:18:55 +0800] "POST /xingrg/kc/base/wldb_list_operate.html HTTP/1.1" 200 4
58.39.61.91 - - [22/May/2022:11:18:56 +0800] "GET /xingrg/check_reg.html?_=1653189535696 HTTP/1.1" 200 22
58.39.61.91 - - [22/May/2022:11:18:56 +0800] "GET /xingrg/all/function/internal_message.html?_=1653189535697&CODE_STATE=getMsg HTTP/1.1" 200 27
180.175.103.167 - - [22/May/2022:11:19:05 +0800] "POST /xingrg/kc/base/wldb_list_operate.html HTTP/1.1" 200 2961
218.81.223.53 - - [22/May/2022:11:19:06 +0800] "GET /xingrg/check_reg.html?_=1653189572050 HTTP/1.1" 200 22
180.175.103.167 - - [22/May/2022:11:19:08 +0800] "POST /xingrg/kc/base/wldb_list_operate.html HTTP/1.1" 200 202
120.253.135.82 - - [22/May/2022:11:19:08 +0800] "GET /xingrg/all/function/internal_message.html?_=1653189358568&CODE_STATE=getMsg HTTP/1.1" 200 27
180.175.103.167 - - [22/May/2022:11:19:08 +0800] "POST /xingrg/kc/base/wldb_list_operate.html HTTP/1.1" 200 595
218.81.223.53 - - [22/May/2022:11:19:14 +0800] "GET /xingrg/all/function/internal_message.html?_=1653189579879&CODE_STATE=getMsg HTTP/1.1" 200 27
180.175.103.167 - - [22/May/2022:11:19:14 +0800] "POST /xingrg/kc/base/wldb_list_operate.html HTTP/1.1" 200 4
180.175.103.167 - - [22/May/2022:11:19:16 +0800] "POST /xingrg/kc/base/wldb_list_operate.html HTTP/1.1" 200 2176
180.175.103.167 - - [22/May/2022:11:19:16 +0800] "GET /xingrg/all/function/internal_message.html?_=1653189556801&CODE_STATE=getMsg HTTP/1.1" 200 27
180.175.103.167 - - [22/May/2022:11:19:22 +0800] "GET /xingrg/kc/report/report_main.html HTTP/1.1" 200 7340
180.175.103.167 - - [22/May/2022:11:19:22 +0800] "GET /xingrg/javascript/jquery_ui/themes/humanity/humanity.css HTTP/1.1" 304 -
180.162.224.22 - - [22/May/2022:11:19:23 +0800] "GET /xingrg/all/function/internal_message.html?_=1653189564257&CODE_STATE=getMsg HTTP/1.1" 200 27
120.253.135.82 - - [22/May/2022:11:19:23 +0800] "GET /xingrg/check_reg.html?_=1653189373607 HTTP/1.1" 200 22
101.83.241.183 - - [22/May/2022:11:19:24 +0800] "GET /xingrg/all/function/internal_message.html?_=1653189564834&CODE_STATE=getMsg HTTP/1.1" 200 27
180.175.103.167 - - [22/May/2022:11:19:26 +0800] "GET /xingrg/kc/base/kc_stocks.html HTTP/1.1" 200 16437
180.175.103.167 - - [22/May/2022:11:19:26 +0800] "GET /xingrg/javascript/easyui/themes/sunny/easyui.css HTTP/1.1" 304 -
180.175.103.167 - - [22/May/2022:11:19:26 +0800] "GET /xingrg/javascript/easyui/themes/icons/refresh_new.png HTTP/1.1" 304 -
180.175.103.167 - - [22/May/2022:11:19:26 +0800] "GET /xingrg/javascript/easyui/themes/icons/filter_new.png HTTP/1.1" 304 -
180.175.103.167 - - [22/May/2022:11:19:26 +0800] "GET /xingrg/javascript/easyui/themes/icons/print_new.png HTTP/1.1" 304 -
180.175.103.167 - - [22/May/2022:11:19:26 +0800] "GET /xingrg/javascript/easyui/themes/default/tree.css HTTP/1.1" 404 1090
180.175.103.167 - - [22/May/2022:11:19:26 +0800] "POST /xingrg/all/common/load_tree.html?tree=materiel_sort_tree_json HTTP/1.1" 200 9388
180.175.103.167 - - [22/May/2022:11:19:26 +0800] "GET /xingrg/javascript/easyui/themes/sunny/images/tree_file.gif HTTP/1.1" 304 -
180.175.103.167 - - [22/May/2022:11:19:26 +0800] "GET /xingrg/javascript/easyui/themes/sunny/images/tree_folder.gif HTTP/1.1" 304 -
180.175.103.167 - - [22/May/2022:11:19:26 +0800] "GET /xingrg/javascript/easyui/themes/sunny/images/tree_arrows.gif HTTP/1.1" 304 -
180.175.103.167 - - [22/May/2022:11:19:26 +0800] "GET /xingrg/javascript/easyui/themes/sunny/images/tree_folder_open.gif HTTP/1.1" 304 -
180.175.103.167 - - [22/May/2022:11:19:28 +0800] "POST /xingrg/all/common/load_combo.html?type=base HTTP/1.1" 200 3409
180.175.103.167 - - [22/May/2022:11:19:33 +0800] "POST /xingrg/kc/base/stock_operate.html HTTP/1.1" 200 3863
180.175.103.167 - - [22/May/2022:11:19:33 +0800] "GET /xingrg/javascript/jquery_tools/fix_table.js HTTP/1.1" 304 -
180.175.103.167 - - [22/May/2022:11:19:41 +0800] "GET /xingrg/kc/base/wlsy_order_list.html?syType=0 HTTP/1.1" 200 17221
180.175.103.167 - - [22/May/2022:11:19:41 +0800] "POST /xingrg/kc/base/wlsy_list_operate.html?syType=0 HTTP/1.1" 200 1674
180.175.103.167 - - [22/May/2022:11:19:42 +0800] "GET /xingrg/all/function/internal_message.html?_=1653189507909&CODE_STATE=getMsg HTTP/1.1" 200 27
180.175.103.167 - - [22/May/2022:11:19:43 +0800] "POST /xingrg/kc/base/wlsy_list_operate.html?syType=0 HTTP/1.1" 200 358
180.175.103.167 - - [22/May/2022:11:19:43 +0800] "GET /xingrg/kc/base/wlsy_order_info.html?code=412022052200069 HTTP/1.1" 200 28617
120.253.135.82 - - [22/May/2022:11:19:43 +0800] "GET /xingrg/check_reg.html?_=1653189689283 HTTP/1.1" 200 22
180.175.103.167 - - [22/May/2022:11:19:43 +0800] "GET /xingrg/javascript/easyui/themes/default/validatebox.css HTTP/1.1" 404 1104
180.175.103.167 - - [22/May/2022:11:19:43 +0800] "POST /xingrg/kc/base/wlsy_order_operate.html HTTP/1.1" 200 3066
120.253.135.82 - - [22/May/2022:11:19:44 +0800] "GET /xingrg/all/function/internal_message.html?_=1653189690177&CODE_STATE=getMsg HTTP/1.1" 200 27
180.175.103.167 - - [22/May/2022:11:19:48 +0800] "POST /xingrg/kc/base/wlsy_order_operate.html HTTP/1.1" 200 37
180.175.103.167 - - [22/May/2022:11:19:48 +0800] "POST /xingrg/kc/base/wlsy_order_operate.html HTTP/1.1" 200 3066
180.175.103.167 - - [22/May/2022:11:19:50 +0800] "POST /xingrg/kc/base/wlsy_order_operate.html HTTP/1.1" 200 12
180.175.103.167 - - [22/May/2022:11:19:52 +0800] "POST /xingrg/kc/base/wlsy_list_operate.html?syType=0 HTTP/1.1" 200 862
180.175.103.167 - - [22/May/2022:11:19:53 +0800] "GET /xingrg/kc/report/report_main.html HTTP/1.1" 200 7340
116.235.92.88 - - [22/May/2022:11:19:53 +0800] "GET /xingrg/check_reg.html?_=1653189769177 HTTP/1.1" 200 22
116.235.92.88 - - [22/May/2022:11:19:53 +0800] "GET /xingrg/all/function/internal_message.html?_=1653189769179&CODE_STATE=getMsg HTTP/1.1" 200 27
222.70.180.114 - - [22/May/2022:11:19:54 +0800] "GET /xingrg/all/function/internal_message.html?_=1653189590585&CODE_STATE=getMsg HTTP/1.1" 200 27
180.175.103.167 - - [22/May/2022:11:19:54 +0800] "GET /xingrg/kc/base/kc_stocks.html HTTP/1.1" 200 16437
180.175.103.167 - - [22/May/2022:11:19:55 +0800] "GET /xingrg/javascript/easyui/themes/default/tree.css HTTP/1.1" 404 1090
180.175.103.167 - - [22/May/2022:11:19:55 +0800] "POST /xingrg/all/common/load_tree.html?tree=materiel_sort_tree_json HTTP/1.1" 200 9388
58.39.61.91 - - [22/May/2022:11:19:56 +0800] "GET /xingrg/all/function/internal_message.html?_=1653189595698&CODE_STATE=getMsg HTTP/1.1" 200 27
180.175.103.167 - - [22/May/2022:11:19:57 +0800] "POST /xingrg/all/common/load_combo.html?type=base HTTP/1.1" 200 3409
180.175.103.167 - - [22/May/2022:11:20:00 +0800] "POST /xingrg/kc/base/stock_operate.html HTTP/1.1" 200 3880
180.175.103.167 - - [22/May/2022:11:20:06 +0800] "POST /xingrg/kc/base/stock_operate.html HTTP/1.1" 200 4019
120.253.135.82 - - [22/May/2022:11:20:08 +0800] "GET /xingrg/all/function/internal_message.html?_=1653189418583&CODE_STATE=getMsg HTTP/1.1" 200 27
180.175.103.167 - - [22/May/2022:11:20:11 +0800] "POST /xingrg/kc/base/stock_operate.html HTTP/1.1" 200 3958
218.81.223.53 - - [22/May/2022:11:20:14 +0800] "GET /xingrg/all/function/internal_message.html?_=1653189639892&CODE_STATE=getMsg HTTP/1.1" 200 27
180.175.103.167 - - [22/May/2022:11:20:16 +0800] "GET /xingrg/all/function/internal_message.html?_=1653189616785&CODE_STATE=getMsg HTTP/1.1" 200 27
180.175.103.167 - - [22/May/2022:11:20:17 +0800] "POST /xingrg/kc/base/stock_operate.html HTTP/1.1" 200 3948
180.175.103.167 - - [22/May/2022:11:20:21 +0800] "POST /xingrg/kc/base/stock_operate.html HTTP/1.1" 200 3198
180.162.224.22 - - [22/May/2022:11:20:23 +0800] "GET /xingrg/all/function/internal_message.html?_=1653189624245&CODE_STATE=getMsg HTTP/1.1" 200 27
101.83.241.183 - - [22/May/2022:11:20:24 +0800] "GET /xingrg/all/function/internal_message.html?_=1653189624822&CODE_STATE=getMsg HTTP/1.1" 200 27
180.175.103.167 - - [22/May/2022:11:20:39 +0800] "POST /xingrg/kc/base/stock_operate.html HTTP/1.1" 200 1705
180.175.103.167 - - [22/May/2022:11:20:42 +0800] "GET /xingrg/check_reg.html?_=1653189567910 HTTP/1.1" 200 22
180.175.103.167 - - [22/May/2022:11:20:42 +0800] "GET /xingrg/all/function/internal_message.html?_=1653189567913&CODE_STATE=getMsg HTTP/1.1" 200 27
120.253.135.82 - - [22/May/2022:11:20:44 +0800] "GET /xingrg/all/function/internal_message.html?_=1653189750192&CODE_STATE=getMsg HTTP/1.1" 200 27
180.175.103.167 - - [22/May/2022:11:20:48 +0800] "POST /xingrg/kc/base/stock_operate.html HTTP/1.1" 200 3916
116.235.92.88 - - [22/May/2022:11:20:53 +0800] "GET /xingrg/all/function/internal_message.html?_=1653189829177&CODE_STATE=getMsg HTTP/1.1" 200 27
222.70.180.114 - - [22/May/2022:11:20:54 +0800] "GET /xingrg/all/function/internal_message.html?_=1653189650565&CODE_STATE=getMsg HTTP/1.1" 200 27
58.39.61.91 - - [22/May/2022:11:20:56 +0800] "GET /xingrg/all/function/internal_message.html?_=1653189655713&CODE_STATE=getMsg HTTP/1.1" 200 27
180.175.103.167 - - [22/May/2022:11:20:57 +0800] "GET /favicon.ico HTTP/1.1" 404 -
180.175.103.167 - - [22/May/2022:11:20:57 +0800] "GET /xingrg/index.html?sysBaseUrl=http%3A%2F%2F180.169.147.146%3A18081%2Fxingrg%2F&costTime=36×tamp=1585223203754 HTTP/1.1" 302 -
180.175.103.167 - - [22/May/2022:11:20:57 +0800] "GET /xingrg/login.html HTTP/1.1" 200 7641
180.175.103.167 - - [22/May/2022:11:20:57 +0800] "GET /favicon.ico HTTP/1.1" 404 -
180.175.103.167 - - [22/May/2022:11:21:07 +0800] "POST /xingrg/login.do HTTP/1.1" 302 -
180.175.103.167 - - [22/May/2022:11:21:07 +0800] "GET /xingrg/index.html?sysBaseUrl=http%3A%2F%2F180.169.147.146%3A18081%2Fxingrg%2F&costTime=48×tamp=1653189667112 HTTP/1.1" 200 17503
180.175.103.167 - - [22/May/2022:11:21:07 +0800] "GET /favicon.ico HTTP/1.1" 404 -
180.175.103.167 - - [22/May/2022:11:21:07 +0800] "POST /xingrg/all/common/load_tree.html?tree=area_rest_tree_json&manage=1 HTTP/1.1" 200 2091
180.175.103.167 - - [22/May/2022:11:21:07 +0800] "GET /xingrg/javascript/jquery_easy_ui/themes/default/images/panel_tool_expand.gif HTTP/1.1" 304 -
180.175.103.167 - - [22/May/2022:11:21:07 +0800] "GET /xingrg/check_reg.html?_=1653189667395 HTTP/1.1" 200 22
180.175.103.167 - - [22/May/2022:11:21:07 +0800] "GET /xingrg/all/function/internal_message.html?_=1653189667395&CODE_STATE=count HTTP/1.1" 200 11
180.175.103.167 - - [22/May/2022:11:21:07 +0800] "POST /xingrg/load_menu.html HTTP/1.1" 200 11564
180.175.103.167 - - [22/May/2022:11:21:07 +0800] "GET /xingrg/javascript/jquery_easy_ui/themes/icons/checkout_new.png HTTP/1.1" 304 -
180.175.103.167 - - [22/May/2022:11:21:07 +0800] "GET /xingrg/javascript/jquery_easy_ui/themes/icons/systemset_new.png HTTP/1.1" 304 -
180.175.103.167 - - [22/May/2022:11:21:07 +0800] "GET /xingrg/javascript/jquery_easy_ui/themes/icons/setting_new.png HTTP/1.1" 304 -
180.175.103.167 - - [22/May/2022:11:21:07 +0800] "GET /xingrg/javascript/jquery_easy_ui/themes/icons/delivery_new.png HTTP/1.1" 304 -
120.253.135.82 - - [22/May/2022:11:21:08 +0800] "GET /xingrg/all/function/internal_message.html?_=1653189478596&CODE_STATE=getMsg HTTP/1.1" 200 27
180.175.103.167 - - [22/May/2022:11:21:10 +0800] "GET /xingrg/kc/base/wldb_order_list.html HTTP/1.1" 200 19356
180.175.103.167 - - [22/May/2022:11:21:10 +0800] "POST /xingrg/kc/base/wldb_list_operate.html HTTP/1.1" 200 928
218.81.223.53 - - [22/May/2022:11:21:14 +0800] "GET /xingrg/all/function/internal_message.html?_=1653189700013&CODE_STATE=getMsg HTTP/1.1" 200 27
180.175.103.167 - - [22/May/2022:11:21:16 +0800] "POST /xingrg/kc/base/wldb_list_operate.html HTTP/1.1" 200 928
180.175.103.167 - - [22/May/2022:11:21:19 +0800] "GET /xingrg/javascript/easyui/themes/default/tree.css HTTP/1.1" 404 1090
180.175.103.167 - - [22/May/2022:11:21:19 +0800] "POST /xingrg/all/common/load_tree.html?tree=area_rest_tree_json&manage=1 HTTP/1.1" 200 2091
180.175.103.167 - - [22/May/2022:11:21:19 +0800] "GET /xingrg/javascript/easyui/themes/default/images/tree_checkbox_0.gif HTTP/1.1" 304 -
180.175.103.167 - - [22/May/2022:11:21:19 +0800] "GET /xingrg/javascript/easyui/themes/default/images/tree_checkbox_1.gif HTTP/1.1" 304 -
180.175.103.167 - - [22/May/2022:11:21:19 +0800] "GET /xingrg/javascript/easyui/themes/default/images/tree_checkbox_2.gif HTTP/1.1" 304 -
180.175.103.167 - - [22/May/2022:11:21:19 +0800] "GET /xingrg/javascript/easyui/themes/icons/area.png HTTP/1.1" 304 -
180.175.103.167 - - [22/May/2022:11:21:19 +0800] "GET /xingrg/javascript/easyui/themes/icons/manage.png HTTP/1.1" 304 -
180.162.224.22 - - [22/May/2022:11:21:23 +0800] "GET /xingrg/all/function/internal_message.html?_=1653189684258&CODE_STATE=getMsg HTTP/1.1" 200 27
180.175.103.167 - - [22/May/2022:11:21:24 +0800] "POST /xingrg/kc/base/wldb_list_operate.html HTTP/1.1" 200 5479
101.83.241.183 - - [22/May/2022:11:21:24 +0800] "GET /xingrg/all/function/internal_message.html?_=1653189684811&CODE_STATE=getMsg HTTP/1.1" 200 27
180.175.103.167 - - [22/May/2022:11:21:27 +0800] "POST /xingrg/kc/base/wldb_list_operate.html HTTP/1.1" 200 576
180.175.103.167 - - [22/May/2022:11:21:34 +0800] "POST /xingrg/kc/base/wldb_list_operate.html HTTP/1.1" 200 4
180.175.103.167 - - [22/May/2022:11:21:35 +0800] "POST /xingrg/kc/base/wldb_list_operate.html HTTP/1.1" 200 5068
180.175.103.167 - - [22/May/2022:11:21:40 +0800] "GET /xingrg/index.html?sysBaseUrl=http%3A%2F%2F180.169.147.146%3A18081%2Fxingrg%2F&costTime=36×tamp=1585223203754 HTTP/1.1" 302 -
180.175.103.167 - - [22/May/2022:11:21:40 +0800] "GET /xingrg/login.html HTTP/1.1" 200 7641
180.175.103.167 - - [22/May/2022:11:21:40 +0800] "GET /favicon.ico HTTP/1.1" 404 -
180.175.103.167 - - [22/May/2022:11:21:41 +0800] "POST /xingrg/login.do HTTP/1.1" 200 2421
180.175.103.167 - - [22/May/2022:11:21:41 +0800] "GET /favicon.ico HTTP/1.1" 404 -
180.175.103.167 - - [22/May/2022:11:21:42 +0800] "GET /xingrg/login.html HTTP/1.1" 200 7641
180.175.103.167 - - [22/May/2022:11:21:42 +0800] "GET /favicon.ico HTTP/1.1" 404 -
180.175.103.167 - - [22/May/2022:11:21:42 +0800] "POST /xingrg/login.do HTTP/1.1" 302 -
180.175.103.167 - - [22/May/2022:11:21:42 +0800] "GET /xingrg/index.html?sysBaseUrl=http%3A%2F%2F180.169.147.146%3A18081%2Fxingrg%2F&costTime=45×tamp=1653189702705 HTTP/1.1" 200 17173
180.175.103.167 - - [22/May/2022:11:21:42 +0800] "GET /xingrg/all/function/internal_message.html?_=1653189627898&CODE_STATE=getMsg HTTP/1.1" 200 27
180.175.103.167 - - [22/May/2022:11:21:42 +0800] "GET /favicon.ico HTTP/1.1" 404 -
180.175.103.167 - - [22/May/2022:11:21:42 +0800] "POST /xingrg/all/common/load_tree.html?tree=area_rest_tree_json&manage=1 HTTP/1.1" 200 3472
180.175.103.167 - - [22/May/2022:11:21:42 +0800] "GET /xingrg/check_reg.html?_=1653189702962 HTTP/1.1" 200 22
180.175.103.167 - - [22/May/2022:11:21:42 +0800] "GET /xingrg/all/function/internal_message.html?_=1653189702962&CODE_STATE=count HTTP/1.1" 200 11
180.175.103.167 - - [22/May/2022:11:21:42 +0800] "POST /xingrg/load_menu.html HTTP/1.1" 200 5138
120.253.135.82 - - [22/May/2022:11:21:44 +0800] "GET /xingrg/all/function/internal_message.html?_=1653189810204&CODE_STATE=getMsg HTTP/1.1" 200 27
180.175.103.167 - - [22/May/2022:11:21:45 +0800] "GET /xingrg/kc/base/wldb_order_list.html HTTP/1.1" 200 19101
180.175.103.167 - - [22/May/2022:11:21:46 +0800] "POST /xingrg/kc/base/wldb_list_operate.html HTTP/1.1" 200 2571
180.175.103.167 - - [22/May/2022:11:21:47 +0800] "GET /xingrg/kc/base/wldb_order_add.html HTTP/1.1" 200 30315
180.175.103.167 - - [22/May/2022:11:21:47 +0800] "POST /xingrg/kc/base/wldb_order_operate.html HTTP/1.1" 200 6806
180.175.103.167 - - [22/May/2022:11:21:47 +0800] "GET /xingrg/all/common/auto_word.html?type=base&rest_code=00105 HTTP/1.1" 200 1907
180.175.103.167 - - [22/May/2022:11:21:47 +0800] "GET /xingrg/all/common/auto_word.html?type=base&rest_code=00105 HTTP/1.1" 200 1907
180.175.103.167 - - [22/May/2022:11:21:47 +0800] "GET /xingrg/javascript/easyui/themes/default/validatebox.css HTTP/1.1" 404 1104
180.175.103.167 - - [22/May/2022:11:21:51 +0800] "POST /xingrg/kc/base/wldb_list_operate.html HTTP/1.1" 200 576
180.175.103.167 - - [22/May/2022:11:21:52 +0800] "GET /xingrg/kc/base/wldb_order_info.html?code=422022052200265 HTTP/1.1" 200 30332
180.175.103.167 - - [22/May/2022:11:21:52 +0800] "GET /xingrg/javascript/easyui/themes/default/validatebox.css HTTP/1.1" 404 1104
180.175.103.167 - - [22/May/2022:11:21:52 +0800] "POST /xingrg/kc/base/wldb_order_operate.html HTTP/1.1" 200 7948
116.235.92.88 - - [22/May/2022:11:21:53 +0800] "GET /xingrg/all/function/internal_message.html?_=1653189889175&CODE_STATE=getMsg HTTP/1.1" 200 27
222.70.180.114 - - [22/May/2022:11:21:54 +0800] "GET /xingrg/all/function/internal_message.html?_=1653189710551&CODE_STATE=getMsg HTTP/1.1" 200 27
58.39.61.91 - - [22/May/2022:11:21:56 +0800] "GET /xingrg/all/function/internal_message.html?_=1653189715716&CODE_STATE=getMsg HTTP/1.1" 200 27
180.175.103.167 - - [22/May/2022:11:21:58 +0800] "POST /xingrg/kc/base/wldb_order_operate.html HTTP/1.1" 200 12
180.175.103.167 - - [22/May/2022:11:22:00 +0800] "POST /xingrg/kc/base/wldb_list_operate.html HTTP/1.1" 200 2176
180.175.103.167 - - [22/May/2022:11:22:00 +0800] "GET /xingrg/kc/base/wldb_order_add.html HTTP/1.1" 200 30315
180.175.103.167 - - [22/May/2022:11:22:00 +0800] "POST /xingrg/kc/base/wldb_order_operate.html HTTP/1.1" 200 6806
180.175.103.167 - - [22/May/2022:11:22:00 +0800] "GET /xingrg/javascript/easyui/themes/default/validatebox.css HTTP/1.1" 404 1104
180.175.103.167 - - [22/May/2022:11:22:02 +0800] "GET /xingrg/javascript/auto/indicator.gif HTTP/1.1" 404 1066
120.253.135.82 - - [22/May/2022:11:22:09 +0800] "GET /xingrg/all/function/internal_message.html?_=1653189538835&CODE_STATE=getMsg HTTP/1.1" 200 27
218.81.223.53 - - [22/May/2022:11:22:14 +0800] "GET /xingrg/all/function/internal_message.html?_=1653189760013&CODE_STATE=getMsg HTTP/1.1" 200 27
180.175.103.167 - - [22/May/2022:11:22:18 +0800] "POST /xingrg/kc/base/wldb_order_operate.html HTTP/1.1" 200 37
180.175.103.167 - - [22/May/2022:11:22:18 +0800] "POST /xingrg/kc/base/wldb_order_operate.html HTTP/1.1" 200 1710
180.162.224.22 - - [22/May/2022:11:22:19 +0800] "POST /xingrg/all/user/operate.html HTTP/1.1" 200 36
180.162.224.22 - - [22/May/2022:11:22:19 +0800] "GET /xingrg/javascript/jquery_easy_ui/themes/default/easyui.css HTTP/1.1" 304 -
180.162.224.22 - - [22/May/2022:11:22:19 +0800] "GET /xingrg/index.html?sysBaseUrl=http%3A%2F%2F180.169.147.146%3A18081%2Fxingrg%2F&costTime=39×tamp=1653182270176 HTTP/1.1" 200 17503
180.162.224.22 - - [22/May/2022:11:22:19 +0800] "GET /xingrg/javascript/jquery_easy_ui/themes/icon.css HTTP/1.1" 304 -
180.162.224.22 - - [22/May/2022:11:22:19 +0800] "GET /xingrg/css/form.css HTTP/1.1" 304 -
180.162.224.22 - - [22/May/2022:11:22:19 +0800] "GET /xingrg/javascript/jquery-1.4.2.min.js HTTP/1.1" 304 -
180.162.224.22 - - [22/May/2022:11:22:19 +0800] "GET /xingrg/javascript/jquery_easy_ui/jquery.easyui.min.js HTTP/1.1" 304 -
180.175.103.167 - - [22/May/2022:11:22:19 +0800] "GET /xingrg/kc/base/wldb_order_info.html?code=422022052200268 HTTP/1.1" 200 30325
180.162.224.22 - - [22/May/2022:11:22:19 +0800] "GET /xingrg/javascript/jquery_easy_ui/easyui-lang-zh_CN.js HTTP/1.1" 304 -
180.162.224.22 - - [22/May/2022:11:22:19 +0800] "GET /xingrg/javascript/jquery.form.js HTTP/1.1" 304 -
180.162.224.22 - - [22/May/2022:11:22:19 +0800] "GET /xingrg/javascript/jquery.utils.js HTTP/1.1" 304 -
180.162.224.22 - - [22/May/2022:11:22:19 +0800] "GET /xingrg/javascript/jquery.timers.js HTTP/1.1" 304 -
180.162.224.22 - - [22/May/2022:11:22:19 +0800] "GET /xingrg/images/blue/jxLogo.png HTTP/1.1" 304 -
180.162.224.22 - - [22/May/2022:11:22:19 +0800] "GET /xingrg/javascript/jquery_easy_ui/themes/icons/settle_new.png HTTP/1.1" 304 -
180.162.224.22 - - [22/May/2022:11:22:19 +0800] "GET /xingrg/images/blue/navBackgound.jpg HTTP/1.1" 304 -
180.162.224.22 - - [22/May/2022:11:22:19 +0800] "POST /xingrg/all/common/load_tree.html?tree=area_rest_tree_json&manage=1 HTTP/1.1" 200 3472
180.162.224.22 - - [22/May/2022:11:22:19 +0800] "GET /xingrg/all/function/internal_message.html?_=1653189740084&CODE_STATE=count HTTP/1.1" 200 11
180.162.224.22 - - [22/May/2022:11:22:19 +0800] "GET /xingrg/javascript/jquery_easy_ui/themes/default/images/tabs_leftarrow.png HTTP/1.1" 304 -
180.162.224.22 - - [22/May/2022:11:22:19 +0800] "GET /xingrg/check_reg.html?_=1653189740084 HTTP/1.1" 200 22
180.162.224.22 - - [22/May/2022:11:22:19 +0800] "GET /xingrg/javascript/jquery_easy_ui/themes/default/images/panel_tool_expand.gif HTTP/1.1" 304 -
180.162.224.22 - - [22/May/2022:11:22:19 +0800] "GET /xingrg/javascript/jquery_easy_ui/themes/default/images/panel_tool_collapse.gif HTTP/1.1" 304 -
180.162.224.22 - - [22/May/2022:11:22:19 +0800] "GET /xingrg/images/blue/pingpu.png HTTP/1.1" 304 -
180.162.224.22 - - [22/May/2022:11:22:19 +0800] "GET /xingrg/javascript/jquery_easy_ui/themes/default/images/tabs_rightarrow.png HTTP/1.1" 304 -
180.162.224.22 - - [22/May/2022:11:22:19 +0800] "POST /xingrg/load_menu.html HTTP/1.1" 200 9959
180.175.103.167 - - [22/May/2022:11:22:19 +0800] "GET /xingrg/javascript/easyui/themes/default/validatebox.css HTTP/1.1" 404 1104
180.175.103.167 - - [22/May/2022:11:22:19 +0800] "POST /xingrg/kc/base/wldb_order_operate.html HTTP/1.1" 200 1710
180.175.103.167 - - [22/May/2022:11:22:20 +0800] "GET /xingrg/kc/base/wldb_order_operate.html?command=load_stock&code=422022052200268 HTTP/1.1" 200 12
180.175.103.167 - - [22/May/2022:11:22:22 +0800] "GET /xingrg/kc/base/wldb_order_info.html?code=422022052200268 HTTP/1.1" 200 30325
180.162.224.22 - - [22/May/2022:11:22:22 +0800] "GET /xingrg/kc/base/check_order_list.html HTTP/1.1" 200 16481
180.162.224.22 - - [22/May/2022:11:22:22 +0800] "POST /xingrg/kc/base/check_list_operate.html HTTP/1.1" 200 781
180.175.103.167 - - [22/May/2022:11:22:22 +0800] "GET /xingrg/javascript/easyui/themes/default/validatebox.css HTTP/1.1" 404 1104
180.175.103.167 - - [22/May/2022:11:22:22 +0800] "POST /xingrg/kc/base/wldb_order_operate.html HTTP/1.1" 200 11842
180.162.224.22 - - [22/May/2022:11:22:24 +0800] "POST /xingrg/kc/base/check_list_operate.html HTTP/1.1" 200 5340
101.83.241.183 - - [22/May/2022:11:22:24 +0800] "GET /xingrg/all/function/internal_message.html?_=1653189744784&CODE_STATE=getMsg HTTP/1.1" 200 27
101.83.241.183 - - [22/May/2022:11:22:26 +0800] "GET /xingrg/check_reg.html?_=1653189746180 HTTP/1.1" 200 22
180.162.224.22 - - [22/May/2022:11:22:28 +0800] "POST /xingrg/kc/base/check_list_operate.html HTTP/1.1" 200 5471
180.162.224.22 - - [22/May/2022:11:22:30 +0800] "GET /xingrg/kc/base/check_order_add.html HTTP/1.1" 200 26434
180.162.224.22 - - [22/May/2022:11:22:30 +0800] "GET /xingrg/dwr/interface/AjaxCheckService.js HTTP/1.1" 200 14003
180.162.224.22 - - [22/May/2022:11:22:30 +0800] "GET /xingrg/dwr/interface/AjaxComOrderService.js HTTP/1.1" 200 18264
180.162.224.22 - - [22/May/2022:11:22:30 +0800] "GET /xingrg/dwr/engine.js HTTP/1.1" 200 43631
120.253.135.82 - - [22/May/2022:11:22:38 +0800] "POST /xingrg/kc/buy/cgsh_list_operate.html HTTP/1.1" 200 371
180.175.103.167 - - [22/May/2022:11:22:39 +0800] "POST /xingrg/kc/base/wldb_order_operate.html HTTP/1.1" 200 37
180.175.103.167 - - [22/May/2022:11:22:40 +0800] "POST /xingrg/kc/base/wldb_order_operate.html HTTP/1.1" 200 9916
180.175.103.167 - - [22/May/2022:11:22:40 +0800] "GET /xingrg/kc/base/wldb_order_info.html?code=422022052200268 HTTP/1.1" 200 30332
180.175.103.167 - - [22/May/2022:11:22:40 +0800] "GET /xingrg/javascript/easyui/themes/default/validatebox.css HTTP/1.1" 404 1104
180.175.103.167 - - [22/May/2022:11:22:41 +0800] "POST /xingrg/kc/base/wldb_order_operate.html HTTP/1.1" 200 9916
180.175.103.167 - - [22/May/2022:11:22:42 +0800] "GET /xingrg/kc/print/load_config.html?kc_code=wldb HTTP/1.1" 200 2173
180.175.103.167 - - [22/May/2022:11:22:42 +0800] "GET /xingrg/kc/print/load_data.html?order_code=422022052200268&kc_code=wldb&condition= HTTP/1.1" 200 2819
180.175.103.167 - - [22/May/2022:11:22:42 +0800] "GET /xingrg/all/function/internal_message.html?_=1653189687898&CODE_STATE=getMsg HTTP/1.1" 200 27
180.175.103.167 - - [22/May/2022:11:22:42 +0800] "GET /xingrg/all/function/internal_message.html?_=1653189763006&CODE_STATE=getMsg HTTP/1.1" 200 27
120.253.135.82 - - [22/May/2022:11:22:42 +0800] "GET /xingrg/kc/buy/cgsh_order_list.html HTTP/1.1" 200 51746
180.162.224.22 - - [22/May/2022:11:22:43 +0800] "POST /xingrg/dwr/call/plaincall/AjaxCheckService.saveOrder.dwr HTTP/1.1" 200 78
180.162.224.22 - - [22/May/2022:11:22:44 +0800] "POST /xingrg/dwr/call/plaincall/AjaxCheckService.loadOrderItems.dwr HTTP/1.1" 200 367
120.253.135.82 - - [22/May/2022:11:22:44 +0800] "GET /xingrg/all/function/internal_message.html?_=1653189870239&CODE_STATE=getMsg HTTP/1.1" 200 27
120.253.135.82 - - [22/May/2022:11:22:45 +0800] "POST /xingrg/kc/buy/cgsh_list_operate.html HTTP/1.1" 200 1675
180.162.224.22 - - [22/May/2022:11:22:45 +0800] "POST /xingrg/kc/report/common_data.html?type=materiel_category_tree HTTP/1.1" 200 3878
180.162.224.22 - - [22/May/2022:11:22:48 +0800] "POST /xingrg/dwr/call/plaincall/AjaxCheckService.importOrderItems.dwr HTTP/1.1" 200 78
180.162.224.22 - - [22/May/2022:11:22:50 +0800] "POST /xingrg/dwr/call/plaincall/AjaxCheckService.loadOrderItems.dwr HTTP/1.1" 200 367
180.175.103.167 - - [22/May/2022:11:22:50 +0800] "POST /xingrg/kc/base/wldb_order_operate.html HTTP/1.1" 200 37
180.175.103.167 - - [22/May/2022:11:22:52 +0800] "POST /xingrg/kc/base/wldb_order_operate.html HTTP/1.1" 200 12
180.175.103.167 - - [22/May/2022:11:22:52 +0800] "POST /xingrg/kc/base/wldb_order_operate.html HTTP/1.1" 200 9912
116.235.92.88 - - [22/May/2022:11:22:53 +0800] "GET /xingrg/all/function/internal_message.html?_=1653189949174&CODE_STATE=getMsg HTTP/1.1" 200 27
180.162.224.22 - - [22/May/2022:11:22:54 +0800] "POST /xingrg/dwr/call/plaincall/AjaxCheckService.deleteOrder.dwr HTTP/1.1" 200 78
222.70.180.114 - - [22/May/2022:11:22:54 +0800] "GET /xingrg/all/function/internal_message.html?_=1653189770521&CODE_STATE=getMsg HTTP/1.1" 200 27
180.162.224.22 - - [22/May/2022:11:22:55 +0800] "GET /xingrg/kc/base/check_order_list.html HTTP/1.1" 200 16481
180.162.224.22 - - [22/May/2022:11:22:55 +0800] "POST /xingrg/kc/base/check_list_operate.html HTTP/1.1" 200 781
58.39.61.91 - - [22/May/2022:11:22:56 +0800] "GET /xingrg/all/function/internal_message.html?_=1653189775715&CODE_STATE=getMsg HTTP/1.1" 200 27
180.175.103.167 - - [22/May/2022:11:22:57 +0800] "GET /xingrg/kc/base/wldb_order_info.html?code=422022052200268 HTTP/1.1" 200 26196
180.175.103.167 - - [22/May/2022:11:22:58 +0800] "GET /xingrg/javascript/easyui/themes/default/validatebox.css HTTP/1.1" 404 1104
180.175.103.167 - - [22/May/2022:11:22:58 +0800] "POST /xingrg/kc/base/wldb_order_operate.html HTTP/1.1" 200 8022
180.175.103.167 - - [22/May/2022:11:23:06 +0800] "GET /xingrg/kc/report/report_main.html HTTP/1.1" 200 7340
180.175.103.167 - - [22/May/2022:11:23:07 +0800] "GET /xingrg/kc/base/kc_stocks.html HTTP/1.1" 200 16437
180.175.103.167 - - [22/May/2022:11:23:07 +0800] "GET /xingrg/javascript/easyui/themes/default/tree.css HTTP/1.1" 404 1090
180.175.103.167 - - [22/May/2022:11:23:07 +0800] "POST /xingrg/all/common/load_tree.html?tree=materiel_sort_tree_json HTTP/1.1" 200 9388
180.175.103.167 - - [22/May/2022:11:23:08 +0800] "POST /xingrg/all/common/load_combo.html?type=base HTTP/1.1" 200 3409
120.253.135.82 - - [22/May/2022:11:23:09 +0800] "GET /xingrg/all/function/internal_message.html?_=1653189599066&CODE_STATE=getMsg HTTP/1.1" 200 27
218.81.223.53 - - [22/May/2022:11:23:14 +0800] "GET /xingrg/all/function/internal_message.html?_=1653189820154&CODE_STATE=getMsg HTTP/1.1" 200 27
180.175.103.167 - - [22/May/2022:11:23:16 +0800] "POST /xingrg/kc/base/stock_operate.html HTTP/1.1" 200 2195
180.162.224.22 - - [22/May/2022:11:23:19 +0800] "GET /xingrg/all/function/internal_message.html?_=1653189800093&CODE_STATE=getMsg HTTP/1.1" 200 27
101.83.241.183 - - [22/May/2022:11:23:24 +0800] "GET /xingrg/all/function/internal_message.html?_=1653189804765&CODE_STATE=getMsg HTTP/1.1" 200 27
180.175.103.167 - - [22/May/2022:11:23:42 +0800] "GET /xingrg/all/function/internal_message.html?_=1653189747899&CODE_STATE=getMsg HTTP/1.1" 200 27
180.175.103.167 - - [22/May/2022:11:23:42 +0800] "GET /xingrg/all/function/internal_message.html?_=1653189822989&CODE_STATE=getMsg HTTP/1.1" 200 27
120.253.135.82 - - [22/May/2022:11:23:44 +0800] "GET /xingrg/all/function/internal_message.html?_=1653189930247&CODE_STATE=getMsg HTTP/1.1" 200 27
222.70.180.114 - - [22/May/2022:11:23:45 +0800] "GET /xingrg/check_reg.html?_=1653189821473 HTTP/1.1" 200 22
116.235.92.88 - - [22/May/2022:11:23:53 +0800] "GET /xingrg/all/function/internal_message.html?_=1653190009199&CODE_STATE=getMsg HTTP/1.1" 200 27
222.70.180.114 - - [22/May/2022:11:23:54 +0800] "GET /xingrg/all/function/internal_message.html?_=1653189830492&CODE_STATE=getMsg HTTP/1.1" 200 27
58.39.61.91 - - [22/May/2022:11:23:56 +0800] "GET /xingrg/check_reg.html?_=1653189835714 HTTP/1.1" 200 22
58.39.61.91 - - [22/May/2022:11:23:56 +0800] "GET /xingrg/all/function/internal_message.html?_=1653189835716&CODE_STATE=getMsg HTTP/1.1" 200 27
218.81.223.53 - - [22/May/2022:11:24:06 +0800] "GET /xingrg/check_reg.html?_=1653189872060 HTTP/1.1" 200 22
120.253.135.82 - - [22/May/2022:11:24:09 +0800] "GET /xingrg/all/function/internal_message.html?_=1653189659074&CODE_STATE=getMsg HTTP/1.1" 200 27
218.81.223.53 - - [22/May/2022:11:24:14 +0800] "GET /xingrg/all/function/internal_message.html?_=1653189880165&CODE_STATE=getMsg HTTP/1.1" 200 27
180.162.224.22 - - [22/May/2022:11:24:19 +0800] "GET /xingrg/all/function/internal_message.html?_=1653189860107&CODE_STATE=getMsg HTTP/1.1" 200 27
120.253.135.82 - - [22/May/2022:11:24:24 +0800] "GET /xingrg/check_reg.html?_=1653189673845 HTTP/1.1" 200 22
101.83.241.183 - - [22/May/2022:11:24:24 +0800] "GET /xingrg/all/function/internal_message.html?_=1653189864741&CODE_STATE=getMsg HTTP/1.1" 200 27
180.175.103.167 - - [22/May/2022:11:24:28 +0800] "GET /xingrg/javascript/easyui/themes/sunny/images/ui-bg_gloss-wave_60_fece2f_500x100.png HTTP/1.1" 304 -
180.175.103.167 - - [22/May/2022:11:24:29 +0800] "GET /xingrg/kc/base/wldb_order_list.html HTTP/1.1" 200 19101
180.175.103.167 - - [22/May/2022:11:24:29 +0800] "POST /xingrg/kc/base/wldb_list_operate.html HTTP/1.1" 200 2176
180.175.103.167 - - [22/May/2022:11:24:42 +0800] "GET /xingrg/all/function/internal_message.html?_=1653189807900&CODE_STATE=getMsg HTTP/1.1" 200 27
180.175.103.167 - - [22/May/2022:11:24:42 +0800] "GET /xingrg/all/function/internal_message.html?_=1653189882982&CODE_STATE=getMsg HTTP/1.1" 200 27
120.253.135.82 - - [22/May/2022:11:24:43 +0800] "GET /xingrg/check_reg.html?_=1653189989293 HTTP/1.1" 200 22
120.253.135.82 - - [22/May/2022:11:24:44 +0800] "GET /xingrg/all/function/internal_message.html?_=1653189990260&CODE_STATE=getMsg HTTP/1.1" 200 27
116.235.92.88 - - [22/May/2022:11:24:53 +0800] "GET /xingrg/all/function/internal_message.html?_=1653190069197&CODE_STATE=getMsg HTTP/1.1" 200 27
116.235.92.88 - - [22/May/2022:11:24:53 +0800] "GET /xingrg/check_reg.html?_=1653190069198 HTTP/1.1" 200 22
222.70.180.114 - - [22/May/2022:11:24:54 +0800] "GET /xingrg/all/function/internal_message.html?_=1653189890462&CODE_STATE=getMsg HTTP/1.1" 200 27
58.39.61.91 - - [22/May/2022:11:24:56 +0800] "GET /xingrg/all/function/internal_message.html?_=1653189895714&CODE_STATE=getMsg HTTP/1.1" 200 27
120.253.135.82 - - [22/May/2022:11:25:09 +0800] "GET /xingrg/all/function/internal_message.html?_=1653189719087&CODE_STATE=getMsg HTTP/1.1" 200 27
218.81.223.53 - - [22/May/2022:11:25:14 +0800] "GET /xingrg/all/function/internal_message.html?_=1653189940179&CODE_STATE=getMsg HTTP/1.1" 200 27
120.253.135.82 - - [22/May/2022:11:25:17 +0800] "GET /xingrg/kc/pszx/mdqp_order_list.html?state=10 HTTP/1.1" 200 10651
120.253.135.82 - - [22/May/2022:11:25:17 +0800] "GET /xingrg/dwr/interface/AjaxReportQueryService.js HTTP/1.1" 200 13203
120.253.135.82 - - [22/May/2022:11:25:17 +0800] "GET /xingrg/dwr/interface/AjaxQqpsService.js HTTP/1.1" 200 16326
120.253.135.82 - - [22/May/2022:11:25:17 +0800] "GET /xingrg/dwr/engine.js HTTP/1.1" 200 43631
180.162.224.22 - - [22/May/2022:11:25:19 +0800] "GET /xingrg/all/function/internal_message.html?_=1653189920104&CODE_STATE=getMsg HTTP/1.1" 200 27
101.83.241.183 - - [22/May/2022:11:25:24 +0800] "POST /xingrg/services/DataTransmitService HTTP/1.1" 200 524
101.83.241.183 - - [22/May/2022:11:25:24 +0800] "POST /xingrg/services/DataTransmitService HTTP/1.1" 200 412
101.83.241.183 - - [22/May/2022:11:25:24 +0800] "GET /xingrg/all/function/internal_message.html?_=1653189924714&CODE_STATE=getMsg HTTP/1.1" 200 27
