117.143.173.250 - - [22/May/2022:10:33:48 +0800] "GET /xingrg/javascript/easyui/themes/sunny/images/ui-bg_gloss-wave_70_ffdd57_500x100.png HTTP/1.1" 200 3830
180.175.103.167 - - [22/May/2022:10:33:48 +0800] "POST /xingrg/kc/base/wldb_order_operate.html HTTP/1.1" 200 29103
117.143.173.250 - - [22/May/2022:10:33:48 +0800] "POST /xingrg/kc/base/stock_operate.html HTTP/1.1" 200 3901
117.143.173.250 - - [22/May/2022:10:33:50 +0800] "POST /xingrg/kc/base/stock_operate.html HTTP/1.1" 200 3901
116.235.92.88 - - [22/May/2022:10:33:53 +0800] "GET /xingrg/all/function/internal_message.html?_=1653187009144&CODE_STATE=getMsg HTTP/1.1" 200 27
117.143.173.250 - - [22/May/2022:10:33:55 +0800] "POST /xingrg/all/common/load_tree.html?tree=area_rest_tree_json&manage=1 HTTP/1.1" 200 710
117.143.173.250 - - [22/May/2022:10:33:55 +0800] "GET /xingrg/javascript/easyui/themes/sunny/images/tree_checkbox_2.gif HTTP/1.1" 200 181
117.143.173.250 - - [22/May/2022:10:33:55 +0800] "GET /xingrg/javascript/easyui/themes/icons/area.png HTTP/1.1" 200 262
117.143.173.250 - - [22/May/2022:10:33:55 +0800] "GET /xingrg/javascript/easyui/themes/icons/manage.png HTTP/1.1" 200 696
117.143.173.250 - - [22/May/2022:10:33:55 +0800] "GET /xingrg/javascript/easyui/themes/sunny/images/tree_checkbox_1.gif HTTP/1.1" 200 174
117.143.173.250 - - [22/May/2022:10:33:55 +0800] "GET /xingrg/javascript/easyui/themes/icons/rest.png HTTP/1.1" 200 695
117.143.173.250 - - [22/May/2022:10:33:55 +0800] "GET /xingrg/javascript/easyui/themes/sunny/images/tree_checkbox_0.gif HTTP/1.1" 200 168
222.70.180.114 - - [22/May/2022:10:33:55 +0800] "GET /xingrg/all/function/internal_message.html?_=1653186831544&CODE_STATE=getMsg HTTP/1.1" 200 27
58.39.61.91 - - [22/May/2022:10:33:56 +0800] "GET /xingrg/all/function/internal_message.html?_=1653186835587&CODE_STATE=getMsg HTTP/1.1" 200 27
58.39.61.91 - - [22/May/2022:10:33:56 +0800] "GET /xingrg/check_reg.html?_=1653186835588 HTTP/1.1" 200 22
180.162.224.22 - - [22/May/2022:10:34:00 +0800] "GET /xingrg/all/function/internal_message.html?_=1653186840956&CODE_STATE=getMsg HTTP/1.1" 200 27
120.253.135.82 - - [22/May/2022:10:34:01 +0800] "GET /xingrg/all/function/internal_message.html?_=1653186651482&CODE_STATE=getMsg HTTP/1.1" 200 27
117.143.173.250 - - [22/May/2022:10:34:02 +0800] "GET /xingrg/all/common/auto_word.html?type=base&rest_code=00101 HTTP/1.1" 200 671
117.143.173.250 - - [22/May/2022:10:34:05 +0800] "POST /xingrg/kc/base/stock_operate.html HTTP/1.1" 200 3818
218.81.223.53 - - [22/May/2022:10:34:06 +0800] "GET /xingrg/check_reg.html?_=1653186872001 HTTP/1.1" 200 22
117.143.173.250 - - [22/May/2022:10:34:06 +0800] "POST /xingrg/kc/base/stock_operate.html HTTP/1.1" 200 3818
117.143.173.250 - - [22/May/2022:10:34:08 +0800] "POST /xingrg/kc/base/stock_operate.html HTTP/1.1" 200 3818
117.143.173.250 - - [22/May/2022:10:34:09 +0800] "POST /xingrg/all/common/load_combo.html?type=base HTTP/1.1" 200 1169
218.81.223.53 - - [22/May/2022:10:34:11 +0800] "GET /xingrg/all/function/internal_message.html?_=1653186877442&CODE_STATE=getMsg HTTP/1.1" 200 27
180.175.103.167 - - [22/May/2022:10:34:13 +0800] "POST /xingrg/kc/base/wldb_order_operate.html HTTP/1.1" 200 37
117.143.173.250 - - [22/May/2022:10:34:14 +0800] "POST /xingrg/kc/base/stock_operate.html HTTP/1.1" 200 765
180.175.103.167 - - [22/May/2022:10:34:14 +0800] "POST /xingrg/kc/base/wldb_order_operate.html HTTP/1.1" 200 27644
180.175.103.167 - - [22/May/2022:10:34:15 +0800] "GET /xingrg/kc/base/wldb_order_info.html?code=422022052200259 HTTP/1.1" 200 30333
117.143.173.250 - - [22/May/2022:10:34:15 +0800] "POST /xingrg/kc/base/stock_operate.html HTTP/1.1" 200 765
180.175.103.167 - - [22/May/2022:10:34:15 +0800] "GET /xingrg/javascript/easyui/themes/default/validatebox.css HTTP/1.1" 404 1104
180.175.103.167 - - [22/May/2022:10:34:15 +0800] "POST /xingrg/kc/base/wldb_order_operate.html HTTP/1.1" 200 27644
117.143.173.250 - - [22/May/2022:10:34:16 +0800] "POST /xingrg/kc/base/stock_operate.html HTTP/1.1" 200 765
180.175.103.167 - - [22/May/2022:10:34:17 +0800] "GET /xingrg/all/function/internal_message.html?_=1653186857403&CODE_STATE=getMsg HTTP/1.1" 200 27
180.175.103.167 - - [22/May/2022:10:34:19 +0800] "GET /xingrg/kc/print/load_data.html?order_code=422022052200259&kc_code=wldb&condition= HTTP/1.1" 200 7991
117.143.173.250 - - [22/May/2022:10:34:21 +0800] "POST /xingrg/kc/base/stock_operate.html HTTP/1.1" 200 3852
120.253.135.82 - - [22/May/2022:10:34:22 +0800] "GET /xingrg/check_reg.html?_=1653186672704 HTTP/1.1" 200 22
101.83.241.183 - - [22/May/2022:10:34:25 +0800] "GET /xingrg/all/function/internal_message.html?_=1653186865660&CODE_STATE=getMsg HTTP/1.1" 200 27
117.143.173.250 - - [22/May/2022:10:34:27 +0800] "GET /xingrg/system/info/unit_group_list.html HTTP/1.1" 200 8548
117.143.173.250 - - [22/May/2022:10:34:27 +0800] "GET /xingrg/dwr/interface/AjaxBaseInfoService.js HTTP/1.1" 200 21363
180.175.103.167 - - [22/May/2022:10:34:42 +0800] "GET /xingrg/all/function/internal_message.html?_=1653186807873&CODE_STATE=getMsg HTTP/1.1" 200 27
120.253.135.82 - - [22/May/2022:10:34:43 +0800] "GET /xingrg/check_reg.html?_=1653186989087 HTTP/1.1" 200 22
120.253.135.82 - - [22/May/2022:10:34:43 +0800] "GET /xingrg/all/function/internal_message.html?_=1653186989440&CODE_STATE=getMsg HTTP/1.1" 200 27
116.235.92.88 - - [22/May/2022:10:34:53 +0800] "GET /xingrg/all/function/internal_message.html?_=1653187069143&CODE_STATE=getMsg HTTP/1.1" 200 27
116.235.92.88 - - [22/May/2022:10:34:53 +0800] "GET /xingrg/check_reg.html?_=1653187069144 HTTP/1.1" 200 22
222.70.180.114 - - [22/May/2022:10:34:55 +0800] "GET /xingrg/all/function/internal_message.html?_=1653186891522&CODE_STATE=getMsg HTTP/1.1" 200 27
58.39.61.91 - - [22/May/2022:10:34:56 +0800] "GET /xingrg/all/function/internal_message.html?_=1653186895591&CODE_STATE=getMsg HTTP/1.1" 200 27
180.162.224.22 - - [22/May/2022:10:35:00 +0800] "GET /xingrg/all/function/internal_message.html?_=1653186900946&CODE_STATE=getMsg HTTP/1.1" 200 27
120.253.135.82 - - [22/May/2022:10:35:01 +0800] "GET /xingrg/all/function/internal_message.html?_=1653186711481&CODE_STATE=getMsg HTTP/1.1" 200 27
218.81.223.53 - - [22/May/2022:10:35:11 +0800] "GET /xingrg/all/function/internal_message.html?_=1653186937456&CODE_STATE=getMsg HTTP/1.1" 200 27
180.162.224.22 - - [22/May/2022:10:35:15 +0800] "GET /xingrg/kc/report/report_main.html HTTP/1.1" 200 7340
180.162.224.22 - - [22/May/2022:10:35:16 +0800] "GET /xingrg/kc/base/kc_stocks.html HTTP/1.1" 200 16437
180.162.224.22 - - [22/May/2022:10:35:16 +0800] "GET /xingrg/javascript/easyui/themes/default/tree.css HTTP/1.1" 404 1090
180.162.224.22 - - [22/May/2022:10:35:16 +0800] "GET /xingrg/all/common/auto_word.html?type=base&rest_code=00102 HTTP/1.1" 200 1807
180.162.224.22 - - [22/May/2022:10:35:16 +0800] "POST /xingrg/all/common/load_tree.html?tree=materiel_sort_tree_json HTTP/1.1" 200 9388
180.175.103.167 - - [22/May/2022:10:35:17 +0800] "GET /xingrg/all/function/internal_message.html?_=1653186917375&CODE_STATE=getMsg HTTP/1.1" 200 27
180.162.224.22 - - [22/May/2022:10:35:25 +0800] "POST /xingrg/kc/base/stock_operate.html HTTP/1.1" 200 1455
101.83.241.183 - - [22/May/2022:10:35:25 +0800] "GET /xingrg/all/function/internal_message.html?_=1653186925632&CODE_STATE=getMsg HTTP/1.1" 200 27
180.162.224.22 - - [22/May/2022:10:35:32 +0800] "GET /xingrg/kc/base/stock_detail.html?m=00101013198 HTTP/1.1" 200 7319
180.162.224.22 - - [22/May/2022:10:35:40 +0800] "GET /xingrg/kc/base/stock_operate.html?_=1653186941148&command=get_report_file&start_day=20220301 HTTP/1.1" 200 53
180.162.224.22 - - [22/May/2022:10:35:40 +0800] "GET /xingrg/all/report/report_query.html?isQuery=1&onlyBody=1&rh=2000&fileName=kc/base/kc_stock_detail_new.xml&queryString=(1=1)&queryText=&tableQueryString=init_table$sp1$$sp$crk_table$sp1$order_day%20between%2020220301%20and%2020220331&varString=start_day:20220301,materiel_code:00101013198,cost_id:3590,end_date:20220228 HTTP/1.1" 200 48701
180.162.224.22 - - [22/May/2022:10:35:40 +0800] "GET /xingrg/dwr/interface/AjaxReportQueryService.js HTTP/1.1" 200 13203
180.162.224.22 - - [22/May/2022:10:35:40 +0800] "GET /xingrg/dwr/engine.js HTTP/1.1" 200 43631
180.162.224.22 - - [22/May/2022:10:35:41 +0800] "POST /xingrg/all/report/load_report_page.html HTTP/1.1" 200 39751
180.162.224.22 - - [22/May/2022:10:35:41 +0800] "GET /xingrg/servlets/image?cache=0.16567925697359787&image=px HTTP/1.1" 200 807
180.175.103.167 - - [22/May/2022:10:35:42 +0800] "GET /xingrg/check_reg.html?_=1653186867873 HTTP/1.1" 200 22
180.175.103.167 - - [22/May/2022:10:35:42 +0800] "GET /xingrg/all/function/internal_message.html?_=1653186867876&CODE_STATE=getMsg HTTP/1.1" 200 27
120.253.135.82 - - [22/May/2022:10:35:43 +0800] "GET /xingrg/all/function/internal_message.html?_=1653187049454&CODE_STATE=getMsg HTTP/1.1" 200 27
180.162.224.22 - - [22/May/2022:10:35:44 +0800] "GET /xingrg/kc/guide/show_order.html?code=312022030500081&type=31 HTTP/1.1" 302 -
180.162.224.22 - - [22/May/2022:10:35:44 +0800] "GET /xingrg/kc/mdqp/pssh_order_info.html?code=312022030500081&sysBaseUrl=http%3A%2F%2F180.169.147.146%3A18081%2Fxingrg%2F&costTime=1×tamp=1653186944639 HTTP/1.1" 200 14386
180.162.224.22 - - [22/May/2022:10:35:44 +0800] "GET /xingrg/javascript/jquery_tools/jquery-1.4.2.min.js HTTP/1.1" 404 1094
180.162.224.22 - - [22/May/2022:10:35:44 +0800] "GET /xingrg/words/20220521165229_words.js HTTP/1.1" 200 898127
180.162.224.22 - - [22/May/2022:10:35:44 +0800] "GET /favicon.ico HTTP/1.1" 404 -
180.162.224.22 - - [22/May/2022:10:35:45 +0800] "POST /xingrg/kc/mdqp/pssh_order_operate.html HTTP/1.1" 200 2614
180.162.224.22 - - [22/May/2022:10:35:45 +0800] "GET /xingrg/javascript/easyui/themes/default/validatebox.css HTTP/1.1" 404 1104
116.235.92.88 - - [22/May/2022:10:35:53 +0800] "GET /xingrg/all/function/internal_message.html?_=1653187129142&CODE_STATE=getMsg HTTP/1.1" 200 27
222.70.180.114 - - [22/May/2022:10:35:55 +0800] "GET /xingrg/all/function/internal_message.html?_=1653186951503&CODE_STATE=getMsg HTTP/1.1" 200 27
58.39.61.91 - - [22/May/2022:10:35:56 +0800] "GET /xingrg/all/function/internal_message.html?_=1653186955589&CODE_STATE=getMsg HTTP/1.1" 200 27
180.162.224.22 - - [22/May/2022:10:36:00 +0800] "GET /xingrg/all/function/internal_message.html?_=1653186960962&CODE_STATE=getMsg HTTP/1.1" 200 27
120.253.135.82 - - [22/May/2022:10:36:01 +0800] "GET /xingrg/all/function/internal_message.html?_=1653186771494&CODE_STATE=getMsg HTTP/1.1" 200 27
218.81.223.53 - - [22/May/2022:10:36:11 +0800] "GET /xingrg/all/function/internal_message.html?_=1653186997569&CODE_STATE=getMsg HTTP/1.1" 200 27
180.162.224.22 - - [22/May/2022:10:36:14 +0800] "POST /xingrg/kc/base/stock_operate.html HTTP/1.1" 200 1683
180.175.103.167 - - [22/May/2022:10:36:17 +0800] "GET /xingrg/check_reg.html?_=1653186977347 HTTP/1.1" 200 22
180.175.103.167 - - [22/May/2022:10:36:17 +0800] "GET /xingrg/all/function/internal_message.html?_=1653186977350&CODE_STATE=getMsg HTTP/1.1" 200 27
180.162.224.22 - - [22/May/2022:10:36:18 +0800] "GET /xingrg/kc/base/stock_detail.html?m=00101013278 HTTP/1.1" 200 7319
180.175.103.167 - - [22/May/2022:10:36:19 +0800] "GET /xingrg/kc/base/wldb_order_list.html HTTP/1.1" 200 19101
180.175.103.167 - - [22/May/2022:10:36:20 +0800] "POST /xingrg/kc/base/wldb_list_operate.html HTTP/1.1" 200 2955
180.175.103.167 - - [22/May/2022:10:36:23 +0800] "GET /xingrg/kc/base/wldb_order_add.html HTTP/1.1" 200 30315
180.175.103.167 - - [22/May/2022:10:36:24 +0800] "GET /xingrg/javascript/easyui/themes/default/validatebox.css HTTP/1.1" 404 1104
180.175.103.167 - - [22/May/2022:10:36:24 +0800] "POST /xingrg/kc/base/wldb_order_operate.html HTTP/1.1" 200 6806
101.83.241.183 - - [22/May/2022:10:36:25 +0800] "GET /xingrg/all/function/internal_message.html?_=1653186985617&CODE_STATE=getMsg HTTP/1.1" 200 27
180.175.103.167 - - [22/May/2022:10:36:42 +0800] "GET /xingrg/all/function/internal_message.html?_=1653186927877&CODE_STATE=getMsg HTTP/1.1" 200 27
120.253.135.82 - - [22/May/2022:10:36:43 +0800] "GET /xingrg/all/function/internal_message.html?_=1653187109468&CODE_STATE=getMsg HTTP/1.1" 200 27
120.253.135.82 - - [22/May/2022:10:36:53 +0800] "GET /xingrg/kc/buy/cgsh_order_add.html HTTP/1.1" 200 66592
116.235.92.88 - - [22/May/2022:10:36:53 +0800] "GET /xingrg/all/function/internal_message.html?_=1653187189141&CODE_STATE=getMsg HTTP/1.1" 200 27
120.253.135.82 - - [22/May/2022:10:36:53 +0800] "POST /xingrg/kc/buy/cgsh_order_operate.html HTTP/1.1" 200 8245
120.253.135.82 - - [22/May/2022:10:36:54 +0800] "GET /xingrg/javascript/easyui/themes/default/validatebox.css HTTP/1.1" 404 1104
222.70.180.114 - - [22/May/2022:10:36:55 +0800] "GET /xingrg/all/function/internal_message.html?_=1653187011484&CODE_STATE=getMsg HTTP/1.1" 200 27
58.39.61.91 - - [22/May/2022:10:36:56 +0800] "GET /xingrg/all/function/internal_message.html?_=1653187015588&CODE_STATE=getMsg HTTP/1.1" 200 27
180.162.224.22 - - [22/May/2022:10:37:00 +0800] "GET /xingrg/all/function/internal_message.html?_=1653187020957&CODE_STATE=getMsg HTTP/1.1" 200 27
120.253.135.82 - - [22/May/2022:10:37:01 +0800] "GET /xingrg/all/function/internal_message.html?_=1653186831509&CODE_STATE=getMsg HTTP/1.1" 200 27
218.81.223.53 - - [22/May/2022:10:37:11 +0800] "GET /xingrg/all/function/internal_message.html?_=1653187057577&CODE_STATE=getMsg HTTP/1.1" 200 27
180.175.103.167 - - [22/May/2022:10:37:17 +0800] "GET /xingrg/all/function/internal_message.html?_=1653187037350&CODE_STATE=getMsg HTTP/1.1" 200 27
101.83.241.183 - - [22/May/2022:10:37:25 +0800] "GET /xingrg/all/function/internal_message.html?_=1653187045624&CODE_STATE=getMsg HTTP/1.1" 200 27
101.83.241.183 - - [22/May/2022:10:37:26 +0800] "GET /xingrg/check_reg.html?_=1653187046022 HTTP/1.1" 200 22
180.175.103.167 - - [22/May/2022:10:37:42 +0800] "GET /xingrg/all/function/internal_message.html?_=1653186987878&CODE_STATE=getMsg HTTP/1.1" 200 27
120.253.135.82 - - [22/May/2022:10:37:43 +0800] "GET /xingrg/all/function/internal_message.html?_=1653187169501&CODE_STATE=getMsg HTTP/1.1" 200 27
116.235.92.88 - - [22/May/2022:10:37:53 +0800] "GET /xingrg/all/function/internal_message.html?_=1653187249140&CODE_STATE=getMsg HTTP/1.1" 200 27
222.70.180.114 - - [22/May/2022:10:37:55 +0800] "GET /xingrg/all/function/internal_message.html?_=1653187071466&CODE_STATE=getMsg HTTP/1.1" 200 27
58.39.61.91 - - [22/May/2022:10:37:56 +0800] "GET /xingrg/all/function/internal_message.html?_=1653187075587&CODE_STATE=getMsg HTTP/1.1" 200 27
180.162.224.22 - - [22/May/2022:10:38:00 +0800] "GET /xingrg/check_reg.html?_=1653187080947 HTTP/1.1" 200 22
180.162.224.22 - - [22/May/2022:10:38:00 +0800] "GET /xingrg/all/function/internal_message.html?_=1653187080949&CODE_STATE=getMsg HTTP/1.1" 200 27
120.253.135.82 - - [22/May/2022:10:38:01 +0800] "GET /xingrg/all/function/internal_message.html?_=1653186891522&CODE_STATE=getMsg HTTP/1.1" 200 27
180.162.224.22 - - [22/May/2022:10:38:01 +0800] "POST /xingrg/kc/base/stock_operate.html HTTP/1.1" 200 1672
180.162.224.22 - - [22/May/2022:10:38:02 +0800] "GET /xingrg/kc/base/stock_detail.html?m=00101014107 HTTP/1.1" 200 7317
180.162.224.22 - - [22/May/2022:10:38:06 +0800] "GET /xingrg/kc/base/stock_operate.html?_=1653187086589&command=get_report_file&start_day=20220301 HTTP/1.1" 200 53
180.162.224.22 - - [22/May/2022:10:38:06 +0800] "GET /xingrg/dwr/interface/AjaxReportQueryService.js HTTP/1.1" 200 13203
180.162.224.22 - - [22/May/2022:10:38:06 +0800] "GET /xingrg/all/report/report_query.html?isQuery=1&onlyBody=1&rh=2000&fileName=kc/base/kc_stock_detail_new.xml&queryString=(1=1)&queryText=&tableQueryString=init_table$sp1$$sp$crk_table$sp1$order_day%20between%2020220301%20and%2020220531&varString=start_day:20220301,materiel_code:00101014107,cost_id:3590,end_date:20220228 HTTP/1.1" 200 48701
180.162.224.22 - - [22/May/2022:10:38:06 +0800] "GET /xingrg/dwr/engine.js HTTP/1.1" 200 43631
180.162.224.22 - - [22/May/2022:10:38:06 +0800] "POST /xingrg/all/report/load_report_page.html HTTP/1.1" 200 25179
180.162.224.22 - - [22/May/2022:10:38:06 +0800] "GET /xingrg/servlets/image?cache=0.054378487173116774&image=px HTTP/1.1" 200 807
180.162.224.22 - - [22/May/2022:10:38:10 +0800] "GET /xingrg/kc/guide/show_order.html?code=212022030702481&type=21 HTTP/1.1" 302 -
180.162.224.22 - - [22/May/2022:10:38:10 +0800] "GET /xingrg/kc/buy/cgsh_order_info.html?code=212022030702481&sysBaseUrl=http%3A%2F%2F180.169.147.146%3A18081%2Fxingrg%2F&costTime=0×tamp=1653187090396 HTTP/1.1" 200 62690
180.162.224.22 - - [22/May/2022:10:38:10 +0800] "GET /favicon.ico HTTP/1.1" 404 -
180.162.224.22 - - [22/May/2022:10:38:10 +0800] "GET /xingrg/javascript/easyui/themes/default/validatebox.css HTTP/1.1" 404 1104
180.162.224.22 - - [22/May/2022:10:38:11 +0800] "POST /xingrg/kc/buy/cgsh_order_operate.html HTTP/1.1" 200 602
218.81.223.53 - - [22/May/2022:10:38:12 +0800] "GET /xingrg/all/function/internal_message.html?_=1653187117701&CODE_STATE=getMsg HTTP/1.1" 200 27
180.175.103.167 - - [22/May/2022:10:38:17 +0800] "GET /xingrg/all/function/internal_message.html?_=1653187097305&CODE_STATE=getMsg HTTP/1.1" 200 27
180.162.224.22 - - [22/May/2022:10:38:23 +0800] "POST /xingrg/all/user/operate.html HTTP/1.1" 200 36
180.162.224.22 - - [22/May/2022:10:38:23 +0800] "GET /xingrg/index.html?sysBaseUrl=http%3A%2F%2F180.169.147.146%3A18081%2Fxingrg%2F&costTime=39×tamp=1653182270176 HTTP/1.1" 200 17509
180.162.224.22 - - [22/May/2022:10:38:23 +0800] "GET /xingrg/javascript/jquery_easy_ui/themes/default/easyui.css HTTP/1.1" 304 -
180.162.224.22 - - [22/May/2022:10:38:23 +0800] "GET /xingrg/javascript/jquery_easy_ui/themes/icon.css HTTP/1.1" 304 -
180.162.224.22 - - [22/May/2022:10:38:23 +0800] "GET /xingrg/css/form.css HTTP/1.1" 304 -
180.162.224.22 - - [22/May/2022:10:38:23 +0800] "GET /xingrg/javascript/jquery-1.4.2.min.js HTTP/1.1" 304 -
180.162.224.22 - - [22/May/2022:10:38:23 +0800] "GET /xingrg/javascript/jquery_easy_ui/jquery.easyui.min.js HTTP/1.1" 304 -
180.162.224.22 - - [22/May/2022:10:38:23 +0800] "GET /xingrg/javascript/jquery_easy_ui/easyui-lang-zh_CN.js HTTP/1.1" 304 -
180.162.224.22 - - [22/May/2022:10:38:23 +0800] "GET /xingrg/javascript/jquery.form.js HTTP/1.1" 304 -
180.162.224.22 - - [22/May/2022:10:38:23 +0800] "GET /xingrg/javascript/jquery.utils.js HTTP/1.1" 304 -
180.162.224.22 - - [22/May/2022:10:38:23 +0800] "GET /xingrg/javascript/jquery.timers.js HTTP/1.1" 304 -
180.162.224.22 - - [22/May/2022:10:38:23 +0800] "GET /xingrg/images/blue/jxLogo.png HTTP/1.1" 304 -
180.162.224.22 - - [22/May/2022:10:38:23 +0800] "GET /xingrg/images/blue/navBackgound.jpg HTTP/1.1" 304 -
180.162.224.22 - - [22/May/2022:10:38:23 +0800] "GET /xingrg/javascript/jquery_easy_ui/themes/icons/settle_new.png HTTP/1.1" 304 -
180.162.224.22 - - [22/May/2022:10:38:23 +0800] "POST /xingrg/all/common/load_tree.html?tree=area_rest_tree_json&manage=1 HTTP/1.1" 200 3472
180.162.224.22 - - [22/May/2022:10:38:23 +0800] "GET /xingrg/javascript/jquery_easy_ui/themes/default/images/panel_tool_expand.gif HTTP/1.1" 304 -
180.162.224.22 - - [22/May/2022:10:38:23 +0800] "GET /xingrg/all/function/internal_message.html?_=1653187104237&CODE_STATE=count HTTP/1.1" 200 11
180.162.224.22 - - [22/May/2022:10:38:23 +0800] "GET /xingrg/check_reg.html?_=1653187104238 HTTP/1.1" 200 22
180.162.224.22 - - [22/May/2022:10:38:23 +0800] "GET /xingrg/javascript/jquery_easy_ui/themes/default/images/panel_tool_collapse.gif HTTP/1.1" 304 -
180.162.224.22 - - [22/May/2022:10:38:23 +0800] "GET /xingrg/javascript/jquery_easy_ui/themes/default/images/tabs_rightarrow.png HTTP/1.1" 304 -
180.162.224.22 - - [22/May/2022:10:38:23 +0800] "GET /xingrg/javascript/jquery_easy_ui/themes/default/images/tabs_leftarrow.png HTTP/1.1" 304 -
180.162.224.22 - - [22/May/2022:10:38:23 +0800] "GET /xingrg/images/blue/pingpu.png HTTP/1.1" 304 -
180.162.224.22 - - [22/May/2022:10:38:23 +0800] "POST /xingrg/load_menu.html HTTP/1.1" 200 9959
180.162.224.22 - - [22/May/2022:10:38:24 +0800] "GET /xingrg/kc/report/report_main.html HTTP/1.1" 200 7340
180.162.224.22 - - [22/May/2022:10:38:25 +0800] "GET /xingrg/kc/base/kc_stocks.html HTTP/1.1" 200 16443
180.162.224.22 - - [22/May/2022:10:38:25 +0800] "GET /xingrg/javascript/easyui/themes/default/tree.css HTTP/1.1" 404 1090
180.162.224.22 - - [22/May/2022:10:38:25 +0800] "GET /xingrg/all/common/auto_word.html?type=base&rest_code=00149 HTTP/1.1" 200 1907
180.162.224.22 - - [22/May/2022:10:38:25 +0800] "POST /xingrg/all/common/load_tree.html?tree=materiel_sort_tree_json HTTP/1.1" 200 9388
101.83.241.183 - - [22/May/2022:10:38:25 +0800] "GET /xingrg/all/function/internal_message.html?_=1653187105601&CODE_STATE=getMsg HTTP/1.1" 200 27
180.162.224.22 - - [22/May/2022:10:38:30 +0800] "POST /xingrg/kc/base/stock_operate.html HTTP/1.1" 200 1680
180.162.224.22 - - [22/May/2022:10:38:31 +0800] "GET /xingrg/kc/base/stock_detail.html?m=00101019421 HTTP/1.1" 200 7397
116.230.110.173 - - [22/May/2022:10:38:32 +0800] "POST /xingrg/services/DataTransmitService HTTP/1.1" 200 524
180.162.224.22 - - [22/May/2022:10:38:35 +0800] "GET /xingrg/kc/base/stock_operate.html?_=1653187116218&command=get_report_file&start_day=20220301 HTTP/1.1" 200 53
180.162.224.22 - - [22/May/2022:10:38:35 +0800] "GET /xingrg/all/report/report_query.html?isQuery=1&onlyBody=1&rh=2000&fileName=kc/base/kc_stock_detail_new.xml&queryString=(1=1)&queryText=&tableQueryString=init_table$sp1$$sp$crk_table$sp1$order_day%20between%2020220301%20and%2020220531&varString=start_day:20220301,materiel_code:00101019421,cost_id:3578,end_date:20220228 HTTP/1.1" 200 48701
180.162.224.22 - - [22/May/2022:10:38:35 +0800] "GET /xingrg/dwr/interface/AjaxReportQueryService.js HTTP/1.1" 200 13203
180.162.224.22 - - [22/May/2022:10:38:35 +0800] "GET /xingrg/dwr/engine.js HTTP/1.1" 200 43631
180.162.224.22 - - [22/May/2022:10:38:36 +0800] "POST /xingrg/all/report/load_report_page.html HTTP/1.1" 200 29835
180.162.224.22 - - [22/May/2022:10:38:36 +0800] "GET /xingrg/servlets/image?cache=0.8459205041059651&image=px HTTP/1.1" 200 807
180.175.103.167 - - [22/May/2022:10:38:42 +0800] "GET /xingrg/all/function/internal_message.html?_=1653187047878&CODE_STATE=getMsg HTTP/1.1" 200 27
120.253.135.82 - - [22/May/2022:10:38:43 +0800] "GET /xingrg/all/function/internal_message.html?_=1653187229510&CODE_STATE=getMsg HTTP/1.1" 200 27
222.70.180.114 - - [22/May/2022:10:38:45 +0800] "GET /xingrg/check_reg.html?_=1653187121393 HTTP/1.1" 200 22
116.235.92.88 - - [22/May/2022:10:38:53 +0800] "GET /xingrg/all/function/internal_message.html?_=1653187309138&CODE_STATE=getMsg HTTP/1.1" 200 27
222.70.180.114 - - [22/May/2022:10:38:55 +0800] "GET /xingrg/all/function/internal_message.html?_=1653187131442&CODE_STATE=getMsg HTTP/1.1" 200 27
58.39.61.91 - - [22/May/2022:10:38:56 +0800] "GET /xingrg/all/function/internal_message.html?_=1653187135586&CODE_STATE=getMsg HTTP/1.1" 200 27
58.39.61.91 - - [22/May/2022:10:38:56 +0800] "GET /xingrg/check_reg.html?_=1653187135587 HTTP/1.1" 200 22
120.253.135.82 - - [22/May/2022:10:39:01 +0800] "GET /xingrg/all/function/internal_message.html?_=1653186951536&CODE_STATE=getMsg HTTP/1.1" 200 27
218.81.223.53 - - [22/May/2022:10:39:06 +0800] "GET /xingrg/check_reg.html?_=1653187172004 HTTP/1.1" 200 22
218.81.223.53 - - [22/May/2022:10:39:12 +0800] "GET /xingrg/all/function/internal_message.html?_=1653187177713&CODE_STATE=getMsg HTTP/1.1" 200 27
180.175.103.167 - - [22/May/2022:10:39:17 +0800] "GET /xingrg/all/function/internal_message.html?_=1653187157275&CODE_STATE=getMsg HTTP/1.1" 200 27
124.78.157.47 - - [22/May/2022:10:39:19 +0800] "GET /xingrg/login.html?r=1 HTTP/1.1" 200 7641
124.78.157.47 - - [22/May/2022:10:39:19 +0800] "GET /favicon.ico HTTP/1.1" 404 -
124.78.157.47 - - [22/May/2022:10:39:21 +0800] "POST /xingrg/login.do HTTP/1.1" 302 -
124.78.157.47 - - [22/May/2022:10:39:21 +0800] "GET /xingrg/index.html?sysBaseUrl=http%3A%2F%2F180.169.147.146%3A18081%2Fxingrg%2F&costTime=45×tamp=1653187161721 HTTP/1.1" 200 17173
124.78.157.47 - - [22/May/2022:10:39:21 +0800] "GET /favicon.ico HTTP/1.1" 404 -
124.78.157.47 - - [22/May/2022:10:39:21 +0800] "POST /xingrg/all/common/load_tree.html?tree=area_rest_tree_json&manage=1 HTTP/1.1" 200 342
124.78.157.47 - - [22/May/2022:10:39:21 +0800] "GET /xingrg/all/function/internal_message.html?_=1653187165104&CODE_STATE=count HTTP/1.1" 200 11
124.78.157.47 - - [22/May/2022:10:39:21 +0800] "GET /xingrg/check_reg.html?_=1653187165105 HTTP/1.1" 200 22
124.78.157.47 - - [22/May/2022:10:39:21 +0800] "POST /xingrg/load_menu.html HTTP/1.1" 200 5138
120.253.135.82 - - [22/May/2022:10:39:23 +0800] "GET /xingrg/check_reg.html?_=1653186972933 HTTP/1.1" 200 22
124.78.157.47 - - [22/May/2022:10:39:23 +0800] "GET /xingrg/kc/buy/buy_main.html HTTP/1.1" 200 12412
124.78.157.47 - - [22/May/2022:10:39:23 +0800] "GET /xingrg/css/new_ie.css HTTP/1.1" 404 1036
180.162.224.22 - - [22/May/2022:10:39:23 +0800] "GET /xingrg/all/function/internal_message.html?_=1653187164271&CODE_STATE=getMsg HTTP/1.1" 200 27
101.83.241.183 - - [22/May/2022:10:39:25 +0800] "GET /xingrg/all/function/internal_message.html?_=1653187165586&CODE_STATE=getMsg HTTP/1.1" 200 27
124.78.157.47 - - [22/May/2022:10:39:25 +0800] "GET /xingrg/images/yd/bt.gif HTTP/1.1" 404 1040
124.78.157.47 - - [22/May/2022:10:39:27 +0800] "GET /xingrg/kc/buy/cgsh_order_list.html HTTP/1.1" 200 51746
124.78.157.47 - - [22/May/2022:10:39:28 +0800] "POST /xingrg/kc/buy/cgsh_list_operate.html HTTP/1.1" 200 876
124.78.157.47 - - [22/May/2022:10:39:29 +0800] "GET /xingrg/kc/buy/cgsh_order_add.html HTTP/1.1" 200 67563
124.78.157.47 - - [22/May/2022:10:39:29 +0800] "GET /xingrg/words/20220521165229_words.js HTTP/1.1" 304 -
124.78.157.47 - - [22/May/2022:10:39:29 +0800] "GET /xingrg/all/common/auto_word.html?type=employee&rest_code=00106 HTTP/1.1" 200 205
124.78.157.47 - - [22/May/2022:10:39:29 +0800] "GET /xingrg/javascript/easyui/themes/default/validatebox.css HTTP/1.1" 404 1104
124.78.157.47 - - [22/May/2022:10:39:29 +0800] "GET /xingrg/all/common/auto_word.html?type=employee&rest_code=00106 HTTP/1.1" 200 205
124.78.157.47 - - [22/May/2022:10:39:29 +0800] "POST /xingrg/kc/buy/cgsh_order_operate.html HTTP/1.1" 200 8245
124.78.157.47 - - [22/May/2022:10:39:32 +0800] "GET /xingrg/javascript/jquery_tools/images/next.gif HTTP/1.1" 404 1086
124.78.157.47 - - [22/May/2022:10:39:32 +0800] "GET /xingrg/javascript/jquery_tools/images/prev.gif HTTP/1.1" 404 1086
114.84.147.169 - - [22/May/2022:10:39:33 +0800] "POST /xingrg/services/DataTransmitService HTTP/1.1" 200 524
180.175.103.167 - - [22/May/2022:10:39:42 +0800] "GET /xingrg/all/function/internal_message.html?_=1653187107879&CODE_STATE=getMsg HTTP/1.1" 200 27
120.253.135.82 - - [22/May/2022:10:39:43 +0800] "GET /xingrg/check_reg.html?_=1653187289108 HTTP/1.1" 200 22
120.253.135.82 - - [22/May/2022:10:39:43 +0800] "GET /xingrg/all/function/internal_message.html?_=1653187289526&CODE_STATE=getMsg HTTP/1.1" 200 27
116.235.92.88 - - [22/May/2022:10:39:53 +0800] "GET /xingrg/check_reg.html?_=1653187369153 HTTP/1.1" 200 22
116.235.92.88 - - [22/May/2022:10:39:53 +0800] "GET /xingrg/all/function/internal_message.html?_=1653187369152&CODE_STATE=getMsg HTTP/1.1" 200 27
222.70.180.114 - - [22/May/2022:10:39:55 +0800] "GET /xingrg/all/function/internal_message.html?_=1653187191415&CODE_STATE=getMsg HTTP/1.1" 200 27
58.39.61.91 - - [22/May/2022:10:39:56 +0800] "GET /xingrg/all/function/internal_message.html?_=1653187195586&CODE_STATE=getMsg HTTP/1.1" 200 27
120.253.135.82 - - [22/May/2022:10:40:01 +0800] "GET /xingrg/all/function/internal_message.html?_=1653187011550&CODE_STATE=getMsg HTTP/1.1" 200 27
218.81.223.53 - - [22/May/2022:10:40:12 +0800] "GET /xingrg/all/function/internal_message.html?_=1653187237726&CODE_STATE=getMsg HTTP/1.1" 200 27
124.78.157.47 - - [22/May/2022:10:40:21 +0800] "GET /xingrg/all/function/internal_message.html?_=1653187225116&CODE_STATE=getMsg HTTP/1.1" 200 27
180.162.224.22 - - [22/May/2022:10:40:23 +0800] "GET /xingrg/all/function/internal_message.html?_=1653187224246&CODE_STATE=getMsg HTTP/1.1" 200 27
101.83.241.183 - - [22/May/2022:10:40:25 +0800] "GET /xingrg/all/function/internal_message.html?_=1653187225558&CODE_STATE=getMsg HTTP/1.1" 200 27
180.175.103.167 - - [22/May/2022:10:40:42 +0800] "GET /xingrg/check_reg.html?_=1653187167880 HTTP/1.1" 200 22
180.175.103.167 - - [22/May/2022:10:40:42 +0800] "GET /xingrg/all/function/internal_message.html?_=1653187167883&CODE_STATE=getMsg HTTP/1.1" 200 27
120.253.135.82 - - [22/May/2022:10:40:43 +0800] "GET /xingrg/all/function/internal_message.html?_=1653187349538&CODE_STATE=getMsg HTTP/1.1" 200 27
116.235.92.88 - - [22/May/2022:10:40:53 +0800] "GET /xingrg/all/function/internal_message.html?_=1653187429151&CODE_STATE=getMsg HTTP/1.1" 200 27
222.70.180.114 - - [22/May/2022:10:40:55 +0800] "GET /xingrg/all/function/internal_message.html?_=1653187251397&CODE_STATE=getMsg HTTP/1.1" 200 27
58.39.61.91 - - [22/May/2022:10:40:56 +0800] "GET /xingrg/all/function/internal_message.html?_=1653187255601&CODE_STATE=getMsg HTTP/1.1" 200 27
120.253.135.82 - - [22/May/2022:10:41:01 +0800] "GET /xingrg/all/function/internal_message.html?_=1653187071781&CODE_STATE=getMsg HTTP/1.1" 200 27
218.81.223.53 - - [22/May/2022:10:41:12 +0800] "GET /xingrg/all/function/internal_message.html?_=1653187297842&CODE_STATE=getMsg HTTP/1.1" 200 27
124.78.157.47 - - [22/May/2022:10:41:21 +0800] "GET /xingrg/all/function/internal_message.html?_=1653187285115&CODE_STATE=getMsg HTTP/1.1" 200 27
180.162.224.22 - - [22/May/2022:10:41:23 +0800] "GET /xingrg/all/function/internal_message.html?_=1653187284256&CODE_STATE=getMsg HTTP/1.1" 200 27
101.83.241.183 - - [22/May/2022:10:41:25 +0800] "GET /xingrg/all/function/internal_message.html?_=1653187285528&CODE_STATE=getMsg HTTP/1.1" 200 27
180.175.103.167 - - [22/May/2022:10:41:36 +0800] "POST /xingrg/kc/base/wldb_order_operate.html HTTP/1.1" 200 37
180.175.103.167 - - [22/May/2022:10:41:36 +0800] "POST /xingrg/kc/base/wldb_order_operate.html HTTP/1.1" 200 1710
180.175.103.167 - - [22/May/2022:10:41:37 +0800] "GET /xingrg/kc/base/wldb_order_info.html?code=422022052200260 HTTP/1.1" 200 30327
180.175.103.167 - - [22/May/2022:10:41:37 +0800] "GET /xingrg/javascript/easyui/themes/default/validatebox.css HTTP/1.1" 404 1104
180.175.103.167 - - [22/May/2022:10:41:37 +0800] "POST /xingrg/kc/base/wldb_order_operate.html HTTP/1.1" 200 1710
180.175.103.167 - - [22/May/2022:10:41:42 +0800] "GET /xingrg/all/function/internal_message.html?_=1653187227882&CODE_STATE=getMsg HTTP/1.1" 200 27
120.253.135.82 - - [22/May/2022:10:41:43 +0800] "GET /xingrg/all/function/internal_message.html?_=1653187409552&CODE_STATE=getMsg HTTP/1.1" 200 27
116.235.92.88 - - [22/May/2022:10:41:53 +0800] "GET /xingrg/all/function/internal_message.html?_=1653187489149&CODE_STATE=getMsg HTTP/1.1" 200 27
222.70.180.114 - - [22/May/2022:10:41:55 +0800] "GET /xingrg/all/function/internal_message.html?_=1653187311406&CODE_STATE=getMsg HTTP/1.1" 200 27
58.39.61.91 - - [22/May/2022:10:41:56 +0800] "GET /xingrg/all/function/internal_message.html?_=1653187315600&CODE_STATE=getMsg HTTP/1.1" 200 27
120.253.135.82 - - [22/May/2022:10:42:01 +0800] "GET /xingrg/all/function/internal_message.html?_=1653187131795&CODE_STATE=getMsg HTTP/1.1" 200 27
180.175.103.167 - - [22/May/2022:10:42:10 +0800] "GET /xingrg/kc/base/wldb_order_operate.html?command=load_stock&code=422022052200260 HTTP/1.1" 200 12
218.81.223.53 - - [22/May/2022:10:42:12 +0800] "GET /xingrg/all/function/internal_message.html?_=1653187357848&CODE_STATE=getMsg HTTP/1.1" 200 27
180.175.103.167 - - [22/May/2022:10:42:15 +0800] "GET /xingrg/kc/base/wldb_order_info.html?code=422022052200260 HTTP/1.1" 200 30327
180.175.103.167 - - [22/May/2022:10:42:15 +0800] "GET /xingrg/javascript/easyui/themes/default/validatebox.css HTTP/1.1" 404 1104
180.175.103.167 - - [22/May/2022:10:42:16 +0800] "POST /xingrg/kc/base/wldb_order_operate.html HTTP/1.1" 200 18931
180.175.103.167 - - [22/May/2022:10:42:17 +0800] "GET /xingrg/all/function/internal_message.html?_=1653187337297&CODE_STATE=getMsg HTTP/1.1" 200 27
180.162.224.22 - - [22/May/2022:10:42:23 +0800] "GET /xingrg/all/function/internal_message.html?_=1653187344252&CODE_STATE=getMsg HTTP/1.1" 200 27
101.83.241.183 - - [22/May/2022:10:42:25 +0800] "GET /xingrg/all/function/internal_message.html?_=1653187345514&CODE_STATE=getMsg HTTP/1.1" 200 27
101.83.241.183 - - [22/May/2022:10:42:26 +0800] "GET /xingrg/check_reg.html?_=1653187346017 HTTP/1.1" 200 22
180.175.103.167 - - [22/May/2022:10:42:42 +0800] "GET /xingrg/all/function/internal_message.html?_=1653187287883&CODE_STATE=getMsg HTTP/1.1" 200 27
120.253.135.82 - - [22/May/2022:10:42:43 +0800] "GET /xingrg/all/function/internal_message.html?_=1653187469576&CODE_STATE=getMsg HTTP/1.1" 200 27
116.235.92.88 - - [22/May/2022:10:42:53 +0800] "GET /xingrg/all/function/internal_message.html?_=1653187549147&CODE_STATE=getMsg HTTP/1.1" 200 27
222.70.180.114 - - [22/May/2022:10:42:55 +0800] "GET /xingrg/all/function/internal_message.html?_=1653187371382&CODE_STATE=getMsg HTTP/1.1" 200 27
58.39.61.91 - - [22/May/2022:10:42:56 +0800] "GET /xingrg/all/function/internal_message.html?_=1653187375605&CODE_STATE=getMsg HTTP/1.1" 200 27
114.86.224.135 - - [22/May/2022:10:42:57 +0800] "POST /xingrg/services/DataTransmitService HTTP/1.1" 200 524
120.253.135.82 - - [22/May/2022:10:43:02 +0800] "GET /xingrg/all/function/internal_message.html?_=1653187192031&CODE_STATE=getMsg HTTP/1.1" 200 27
218.81.223.53 - - [22/May/2022:10:43:12 +0800] "GET /xingrg/all/function/internal_message.html?_=1653187417988&CODE_STATE=getMsg HTTP/1.1" 200 27
180.175.103.167 - - [22/May/2022:10:43:17 +0800] "GET /xingrg/all/function/internal_message.html?_=1653187397330&CODE_STATE=getMsg HTTP/1.1" 200 27
180.162.224.22 - - [22/May/2022:10:43:23 +0800] "GET /xingrg/check_reg.html?_=1653187404255 HTTP/1.1" 200 22
180.162.224.22 - - [22/May/2022:10:43:23 +0800] "GET /xingrg/all/function/internal_message.html?_=1653187404259&CODE_STATE=getMsg HTTP/1.1" 200 27
101.83.241.183 - - [22/May/2022:10:43:25 +0800] "GET /xingrg/all/function/internal_message.html?_=1653187405488&CODE_STATE=getMsg HTTP/1.1" 200 27
114.86.224.135 - - [22/May/2022:10:43:28 +0800] "POST /xingrg/services/DataTransmitService HTTP/1.1" 200 501
114.86.224.135 - - [22/May/2022:10:43:28 +0800] "POST /xingrg/services/DataTransmitService HTTP/1.1" 200 501
114.86.224.135 - - [22/May/2022:10:43:28 +0800] "POST /xingrg/services/DataTransmitService HTTP/1.1" 200 501
114.86.224.135 - - [22/May/2022:10:43:29 +0800] "POST /xingrg/services/DataTransmitService HTTP/1.1" 200 501
114.86.224.135 - - [22/May/2022:10:43:29 +0800] "POST /xingrg/services/DataTransmitService HTTP/1.1" 200 501
114.86.224.135 - - [22/May/2022:10:43:30 +0800] "POST /xingrg/services/DataTransmitService HTTP/1.1" 200 501
114.86.224.135 - - [22/May/2022:10:43:30 +0800] "POST /xingrg/services/DataTransmitService HTTP/1.1" 200 501
114.86.224.135 - - [22/May/2022:10:43:30 +0800] "POST /xingrg/services/DataTransmitService HTTP/1.1" 200 501
114.86.224.135 - - [22/May/2022:10:43:32 +0800] "POST /xingrg/services/DataTransmitService HTTP/1.1" 200 412
180.175.103.167 - - [22/May/2022:10:43:42 +0800] "GET /xingrg/all/function/internal_message.html?_=1653187347871&CODE_STATE=getMsg HTTP/1.1" 200 27
120.253.135.82 - - [22/May/2022:10:43:43 +0800] "GET /xingrg/all/function/internal_message.html?_=1653187529578&CODE_STATE=getMsg HTTP/1.1" 200 27
222.70.180.114 - - [22/May/2022:10:43:45 +0800] "GET /xingrg/check_reg.html?_=1653187421431 HTTP/1.1" 200 22
116.235.92.88 - - [22/May/2022:10:43:53 +0800] "GET /xingrg/all/function/internal_message.html?_=1653187609145&CODE_STATE=getMsg HTTP/1.1" 200 27
222.70.180.114 - - [22/May/2022:10:43:55 +0800] "GET /xingrg/all/function/internal_message.html?_=1653187431356&CODE_STATE=getMsg HTTP/1.1" 200 27
58.39.61.91 - - [22/May/2022:10:43:56 +0800] "GET /xingrg/all/function/internal_message.html?_=1653187435606&CODE_STATE=getMsg HTTP/1.1" 200 27
58.39.61.91 - - [22/May/2022:10:43:56 +0800] "GET /xingrg/check_reg.html?_=1653187435608 HTTP/1.1" 200 22
180.175.103.167 - - [22/May/2022:10:44:00 +0800] "POST /xingrg/kc/base/wldb_order_operate.html HTTP/1.1" 200 37
180.175.103.167 - - [22/May/2022:10:44:00 +0800] "POST /xingrg/kc/base/wldb_order_operate.html HTTP/1.1" 200 6515
180.175.103.167 - - [22/May/2022:10:44:01 +0800] "GET /xingrg/kc/base/wldb_order_info.html?code=422022052200260 HTTP/1.1" 200 30334
180.175.103.167 - - [22/May/2022:10:44:01 +0800] "GET /xingrg/javascript/easyui/themes/default/validatebox.css HTTP/1.1" 404 1104
180.175.103.167 - - [22/May/2022:10:44:01 +0800] "POST /xingrg/kc/base/wldb_order_operate.html HTTP/1.1" 200 6515
120.253.135.82 - - [22/May/2022:10:44:02 +0800] "GET /xingrg/all/function/internal_message.html?_=1653187252040&CODE_STATE=getMsg HTTP/1.1" 200 27
180.175.103.167 - - [22/May/2022:10:44:03 +0800] "GET /xingrg/kc/print/load_data.html?order_code=422022052200260&kc_code=wldb&condition= HTTP/1.1" 200 1812
218.81.223.53 - - [22/May/2022:10:44:06 +0800] "GET /xingrg/check_reg.html?_=1653187472010 HTTP/1.1" 200 22
180.175.103.167 - - [22/May/2022:10:44:07 +0800] "GET /xingrg/kc/base/wlsy_order_list.html?syType=0 HTTP/1.1" 200 17221
180.175.103.167 - - [22/May/2022:10:44:07 +0800] "POST /xingrg/kc/base/wlsy_list_operate.html?syType=0 HTTP/1.1" 200 862
180.175.103.167 - - [22/May/2022:10:44:09 +0800] "GET /xingrg/kc/base/wlsy_order_add.html?syType=0 HTTP/1.1" 200 28520
180.175.103.167 - - [22/May/2022:10:44:09 +0800] "POST /xingrg/kc/base/wlsy_order_operate.html HTTP/1.1" 200 6806
180.175.103.167 - - [22/May/2022:10:44:09 +0800] "GET /xingrg/javascript/easyui/themes/default/validatebox.css HTTP/1.1" 404 1104
101.91.62.89 - - [22/May/2022:10:44:10 +0800] "GET /xingrg/login.html HTTP/1.1" 200 2139
218.81.223.53 - - [22/May/2022:10:44:12 +0800] "GET /xingrg/all/function/internal_message.html?_=1653187477999&CODE_STATE=getMsg HTTP/1.1" 200 27
180.175.103.167 - - [22/May/2022:10:44:13 +0800] "GET /xingrg/javascript/easyui/plugins/jquery.draggable.js HTTP/1.1" 304 -
180.175.103.167 - - [22/May/2022:10:44:13 +0800] "GET /xingrg/javascript/easyui/plugins/jquery.droppable.js HTTP/1.1" 304 -
180.175.103.167 - - [22/May/2022:10:44:13 +0800] "GET /xingrg/javascript/easyui/themes/default/tree.css HTTP/1.1" 404 1090
180.175.103.167 - - [22/May/2022:10:44:13 +0800] "GET /xingrg/javascript/easyui/plugins/jquery.tree.js HTTP/1.1" 304 -
180.175.103.167 - - [22/May/2022:10:44:14 +0800] "POST /xingrg/all/common/load_tree.html?tree=employee_tree_json HTTP/1.1" 200 25952
180.175.103.167 - - [22/May/2022:10:44:14 +0800] "GET /xingrg/javascript/easyui/themes/default/images/tree_folder_open.gif HTTP/1.1" 304 -
180.175.103.167 - - [22/May/2022:10:44:14 +0800] "GET /xingrg/javascript/easyui/themes/default/images/tree_arrows.gif HTTP/1.1" 304 -
180.175.103.167 - - [22/May/2022:10:44:14 +0800] "GET /xingrg/javascript/easyui/themes/icons/rest.png HTTP/1.1" 304 -
180.175.103.167 - - [22/May/2022:10:44:14 +0800] "GET /xingrg/javascript/easyui/themes/icons/areas.png HTTP/1.1" 304 -
180.175.103.167 - - [22/May/2022:10:44:14 +0800] "GET /xingrg/javascript/easyui/themes/icons/accept_new.png HTTP/1.1" 200 722
180.175.103.167 - - [22/May/2022:10:44:17 +0800] "GET /xingrg/all/function/internal_message.html?_=1653187457344&CODE_STATE=getMsg HTTP/1.1" 200 27
101.91.62.89 - - [22/May/2022:10:44:19 +0800] "GET /xingrg/javascript/mobile/jquery-1.8.3.min.js HTTP/1.1" 200 93637
180.162.224.22 - - [22/May/2022:10:44:22 +0800] "POST /xingrg/load_menu.html HTTP/1.1" 200 9695
120.253.135.82 - - [22/May/2022:10:44:23 +0800] "GET /xingrg/check_reg.html?_=1653187273142 HTTP/1.1" 200 22
180.162.224.22 - - [22/May/2022:10:44:23 +0800] "GET /xingrg/all/function/internal_message.html?_=1653187464250&CODE_STATE=getMsg HTTP/1.1" 200 27
180.162.224.22 - - [22/May/2022:10:44:24 +0800] "GET /xingrg/all/report/report_query.html?fileName=dma/new_5.0/menu/menu_hz_all.xml HTTP/1.1" 200 51795
180.162.224.22 - - [22/May/2022:10:44:24 +0800] "GET /xingrg/dwr/interface/AjaxReportQueryService.js HTTP/1.1" 200 13203
180.162.224.22 - - [22/May/2022:10:44:24 +0800] "GET /xingrg/dwr/engine.js HTTP/1.1" 200 43631
180.162.224.22 - - [22/May/2022:10:44:24 +0800] "POST /xingrg/dwr/call/plaincall/AjaxReportQueryService.getFixDate.dwr HTTP/1.1" 200 111
180.162.224.22 - - [22/May/2022:10:44:24 +0800] "POST /xingrg/all/common/load_tree.html?tree=area_station_tree_json&manage=1 HTTP/1.1" 200 3364
101.83.241.183 - - [22/May/2022:10:44:25 +0800] "GET /xingrg/all/function/internal_message.html?_=1653187465498&CODE_STATE=getMsg HTTP/1.1" 200 27
180.175.103.167 - - [22/May/2022:10:44:30 +0800] "GET /xingrg/kc/base/wlsy_order_operate.html?command=get_materiel&rest_code=00105&base_code=0010512&code=00101003041 HTTP/1.1" 200 421
180.175.103.167 - - [22/May/2022:10:44:39 +0800] "GET /xingrg/kc/base/wlsy_order_operate.html?command=get_materiel&rest_code=00105&base_code=0010512&code=00101003040 HTTP/1.1" 200 420
180.175.103.167 - - [22/May/2022:10:44:42 +0800] "GET /xingrg/all/function/internal_message.html?_=1653187407870&CODE_STATE=getMsg HTTP/1.1" 200 27
120.253.135.82 - - [22/May/2022:10:44:43 +0800] "GET /xingrg/check_reg.html?_=1653187589128 HTTP/1.1" 200 22
120.253.135.82 - - [22/May/2022:10:44:43 +0800] "GET /xingrg/all/function/internal_message.html?_=1653187589592&CODE_STATE=getMsg HTTP/1.1" 200 27
101.91.62.89 - - [22/May/2022:10:44:44 +0800] "GET /xingrg/javascript/mobile/jquery.mobile-1.3.2.min.js HTTP/1.1" 200 145396
180.175.103.167 - - [22/May/2022:10:44:45 +0800] "GET /xingrg/kc/base/wlsy_order_operate.html?command=get_materiel&rest_code=00105&base_code=0010512&code=00101002042 HTTP/1.1" 200 421
180.175.103.167 - - [22/May/2022:10:44:50 +0800] "POST /xingrg/kc/base/wlsy_order_operate.html HTTP/1.1" 200 37
180.175.103.167 - - [22/May/2022:10:44:50 +0800] "POST /xingrg/kc/base/wlsy_order_operate.html HTTP/1.1" 200 3067
180.175.103.167 - - [22/May/2022:10:44:52 +0800] "POST /xingrg/kc/base/wlsy_list_operate.html?syType=0 HTTP/1.1" 200 1674
116.235.92.88 - - [22/May/2022:10:44:53 +0800] "GET /xingrg/all/function/internal_message.html?_=1653187669143&CODE_STATE=getMsg HTTP/1.1" 200 27
116.235.92.88 - - [22/May/2022:10:44:53 +0800] "GET /xingrg/check_reg.html?_=1653187669144 HTTP/1.1" 200 22
222.70.180.114 - - [22/May/2022:10:44:55 +0800] "GET /xingrg/all/function/internal_message.html?_=1653187491326&CODE_STATE=getMsg HTTP/1.1" 200 27
58.39.61.91 - - [22/May/2022:10:44:56 +0800] "GET /xingrg/all/function/internal_message.html?_=1653187495607&CODE_STATE=getMsg HTTP/1.1" 200 27
180.175.103.167 - - [22/May/2022:10:44:56 +0800] "POST /xingrg/kc/base/wlsy_list_operate.html?syType=0 HTTP/1.1" 200 358
180.175.103.167 - - [22/May/2022:10:44:57 +0800] "GET /xingrg/kc/base/wlsy_order_info.html?code=412022052200069 HTTP/1.1" 200 28617
180.175.103.167 - - [22/May/2022:10:44:57 +0800] "GET /xingrg/javascript/easyui/themes/default/validatebox.css HTTP/1.1" 404 1104
180.175.103.167 - - [22/May/2022:10:44:57 +0800] "POST /xingrg/kc/base/wlsy_order_operate.html HTTP/1.1" 200 3067
180.175.103.167 - - [22/May/2022:10:44:59 +0800] "GET /xingrg/kc/base/wlsy_order_report.html?fileType=servlets/rtf&code=412022052200069&reportName=ck_order_report&subName=wldb HTTP/1.1" 302 -
180.175.103.167 - - [22/May/2022:10:44:59 +0800] "GET /xingrg/servlets/rtf?sysBaseUrl=http%3A%2F%2F180.169.147.146%3A18081%2Fxingrg%2F&costTime=101×tamp=1653187499125 HTTP/1.1" 200 25647
180.175.103.167 - - [22/May/2022:10:44:59 +0800] "GET /favicon.ico HTTP/1.1" 404 -
120.253.135.82 - - [22/May/2022:10:45:02 +0800] "GET /xingrg/all/function/internal_message.html?_=1653187312054&CODE_STATE=getMsg HTTP/1.1" 200 27
218.81.223.53 - - [22/May/2022:10:45:12 +0800] "GET /xingrg/all/function/internal_message.html?_=1653187538013&CODE_STATE=getMsg HTTP/1.1" 200 27
180.175.103.167 - - [22/May/2022:10:45:17 +0800] "GET /xingrg/all/function/internal_message.html?_=1653187517356&CODE_STATE=getMsg HTTP/1.1" 200 27
180.162.224.22 - - [22/May/2022:10:45:23 +0800] "GET /xingrg/all/function/internal_message.html?_=1653187524246&CODE_STATE=getMsg HTTP/1.1" 200 27
101.83.241.183 - - [22/May/2022:10:45:25 +0800] "GET /xingrg/all/function/internal_message.html?_=1653187525470&CODE_STATE=getMsg HTTP/1.1" 200 27
180.175.103.167 - - [22/May/2022:10:45:42 +0800] "GET /xingrg/all/function/internal_message.html?_=1653187467871&CODE_STATE=getMsg HTTP/1.1" 200 27
180.175.103.167 - - [22/May/2022:10:45:42 +0800] "GET /xingrg/check_reg.html?_=1653187467874 HTTP/1.1" 200 22
120.253.135.82 - - [22/May/2022:10:45:44 +0800] "GET /xingrg/all/function/internal_message.html?_=1653187649607&CODE_STATE=getMsg HTTP/1.1" 200 27
120.253.135.82 - - [22/May/2022:10:45:52 +0800] "POST /xingrg/all/common/load_combo.html?type=employee HTTP/1.1" 200 1752
116.235.92.88 - - [22/May/2022:10:45:53 +0800] "GET /xingrg/all/function/internal_message.html?_=1653187729141&CODE_STATE=getMsg HTTP/1.1" 200 27
222.70.180.114 - - [22/May/2022:10:45:55 +0800] "GET /xingrg/all/function/internal_message.html?_=1653187551300&CODE_STATE=getMsg HTTP/1.1" 200 27
58.39.61.91 - - [22/May/2022:10:45:56 +0800] "GET /xingrg/all/function/internal_message.html?_=1653187555604&CODE_STATE=getMsg HTTP/1.1" 200 27
120.253.135.82 - - [22/May/2022:10:46:02 +0800] "GET /xingrg/all/function/internal_message.html?_=1653187372068&CODE_STATE=getMsg HTTP/1.1" 200 27
180.175.103.167 - - [22/May/2022:10:46:09 +0800] "GET /xingrg/kc/base/wldb_order_list.html HTTP/1.1" 200 19101
180.175.103.167 - - [22/May/2022:10:46:10 +0800] "POST /xingrg/kc/base/wldb_list_operate.html HTTP/1.1" 200 3353
218.81.223.53 - - [22/May/2022:10:46:12 +0800] "GET /xingrg/all/function/internal_message.html?_=1653187598132&CODE_STATE=getMsg HTTP/1.1" 200 27
58.35.210.91 - - [22/May/2022:10:46:13 +0800] "POST /xingrg/services/DataTransmitService HTTP/1.1" 200 524
180.175.103.167 - - [22/May/2022:10:46:17 +0800] "GET /xingrg/all/function/internal_message.html?_=1653187577319&CODE_STATE=getMsg HTTP/1.1" 200 27
180.175.103.167 - - [22/May/2022:10:46:17 +0800] "GET /xingrg/check_reg.html?_=1653187577369 HTTP/1.1" 200 22
180.162.224.22 - - [22/May/2022:10:46:23 +0800] "GET /xingrg/all/function/internal_message.html?_=1653187584249&CODE_STATE=getMsg HTTP/1.1" 200 27
101.83.241.183 - - [22/May/2022:10:46:25 +0800] "GET /xingrg/all/function/internal_message.html?_=1653187585443&CODE_STATE=getMsg HTTP/1.1" 200 27
120.253.135.82 - - [22/May/2022:10:46:29 +0800] "GET /xingrg/kc/buy/cgsh_order_operate.html?command=get_materiel&rest_code=00101&code=00101006122&supplier_code=00100151&order_time=2022-05-22 HTTP/1.1" 200 408
180.175.103.167 - - [22/May/2022:10:46:42 +0800] "GET /xingrg/all/function/internal_message.html?_=1653187527875&CODE_STATE=getMsg HTTP/1.1" 200 27
120.253.135.82 - - [22/May/2022:10:46:44 +0800] "GET /xingrg/all/function/internal_message.html?_=1653187709620&CODE_STATE=getMsg HTTP/1.1" 200 27
120.253.135.82 - - [22/May/2022:10:46:52 +0800] "POST /xingrg/kc/buy/cgsh_order_operate.html HTTP/1.1" 200 37
116.235.92.88 - - [22/May/2022:10:46:53 +0800] "GET /xingrg/all/function/internal_message.html?_=1653187789140&CODE_STATE=getMsg HTTP/1.1" 200 27
120.253.135.82 - - [22/May/2022:10:46:54 +0800] "POST /xingrg/kc/buy/cgsh_order_operate.html HTTP/1.1" 200 2666
222.70.180.114 - - [22/May/2022:10:46:55 +0800] "GET /xingrg/all/function/internal_message.html?_=1653187611278&CODE_STATE=getMsg HTTP/1.1" 200 27
58.39.61.91 - - [22/May/2022:10:46:56 +0800] "GET /xingrg/all/function/internal_message.html?_=1653187615603&CODE_STATE=getMsg HTTP/1.1" 200 27
120.253.135.82 - - [22/May/2022:10:47:02 +0800] "GET /xingrg/all/function/internal_message.html?_=1653187432082&CODE_STATE=getMsg HTTP/1.1" 200 27
218.81.223.53 - - [22/May/2022:10:47:12 +0800] "GET /xingrg/all/function/internal_message.html?_=1653187658133&CODE_STATE=getMsg HTTP/1.1" 200 27
180.175.103.167 - - [22/May/2022:10:47:17 +0800] "GET /xingrg/all/function/internal_message.html?_=1653187637286&CODE_STATE=getMsg HTTP/1.1" 200 27
180.162.224.22 - - [22/May/2022:10:47:23 +0800] "GET /xingrg/all/function/internal_message.html?_=1653187644250&CODE_STATE=getMsg HTTP/1.1" 200 27
101.83.241.183 - - [22/May/2022:10:47:25 +0800] "GET /xingrg/all/function/internal_message.html?_=1653187645418&CODE_STATE=getMsg HTTP/1.1" 200 27
101.83.241.183 - - [22/May/2022:10:47:26 +0800] "GET /xingrg/check_reg.html?_=1653187646059 HTTP/1.1" 200 22
120.253.135.82 - - [22/May/2022:10:47:30 +0800] "POST /xingrg/kc/buy/cgsh_order_operate.html HTTP/1.1" 200 37
120.253.135.82 - - [22/May/2022:10:47:31 +0800] "POST /xingrg/kc/buy/cgsh_order_operate.html HTTP/1.1" 200 2666
120.253.135.82 - - [22/May/2022:10:47:34 +0800] "GET /xingrg/kc/print/load_data.html?order_code=212022052201364&kc_code=cgsh&condition= HTTP/1.1" 200 672
180.175.103.167 - - [22/May/2022:10:47:42 +0800] "GET /xingrg/all/function/internal_message.html?_=1653187587874&CODE_STATE=getMsg HTTP/1.1" 200 27
120.253.135.82 - - [22/May/2022:10:47:44 +0800] "GET /xingrg/all/function/internal_message.html?_=1653187769653&CODE_STATE=getMsg HTTP/1.1" 200 27
116.235.92.88 - - [22/May/2022:10:47:53 +0800] "GET /xingrg/all/function/internal_message.html?_=1653187849138&CODE_STATE=getMsg HTTP/1.1" 200 27
222.70.180.114 - - [22/May/2022:10:47:55 +0800] "GET /xingrg/all/function/internal_message.html?_=1653187671260&CODE_STATE=getMsg HTTP/1.1" 200 27
58.39.61.91 - - [22/May/2022:10:47:56 +0800] "GET /xingrg/all/function/internal_message.html?_=1653187675602&CODE_STATE=getMsg HTTP/1.1" 200 27
120.253.135.82 - - [22/May/2022:10:48:02 +0800] "GET /xingrg/all/function/internal_message.html?_=1653187492095&CODE_STATE=getMsg HTTP/1.1" 200 27
180.162.224.22 - - [22/May/2022:10:48:11 +0800] "POST /xingrg/dwr/call/plaincall/AjaxReportQueryService.refreshCache.dwr HTTP/1.1" 200 78
180.162.224.22 - - [22/May/2022:10:48:11 +0800] "POST /xingrg/all/report/load_report_page.html HTTP/1.1" 200 13051
