180.162.224.22 - - [22/May/2022:10:01:02 +0800] "GET /xingrg/all/report/report_query.html?isQuery=1&fileName=dma/new_5.0/menu/menu_hz.xml&queryString=(a.sale_day%2520between%252020220301%2520and%252020220331)%2520and%2520(a.sid%2520%253D%25201)%2520and%2520(a.category_id%2520in%2520(40))%2520and%2520(a.category_id%253D40)&queryText=%25E3%2580%2590%25E8%2590%25A5%25E4%25B8%259A%25E6%2597%25A5%25E6%259C%259F%253A2022-03-01%2520%25E8%2587%25B3%25202022-03-31%25E3%2580%2591%2520%25E5%25B9%25B6%25E4%25B8%2594%2520%2520%25E3%2580%2590%25E9%2597%25A8%25E5%25BA%2597%25E5%2590%258D%25E7%25A7%25B0%2520%253D%2520%25E6%259D%25BE%25E6%25B1%259F%25E6%25A6%2595%25E6%25B8%25AF1_1%25E3%2580%2591%2520%25E5%25B9%25B6%25E4%25B8%2594%2520%2520%25E3%2580%2590%25E8%258F%259C%25E5%2593%2581%25E7%25B1%25BB%25E5%2588%25AB%2520%253D%2520%25E8%2590%25A5%25E9%2594%2580%25E6%25B4%25BB%25E5%258A%25A8%25E3%2580%2591%2520%25E5%25B9%25B6%25E4%25B8%2594%2520%25E3%2580%2590%25E8%258F%259C%25E5%2593%2581%25E7%25B1%25BB%25E5%2588%25AB%2520%253D%2520%25E8%2590%25A5%25E9%2594%2580%25E6%25B4%25BB%25E5%258A%25A8%25E3%2580%2591 HTTP/1.1" 200 54206
180.162.224.22 - - [22/May/2022:10:01:02 +0800] "GET /xingrg/dwr/engine.js HTTP/1.1" 200 43631
180.162.224.22 - - [22/May/2022:10:01:02 +0800] "GET /favicon.ico HTTP/1.1" 404 -
180.162.224.22 - - [22/May/2022:10:01:03 +0800] "POST /xingrg/all/report/load_report_page.html HTTP/1.1" 200 17473
180.162.224.22 - - [22/May/2022:10:01:03 +0800] "GET /xingrg/servlets/image?cache=0.9876369074788847&image=px HTTP/1.1" 200 807
180.162.224.22 - - [22/May/2022:10:01:10 +0800] "POST /xingrg/all/report/report_print.html HTTP/1.1" 200 5632
218.81.223.53 - - [22/May/2022:10:01:10 +0800] "GET /xingrg/all/function/internal_message.html?_=1653184895933&CODE_STATE=getMsg HTTP/1.1" 200 27
101.83.241.183 - - [22/May/2022:10:01:18 +0800] "GET /xingrg/javascript/jquery_easy_ui/themes/default/images/tabs_close.gif HTTP/1.1" 200 829
101.83.241.183 - - [22/May/2022:10:01:18 +0800] "GET /xingrg/css/base.css HTTP/1.1" 200 2811
101.83.241.183 - - [22/May/2022:10:01:18 +0800] "GET /xingrg/kc/mdqp/pssh_order_list.html HTTP/1.1" 200 17862
101.83.241.183 - - [22/May/2022:10:01:18 +0800] "GET /xingrg/css/site.css HTTP/1.1" 200 7541
101.83.241.183 - - [22/May/2022:10:01:18 +0800] "GET /xingrg/javascript/easyui/themes/icon.css HTTP/1.1" 200 4483
101.83.241.183 - - [22/May/2022:10:01:18 +0800] "GET /xingrg/javascript/auto/jquery.autocomplete.css HTTP/1.1" 200 587
101.83.241.183 - - [22/May/2022:10:01:18 +0800] "GET /xingrg/javascript/jquery_tools/datebox.css HTTP/1.1" 200 2597
101.83.241.183 - - [22/May/2022:10:01:18 +0800] "GET /xingrg/javascript/jquery_tools/fix.css HTTP/1.1" 200 1702
101.83.241.183 - - [22/May/2022:10:01:18 +0800] "GET /xingrg/javascript/jquery_tools/table.css HTTP/1.1" 200 1032
101.83.241.183 - - [22/May/2022:10:01:18 +0800] "GET /xingrg/javascript/jquery_tools/jquery.tools.min.js HTTP/1.1" 200 138801
101.83.241.183 - - [22/May/2022:10:01:18 +0800] "GET /xingrg/javascript/jquery_tools/jquery.tools.table.js HTTP/1.1" 200 6994
101.83.241.183 - - [22/May/2022:10:01:18 +0800] "GET /xingrg/javascript/jquery_tools/jquery.tools.hotkey.js HTTP/1.1" 200 3242
101.83.241.183 - - [22/May/2022:10:01:18 +0800] "GET /xingrg/javascript/jquery_tools/list_manager.js HTTP/1.1" 200 3652
101.83.241.183 - - [22/May/2022:10:01:18 +0800] "GET /xingrg/javascript/jquery_tools/jquery.tools.extend.js HTTP/1.1" 200 15385
101.83.241.183 - - [22/May/2022:10:01:18 +0800] "GET /xingrg/javascript/easyui/easyloader.js HTTP/1.1" 200 5975
101.83.241.183 - - [22/May/2022:10:01:18 +0800] "GET /xingrg/javascript/jquery.cookie.js HTTP/1.1" 200 5513
101.83.241.183 - - [22/May/2022:10:01:18 +0800] "GET /xingrg/javascript/easyui/themes/default/easyui.css HTTP/1.1" 200 30432
101.83.241.183 - - [22/May/2022:10:01:19 +0800] "GET /xingrg/javascript/auto/jquery.autocomplete.js HTTP/1.1" 200 21624
101.83.241.183 - - [22/May/2022:10:01:19 +0800] "GET /xingrg/javascript/easyui/themes/icons/field_new.png HTTP/1.1" 200 1097
101.83.241.183 - - [22/May/2022:10:01:19 +0800] "GET /xingrg/javascript/easyui/plugins/jquery.parser.js HTTP/1.1" 200 1142
101.83.241.183 - - [22/May/2022:10:01:19 +0800] "GET /xingrg/images/control/ajaxLoader.gif HTTP/1.1" 200 4659
101.83.241.183 - - [22/May/2022:10:01:19 +0800] "POST /xingrg/kc/mdqp/pssh_list_operate.html HTTP/1.1" 200 5480
101.83.241.183 - - [22/May/2022:10:01:21 +0800] "POST /xingrg/kc/mdqp/pssh_list_operate.html HTTP/1.1" 200 579
101.83.241.183 - - [22/May/2022:10:01:21 +0800] "GET /xingrg/kc/mdqp/pssh_order_info.html?code=312022052100513 HTTP/1.1" 200 17303
101.83.241.183 - - [22/May/2022:10:01:21 +0800] "GET /xingrg/javascript/pic_change.js HTTP/1.1" 200 4739
101.83.241.183 - - [22/May/2022:10:01:21 +0800] "GET /xingrg/javascript/jquery_tools/jquery-1.4.2.min.js HTTP/1.1" 404 1094
101.83.241.183 - - [22/May/2022:10:01:21 +0800] "GET /xingrg/javascript/convert.js HTTP/1.1" 200 1239
101.83.241.183 - - [22/May/2022:10:01:21 +0800] "GET /xingrg/javascript/print/LodopFuncs.js HTTP/1.1" 200 5121
101.83.241.183 - - [22/May/2022:10:01:21 +0800] "GET /xingrg/words/20220521165229_words.js HTTP/1.1" 200 898127
101.83.241.183 - - [22/May/2022:10:01:21 +0800] "GET /xingrg/javascript/jquery_tools/order_manager.js HTTP/1.1" 200 11183
101.83.241.183 - - [22/May/2022:10:01:21 +0800] "GET /xingrg/javascript/json2.js HTTP/1.1" 200 11259
101.83.241.183 - - [22/May/2022:10:01:21 +0800] "GET /xingrg/javascript/print/kc_print.js HTTP/1.1" 200 11415
101.83.241.183 - - [22/May/2022:10:01:22 +0800] "GET /xingrg/javascript/easyui/themes/icons/cance_new.png HTTP/1.1" 200 3986
101.83.241.183 - - [22/May/2022:10:01:22 +0800] "GET /xingrg/javascript/easyui/themes/icons/ok.png HTTP/1.1" 200 883
101.83.241.183 - - [22/May/2022:10:01:22 +0800] "GET /xingrg/javascript/easyui/themes/icons/check_new.png HTTP/1.1" 200 3224
101.83.241.183 - - [22/May/2022:10:01:22 +0800] "GET /xingrg/javascript/easyui/themes/icons/print.png HTTP/1.1" 200 1057
101.83.241.183 - - [22/May/2022:10:01:22 +0800] "GET /xingrg/javascript/easyui/themes/default/images/menu_downarrow.png HTTP/1.1" 200 173
101.83.241.183 - - [22/May/2022:10:01:22 +0800] "GET /xingrg/javascript/easyui/themes/icons/back_new.png HTTP/1.1" 200 3414
101.83.241.183 - - [22/May/2022:10:01:22 +0800] "GET /xingrg/all/common/auto_word.html?type=base&rest_code=00149&rest_code=00149 HTTP/1.1" 200 1907
101.83.241.183 - - [22/May/2022:10:01:22 +0800] "GET /xingrg/javascript/easyui/themes/default/validatebox.css HTTP/1.1" 404 1104
101.83.241.183 - - [22/May/2022:10:01:22 +0800] "GET /xingrg/all/common/auto_word.html?type=employee&rest_code=00149 HTTP/1.1" 200 197
101.83.241.183 - - [22/May/2022:10:01:22 +0800] "GET /xingrg/javascript/easyui/plugins/jquery.validatebox.js HTTP/1.1" 200 6103
101.83.241.183 - - [22/May/2022:10:01:22 +0800] "GET /xingrg/javascript/easyui/plugins/jquery.numberbox.js HTTP/1.1" 200 5213
101.83.241.183 - - [22/May/2022:10:01:22 +0800] "POST /xingrg/kc/mdqp/pssh_order_operate.html HTTP/1.1" 200 2116
101.83.241.183 - - [22/May/2022:10:01:24 +0800] "GET /xingrg/css/images/panel_loading.gif HTTP/1.1" 200 1737
101.83.241.183 - - [22/May/2022:10:01:24 +0800] "POST /xingrg/all/common/load_combo.html?type=base&rest_code=00149 HTTP/1.1" 200 3409
101.83.241.183 - - [22/May/2022:10:01:25 +0800] "GET /xingrg/all/function/internal_message.html?_=1653184885890&CODE_STATE=getMsg HTTP/1.1" 200 27
120.253.135.82 - - [22/May/2022:10:01:29 +0800] "GET /xingrg/all/function/internal_message.html?_=1653184699317&CODE_STATE=getMsg HTTP/1.1" 200 27
180.162.224.22 - - [22/May/2022:10:01:30 +0800] "POST /xingrg/dwr/call/plaincall/AjaxReportQueryService.queryInitializeString.dwr HTTP/1.1" 200 946
101.83.241.183 - - [22/May/2022:10:01:32 +0800] "POST /xingrg/all/common/load_combo.html?type=employee HTTP/1.1" 200 359
180.162.224.22 - - [22/May/2022:10:01:37 +0800] "POST /xingrg/dwr/call/plaincall/AjaxReportQueryService.refreshCache.dwr HTTP/1.1" 200 78
180.162.224.22 - - [22/May/2022:10:01:37 +0800] "POST /xingrg/all/report/load_report_page.html HTTP/1.1" 200 13117
180.162.224.22 - - [22/May/2022:10:01:37 +0800] "GET /xingrg/servlets/image?cache=0.851868277679618&image=px HTTP/1.1" 200 807
180.162.224.22 - - [22/May/2022:10:01:38 +0800] "GET /xingrg/all/report/report_query.html?isQuery=1&fileName=dma/new_5.0/menu/menu_hz.xml&queryString=(a.sale_day%2520between%252020220301%2520and%252020220331)%2520and%2520(a.sid%2520%253D%252015)%2520and%2520(a.category_id%2520in%2520(40))%2520and%2520(a.category_id%253D40)&queryText=%25E3%2580%2590%25E8%2590%25A5%25E4%25B8%259A%25E6%2597%25A5%25E6%259C%259F%253A2022-03-01%2520%25E8%2587%25B3%25202022-03-31%25E3%2580%2591%2520%25E5%25B9%25B6%25E4%25B8%2594%2520%2520%25E3%2580%2590%25E9%2597%25A8%25E5%25BA%2597%25E5%2590%258D%25E7%25A7%25B0%2520%253D%2520%25E8%258A%25B1%25E5%259B%25AD%25E9%2585%2592%25E5%25BA%2597%25E9%259D%2592%25E6%25B5%25A6%25E5%25BA%25971_15%25E3%2580%2591%2520%25E5%25B9%25B6%25E4%25B8%2594%2520%2520%25E3%2580%2590%25E8%258F%259C%25E5%2593%2581%25E7%25B1%25BB%25E5%2588%25AB%2520%253D%2520%25E8%2590%25A5%25E9%2594%2580%25E6%25B4%25BB%25E5%258A%25A8%25E3%2580%2591%2520%25E5%25B9%25B6%25E4%25B8%2594%2520%25E3%2580%2590%25E8%258F%259C%25E5%2593%2581%25E7%25B1%25BB%25E5%2588%25AB%2520%253D%2520%25E8%2590%25A5%25E9%2594%2580%25E6%25B4%25BB%25E5%258A%25A8%25E3%2580%2591 HTTP/1.1" 200 54221
180.162.224.22 - - [22/May/2022:10:01:38 +0800] "GET /xingrg/dwr/engine.js HTTP/1.1" 200 43631
180.162.224.22 - - [22/May/2022:10:01:38 +0800] "GET /favicon.ico HTTP/1.1" 404 -
180.162.224.22 - - [22/May/2022:10:01:39 +0800] "POST /xingrg/all/report/load_report_page.html HTTP/1.1" 200 17473
180.162.224.22 - - [22/May/2022:10:01:39 +0800] "GET /xingrg/servlets/image?cache=0.9689041655633772&image=px HTTP/1.1" 200 807
101.83.241.183 - - [22/May/2022:10:01:39 +0800] "GET /xingrg/javascript/easyui/themes/default/images/button_plain_hover.png HTTP/1.1" 200 144
180.175.103.167 - - [22/May/2022:10:01:42 +0800] "GET /xingrg/all/function/internal_message.html?_=1653184827844&CODE_STATE=getMsg HTTP/1.1" 200 27
180.162.224.22 - - [22/May/2022:10:01:48 +0800] "POST /xingrg/all/report/report_print.html HTTP/1.1" 200 5632
180.175.103.167 - - [22/May/2022:10:01:48 +0800] "GET /xingrg/all/function/internal_message.html?_=1653184908432&CODE_STATE=getMsg HTTP/1.1" 200 27
180.175.103.167 - - [22/May/2022:10:01:48 +0800] "GET /xingrg/check_reg.html?_=1653184908434 HTTP/1.1" 200 22
101.83.241.183 - - [22/May/2022:10:01:49 +0800] "POST /xingrg/kc/mdqp/pssh_order_operate.html HTTP/1.1" 200 37
101.83.241.183 - - [22/May/2022:10:01:50 +0800] "POST /xingrg/kc/mdqp/pssh_order_operate.html HTTP/1.1" 200 12
101.83.241.183 - - [22/May/2022:10:01:51 +0800] "GET /xingrg/kc/mdqp/pssh_order_info.html?code=312022052100513 HTTP/1.1" 200 14392
101.83.241.183 - - [22/May/2022:10:01:51 +0800] "GET /xingrg/javascript/jquery_tools/jquery-1.4.2.min.js HTTP/1.1" 404 1094
101.83.241.183 - - [22/May/2022:10:01:51 +0800] "GET /xingrg/javascript/easyui/themes/icons/uncheck_new.png HTTP/1.1" 200 3197
101.83.241.183 - - [22/May/2022:10:01:51 +0800] "POST /xingrg/kc/mdqp/pssh_order_operate.html HTTP/1.1" 200 2116
101.83.241.183 - - [22/May/2022:10:01:52 +0800] "GET /xingrg/javascript/easyui/themes/default/validatebox.css HTTP/1.1" 404 1104
116.235.92.88 - - [22/May/2022:10:01:53 +0800] "GET /xingrg/all/function/internal_message.html?_=1653185089092&CODE_STATE=getMsg HTTP/1.1" 200 27
58.39.61.91 - - [22/May/2022:10:01:56 +0800] "GET /xingrg/all/function/internal_message.html?_=1653184915498&CODE_STATE=getMsg HTTP/1.1" 200 27
101.83.241.183 - - [22/May/2022:10:01:57 +0800] "GET /xingrg/kc/mdqp/pssh_order_list.html?isBack=1 HTTP/1.1" 200 17862
101.83.241.183 - - [22/May/2022:10:01:58 +0800] "POST /xingrg/kc/mdqp/pssh_list_operate.html HTTP/1.1" 200 5505
101.83.241.183 - - [22/May/2022:10:01:59 +0800] "POST /xingrg/kc/mdqp/pssh_list_operate.html HTTP/1.1" 200 808
101.83.241.183 - - [22/May/2022:10:01:59 +0800] "GET /xingrg/kc/mdqp/pssh_order_info.html?code=312022052100512 HTTP/1.1" 200 17303
101.83.241.183 - - [22/May/2022:10:01:59 +0800] "GET /xingrg/javascript/jquery_tools/jquery-1.4.2.min.js HTTP/1.1" 404 1094
101.83.241.183 - - [22/May/2022:10:02:00 +0800] "GET /xingrg/javascript/easyui/themes/default/validatebox.css HTTP/1.1" 404 1104
101.83.241.183 - - [22/May/2022:10:02:00 +0800] "POST /xingrg/kc/mdqp/pssh_order_operate.html HTTP/1.1" 200 5346
180.162.224.22 - - [22/May/2022:10:02:00 +0800] "GET /xingrg/all/function/internal_message.html?_=1653184920945&CODE_STATE=getMsg HTTP/1.1" 200 27
101.83.241.183 - - [22/May/2022:10:02:05 +0800] "POST /xingrg/all/common/load_combo.html?type=employee HTTP/1.1" 200 359
180.175.103.167 - - [22/May/2022:10:02:08 +0800] "GET /xingrg/kc/buy/cgsh_order_list.html HTTP/1.1" 200 51746
180.175.103.167 - - [22/May/2022:10:02:09 +0800] "POST /xingrg/kc/buy/cgsh_list_operate.html HTTP/1.1" 200 876
180.175.103.167 - - [22/May/2022:10:02:10 +0800] "GET /xingrg/kc/buy/cgsh_order_add.html HTTP/1.1" 200 67610
101.83.241.183 - - [22/May/2022:10:02:10 +0800] "POST /xingrg/kc/mdqp/pssh_order_operate.html HTTP/1.1" 200 37
218.81.223.53 - - [22/May/2022:10:02:10 +0800] "GET /xingrg/all/function/internal_message.html?_=1653184955947&CODE_STATE=getMsg HTTP/1.1" 200 27
180.175.103.167 - - [22/May/2022:10:02:10 +0800] "GET /xingrg/all/common/auto_word.html?type=employee&rest_code=00105 HTTP/1.1" 200 193
180.175.103.167 - - [22/May/2022:10:02:10 +0800] "GET /xingrg/javascript/easyui/themes/default/validatebox.css HTTP/1.1" 404 1104
180.175.103.167 - - [22/May/2022:10:02:10 +0800] "GET /xingrg/all/common/auto_word.html?type=employee&rest_code=00105 HTTP/1.1" 200 193
180.175.103.167 - - [22/May/2022:10:02:10 +0800] "POST /xingrg/kc/buy/cgsh_order_operate.html HTTP/1.1" 200 8245
101.83.241.183 - - [22/May/2022:10:02:10 +0800] "POST /xingrg/kc/mdqp/pssh_order_operate.html HTTP/1.1" 200 12
101.83.241.183 - - [22/May/2022:10:02:11 +0800] "GET /xingrg/kc/mdqp/pssh_order_info.html?code=312022052100512 HTTP/1.1" 200 14392
101.83.241.183 - - [22/May/2022:10:02:11 +0800] "GET /xingrg/javascript/jquery_tools/jquery-1.4.2.min.js HTTP/1.1" 404 1094
101.83.241.183 - - [22/May/2022:10:02:12 +0800] "POST /xingrg/kc/mdqp/pssh_order_operate.html HTTP/1.1" 200 5346
101.83.241.183 - - [22/May/2022:10:02:12 +0800] "GET /xingrg/javascript/easyui/themes/default/validatebox.css HTTP/1.1" 404 1104
101.83.241.183 - - [22/May/2022:10:02:13 +0800] "GET /xingrg/kc/mdqp/pssh_order_list.html?isBack=1 HTTP/1.1" 200 17862
101.83.241.183 - - [22/May/2022:10:02:14 +0800] "POST /xingrg/kc/mdqp/pssh_list_operate.html HTTP/1.1" 200 5530
101.83.241.183 - - [22/May/2022:10:02:15 +0800] "POST /xingrg/kc/mdqp/pssh_list_operate.html HTTP/1.1" 200 262
101.83.241.183 - - [22/May/2022:10:02:15 +0800] "GET /xingrg/kc/mdqp/pssh_order_info.html?code=312022052100514 HTTP/1.1" 200 17272
101.83.241.183 - - [22/May/2022:10:02:15 +0800] "POST /xingrg/kc/mdqp/pssh_list_operate.html HTTP/1.1" 200 1584
101.83.241.183 - - [22/May/2022:10:02:15 +0800] "GET /xingrg/javascript/jquery_tools/jquery-1.4.2.min.js HTTP/1.1" 404 1094
101.83.241.183 - - [22/May/2022:10:02:16 +0800] "POST /xingrg/kc/mdqp/pssh_order_operate.html HTTP/1.1" 200 537
101.83.241.183 - - [22/May/2022:10:02:16 +0800] "GET /xingrg/javascript/easyui/themes/default/validatebox.css HTTP/1.1" 404 1104
101.83.241.183 - - [22/May/2022:10:02:18 +0800] "POST /xingrg/all/common/load_combo.html?type=base&rest_code=00149 HTTP/1.1" 200 3409
180.175.103.167 - - [22/May/2022:10:02:24 +0800] "GET /xingrg/kc/buy/cgsh_order_operate.html?command=get_materiel&rest_code=00105&code=00101016059&supplier_code=00100151&order_time=2022-05-22 HTTP/1.1" 200 408
101.83.241.183 - - [22/May/2022:10:02:25 +0800] "POST /xingrg/all/common/load_combo.html?type=employee HTTP/1.1" 200 359
101.83.241.183 - - [22/May/2022:10:02:25 +0800] "GET /xingrg/check_reg.html?_=1653184945888 HTTP/1.1" 200 22
101.83.241.183 - - [22/May/2022:10:02:25 +0800] "GET /xingrg/all/function/internal_message.html?_=1653184945890&CODE_STATE=getMsg HTTP/1.1" 200 27
101.83.241.183 - - [22/May/2022:10:02:29 +0800] "POST /xingrg/kc/mdqp/pssh_order_operate.html HTTP/1.1" 200 37
120.253.135.82 - - [22/May/2022:10:02:29 +0800] "GET /xingrg/all/function/internal_message.html?_=1653184759332&CODE_STATE=getMsg HTTP/1.1" 200 27
101.83.241.183 - - [22/May/2022:10:02:29 +0800] "POST /xingrg/kc/mdqp/pssh_order_operate.html HTTP/1.1" 200 12
101.83.241.183 - - [22/May/2022:10:02:30 +0800] "GET /xingrg/kc/mdqp/pssh_order_info.html?code=312022052100514 HTTP/1.1" 200 14392
101.83.241.183 - - [22/May/2022:10:02:30 +0800] "GET /xingrg/javascript/jquery_tools/jquery-1.4.2.min.js HTTP/1.1" 404 1094
101.83.241.183 - - [22/May/2022:10:02:31 +0800] "POST /xingrg/kc/mdqp/pssh_order_operate.html HTTP/1.1" 200 537
101.83.241.183 - - [22/May/2022:10:02:31 +0800] "GET /xingrg/javascript/easyui/themes/default/validatebox.css HTTP/1.1" 404 1104
218.81.223.53 - - [22/May/2022:10:02:37 +0800] "POST /xingrg/services/DataTransmitService HTTP/1.1" 200 524
218.81.223.53 - - [22/May/2022:10:02:38 +0800] "POST /xingrg/services/DataTransmitService HTTP/1.1" 200 412
180.175.103.167 - - [22/May/2022:10:02:42 +0800] "GET /xingrg/all/function/internal_message.html?_=1653184887844&CODE_STATE=getMsg HTTP/1.1" 200 27
180.175.103.167 - - [22/May/2022:10:02:48 +0800] "GET /xingrg/all/function/internal_message.html?_=1653184968439&CODE_STATE=getMsg HTTP/1.1" 200 27
116.235.92.88 - - [22/May/2022:10:02:53 +0800] "GET /xingrg/all/function/internal_message.html?_=1653185149091&CODE_STATE=getMsg HTTP/1.1" 200 27
58.39.61.91 - - [22/May/2022:10:02:56 +0800] "GET /xingrg/all/function/internal_message.html?_=1653184975497&CODE_STATE=getMsg HTTP/1.1" 200 27
180.162.224.22 - - [22/May/2022:10:03:00 +0800] "GET /xingrg/all/function/internal_message.html?_=1653184980965&CODE_STATE=getMsg HTTP/1.1" 200 27
180.162.224.22 - - [22/May/2022:10:03:00 +0800] "GET /xingrg/check_reg.html?_=1653184980968 HTTP/1.1" 200 22
218.81.223.53 - - [22/May/2022:10:03:10 +0800] "GET /xingrg/all/function/internal_message.html?_=1653185015960&CODE_STATE=getMsg HTTP/1.1" 200 27
218.81.223.53 - - [22/May/2022:10:03:10 +0800] "GET /xingrg/kc/buy/cgsh_order_add.html HTTP/1.1" 200 67528
218.81.223.53 - - [22/May/2022:10:03:11 +0800] "POST /xingrg/kc/buy/cgsh_order_operate.html HTTP/1.1" 200 8245
218.81.223.53 - - [22/May/2022:10:03:11 +0800] "GET /xingrg/javascript/easyui/themes/default/validatebox.css HTTP/1.1" 404 1104
180.175.103.167 - - [22/May/2022:10:03:14 +0800] "GET /xingrg/kc/buy/cgsh_order_operate.html?command=get_materiel&rest_code=00105&code=00101037302&supplier_code=00100151&order_time=2022-05-22 HTTP/1.1" 200 410
101.83.241.183 - - [22/May/2022:10:03:25 +0800] "GET /xingrg/all/function/internal_message.html?_=1653185005888&CODE_STATE=getMsg HTTP/1.1" 200 27
120.253.135.82 - - [22/May/2022:10:03:29 +0800] "GET /xingrg/all/function/internal_message.html?_=1653184819543&CODE_STATE=getMsg HTTP/1.1" 200 27
58.39.61.91 - - [22/May/2022:10:03:39 +0800] "POST /xingrg/services/DataTransmitService HTTP/1.1" 200 524
180.175.103.167 - - [22/May/2022:10:03:42 +0800] "GET /xingrg/all/function/internal_message.html?_=1653184947845&CODE_STATE=getMsg HTTP/1.1" 200 27
101.83.241.183 - - [22/May/2022:10:03:44 +0800] "GET /xingrg/javascript/jquery_easy_ui/themes/default/images/tabs_active.png HTTP/1.1" 200 2894
180.175.103.167 - - [22/May/2022:10:03:45 +0800] "GET /xingrg/kc/buy/cgsh_order_operate.html?command=get_materiel&rest_code=00105&code=00101037300&supplier_code=00100151&order_time=2022-05-22 HTTP/1.1" 200 410
101.83.241.183 - - [22/May/2022:10:03:46 +0800] "POST /xingrg/kc/mdqp/pssh_list_operate.html HTTP/1.1" 200 1584
180.175.103.167 - - [22/May/2022:10:03:48 +0800] "GET /xingrg/all/function/internal_message.html?_=1653185028439&CODE_STATE=getMsg HTTP/1.1" 200 27
101.83.241.183 - - [22/May/2022:10:03:48 +0800] "POST /xingrg/kc/mdqp/pssh_list_operate.html HTTP/1.1" 200 251
101.83.241.183 - - [22/May/2022:10:03:49 +0800] "POST /xingrg/kc/mdqp/pssh_list_operate.html HTTP/1.1" 200 1584
101.83.241.183 - - [22/May/2022:10:03:49 +0800] "GET /xingrg/kc/mdqp/pssh_order_info.html?code=312022051200269 HTTP/1.1" 200 17281
101.83.241.183 - - [22/May/2022:10:03:49 +0800] "GET /xingrg/javascript/jquery_tools/jquery-1.4.2.min.js HTTP/1.1" 404 1094
101.83.241.183 - - [22/May/2022:10:03:50 +0800] "POST /xingrg/kc/mdqp/pssh_order_operate.html HTTP/1.1" 200 523
101.83.241.183 - - [22/May/2022:10:03:50 +0800] "GET /xingrg/javascript/easyui/themes/default/validatebox.css HTTP/1.1" 404 1104
116.235.92.88 - - [22/May/2022:10:03:53 +0800] "GET /xingrg/all/function/internal_message.html?_=1653185209117&CODE_STATE=getMsg HTTP/1.1" 200 27
101.83.241.183 - - [22/May/2022:10:03:55 +0800] "GET /xingrg/kc/mdqp/pssh_order_list.html?isBack=1 HTTP/1.1" 200 17862
101.83.241.183 - - [22/May/2022:10:03:55 +0800] "POST /xingrg/kc/mdqp/pssh_list_operate.html HTTP/1.1" 200 5567
58.39.61.91 - - [22/May/2022:10:03:56 +0800] "GET /xingrg/all/function/internal_message.html?_=1653185035502&CODE_STATE=getMsg HTTP/1.1" 200 27
58.39.61.91 - - [22/May/2022:10:03:56 +0800] "GET /xingrg/check_reg.html?_=1653185035504 HTTP/1.1" 200 22
180.162.224.22 - - [22/May/2022:10:04:00 +0800] "GET /xingrg/all/function/internal_message.html?_=1653185040968&CODE_STATE=getMsg HTTP/1.1" 200 27
101.83.241.183 - - [22/May/2022:10:04:03 +0800] "POST /xingrg/kc/mdqp/pssh_list_operate.html HTTP/1.1" 200 5567
101.83.241.183 - - [22/May/2022:10:04:05 +0800] "POST /xingrg/kc/mdqp/pssh_list_operate.html HTTP/1.1" 200 5638
218.81.223.53 - - [22/May/2022:10:04:06 +0800] "GET /xingrg/check_reg.html?_=1653185071670 HTTP/1.1" 200 22
218.81.223.53 - - [22/May/2022:10:04:10 +0800] "GET /xingrg/all/function/internal_message.html?_=1653185075976&CODE_STATE=getMsg HTTP/1.1" 200 27
101.83.241.183 - - [22/May/2022:10:04:11 +0800] "POST /xingrg/kc/mdqp/pssh_list_operate.html HTTP/1.1" 200 1584
180.175.103.167 - - [22/May/2022:10:04:13 +0800] "GET /xingrg/kc/buy/cgsh_order_operate.html?command=get_materiel&rest_code=00105&code=00101037301&supplier_code=00100151&order_time=2022-05-22 HTTP/1.1" 200 410
101.83.241.183 - - [22/May/2022:10:04:15 +0800] "GET /xingrg/kc/buy/cgsh_order_list.html HTTP/1.1" 200 51752
101.83.241.183 - - [22/May/2022:10:04:15 +0800] "GET /xingrg/javascript/easyui/themes/icons/edit_add_new.png HTTP/1.1" 200 2997
101.83.241.183 - - [22/May/2022:10:04:15 +0800] "GET /xingrg/javascript/easyui/themes/icons/import_new.png HTTP/1.1" 200 1247
101.83.241.183 - - [22/May/2022:10:04:16 +0800] "POST /xingrg/kc/buy/cgsh_list_operate.html HTTP/1.1" 200 876
120.253.135.82 - - [22/May/2022:10:04:22 +0800] "GET /xingrg/check_reg.html?_=1653184872417 HTTP/1.1" 200 22
101.83.241.183 - - [22/May/2022:10:04:25 +0800] "GET /xingrg/all/function/internal_message.html?_=1653185065909&CODE_STATE=getMsg HTTP/1.1" 200 27
120.253.135.82 - - [22/May/2022:10:04:29 +0800] "GET /xingrg/all/function/internal_message.html?_=1653184879546&CODE_STATE=getMsg HTTP/1.1" 200 27
180.162.224.22 - - [22/May/2022:10:04:34 +0800] "POST /xingrg/dwr/call/plaincall/AjaxReportQueryService.queryInitializeString.dwr HTTP/1.1" 200 1029
120.253.135.82 - - [22/May/2022:10:04:37 +0800] "GET /xingrg/login.html HTTP/1.1" 200 7641
120.253.135.82 - - [22/May/2022:10:04:38 +0800] "GET /xingrg/images/blue/jxLogo.png HTTP/1.1" 200 6156
120.253.135.82 - - [22/May/2022:10:04:38 +0800] "GET /xingrg/images/blue/hj.png HTTP/1.1" 200 1014
120.253.135.82 - - [22/May/2022:10:04:38 +0800] "GET /xingrg/images/blue/srbg.png HTTP/1.1" 200 138
120.253.135.82 - - [22/May/2022:10:04:38 +0800] "GET /xingrg/images/blue/login_bg.png HTTP/1.1" 200 22101
120.253.135.82 - - [22/May/2022:10:04:38 +0800] "GET /favicon.ico HTTP/1.1" 404 -
120.253.135.82 - - [22/May/2022:10:04:39 +0800] "POST /xingrg/login.do HTTP/1.1" 200 2421
120.253.135.82 - - [22/May/2022:10:04:39 +0800] "GET /xingrg/css/blue.css HTTP/1.1" 200 15949
120.253.135.82 - - [22/May/2022:10:04:39 +0800] "GET /xingrg/javascript/myfunction.js HTTP/1.1" 200 24559
120.253.135.82 - - [22/May/2022:10:04:40 +0800] "GET /xingrg/images/blue/pic_notice.jpg HTTP/1.1" 200 3583
120.253.135.82 - - [22/May/2022:10:04:40 +0800] "GET /xingrg/images/blue/pic_top.gif HTTP/1.1" 200 3656
120.253.135.82 - - [22/May/2022:10:04:40 +0800] "GET /xingrg/images/blue/error_top.gif HTTP/1.1" 200 1790
120.253.135.82 - - [22/May/2022:10:04:40 +0800] "GET /xingrg/images/blue/error_buttom.gif HTTP/1.1" 200 1750
120.253.135.82 - - [22/May/2022:10:04:40 +0800] "GET /xingrg/images/blue/error_mid.gif HTTP/1.1" 200 215
120.253.135.82 - - [22/May/2022:10:04:40 +0800] "GET /favicon.ico HTTP/1.1" 404 -
120.253.135.82 - - [22/May/2022:10:04:40 +0800] "GET /xingrg/login.html HTTP/1.1" 200 7641
120.253.135.82 - - [22/May/2022:10:04:41 +0800] "GET /favicon.ico HTTP/1.1" 404 -
180.175.103.167 - - [22/May/2022:10:04:42 +0800] "GET /xingrg/all/function/internal_message.html?_=1653185007846&CODE_STATE=getMsg HTTP/1.1" 200 27
120.253.135.82 - - [22/May/2022:10:04:42 +0800] "POST /xingrg/login.do HTTP/1.1" 302 -
120.253.135.82 - - [22/May/2022:10:04:42 +0800] "GET /xingrg/index.html?sysBaseUrl=http%3A%2F%2F180.169.147.146%3A18081%2Fxingrg%2F&costTime=52×tamp=1653185082811 HTTP/1.1" 200 17173
120.253.135.82 - - [22/May/2022:10:04:42 +0800] "GET /xingrg/javascript/jquery_easy_ui/themes/icon.css HTTP/1.1" 200 3949
120.253.135.82 - - [22/May/2022:10:04:42 +0800] "GET /xingrg/css/form.css HTTP/1.1" 200 893
120.253.135.82 - - [22/May/2022:10:04:42 +0800] "GET /xingrg/javascript/jquery.timers.js HTTP/1.1" 200 3532
120.253.135.82 - - [22/May/2022:10:04:42 +0800] "GET /xingrg/javascript/jquery-1.4.2.min.js HTTP/1.1" 200 72205
120.253.135.82 - - [22/May/2022:10:04:42 +0800] "GET /xingrg/javascript/jquery_easy_ui/jquery.easyui.min.js HTTP/1.1" 200 213662
120.253.135.82 - - [22/May/2022:10:04:42 +0800] "GET /xingrg/javascript/jquery_easy_ui/easyui-lang-zh_CN.js HTTP/1.1" 200 1900
120.253.135.82 - - [22/May/2022:10:04:42 +0800] "GET /xingrg/javascript/jquery_easy_ui/themes/default/easyui.css HTTP/1.1" 200 26500
120.253.135.82 - - [22/May/2022:10:04:42 +0800] "GET /xingrg/javascript/jquery.utils.js HTTP/1.1" 200 11805
120.253.135.82 - - [22/May/2022:10:04:42 +0800] "GET /xingrg/javascript/jquery.form.js HTTP/1.1" 200 23110
120.253.135.82 - - [22/May/2022:10:04:42 +0800] "GET /favicon.ico HTTP/1.1" 404 -
120.253.135.82 - - [22/May/2022:10:04:43 +0800] "GET /xingrg/javascript/jquery_easy_ui/themes/icons/settle_new.png HTTP/1.1" 200 826
120.253.135.82 - - [22/May/2022:10:04:43 +0800] "GET /xingrg/images/blue/navBackgound.jpg HTTP/1.1" 200 12378
120.253.135.82 - - [22/May/2022:10:04:43 +0800] "GET /xingrg/images/blue/pingpu.png HTTP/1.1" 200 231
120.253.135.82 - - [22/May/2022:10:04:43 +0800] "POST /xingrg/all/common/load_tree.html?tree=area_rest_tree_json&manage=1 HTTP/1.1" 200 344
120.253.135.82 - - [22/May/2022:10:04:43 +0800] "GET /xingrg/javascript/jquery_easy_ui/themes/default/images/tabs_leftarrow.png HTTP/1.1" 200 389
120.253.135.82 - - [22/May/2022:10:04:43 +0800] "GET /xingrg/javascript/jquery_easy_ui/themes/default/images/tabs_rightarrow.png HTTP/1.1" 200 395
120.253.135.82 - - [22/May/2022:10:04:43 +0800] "GET /xingrg/javascript/jquery_easy_ui/themes/default/images/panel_tool_collapse.gif HTTP/1.1" 200 246
120.253.135.82 - - [22/May/2022:10:04:43 +0800] "GET /xingrg/check_reg.html?_=1653185188954 HTTP/1.1" 200 22
120.253.135.82 - - [22/May/2022:10:04:43 +0800] "GET /xingrg/all/function/internal_message.html?_=1653185188952&CODE_STATE=count HTTP/1.1" 200 11
120.253.135.82 - - [22/May/2022:10:04:43 +0800] "GET /xingrg/javascript/jquery_easy_ui/themes/default/images/tree_arrows.gif HTTP/1.1" 200 1043
120.253.135.82 - - [22/May/2022:10:04:43 +0800] "POST /xingrg/load_menu.html HTTP/1.1" 200 6743
120.253.135.82 - - [22/May/2022:10:04:43 +0800] "GET /xingrg/javascript/jquery_easy_ui/themes/icons/storage_new.png HTTP/1.1" 200 853
120.253.135.82 - - [22/May/2022:10:04:43 +0800] "GET /xingrg/javascript/jquery_easy_ui/themes/icons/forms_new.png HTTP/1.1" 200 350
120.253.135.82 - - [22/May/2022:10:04:43 +0800] "GET /xingrg/javascript/jquery_easy_ui/themes/default/images/tree_file.gif HTTP/1.1" 200 118
120.253.135.82 - - [22/May/2022:10:04:43 +0800] "GET /xingrg/javascript/jquery_easy_ui/themes/default/images/tree_folder_open.gif HTTP/1.1" 200 956
120.253.135.82 - - [22/May/2022:10:04:43 +0800] "GET /xingrg/javascript/jquery_easy_ui/themes/icons/delivery_new.png HTTP/1.1" 200 700
120.253.135.82 - - [22/May/2022:10:04:43 +0800] "GET /xingrg/javascript/jquery_easy_ui/themes/default/images/tree_folder.gif HTTP/1.1" 200 952
120.253.135.82 - - [22/May/2022:10:04:43 +0800] "GET /xingrg/javascript/jquery_easy_ui/themes/icons/search_new.png HTTP/1.1" 200 586
180.175.103.167 - - [22/May/2022:10:04:44 +0800] "GET /xingrg/kc/buy/cgsh_order_operate.html?command=get_materiel&rest_code=00105&code=00101020060&supplier_code=00100151&order_time=2022-05-22 HTTP/1.1" 200 412
120.253.135.82 - - [22/May/2022:10:04:46 +0800] "GET /xingrg/javascript/jquery_easy_ui/themes/default/images/tabs_close.gif HTTP/1.1" 200 829
120.253.135.82 - - [22/May/2022:10:04:46 +0800] "GET /xingrg/css/site.css HTTP/1.1" 200 7541
120.253.135.82 - - [22/May/2022:10:04:46 +0800] "GET /xingrg/css/base.css HTTP/1.1" 200 2811
120.253.135.82 - - [22/May/2022:10:04:46 +0800] "GET /xingrg/javascript/auto/jquery.autocomplete.css HTTP/1.1" 200 587
120.253.135.82 - - [22/May/2022:10:04:46 +0800] "GET /xingrg/javascript/jquery_tools/table.css HTTP/1.1" 200 1032
120.253.135.82 - - [22/May/2022:10:04:46 +0800] "GET /xingrg/javascript/jquery_tools/jquery.tools.min.js HTTP/1.1" 200 138801
120.253.135.82 - - [22/May/2022:10:04:46 +0800] "GET /xingrg/javascript/easyui/themes/icon.css HTTP/1.1" 200 4483
120.253.135.82 - - [22/May/2022:10:04:46 +0800] "GET /xingrg/javascript/jquery_tools/datebox.css HTTP/1.1" 200 2597
120.253.135.82 - - [22/May/2022:10:04:47 +0800] "GET /xingrg/javascript/jquery_tools/fix.css HTTP/1.1" 200 1702
120.253.135.82 - - [22/May/2022:10:04:47 +0800] "GET /xingrg/javascript/jquery_tools/list_manager.js HTTP/1.1" 200 3652
120.253.135.82 - - [22/May/2022:10:04:47 +0800] "GET /xingrg/javascript/jquery_tools/jquery.tools.table.js HTTP/1.1" 200 6994
120.253.135.82 - - [22/May/2022:10:04:47 +0800] "GET /xingrg/javascript/jquery_tools/jquery.tools.hotkey.js HTTP/1.1" 200 3242
120.253.135.82 - - [22/May/2022:10:04:47 +0800] "GET /xingrg/javascript/easyui/easyloader.js HTTP/1.1" 200 5975
120.253.135.82 - - [22/May/2022:10:04:47 +0800] "GET /xingrg/javascript/print/LodopFuncs.js HTTP/1.1" 200 5121
120.253.135.82 - - [22/May/2022:10:04:47 +0800] "GET /xingrg/javascript/jquery_tools/jquery.tools.extend.js HTTP/1.1" 200 15385
120.253.135.82 - - [22/May/2022:10:04:47 +0800] "GET /xingrg/javascript/jquery.cookie.js HTTP/1.1" 200 5513
120.253.135.82 - - [22/May/2022:10:04:47 +0800] "GET /xingrg/javascript/easyui/themes/default/easyui.css HTTP/1.1" 200 30432
120.253.135.82 - - [22/May/2022:10:04:47 +0800] "GET /xingrg/kc/buy/cgsh_order_list.html HTTP/1.1" 200 51746
120.253.135.82 - - [22/May/2022:10:04:47 +0800] "GET /xingrg/javascript/auto/jquery.autocomplete.js HTTP/1.1" 200 21624
120.253.135.82 - - [22/May/2022:10:04:47 +0800] "GET /xingrg/javascript/easyui/themes/icons/edit_add_new.png HTTP/1.1" 200 2997
120.253.135.82 - - [22/May/2022:10:04:47 +0800] "GET /xingrg/javascript/easyui/themes/icons/cance_new.png HTTP/1.1" 200 3986
120.253.135.82 - - [22/May/2022:10:04:47 +0800] "GET /xingrg/javascript/easyui/themes/icons/check_new.png HTTP/1.1" 200 3224
120.253.135.82 - - [22/May/2022:10:04:47 +0800] "GET /xingrg/javascript/easyui/themes/icons/import_new.png HTTP/1.1" 200 1247
120.253.135.82 - - [22/May/2022:10:04:47 +0800] "GET /xingrg/javascript/easyui/themes/icons/field_new.png HTTP/1.1" 200 1097
120.253.135.82 - - [22/May/2022:10:04:47 +0800] "GET /xingrg/javascript/easyui/plugins/jquery.parser.js HTTP/1.1" 200 1142
120.253.135.82 - - [22/May/2022:10:04:47 +0800] "GET /xingrg/images/control/ajaxLoader.gif HTTP/1.1" 200 4659
180.175.103.167 - - [22/May/2022:10:04:48 +0800] "GET /xingrg/all/function/internal_message.html?_=1653185088480&CODE_STATE=getMsg HTTP/1.1" 200 27
120.253.135.82 - - [22/May/2022:10:04:48 +0800] "POST /xingrg/kc/buy/cgsh_list_operate.html HTTP/1.1" 200 876
180.162.224.22 - - [22/May/2022:10:04:49 +0800] "POST /xingrg/dwr/call/plaincall/AjaxReportQueryService.queryInitializeString.dwr HTTP/1.1" 200 897
120.253.135.82 - - [22/May/2022:10:04:50 +0800] "GET /xingrg/javascript/easyui/themes/default/images/button_plain_hover.png HTTP/1.1" 200 144
120.253.135.82 - - [22/May/2022:10:04:51 +0800] "GET /xingrg/javascript/pic_change.js HTTP/1.1" 200 4739
120.253.135.82 - - [22/May/2022:10:04:51 +0800] "GET /xingrg/javascript/convert.js HTTP/1.1" 200 1239
120.253.135.82 - - [22/May/2022:10:04:51 +0800] "GET /xingrg/javascript/jquery_tools/order_manager.js HTTP/1.1" 200 11183
120.253.135.82 - - [22/May/2022:10:04:51 +0800] "GET /xingrg/javascript/json2.js HTTP/1.1" 200 11259
120.253.135.82 - - [22/May/2022:10:04:51 +0800] "GET /xingrg/javascript/print/kc_print.js HTTP/1.1" 200 11415
120.253.135.82 - - [22/May/2022:10:04:51 +0800] "GET /xingrg/kc/buy/cgsh_order_add.html HTTP/1.1" 200 66586
120.253.135.82 - - [22/May/2022:10:04:51 +0800] "GET /xingrg/words/20220521165229_words.js HTTP/1.1" 200 898127
120.253.135.82 - - [22/May/2022:10:04:51 +0800] "GET /xingrg/javascript/easyui/themes/icons/copy_new.png HTTP/1.1" 200 815
120.253.135.82 - - [22/May/2022:10:04:51 +0800] "GET /xingrg/javascript/easyui/themes/icons/template_new.png HTTP/1.1" 200 3956
120.253.135.82 - - [22/May/2022:10:04:51 +0800] "GET /xingrg/javascript/easyui/themes/icons/ok.png HTTP/1.1" 200 883
120.253.135.82 - - [22/May/2022:10:04:51 +0800] "GET /xingrg/javascript/easyui/themes/icons/print.png HTTP/1.1" 200 1057
120.253.135.82 - - [22/May/2022:10:04:51 +0800] "GET /xingrg/javascript/easyui/themes/default/images/menu_downarrow.png HTTP/1.1" 200 173
120.253.135.82 - - [22/May/2022:10:04:51 +0800] "GET /xingrg/javascript/easyui/themes/icons/cancel.png HTTP/1.1" 200 1133
120.253.135.82 - - [22/May/2022:10:04:52 +0800] "GET /xingrg/all/common/auto_word.html?type=employee&rest_code=00101 HTTP/1.1" 200 977
120.253.135.82 - - [22/May/2022:10:04:52 +0800] "GET /xingrg/all/common/auto_word.html?type=employee&rest_code=00101 HTTP/1.1" 200 977
120.253.135.82 - - [22/May/2022:10:04:52 +0800] "GET /xingrg/javascript/easyui/themes/default/validatebox.css HTTP/1.1" 404 1104
120.253.135.82 - - [22/May/2022:10:04:52 +0800] "GET /xingrg/javascript/easyui/plugins/jquery.validatebox.js HTTP/1.1" 200 6103
120.253.135.82 - - [22/May/2022:10:04:52 +0800] "GET /xingrg/javascript/easyui/plugins/jquery.numberbox.js HTTP/1.1" 200 5213
120.253.135.82 - - [22/May/2022:10:04:52 +0800] "POST /xingrg/kc/buy/cgsh_order_operate.html HTTP/1.1" 200 8245
120.253.135.82 - - [22/May/2022:10:04:53 +0800] "GET /xingrg/javascript/easyui/themes/icons/edit_remove.png HTTP/1.1" 200 625
120.253.135.82 - - [22/May/2022:10:04:53 +0800] "GET /xingrg/css/images/panel_loading.gif HTTP/1.1" 200 1737
120.253.135.82 - - [22/May/2022:10:04:53 +0800] "POST /xingrg/all/common/load_combo.html?type=employee HTTP/1.1" 200 1752
116.235.92.88 - - [22/May/2022:10:04:53 +0800] "GET /xingrg/all/function/internal_message.html?_=1653185269115&CODE_STATE=getMsg HTTP/1.1" 200 27
116.235.92.88 - - [22/May/2022:10:04:53 +0800] "GET /xingrg/check_reg.html?_=1653185269116 HTTP/1.1" 200 22
180.175.103.167 - - [22/May/2022:10:04:54 +0800] "GET /xingrg/kc/buy/cgsh_order_operate.html?command=get_materiel&rest_code=00105&code=00101023013&supplier_code=00100151&order_time=2022-05-22 HTTP/1.1" 200 415
58.39.61.91 - - [22/May/2022:10:04:56 +0800] "GET /xingrg/all/function/internal_message.html?_=1653185095505&CODE_STATE=getMsg HTTP/1.1" 200 27
180.162.224.22 - - [22/May/2022:10:05:00 +0800] "GET /xingrg/all/function/internal_message.html?_=1653185100943&CODE_STATE=getMsg HTTP/1.1" 200 27
120.253.135.82 - - [22/May/2022:10:05:00 +0800] "GET /xingrg/javascript/auto/indicator.gif HTTP/1.1" 404 1066
180.162.224.22 - - [22/May/2022:10:05:00 +0800] "POST /xingrg/dwr/call/plaincall/AjaxReportQueryService.refreshCache.dwr HTTP/1.1" 200 78
180.162.224.22 - - [22/May/2022:10:05:01 +0800] "POST /xingrg/all/report/load_report_page.html HTTP/1.1" 200 13130
180.162.224.22 - - [22/May/2022:10:05:01 +0800] "GET /xingrg/servlets/image?cache=0.3445157942830125&image=px HTTP/1.1" 200 807
180.162.224.22 - - [22/May/2022:10:05:02 +0800] "GET /xingrg/all/report/report_query.html?isQuery=1&fileName=dma/new_5.0/menu/menu_hz.xml&queryString=(a.sale_day%2520between%252020220301%2520and%252020220331)%2520and%2520(a.sid%2520%253D%252016)%2520and%2520(a.category_id%2520in%2520(40))%2520and%2520(a.category_id%253D40)&queryText=%25E3%2580%2590%25E8%2590%25A5%25E4%25B8%259A%25E6%2597%25A5%25E6%259C%259F%253A2022-03-01%2520%25E8%2587%25B3%25202022-03-31%25E3%2580%2591%2520%25E5%25B9%25B6%25E4%25B8%2594%2520%2520%25E3%2580%2590%25E9%2597%25A8%25E5%25BA%2597%25E5%2590%258D%25E7%25A7%25B0%2520%253D%2520%25E6%25A6%2595%25E6%25B8%25AF%25E5%2590%258D%25E8%25BD%25A9%25E6%259D%25BE%25E6%25B1%259F%25E5%25BA%25971_16%25E3%2580%2591%2520%25E5%25B9%25B6%25E4%25B8%2594%2520%2520%25E3%2580%2590%25E8%258F%259C%25E5%2593%2581%25E7%25B1%25BB%25E5%2588%25AB%2520%253D%2520%25E8%2590%25A5%25E9%2594%2580%25E6%25B4%25BB%25E5%258A%25A8%25E3%2580%2591%2520%25E5%25B9%25B6%25E4%25B8%2594%2520%25E3%2580%2590%25E8%258F%259C%25E5%2593%2581%25E7%25B1%25BB%25E5%2588%25AB%2520%253D%2520%25E8%2590%25A5%25E9%2594%2580%25E6%25B4%25BB%25E5%258A%25A8%25E3%2580%2591 HTTP/1.1" 200 54221
180.162.224.22 - - [22/May/2022:10:05:02 +0800] "GET /xingrg/dwr/engine.js HTTP/1.1" 200 43631
180.162.224.22 - - [22/May/2022:10:05:02 +0800] "GET /favicon.ico HTTP/1.1" 404 -
180.162.224.22 - - [22/May/2022:10:05:03 +0800] "POST /xingrg/all/report/load_report_page.html HTTP/1.1" 200 17471
180.162.224.22 - - [22/May/2022:10:05:03 +0800] "GET /xingrg/servlets/image?cache=0.7490978243836438&image=px HTTP/1.1" 200 807
120.253.135.82 - - [22/May/2022:10:05:07 +0800] "GET /xingrg/system/info/materiel_import.html?isSelect=1&singleSelect=false HTTP/1.1" 200 5600
120.253.135.82 - - [22/May/2022:10:05:07 +0800] "GET /xingrg/css/xtree.css HTTP/1.1" 200 880
120.253.135.82 - - [22/May/2022:10:05:07 +0800] "GET /xingrg/javascript/jquery_ui/themes/base/base.css HTTP/1.1" 200 28568
120.253.135.82 - - [22/May/2022:10:05:07 +0800] "GET /xingrg/javascript/jquery_easy_ui/themes/default/images/button_a_bg.gif HTTP/1.1" 200 1194
120.253.135.82 - - [22/May/2022:10:05:07 +0800] "GET /xingrg/javascript/jquery_easy_ui/themes/default/images/button_span_bg.gif HTTP/1.1" 200 2061
120.253.135.82 - - [22/May/2022:10:05:07 +0800] "GET /xingrg/javascript/jquery_easy_ui/themes/icons/check_new.png HTTP/1.1" 200 3224
120.253.135.82 - - [22/May/2022:10:05:07 +0800] "GET /xingrg/javascript/jquery_easy_ui/themes/icons/search.png HTTP/1.1" 200 813
120.253.135.82 - - [22/May/2022:10:05:07 +0800] "GET /xingrg/javascript/jquery_easy_ui/themes/icons/edit_add.png HTTP/1.1" 200 1088
120.253.135.82 - - [22/May/2022:10:05:07 +0800] "GET /xingrg/javascript/jquery_easy_ui/themes/default/images/datagrid_header_bg.gif HTTP/1.1" 200 97
120.253.135.82 - - [22/May/2022:10:05:07 +0800] "GET /xingrg/javascript/jquery_easy_ui/themes/default/images/pagination_first.gif HTTP/1.1" 200 925
120.253.135.82 - - [22/May/2022:10:05:07 +0800] "GET /xingrg/javascript/jquery_easy_ui/themes/default/images/pagination_prev.gif HTTP/1.1" 200 879
120.253.135.82 - - [22/May/2022:10:05:07 +0800] "GET /xingrg/javascript/jquery_easy_ui/themes/default/images/pagination_next.gif HTTP/1.1" 200 875
120.253.135.82 - - [22/May/2022:10:05:07 +0800] "GET /xingrg/javascript/jquery_easy_ui/themes/default/images/pagination_last.gif HTTP/1.1" 200 923
120.253.135.82 - - [22/May/2022:10:05:07 +0800] "GET /xingrg/javascript/jquery_easy_ui/themes/default/images/pagination_load.png HTTP/1.1" 200 827
120.253.135.82 - - [22/May/2022:10:05:07 +0800] "GET /favicon.ico HTTP/1.1" 404 -
120.253.135.82 - - [22/May/2022:10:05:07 +0800] "POST /xingrg/all/common/load_tree.html?tree=materiel_sort_tree_json HTTP/1.1" 200 9388
218.81.223.53 - - [22/May/2022:10:05:10 +0800] "GET /xingrg/all/function/internal_message.html?_=1653185135987&CODE_STATE=getMsg HTTP/1.1" 200 27
218.81.223.53 - - [22/May/2022:10:05:22 +0800] "GET /xingrg/kc/buy/cgsh_order_operate.html?command=get_materiel&rest_code=00146&code=00101012046&supplier_code=00100487&order_time=2022-05-21 HTTP/1.1" 200 417
101.83.241.183 - - [22/May/2022:10:05:25 +0800] "GET /xingrg/all/function/internal_message.html?_=1653185125896&CODE_STATE=getMsg HTTP/1.1" 200 27
120.253.135.82 - - [22/May/2022:10:05:29 +0800] "GET /xingrg/all/function/internal_message.html?_=1653184939560&CODE_STATE=getMsg HTTP/1.1" 200 27
180.175.103.167 - - [22/May/2022:10:05:42 +0800] "GET /xingrg/all/function/internal_message.html?_=1653185067846&CODE_STATE=getMsg HTTP/1.1" 200 27
180.175.103.167 - - [22/May/2022:10:05:42 +0800] "GET /xingrg/check_reg.html?_=1653185067849 HTTP/1.1" 200 22
120.253.135.82 - - [22/May/2022:10:05:43 +0800] "GET /xingrg/all/function/internal_message.html?_=1653185248969&CODE_STATE=getMsg HTTP/1.1" 200 27
180.175.103.167 - - [22/May/2022:10:05:48 +0800] "GET /xingrg/all/function/internal_message.html?_=1653185148467&CODE_STATE=getMsg HTTP/1.1" 200 27
120.253.135.82 - - [22/May/2022:10:05:48 +0800] "GET /xingrg/kc/buy/cgsh_order_operate.html?command=get_materiel&rest_code=00101&code=00102002426&supplier_code=00100145&order_time=2022-05-22 HTTP/1.1" 200 445
120.253.135.82 - - [22/May/2022:10:05:50 +0800] "POST /xingrg/all/common/load_select.html HTTP/1.1" 200 12
218.81.223.53 - - [22/May/2022:10:05:52 +0800] "POST /xingrg/kc/buy/cgsh_order_operate.html HTTP/1.1" 200 37
116.235.92.88 - - [22/May/2022:10:05:53 +0800] "GET /xingrg/all/function/internal_message.html?_=1653185329113&CODE_STATE=getMsg HTTP/1.1" 200 27
120.253.135.82 - - [22/May/2022:10:05:53 +0800] "GET /xingrg/kc/buy/cgsh_order_operate.html?command=get_materiel_price&rest_code=00101&code=00102002426&unit_code=00100124&supplier_code=00100145&order_time=2022-05-22 HTTP/1.1" 200 29
218.81.223.53 - - [22/May/2022:10:05:55 +0800] "POST /xingrg/kc/buy/cgsh_order_operate.html HTTP/1.1" 200 12
58.39.61.91 - - [22/May/2022:10:05:56 +0800] "GET /xingrg/all/function/internal_message.html?_=1653185155502&CODE_STATE=getMsg HTTP/1.1" 200 27
218.81.223.53 - - [22/May/2022:10:05:57 +0800] "GET /xingrg/kc/buy/cgsh_order_info.html?code=212022052201357 HTTP/1.1" 200 62441
218.81.223.53 - - [22/May/2022:10:05:57 +0800] "GET /xingrg/javascript/easyui/themes/default/validatebox.css HTTP/1.1" 404 1104
218.81.223.53 - - [22/May/2022:10:05:58 +0800] "POST /xingrg/kc/buy/cgsh_order_operate.html HTTP/1.1" 200 617
180.162.224.22 - - [22/May/2022:10:06:00 +0800] "GET /xingrg/all/function/internal_message.html?_=1653185160954&CODE_STATE=getMsg HTTP/1.1" 200 27
218.81.223.53 - - [22/May/2022:10:06:00 +0800] "GET /xingrg/kc/print/load_data.html?order_code=212022052201357&kc_code=cgsh&condition= HTTP/1.1" 200 727
218.81.223.53 - - [22/May/2022:10:06:10 +0800] "GET /xingrg/all/function/internal_message.html?_=1653185196002&CODE_STATE=getMsg HTTP/1.1" 200 27
101.83.241.183 - - [22/May/2022:10:06:25 +0800] "GET /xingrg/all/function/internal_message.html?_=1653185185897&CODE_STATE=getMsg HTTP/1.1" 200 27
120.253.135.82 - - [22/May/2022:10:06:28 +0800] "GET /xingrg/kc/buy/cgsh_order_operate.html?command=get_materiel&rest_code=00101&code=00102034039&supplier_code=00100145&order_time=2022-05-22 HTTP/1.1" 200 454
120.253.135.82 - - [22/May/2022:10:06:29 +0800] "GET /xingrg/all/function/internal_message.html?_=1653184999573&CODE_STATE=getMsg HTTP/1.1" 200 27
180.175.103.167 - - [22/May/2022:10:06:42 +0800] "GET /xingrg/all/function/internal_message.html?_=1653185127849&CODE_STATE=getMsg HTTP/1.1" 200 27
120.253.135.82 - - [22/May/2022:10:06:43 +0800] "GET /xingrg/all/function/internal_message.html?_=1653185308983&CODE_STATE=getMsg HTTP/1.1" 200 27
120.253.135.82 - - [22/May/2022:10:06:46 +0800] "GET /xingrg/kc/buy/cgsh_order_operate.html?command=get_materiel&rest_code=00101&code=00102002803&supplier_code=00100145&order_time=2022-05-22 HTTP/1.1" 200 422
180.175.103.167 - - [22/May/2022:10:06:48 +0800] "GET /xingrg/all/function/internal_message.html?_=1653185208486&CODE_STATE=getMsg HTTP/1.1" 200 27
180.175.103.167 - - [22/May/2022:10:06:48 +0800] "GET /xingrg/check_reg.html?_=1653185208488 HTTP/1.1" 200 22
116.235.92.88 - - [22/May/2022:10:06:53 +0800] "GET /xingrg/all/function/internal_message.html?_=1653185389128&CODE_STATE=getMsg HTTP/1.1" 200 27
180.175.103.167 - - [22/May/2022:10:06:54 +0800] "GET /xingrg/kc/buy/cgsh_order_operate.html?command=get_materiel&rest_code=00105&code=00101016082&supplier_code=00100151&order_time=2022-05-22 HTTP/1.1" 200 411
58.39.61.91 - - [22/May/2022:10:06:56 +0800] "GET /xingrg/all/function/internal_message.html?_=1653185215502&CODE_STATE=getMsg HTTP/1.1" 200 27
101.83.241.183 - - [22/May/2022:10:06:56 +0800] "GET /xingrg/kc/buy/cgsh_order_add.html HTTP/1.1" 200 67616
101.83.241.183 - - [22/May/2022:10:06:56 +0800] "GET /xingrg/javascript/easyui/themes/icons/copy_new.png HTTP/1.1" 200 815
101.83.241.183 - - [22/May/2022:10:06:56 +0800] "GET /xingrg/javascript/easyui/themes/icons/template_new.png HTTP/1.1" 200 3956
101.83.241.183 - - [22/May/2022:10:06:56 +0800] "GET /xingrg/javascript/easyui/themes/icons/cancel.png HTTP/1.1" 200 1133
101.83.241.183 - - [22/May/2022:10:06:56 +0800] "POST /xingrg/kc/buy/cgsh_order_operate.html HTTP/1.1" 200 8245
101.83.241.183 - - [22/May/2022:10:06:57 +0800] "GET /xingrg/javascript/easyui/themes/default/validatebox.css HTTP/1.1" 404 1104
101.83.241.183 - - [22/May/2022:10:06:57 +0800] "GET /xingrg/javascript/easyui/themes/icons/edit_remove.png HTTP/1.1" 200 625
120.253.135.82 - - [22/May/2022:10:06:57 +0800] "POST /xingrg/kc/buy/cgsh_order_operate.html HTTP/1.1" 200 37
120.253.135.82 - - [22/May/2022:10:06:59 +0800] "POST /xingrg/kc/buy/cgsh_order_operate.html HTTP/1.1" 200 3879
180.162.224.22 - - [22/May/2022:10:07:00 +0800] "GET /xingrg/all/function/internal_message.html?_=1653185220949&CODE_STATE=getMsg HTTP/1.1" 200 27
101.83.241.183 - - [22/May/2022:10:07:02 +0800] "GET /xingrg/javascript/auto/indicator.gif HTTP/1.1" 404 1066
101.83.241.183 - - [22/May/2022:10:07:03 +0800] "GET /xingrg/javascript/jquery_tools/images/prev.gif HTTP/1.1" 404 1086
101.83.241.183 - - [22/May/2022:10:07:03 +0800] "GET /xingrg/javascript/jquery_tools/images/next.gif HTTP/1.1" 404 1086
218.81.223.53 - - [22/May/2022:10:07:10 +0800] "GET /xingrg/all/function/internal_message.html?_=1653185256120&CODE_STATE=getMsg HTTP/1.1" 200 27
101.83.241.183 - - [22/May/2022:10:07:11 +0800] "GET /xingrg/kc/buy/cgsh_order_operate.html?command=get_materiel&rest_code=00149&code=00101008036&supplier_code=00100151&order_time=2022-05-22 HTTP/1.1" 200 408
180.175.103.167 - - [22/May/2022:10:07:14 +0800] "GET /xingrg/kc/buy/cgsh_order_operate.html?command=get_materiel&rest_code=00105&code=00101008350&supplier_code=00100151&order_time=2022-05-22 HTTP/1.1" 200 410
101.83.241.183 - - [22/May/2022:10:07:22 +0800] "GET /xingrg/kc/buy/cgsh_order_operate.html?command=get_materiel&rest_code=00149&code=00101008331&supplier_code=00100151&order_time=2022-05-22 HTTP/1.1" 200 416
101.83.241.183 - - [22/May/2022:10:07:25 +0800] "GET /xingrg/all/function/internal_message.html?_=1653185245915&CODE_STATE=getMsg HTTP/1.1" 200 27
101.83.241.183 - - [22/May/2022:10:07:25 +0800] "GET /xingrg/check_reg.html?_=1653185245921 HTTP/1.1" 200 22
120.253.135.82 - - [22/May/2022:10:07:29 +0800] "GET /xingrg/all/function/internal_message.html?_=1653185059587&CODE_STATE=getMsg HTTP/1.1" 200 27
101.83.241.183 - - [22/May/2022:10:07:38 +0800] "GET /xingrg/kc/buy/cgsh_order_operate.html?command=get_materiel&rest_code=00149&code=00101008370&supplier_code=00100151&order_time=2022-05-22 HTTP/1.1" 200 412
180.175.103.167 - - [22/May/2022:10:07:42 +0800] "GET /xingrg/all/function/internal_message.html?_=1653185187849&CODE_STATE=getMsg HTTP/1.1" 200 27
120.253.135.82 - - [22/May/2022:10:07:43 +0800] "GET /xingrg/all/function/internal_message.html?_=1653185368996&CODE_STATE=getMsg HTTP/1.1" 200 27
180.175.103.167 - - [22/May/2022:10:07:48 +0800] "GET /xingrg/all/function/internal_message.html?_=1653185268490&CODE_STATE=getMsg HTTP/1.1" 200 27
116.235.92.88 - - [22/May/2022:10:07:53 +0800] "GET /xingrg/all/function/internal_message.html?_=1653185449127&CODE_STATE=getMsg HTTP/1.1" 200 27
58.39.61.91 - - [22/May/2022:10:07:56 +0800] "GET /xingrg/all/function/internal_message.html?_=1653185275500&CODE_STATE=getMsg HTTP/1.1" 200 27
180.162.224.22 - - [22/May/2022:10:08:00 +0800] "GET /xingrg/all/function/internal_message.html?_=1653185280961&CODE_STATE=getMsg HTTP/1.1" 200 27
180.162.224.22 - - [22/May/2022:10:08:00 +0800] "GET /xingrg/check_reg.html?_=1653185280963 HTTP/1.1" 200 22
218.81.223.53 - - [22/May/2022:10:08:10 +0800] "GET /xingrg/all/function/internal_message.html?_=1653185316123&CODE_STATE=getMsg HTTP/1.1" 200 27
180.175.103.167 - - [22/May/2022:10:08:14 +0800] "GET /xingrg/kc/buy/cgsh_order_operate.html?command=get_materiel&rest_code=00105&code=00101037156&supplier_code=00100151&order_time=2022-05-22 HTTP/1.1" 200 409
101.83.241.183 - - [22/May/2022:10:08:23 +0800] "GET /xingrg/kc/buy/cgsh_order_operate.html?command=get_materiel&rest_code=00149&code=00101008024&supplier_code=00100151&order_time=2022-05-22 HTTP/1.1" 200 408
101.83.241.183 - - [22/May/2022:10:08:25 +0800] "GET /xingrg/all/function/internal_message.html?_=1653185305924&CODE_STATE=getMsg HTTP/1.1" 200 27
180.175.103.167 - - [22/May/2022:10:08:27 +0800] "GET /xingrg/kc/buy/cgsh_order_operate.html?command=get_materiel&rest_code=00105&code=00101013200&supplier_code=00100151&order_time=2022-05-22 HTTP/1.1" 200 412
