180.156.212.250 - - [21/May/2022:09:43:18 +0800] "POST /xingrg/services/DataTransmitService HTTP/1.1" 200 524
58.39.61.91 - - [21/May/2022:09:43:23 +0800] "GET /xingrg/all/function/internal_message.html?_=1653097399957&CODE_STATE=getMsg HTTP/1.1" 200 27
58.39.61.91 - - [21/May/2022:09:43:23 +0800] "GET /xingrg/check_reg.html?_=1653097399959 HTTP/1.1" 200 22
180.175.103.167 - - [21/May/2022:09:43:33 +0800] "GET /xingrg/all/function/internal_message.html?_=1653097336080&CODE_STATE=getMsg HTTP/1.1" 200 27
120.253.135.82 - - [21/May/2022:09:43:43 +0800] "GET /xingrg/kc/buy/cgsh_order_operate.html?command=get_materiel&rest_code=00101&code=00101008371&supplier_code=00100007&order_time=2022-05-21 HTTP/1.1" 200 412
120.253.135.82 - - [21/May/2022:09:43:45 +0800] "GET /xingrg/all/function/internal_message.html?_=1653097231515&CODE_STATE=getMsg HTTP/1.1" 200 27
180.157.251.97 - - [21/May/2022:09:43:47 +0800] "GET /xingrg/all/function/internal_message.html?_=1653097424182&CODE_STATE=getMsg HTTP/1.1" 200 27
222.70.180.114 - - [21/May/2022:09:43:51 +0800] "GET /xingrg/all/function/internal_message.html?_=1653097425221&CODE_STATE=getMsg HTTP/1.1" 200 27
116.235.92.88 - - [21/May/2022:09:43:55 +0800] "GET /xingrg/all/function/internal_message.html?_=1653097608033&CODE_STATE=getMsg HTTP/1.1" 200 27
116.230.110.173 - - [21/May/2022:09:43:56 +0800] "GET /xingrg/all/function/internal_message.html?_=1653097431176&CODE_STATE=getMsg HTTP/1.1" 200 27
180.175.103.167 - - [21/May/2022:09:44:01 +0800] "GET /xingrg/check_reg.html?_=1653097441427 HTTP/1.1" 200 22
180.175.103.167 - - [21/May/2022:09:44:01 +0800] "GET /xingrg/all/function/internal_message.html?_=1653097441431&CODE_STATE=getMsg HTTP/1.1" 200 27
180.156.212.250 - - [21/May/2022:09:44:02 +0800] "GET /xingrg/all/function/internal_message.html?_=1653097507934&CODE_STATE=getMsg HTTP/1.1" 200 27
58.35.196.179 - - [21/May/2022:09:44:05 +0800] "GET /xingrg/all/function/internal_message.html?_=1653097441551&CODE_STATE=getMsg HTTP/1.1" 200 27
58.39.61.91 - - [21/May/2022:09:44:08 +0800] "GET /xingrg/all/function/internal_message.html?_=1653097394522&CODE_STATE=getMsg HTTP/1.1" 200 27
114.83.217.109 - - [21/May/2022:09:44:09 +0800] "GET /xingrg/all/function/internal_message.html?_=1653097445350&CODE_STATE=getMsg HTTP/1.1" 200 27
120.253.135.82 - - [21/May/2022:09:44:10 +0800] "GET /xingrg/kc/buy/cgsh_order_operate.html?command=get_materiel&rest_code=00101&code=00101008268&supplier_code=00100007&order_time=2022-05-21 HTTP/1.1" 200 429
58.39.61.91 - - [21/May/2022:09:44:23 +0800] "GET /xingrg/all/function/internal_message.html?_=1653097459958&CODE_STATE=getMsg HTTP/1.1" 200 27
180.175.103.167 - - [21/May/2022:09:44:33 +0800] "GET /xingrg/all/function/internal_message.html?_=1653097396081&CODE_STATE=getMsg HTTP/1.1" 200 27
120.253.135.82 - - [21/May/2022:09:44:45 +0800] "GET /xingrg/kc/buy/cgsh_order_operate.html?command=get_materiel&rest_code=00101&code=00101008005&supplier_code=00100007&order_time=2022-05-21 HTTP/1.1" 200 428
120.253.135.82 - - [21/May/2022:09:44:45 +0800] "GET /xingrg/all/function/internal_message.html?_=1653097291595&CODE_STATE=getMsg HTTP/1.1" 200 27
180.157.251.97 - - [21/May/2022:09:44:47 +0800] "GET /xingrg/all/function/internal_message.html?_=1653097484152&CODE_STATE=getMsg HTTP/1.1" 200 27
222.70.180.114 - - [21/May/2022:09:44:51 +0800] "GET /xingrg/all/function/internal_message.html?_=1653097485205&CODE_STATE=getMsg HTTP/1.1" 200 27
116.235.92.88 - - [21/May/2022:09:44:55 +0800] "GET /xingrg/all/function/internal_message.html?_=1653097668034&CODE_STATE=getMsg HTTP/1.1" 200 27
116.230.110.173 - - [21/May/2022:09:44:56 +0800] "GET /xingrg/all/function/internal_message.html?_=1653097491190&CODE_STATE=getMsg HTTP/1.1" 200 27
180.156.212.250 - - [21/May/2022:09:45:00 +0800] "GET /xingrg/check_reg.html?_=1653097566610 HTTP/1.1" 200 22
180.175.103.167 - - [21/May/2022:09:45:01 +0800] "GET /xingrg/all/function/internal_message.html?_=1653097501416&CODE_STATE=getMsg HTTP/1.1" 200 27
180.156.212.250 - - [21/May/2022:09:45:02 +0800] "GET /xingrg/all/function/internal_message.html?_=1653097567948&CODE_STATE=getMsg HTTP/1.1" 200 27
58.35.196.179 - - [21/May/2022:09:45:05 +0800] "GET /xingrg/all/function/internal_message.html?_=1653097501553&CODE_STATE=getMsg HTTP/1.1" 200 27
58.35.196.179 - - [21/May/2022:09:45:05 +0800] "GET /xingrg/check_reg.html?_=1653097501554 HTTP/1.1" 200 22
58.39.61.91 - - [21/May/2022:09:45:08 +0800] "GET /xingrg/all/function/internal_message.html?_=1653097454525&CODE_STATE=getMsg HTTP/1.1" 200 27
114.83.217.109 - - [21/May/2022:09:45:09 +0800] "GET /xingrg/all/function/internal_message.html?_=1653097505359&CODE_STATE=getMsg HTTP/1.1" 200 27
120.253.135.82 - - [21/May/2022:09:45:10 +0800] "GET /xingrg/kc/buy/cgsh_order_operate.html?command=get_materiel&rest_code=00101&code=00101008210&supplier_code=00100007&order_time=2022-05-21 HTTP/1.1" 200 408
58.39.61.91 - - [21/May/2022:09:45:23 +0800] "GET /xingrg/all/function/internal_message.html?_=1653097519967&CODE_STATE=getMsg HTTP/1.1" 200 27
180.175.103.167 - - [21/May/2022:09:45:33 +0800] "GET /xingrg/check_reg.html?_=1653097456082 HTTP/1.1" 200 22
180.175.103.167 - - [21/May/2022:09:45:33 +0800] "GET /xingrg/all/function/internal_message.html?_=1653097456085&CODE_STATE=getMsg HTTP/1.1" 200 27
120.253.135.82 - - [21/May/2022:09:45:44 +0800] "GET /xingrg/kc/buy/cgsh_order_operate.html?command=get_materiel&rest_code=00101&code=00101008141&supplier_code=00100007&order_time=2022-05-21 HTTP/1.1" 200 412
120.253.135.82 - - [21/May/2022:09:45:45 +0800] "GET /xingrg/all/function/internal_message.html?_=1653097351604&CODE_STATE=getMsg HTTP/1.1" 200 27
180.157.251.97 - - [21/May/2022:09:45:47 +0800] "GET /xingrg/all/function/internal_message.html?_=1653097544137&CODE_STATE=getMsg HTTP/1.1" 200 27
222.70.180.114 - - [21/May/2022:09:45:51 +0800] "GET /xingrg/all/function/internal_message.html?_=1653097545175&CODE_STATE=getMsg HTTP/1.1" 200 27
116.235.92.88 - - [21/May/2022:09:45:55 +0800] "GET /xingrg/all/function/internal_message.html?_=1653097728027&CODE_STATE=getMsg HTTP/1.1" 200 27
116.230.110.173 - - [21/May/2022:09:45:56 +0800] "GET /xingrg/check_reg.html?_=1653097551191 HTTP/1.1" 200 22
116.230.110.173 - - [21/May/2022:09:45:56 +0800] "GET /xingrg/all/function/internal_message.html?_=1653097551192&CODE_STATE=getMsg HTTP/1.1" 200 27
180.175.103.167 - - [21/May/2022:09:46:01 +0800] "GET /xingrg/all/function/internal_message.html?_=1653097561416&CODE_STATE=getMsg HTTP/1.1" 200 27
116.232.38.196 - - [21/May/2022:09:46:02 +0800] "POST /xingrg/services/DataTransmitService HTTP/1.1" 200 524
180.156.212.250 - - [21/May/2022:09:46:02 +0800] "GET /xingrg/all/function/internal_message.html?_=1653097627962&CODE_STATE=getMsg HTTP/1.1" 200 27
58.35.196.179 - - [21/May/2022:09:46:05 +0800] "GET /xingrg/all/function/internal_message.html?_=1653097561554&CODE_STATE=getMsg HTTP/1.1" 200 27
180.157.251.97 - - [21/May/2022:09:46:07 +0800] "GET /xingrg/check_reg.html?_=1653097564437 HTTP/1.1" 200 22
58.39.61.91 - - [21/May/2022:09:46:07 +0800] "GET /xingrg/check_reg.html?_=1653097514199 HTTP/1.1" 200 22
58.39.61.91 - - [21/May/2022:09:46:08 +0800] "GET /xingrg/all/function/internal_message.html?_=1653097514537&CODE_STATE=getMsg HTTP/1.1" 200 27
114.83.217.109 - - [21/May/2022:09:46:09 +0800] "GET /xingrg/check_reg.html?_=1653097565357 HTTP/1.1" 200 22
114.83.217.109 - - [21/May/2022:09:46:09 +0800] "GET /xingrg/all/function/internal_message.html?_=1653097565367&CODE_STATE=getMsg HTTP/1.1" 200 27
120.253.135.82 - - [21/May/2022:09:46:19 +0800] "GET /xingrg/kc/buy/cgsh_order_operate.html?command=get_materiel&rest_code=00101&code=00101008352&supplier_code=00100007&order_time=2022-05-21 HTTP/1.1" 200 427
58.39.61.91 - - [21/May/2022:09:46:23 +0800] "GET /xingrg/all/function/internal_message.html?_=1653097579969&CODE_STATE=getMsg HTTP/1.1" 200 27
180.175.103.167 - - [21/May/2022:09:46:24 +0800] "GET /xingrg/kc/base/base_main.html HTTP/1.1" 200 12142
180.175.103.167 - - [21/May/2022:09:46:25 +0800] "GET /xingrg/kc/base/wldb_order_list.html HTTP/1.1" 200 19101
180.175.103.167 - - [21/May/2022:09:46:26 +0800] "POST /xingrg/kc/base/wldb_list_operate.html HTTP/1.1" 200 928
180.175.103.167 - - [21/May/2022:09:46:32 +0800] "GET /xingrg/kc/base/wldb_order_add.html HTTP/1.1" 200 30315
180.175.103.167 - - [21/May/2022:09:46:32 +0800] "GET /xingrg/words/20220519192902_words.js HTTP/1.1" 304 -
180.175.103.167 - - [21/May/2022:09:46:33 +0800] "POST /xingrg/kc/base/wldb_order_operate.html HTTP/1.1" 200 6806
180.175.103.167 - - [21/May/2022:09:46:33 +0800] "GET /xingrg/all/common/auto_word.html?type=base&rest_code=00105 HTTP/1.1" 200 1907
180.175.103.167 - - [21/May/2022:09:46:33 +0800] "GET /xingrg/all/common/auto_word.html?type=base&rest_code=00105 HTTP/1.1" 200 1907
180.175.103.167 - - [21/May/2022:09:46:33 +0800] "GET /xingrg/javascript/easyui/themes/default/validatebox.css HTTP/1.1" 404 1104
180.175.103.167 - - [21/May/2022:09:46:33 +0800] "GET /xingrg/all/function/internal_message.html?_=1653097516091&CODE_STATE=getMsg HTTP/1.1" 200 27
180.175.103.167 - - [21/May/2022:09:46:35 +0800] "GET /xingrg/javascript/auto/indicator.gif HTTP/1.1" 404 1066
120.253.135.82 - - [21/May/2022:09:46:39 +0800] "GET /xingrg/kc/buy/cgsh_order_operate.html?command=get_materiel&rest_code=00101&code=00101008359&supplier_code=00100007&order_time=2022-05-21 HTTP/1.1" 200 409
120.253.135.82 - - [21/May/2022:09:46:45 +0800] "GET /xingrg/all/function/internal_message.html?_=1653097411618&CODE_STATE=getMsg HTTP/1.1" 200 27
180.175.103.167 - - [21/May/2022:09:46:45 +0800] "GET /xingrg/javascript/jquery_tools/images/prev.gif HTTP/1.1" 404 1086
180.175.103.167 - - [21/May/2022:09:46:45 +0800] "GET /xingrg/javascript/jquery_tools/images/next.gif HTTP/1.1" 404 1086
180.157.251.97 - - [21/May/2022:09:46:47 +0800] "GET /xingrg/all/function/internal_message.html?_=1653097604110&CODE_STATE=getMsg HTTP/1.1" 200 27
222.70.180.114 - - [21/May/2022:09:46:51 +0800] "GET /xingrg/all/function/internal_message.html?_=1653097605159&CODE_STATE=getMsg HTTP/1.1" 200 27
116.235.92.88 - - [21/May/2022:09:46:55 +0800] "GET /xingrg/check_reg.html?_=1653097788022 HTTP/1.1" 200 22
116.235.92.88 - - [21/May/2022:09:46:55 +0800] "GET /xingrg/all/function/internal_message.html?_=1653097788023&CODE_STATE=getMsg HTTP/1.1" 200 27
116.230.110.173 - - [21/May/2022:09:46:56 +0800] "GET /xingrg/all/function/internal_message.html?_=1653097611183&CODE_STATE=getMsg HTTP/1.1" 200 27
120.253.135.82 - - [21/May/2022:09:46:57 +0800] "GET /xingrg/kc/buy/cgsh_order_operate.html?command=get_materiel&rest_code=00101&code=00101008372&supplier_code=00100007&order_time=2022-05-21 HTTP/1.1" 200 408
180.175.103.167 - - [21/May/2022:09:47:01 +0800] "GET /xingrg/all/function/internal_message.html?_=1653097621416&CODE_STATE=getMsg HTTP/1.1" 200 27
180.156.212.250 - - [21/May/2022:09:47:02 +0800] "GET /xingrg/all/function/internal_message.html?_=1653097687975&CODE_STATE=getMsg HTTP/1.1" 200 27
180.175.103.167 - - [21/May/2022:09:47:03 +0800] "GET /xingrg/kc/base/wldb_order_operate.html?command=get_materiel&rest_code=00105&base_code=0010508&code=00102002362 HTTP/1.1" 200 433
58.35.196.179 - - [21/May/2022:09:47:05 +0800] "GET /xingrg/all/function/internal_message.html?_=1653097621556&CODE_STATE=getMsg HTTP/1.1" 200 27
58.39.61.91 - - [21/May/2022:09:47:08 +0800] "GET /xingrg/all/function/internal_message.html?_=1653097574551&CODE_STATE=getMsg HTTP/1.1" 200 27
114.83.217.109 - - [21/May/2022:09:47:09 +0800] "GET /xingrg/all/function/internal_message.html?_=1653097625369&CODE_STATE=getMsg HTTP/1.1" 200 27
218.81.223.53 - - [21/May/2022:09:47:11 +0800] "GET /xingrg/check_reg.html?_=1653097650100 HTTP/1.1" 200 22
120.253.135.82 - - [21/May/2022:09:47:17 +0800] "GET /xingrg/kc/buy/cgsh_order_operate.html?command=get_materiel&rest_code=00101&code=00101008350&supplier_code=00100007&order_time=2022-05-21 HTTP/1.1" 200 429
180.175.103.167 - - [21/May/2022:09:47:19 +0800] "POST /xingrg/kc/base/wldb_order_operate.html HTTP/1.1" 200 37
180.175.103.167 - - [21/May/2022:09:47:19 +0800] "POST /xingrg/kc/base/wldb_order_operate.html HTTP/1.1" 200 2180
180.175.103.167 - - [21/May/2022:09:47:20 +0800] "GET /xingrg/kc/base/wldb_order_info.html?code=422022052100227 HTTP/1.1" 200 30331
180.175.103.167 - - [21/May/2022:09:47:20 +0800] "GET /xingrg/javascript/easyui/themes/default/validatebox.css HTTP/1.1" 404 1104
180.175.103.167 - - [21/May/2022:09:47:21 +0800] "POST /xingrg/kc/base/wldb_order_operate.html HTTP/1.1" 200 2180
58.39.61.91 - - [21/May/2022:09:47:23 +0800] "GET /xingrg/all/function/internal_message.html?_=1653097639970&CODE_STATE=getMsg HTTP/1.1" 200 27
180.175.103.167 - - [21/May/2022:09:47:33 +0800] "GET /xingrg/kc/base/wldb_order_add.html HTTP/1.1" 200 30315
180.175.103.167 - - [21/May/2022:09:47:34 +0800] "POST /xingrg/kc/base/wldb_order_operate.html HTTP/1.1" 200 6806
180.175.103.167 - - [21/May/2022:09:47:34 +0800] "GET /xingrg/javascript/easyui/themes/default/validatebox.css HTTP/1.1" 404 1104
120.253.135.82 - - [21/May/2022:09:47:37 +0800] "GET /xingrg/kc/buy/cgsh_order_operate.html?command=get_materiel&rest_code=00101&code=00101008199&supplier_code=00100007&order_time=2022-05-21 HTTP/1.1" 200 429
120.253.135.82 - - [21/May/2022:09:47:40 +0800] "GET /xingrg/check_reg.html?_=1653097466327 HTTP/1.1" 200 22
120.253.135.82 - - [21/May/2022:09:47:45 +0800] "GET /xingrg/all/function/internal_message.html?_=1653097471631&CODE_STATE=getMsg HTTP/1.1" 200 27
180.157.251.97 - - [21/May/2022:09:47:47 +0800] "GET /xingrg/all/function/internal_message.html?_=1653097664080&CODE_STATE=getMsg HTTP/1.1" 200 27
222.70.180.114 - - [21/May/2022:09:47:51 +0800] "GET /xingrg/all/function/internal_message.html?_=1653097665143&CODE_STATE=getMsg HTTP/1.1" 200 27
120.253.135.82 - - [21/May/2022:09:47:55 +0800] "GET /xingrg/kc/buy/cgsh_order_operate.html?command=get_materiel&rest_code=00101&code=00101008458&supplier_code=00100007&order_time=2022-05-21 HTTP/1.1" 200 409
116.235.92.88 - - [21/May/2022:09:47:55 +0800] "GET /xingrg/all/function/internal_message.html?_=1653097848030&CODE_STATE=getMsg HTTP/1.1" 200 27
116.230.110.173 - - [21/May/2022:09:47:56 +0800] "GET /xingrg/all/function/internal_message.html?_=1653097671176&CODE_STATE=getMsg HTTP/1.1" 200 27
180.175.103.167 - - [21/May/2022:09:48:01 +0800] "GET /xingrg/all/function/internal_message.html?_=1653097681431&CODE_STATE=getMsg HTTP/1.1" 200 27
180.156.212.250 - - [21/May/2022:09:48:02 +0800] "GET /xingrg/all/function/internal_message.html?_=1653097748134&CODE_STATE=getMsg HTTP/1.1" 200 27
58.35.196.179 - - [21/May/2022:09:48:05 +0800] "GET /xingrg/all/function/internal_message.html?_=1653097681557&CODE_STATE=getMsg HTTP/1.1" 200 27
58.39.61.91 - - [21/May/2022:09:48:08 +0800] "GET /xingrg/all/function/internal_message.html?_=1653097634565&CODE_STATE=getMsg HTTP/1.1" 200 27
114.83.217.109 - - [21/May/2022:09:48:09 +0800] "GET /xingrg/all/function/internal_message.html?_=1653097685372&CODE_STATE=getMsg HTTP/1.1" 200 27
180.175.103.167 - - [21/May/2022:09:48:12 +0800] "GET /xingrg/kc/base/wldb_order_operate.html?command=get_materiel&rest_code=00105&base_code=0010507&code=00101019133 HTTP/1.1" 200 480
222.70.180.114 - - [21/May/2022:09:48:15 +0800] "GET /xingrg/check_reg.html?_=1653097688560 HTTP/1.1" 200 22
120.253.135.82 - - [21/May/2022:09:48:15 +0800] "GET /xingrg/kc/buy/cgsh_order_operate.html?command=get_materiel&rest_code=00101&code=00101008152&supplier_code=00100007&order_time=2022-05-21 HTTP/1.1" 200 408
58.39.61.91 - - [21/May/2022:09:48:23 +0800] "GET /xingrg/all/function/internal_message.html?_=1653097699969&CODE_STATE=getMsg HTTP/1.1" 200 27
58.39.61.91 - - [21/May/2022:09:48:23 +0800] "GET /xingrg/check_reg.html?_=1653097699970 HTTP/1.1" 200 22
180.175.103.167 - - [21/May/2022:09:48:27 +0800] "GET /xingrg/kc/base/wldb_order_operate.html?command=get_materiel&rest_code=00105&base_code=0010507&code=00101019127 HTTP/1.1" 200 480
180.175.103.167 - - [21/May/2022:09:48:33 +0800] "GET /xingrg/all/function/internal_message.html?_=1653097636094&CODE_STATE=getMsg HTTP/1.1" 200 27
180.175.103.167 - - [21/May/2022:09:48:41 +0800] "GET /xingrg/kc/base/wldb_order_operate.html?command=get_materiel&rest_code=00105&base_code=0010507&code=00101019015 HTTP/1.1" 200 451
120.253.135.82 - - [21/May/2022:09:48:45 +0800] "GET /xingrg/all/function/internal_message.html?_=1653097531645&CODE_STATE=getMsg HTTP/1.1" 200 27
180.157.251.97 - - [21/May/2022:09:48:47 +0800] "GET /xingrg/all/function/internal_message.html?_=1653097724052&CODE_STATE=getMsg HTTP/1.1" 200 27
222.70.180.114 - - [21/May/2022:09:48:51 +0800] "GET /xingrg/all/function/internal_message.html?_=1653097725128&CODE_STATE=getMsg HTTP/1.1" 200 27
180.175.103.167 - - [21/May/2022:09:48:51 +0800] "GET /xingrg/kc/base/wldb_order_operate.html?command=get_materiel&rest_code=00105&base_code=0010507&code=00101019438 HTTP/1.1" 200 463
116.235.92.88 - - [21/May/2022:09:48:55 +0800] "GET /xingrg/all/function/internal_message.html?_=1653097908028&CODE_STATE=getMsg HTTP/1.1" 200 27
116.230.110.173 - - [21/May/2022:09:48:56 +0800] "GET /xingrg/all/function/internal_message.html?_=1653097731182&CODE_STATE=getMsg HTTP/1.1" 200 27
120.253.135.82 - - [21/May/2022:09:49:00 +0800] "GET /xingrg/kc/buy/cgsh_order_operate.html?command=get_materiel&rest_code=00101&code=00101011005&supplier_code=00100007&order_time=2022-05-21 HTTP/1.1" 200 432
180.175.103.167 - - [21/May/2022:09:49:01 +0800] "GET /xingrg/check_reg.html?_=1653097741416 HTTP/1.1" 200 22
180.175.103.167 - - [21/May/2022:09:49:01 +0800] "GET /xingrg/all/function/internal_message.html?_=1653097741419&CODE_STATE=getMsg HTTP/1.1" 200 27
58.35.196.179 - - [21/May/2022:09:49:05 +0800] "GET /xingrg/all/function/internal_message.html?_=1653097741559&CODE_STATE=getMsg HTTP/1.1" 200 27
58.39.61.91 - - [21/May/2022:09:49:08 +0800] "GET /xingrg/all/function/internal_message.html?_=1653097694589&CODE_STATE=getMsg HTTP/1.1" 200 27
114.83.217.109 - - [21/May/2022:09:49:09 +0800] "GET /xingrg/all/function/internal_message.html?_=1653097745372&CODE_STATE=getMsg HTTP/1.1" 200 27
58.39.61.91 - - [21/May/2022:09:49:23 +0800] "GET /xingrg/all/function/internal_message.html?_=1653097759969&CODE_STATE=getMsg HTTP/1.1" 200 27
180.175.103.167 - - [21/May/2022:09:49:33 +0800] "GET /xingrg/all/function/internal_message.html?_=1653097696065&CODE_STATE=getMsg HTTP/1.1" 200 27
120.253.135.82 - - [21/May/2022:09:49:34 +0800] "GET /xingrg/kc/buy/cgsh_order_operate.html?command=get_materiel&rest_code=00101&code=00101008087&supplier_code=00100007&order_time=2022-05-21 HTTP/1.1" 200 412
120.253.135.82 - - [21/May/2022:09:49:45 +0800] "GET /xingrg/all/function/internal_message.html?_=1653097591659&CODE_STATE=getMsg HTTP/1.1" 200 27
180.157.251.97 - - [21/May/2022:09:49:46 +0800] "GET /xingrg/all/function/internal_message.html?_=1653097784023&CODE_STATE=getMsg HTTP/1.1" 200 27
222.70.180.114 - - [21/May/2022:09:49:51 +0800] "GET /xingrg/all/function/internal_message.html?_=1653097785112&CODE_STATE=getMsg HTTP/1.1" 200 27
116.235.92.88 - - [21/May/2022:09:49:55 +0800] "GET /xingrg/all/function/internal_message.html?_=1653097968034&CODE_STATE=getMsg HTTP/1.1" 200 27
116.230.110.173 - - [21/May/2022:09:49:56 +0800] "GET /xingrg/all/function/internal_message.html?_=1653097791171&CODE_STATE=getMsg HTTP/1.1" 200 27
120.253.135.82 - - [21/May/2022:09:50:01 +0800] "GET /xingrg/kc/buy/cgsh_order_operate.html?command=get_materiel&rest_code=00101&code=00101008077&supplier_code=00100007&order_time=2022-05-21 HTTP/1.1" 200 431
180.175.103.167 - - [21/May/2022:09:50:01 +0800] "GET /xingrg/all/function/internal_message.html?_=1653097801418&CODE_STATE=getMsg HTTP/1.1" 200 27
58.35.196.179 - - [21/May/2022:09:50:05 +0800] "GET /xingrg/check_reg.html?_=1653097801559 HTTP/1.1" 200 22
58.35.196.179 - - [21/May/2022:09:50:05 +0800] "GET /xingrg/all/function/internal_message.html?_=1653097801561&CODE_STATE=getMsg HTTP/1.1" 200 27
180.175.103.167 - - [21/May/2022:09:50:07 +0800] "GET /xingrg/kc/base/wldb_order_operate.html?command=get_materiel&rest_code=00105&base_code=0010507&code=00101019400 HTTP/1.1" 200 465
58.39.61.91 - - [21/May/2022:09:50:08 +0800] "GET /xingrg/all/function/internal_message.html?_=1653097754593&CODE_STATE=getMsg HTTP/1.1" 200 27
114.83.217.109 - - [21/May/2022:09:50:09 +0800] "GET /xingrg/all/function/internal_message.html?_=1653097805372&CODE_STATE=getMsg HTTP/1.1" 200 27
58.39.61.91 - - [21/May/2022:09:50:23 +0800] "GET /xingrg/all/function/internal_message.html?_=1653097819967&CODE_STATE=getMsg HTTP/1.1" 200 27
180.175.103.167 - - [21/May/2022:09:50:25 +0800] "GET /xingrg/kc/base/wldb_order_operate.html?command=get_materiel&rest_code=00105&base_code=0010507&code=00101019222 HTTP/1.1" 200 454
180.175.103.167 - - [21/May/2022:09:50:28 +0800] "POST /xingrg/all/common/load_select.html HTTP/1.1" 200 25
180.175.103.167 - - [21/May/2022:09:50:31 +0800] "GET /xingrg/kc/base/wldb_order_operate.html?command=get_materiel_price&rest_code=00105&base_code=0010507&code=00101019222&unit_code=00100130 HTTP/1.1" 200 36
180.175.103.167 - - [21/May/2022:09:50:33 +0800] "GET /xingrg/all/function/internal_message.html?_=1653097756039&CODE_STATE=getMsg HTTP/1.1" 200 27
180.175.103.167 - - [21/May/2022:09:50:33 +0800] "GET /xingrg/check_reg.html?_=1653097756088 HTTP/1.1" 200 22
120.253.135.82 - - [21/May/2022:09:50:43 +0800] "GET /xingrg/kc/buy/cgsh_order_operate.html?command=get_materiel&rest_code=00101&code=00101008259&supplier_code=00100007&order_time=2022-05-21 HTTP/1.1" 200 408
120.253.135.82 - - [21/May/2022:09:50:45 +0800] "GET /xingrg/all/function/internal_message.html?_=1653097651671&CODE_STATE=getMsg HTTP/1.1" 200 27
180.157.251.97 - - [21/May/2022:09:50:46 +0800] "GET /xingrg/all/function/internal_message.html?_=1653097844008&CODE_STATE=getMsg HTTP/1.1" 200 27
222.70.180.114 - - [21/May/2022:09:50:51 +0800] "GET /xingrg/all/function/internal_message.html?_=1653097845097&CODE_STATE=getMsg HTTP/1.1" 200 27
116.235.92.88 - - [21/May/2022:09:50:55 +0800] "GET /xingrg/all/function/internal_message.html?_=1653098028028&CODE_STATE=getMsg HTTP/1.1" 200 27
116.230.110.173 - - [21/May/2022:09:50:56 +0800] "GET /xingrg/all/function/internal_message.html?_=1653097851184&CODE_STATE=getMsg HTTP/1.1" 200 27
116.230.110.173 - - [21/May/2022:09:50:56 +0800] "GET /xingrg/check_reg.html?_=1653097851185 HTTP/1.1" 200 22
180.175.103.167 - - [21/May/2022:09:51:01 +0800] "GET /xingrg/all/function/internal_message.html?_=1653097861418&CODE_STATE=getMsg HTTP/1.1" 200 27
58.35.196.179 - - [21/May/2022:09:51:05 +0800] "GET /xingrg/all/function/internal_message.html?_=1653097861563&CODE_STATE=getMsg HTTP/1.1" 200 27
180.157.251.97 - - [21/May/2022:09:51:07 +0800] "GET /xingrg/check_reg.html?_=1653097864431 HTTP/1.1" 200 22
58.39.61.91 - - [21/May/2022:09:51:07 +0800] "GET /xingrg/check_reg.html?_=1653097814217 HTTP/1.1" 200 22
58.39.61.91 - - [21/May/2022:09:51:08 +0800] "GET /xingrg/all/function/internal_message.html?_=1653097814605&CODE_STATE=getMsg HTTP/1.1" 200 27
114.83.217.109 - - [21/May/2022:09:51:09 +0800] "GET /xingrg/check_reg.html?_=1653097865382 HTTP/1.1" 200 22
114.83.217.109 - - [21/May/2022:09:51:09 +0800] "GET /xingrg/all/function/internal_message.html?_=1653097865387&CODE_STATE=getMsg HTTP/1.1" 200 27
58.39.61.91 - - [21/May/2022:09:51:23 +0800] "GET /xingrg/all/function/internal_message.html?_=1653097879966&CODE_STATE=getMsg HTTP/1.1" 200 27
180.175.103.167 - - [21/May/2022:09:51:33 +0800] "GET /xingrg/all/function/internal_message.html?_=1653097816014&CODE_STATE=getMsg HTTP/1.1" 200 27
120.253.135.82 - - [21/May/2022:09:51:37 +0800] "POST /xingrg/kc/buy/cgsh_order_operate.html HTTP/1.1" 200 2065
120.253.135.82 - - [21/May/2022:09:51:45 +0800] "GET /xingrg/all/function/internal_message.html?_=1653097711686&CODE_STATE=getMsg HTTP/1.1" 200 27
120.253.135.82 - - [21/May/2022:09:51:45 +0800] "GET /xingrg/kc/buy/cgsh_order_operate.html?command=get_materiel&rest_code=00101&code=00101008300&supplier_code=00100007&order_time=2022-05-21 HTTP/1.1" 200 432
180.157.251.97 - - [21/May/2022:09:51:46 +0800] "GET /xingrg/all/function/internal_message.html?_=1653097903981&CODE_STATE=getMsg HTTP/1.1" 200 27
180.175.103.167 - - [21/May/2022:09:51:46 +0800] "GET /xingrg/kc/base/wldb_order_operate.html?command=get_materiel&rest_code=00105&base_code=0010507&code=00101019542 HTTP/1.1" 200 448
222.70.180.114 - - [21/May/2022:09:51:51 +0800] "GET /xingrg/all/function/internal_message.html?_=1653097905082&CODE_STATE=getMsg HTTP/1.1" 200 27
116.235.92.88 - - [21/May/2022:09:51:55 +0800] "GET /xingrg/check_reg.html?_=1653098088025 HTTP/1.1" 200 22
180.175.103.167 - - [21/May/2022:09:51:55 +0800] "POST /xingrg/kc/base/wldb_order_operate.html HTTP/1.1" 200 37
116.235.92.88 - - [21/May/2022:09:51:55 +0800] "GET /xingrg/all/function/internal_message.html?_=1653098088026&CODE_STATE=getMsg HTTP/1.1" 200 27
180.175.103.167 - - [21/May/2022:09:51:55 +0800] "POST /xingrg/kc/base/wldb_order_operate.html HTTP/1.1" 200 5182
180.175.103.167 - - [21/May/2022:09:51:56 +0800] "GET /xingrg/kc/base/wldb_order_info.html?code=422022052100228 HTTP/1.1" 200 30334
116.230.110.173 - - [21/May/2022:09:51:56 +0800] "GET /xingrg/all/function/internal_message.html?_=1653097911174&CODE_STATE=getMsg HTTP/1.1" 200 27
180.175.103.167 - - [21/May/2022:09:51:56 +0800] "GET /xingrg/javascript/easyui/themes/default/validatebox.css HTTP/1.1" 404 1104
180.175.103.167 - - [21/May/2022:09:51:57 +0800] "POST /xingrg/kc/base/wldb_order_operate.html HTTP/1.1" 200 5182
180.175.103.167 - - [21/May/2022:09:52:01 +0800] "GET /xingrg/all/function/internal_message.html?_=1653097921419&CODE_STATE=getMsg HTTP/1.1" 200 27
58.35.196.179 - - [21/May/2022:09:52:05 +0800] "GET /xingrg/all/function/internal_message.html?_=1653097921564&CODE_STATE=getMsg HTTP/1.1" 200 27
58.39.61.91 - - [21/May/2022:09:52:08 +0800] "GET /xingrg/all/function/internal_message.html?_=1653097874632&CODE_STATE=getMsg HTTP/1.1" 200 27
114.83.217.109 - - [21/May/2022:09:52:09 +0800] "GET /xingrg/all/function/internal_message.html?_=1653097925390&CODE_STATE=getMsg HTTP/1.1" 200 27
120.253.135.82 - - [21/May/2022:09:52:10 +0800] "POST /xingrg/kc/buy/cgsh_order_operate.html HTTP/1.1" 200 37
218.81.223.53 - - [21/May/2022:09:52:11 +0800] "GET /xingrg/check_reg.html?_=1653097950110 HTTP/1.1" 200 22
120.253.135.82 - - [21/May/2022:09:52:12 +0800] "POST /xingrg/kc/buy/cgsh_order_operate.html HTTP/1.1" 200 14130
58.39.61.91 - - [21/May/2022:09:52:23 +0800] "POST /xingrg/all/user/operate.html HTTP/1.1" 200 36
58.39.61.91 - - [21/May/2022:09:52:23 +0800] "GET /xingrg/all/function/internal_message.html?_=1653097939978&CODE_STATE=getMsg HTTP/1.1" 200 27
58.39.61.91 - - [21/May/2022:09:52:23 +0800] "GET /xingrg/index.html?sysBaseUrl=http%3A%2F%2F180.169.147.146%3A18081%2Fxingrg%2F&costTime=48×tamp=1653095698073 HTTP/1.1" 200 17179
58.39.61.91 - - [21/May/2022:09:52:23 +0800] "GET /xingrg/javascript/jquery_easy_ui/themes/default/easyui.css HTTP/1.1" 304 -
58.39.61.91 - - [21/May/2022:09:52:23 +0800] "GET /xingrg/javascript/jquery_easy_ui/themes/icon.css HTTP/1.1" 304 -
58.39.61.91 - - [21/May/2022:09:52:23 +0800] "GET /xingrg/css/form.css HTTP/1.1" 304 -
58.39.61.91 - - [21/May/2022:09:52:23 +0800] "GET /xingrg/javascript/jquery-1.4.2.min.js HTTP/1.1" 304 -
58.39.61.91 - - [21/May/2022:09:52:23 +0800] "GET /xingrg/javascript/jquery_easy_ui/jquery.easyui.min.js HTTP/1.1" 304 -
58.39.61.91 - - [21/May/2022:09:52:23 +0800] "GET /xingrg/javascript/jquery_easy_ui/easyui-lang-zh_CN.js HTTP/1.1" 304 -
58.39.61.91 - - [21/May/2022:09:52:23 +0800] "GET /xingrg/javascript/jquery.form.js HTTP/1.1" 304 -
58.39.61.91 - - [21/May/2022:09:52:23 +0800] "GET /xingrg/javascript/jquery.utils.js HTTP/1.1" 304 -
58.39.61.91 - - [21/May/2022:09:52:23 +0800] "GET /xingrg/javascript/jquery.timers.js HTTP/1.1" 304 -
58.39.61.91 - - [21/May/2022:09:52:23 +0800] "GET /xingrg/images/blue/jxLogo.png HTTP/1.1" 304 -
58.39.61.91 - - [21/May/2022:09:52:23 +0800] "GET /xingrg/images/blue/navBackgound.jpg HTTP/1.1" 304 -
58.39.61.91 - - [21/May/2022:09:52:23 +0800] "GET /xingrg/javascript/jquery_easy_ui/themes/icons/settle_new.png HTTP/1.1" 304 -
58.39.61.91 - - [21/May/2022:09:52:23 +0800] "POST /xingrg/all/common/load_tree.html?tree=area_rest_tree_json&manage=1 HTTP/1.1" 200 476
58.39.61.91 - - [21/May/2022:09:52:23 +0800] "GET /xingrg/images/blue/pingpu.png HTTP/1.1" 304 -
58.39.61.91 - - [21/May/2022:09:52:23 +0800] "GET /xingrg/javascript/jquery_easy_ui/themes/default/images/tabs_leftarrow.png HTTP/1.1" 304 -
58.39.61.91 - - [21/May/2022:09:52:23 +0800] "GET /xingrg/javascript/jquery_easy_ui/themes/default/images/panel_tool_collapse.gif HTTP/1.1" 304 -
58.39.61.91 - - [21/May/2022:09:52:23 +0800] "GET /xingrg/all/function/internal_message.html?_=1653097890305&CODE_STATE=count HTTP/1.1" 200 11
58.39.61.91 - - [21/May/2022:09:52:23 +0800] "GET /xingrg/check_reg.html?_=1653097890305 HTTP/1.1" 200 22
58.39.61.91 - - [21/May/2022:09:52:23 +0800] "GET /xingrg/javascript/jquery_easy_ui/themes/default/images/tabs_rightarrow.png HTTP/1.1" 304 -
58.39.61.91 - - [21/May/2022:09:52:23 +0800] "POST /xingrg/load_menu.html HTTP/1.1" 200 5138
58.39.61.91 - - [21/May/2022:09:52:23 +0800] "GET /xingrg/javascript/jquery_easy_ui/themes/default/images/tree_arrows.gif HTTP/1.1" 304 -
58.39.61.91 - - [21/May/2022:09:52:26 +0800] "GET /xingrg/kc/buy/cgsh_order_list.html HTTP/1.1" 200 51752
58.39.61.91 - - [21/May/2022:09:52:28 +0800] "POST /xingrg/kc/buy/cgsh_list_operate.html HTTP/1.1" 200 2766
58.39.61.91 - - [21/May/2022:09:52:30 +0800] "GET /xingrg/kc/buy/cgsh_order_add.html HTTP/1.1" 200 67458
58.39.61.91 - - [21/May/2022:09:52:30 +0800] "POST /xingrg/kc/buy/cgsh_order_operate.html HTTP/1.1" 200 8245
58.39.61.91 - - [21/May/2022:09:52:30 +0800] "GET /xingrg/javascript/easyui/themes/default/validatebox.css HTTP/1.1" 404 1104
180.175.103.167 - - [21/May/2022:09:52:33 +0800] "GET /xingrg/all/function/internal_message.html?_=1653097875998&CODE_STATE=getMsg HTTP/1.1" 200 27
120.253.135.82 - - [21/May/2022:09:52:40 +0800] "GET /xingrg/check_reg.html?_=1653097766335 HTTP/1.1" 200 22
58.39.61.91 - - [21/May/2022:09:52:40 +0800] "GET /xingrg/javascript/auto/indicator.gif HTTP/1.1" 404 1066
120.253.135.82 - - [21/May/2022:09:52:45 +0800] "GET /xingrg/all/function/internal_message.html?_=1653097771699&CODE_STATE=getMsg HTTP/1.1" 200 27
180.157.251.97 - - [21/May/2022:09:52:46 +0800] "GET /xingrg/all/function/internal_message.html?_=1653097963966&CODE_STATE=getMsg HTTP/1.1" 200 27
180.175.103.167 - - [21/May/2022:09:52:47 +0800] "GET /xingrg/kc/base/base_main.html HTTP/1.1" 200 12142
180.175.103.167 - - [21/May/2022:09:52:49 +0800] "GET /xingrg/kc/base/wldb_order_list.html HTTP/1.1" 200 19101
58.39.61.91 - - [21/May/2022:09:52:49 +0800] "GET /xingrg/kc/buy/cgsh_order_operate.html?command=get_materiel&rest_code=00150&code=00101009042&supplier_code=00100097&order_time=2022-05-21 HTTP/1.1" 200 416
180.175.103.167 - - [21/May/2022:09:52:49 +0800] "POST /xingrg/kc/base/wldb_list_operate.html HTTP/1.1" 200 2176
222.70.180.114 - - [21/May/2022:09:52:51 +0800] "GET /xingrg/all/function/internal_message.html?_=1653097965065&CODE_STATE=getMsg HTTP/1.1" 200 27
116.235.92.88 - - [21/May/2022:09:52:55 +0800] "GET /xingrg/all/function/internal_message.html?_=1653098148035&CODE_STATE=getMsg HTTP/1.1" 200 27
116.230.110.173 - - [21/May/2022:09:52:56 +0800] "GET /xingrg/all/function/internal_message.html?_=1653097971190&CODE_STATE=getMsg HTTP/1.1" 200 27
180.175.103.167 - - [21/May/2022:09:53:01 +0800] "GET /xingrg/all/function/internal_message.html?_=1653097981445&CODE_STATE=getMsg HTTP/1.1" 200 27
58.35.196.179 - - [21/May/2022:09:53:05 +0800] "GET /xingrg/all/function/internal_message.html?_=1653097981549&CODE_STATE=getMsg HTTP/1.1" 200 27
120.253.135.82 - - [21/May/2022:09:53:06 +0800] "POST /xingrg/kc/buy/cgsh_order_operate.html HTTP/1.1" 200 37
120.253.135.82 - - [21/May/2022:09:53:07 +0800] "POST /xingrg/kc/buy/cgsh_order_operate.html HTTP/1.1" 200 14130
114.83.217.109 - - [21/May/2022:09:53:09 +0800] "GET /xingrg/all/function/internal_message.html?_=1653097985389&CODE_STATE=getMsg HTTP/1.1" 200 27
120.253.135.82 - - [21/May/2022:09:53:10 +0800] "GET /xingrg/kc/print/load_config.html?kc_code=cgsh HTTP/1.1" 200 1943
120.253.135.82 - - [21/May/2022:09:53:10 +0800] "GET /xingrg/kc/print/load_data.html?order_code=212022052101272&kc_code=cgsh&condition= HTTP/1.1" 200 5221
222.70.180.114 - - [21/May/2022:09:53:15 +0800] "GET /xingrg/check_reg.html?_=1653097988559 HTTP/1.1" 200 22
58.39.61.91 - - [21/May/2022:09:53:18 +0800] "GET /xingrg/kc/buy/cgsh_order_operate.html?command=get_materiel&rest_code=00150&code=00101008229&supplier_code=00100097&order_time=2022-05-21 HTTP/1.1" 200 420
58.39.61.91 - - [21/May/2022:09:53:23 +0800] "GET /xingrg/all/function/internal_message.html?_=1653097999992&CODE_STATE=getMsg HTTP/1.1" 200 27
58.39.61.91 - - [21/May/2022:09:53:23 +0800] "GET /xingrg/check_reg.html?_=1653097999994 HTTP/1.1" 200 22
58.39.61.91 - - [21/May/2022:09:53:23 +0800] "GET /xingrg/all/function/internal_message.html?_=1653097950311&CODE_STATE=getMsg HTTP/1.1" 200 27
58.39.61.91 - - [21/May/2022:09:53:30 +0800] "GET /xingrg/kc/buy/cgsh_order_operate.html?command=get_materiel&rest_code=00150&code=00101009106&supplier_code=00100097&order_time=2022-05-21 HTTP/1.1" 200 405
180.175.103.167 - - [21/May/2022:09:53:33 +0800] "GET /xingrg/all/function/internal_message.html?_=1653097935970&CODE_STATE=getMsg HTTP/1.1" 200 27
120.253.135.82 - - [21/May/2022:09:53:45 +0800] "GET /xingrg/all/function/internal_message.html?_=1653097831835&CODE_STATE=getMsg HTTP/1.1" 200 27
180.157.251.97 - - [21/May/2022:09:53:46 +0800] "GET /xingrg/all/function/internal_message.html?_=1653098023951&CODE_STATE=getMsg HTTP/1.1" 200 27
222.70.180.114 - - [21/May/2022:09:53:51 +0800] "GET /xingrg/all/function/internal_message.html?_=1653098025051&CODE_STATE=getMsg HTTP/1.1" 200 27
116.235.92.88 - - [21/May/2022:09:53:55 +0800] "GET /xingrg/all/function/internal_message.html?_=1653098208033&CODE_STATE=getMsg HTTP/1.1" 200 27
116.230.110.173 - - [21/May/2022:09:53:56 +0800] "GET /xingrg/all/function/internal_message.html?_=1653098031182&CODE_STATE=getMsg HTTP/1.1" 200 27
58.39.61.91 - - [21/May/2022:09:53:59 +0800] "POST /xingrg/kc/buy/cgsh_order_operate.html HTTP/1.1" 200 37
180.175.103.167 - - [21/May/2022:09:54:01 +0800] "GET /xingrg/check_reg.html?_=1653098041446 HTTP/1.1" 200 22
180.175.103.167 - - [21/May/2022:09:54:01 +0800] "GET /xingrg/all/function/internal_message.html?_=1653098041449&CODE_STATE=getMsg HTTP/1.1" 200 27
58.39.61.91 - - [21/May/2022:09:54:03 +0800] "POST /xingrg/kc/buy/cgsh_order_operate.html HTTP/1.1" 200 12
58.39.61.91 - - [21/May/2022:09:54:04 +0800] "GET /xingrg/kc/buy/cgsh_order_info.html?code=212022052101273 HTTP/1.1" 200 62357
58.39.61.91 - - [21/May/2022:09:54:04 +0800] "GET /xingrg/javascript/easyui/themes/default/validatebox.css HTTP/1.1" 404 1104
58.39.61.91 - - [21/May/2022:09:54:04 +0800] "POST /xingrg/kc/buy/cgsh_order_operate.html HTTP/1.1" 200 1822
58.35.196.179 - - [21/May/2022:09:54:05 +0800] "GET /xingrg/all/function/internal_message.html?_=1653098041553&CODE_STATE=getMsg HTTP/1.1" 200 27
114.83.217.109 - - [21/May/2022:09:54:09 +0800] "GET /xingrg/all/function/internal_message.html?_=1653098045389&CODE_STATE=getMsg HTTP/1.1" 200 27
58.39.61.91 - - [21/May/2022:09:54:13 +0800] "GET /xingrg/kc/print/load_data.html?order_code=212022052101273&kc_code=cgsh&condition= HTTP/1.1" 200 1200
58.39.61.91 - - [21/May/2022:09:54:23 +0800] "GET /xingrg/all/function/internal_message.html?_=1653098059992&CODE_STATE=getMsg HTTP/1.1" 200 27
58.39.61.91 - - [21/May/2022:09:54:23 +0800] "GET /xingrg/kc/buy/cgsh_order_add.html HTTP/1.1" 200 67458
58.39.61.91 - - [21/May/2022:09:54:24 +0800] "POST /xingrg/kc/buy/cgsh_order_operate.html HTTP/1.1" 200 8245
58.39.61.91 - - [21/May/2022:09:54:24 +0800] "GET /xingrg/all/function/internal_message.html?_=1653098010503&CODE_STATE=getMsg HTTP/1.1" 200 27
58.39.61.91 - - [21/May/2022:09:54:24 +0800] "GET /xingrg/javascript/easyui/themes/default/validatebox.css HTTP/1.1" 404 1104
180.175.103.167 - - [21/May/2022:09:54:33 +0800] "GET /xingrg/all/function/internal_message.html?_=1653097995941&CODE_STATE=getMsg HTTP/1.1" 200 27
120.253.135.82 - - [21/May/2022:09:54:45 +0800] "GET /xingrg/all/function/internal_message.html?_=1653097891836&CODE_STATE=getMsg HTTP/1.1" 200 27
180.157.251.97 - - [21/May/2022:09:54:46 +0800] "GET /xingrg/all/function/internal_message.html?_=1653098083921&CODE_STATE=getMsg HTTP/1.1" 200 27
222.70.180.114 - - [21/May/2022:09:54:51 +0800] "GET /xingrg/all/function/internal_message.html?_=1653098085036&CODE_STATE=getMsg HTTP/1.1" 200 27
58.39.61.91 - - [21/May/2022:09:54:53 +0800] "GET /xingrg/kc/buy/cgsh_order_operate.html?command=get_materiel&rest_code=00150&code=00101029003&supplier_code=00100151&order_time=2022-05-21 HTTP/1.1" 200 476
58.39.61.91 - - [21/May/2022:09:54:54 +0800] "POST /xingrg/all/common/load_select.html HTTP/1.1" 200 25
116.235.92.88 - - [21/May/2022:09:54:55 +0800] "GET /xingrg/all/function/internal_message.html?_=1653098268026&CODE_STATE=getMsg HTTP/1.1" 200 27
116.230.110.173 - - [21/May/2022:09:54:56 +0800] "GET /xingrg/all/function/internal_message.html?_=1653098091181&CODE_STATE=getMsg HTTP/1.1" 200 27
114.83.217.109 - - [21/May/2022:09:54:56 +0800] "POST /xingrg/services/DataTransmitService HTTP/1.1" 200 524
58.39.61.91 - - [21/May/2022:09:54:59 +0800] "GET /xingrg/kc/buy/cgsh_order_operate.html?command=get_materiel_price&rest_code=00150&code=00101029003&unit_code=00100179&supplier_code=00100151&order_time=2022-05-21 HTTP/1.1" 200 29
180.175.103.167 - - [21/May/2022:09:55:01 +0800] "GET /xingrg/all/function/internal_message.html?_=1653098101449&CODE_STATE=getMsg HTTP/1.1" 200 27
58.35.196.179 - - [21/May/2022:09:55:05 +0800] "GET /xingrg/all/function/internal_message.html?_=1653098101554&CODE_STATE=getMsg HTTP/1.1" 200 27
58.35.196.179 - - [21/May/2022:09:55:05 +0800] "GET /xingrg/check_reg.html?_=1653098101556 HTTP/1.1" 200 22
114.83.217.109 - - [21/May/2022:09:55:09 +0800] "GET /xingrg/all/function/internal_message.html?_=1653098105389&CODE_STATE=getMsg HTTP/1.1" 200 27
58.39.61.91 - - [21/May/2022:09:55:13 +0800] "GET /xingrg/kc/buy/cgsh_order_operate.html?command=get_materiel&rest_code=00150&code=00101029023&supplier_code=00100151&order_time=2022-05-21 HTTP/1.1" 200 456
58.39.61.91 - - [21/May/2022:09:55:15 +0800] "POST /xingrg/all/common/load_select.html HTTP/1.1" 200 25
58.39.61.91 - - [21/May/2022:09:55:19 +0800] "GET /xingrg/kc/buy/cgsh_order_operate.html?command=get_materiel_price&rest_code=00150&code=00101029023&unit_code=00100179&supplier_code=00100151&order_time=2022-05-21 HTTP/1.1" 200 29
58.39.61.91 - - [21/May/2022:09:55:23 +0800] "GET /xingrg/all/function/internal_message.html?_=1653098120000&CODE_STATE=getMsg HTTP/1.1" 200 27
58.39.61.91 - - [21/May/2022:09:55:24 +0800] "GET /xingrg/all/function/internal_message.html?_=1653098070509&CODE_STATE=getMsg HTTP/1.1" 200 27
58.39.61.91 - - [21/May/2022:09:55:29 +0800] "GET /xingrg/kc/buy/cgsh_order_operate.html?command=get_materiel&rest_code=00150&code=00101029110&supplier_code=00100151&order_time=2022-05-21 HTTP/1.1" 200 413
180.175.103.167 - - [21/May/2022:09:55:33 +0800] "GET /xingrg/all/function/internal_message.html?_=1653098055927&CODE_STATE=getMsg HTTP/1.1" 200 27
180.175.103.167 - - [21/May/2022:09:55:33 +0800] "GET /xingrg/check_reg.html?_=1653098056087 HTTP/1.1" 200 22
58.39.61.91 - - [21/May/2022:09:55:43 +0800] "POST /xingrg/kc/buy/cgsh_order_operate.html HTTP/1.1" 200 37
120.253.135.82 - - [21/May/2022:09:55:44 +0800] "GET /xingrg/kc/buy/cgsh_order_list.html HTTP/1.1" 200 51746
120.253.135.82 - - [21/May/2022:09:55:45 +0800] "GET /xingrg/all/function/internal_message.html?_=1653097951849&CODE_STATE=getMsg HTTP/1.1" 200 27
180.157.251.97 - - [21/May/2022:09:55:46 +0800] "GET /xingrg/all/function/internal_message.html?_=1653098143891&CODE_STATE=getMsg HTTP/1.1" 200 27
58.39.61.91 - - [21/May/2022:09:55:47 +0800] "POST /xingrg/kc/buy/cgsh_order_operate.html HTTP/1.1" 200 12
58.39.61.91 - - [21/May/2022:09:55:48 +0800] "GET /xingrg/kc/buy/cgsh_order_info.html?code=212022052101274 HTTP/1.1" 200 62355
58.39.61.91 - - [21/May/2022:09:55:48 +0800] "GET /xingrg/javascript/easyui/themes/default/validatebox.css HTTP/1.1" 404 1104
120.253.135.82 - - [21/May/2022:09:55:48 +0800] "POST /xingrg/kc/buy/cgsh_list_operate.html HTTP/1.1" 200 1700
58.39.61.91 - - [21/May/2022:09:55:49 +0800] "POST /xingrg/kc/buy/cgsh_order_operate.html HTTP/1.1" 200 1892
58.39.61.91 - - [21/May/2022:09:55:50 +0800] "GET /xingrg/kc/print/load_data.html?order_code=212022052101274&kc_code=cgsh&condition= HTTP/1.1" 200 1271
222.70.180.114 - - [21/May/2022:09:55:51 +0800] "GET /xingrg/all/function/internal_message.html?_=1653098145019&CODE_STATE=getMsg HTTP/1.1" 200 27
120.253.135.82 - - [21/May/2022:09:55:51 +0800] "GET /xingrg/kc/buy/cgsh_order_add.html HTTP/1.1" 200 66592
120.253.135.82 - - [21/May/2022:09:55:51 +0800] "POST /xingrg/kc/buy/cgsh_order_operate.html HTTP/1.1" 200 8245
120.253.135.82 - - [21/May/2022:09:55:52 +0800] "GET /xingrg/javascript/easyui/themes/default/validatebox.css HTTP/1.1" 404 1104
116.235.92.88 - - [21/May/2022:09:55:55 +0800] "GET /xingrg/all/function/internal_message.html?_=1653098328025&CODE_STATE=getMsg HTTP/1.1" 200 27
116.230.110.173 - - [21/May/2022:09:55:56 +0800] "GET /xingrg/all/function/internal_message.html?_=1653098151189&CODE_STATE=getMsg HTTP/1.1" 200 27
116.230.110.173 - - [21/May/2022:09:55:56 +0800] "GET /xingrg/check_reg.html?_=1653098151190 HTTP/1.1" 200 22
180.175.103.167 - - [21/May/2022:09:56:01 +0800] "GET /xingrg/all/function/internal_message.html?_=1653098161449&CODE_STATE=getMsg HTTP/1.1" 200 27
58.35.196.179 - - [21/May/2022:09:56:05 +0800] "GET /xingrg/all/function/internal_message.html?_=1653098161557&CODE_STATE=getMsg HTTP/1.1" 200 27
180.157.251.97 - - [21/May/2022:09:56:07 +0800] "GET /xingrg/check_reg.html?_=1653098164439 HTTP/1.1" 200 22
114.83.217.109 - - [21/May/2022:09:56:09 +0800] "GET /xingrg/check_reg.html?_=1653098165404 HTTP/1.1" 200 22
114.83.217.109 - - [21/May/2022:09:56:09 +0800] "GET /xingrg/all/function/internal_message.html?_=1653098165409&CODE_STATE=getMsg HTTP/1.1" 200 27
120.253.135.82 - - [21/May/2022:09:56:13 +0800] "POST /xingrg/all/common/load_combo.html?type=employee HTTP/1.1" 200 1752
58.39.61.91 - - [21/May/2022:09:56:23 +0800] "GET /xingrg/all/function/internal_message.html?_=1653098179999&CODE_STATE=getMsg HTTP/1.1" 200 27
58.39.61.91 - - [21/May/2022:09:56:24 +0800] "GET /xingrg/all/function/internal_message.html?_=1653098130523&CODE_STATE=getMsg HTTP/1.1" 200 27
180.175.103.167 - - [21/May/2022:09:56:33 +0800] "GET /xingrg/all/function/internal_message.html?_=1653098115900&CODE_STATE=getMsg HTTP/1.1" 200 27
120.253.135.82 - - [21/May/2022:09:56:45 +0800] "GET /xingrg/all/function/internal_message.html?_=1653098011863&CODE_STATE=getMsg HTTP/1.1" 200 27
180.157.251.97 - - [21/May/2022:09:56:46 +0800] "GET /xingrg/all/function/internal_message.html?_=1653098203891&CODE_STATE=getMsg HTTP/1.1" 200 27
222.70.180.114 - - [21/May/2022:09:56:51 +0800] "GET /xingrg/all/function/internal_message.html?_=1653098205004&CODE_STATE=getMsg HTTP/1.1" 200 27
116.235.92.88 - - [21/May/2022:09:56:55 +0800] "GET /xingrg/all/function/internal_message.html?_=1653098388036&CODE_STATE=getMsg HTTP/1.1" 200 27
116.235.92.88 - - [21/May/2022:09:56:55 +0800] "GET /xingrg/check_reg.html?_=1653098388034 HTTP/1.1" 200 22
116.230.110.173 - - [21/May/2022:09:56:56 +0800] "GET /xingrg/all/function/internal_message.html?_=1653098211181&CODE_STATE=getMsg HTTP/1.1" 200 27
180.175.103.167 - - [21/May/2022:09:57:01 +0800] "GET /xingrg/all/function/internal_message.html?_=1653098221449&CODE_STATE=getMsg HTTP/1.1" 200 27
58.35.196.179 - - [21/May/2022:09:57:05 +0800] "GET /xingrg/all/function/internal_message.html?_=1653098221558&CODE_STATE=getMsg HTTP/1.1" 200 27
114.83.217.109 - - [21/May/2022:09:57:09 +0800] "GET /xingrg/all/function/internal_message.html?_=1653098225395&CODE_STATE=getMsg HTTP/1.1" 200 27
218.81.223.53 - - [21/May/2022:09:57:11 +0800] "GET /xingrg/check_reg.html?_=1653098250111 HTTP/1.1" 200 22
58.39.61.91 - - [21/May/2022:09:57:23 +0800] "GET /xingrg/all/function/internal_message.html?_=1653098239998&CODE_STATE=getMsg HTTP/1.1" 200 27
58.39.61.91 - - [21/May/2022:09:57:23 +0800] "GET /xingrg/check_reg.html?_=1653098190340 HTTP/1.1" 200 22
58.39.61.91 - - [21/May/2022:09:57:24 +0800] "GET /xingrg/all/function/internal_message.html?_=1653098190537&CODE_STATE=getMsg HTTP/1.1" 200 27
180.175.103.167 - - [21/May/2022:09:57:33 +0800] "GET /xingrg/all/function/internal_message.html?_=1653098175885&CODE_STATE=getMsg HTTP/1.1" 200 27
120.253.135.82 - - [21/May/2022:09:57:40 +0800] "GET /xingrg/check_reg.html?_=1653098066338 HTTP/1.1" 200 22
120.253.135.82 - - [21/May/2022:09:57:45 +0800] "GET /xingrg/all/function/internal_message.html?_=1653098072004&CODE_STATE=getMsg HTTP/1.1" 200 27
180.157.251.97 - - [21/May/2022:09:57:46 +0800] "GET /xingrg/all/function/internal_message.html?_=1653098263861&CODE_STATE=getMsg HTTP/1.1" 200 27
222.70.180.114 - - [21/May/2022:09:57:51 +0800] "GET /xingrg/all/function/internal_message.html?_=1653098264988&CODE_STATE=getMsg HTTP/1.1" 200 27
120.253.135.82 - - [21/May/2022:09:57:52 +0800] "GET /xingrg/kc/buy/cgsh_order_operate.html?command=get_materiel&rest_code=00101&code=00101008521&supplier_code=00100007&order_time=2022-05-21 HTTP/1.1" 200 409
116.235.92.88 - - [21/May/2022:09:57:55 +0800] "GET /xingrg/all/function/internal_message.html?_=1653098448034&CODE_STATE=getMsg HTTP/1.1" 200 27
116.230.110.173 - - [21/May/2022:09:57:56 +0800] "GET /xingrg/all/function/internal_message.html?_=1653098271172&CODE_STATE=getMsg HTTP/1.1" 200 27
180.175.103.167 - - [21/May/2022:09:58:01 +0800] "GET /xingrg/all/function/internal_message.html?_=1653098281449&CODE_STATE=getMsg HTTP/1.1" 200 27
58.35.196.179 - - [21/May/2022:09:58:05 +0800] "GET /xingrg/all/function/internal_message.html?_=1653098281559&CODE_STATE=getMsg HTTP/1.1" 200 27
114.83.217.109 - - [21/May/2022:09:58:09 +0800] "GET /xingrg/all/function/internal_message.html?_=1653098285410&CODE_STATE=getMsg HTTP/1.1" 200 27
222.70.180.114 - - [21/May/2022:09:58:15 +0800] "GET /xingrg/check_reg.html?_=1653098288562 HTTP/1.1" 200 22
58.39.61.91 - - [21/May/2022:09:58:23 +0800] "GET /xingrg/all/function/internal_message.html?_=1653098299996&CODE_STATE=getMsg HTTP/1.1" 200 27
58.39.61.91 - - [21/May/2022:09:58:23 +0800] "GET /xingrg/check_reg.html?_=1653098299999 HTTP/1.1" 200 22
58.39.61.91 - - [21/May/2022:09:58:24 +0800] "GET /xingrg/all/function/internal_message.html?_=1653098250550&CODE_STATE=getMsg HTTP/1.1" 200 27
180.175.103.167 - - [21/May/2022:09:58:33 +0800] "GET /xingrg/all/function/internal_message.html?_=1653098235856&CODE_STATE=getMsg HTTP/1.1" 200 27
120.253.135.82 - - [21/May/2022:09:58:45 +0800] "GET /xingrg/all/function/internal_message.html?_=1653098132015&CODE_STATE=getMsg HTTP/1.1" 200 27
180.157.251.97 - - [21/May/2022:09:58:46 +0800] "GET /xingrg/all/function/internal_message.html?_=1653098323846&CODE_STATE=getMsg HTTP/1.1" 200 27
222.70.180.114 - - [21/May/2022:09:58:51 +0800] "GET /xingrg/all/function/internal_message.html?_=1653098324984&CODE_STATE=getMsg HTTP/1.1" 200 27
116.235.92.88 - - [21/May/2022:09:58:52 +0800] "POST /xingrg/kc/buy/cgsh_order_operate.html HTTP/1.1" 200 37
116.235.92.88 - - [21/May/2022:09:58:53 +0800] "POST /xingrg/kc/buy/cgsh_order_operate.html HTTP/1.1" 200 2668
116.235.92.88 - - [21/May/2022:09:58:55 +0800] "GET /xingrg/all/function/internal_message.html?_=1653098508050&CODE_STATE=getMsg HTTP/1.1" 200 27
116.230.110.173 - - [21/May/2022:09:58:56 +0800] "GET /xingrg/all/function/internal_message.html?_=1653098331186&CODE_STATE=getMsg HTTP/1.1" 200 27
180.175.103.167 - - [21/May/2022:09:59:01 +0800] "GET /xingrg/check_reg.html?_=1653098341449 HTTP/1.1" 200 22
180.175.103.167 - - [21/May/2022:09:59:01 +0800] "GET /xingrg/all/function/internal_message.html?_=1653098341452&CODE_STATE=getMsg HTTP/1.1" 200 27
58.35.196.179 - - [21/May/2022:09:59:05 +0800] "GET /xingrg/all/function/internal_message.html?_=1653098341561&CODE_STATE=getMsg HTTP/1.1" 200 27
120.253.135.82 - - [21/May/2022:09:59:09 +0800] "GET /xingrg/kc/buy/cgsh_order_operate.html?command=get_materiel&rest_code=00101&code=00101008288&supplier_code=00100007&order_time=2022-05-21 HTTP/1.1" 200 408
114.83.217.109 - - [21/May/2022:09:59:09 +0800] "GET /xingrg/all/function/internal_message.html?_=1653098345417&CODE_STATE=getMsg HTTP/1.1" 200 27
116.235.92.88 - - [21/May/2022:09:59:11 +0800] "GET /xingrg/javascript/easyui/themes/default/tree.css HTTP/1.1" 404 1090
116.235.92.88 - - [21/May/2022:09:59:11 +0800] "POST /xingrg/all/common/load_tree.html?tree=supplier_tree_json&manage=1 HTTP/1.1" 200 67421
116.235.92.88 - - [21/May/2022:09:59:13 +0800] "GET /xingrg/javascript/easyui/themes/default/images/tree_checkbox_0.gif HTTP/1.1" 200 168
116.235.92.88 - - [21/May/2022:09:59:22 +0800] "POST /xingrg/kc/buy/cgsh_list_operate.html HTTP/1.1" 200 876
58.39.61.91 - - [21/May/2022:09:59:23 +0800] "GET /xingrg/all/function/internal_message.html?_=1653098359998&CODE_STATE=getMsg HTTP/1.1" 200 27
58.39.61.91 - - [21/May/2022:09:59:24 +0800] "GET /xingrg/all/function/internal_message.html?_=1653098310564&CODE_STATE=getMsg HTTP/1.1" 200 27
116.235.92.88 - - [21/May/2022:09:59:24 +0800] "POST /xingrg/kc/buy/cgsh_list_operate.html HTTP/1.1" 200 876
116.235.92.88 - - [21/May/2022:09:59:30 +0800] "POST /xingrg/kc/buy/cgsh_list_operate.html HTTP/1.1" 200 1681
180.175.103.167 - - [21/May/2022:09:59:33 +0800] "GET /xingrg/all/function/internal_message.html?_=1653098295826&CODE_STATE=getMsg HTTP/1.1" 200 27
116.235.92.88 - - [21/May/2022:09:59:35 +0800] "GET /xingrg/kc/buy/cgsh_order_add.html HTTP/1.1" 200 67569
