180.175.103.167 - - [20/May/2022:13:32:56 +0800] "GET /xingrg/check_reg.html?_=1653024700086 HTTP/1.1" 200 22
180.175.103.167 - - [20/May/2022:13:32:56 +0800] "GET /xingrg/all/function/internal_message.html?_=1653024700089&CODE_STATE=getMsg HTTP/1.1" 200 27
180.175.103.167 - - [20/May/2022:13:32:59 +0800] "GET /xingrg/all/function/internal_message.html?_=1653024779311&CODE_STATE=getMsg HTTP/1.1" 200 27
180.175.103.167 - - [20/May/2022:13:33:01 +0800] "POST /xingrg/services/DataTransmitService HTTP/1.1" 200 524
180.175.103.167 - - [20/May/2022:13:33:02 +0800] "POST /xingrg/services/DataTransmitService HTTP/1.1" 200 501
180.175.103.167 - - [20/May/2022:13:33:02 +0800] "POST /xingrg/services/DataTransmitService HTTP/1.1" 200 501
180.175.103.167 - - [20/May/2022:13:33:02 +0800] "POST /xingrg/services/DataTransmitService HTTP/1.1" 200 501
180.175.103.167 - - [20/May/2022:13:33:02 +0800] "POST /xingrg/services/DataTransmitService HTTP/1.1" 200 501
180.175.103.167 - - [20/May/2022:13:33:02 +0800] "POST /xingrg/services/DataTransmitService HTTP/1.1" 200 501
114.83.217.109 - - [20/May/2022:13:33:02 +0800] "GET /xingrg/all/function/internal_message.html?_=1653024778704&CODE_STATE=getMsg HTTP/1.1" 200 27
180.175.103.167 - - [20/May/2022:13:33:03 +0800] "POST /xingrg/services/DataTransmitService HTTP/1.1" 200 412
222.70.180.114 - - [20/May/2022:13:33:11 +0800] "GET /xingrg/all/function/internal_message.html?_=1653024785686&CODE_STATE=getMsg HTTP/1.1" 200 27
120.253.135.82 - - [20/May/2022:13:33:11 +0800] "POST /xingrg/kc/pszx/mdps_list_operate.html HTTP/1.1" 200 1692
222.70.180.114 - - [20/May/2022:13:33:12 +0800] "GET /xingrg/check_reg.html?_=1653024786905 HTTP/1.1" 200 22
58.35.196.179 - - [20/May/2022:13:33:12 +0800] "GET /xingrg/all/function/internal_message.html?_=1653024789163&CODE_STATE=getMsg HTTP/1.1" 200 27
120.253.135.82 - - [20/May/2022:13:33:13 +0800] "POST /xingrg/kc/pszx/mdps_list_operate.html HTTP/1.1" 200 604
120.253.135.82 - - [20/May/2022:13:33:14 +0800] "GET /xingrg/kc/pszx/mdps_order_info.html?code=312022051900455 HTTP/1.1" 200 23978
120.253.135.82 - - [20/May/2022:13:33:14 +0800] "POST /xingrg/kc/pszx/mdps_order_operate.html HTTP/1.1" 200 5283
120.253.135.82 - - [20/May/2022:13:33:14 +0800] "GET /xingrg/javascript/easyui/themes/default/validatebox.css HTTP/1.1" 404 1104
58.39.61.91 - - [20/May/2022:13:33:18 +0800] "GET /xingrg/all/function/internal_message.html?_=1653024795134&CODE_STATE=getMsg HTTP/1.1" 200 27
58.39.61.91 - - [20/May/2022:13:33:18 +0800] "GET /xingrg/check_reg.html?_=1653024795135 HTTP/1.1" 200 22
116.235.92.88 - - [20/May/2022:13:33:20 +0800] "GET /xingrg/all/function/internal_message.html?_=1653024974334&CODE_STATE=getMsg HTTP/1.1" 200 27
117.143.45.22 - - [20/May/2022:13:33:21 +0800] "GET /xingrg/all/function/internal_message.html?_=1653024798571&CODE_STATE=getMsg HTTP/1.1" 200 27
140.206.179.42 - - [20/May/2022:13:33:21 +0800] "GET /xingrg/kc/base/crk_hz.html?_=1653024799039&command=get_cost_id&end_date=2022-03-31&start_date=2022-03-01 HTTP/1.1" 200 51
140.206.179.42 - - [20/May/2022:13:33:21 +0800] "GET /xingrg/dwr/interface/AjaxReportQueryService.js HTTP/1.1" 200 13203
140.206.179.42 - - [20/May/2022:13:33:21 +0800] "GET /xingrg/all/report/report_query.html?isQuery=1&onlyBody=1&rh=99999&rw=1800&varString=start:20220301,cost_id:3550,mid:20220301&fileName=kc/base/crk_hz_type_by_base.xml&queryString=%20a.base_code%20in%20('0010283','0010285','0010286','0010290','0010306','0010711','0010842')%20&queryText=ÈÕÆÚ£º2022-03-01ÖÁ2022-03-31%20²Ö¿â£ºÊ³Æ·²Ö¿â,Ñ౫³á¿â,ÏãÑÌ¿â,¾ÆË®¿â,ÎïÁϲֿâ,ÀñºÐ¿â,³ø·¿¿â&tableQueryString=materiel_table$sp1$$sp$before_table$sp1$$sp$crk_table$sp1$order_day%20between%2020220301%20and%2020220331 HTTP/1.1" 200 49499
140.206.179.42 - - [20/May/2022:13:33:22 +0800] "GET /xingrg/dwr/engine.js HTTP/1.1" 200 43631
120.253.135.82 - - [20/May/2022:13:33:23 +0800] "POST /xingrg/kc/pszx/mdps_order_operate.html HTTP/1.1" 200 37
140.206.179.42 - - [20/May/2022:13:33:23 +0800] "POST /xingrg/all/report/load_report_page.html HTTP/1.1" 200 238424
140.206.179.42 - - [20/May/2022:13:33:23 +0800] "GET /xingrg/servlets/image?cache=0.6229925883865601&image=px HTTP/1.1" 200 807
120.253.135.82 - - [20/May/2022:13:33:24 +0800] "POST /xingrg/kc/pszx/mdps_order_operate.html HTTP/1.1" 200 12
120.253.135.82 - - [20/May/2022:13:33:25 +0800] "GET /xingrg/kc/pszx/mdps_order_info.html?code=312022051900455 HTTP/1.1" 200 19638
120.253.135.82 - - [20/May/2022:13:33:26 +0800] "POST /xingrg/kc/pszx/mdps_order_operate.html HTTP/1.1" 200 3477
120.253.135.82 - - [20/May/2022:13:33:26 +0800] "GET /xingrg/javascript/easyui/themes/default/validatebox.css HTTP/1.1" 404 1104
120.253.135.82 - - [20/May/2022:13:33:31 +0800] "GET /xingrg/kc/pszx/mdps_order_list.html?orderType=0 HTTP/1.1" 200 20966
120.253.135.82 - - [20/May/2022:13:33:32 +0800] "POST /xingrg/kc/pszx/mdps_list_operate.html HTTP/1.1" 200 5240
180.157.251.97 - - [20/May/2022:13:33:34 +0800] "GET /xingrg/all/function/internal_message.html?_=1653024811705&CODE_STATE=getMsg HTTP/1.1" 200 27
120.253.135.82 - - [20/May/2022:13:33:37 +0800] "POST /xingrg/kc/pszx/mdps_list_operate.html HTTP/1.1" 200 202
116.228.172.94 - - [20/May/2022:13:33:42 +0800] "GET /xingrg/all/function/internal_message.html?_=1653024760141&CODE_STATE=getMsg HTTP/1.1" 200 27
140.206.179.42 - - [20/May/2022:13:33:44 +0800] "GET /xingrg/all/function/internal_message.html?_=1653024821338&CODE_STATE=getMsg HTTP/1.1" 200 27
116.230.110.173 - - [20/May/2022:13:33:54 +0800] "GET /xingrg/all/function/internal_message.html?_=1653024831182&CODE_STATE=getMsg HTTP/1.1" 200 27
180.175.103.167 - - [20/May/2022:13:33:56 +0800] "GET /xingrg/all/function/internal_message.html?_=1653024760089&CODE_STATE=getMsg HTTP/1.1" 200 27
180.175.103.167 - - [20/May/2022:13:33:59 +0800] "GET /xingrg/all/function/internal_message.html?_=1653024839313&CODE_STATE=getMsg HTTP/1.1" 200 27
180.175.103.167 - - [20/May/2022:13:33:59 +0800] "GET /xingrg/check_reg.html?_=1653024839314 HTTP/1.1" 200 22
114.83.217.109 - - [20/May/2022:13:34:02 +0800] "GET /xingrg/all/function/internal_message.html?_=1653024838704&CODE_STATE=getMsg HTTP/1.1" 200 27
222.70.180.114 - - [20/May/2022:13:34:11 +0800] "GET /xingrg/all/function/internal_message.html?_=1653024845657&CODE_STATE=getMsg HTTP/1.1" 200 27
58.35.196.179 - - [20/May/2022:13:34:12 +0800] "GET /xingrg/all/function/internal_message.html?_=1653024849164&CODE_STATE=getMsg HTTP/1.1" 200 27
58.39.61.91 - - [20/May/2022:13:34:18 +0800] "GET /xingrg/all/function/internal_message.html?_=1653024855136&CODE_STATE=getMsg HTTP/1.1" 200 27
116.235.92.88 - - [20/May/2022:13:34:20 +0800] "GET /xingrg/all/function/internal_message.html?_=1653025034333&CODE_STATE=getMsg HTTP/1.1" 200 27
117.143.45.22 - - [20/May/2022:13:34:21 +0800] "GET /xingrg/all/function/internal_message.html?_=1653024858563&CODE_STATE=getMsg HTTP/1.1" 200 27
180.157.251.97 - - [20/May/2022:13:34:34 +0800] "GET /xingrg/all/function/internal_message.html?_=1653024871705&CODE_STATE=getMsg HTTP/1.1" 200 27
120.253.135.82 - - [20/May/2022:13:34:37 +0800] "GET /xingrg/check_reg.html?_=1653024683464 HTTP/1.1" 200 22
116.228.172.94 - - [20/May/2022:13:34:42 +0800] "GET /xingrg/all/function/internal_message.html?_=1653024820144&CODE_STATE=getMsg HTTP/1.1" 200 27
140.206.179.42 - - [20/May/2022:13:34:44 +0800] "GET /xingrg/all/function/internal_message.html?_=1653024881331&CODE_STATE=getMsg HTTP/1.1" 200 27
116.230.110.173 - - [20/May/2022:13:34:54 +0800] "GET /xingrg/all/function/internal_message.html?_=1653024891185&CODE_STATE=getMsg HTTP/1.1" 200 27
180.175.103.167 - - [20/May/2022:13:34:56 +0800] "GET /xingrg/all/function/internal_message.html?_=1653024820075&CODE_STATE=getMsg HTTP/1.1" 200 27
180.175.103.167 - - [20/May/2022:13:34:59 +0800] "GET /xingrg/all/function/internal_message.html?_=1653024899306&CODE_STATE=getMsg HTTP/1.1" 200 27
114.83.217.109 - - [20/May/2022:13:35:02 +0800] "GET /xingrg/check_reg.html?_=1653024898703 HTTP/1.1" 200 22
114.83.217.109 - - [20/May/2022:13:35:02 +0800] "GET /xingrg/all/function/internal_message.html?_=1653024898719&CODE_STATE=getMsg HTTP/1.1" 200 27
222.70.180.114 - - [20/May/2022:13:35:11 +0800] "GET /xingrg/all/function/internal_message.html?_=1653024905642&CODE_STATE=getMsg HTTP/1.1" 200 27
58.35.196.179 - - [20/May/2022:13:35:12 +0800] "GET /xingrg/all/function/internal_message.html?_=1653024909166&CODE_STATE=getMsg HTTP/1.1" 200 27
58.39.61.91 - - [20/May/2022:13:35:18 +0800] "GET /xingrg/all/function/internal_message.html?_=1653024915153&CODE_STATE=getMsg HTTP/1.1" 200 27
116.235.92.88 - - [20/May/2022:13:35:20 +0800] "GET /xingrg/all/function/internal_message.html?_=1653025094330&CODE_STATE=getMsg HTTP/1.1" 200 27
117.143.45.22 - - [20/May/2022:13:35:21 +0800] "GET /xingrg/check_reg.html?_=1653024918556 HTTP/1.1" 200 22
117.143.45.22 - - [20/May/2022:13:35:21 +0800] "GET /xingrg/all/function/internal_message.html?_=1653024918559&CODE_STATE=getMsg HTTP/1.1" 200 27
180.157.251.97 - - [20/May/2022:13:35:34 +0800] "GET /xingrg/all/function/internal_message.html?_=1653024931705&CODE_STATE=getMsg HTTP/1.1" 200 27
180.157.251.97 - - [20/May/2022:13:35:34 +0800] "GET /xingrg/check_reg.html?_=1653024931707 HTTP/1.1" 200 22
116.228.172.94 - - [20/May/2022:13:35:42 +0800] "GET /xingrg/all/function/internal_message.html?_=1653024880136&CODE_STATE=getMsg HTTP/1.1" 200 27
140.206.179.42 - - [20/May/2022:13:35:44 +0800] "GET /xingrg/all/function/internal_message.html?_=1653024941338&CODE_STATE=getMsg HTTP/1.1" 200 27
116.230.110.173 - - [20/May/2022:13:35:54 +0800] "GET /xingrg/all/function/internal_message.html?_=1653024951177&CODE_STATE=getMsg HTTP/1.1" 200 27
116.230.110.173 - - [20/May/2022:13:35:54 +0800] "GET /xingrg/check_reg.html?_=1653024951179 HTTP/1.1" 200 22
180.175.103.167 - - [20/May/2022:13:35:56 +0800] "GET /xingrg/all/function/internal_message.html?_=1653024880076&CODE_STATE=getMsg HTTP/1.1" 200 27
180.175.103.167 - - [20/May/2022:13:35:59 +0800] "GET /xingrg/all/function/internal_message.html?_=1653024959311&CODE_STATE=getMsg HTTP/1.1" 200 27
114.83.217.109 - - [20/May/2022:13:36:02 +0800] "GET /xingrg/all/function/internal_message.html?_=1653024958719&CODE_STATE=getMsg HTTP/1.1" 200 27
222.70.180.114 - - [20/May/2022:13:36:11 +0800] "GET /xingrg/all/function/internal_message.html?_=1653024965653&CODE_STATE=getMsg HTTP/1.1" 200 27
58.35.196.179 - - [20/May/2022:13:36:12 +0800] "GET /xingrg/check_reg.html?_=1653024969167 HTTP/1.1" 200 22
58.35.196.179 - - [20/May/2022:13:36:12 +0800] "GET /xingrg/all/function/internal_message.html?_=1653024969169&CODE_STATE=getMsg HTTP/1.1" 200 27
58.39.61.91 - - [20/May/2022:13:36:18 +0800] "GET /xingrg/all/function/internal_message.html?_=1653024975151&CODE_STATE=getMsg HTTP/1.1" 200 27
116.235.92.88 - - [20/May/2022:13:36:20 +0800] "GET /xingrg/all/function/internal_message.html?_=1653025154329&CODE_STATE=getMsg HTTP/1.1" 200 27
116.235.92.88 - - [20/May/2022:13:36:20 +0800] "GET /xingrg/check_reg.html?_=1653025154329 HTTP/1.1" 200 22
117.143.45.22 - - [20/May/2022:13:36:21 +0800] "GET /xingrg/all/function/internal_message.html?_=1653024978568&CODE_STATE=getMsg HTTP/1.1" 200 27
180.157.251.97 - - [20/May/2022:13:36:34 +0800] "GET /xingrg/all/function/internal_message.html?_=1653024991707&CODE_STATE=getMsg HTTP/1.1" 200 27
116.228.172.94 - - [20/May/2022:13:36:42 +0800] "GET /xingrg/all/function/internal_message.html?_=1653024940139&CODE_STATE=getMsg HTTP/1.1" 200 27
140.206.179.42 - - [20/May/2022:13:36:44 +0800] "GET /xingrg/all/function/internal_message.html?_=1653025001332&CODE_STATE=getMsg HTTP/1.1" 200 27
116.230.110.173 - - [20/May/2022:13:36:54 +0800] "GET /xingrg/all/function/internal_message.html?_=1653025011192&CODE_STATE=getMsg HTTP/1.1" 200 27
180.175.103.167 - - [20/May/2022:13:36:56 +0800] "GET /xingrg/all/function/internal_message.html?_=1653024940076&CODE_STATE=getMsg HTTP/1.1" 200 27
180.175.103.167 - - [20/May/2022:13:36:59 +0800] "GET /xingrg/all/function/internal_message.html?_=1653025019308&CODE_STATE=getMsg HTTP/1.1" 200 27
114.83.217.109 - - [20/May/2022:13:37:02 +0800] "GET /xingrg/all/function/internal_message.html?_=1653025018719&CODE_STATE=getMsg HTTP/1.1" 200 27
180.156.212.250 - - [20/May/2022:13:37:07 +0800] "GET /xingrg/check_reg.html?_=1653025094501 HTTP/1.1" 200 22
222.70.180.114 - - [20/May/2022:13:37:11 +0800] "GET /xingrg/all/function/internal_message.html?_=1653025025638&CODE_STATE=getMsg HTTP/1.1" 200 27
58.35.196.179 - - [20/May/2022:13:37:12 +0800] "GET /xingrg/all/function/internal_message.html?_=1653025029169&CODE_STATE=getMsg HTTP/1.1" 200 27
218.81.223.53 - - [20/May/2022:13:37:13 +0800] "GET /xingrg/check_reg.html?_=1653025048715 HTTP/1.1" 200 22
58.39.61.91 - - [20/May/2022:13:37:18 +0800] "GET /xingrg/all/function/internal_message.html?_=1653025035151&CODE_STATE=getMsg HTTP/1.1" 200 27
116.235.92.88 - - [20/May/2022:13:37:20 +0800] "GET /xingrg/all/function/internal_message.html?_=1653025214328&CODE_STATE=getMsg HTTP/1.1" 200 27
117.143.45.22 - - [20/May/2022:13:37:21 +0800] "GET /xingrg/all/function/internal_message.html?_=1653025038564&CODE_STATE=getMsg HTTP/1.1" 200 27
180.157.251.97 - - [20/May/2022:13:37:34 +0800] "GET /xingrg/all/function/internal_message.html?_=1653025051707&CODE_STATE=getMsg HTTP/1.1" 200 27
116.228.172.94 - - [20/May/2022:13:37:42 +0800] "GET /xingrg/all/function/internal_message.html?_=1653025000146&CODE_STATE=getMsg HTTP/1.1" 200 27
116.228.172.94 - - [20/May/2022:13:37:42 +0800] "GET /xingrg/check_reg.html?_=1653025000149 HTTP/1.1" 200 22
140.206.179.42 - - [20/May/2022:13:37:44 +0800] "GET /xingrg/check_reg.html?_=1653025061342 HTTP/1.1" 200 22
140.206.179.42 - - [20/May/2022:13:37:44 +0800] "GET /xingrg/all/function/internal_message.html?_=1653025061345&CODE_STATE=getMsg HTTP/1.1" 200 27
116.230.110.173 - - [20/May/2022:13:37:54 +0800] "GET /xingrg/all/function/internal_message.html?_=1653025071187&CODE_STATE=getMsg HTTP/1.1" 200 27
58.40.7.146 - - [20/May/2022:13:37:54 +0800] "GET /favicon.ico HTTP/1.1" 404 -
180.175.103.167 - - [20/May/2022:13:37:56 +0800] "GET /xingrg/all/function/internal_message.html?_=1653025000076&CODE_STATE=getMsg HTTP/1.1" 200 27
180.175.103.167 - - [20/May/2022:13:37:56 +0800] "GET /xingrg/check_reg.html?_=1653025000079 HTTP/1.1" 200 22
180.175.103.167 - - [20/May/2022:13:37:59 +0800] "GET /xingrg/all/function/internal_message.html?_=1653025079307&CODE_STATE=getMsg HTTP/1.1" 200 27
114.83.217.109 - - [20/May/2022:13:38:02 +0800] "GET /xingrg/all/function/internal_message.html?_=1653025078720&CODE_STATE=getMsg HTTP/1.1" 200 27
222.70.180.114 - - [20/May/2022:13:38:11 +0800] "GET /xingrg/all/function/internal_message.html?_=1653025085624&CODE_STATE=getMsg HTTP/1.1" 200 27
222.70.180.114 - - [20/May/2022:13:38:12 +0800] "GET /xingrg/check_reg.html?_=1653025086921 HTTP/1.1" 200 22
58.35.196.179 - - [20/May/2022:13:38:12 +0800] "GET /xingrg/all/function/internal_message.html?_=1653025089172&CODE_STATE=getMsg HTTP/1.1" 200 27
58.39.61.91 - - [20/May/2022:13:38:18 +0800] "GET /xingrg/all/function/internal_message.html?_=1653025095159&CODE_STATE=getMsg HTTP/1.1" 200 27
58.39.61.91 - - [20/May/2022:13:38:18 +0800] "GET /xingrg/check_reg.html?_=1653025095157 HTTP/1.1" 200 22
116.235.92.88 - - [20/May/2022:13:38:20 +0800] "GET /xingrg/all/function/internal_message.html?_=1653025274327&CODE_STATE=getMsg HTTP/1.1" 200 27
117.143.45.22 - - [20/May/2022:13:38:21 +0800] "GET /xingrg/all/function/internal_message.html?_=1653025098564&CODE_STATE=getMsg HTTP/1.1" 200 27
116.230.110.173 - - [20/May/2022:13:38:31 +0800] "POST /xingrg/services/DataTransmitService HTTP/1.1" 200 524
180.157.251.97 - - [20/May/2022:13:38:34 +0800] "GET /xingrg/all/function/internal_message.html?_=1653025111706&CODE_STATE=getMsg HTTP/1.1" 200 27
116.228.172.94 - - [20/May/2022:13:38:42 +0800] "GET /xingrg/all/function/internal_message.html?_=1653025060150&CODE_STATE=getMsg HTTP/1.1" 200 27
140.206.179.42 - - [20/May/2022:13:38:44 +0800] "GET /xingrg/all/function/internal_message.html?_=1653025121341&CODE_STATE=getMsg HTTP/1.1" 200 27
116.230.110.173 - - [20/May/2022:13:38:54 +0800] "GET /xingrg/all/function/internal_message.html?_=1653025131177&CODE_STATE=getMsg HTTP/1.1" 200 27
180.175.103.167 - - [20/May/2022:13:38:56 +0800] "GET /xingrg/all/function/internal_message.html?_=1653025060080&CODE_STATE=getMsg HTTP/1.1" 200 27
180.175.103.167 - - [20/May/2022:13:38:59 +0800] "GET /xingrg/all/function/internal_message.html?_=1653025139317&CODE_STATE=getMsg HTTP/1.1" 200 27
180.175.103.167 - - [20/May/2022:13:38:59 +0800] "GET /xingrg/check_reg.html?_=1653025139320 HTTP/1.1" 200 22
114.83.217.109 - - [20/May/2022:13:39:02 +0800] "GET /xingrg/all/function/internal_message.html?_=1653025138730&CODE_STATE=getMsg HTTP/1.1" 200 27
222.70.180.114 - - [20/May/2022:13:39:11 +0800] "GET /xingrg/all/function/internal_message.html?_=1653025145595&CODE_STATE=getMsg HTTP/1.1" 200 27
58.35.196.179 - - [20/May/2022:13:39:12 +0800] "GET /xingrg/all/function/internal_message.html?_=1653025149158&CODE_STATE=getMsg HTTP/1.1" 200 27
58.39.61.91 - - [20/May/2022:13:39:18 +0800] "GET /xingrg/all/function/internal_message.html?_=1653025155154&CODE_STATE=getMsg HTTP/1.1" 200 27
116.235.92.88 - - [20/May/2022:13:39:20 +0800] "GET /xingrg/all/function/internal_message.html?_=1653025334326&CODE_STATE=getMsg HTTP/1.1" 200 27
117.143.45.22 - - [20/May/2022:13:39:21 +0800] "GET /xingrg/all/function/internal_message.html?_=1653025158560&CODE_STATE=getMsg HTTP/1.1" 200 27
114.84.147.169 - - [20/May/2022:13:39:24 +0800] "POST /xingrg/services/DataTransmitService HTTP/1.1" 200 524
180.157.251.97 - - [20/May/2022:13:39:34 +0800] "GET /xingrg/all/function/internal_message.html?_=1653025171705&CODE_STATE=getMsg HTTP/1.1" 200 27
120.253.135.82 - - [20/May/2022:13:39:37 +0800] "GET /xingrg/check_reg.html?_=1653024984049 HTTP/1.1" 200 22
116.228.172.94 - - [20/May/2022:13:39:42 +0800] "GET /xingrg/all/function/internal_message.html?_=1653025120146&CODE_STATE=getMsg HTTP/1.1" 200 27
140.206.179.42 - - [20/May/2022:13:39:44 +0800] "GET /xingrg/all/function/internal_message.html?_=1653025181340&CODE_STATE=getMsg HTTP/1.1" 200 27
116.230.110.173 - - [20/May/2022:13:39:54 +0800] "GET /xingrg/all/function/internal_message.html?_=1653025191192&CODE_STATE=getMsg HTTP/1.1" 200 27
180.175.103.167 - - [20/May/2022:13:39:56 +0800] "GET /xingrg/all/function/internal_message.html?_=1653025120080&CODE_STATE=getMsg HTTP/1.1" 200 27
180.175.103.167 - - [20/May/2022:13:39:59 +0800] "GET /xingrg/all/function/internal_message.html?_=1653025199316&CODE_STATE=getMsg HTTP/1.1" 200 27
114.83.217.109 - - [20/May/2022:13:40:02 +0800] "GET /xingrg/check_reg.html?_=1653025198733 HTTP/1.1" 200 22
114.83.217.109 - - [20/May/2022:13:40:02 +0800] "GET /xingrg/all/function/internal_message.html?_=1653025198738&CODE_STATE=getMsg HTTP/1.1" 200 27
222.70.180.114 - - [20/May/2022:13:40:11 +0800] "GET /xingrg/all/function/internal_message.html?_=1653025205579&CODE_STATE=getMsg HTTP/1.1" 200 27
58.35.196.179 - - [20/May/2022:13:40:12 +0800] "GET /xingrg/all/function/internal_message.html?_=1653025209159&CODE_STATE=getMsg HTTP/1.1" 200 27
58.39.61.91 - - [20/May/2022:13:40:18 +0800] "GET /xingrg/all/function/internal_message.html?_=1653025215154&CODE_STATE=getMsg HTTP/1.1" 200 27
116.235.92.88 - - [20/May/2022:13:40:20 +0800] "GET /xingrg/all/function/internal_message.html?_=1653025394350&CODE_STATE=getMsg HTTP/1.1" 200 27
117.143.45.22 - - [20/May/2022:13:40:21 +0800] "GET /xingrg/all/function/internal_message.html?_=1653025218568&CODE_STATE=getMsg HTTP/1.1" 200 27
180.157.251.97 - - [20/May/2022:13:40:34 +0800] "GET /xingrg/all/function/internal_message.html?_=1653025231704&CODE_STATE=getMsg HTTP/1.1" 200 27
180.157.251.97 - - [20/May/2022:13:40:34 +0800] "GET /xingrg/check_reg.html?_=1653025231706 HTTP/1.1" 200 22
116.228.172.94 - - [20/May/2022:13:40:42 +0800] "GET /xingrg/all/function/internal_message.html?_=1653025180144&CODE_STATE=getMsg HTTP/1.1" 200 27
140.206.179.42 - - [20/May/2022:13:40:44 +0800] "GET /xingrg/all/function/internal_message.html?_=1653025241338&CODE_STATE=getMsg HTTP/1.1" 200 27
116.230.110.173 - - [20/May/2022:13:40:54 +0800] "GET /xingrg/check_reg.html?_=1653025251182 HTTP/1.1" 200 22
116.230.110.173 - - [20/May/2022:13:40:54 +0800] "GET /xingrg/all/function/internal_message.html?_=1653025251185&CODE_STATE=getMsg HTTP/1.1" 200 27
180.175.103.167 - - [20/May/2022:13:40:56 +0800] "GET /xingrg/all/function/internal_message.html?_=1653025180080&CODE_STATE=getMsg HTTP/1.1" 200 27
180.175.103.167 - - [20/May/2022:13:40:59 +0800] "GET /xingrg/all/function/internal_message.html?_=1653025259331&CODE_STATE=getMsg HTTP/1.1" 200 27
114.83.217.109 - - [20/May/2022:13:41:02 +0800] "GET /xingrg/all/function/internal_message.html?_=1653025258737&CODE_STATE=getMsg HTTP/1.1" 200 27
222.70.180.114 - - [20/May/2022:13:41:11 +0800] "GET /xingrg/all/function/internal_message.html?_=1653025265563&CODE_STATE=getMsg HTTP/1.1" 200 27
58.35.196.179 - - [20/May/2022:13:41:12 +0800] "GET /xingrg/all/function/internal_message.html?_=1653025269161&CODE_STATE=getMsg HTTP/1.1" 200 27
58.35.196.179 - - [20/May/2022:13:41:12 +0800] "GET /xingrg/check_reg.html?_=1653025269162 HTTP/1.1" 200 22
58.39.61.91 - - [20/May/2022:13:41:18 +0800] "GET /xingrg/all/function/internal_message.html?_=1653025275158&CODE_STATE=getMsg HTTP/1.1" 200 27
116.235.92.88 - - [20/May/2022:13:41:20 +0800] "GET /xingrg/check_reg.html?_=1653025454365 HTTP/1.1" 200 22
116.235.92.88 - - [20/May/2022:13:41:20 +0800] "GET /xingrg/all/function/internal_message.html?_=1653025454364&CODE_STATE=getMsg HTTP/1.1" 200 27
180.157.251.97 - - [20/May/2022:13:41:34 +0800] "GET /xingrg/all/function/internal_message.html?_=1653025291706&CODE_STATE=getMsg HTTP/1.1" 200 27
116.228.172.94 - - [20/May/2022:13:41:42 +0800] "GET /xingrg/all/function/internal_message.html?_=1653025240143&CODE_STATE=getMsg HTTP/1.1" 200 27
140.206.179.42 - - [20/May/2022:13:41:44 +0800] "GET /xingrg/all/function/internal_message.html?_=1653025301331&CODE_STATE=getMsg HTTP/1.1" 200 27
116.230.110.173 - - [20/May/2022:13:41:54 +0800] "GET /xingrg/all/function/internal_message.html?_=1653025311174&CODE_STATE=getMsg HTTP/1.1" 200 27
180.175.103.167 - - [20/May/2022:13:41:56 +0800] "GET /xingrg/all/function/internal_message.html?_=1653025240081&CODE_STATE=getMsg HTTP/1.1" 200 27
180.175.103.167 - - [20/May/2022:13:41:59 +0800] "GET /xingrg/all/function/internal_message.html?_=1653025319343&CODE_STATE=getMsg HTTP/1.1" 200 27
114.83.217.109 - - [20/May/2022:13:42:02 +0800] "GET /xingrg/all/function/internal_message.html?_=1653025318738&CODE_STATE=getMsg HTTP/1.1" 200 27
180.156.212.250 - - [20/May/2022:13:42:07 +0800] "GET /xingrg/check_reg.html?_=1653025394513 HTTP/1.1" 200 22
222.70.180.114 - - [20/May/2022:13:42:11 +0800] "GET /xingrg/all/function/internal_message.html?_=1653025325533&CODE_STATE=getMsg HTTP/1.1" 200 27
58.35.196.179 - - [20/May/2022:13:42:12 +0800] "GET /xingrg/all/function/internal_message.html?_=1653025329163&CODE_STATE=getMsg HTTP/1.1" 200 27
218.81.223.53 - - [20/May/2022:13:42:13 +0800] "GET /xingrg/check_reg.html?_=1653025348720 HTTP/1.1" 200 22
58.39.61.91 - - [20/May/2022:13:42:18 +0800] "GET /xingrg/all/function/internal_message.html?_=1653025335157&CODE_STATE=getMsg HTTP/1.1" 200 27
116.235.92.88 - - [20/May/2022:13:42:20 +0800] "GET /xingrg/all/function/internal_message.html?_=1653025514362&CODE_STATE=getMsg HTTP/1.1" 200 27
180.157.251.97 - - [20/May/2022:13:42:34 +0800] "GET /xingrg/all/function/internal_message.html?_=1653025351706&CODE_STATE=getMsg HTTP/1.1" 200 27
116.228.172.94 - - [20/May/2022:13:42:42 +0800] "GET /xingrg/all/function/internal_message.html?_=1653025300144&CODE_STATE=getMsg HTTP/1.1" 200 27
116.228.172.94 - - [20/May/2022:13:42:42 +0800] "GET /xingrg/check_reg.html?_=1653025300147 HTTP/1.1" 200 22
140.206.179.42 - - [20/May/2022:13:42:44 +0800] "GET /xingrg/all/function/internal_message.html?_=1653025361327&CODE_STATE=getMsg HTTP/1.1" 200 27
140.206.179.42 - - [20/May/2022:13:42:44 +0800] "GET /xingrg/check_reg.html?_=1653025361329 HTTP/1.1" 200 22
116.230.110.173 - - [20/May/2022:13:42:54 +0800] "GET /xingrg/all/function/internal_message.html?_=1653025371179&CODE_STATE=getMsg HTTP/1.1" 200 27
180.175.103.167 - - [20/May/2022:13:42:56 +0800] "GET /xingrg/check_reg.html?_=1653025300081 HTTP/1.1" 200 22
180.175.103.167 - - [20/May/2022:13:42:56 +0800] "GET /xingrg/all/function/internal_message.html?_=1653025300084&CODE_STATE=getMsg HTTP/1.1" 200 27
180.175.103.167 - - [20/May/2022:13:42:59 +0800] "GET /xingrg/all/function/internal_message.html?_=1653025379334&CODE_STATE=getMsg HTTP/1.1" 200 27
114.83.217.109 - - [20/May/2022:13:43:02 +0800] "GET /xingrg/all/function/internal_message.html?_=1653025378749&CODE_STATE=getMsg HTTP/1.1" 200 27
222.70.180.114 - - [20/May/2022:13:43:11 +0800] "GET /xingrg/all/function/internal_message.html?_=1653025385517&CODE_STATE=getMsg HTTP/1.1" 200 27
222.70.180.114 - - [20/May/2022:13:43:12 +0800] "GET /xingrg/check_reg.html?_=1653025386923 HTTP/1.1" 200 22
58.35.196.179 - - [20/May/2022:13:43:12 +0800] "GET /xingrg/all/function/internal_message.html?_=1653025389163&CODE_STATE=getMsg HTTP/1.1" 200 27
58.39.61.91 - - [20/May/2022:13:43:18 +0800] "GET /xingrg/all/function/internal_message.html?_=1653025395160&CODE_STATE=getMsg HTTP/1.1" 200 27
58.39.61.91 - - [20/May/2022:13:43:18 +0800] "GET /xingrg/check_reg.html?_=1653025395162 HTTP/1.1" 200 22
116.235.92.88 - - [20/May/2022:13:43:20 +0800] "GET /xingrg/all/function/internal_message.html?_=1653025574361&CODE_STATE=getMsg HTTP/1.1" 200 27
180.157.251.97 - - [20/May/2022:13:43:34 +0800] "GET /xingrg/all/function/internal_message.html?_=1653025411705&CODE_STATE=getMsg HTTP/1.1" 200 27
116.228.172.94 - - [20/May/2022:13:43:42 +0800] "GET /xingrg/all/function/internal_message.html?_=1653025360149&CODE_STATE=getMsg HTTP/1.1" 200 27
140.206.179.42 - - [20/May/2022:13:43:44 +0800] "GET /xingrg/all/function/internal_message.html?_=1653025421340&CODE_STATE=getMsg HTTP/1.1" 200 27
116.230.110.173 - - [20/May/2022:13:43:54 +0800] "GET /xingrg/all/function/internal_message.html?_=1653025431184&CODE_STATE=getMsg HTTP/1.1" 200 27
180.175.103.167 - - [20/May/2022:13:43:56 +0800] "GET /xingrg/all/function/internal_message.html?_=1653025360084&CODE_STATE=getMsg HTTP/1.1" 200 27
180.175.103.167 - - [20/May/2022:13:43:59 +0800] "GET /xingrg/check_reg.html?_=1653025439337 HTTP/1.1" 200 22
180.175.103.167 - - [20/May/2022:13:43:59 +0800] "GET /xingrg/all/function/internal_message.html?_=1653025439336&CODE_STATE=getMsg HTTP/1.1" 200 27
120.253.135.82 - - [20/May/2022:13:44:01 +0800] "GET /xingrg/kc/pszx/mdqp_order_list.html?state=10 HTTP/1.1" 200 10217
120.253.135.82 - - [20/May/2022:13:44:01 +0800] "GET /xingrg/dwr/interface/AjaxReportQueryService.js HTTP/1.1" 200 13203
120.253.135.82 - - [20/May/2022:13:44:01 +0800] "GET /xingrg/dwr/interface/AjaxQqpsService.js HTTP/1.1" 200 16326
120.253.135.82 - - [20/May/2022:13:44:01 +0800] "GET /xingrg/dwr/engine.js HTTP/1.1" 200 43631
114.83.217.109 - - [20/May/2022:13:44:02 +0800] "GET /xingrg/all/function/internal_message.html?_=1653025438755&CODE_STATE=getMsg HTTP/1.1" 200 27
120.253.135.82 - - [20/May/2022:13:44:04 +0800] "GET /xingrg/kc/pszx/mdqp_order_list.html?state=10 HTTP/1.1" 200 10217
120.253.135.82 - - [20/May/2022:13:44:04 +0800] "GET /xingrg/dwr/interface/AjaxReportQueryService.js HTTP/1.1" 200 13203
120.253.135.82 - - [20/May/2022:13:44:04 +0800] "GET /xingrg/dwr/interface/AjaxQqpsService.js HTTP/1.1" 200 16326
120.253.135.82 - - [20/May/2022:13:44:04 +0800] "GET /xingrg/dwr/engine.js HTTP/1.1" 200 43631
120.253.135.82 - - [20/May/2022:13:44:08 +0800] "GET /xingrg/kc/pszx/mdps_order_list.html?orderType=0 HTTP/1.1" 200 20966
120.253.135.82 - - [20/May/2022:13:44:08 +0800] "POST /xingrg/kc/pszx/mdps_list_operate.html HTTP/1.1" 200 5240
222.70.180.114 - - [20/May/2022:13:44:10 +0800] "GET /xingrg/all/function/internal_message.html?_=1653025445487&CODE_STATE=getMsg HTTP/1.1" 200 27
58.35.196.179 - - [20/May/2022:13:44:12 +0800] "GET /xingrg/all/function/internal_message.html?_=1653025449164&CODE_STATE=getMsg HTTP/1.1" 200 27
120.253.135.82 - - [20/May/2022:13:44:17 +0800] "POST /xingrg/kc/pszx/mdps_list_operate.html HTTP/1.1" 200 1687
58.39.61.91 - - [20/May/2022:13:44:18 +0800] "GET /xingrg/all/function/internal_message.html?_=1653025455165&CODE_STATE=getMsg HTTP/1.1" 200 27
116.235.92.88 - - [20/May/2022:13:44:20 +0800] "GET /xingrg/all/function/internal_message.html?_=1653025634358&CODE_STATE=getMsg HTTP/1.1" 200 27
120.253.135.82 - - [20/May/2022:13:44:23 +0800] "GET /xingrg/kc/pszx/mdps_order_add.html HTTP/1.1" 200 29035
120.253.135.82 - - [20/May/2022:13:44:24 +0800] "POST /xingrg/kc/pszx/mdps_order_operate.html HTTP/1.1" 200 7126
120.253.135.82 - - [20/May/2022:13:44:24 +0800] "GET /xingrg/javascript/easyui/themes/default/validatebox.css HTTP/1.1" 404 1104
120.253.135.82 - - [20/May/2022:13:44:31 +0800] "POST /xingrg/all/common/load_combo.html?type=base HTTP/1.1" 200 1169
180.157.251.97 - - [20/May/2022:13:44:34 +0800] "GET /xingrg/all/function/internal_message.html?_=1653025471704&CODE_STATE=getMsg HTTP/1.1" 200 27
120.253.135.82 - - [20/May/2022:13:44:37 +0800] "GET /xingrg/check_reg.html?_=1653025284351 HTTP/1.1" 200 22
116.228.172.94 - - [20/May/2022:13:44:42 +0800] "GET /xingrg/all/function/internal_message.html?_=1653025420150&CODE_STATE=getMsg HTTP/1.1" 200 27
140.206.179.42 - - [20/May/2022:13:44:44 +0800] "GET /xingrg/all/function/internal_message.html?_=1653025481338&CODE_STATE=getMsg HTTP/1.1" 200 27
120.253.135.82 - - [20/May/2022:13:44:49 +0800] "GET /xingrg/kc/pszx/mdps_order_operate.html?command=get_materiel&pszx_code=00101&rest_code=00151&base_code=0010250&code=00102002426 HTTP/1.1" 200 447
116.230.110.173 - - [20/May/2022:13:44:54 +0800] "GET /xingrg/all/function/internal_message.html?_=1653025491180&CODE_STATE=getMsg HTTP/1.1" 200 27
180.175.103.167 - - [20/May/2022:13:44:56 +0800] "GET /xingrg/all/function/internal_message.html?_=1653025420084&CODE_STATE=getMsg HTTP/1.1" 200 27
180.175.103.167 - - [20/May/2022:13:44:59 +0800] "GET /xingrg/all/function/internal_message.html?_=1653025499336&CODE_STATE=getMsg HTTP/1.1" 200 27
120.253.135.82 - - [20/May/2022:13:45:00 +0800] "POST /xingrg/kc/pszx/mdps_order_operate.html HTTP/1.1" 200 37
120.253.135.82 - - [20/May/2022:13:45:01 +0800] "GET /xingrg/kc/pszx/mdps_order_info.html?code=312022052000490 HTTP/1.1" 200 23976
120.253.135.82 - - [20/May/2022:13:45:02 +0800] "POST /xingrg/kc/pszx/mdps_order_operate.html HTTP/1.1" 200 2289
120.253.135.82 - - [20/May/2022:13:45:02 +0800] "GET /xingrg/javascript/easyui/themes/default/validatebox.css HTTP/1.1" 404 1104
114.83.217.109 - - [20/May/2022:13:45:02 +0800] "GET /xingrg/check_reg.html?_=1653025498755 HTTP/1.1" 200 22
114.83.217.109 - - [20/May/2022:13:45:02 +0800] "GET /xingrg/all/function/internal_message.html?_=1653025498760&CODE_STATE=getMsg HTTP/1.1" 200 27
120.253.135.82 - - [20/May/2022:13:45:04 +0800] "POST /xingrg/kc/pszx/mdps_list_operate.html HTTP/1.1" 200 452
120.253.135.82 - - [20/May/2022:13:45:09 +0800] "POST /xingrg/kc/pszx/mdps_list_operate.html HTTP/1.1" 200 2055
120.253.135.82 - - [20/May/2022:13:45:10 +0800] "POST /xingrg/kc/pszx/mdps_list_operate.html HTTP/1.1" 200 452
222.70.180.114 - - [20/May/2022:13:45:10 +0800] "GET /xingrg/all/function/internal_message.html?_=1653025505472&CODE_STATE=getMsg HTTP/1.1" 200 27
58.35.196.179 - - [20/May/2022:13:45:12 +0800] "GET /xingrg/all/function/internal_message.html?_=1653025509167&CODE_STATE=getMsg HTTP/1.1" 200 27
120.253.135.82 - - [20/May/2022:13:45:12 +0800] "POST /xingrg/kc/pszx/mdps_list_operate.html HTTP/1.1" 200 209
120.253.135.82 - - [20/May/2022:13:45:13 +0800] "GET /xingrg/kc/pszx/mdps_order_info.html?code=312022052000490 HTTP/1.1" 200 23976
120.253.135.82 - - [20/May/2022:13:45:13 +0800] "POST /xingrg/kc/pszx/mdps_order_operate.html HTTP/1.1" 200 2289
120.253.135.82 - - [20/May/2022:13:45:13 +0800] "GET /xingrg/javascript/easyui/themes/default/validatebox.css HTTP/1.1" 404 1104
120.253.135.82 - - [20/May/2022:13:45:15 +0800] "GET /xingrg/kc/print/load_data.html?order_code=312022052000490&kc_code=mdps&condition= HTTP/1.1" 200 667
58.39.61.91 - - [20/May/2022:13:45:18 +0800] "GET /xingrg/all/function/internal_message.html?_=1653025515167&CODE_STATE=getMsg HTTP/1.1" 200 27
116.235.92.88 - - [20/May/2022:13:45:20 +0800] "GET /xingrg/all/function/internal_message.html?_=1653025694357&CODE_STATE=getMsg HTTP/1.1" 200 27
180.157.251.97 - - [20/May/2022:13:45:34 +0800] "GET /xingrg/all/function/internal_message.html?_=1653025531704&CODE_STATE=getMsg HTTP/1.1" 200 27
180.157.251.97 - - [20/May/2022:13:45:34 +0800] "GET /xingrg/check_reg.html?_=1653025531706 HTTP/1.1" 200 22
116.228.172.94 - - [20/May/2022:13:45:42 +0800] "GET /xingrg/all/function/internal_message.html?_=1653025480147&CODE_STATE=getMsg HTTP/1.1" 200 27
140.206.179.42 - - [20/May/2022:13:45:44 +0800] "GET /xingrg/all/function/internal_message.html?_=1653025541334&CODE_STATE=getMsg HTTP/1.1" 200 27
116.230.110.173 - - [20/May/2022:13:45:54 +0800] "GET /xingrg/all/function/internal_message.html?_=1653025551179&CODE_STATE=getMsg HTTP/1.1" 200 27
116.230.110.173 - - [20/May/2022:13:45:54 +0800] "GET /xingrg/check_reg.html?_=1653025551183 HTTP/1.1" 200 22
180.175.103.167 - - [20/May/2022:13:45:56 +0800] "GET /xingrg/all/function/internal_message.html?_=1653025480085&CODE_STATE=getMsg HTTP/1.1" 200 27
180.175.103.167 - - [20/May/2022:13:45:59 +0800] "GET /xingrg/all/function/internal_message.html?_=1653025559337&CODE_STATE=getMsg HTTP/1.1" 200 27
114.83.217.109 - - [20/May/2022:13:46:02 +0800] "GET /xingrg/all/function/internal_message.html?_=1653025558757&CODE_STATE=getMsg HTTP/1.1" 200 27
222.70.180.114 - - [20/May/2022:13:46:10 +0800] "GET /xingrg/all/function/internal_message.html?_=1653025565456&CODE_STATE=getMsg HTTP/1.1" 200 27
58.35.196.179 - - [20/May/2022:13:46:12 +0800] "GET /xingrg/check_reg.html?_=1653025569168 HTTP/1.1" 200 22
58.35.196.179 - - [20/May/2022:13:46:12 +0800] "GET /xingrg/all/function/internal_message.html?_=1653025569169&CODE_STATE=getMsg HTTP/1.1" 200 27
58.39.61.91 - - [20/May/2022:13:46:18 +0800] "GET /xingrg/all/function/internal_message.html?_=1653025575184&CODE_STATE=getMsg HTTP/1.1" 200 27
116.235.92.88 - - [20/May/2022:13:46:20 +0800] "GET /xingrg/all/function/internal_message.html?_=1653025754354&CODE_STATE=getMsg HTTP/1.1" 200 27
116.235.92.88 - - [20/May/2022:13:46:20 +0800] "GET /xingrg/check_reg.html?_=1653025754355 HTTP/1.1" 200 22
180.157.251.97 - - [20/May/2022:13:46:34 +0800] "GET /xingrg/all/function/internal_message.html?_=1653025591705&CODE_STATE=getMsg HTTP/1.1" 200 27
116.228.172.94 - - [20/May/2022:13:46:42 +0800] "GET /xingrg/all/function/internal_message.html?_=1653025540141&CODE_STATE=getMsg HTTP/1.1" 200 27
120.253.135.82 - - [20/May/2022:13:46:44 +0800] "POST /xingrg/kc/pszx/mdps_order_operate.html HTTP/1.1" 200 37
140.206.179.42 - - [20/May/2022:13:46:44 +0800] "GET /xingrg/all/function/internal_message.html?_=1653025601337&CODE_STATE=getMsg HTTP/1.1" 200 27
120.253.135.82 - - [20/May/2022:13:46:45 +0800] "POST /xingrg/kc/pszx/mdps_order_operate.html HTTP/1.1" 200 12
120.253.135.82 - - [20/May/2022:13:46:47 +0800] "GET /xingrg/kc/pszx/mdps_order_info.html?code=312022052000490 HTTP/1.1" 200 19636
120.253.135.82 - - [20/May/2022:13:46:48 +0800] "POST /xingrg/kc/pszx/mdps_order_operate.html HTTP/1.1" 200 507
120.253.135.82 - - [20/May/2022:13:46:48 +0800] "GET /xingrg/javascript/easyui/themes/default/validatebox.css HTTP/1.1" 404 1104
120.253.135.82 - - [20/May/2022:13:46:53 +0800] "POST /xingrg/kc/pszx/mdps_list_operate.html HTTP/1.1" 200 1687
116.230.110.173 - - [20/May/2022:13:46:54 +0800] "GET /xingrg/all/function/internal_message.html?_=1653025611183&CODE_STATE=getMsg HTTP/1.1" 200 27
120.253.135.82 - - [20/May/2022:13:46:54 +0800] "POST /xingrg/kc/pszx/mdps_list_operate.html HTTP/1.1" 200 452
120.253.135.82 - - [20/May/2022:13:46:56 +0800] "GET /xingrg/kc/pszx/mdps_order_info.html?code=312022050800186 HTTP/1.1" 200 23976
180.175.103.167 - - [20/May/2022:13:46:56 +0800] "GET /xingrg/all/function/internal_message.html?_=1653025540085&CODE_STATE=getMsg HTTP/1.1" 200 27
120.253.135.82 - - [20/May/2022:13:46:56 +0800] "POST /xingrg/kc/pszx/mdps_order_operate.html HTTP/1.1" 200 3766
120.253.135.82 - - [20/May/2022:13:46:56 +0800] "GET /xingrg/javascript/easyui/themes/default/validatebox.css HTTP/1.1" 404 1104
180.175.103.167 - - [20/May/2022:13:46:59 +0800] "GET /xingrg/all/function/internal_message.html?_=1653025619333&CODE_STATE=getMsg HTTP/1.1" 200 27
120.253.135.82 - - [20/May/2022:13:47:02 +0800] "POST /xingrg/kc/pszx/mdps_list_operate.html HTTP/1.1" 200 1687
114.83.217.109 - - [20/May/2022:13:47:02 +0800] "GET /xingrg/all/function/internal_message.html?_=1653025618768&CODE_STATE=getMsg HTTP/1.1" 200 27
180.156.212.250 - - [20/May/2022:13:47:07 +0800] "GET /xingrg/check_reg.html?_=1653025694512 HTTP/1.1" 200 22
222.70.180.114 - - [20/May/2022:13:47:10 +0800] "GET /xingrg/all/function/internal_message.html?_=1653025625440&CODE_STATE=getMsg HTTP/1.1" 200 27
58.35.196.179 - - [20/May/2022:13:47:12 +0800] "GET /xingrg/all/function/internal_message.html?_=1653025629169&CODE_STATE=getMsg HTTP/1.1" 200 27
218.81.223.53 - - [20/May/2022:13:47:13 +0800] "GET /xingrg/check_reg.html?_=1653025648724 HTTP/1.1" 200 22
58.39.61.91 - - [20/May/2022:13:47:18 +0800] "GET /xingrg/all/function/internal_message.html?_=1653025635183&CODE_STATE=getMsg HTTP/1.1" 200 27
116.235.92.88 - - [20/May/2022:13:47:20 +0800] "GET /xingrg/all/function/internal_message.html?_=1653025814353&CODE_STATE=getMsg HTTP/1.1" 200 27
180.157.251.97 - - [20/May/2022:13:47:34 +0800] "GET /xingrg/all/function/internal_message.html?_=1653025651704&CODE_STATE=getMsg HTTP/1.1" 200 27
116.228.172.94 - - [20/May/2022:13:47:42 +0800] "GET /xingrg/all/function/internal_message.html?_=1653025600132&CODE_STATE=getMsg HTTP/1.1" 200 27
116.228.172.94 - - [20/May/2022:13:47:42 +0800] "GET /xingrg/check_reg.html?_=1653025600134 HTTP/1.1" 200 22
140.206.179.42 - - [20/May/2022:13:47:44 +0800] "GET /xingrg/check_reg.html?_=1653025661327 HTTP/1.1" 200 22
140.206.179.42 - - [20/May/2022:13:47:44 +0800] "GET /xingrg/all/function/internal_message.html?_=1653025661328&CODE_STATE=getMsg HTTP/1.1" 200 27
116.230.110.173 - - [20/May/2022:13:47:54 +0800] "GET /xingrg/all/function/internal_message.html?_=1653025671180&CODE_STATE=getMsg HTTP/1.1" 200 27
180.175.103.167 - - [20/May/2022:13:47:56 +0800] "GET /xingrg/check_reg.html?_=1653025600085 HTTP/1.1" 200 22
180.175.103.167 - - [20/May/2022:13:47:56 +0800] "GET /xingrg/all/function/internal_message.html?_=1653025600088&CODE_STATE=getMsg HTTP/1.1" 200 27
180.175.103.167 - - [20/May/2022:13:47:59 +0800] "GET /xingrg/all/function/internal_message.html?_=1653025679334&CODE_STATE=getMsg HTTP/1.1" 200 27
114.83.217.109 - - [20/May/2022:13:48:02 +0800] "GET /xingrg/all/function/internal_message.html?_=1653025678766&CODE_STATE=getMsg HTTP/1.1" 200 27
180.162.224.22 - - [20/May/2022:13:48:03 +0800] "GET /favicon.ico HTTP/1.1" 404 -
222.70.180.114 - - [20/May/2022:13:48:10 +0800] "GET /xingrg/all/function/internal_message.html?_=1653025685426&CODE_STATE=getMsg HTTP/1.1" 200 27
222.70.180.114 - - [20/May/2022:13:48:12 +0800] "GET /xingrg/check_reg.html?_=1653025686925 HTTP/1.1" 200 22
58.35.196.179 - - [20/May/2022:13:48:12 +0800] "GET /xingrg/all/function/internal_message.html?_=1653025689172&CODE_STATE=getMsg HTTP/1.1" 200 27
58.39.61.91 - - [20/May/2022:13:48:18 +0800] "GET /xingrg/check_reg.html?_=1653025695182 HTTP/1.1" 200 22
58.39.61.91 - - [20/May/2022:13:48:18 +0800] "GET /xingrg/all/function/internal_message.html?_=1653025695191&CODE_STATE=getMsg HTTP/1.1" 200 27
116.235.92.88 - - [20/May/2022:13:48:20 +0800] "GET /xingrg/all/function/internal_message.html?_=1653025874350&CODE_STATE=getMsg HTTP/1.1" 200 27
180.157.251.97 - - [20/May/2022:13:48:34 +0800] "GET /xingrg/all/function/internal_message.html?_=1653025711703&CODE_STATE=getMsg HTTP/1.1" 200 27
116.228.172.94 - - [20/May/2022:13:48:42 +0800] "GET /xingrg/all/function/internal_message.html?_=1653025660152&CODE_STATE=getMsg HTTP/1.1" 200 27
140.206.179.42 - - [20/May/2022:13:48:44 +0800] "GET /xingrg/all/function/internal_message.html?_=1653025721338&CODE_STATE=getMsg HTTP/1.1" 200 27
116.230.110.173 - - [20/May/2022:13:48:54 +0800] "GET /xingrg/all/function/internal_message.html?_=1653025731177&CODE_STATE=getMsg HTTP/1.1" 200 27
180.175.103.167 - - [20/May/2022:13:48:56 +0800] "GET /xingrg/all/function/internal_message.html?_=1653025660089&CODE_STATE=getMsg HTTP/1.1" 200 27
180.175.103.167 - - [20/May/2022:13:48:59 +0800] "GET /xingrg/all/function/internal_message.html?_=1653025739343&CODE_STATE=getMsg HTTP/1.1" 200 27
180.175.103.167 - - [20/May/2022:13:48:59 +0800] "GET /xingrg/check_reg.html?_=1653025739345 HTTP/1.1" 200 22
114.83.217.109 - - [20/May/2022:13:49:02 +0800] "GET /xingrg/all/function/internal_message.html?_=1653025738774&CODE_STATE=getMsg HTTP/1.1" 200 27
222.70.180.114 - - [20/May/2022:13:49:10 +0800] "GET /xingrg/all/function/internal_message.html?_=1653025745396&CODE_STATE=getMsg HTTP/1.1" 200 27
58.35.196.179 - - [20/May/2022:13:49:12 +0800] "GET /xingrg/all/function/internal_message.html?_=1653025749173&CODE_STATE=getMsg HTTP/1.1" 200 27
58.39.61.91 - - [20/May/2022:13:49:18 +0800] "GET /xingrg/all/function/internal_message.html?_=1653025755190&CODE_STATE=getMsg HTTP/1.1" 200 27
116.235.92.88 - - [20/May/2022:13:49:20 +0800] "GET /xingrg/all/function/internal_message.html?_=1653025934365&CODE_STATE=getMsg HTTP/1.1" 200 27
180.157.251.97 - - [20/May/2022:13:49:34 +0800] "GET /xingrg/all/function/internal_message.html?_=1653025771702&CODE_STATE=getMsg HTTP/1.1" 200 27
117.143.45.22 - - [20/May/2022:13:49:36 +0800] "GET /xingrg/check_reg.html?_=1653025773254 HTTP/1.1" 200 22
120.253.135.82 - - [20/May/2022:13:49:37 +0800] "GET /xingrg/check_reg.html?_=1653025584351 HTTP/1.1" 200 22
120.253.135.82 - - [20/May/2022:13:49:38 +0800] "GET /xingrg/kc/pszx/mdqp_order_list.html?state=10 HTTP/1.1" 200 10217
120.253.135.82 - - [20/May/2022:13:49:38 +0800] "GET /xingrg/dwr/interface/AjaxQqpsService.js HTTP/1.1" 200 16326
120.253.135.82 - - [20/May/2022:13:49:38 +0800] "GET /xingrg/dwr/interface/AjaxReportQueryService.js HTTP/1.1" 200 13203
120.253.135.82 - - [20/May/2022:13:49:38 +0800] "GET /xingrg/dwr/engine.js HTTP/1.1" 200 43631
116.228.172.94 - - [20/May/2022:13:49:42 +0800] "GET /xingrg/all/function/internal_message.html?_=1653025720152&CODE_STATE=getMsg HTTP/1.1" 200 27
140.206.179.42 - - [20/May/2022:13:49:44 +0800] "GET /xingrg/all/function/internal_message.html?_=1653025781344&CODE_STATE=getMsg HTTP/1.1" 200 27
116.230.110.173 - - [20/May/2022:13:49:54 +0800] "GET /xingrg/all/function/internal_message.html?_=1653025791188&CODE_STATE=getMsg HTTP/1.1" 200 27
180.175.103.167 - - [20/May/2022:13:49:56 +0800] "GET /xingrg/all/function/internal_message.html?_=1653025720075&CODE_STATE=getMsg HTTP/1.1" 200 27
180.175.103.167 - - [20/May/2022:13:49:59 +0800] "GET /xingrg/all/function/internal_message.html?_=1653025799340&CODE_STATE=getMsg HTTP/1.1" 200 27
114.83.217.109 - - [20/May/2022:13:50:02 +0800] "GET /xingrg/check_reg.html?_=1653025798778 HTTP/1.1" 200 22
114.83.217.109 - - [20/May/2022:13:50:02 +0800] "GET /xingrg/all/function/internal_message.html?_=1653025798775&CODE_STATE=getMsg HTTP/1.1" 200 27
222.70.180.114 - - [20/May/2022:13:50:10 +0800] "GET /xingrg/all/function/internal_message.html?_=1653025805382&CODE_STATE=getMsg HTTP/1.1" 200 27
58.35.196.179 - - [20/May/2022:13:50:12 +0800] "GET /xingrg/all/function/internal_message.html?_=1653025809158&CODE_STATE=getMsg HTTP/1.1" 200 27
58.39.61.91 - - [20/May/2022:13:50:18 +0800] "GET /xingrg/all/function/internal_message.html?_=1653025815189&CODE_STATE=getMsg HTTP/1.1" 200 27
116.235.92.88 - - [20/May/2022:13:50:20 +0800] "GET /xingrg/all/function/internal_message.html?_=1653025994363&CODE_STATE=getMsg HTTP/1.1" 200 27
180.157.251.97 - - [20/May/2022:13:50:34 +0800] "GET /xingrg/all/function/internal_message.html?_=1653025831728&CODE_STATE=getMsg HTTP/1.1" 200 27
180.157.251.97 - - [20/May/2022:13:50:34 +0800] "GET /xingrg/check_reg.html?_=1653025831730 HTTP/1.1" 200 22
116.228.172.94 - - [20/May/2022:13:50:42 +0800] "GET /xingrg/all/function/internal_message.html?_=1653025780155&CODE_STATE=getMsg HTTP/1.1" 200 27
140.206.179.42 - - [20/May/2022:13:50:44 +0800] "GET /xingrg/all/function/internal_message.html?_=1653025841343&CODE_STATE=getMsg HTTP/1.1" 200 27
116.230.110.173 - - [20/May/2022:13:50:54 +0800] "GET /xingrg/check_reg.html?_=1653025851191 HTTP/1.1" 200 22
116.230.110.173 - - [20/May/2022:13:50:54 +0800] "GET /xingrg/all/function/internal_message.html?_=1653025851194&CODE_STATE=getMsg HTTP/1.1" 200 27
180.175.103.167 - - [20/May/2022:13:50:56 +0800] "GET /xingrg/all/function/internal_message.html?_=1653025780075&CODE_STATE=getMsg HTTP/1.1" 200 27
180.175.103.167 - - [20/May/2022:13:50:59 +0800] "GET /xingrg/all/function/internal_message.html?_=1653025859342&CODE_STATE=getMsg HTTP/1.1" 200 27
114.83.217.109 - - [20/May/2022:13:51:02 +0800] "GET /xingrg/all/function/internal_message.html?_=1653025858780&CODE_STATE=getMsg HTTP/1.1" 200 27
222.70.180.114 - - [20/May/2022:13:51:10 +0800] "GET /xingrg/all/function/internal_message.html?_=1653025865367&CODE_STATE=getMsg HTTP/1.1" 200 27
58.35.196.179 - - [20/May/2022:13:51:12 +0800] "GET /xingrg/all/function/internal_message.html?_=1653025869161&CODE_STATE=getMsg HTTP/1.1" 200 27
58.35.196.179 - - [20/May/2022:13:51:12 +0800] "GET /xingrg/check_reg.html?_=1653025869161 HTTP/1.1" 200 22
58.39.61.91 - - [20/May/2022:13:51:18 +0800] "GET /xingrg/all/function/internal_message.html?_=1653025875206&CODE_STATE=getMsg HTTP/1.1" 200 27
116.235.92.88 - - [20/May/2022:13:51:20 +0800] "GET /xingrg/all/function/internal_message.html?_=1653026054362&CODE_STATE=getMsg HTTP/1.1" 200 27
116.235.92.88 - - [20/May/2022:13:51:20 +0800] "GET /xingrg/check_reg.html?_=1653026054362 HTTP/1.1" 200 22
180.157.251.97 - - [20/May/2022:13:51:34 +0800] "GET /xingrg/all/function/internal_message.html?_=1653025891729&CODE_STATE=getMsg HTTP/1.1" 200 27
116.228.172.94 - - [20/May/2022:13:51:42 +0800] "GET /xingrg/all/function/internal_message.html?_=1653025840151&CODE_STATE=getMsg HTTP/1.1" 200 27
140.206.179.42 - - [20/May/2022:13:51:44 +0800] "GET /xingrg/all/function/internal_message.html?_=1653025901325&CODE_STATE=getMsg HTTP/1.1" 200 27
116.230.110.173 - - [20/May/2022:13:51:54 +0800] "GET /xingrg/all/function/internal_message.html?_=1653025911188&CODE_STATE=getMsg HTTP/1.1" 200 27
180.175.103.167 - - [20/May/2022:13:51:56 +0800] "GET /xingrg/all/function/internal_message.html?_=1653025840076&CODE_STATE=getMsg HTTP/1.1" 200 27
180.175.103.167 - - [20/May/2022:13:51:59 +0800] "GET /xingrg/all/function/internal_message.html?_=1653025919333&CODE_STATE=getMsg HTTP/1.1" 200 27
180.156.212.250 - - [20/May/2022:13:52:07 +0800] "GET /xingrg/check_reg.html?_=1653025994519 HTTP/1.1" 200 22
222.70.180.114 - - [20/May/2022:13:52:10 +0800] "GET /xingrg/all/function/internal_message.html?_=1653025925352&CODE_STATE=getMsg HTTP/1.1" 200 27
58.35.196.179 - - [20/May/2022:13:52:12 +0800] "GET /xingrg/all/function/internal_message.html?_=1653025929162&CODE_STATE=getMsg HTTP/1.1" 200 27
218.81.223.53 - - [20/May/2022:13:52:13 +0800] "GET /xingrg/check_reg.html?_=1653025948738 HTTP/1.1" 200 22
58.39.61.91 - - [20/May/2022:13:52:18 +0800] "GET /xingrg/all/function/internal_message.html?_=1653025935193&CODE_STATE=getMsg HTTP/1.1" 200 27
116.235.92.88 - - [20/May/2022:13:52:20 +0800] "GET /xingrg/all/function/internal_message.html?_=1653026114361&CODE_STATE=getMsg HTTP/1.1" 200 27
180.157.251.97 - - [20/May/2022:13:52:34 +0800] "GET /xingrg/all/function/internal_message.html?_=1653025951729&CODE_STATE=getMsg HTTP/1.1" 200 27
116.228.172.94 - - [20/May/2022:13:52:42 +0800] "GET /xingrg/check_reg.html?_=1653025900152 HTTP/1.1" 200 22
116.228.172.94 - - [20/May/2022:13:52:42 +0800] "GET /xingrg/all/function/internal_message.html?_=1653025900155&CODE_STATE=getMsg HTTP/1.1" 200 27
140.206.179.42 - - [20/May/2022:13:52:44 +0800] "GET /xingrg/all/function/internal_message.html?_=1653025961331&CODE_STATE=getMsg HTTP/1.1" 200 27
140.206.179.42 - - [20/May/2022:13:52:44 +0800] "GET /xingrg/check_reg.html?_=1653025961333 HTTP/1.1" 200 22
116.230.110.173 - - [20/May/2022:13:52:54 +0800] "GET /xingrg/all/function/internal_message.html?_=1653025971179&CODE_STATE=getMsg HTTP/1.1" 200 27
180.175.103.167 - - [20/May/2022:13:52:56 +0800] "GET /xingrg/all/function/internal_message.html?_=1653025900076&CODE_STATE=getMsg HTTP/1.1" 200 27
180.175.103.167 - - [20/May/2022:13:52:56 +0800] "GET /xingrg/check_reg.html?_=1653025900079 HTTP/1.1" 200 22
180.175.103.167 - - [20/May/2022:13:52:59 +0800] "GET /xingrg/all/function/internal_message.html?_=1653025979332&CODE_STATE=getMsg HTTP/1.1" 200 27
180.157.251.97 - - [20/May/2022:13:53:00 +0800] "POST /xingrg/services/DataTransmitService HTTP/1.1" 200 524
180.157.251.97 - - [20/May/2022:13:53:01 +0800] "POST /xingrg/services/DataTransmitService HTTP/1.1" 200 412
222.70.180.114 - - [20/May/2022:13:53:10 +0800] "GET /xingrg/all/function/internal_message.html?_=1653025985337&CODE_STATE=getMsg HTTP/1.1" 200 27
222.70.180.114 - - [20/May/2022:13:53:12 +0800] "GET /xingrg/check_reg.html?_=1653025986931 HTTP/1.1" 200 22
58.35.196.179 - - [20/May/2022:13:53:12 +0800] "GET /xingrg/all/function/internal_message.html?_=1653025989163&CODE_STATE=getMsg HTTP/1.1" 200 27
58.39.61.91 - - [20/May/2022:13:53:18 +0800] "GET /xingrg/all/function/internal_message.html?_=1653025995193&CODE_STATE=getMsg HTTP/1.1" 200 27
58.39.61.91 - - [20/May/2022:13:53:18 +0800] "GET /xingrg/check_reg.html?_=1653025995199 HTTP/1.1" 200 22
