116.230.110.173 - - [20/May/2022:12:09:54 +0800] "GET /xingrg/all/function/internal_message.html?_=1653019791173&CODE_STATE=getMsg HTTP/1.1" 200 27
180.175.103.167 - - [20/May/2022:12:09:56 +0800] "GET /xingrg/all/function/internal_message.html?_=1653019720009&CODE_STATE=getMsg HTTP/1.1" 200 27
180.175.103.167 - - [20/May/2022:12:09:59 +0800] "GET /xingrg/all/function/internal_message.html?_=1653019799157&CODE_STATE=getMsg HTTP/1.1" 200 27
114.83.217.109 - - [20/May/2022:12:10:02 +0800] "GET /xingrg/check_reg.html?_=1653019798401 HTTP/1.1" 200 22
114.83.217.109 - - [20/May/2022:12:10:02 +0800] "GET /xingrg/all/function/internal_message.html?_=1653019798403&CODE_STATE=getMsg HTTP/1.1" 200 27
58.35.196.179 - - [20/May/2022:12:10:12 +0800] "GET /xingrg/all/function/internal_message.html?_=1653019809163&CODE_STATE=getMsg HTTP/1.1" 200 27
180.156.212.250 - - [20/May/2022:12:10:13 +0800] "GET /xingrg/javascript/auto/indicator.gif HTTP/1.1" 404 1066
180.156.212.250 - - [20/May/2022:12:10:21 +0800] "GET /xingrg/javascript/easyui/themes/default/images/button_plain_hover.png HTTP/1.1" 200 144
180.156.212.250 - - [20/May/2022:12:10:21 +0800] "GET /xingrg/javascript/easyui/themes/default/images/button_plain_hover.png HTTP/1.1" 200 144
180.156.212.250 - - [20/May/2022:12:10:25 +0800] "POST /xingrg/kc/buy/cgsh_order_operate.html HTTP/1.1" 200 37
58.39.61.91 - - [20/May/2022:12:10:27 +0800] "GET /xingrg/all/function/internal_message.html?_=1653019824241&CODE_STATE=getMsg HTTP/1.1" 200 27
180.156.212.250 - - [20/May/2022:12:10:27 +0800] "POST /xingrg/kc/buy/cgsh_order_operate.html HTTP/1.1" 200 3258
180.156.212.250 - - [20/May/2022:12:10:32 +0800] "POST /xingrg/kc/buy/cgsh_order_operate.html HTTP/1.1" 200 37
140.206.179.42 - - [20/May/2022:12:10:35 +0800] "GET /xingrg/all/function/internal_message.html?_=1653019832682&CODE_STATE=getMsg HTTP/1.1" 200 27
180.156.212.250 - - [20/May/2022:12:10:37 +0800] "POST /xingrg/kc/buy/cgsh_order_operate.html HTTP/1.1" 200 12
180.156.212.250 - - [20/May/2022:12:10:39 +0800] "GET /xingrg/kc/buy/cgsh_order_info.html?code=212022051901181 HTTP/1.1" 200 62413
180.156.212.250 - - [20/May/2022:12:10:39 +0800] "GET /xingrg/javascript/easyui/themes/default/validatebox.css HTTP/1.1" 404 1104
180.156.212.250 - - [20/May/2022:12:10:40 +0800] "POST /xingrg/kc/buy/cgsh_order_operate.html HTTP/1.1" 200 1208
116.228.172.94 - - [20/May/2022:12:10:42 +0800] "GET /xingrg/all/function/internal_message.html?_=1653019780155&CODE_STATE=getMsg HTTP/1.1" 200 27
180.156.212.250 - - [20/May/2022:12:10:42 +0800] "GET /xingrg/kc/print/load_config.html?kc_code=cgsh HTTP/1.1" 200 1943
180.156.212.250 - - [20/May/2022:12:10:42 +0800] "GET /xingrg/kc/print/load_data.html?order_code=212022051901181&kc_code=cgsh&condition= HTTP/1.1" 200 905
116.230.110.173 - - [20/May/2022:12:10:54 +0800] "GET /xingrg/all/function/internal_message.html?_=1653019851187&CODE_STATE=getMsg HTTP/1.1" 200 27
116.230.110.173 - - [20/May/2022:12:10:54 +0800] "GET /xingrg/check_reg.html?_=1653019851189 HTTP/1.1" 200 22
58.35.196.179 - - [20/May/2022:12:10:54 +0800] "GET /xingrg/kc/base/base_main.html HTTP/1.1" 200 12142
58.35.196.179 - - [20/May/2022:12:10:55 +0800] "GET /xingrg/images/blue/button/wlsy.gif HTTP/1.1" 200 2536
58.35.196.179 - - [20/May/2022:12:10:55 +0800] "GET /xingrg/images/blue/button/bottom_right.jpg HTTP/1.1" 200 1436
58.35.196.179 - - [20/May/2022:12:10:55 +0800] "GET /xingrg/images/blue/button/top_right.jpg HTTP/1.1" 200 1708
58.35.196.179 - - [20/May/2022:12:10:55 +0800] "GET /xingrg/images/blue/button/yddb.gif HTTP/1.1" 200 2040
58.35.196.179 - - [20/May/2022:12:10:55 +0800] "GET /xingrg/images/blue/button/top_left.jpg HTTP/1.1" 200 1632
58.35.196.179 - - [20/May/2022:12:10:55 +0800] "GET /xingrg/images/blue/button/bottom_left.jpg HTTP/1.1" 200 1524
58.35.196.179 - - [20/May/2022:12:10:55 +0800] "GET /xingrg/images/blue/button/left_ah.jpg HTTP/1.1" 200 1643
58.35.196.179 - - [20/May/2022:12:10:55 +0800] "GET /xingrg/images/blue/button/ckdb.gif HTTP/1.1" 200 1950
58.35.196.179 - - [20/May/2022:12:10:55 +0800] "GET /xingrg/images/blue/button/ckpd.gif HTTP/1.1" 200 2051
58.35.196.179 - - [20/May/2022:12:10:55 +0800] "GET /xingrg/images/blue/button/down.jpg HTTP/1.1" 200 1560
58.35.196.179 - - [20/May/2022:12:10:56 +0800] "GET /xingrg/kc/base/yddb_order_list.html HTTP/1.1" 200 16713
180.175.103.167 - - [20/May/2022:12:10:56 +0800] "GET /xingrg/all/function/internal_message.html?_=1653019780007&CODE_STATE=getMsg HTTP/1.1" 200 27
58.35.196.179 - - [20/May/2022:12:10:56 +0800] "POST /xingrg/kc/base/yddb_list_operate.html HTTP/1.1" 200 636
180.175.103.167 - - [20/May/2022:12:10:59 +0800] "GET /xingrg/all/function/internal_message.html?_=1653019859177&CODE_STATE=getMsg HTTP/1.1" 200 27
58.35.196.179 - - [20/May/2022:12:11:01 +0800] "POST /xingrg/kc/base/yddb_list_operate.html HTTP/1.1" 200 2665
114.83.217.109 - - [20/May/2022:12:11:02 +0800] "GET /xingrg/all/function/internal_message.html?_=1653019858394&CODE_STATE=getMsg HTTP/1.1" 200 27
58.35.196.179 - - [20/May/2022:12:11:03 +0800] "POST /xingrg/kc/base/yddb_list_operate.html HTTP/1.1" 200 572
58.35.196.179 - - [20/May/2022:12:11:04 +0800] "GET /xingrg/kc/base/yddb_order_info.html?code=482022051900126 HTTP/1.1" 200 31642
58.35.196.179 - - [20/May/2022:12:11:04 +0800] "GET /xingrg/dwr/interface/AjaxComOrderService.js HTTP/1.1" 200 18264
58.35.196.179 - - [20/May/2022:12:11:04 +0800] "GET /xingrg/dwr/interface/AjaxYddbService.js HTTP/1.1" 200 13201
58.35.196.179 - - [20/May/2022:12:11:04 +0800] "GET /xingrg/dwr/engine.js HTTP/1.1" 200 43631
58.35.196.179 - - [20/May/2022:12:11:04 +0800] "GET /xingrg/javascript/checkform.js HTTP/1.1" 200 18351
58.35.196.179 - - [20/May/2022:12:11:04 +0800] "POST /xingrg/dwr/call/plaincall/AjaxYddbService.loadMaterielItems.dwr HTTP/1.1" 200 2917
58.35.196.179 - - [20/May/2022:12:11:12 +0800] "GET /xingrg/check_reg.html?_=1653019869168 HTTP/1.1" 200 22
58.35.196.179 - - [20/May/2022:12:11:12 +0800] "GET /xingrg/all/function/internal_message.html?_=1653019869168&CODE_STATE=getMsg HTTP/1.1" 200 27
58.35.196.179 - - [20/May/2022:12:11:22 +0800] "GET /xingrg/javascript/jquery_easy_ui/themes/default/images/tabs_active.png HTTP/1.1" 200 2894
58.35.196.179 - - [20/May/2022:12:11:25 +0800] "POST /xingrg/kc/base/yddb_list_operate.html HTTP/1.1" 200 207
58.39.61.91 - - [20/May/2022:12:11:27 +0800] "GET /xingrg/all/function/internal_message.html?_=1653019884227&CODE_STATE=getMsg HTTP/1.1" 200 27
58.35.196.179 - - [20/May/2022:12:11:27 +0800] "GET /xingrg/kc/base/yddb_order_info.html?code=482022051900132 HTTP/1.1" 200 31641
58.35.196.179 - - [20/May/2022:12:11:27 +0800] "GET /xingrg/dwr/interface/AjaxYddbService.js HTTP/1.1" 200 13201
58.35.196.179 - - [20/May/2022:12:11:27 +0800] "GET /xingrg/dwr/interface/AjaxComOrderService.js HTTP/1.1" 200 18264
58.35.196.179 - - [20/May/2022:12:11:28 +0800] "GET /xingrg/dwr/engine.js HTTP/1.1" 200 43631
58.35.196.179 - - [20/May/2022:12:11:28 +0800] "POST /xingrg/dwr/call/plaincall/AjaxYddbService.loadMaterielItems.dwr HTTP/1.1" 200 422
140.206.179.42 - - [20/May/2022:12:11:35 +0800] "GET /xingrg/all/function/internal_message.html?_=1653019892691&CODE_STATE=getMsg HTTP/1.1" 200 27
116.228.172.94 - - [20/May/2022:12:11:42 +0800] "GET /xingrg/all/function/internal_message.html?_=1653019840157&CODE_STATE=getMsg HTTP/1.1" 200 27
116.230.110.173 - - [20/May/2022:12:11:54 +0800] "GET /xingrg/all/function/internal_message.html?_=1653019911186&CODE_STATE=getMsg HTTP/1.1" 200 27
180.175.103.167 - - [20/May/2022:12:11:56 +0800] "GET /xingrg/all/function/internal_message.html?_=1653019840007&CODE_STATE=getMsg HTTP/1.1" 200 27
180.175.103.167 - - [20/May/2022:12:11:59 +0800] "GET /xingrg/all/function/internal_message.html?_=1653019919184&CODE_STATE=getMsg HTTP/1.1" 200 27
114.83.217.109 - - [20/May/2022:12:12:02 +0800] "GET /xingrg/all/function/internal_message.html?_=1653019918393&CODE_STATE=getMsg HTTP/1.1" 200 27
180.156.212.250 - - [20/May/2022:12:12:06 +0800] "GET /xingrg/check_reg.html?_=1653019992853 HTTP/1.1" 200 22
58.35.196.179 - - [20/May/2022:12:12:12 +0800] "GET /xingrg/all/function/internal_message.html?_=1653019929162&CODE_STATE=getMsg HTTP/1.1" 200 27
218.81.223.53 - - [20/May/2022:12:12:13 +0800] "GET /xingrg/check_reg.html?_=1653019948619 HTTP/1.1" 200 22
180.156.212.250 - - [20/May/2022:12:12:15 +0800] "POST /xingrg/kc/buy/cgsh_list_operate.html HTTP/1.1" 200 876
58.39.61.91 - - [20/May/2022:12:12:27 +0800] "GET /xingrg/all/function/internal_message.html?_=1653019944210&CODE_STATE=getMsg HTTP/1.1" 200 27
140.206.179.42 - - [20/May/2022:12:12:35 +0800] "GET /xingrg/all/function/internal_message.html?_=1653019952691&CODE_STATE=getMsg HTTP/1.1" 200 27
116.228.172.94 - - [20/May/2022:12:12:42 +0800] "GET /xingrg/check_reg.html?_=1653019900132 HTTP/1.1" 200 22
116.228.172.94 - - [20/May/2022:12:12:42 +0800] "GET /xingrg/all/function/internal_message.html?_=1653019900134&CODE_STATE=getMsg HTTP/1.1" 200 27
116.230.110.173 - - [20/May/2022:12:12:54 +0800] "GET /xingrg/all/function/internal_message.html?_=1653019971184&CODE_STATE=getMsg HTTP/1.1" 200 27
180.175.103.167 - - [20/May/2022:12:12:56 +0800] "GET /xingrg/check_reg.html?_=1653019900007 HTTP/1.1" 200 22
180.175.103.167 - - [20/May/2022:12:12:56 +0800] "GET /xingrg/all/function/internal_message.html?_=1653019900008&CODE_STATE=getMsg HTTP/1.1" 200 27
180.175.103.167 - - [20/May/2022:12:12:59 +0800] "GET /xingrg/all/function/internal_message.html?_=1653019979185&CODE_STATE=getMsg HTTP/1.1" 200 27
114.83.217.109 - - [20/May/2022:12:13:02 +0800] "GET /xingrg/all/function/internal_message.html?_=1653019978391&CODE_STATE=getMsg HTTP/1.1" 200 27
58.35.196.179 - - [20/May/2022:12:13:12 +0800] "GET /xingrg/all/function/internal_message.html?_=1653019989166&CODE_STATE=getMsg HTTP/1.1" 200 27
58.39.61.91 - - [20/May/2022:12:13:27 +0800] "GET /xingrg/all/function/internal_message.html?_=1653020004195&CODE_STATE=getMsg HTTP/1.1" 200 27
140.206.179.42 - - [20/May/2022:12:13:35 +0800] "GET /xingrg/check_reg.html?_=1653020012691 HTTP/1.1" 200 22
140.206.179.42 - - [20/May/2022:12:13:35 +0800] "GET /xingrg/all/function/internal_message.html?_=1653020012694&CODE_STATE=getMsg HTTP/1.1" 200 27
116.228.172.94 - - [20/May/2022:12:13:42 +0800] "GET /xingrg/all/function/internal_message.html?_=1653019960149&CODE_STATE=getMsg HTTP/1.1" 200 27
116.230.110.173 - - [20/May/2022:12:13:54 +0800] "GET /xingrg/all/function/internal_message.html?_=1653020031174&CODE_STATE=getMsg HTTP/1.1" 200 27
180.175.103.167 - - [20/May/2022:12:13:56 +0800] "GET /xingrg/all/function/internal_message.html?_=1653019960007&CODE_STATE=getMsg HTTP/1.1" 200 27
180.175.103.167 - - [20/May/2022:12:13:59 +0800] "GET /xingrg/check_reg.html?_=1653020039185 HTTP/1.1" 200 22
180.175.103.167 - - [20/May/2022:12:13:59 +0800] "GET /xingrg/all/function/internal_message.html?_=1653020039186&CODE_STATE=getMsg HTTP/1.1" 200 27
114.83.217.109 - - [20/May/2022:12:14:02 +0800] "GET /xingrg/all/function/internal_message.html?_=1653020038415&CODE_STATE=getMsg HTTP/1.1" 200 27
58.35.196.179 - - [20/May/2022:12:14:12 +0800] "GET /xingrg/all/function/internal_message.html?_=1653020049167&CODE_STATE=getMsg HTTP/1.1" 200 27
58.39.61.91 - - [20/May/2022:12:14:27 +0800] "GET /xingrg/all/function/internal_message.html?_=1653020064186&CODE_STATE=getMsg HTTP/1.1" 200 27
120.253.135.82 - - [20/May/2022:12:14:35 +0800] "GET /xingrg/check_reg.html?_=1653019882581 HTTP/1.1" 200 22
140.206.179.42 - - [20/May/2022:12:14:35 +0800] "GET /xingrg/all/function/internal_message.html?_=1653020072680&CODE_STATE=getMsg HTTP/1.1" 200 27
116.228.172.94 - - [20/May/2022:12:14:42 +0800] "GET /xingrg/all/function/internal_message.html?_=1653020020152&CODE_STATE=getMsg HTTP/1.1" 200 27
58.39.61.91 - - [20/May/2022:12:14:47 +0800] "GET /xingrg/check_reg.html?_=1653020083970 HTTP/1.1" 200 22
116.230.110.173 - - [20/May/2022:12:14:54 +0800] "GET /xingrg/all/function/internal_message.html?_=1653020091189&CODE_STATE=getMsg HTTP/1.1" 200 27
180.175.103.167 - - [20/May/2022:12:14:56 +0800] "GET /xingrg/all/function/internal_message.html?_=1653020020007&CODE_STATE=getMsg HTTP/1.1" 200 27
180.175.103.167 - - [20/May/2022:12:14:59 +0800] "GET /xingrg/all/function/internal_message.html?_=1653020099177&CODE_STATE=getMsg HTTP/1.1" 200 27
114.83.217.109 - - [20/May/2022:12:15:02 +0800] "GET /xingrg/all/function/internal_message.html?_=1653020098416&CODE_STATE=getMsg HTTP/1.1" 200 27
114.83.217.109 - - [20/May/2022:12:15:02 +0800] "GET /xingrg/check_reg.html?_=1653020098422 HTTP/1.1" 200 22
180.162.224.22 - - [20/May/2022:12:15:06 +0800] "GET /favicon.ico HTTP/1.1" 404 -
58.35.196.179 - - [20/May/2022:12:15:12 +0800] "GET /xingrg/all/function/internal_message.html?_=1653020109169&CODE_STATE=getMsg HTTP/1.1" 200 27
58.39.61.91 - - [20/May/2022:12:15:27 +0800] "GET /xingrg/all/function/internal_message.html?_=1653020124174&CODE_STATE=getMsg HTTP/1.1" 200 27
140.206.179.42 - - [20/May/2022:12:15:35 +0800] "GET /xingrg/all/function/internal_message.html?_=1653020132672&CODE_STATE=getMsg HTTP/1.1" 200 27
180.156.212.250 - - [20/May/2022:12:15:36 +0800] "GET /xingrg/kc/buy/cgsh_order_list.html HTTP/1.1" 200 51746
180.156.212.250 - - [20/May/2022:12:15:37 +0800] "POST /xingrg/kc/buy/cgsh_list_operate.html HTTP/1.1" 200 876
180.156.212.250 - - [20/May/2022:12:15:38 +0800] "GET /xingrg/kc/buy/cgsh_order_add.html HTTP/1.1" 200 67522
180.156.212.250 - - [20/May/2022:12:15:39 +0800] "POST /xingrg/kc/buy/cgsh_order_operate.html HTTP/1.1" 200 8245
180.156.212.250 - - [20/May/2022:12:15:39 +0800] "GET /xingrg/javascript/easyui/themes/default/validatebox.css HTTP/1.1" 404 1104
116.228.172.94 - - [20/May/2022:12:15:42 +0800] "GET /xingrg/all/function/internal_message.html?_=1653020080154&CODE_STATE=getMsg HTTP/1.1" 200 27
180.156.212.250 - - [20/May/2022:12:15:43 +0800] "GET /xingrg/javascript/easyui/plugins/jquery.draggable.js HTTP/1.1" 200 6121
180.156.212.250 - - [20/May/2022:12:15:43 +0800] "GET /xingrg/css/images/panel_loading.gif HTTP/1.1" 200 1737
180.156.212.250 - - [20/May/2022:12:15:43 +0800] "GET /xingrg/javascript/easyui/plugins/jquery.droppable.js HTTP/1.1" 200 1167
180.156.212.250 - - [20/May/2022:12:15:44 +0800] "GET /xingrg/javascript/easyui/themes/default/tree.css HTTP/1.1" 404 1090
180.156.212.250 - - [20/May/2022:12:15:44 +0800] "GET /xingrg/javascript/easyui/plugins/jquery.tree.js HTTP/1.1" 200 20874
180.156.212.250 - - [20/May/2022:12:15:44 +0800] "POST /xingrg/all/common/load_tree.html?tree=supplier_tree_json&isDelete=1 HTTP/1.1" 200 66214
180.156.212.250 - - [20/May/2022:12:15:46 +0800] "GET /xingrg/javascript/easyui/themes/default/images/tree_arrows.gif HTTP/1.1" 200 617
180.156.212.250 - - [20/May/2022:12:15:47 +0800] "GET /xingrg/javascript/easyui/themes/default/images/tree_folder.gif HTTP/1.1" 200 952
180.156.212.250 - - [20/May/2022:12:15:47 +0800] "GET /xingrg/javascript/easyui/themes/default/images/tree_file.gif HTTP/1.1" 200 118
180.156.212.250 - - [20/May/2022:12:15:47 +0800] "GET /xingrg/javascript/easyui/themes/default/images/tree_folder_open.gif HTTP/1.1" 200 956
116.230.110.173 - - [20/May/2022:12:15:54 +0800] "GET /xingrg/check_reg.html?_=1653020151178 HTTP/1.1" 200 22
116.230.110.173 - - [20/May/2022:12:15:54 +0800] "GET /xingrg/all/function/internal_message.html?_=1653020151182&CODE_STATE=getMsg HTTP/1.1" 200 27
180.175.103.167 - - [20/May/2022:12:15:56 +0800] "GET /xingrg/all/function/internal_message.html?_=1653020080009&CODE_STATE=getMsg HTTP/1.1" 200 27
180.156.212.250 - - [20/May/2022:12:15:56 +0800] "GET /xingrg/kc/buy/cgsh_order_operate.html?command=get_materiel&rest_code=00102&code=00101002048&supplier_code=00100151&order_time=2022-05-20 HTTP/1.1" 200 430
180.175.103.167 - - [20/May/2022:12:15:59 +0800] "GET /xingrg/all/function/internal_message.html?_=1653020159187&CODE_STATE=getMsg HTTP/1.1" 200 27
114.83.217.109 - - [20/May/2022:12:16:02 +0800] "GET /xingrg/all/function/internal_message.html?_=1653020158421&CODE_STATE=getMsg HTTP/1.1" 200 27
180.156.212.250 - - [20/May/2022:12:16:08 +0800] "POST /xingrg/kc/buy/cgsh_order_operate.html HTTP/1.1" 200 37
58.35.196.179 - - [20/May/2022:12:16:12 +0800] "GET /xingrg/check_reg.html?_=1653020169170 HTTP/1.1" 200 22
58.35.196.179 - - [20/May/2022:12:16:12 +0800] "GET /xingrg/all/function/internal_message.html?_=1653020169172&CODE_STATE=getMsg HTTP/1.1" 200 27
180.156.212.250 - - [20/May/2022:12:16:15 +0800] "POST /xingrg/kc/buy/cgsh_order_operate.html HTTP/1.1" 200 12
180.156.212.250 - - [20/May/2022:12:16:16 +0800] "GET /xingrg/kc/buy/cgsh_order_info.html?code=212022052001215 HTTP/1.1" 200 62413
180.156.212.250 - - [20/May/2022:12:16:17 +0800] "GET /xingrg/javascript/easyui/themes/default/validatebox.css HTTP/1.1" 404 1104
180.156.212.250 - - [20/May/2022:12:16:18 +0800] "POST /xingrg/kc/buy/cgsh_order_operate.html HTTP/1.1" 200 615
58.39.61.91 - - [20/May/2022:12:16:27 +0800] "GET /xingrg/all/function/internal_message.html?_=1653020184160&CODE_STATE=getMsg HTTP/1.1" 200 27
180.156.212.250 - - [20/May/2022:12:16:28 +0800] "GET /xingrg/kc/print/load_data.html?order_code=212022052001215&kc_code=cgsh&condition= HTTP/1.1" 200 678
140.206.179.42 - - [20/May/2022:12:16:35 +0800] "GET /xingrg/all/function/internal_message.html?_=1653020192674&CODE_STATE=getMsg HTTP/1.1" 200 27
140.206.179.42 - - [20/May/2022:12:16:36 +0800] "GET /xingrg/kc/base/base_main.html HTTP/1.1" 200 12142
116.228.172.94 - - [20/May/2022:12:16:42 +0800] "GET /xingrg/all/function/internal_message.html?_=1653020140147&CODE_STATE=getMsg HTTP/1.1" 200 27
140.206.179.42 - - [20/May/2022:12:16:53 +0800] "POST /xingrg/all/user/operate.html HTTP/1.1" 200 36
140.206.179.42 - - [20/May/2022:12:16:53 +0800] "GET /xingrg/index.html?sysBaseUrl=http%3A%2F%2F180.169.147.146%3A18081%2Fxingrg%2F&costTime=41×tamp=1653018515160 HTTP/1.1" 200 17503
140.206.179.42 - - [20/May/2022:12:16:53 +0800] "GET /xingrg/javascript/jquery_easy_ui/themes/default/easyui.css HTTP/1.1" 304 -
140.206.179.42 - - [20/May/2022:12:16:53 +0800] "GET /xingrg/javascript/jquery_easy_ui/themes/icon.css HTTP/1.1" 304 -
140.206.179.42 - - [20/May/2022:12:16:53 +0800] "GET /xingrg/css/form.css HTTP/1.1" 304 -
140.206.179.42 - - [20/May/2022:12:16:53 +0800] "GET /xingrg/javascript/jquery-1.4.2.min.js HTTP/1.1" 304 -
140.206.179.42 - - [20/May/2022:12:16:53 +0800] "GET /xingrg/javascript/jquery_easy_ui/jquery.easyui.min.js HTTP/1.1" 304 -
140.206.179.42 - - [20/May/2022:12:16:53 +0800] "GET /xingrg/javascript/jquery_easy_ui/easyui-lang-zh_CN.js HTTP/1.1" 304 -
140.206.179.42 - - [20/May/2022:12:16:53 +0800] "GET /xingrg/javascript/jquery.form.js HTTP/1.1" 304 -
140.206.179.42 - - [20/May/2022:12:16:53 +0800] "GET /xingrg/javascript/jquery.utils.js HTTP/1.1" 304 -
140.206.179.42 - - [20/May/2022:12:16:53 +0800] "GET /xingrg/javascript/jquery.timers.js HTTP/1.1" 304 -
140.206.179.42 - - [20/May/2022:12:16:53 +0800] "GET /xingrg/images/blue/jxLogo.png HTTP/1.1" 304 -
140.206.179.42 - - [20/May/2022:12:16:53 +0800] "GET /xingrg/images/blue/navBackgound.jpg HTTP/1.1" 304 -
140.206.179.42 - - [20/May/2022:12:16:53 +0800] "GET /xingrg/javascript/jquery_easy_ui/themes/icons/settle_new.png HTTP/1.1" 304 -
140.206.179.42 - - [20/May/2022:12:16:53 +0800] "POST /xingrg/all/common/load_tree.html?tree=area_rest_tree_json&manage=1 HTTP/1.1" 200 3472
140.206.179.42 - - [20/May/2022:12:16:53 +0800] "GET /xingrg/all/function/internal_message.html?_=1653020211157&CODE_STATE=count HTTP/1.1" 200 11
140.206.179.42 - - [20/May/2022:12:16:53 +0800] "GET /xingrg/check_reg.html?_=1653020211162 HTTP/1.1" 200 22
140.206.179.42 - - [20/May/2022:12:16:53 +0800] "GET /xingrg/javascript/jquery_easy_ui/themes/default/images/panel_tool_expand.gif HTTP/1.1" 304 -
140.206.179.42 - - [20/May/2022:12:16:53 +0800] "GET /xingrg/javascript/jquery_easy_ui/themes/default/images/panel_tool_collapse.gif HTTP/1.1" 304 -
140.206.179.42 - - [20/May/2022:12:16:53 +0800] "GET /xingrg/javascript/jquery_easy_ui/themes/default/images/tabs_rightarrow.png HTTP/1.1" 304 -
140.206.179.42 - - [20/May/2022:12:16:53 +0800] "POST /xingrg/load_menu.html HTTP/1.1" 200 9959
140.206.179.42 - - [20/May/2022:12:16:53 +0800] "GET /xingrg/javascript/jquery_easy_ui/themes/default/images/tabs_leftarrow.png HTTP/1.1" 304 -
140.206.179.42 - - [20/May/2022:12:16:54 +0800] "GET /xingrg/images/blue/pingpu.png HTTP/1.1" 304 -
140.206.179.42 - - [20/May/2022:12:16:54 +0800] "GET /xingrg/javascript/jquery_easy_ui/themes/default/images/tree_file.gif HTTP/1.1" 304 -
140.206.179.42 - - [20/May/2022:12:16:54 +0800] "GET /xingrg/javascript/jquery_easy_ui/themes/default/images/tree_arrows.gif HTTP/1.1" 304 -
140.206.179.42 - - [20/May/2022:12:16:54 +0800] "GET /xingrg/javascript/jquery_easy_ui/themes/icons/search_new.png HTTP/1.1" 304 -
140.206.179.42 - - [20/May/2022:12:16:54 +0800] "GET /xingrg/javascript/jquery_easy_ui/themes/icons/systemset_new.png HTTP/1.1" 304 -
140.206.179.42 - - [20/May/2022:12:16:54 +0800] "GET /xingrg/javascript/jquery_easy_ui/themes/icons/storage_new.png HTTP/1.1" 304 -
140.206.179.42 - - [20/May/2022:12:16:54 +0800] "GET /xingrg/javascript/jquery_easy_ui/themes/default/images/tree_folder.gif HTTP/1.1" 304 -
140.206.179.42 - - [20/May/2022:12:16:54 +0800] "GET /xingrg/javascript/jquery_easy_ui/themes/icons/checkout_new.png HTTP/1.1" 304 -
140.206.179.42 - - [20/May/2022:12:16:54 +0800] "GET /xingrg/javascript/jquery_easy_ui/themes/icons/setting_new.png HTTP/1.1" 304 -
140.206.179.42 - - [20/May/2022:12:16:54 +0800] "GET /xingrg/javascript/jquery_easy_ui/themes/icons/forms_new.png HTTP/1.1" 304 -
140.206.179.42 - - [20/May/2022:12:16:54 +0800] "GET /xingrg/javascript/jquery_easy_ui/themes/default/images/tree_folder_open.gif HTTP/1.1" 304 -
116.230.110.173 - - [20/May/2022:12:16:54 +0800] "GET /xingrg/all/function/internal_message.html?_=1653020211195&CODE_STATE=getMsg HTTP/1.1" 200 27
180.175.103.167 - - [20/May/2022:12:16:56 +0800] "GET /xingrg/all/function/internal_message.html?_=1653020140008&CODE_STATE=getMsg HTTP/1.1" 200 27
140.206.179.42 - - [20/May/2022:12:16:57 +0800] "GET /xingrg/kc/cost/cost_list.html HTTP/1.1" 200 6093
140.206.179.42 - - [20/May/2022:12:16:57 +0800] "GET /xingrg/dwr/interface/AjaxReportQueryService.js HTTP/1.1" 200 13203
140.206.179.42 - - [20/May/2022:12:16:57 +0800] "GET /xingrg/dwr/engine.js HTTP/1.1" 200 43631
140.206.179.42 - - [20/May/2022:12:16:57 +0800] "GET /xingrg/kc/cost/cost_operate.html?_=1653020215005&command=load_cost_list HTTP/1.1" 200 7506
180.175.103.167 - - [20/May/2022:12:16:59 +0800] "GET /xingrg/all/function/internal_message.html?_=1653020219187&CODE_STATE=getMsg HTTP/1.1" 200 27
117.143.45.22 - - [20/May/2022:12:17:00 +0800] "GET /xingrg/all/function/internal_message.html?_=1653020217392&CODE_STATE=getMsg HTTP/1.1" 302 -
117.143.45.22 - - [20/May/2022:12:17:00 +0800] "GET /xingrg/check_reg.html?_=1653020217332 HTTP/1.1" 302 -
117.143.45.22 - - [20/May/2022:12:17:00 +0800] "GET /xingrg/check_reg.html?_=1653020217330 HTTP/1.1" 302 -
117.143.45.22 - - [20/May/2022:12:17:00 +0800] "GET /xingrg/all/function/internal_message.html?_=1653020217342&CODE_STATE=getMsg HTTP/1.1" 302 -
114.83.217.109 - - [20/May/2022:12:17:02 +0800] "GET /xingrg/all/function/internal_message.html?_=1653020218426&CODE_STATE=getMsg HTTP/1.1" 200 27
180.156.212.250 - - [20/May/2022:12:17:06 +0800] "GET /xingrg/check_reg.html?_=1653020292853 HTTP/1.1" 200 22
180.156.212.250 - - [20/May/2022:12:17:11 +0800] "GET /xingrg/kc/buy/cgsh_order_add.html HTTP/1.1" 200 67522
180.156.212.250 - - [20/May/2022:12:17:12 +0800] "POST /xingrg/kc/buy/cgsh_order_operate.html HTTP/1.1" 200 8245
180.156.212.250 - - [20/May/2022:12:17:12 +0800] "GET /xingrg/javascript/easyui/themes/default/validatebox.css HTTP/1.1" 404 1104
58.35.196.179 - - [20/May/2022:12:17:12 +0800] "GET /xingrg/all/function/internal_message.html?_=1653020229172&CODE_STATE=getMsg HTTP/1.1" 200 27
218.81.223.53 - - [20/May/2022:12:17:13 +0800] "GET /xingrg/check_reg.html?_=1653020248629 HTTP/1.1" 200 22
140.206.179.42 - - [20/May/2022:12:17:15 +0800] "POST /xingrg/load_menu.html HTTP/1.1" 200 10797
140.206.179.42 - - [20/May/2022:12:17:15 +0800] "POST /xingrg/kc/cost/cost_operate.html HTTP/1.1" 200 4
140.206.179.42 - - [20/May/2022:12:17:17 +0800] "GET /xingrg/kc/cost/cost_operate.html?_=1653020234540&command=load_cost_list HTTP/1.1" 200 7311
140.206.179.42 - - [20/May/2022:12:17:19 +0800] "GET /xingrg/dwr/interface/AjaxReportQueryService.js HTTP/1.1" 200 13203
140.206.179.42 - - [20/May/2022:12:17:19 +0800] "GET /xingrg/dwr/engine.js HTTP/1.1" 200 43631
140.206.179.42 - - [20/May/2022:12:17:19 +0800] "GET /xingrg/all/report/report_query.html?fileName=dma/new_5.0/menu/menu_category_hz.xml HTTP/1.1" 200 53064
140.206.179.42 - - [20/May/2022:12:17:20 +0800] "POST /xingrg/dwr/call/plaincall/AjaxReportQueryService.getFixDate.dwr HTTP/1.1" 200 111
140.206.179.42 - - [20/May/2022:12:17:20 +0800] "GET /favicon.ico HTTP/1.1" 404 -
140.206.179.42 - - [20/May/2022:12:17:20 +0800] "POST /xingrg/all/common/load_tree.html?tree=area_station_tree_json&manage=1 HTTP/1.1" 200 3364
180.156.212.250 - - [20/May/2022:12:17:22 +0800] "POST /xingrg/kc/buy/cgsh_list_operate.html HTTP/1.1" 200 5712
58.39.61.91 - - [20/May/2022:12:17:27 +0800] "GET /xingrg/all/function/internal_message.html?_=1653020244146&CODE_STATE=getMsg HTTP/1.1" 200 27
140.206.179.42 - - [20/May/2022:12:17:27 +0800] "GET /xingrg/kc/base/base_main.html HTTP/1.1" 200 12142
140.206.179.42 - - [20/May/2022:12:17:28 +0800] "GET /xingrg/kc/base/check_order_list.html HTTP/1.1" 200 16481
140.206.179.42 - - [20/May/2022:12:17:28 +0800] "POST /xingrg/kc/base/check_list_operate.html HTTP/1.1" 200 781
140.206.179.42 - - [20/May/2022:12:17:30 +0800] "GET /xingrg/kc/base/check_order_add.html HTTP/1.1" 200 26360
140.206.179.42 - - [20/May/2022:12:17:30 +0800] "GET /xingrg/dwr/interface/AjaxCheckService.js HTTP/1.1" 200 14003
140.206.179.42 - - [20/May/2022:12:17:31 +0800] "GET /xingrg/dwr/interface/AjaxComOrderService.js HTTP/1.1" 200 18264
140.206.179.42 - - [20/May/2022:12:17:31 +0800] "GET /xingrg/dwr/engine.js HTTP/1.1" 200 43631
116.228.172.94 - - [20/May/2022:12:17:42 +0800] "GET /xingrg/check_reg.html?_=1653020200143 HTTP/1.1" 200 22
116.228.172.94 - - [20/May/2022:12:17:42 +0800] "GET /xingrg/all/function/internal_message.html?_=1653020200146&CODE_STATE=getMsg HTTP/1.1" 200 27
140.206.179.42 - - [20/May/2022:12:17:53 +0800] "GET /xingrg/all/function/internal_message.html?_=1653020271193&CODE_STATE=getMsg HTTP/1.1" 200 27
116.230.110.173 - - [20/May/2022:12:17:54 +0800] "GET /xingrg/all/function/internal_message.html?_=1653020271194&CODE_STATE=getMsg HTTP/1.1" 200 27
180.175.103.167 - - [20/May/2022:12:17:56 +0800] "GET /xingrg/check_reg.html?_=1653020200010 HTTP/1.1" 200 22
180.175.103.167 - - [20/May/2022:12:17:56 +0800] "GET /xingrg/all/function/internal_message.html?_=1653020200013&CODE_STATE=getMsg HTTP/1.1" 200 27
180.175.103.167 - - [20/May/2022:12:17:59 +0800] "GET /xingrg/all/function/internal_message.html?_=1653020279185&CODE_STATE=getMsg HTTP/1.1" 200 27
114.83.217.109 - - [20/May/2022:12:18:02 +0800] "GET /xingrg/all/function/internal_message.html?_=1653020278430&CODE_STATE=getMsg HTTP/1.1" 200 27
58.35.196.179 - - [20/May/2022:12:18:12 +0800] "GET /xingrg/all/function/internal_message.html?_=1653020289158&CODE_STATE=getMsg HTTP/1.1" 200 27
180.156.212.250 - - [20/May/2022:12:18:15 +0800] "GET /xingrg/kc/base/yddb_order_list.html HTTP/1.1" 200 16707
180.156.212.250 - - [20/May/2022:12:18:15 +0800] "POST /xingrg/kc/base/yddb_list_operate.html HTTP/1.1" 200 636
180.156.212.250 - - [20/May/2022:12:18:18 +0800] "POST /xingrg/kc/base/yddb_list_operate.html HTTP/1.1" 200 4366
140.206.179.42 - - [20/May/2022:12:18:20 +0800] "POST /xingrg/dwr/call/plaincall/AjaxCheckService.saveOrder.dwr HTTP/1.1" 200 78
140.206.179.42 - - [20/May/2022:12:18:21 +0800] "POST /xingrg/dwr/call/plaincall/AjaxCheckService.loadOrderItems.dwr HTTP/1.1" 200 359
140.206.179.42 - - [20/May/2022:12:18:26 +0800] "POST /xingrg/dwr/call/plaincall/AjaxCheckService.importOrderItems.dwr HTTP/1.1" 200 78
58.39.61.91 - - [20/May/2022:12:18:27 +0800] "GET /xingrg/all/function/internal_message.html?_=1653020304132&CODE_STATE=getMsg HTTP/1.1" 200 27
140.206.179.42 - - [20/May/2022:12:18:27 +0800] "POST /xingrg/dwr/call/plaincall/AjaxCheckService.loadOrderItems.dwr HTTP/1.1" 200 7334
140.206.179.42 - - [20/May/2022:12:18:34 +0800] "GET /xingrg/all/report/report_query.html?fileName=dma/new_5.0/menu/menu_stca_hz.xml HTTP/1.1" 200 51418
140.206.179.42 - - [20/May/2022:12:18:34 +0800] "GET /xingrg/dwr/interface/AjaxReportQueryService.js HTTP/1.1" 200 13203
140.206.179.42 - - [20/May/2022:12:18:34 +0800] "GET /xingrg/dwr/engine.js HTTP/1.1" 200 43631
140.206.179.42 - - [20/May/2022:12:18:34 +0800] "POST /xingrg/dwr/call/plaincall/AjaxReportQueryService.getFixDate.dwr HTTP/1.1" 200 111
140.206.179.42 - - [20/May/2022:12:18:34 +0800] "GET /favicon.ico HTTP/1.1" 404 -
140.206.179.42 - - [20/May/2022:12:18:34 +0800] "POST /xingrg/all/common/load_tree.html?tree=area_station_tree_json&manage=1 HTTP/1.1" 200 3364
140.206.179.42 - - [20/May/2022:12:18:36 +0800] "POST /xingrg/dwr/call/plaincall/AjaxReportQueryService.getFixDate.dwr HTTP/1.1" 200 111
180.156.212.250 - - [20/May/2022:12:18:40 +0800] "POST /xingrg/kc/base/yddb_list_operate.html HTTP/1.1" 200 205
116.228.172.94 - - [20/May/2022:12:18:42 +0800] "GET /xingrg/all/function/internal_message.html?_=1653020260144&CODE_STATE=getMsg HTTP/1.1" 200 27
180.156.212.250 - - [20/May/2022:12:18:43 +0800] "GET /xingrg/kc/base/yddb_order_info.html?code=482022051900124 HTTP/1.1" 200 31281
180.156.212.250 - - [20/May/2022:12:18:43 +0800] "GET /xingrg/javascript/Grid.js HTTP/1.1" 200 58908
180.156.212.250 - - [20/May/2022:12:18:43 +0800] "GET /xingrg/css/blue.css HTTP/1.1" 200 15949
180.156.212.250 - - [20/May/2022:12:18:43 +0800] "GET /xingrg/javascript/ToolTips.js HTTP/1.1" 200 5615
180.156.212.250 - - [20/May/2022:12:18:43 +0800] "GET /xingrg/dwr/interface/AjaxYddbService.js HTTP/1.1" 200 13201
180.156.212.250 - - [20/May/2022:12:18:43 +0800] "GET /xingrg/dwr/interface/AjaxComOrderService.js HTTP/1.1" 200 18264
180.156.212.250 - - [20/May/2022:12:18:43 +0800] "GET /xingrg/javascript/jquery_easy_ui/themes/icon.css HTTP/1.1" 200 3949
180.156.212.250 - - [20/May/2022:12:18:43 +0800] "GET /xingrg/javascript/AjaxInfoList.js HTTP/1.1" 200 3774
180.156.212.250 - - [20/May/2022:12:18:43 +0800] "GET /xingrg/javascript/jquery_easy_ui/themes/default/easyui.css HTTP/1.1" 200 26500
180.156.212.250 - - [20/May/2022:12:18:43 +0800] "GET /xingrg/dwr/util.js HTTP/1.1" 200 35990
180.156.212.250 - - [20/May/2022:12:18:43 +0800] "GET /xingrg/javascript/checkform.js HTTP/1.1" 200 18351
180.156.212.250 - - [20/May/2022:12:18:43 +0800] "GET /xingrg/dwr/engine.js HTTP/1.1" 200 43631
180.156.212.250 - - [20/May/2022:12:18:43 +0800] "GET /xingrg/javascript/myfunction.js HTTP/1.1" 200 24559
180.156.212.250 - - [20/May/2022:12:18:43 +0800] "GET /xingrg/javascript/Calendar.js HTTP/1.1" 200 31561
180.156.212.250 - - [20/May/2022:12:18:43 +0800] "GET /xingrg/javascript/jquery_easy_ui/themes/icons/edit_add_new.png HTTP/1.1" 200 2997
180.156.212.250 - - [20/May/2022:12:18:43 +0800] "GET /xingrg/javascript/jquery_easy_ui/themes/icons/print.png HTTP/1.1" 200 1057
180.156.212.250 - - [20/May/2022:12:18:43 +0800] "GET /xingrg/javascript/jquery_easy_ui/themes/default/images/menu_downarrow.png HTTP/1.1" 200 173
180.156.212.250 - - [20/May/2022:12:18:43 +0800] "GET /xingrg/javascript/jquery_easy_ui/themes/icons/back_new.png HTTP/1.1" 200 3414
180.156.212.250 - - [20/May/2022:12:18:43 +0800] "GET /xingrg/images/blue/kc_tab_left.gif HTTP/1.1" 200 188
180.156.212.250 - - [20/May/2022:12:18:43 +0800] "GET /xingrg/images/blue/kc_tab_mid.gif HTTP/1.1" 200 44
180.156.212.250 - - [20/May/2022:12:18:43 +0800] "GET /xingrg/images/blue/kc_tab_right.gif HTTP/1.1" 200 643
180.156.212.250 - - [20/May/2022:12:18:43 +0800] "GET /xingrg/images/blue/wait.gif HTTP/1.1" 200 1100
180.156.212.250 - - [20/May/2022:12:18:43 +0800] "POST /xingrg/dwr/call/plaincall/AjaxYddbService.loadMaterielItems.dwr HTTP/1.1" 200 397
140.206.179.42 - - [20/May/2022:12:18:44 +0800] "POST /xingrg/dwr/call/plaincall/AjaxReportQueryService.refreshCache.dwr HTTP/1.1" 200 78
140.206.179.42 - - [20/May/2022:12:18:45 +0800] "POST /xingrg/all/report/load_report_page.html HTTP/1.1" 200 53892
140.206.179.42 - - [20/May/2022:12:18:45 +0800] "GET /xingrg/servlets/image?cache=0.8929000205239093&image=px HTTP/1.1" 200 807
140.206.179.42 - - [20/May/2022:12:18:48 +0800] "GET /xingrg/all/report/report_query.html?isQuery=1&fileName=dma/new_5.0/menu/menu_hz.xml&queryString=(a.sale_day%2520between%252020220301%2520and%252020220331)%2520and%2520(a.sid%2520in%2520(10))%2520and%2520(a.tj_code%253D20)&queryText=%25E3%2580%2590%25E8%2590%25A5%25E4%25B8%259A%25E6%2597%25A5%25E6%259C%259F%253A2022-03-01%2520%25E8%2587%25B3%25202022-03-31%25E3%2580%2591%2520%25E5%25B9%25B6%25E4%25B8%2594%2520%2520%25E3%2580%2590%25E9%2597%25A8%25E5%25BA%2597%25E5%2590%258D%25E7%25A7%25B0%2520%253D%2520%25E8%2599%25B9%25E5%258F%25A3%25E6%25A6%2595%25E6%25B8%25AF%25E3%2580%2591%2520%25E5%25B9%25B6%25E4%25B8%2594%2520%25E3%2580%2590%25E7%25BB%259F%25E8%25AE%25A1%25E7%25B1%25BB%25E5%2588%25AB%2520%253D%2520%25E5%25A4%2596%25E5%258C%2585%25E8%258C%25B6%25E6%25B0%25B4%25E3%2580%2591 HTTP/1.1" 200 54112
140.206.179.42 - - [20/May/2022:12:18:48 +0800] "GET /xingrg/dwr/engine.js HTTP/1.1" 200 43631
140.206.179.42 - - [20/May/2022:12:18:48 +0800] "GET /favicon.ico HTTP/1.1" 404 -
140.206.179.42 - - [20/May/2022:12:18:48 +0800] "POST /xingrg/all/report/load_report_page.html HTTP/1.1" 200 77866
140.206.179.42 - - [20/May/2022:12:18:48 +0800] "GET /xingrg/servlets/image?cache=0.586670862823832&image=px HTTP/1.1" 200 807
180.156.212.250 - - [20/May/2022:12:18:52 +0800] "GET /xingrg/kc/buy/cgsh_order_list.html HTTP/1.1" 200 51746
180.156.212.250 - - [20/May/2022:12:18:53 +0800] "POST /xingrg/kc/buy/cgsh_list_operate.html HTTP/1.1" 200 876
140.206.179.42 - - [20/May/2022:12:18:53 +0800] "GET /xingrg/all/function/internal_message.html?_=1653020331189&CODE_STATE=getMsg HTTP/1.1" 200 27
116.230.110.173 - - [20/May/2022:12:18:54 +0800] "GET /xingrg/all/function/internal_message.html?_=1653020331189&CODE_STATE=getMsg HTTP/1.1" 200 27
180.156.212.250 - - [20/May/2022:12:18:54 +0800] "GET /xingrg/kc/buy/cgsh_order_add.html HTTP/1.1" 200 67522
180.156.212.250 - - [20/May/2022:12:18:54 +0800] "POST /xingrg/kc/buy/cgsh_order_operate.html HTTP/1.1" 200 8245
180.156.212.250 - - [20/May/2022:12:18:55 +0800] "GET /xingrg/javascript/easyui/themes/default/validatebox.css HTTP/1.1" 404 1104
180.156.212.250 - - [20/May/2022:12:18:56 +0800] "GET /xingrg/javascript/easyui/themes/default/tree.css HTTP/1.1" 404 1090
180.175.103.167 - - [20/May/2022:12:18:56 +0800] "GET /xingrg/all/function/internal_message.html?_=1653020260013&CODE_STATE=getMsg HTTP/1.1" 200 27
180.156.212.250 - - [20/May/2022:12:18:56 +0800] "POST /xingrg/all/common/load_tree.html?tree=supplier_tree_json&isDelete=1 HTTP/1.1" 200 66214
140.206.179.42 - - [20/May/2022:12:18:57 +0800] "POST /xingrg/all/report/load_report_page.html HTTP/1.1" 200 77891
140.206.179.42 - - [20/May/2022:12:18:57 +0800] "GET /xingrg/servlets/image?cache=0.9083032769328006&image=px HTTP/1.1" 200 807
180.175.103.167 - - [20/May/2022:12:18:59 +0800] "GET /xingrg/check_reg.html?_=1653020339180 HTTP/1.1" 200 22
180.175.103.167 - - [20/May/2022:12:18:59 +0800] "GET /xingrg/all/function/internal_message.html?_=1653020339181&CODE_STATE=getMsg HTTP/1.1" 200 27
114.83.217.109 - - [20/May/2022:12:19:02 +0800] "GET /xingrg/all/function/internal_message.html?_=1653020338433&CODE_STATE=getMsg HTTP/1.1" 200 27
58.35.196.179 - - [20/May/2022:12:19:12 +0800] "GET /xingrg/all/function/internal_message.html?_=1653020349165&CODE_STATE=getMsg HTTP/1.1" 200 27
58.39.61.91 - - [20/May/2022:12:19:27 +0800] "GET /xingrg/all/function/internal_message.html?_=1653020364116&CODE_STATE=getMsg HTTP/1.1" 200 27
140.206.179.42 - - [20/May/2022:12:19:29 +0800] "GET /xingrg/kc/base/check_order_add.html HTTP/1.1" 200 26360
140.206.179.42 - - [20/May/2022:12:19:29 +0800] "GET /xingrg/dwr/interface/AjaxCheckService.js HTTP/1.1" 200 14003
140.206.179.42 - - [20/May/2022:12:19:29 +0800] "GET /xingrg/dwr/interface/AjaxComOrderService.js HTTP/1.1" 200 18264
140.206.179.42 - - [20/May/2022:12:19:29 +0800] "GET /xingrg/dwr/engine.js HTTP/1.1" 200 43631
120.253.135.82 - - [20/May/2022:12:19:35 +0800] "GET /xingrg/check_reg.html?_=1653020182585 HTTP/1.1" 200 22
116.228.172.94 - - [20/May/2022:12:19:42 +0800] "GET /xingrg/all/function/internal_message.html?_=1653020320146&CODE_STATE=getMsg HTTP/1.1" 200 27
140.206.179.42 - - [20/May/2022:12:19:43 +0800] "POST /xingrg/dwr/call/plaincall/AjaxCheckService.saveOrder.dwr HTTP/1.1" 200 78
140.206.179.42 - - [20/May/2022:12:19:45 +0800] "POST /xingrg/dwr/call/plaincall/AjaxCheckService.loadOrderItems.dwr HTTP/1.1" 200 359
58.39.61.91 - - [20/May/2022:12:19:47 +0800] "GET /xingrg/check_reg.html?_=1653020383979 HTTP/1.1" 200 22
140.206.179.42 - - [20/May/2022:12:19:49 +0800] "POST /xingrg/dwr/call/plaincall/AjaxCheckService.importOrderItems.dwr HTTP/1.1" 200 78
140.206.179.42 - - [20/May/2022:12:19:50 +0800] "POST /xingrg/dwr/call/plaincall/AjaxCheckService.loadOrderItems.dwr HTTP/1.1" 200 6936
140.206.179.42 - - [20/May/2022:12:19:53 +0800] "GET /xingrg/all/function/internal_message.html?_=1653020391186&CODE_STATE=getMsg HTTP/1.1" 200 27
116.230.110.173 - - [20/May/2022:12:19:54 +0800] "GET /xingrg/all/function/internal_message.html?_=1653020391185&CODE_STATE=getMsg HTTP/1.1" 200 27
140.206.179.42 - - [20/May/2022:12:19:54 +0800] "GET /xingrg/all/report/report_query.html?isQuery=1&fileName=dma/new_5.0/menu/menu_hz.xml&queryString=(a.sale_day%2520between%252020220301%2520and%252020220331)%2520and%2520(a.sid%2520in%2520(10))%2520and%2520(a.tj_code%253D21)&queryText=%25E3%2580%2590%25E8%2590%25A5%25E4%25B8%259A%25E6%2597%25A5%25E6%259C%259F%253A2022-03-01%2520%25E8%2587%25B3%25202022-03-31%25E3%2580%2591%2520%25E5%25B9%25B6%25E4%25B8%2594%2520%2520%25E3%2580%2590%25E9%2597%25A8%25E5%25BA%2597%25E5%2590%258D%25E7%25A7%25B0%2520%253D%2520%25E8%2599%25B9%25E5%258F%25A3%25E6%25A6%2595%25E6%25B8%25AF%25E3%2580%2591%2520%25E5%25B9%25B6%25E4%25B8%2594%2520%25E3%2580%2590%25E7%25BB%259F%25E8%25AE%25A1%25E7%25B1%25BB%25E5%2588%25AB%2520%253D%2520%25E5%25A4%2596%25E5%258C%2585%25E6%259E%259C%25E6%25B1%2581%25E3%2580%2591 HTTP/1.1" 200 54112
140.206.179.42 - - [20/May/2022:12:19:54 +0800] "GET /xingrg/dwr/engine.js HTTP/1.1" 200 43631
140.206.179.42 - - [20/May/2022:12:19:55 +0800] "GET /favicon.ico HTTP/1.1" 404 -
140.206.179.42 - - [20/May/2022:12:19:55 +0800] "POST /xingrg/all/report/load_report_page.html HTTP/1.1" 200 73617
140.206.179.42 - - [20/May/2022:12:19:55 +0800] "GET /xingrg/servlets/image?cache=0.03622907565519695&image=px HTTP/1.1" 200 807
180.175.103.167 - - [20/May/2022:12:19:56 +0800] "GET /xingrg/all/function/internal_message.html?_=1653020320012&CODE_STATE=getMsg HTTP/1.1" 200 27
180.175.103.167 - - [20/May/2022:12:19:59 +0800] "GET /xingrg/all/function/internal_message.html?_=1653020399184&CODE_STATE=getMsg HTTP/1.1" 200 27
114.83.217.109 - - [20/May/2022:12:20:02 +0800] "GET /xingrg/check_reg.html?_=1653020398434 HTTP/1.1" 200 22
114.83.217.109 - - [20/May/2022:12:20:02 +0800] "GET /xingrg/all/function/internal_message.html?_=1653020398437&CODE_STATE=getMsg HTTP/1.1" 200 27
58.35.196.179 - - [20/May/2022:12:20:12 +0800] "GET /xingrg/all/function/internal_message.html?_=1653020409167&CODE_STATE=getMsg HTTP/1.1" 200 27
140.206.179.42 - - [20/May/2022:12:20:23 +0800] "POST /xingrg/dwr/call/plaincall/AjaxCheckService.setItemNumber.dwr HTTP/1.1" 200 76
58.39.61.91 - - [20/May/2022:12:20:27 +0800] "GET /xingrg/all/function/internal_message.html?_=1653020424103&CODE_STATE=getMsg HTTP/1.1" 200 27
140.206.179.42 - - [20/May/2022:12:20:32 +0800] "POST /xingrg/dwr/call/plaincall/AjaxCheckService.setItemNumber.dwr HTTP/1.1" 200 76
116.228.172.94 - - [20/May/2022:12:20:42 +0800] "GET /xingrg/all/function/internal_message.html?_=1653020380145&CODE_STATE=getMsg HTTP/1.1" 200 27
140.206.179.42 - - [20/May/2022:12:20:51 +0800] "POST /xingrg/dwr/call/plaincall/AjaxCheckService.setItemNumber.dwr HTTP/1.1" 200 76
140.206.179.42 - - [20/May/2022:12:20:53 +0800] "GET /xingrg/all/function/internal_message.html?_=1653020451176&CODE_STATE=getMsg HTTP/1.1" 200 27
116.230.110.173 - - [20/May/2022:12:20:54 +0800] "GET /xingrg/check_reg.html?_=1653020451178 HTTP/1.1" 200 22
116.230.110.173 - - [20/May/2022:12:20:54 +0800] "GET /xingrg/all/function/internal_message.html?_=1653020451182&CODE_STATE=getMsg HTTP/1.1" 200 27
180.175.103.167 - - [20/May/2022:12:20:56 +0800] "GET /xingrg/all/function/internal_message.html?_=1653020380028&CODE_STATE=getMsg HTTP/1.1" 200 27
180.175.103.167 - - [20/May/2022:12:20:59 +0800] "GET /xingrg/all/function/internal_message.html?_=1653020459184&CODE_STATE=getMsg HTTP/1.1" 200 27
114.83.217.109 - - [20/May/2022:12:21:02 +0800] "GET /xingrg/all/function/internal_message.html?_=1653020458436&CODE_STATE=getMsg HTTP/1.1" 200 27
140.206.179.42 - - [20/May/2022:12:21:04 +0800] "POST /xingrg/dwr/call/plaincall/AjaxCheckService.setItemNumber.dwr HTTP/1.1" 200 76
58.35.196.179 - - [20/May/2022:12:21:12 +0800] "GET /xingrg/all/function/internal_message.html?_=1653020469170&CODE_STATE=getMsg HTTP/1.1" 200 27
58.35.196.179 - - [20/May/2022:12:21:12 +0800] "GET /xingrg/check_reg.html?_=1653020469170 HTTP/1.1" 200 22
180.156.212.250 - - [20/May/2022:12:21:16 +0800] "GET /xingrg/kc/buy/cgsh_order_operate.html?command=get_materiel&rest_code=00102&code=00101008261&supplier_code=00100007&order_time=2022-05-20 HTTP/1.1" 200 429
58.39.61.91 - - [20/May/2022:12:21:27 +0800] "GET /xingrg/all/function/internal_message.html?_=1653020484090&CODE_STATE=getMsg HTTP/1.1" 200 27
180.156.212.250 - - [20/May/2022:12:21:29 +0800] "GET /xingrg/kc/buy/cgsh_order_operate.html?command=get_materiel&rest_code=00102&code=00101008350&supplier_code=00100007&order_time=2022-05-20 HTTP/1.1" 200 429
140.206.179.42 - - [20/May/2022:12:21:29 +0800] "POST /xingrg/dwr/call/plaincall/AjaxCheckService.setItemNumber.dwr HTTP/1.1" 200 76
116.228.172.94 - - [20/May/2022:12:21:42 +0800] "GET /xingrg/all/function/internal_message.html?_=1653020440135&CODE_STATE=getMsg HTTP/1.1" 200 27
140.206.179.42 - - [20/May/2022:12:21:45 +0800] "POST /xingrg/dwr/call/plaincall/AjaxCheckService.setItemNumber.dwr HTTP/1.1" 200 76
180.156.212.250 - - [20/May/2022:12:21:47 +0800] "GET /xingrg/kc/buy/cgsh_order_operate.html?command=get_materiel&rest_code=00102&code=00101008354&supplier_code=00100007&order_time=2022-05-20 HTTP/1.1" 200 427
140.206.179.42 - - [20/May/2022:12:21:51 +0800] "POST /xingrg/dwr/call/plaincall/AjaxCheckService.setItemNumber.dwr HTTP/1.1" 200 77
140.206.179.42 - - [20/May/2022:12:21:53 +0800] "GET /xingrg/check_reg.html?_=1653020511187 HTTP/1.1" 200 22
140.206.179.42 - - [20/May/2022:12:21:53 +0800] "GET /xingrg/all/function/internal_message.html?_=1653020511188&CODE_STATE=getMsg HTTP/1.1" 200 27
116.230.110.173 - - [20/May/2022:12:21:54 +0800] "GET /xingrg/all/function/internal_message.html?_=1653020511176&CODE_STATE=getMsg HTTP/1.1" 200 27
180.175.103.167 - - [20/May/2022:12:21:56 +0800] "GET /xingrg/all/function/internal_message.html?_=1653020440026&CODE_STATE=getMsg HTTP/1.1" 200 27
180.175.103.167 - - [20/May/2022:12:21:59 +0800] "GET /xingrg/all/function/internal_message.html?_=1653020519178&CODE_STATE=getMsg HTTP/1.1" 200 27
114.83.217.109 - - [20/May/2022:12:22:02 +0800] "GET /xingrg/all/function/internal_message.html?_=1653020518428&CODE_STATE=getMsg HTTP/1.1" 200 27
180.156.212.250 - - [20/May/2022:12:22:06 +0800] "GET /xingrg/check_reg.html?_=1653020592858 HTTP/1.1" 200 22
58.35.196.179 - - [20/May/2022:12:22:12 +0800] "GET /xingrg/all/function/internal_message.html?_=1653020529172&CODE_STATE=getMsg HTTP/1.1" 200 27
218.81.223.53 - - [20/May/2022:12:22:13 +0800] "GET /xingrg/check_reg.html?_=1653020548632 HTTP/1.1" 200 22
140.206.179.42 - - [20/May/2022:12:22:25 +0800] "POST /xingrg/dwr/call/plaincall/AjaxCheckService.setItemNumber.dwr HTTP/1.1" 200 77
58.39.61.91 - - [20/May/2022:12:22:27 +0800] "GET /xingrg/all/function/internal_message.html?_=1653020544075&CODE_STATE=getMsg HTTP/1.1" 200 27
140.206.179.42 - - [20/May/2022:12:22:38 +0800] "POST /xingrg/dwr/call/plaincall/AjaxCheckService.setItemNumber.dwr HTTP/1.1" 200 77
116.228.172.94 - - [20/May/2022:12:22:42 +0800] "GET /xingrg/all/function/internal_message.html?_=1653020500146&CODE_STATE=getMsg HTTP/1.1" 200 27
116.228.172.94 - - [20/May/2022:12:22:42 +0800] "GET /xingrg/check_reg.html?_=1653020500149 HTTP/1.1" 200 22
140.206.179.42 - - [20/May/2022:12:22:53 +0800] "GET /xingrg/all/function/internal_message.html?_=1653020571191&CODE_STATE=getMsg HTTP/1.1" 200 27
116.230.110.173 - - [20/May/2022:12:22:54 +0800] "GET /xingrg/all/function/internal_message.html?_=1653020571187&CODE_STATE=getMsg HTTP/1.1" 200 27
180.175.103.167 - - [20/May/2022:12:22:56 +0800] "GET /xingrg/all/function/internal_message.html?_=1653020500025&CODE_STATE=getMsg HTTP/1.1" 200 27
180.175.103.167 - - [20/May/2022:12:22:56 +0800] "GET /xingrg/check_reg.html?_=1653020500028 HTTP/1.1" 200 22
140.206.179.42 - - [20/May/2022:12:22:58 +0800] "POST /xingrg/dwr/call/plaincall/AjaxCheckService.setItemNumber.dwr HTTP/1.1" 200 77
180.175.103.167 - - [20/May/2022:12:22:59 +0800] "GET /xingrg/all/function/internal_message.html?_=1653020579174&CODE_STATE=getMsg HTTP/1.1" 200 27
180.157.251.97 - - [20/May/2022:12:23:00 +0800] "POST /xingrg/services/DataTransmitService HTTP/1.1" 200 524
180.157.251.97 - - [20/May/2022:12:23:00 +0800] "POST /xingrg/services/DataTransmitService HTTP/1.1" 200 412
114.83.217.109 - - [20/May/2022:12:23:02 +0800] "GET /xingrg/all/function/internal_message.html?_=1653020578448&CODE_STATE=getMsg HTTP/1.1" 200 27
140.206.179.42 - - [20/May/2022:12:23:05 +0800] "POST /xingrg/dwr/call/plaincall/AjaxCheckService.checkOrder.dwr HTTP/1.1" 200 79
222.70.180.114 - - [20/May/2022:12:23:06 +0800] "GET /favicon.ico HTTP/1.1" 404 -
140.206.179.42 - - [20/May/2022:12:23:06 +0800] "GET /xingrg/kc/base/check_order_info.html?code=452022052000153 HTTP/1.1" 200 23114
140.206.179.42 - - [20/May/2022:12:23:06 +0800] "GET /xingrg/dwr/interface/AjaxCheckService.js HTTP/1.1" 200 14003
140.206.179.42 - - [20/May/2022:12:23:06 +0800] "GET /xingrg/dwr/interface/AjaxComOrderService.js HTTP/1.1" 200 18264
140.206.179.42 - - [20/May/2022:12:23:07 +0800] "GET /xingrg/dwr/engine.js HTTP/1.1" 200 43631
140.206.179.42 - - [20/May/2022:12:23:07 +0800] "POST /xingrg/dwr/call/plaincall/AjaxCheckService.loadOrderItems.dwr HTTP/1.1" 200 3379
222.70.180.114 - - [20/May/2022:12:23:10 +0800] "GET /xingrg/login.html HTTP/1.1" 200 7641
222.70.180.114 - - [20/May/2022:12:23:10 +0800] "GET /xingrg/images/blue/jxLogo.png HTTP/1.1" 304 -
222.70.180.114 - - [20/May/2022:12:23:10 +0800] "GET /xingrg/images/blue/login_bg.png HTTP/1.1" 304 -
222.70.180.114 - - [20/May/2022:12:23:10 +0800] "GET /xingrg/images/blue/hj.png HTTP/1.1" 304 -
222.70.180.114 - - [20/May/2022:12:23:10 +0800] "GET /xingrg/images/blue/srbg.png HTTP/1.1" 304 -
222.70.180.114 - - [20/May/2022:12:23:10 +0800] "GET /favicon.ico HTTP/1.1" 404 -
140.206.179.42 - - [20/May/2022:12:23:11 +0800] "POST /xingrg/kc/base/check_list_operate.html HTTP/1.1" 200 1548
222.70.180.114 - - [20/May/2022:12:23:11 +0800] "POST /xingrg/login.do HTTP/1.1" 302 -
222.70.180.114 - - [20/May/2022:12:23:11 +0800] "GET /xingrg/index.html?sysBaseUrl=http%3A%2F%2F180.169.147.146%3A18081%2Fxingrg%2F&costTime=45×tamp=1653020591889 HTTP/1.1" 200 17173
222.70.180.114 - - [20/May/2022:12:23:11 +0800] "GET /xingrg/javascript/jquery.form.js HTTP/1.1" 304 -
222.70.180.114 - - [20/May/2022:12:23:11 +0800] "GET /xingrg/javascript/jquery.timers.js HTTP/1.1" 304 -
222.70.180.114 - - [20/May/2022:12:23:12 +0800] "GET /favicon.ico HTTP/1.1" 404 -
222.70.180.114 - - [20/May/2022:12:23:12 +0800] "GET /xingrg/javascript/jquery_easy_ui/themes/icons/settle_new.png HTTP/1.1" 304 -
222.70.180.114 - - [20/May/2022:12:23:12 +0800] "GET /xingrg/images/blue/navBackgound.jpg HTTP/1.1" 304 -
222.70.180.114 - - [20/May/2022:12:23:12 +0800] "POST /xingrg/all/common/load_tree.html?tree=area_rest_tree_json&manage=1 HTTP/1.1" 200 342
222.70.180.114 - - [20/May/2022:12:23:12 +0800] "GET /xingrg/check_reg.html?_=1653020586834 HTTP/1.1" 200 22
222.70.180.114 - - [20/May/2022:12:23:12 +0800] "GET /xingrg/all/function/internal_message.html?_=1653020586834&CODE_STATE=count HTTP/1.1" 200 11
222.70.180.114 - - [20/May/2022:12:23:12 +0800] "GET /xingrg/javascript/jquery_easy_ui/themes/default/images/tabs_rightarrow.png HTTP/1.1" 304 -
222.70.180.114 - - [20/May/2022:12:23:12 +0800] "POST /xingrg/load_menu.html HTTP/1.1" 200 5138
222.70.180.114 - - [20/May/2022:12:23:12 +0800] "GET /xingrg/images/blue/pingpu.png HTTP/1.1" 304 -
222.70.180.114 - - [20/May/2022:12:23:12 +0800] "GET /xingrg/javascript/jquery_easy_ui/themes/default/images/tabs_leftarrow.png HTTP/1.1" 304 -
222.70.180.114 - - [20/May/2022:12:23:12 +0800] "GET /xingrg/javascript/jquery_easy_ui/themes/default/images/panel_tool_collapse.gif HTTP/1.1" 304 -
222.70.180.114 - - [20/May/2022:12:23:12 +0800] "GET /xingrg/javascript/jquery_easy_ui/themes/default/images/tree_arrows.gif HTTP/1.1" 304 -
222.70.180.114 - - [20/May/2022:12:23:12 +0800] "GET /xingrg/javascript/jquery_easy_ui/themes/default/images/tree_folder_open.gif HTTP/1.1" 304 -
222.70.180.114 - - [20/May/2022:12:23:12 +0800] "GET /xingrg/javascript/jquery_easy_ui/themes/icons/search_new.png HTTP/1.1" 304 -
222.70.180.114 - - [20/May/2022:12:23:12 +0800] "GET /xingrg/javascript/jquery_easy_ui/themes/default/images/tree_folder.gif HTTP/1.1" 304 -
222.70.180.114 - - [20/May/2022:12:23:12 +0800] "GET /xingrg/javascript/jquery_easy_ui/themes/icons/storage_new.png HTTP/1.1" 304 -
