58.35.196.179 - - [20/May/2022:09:11:12 +0800] "GET /xingrg/all/function/internal_message.html?_=1653009069166&CODE_STATE=getMsg HTTP/1.1" 200 27
58.35.196.179 - - [20/May/2022:09:11:12 +0800] "GET /xingrg/check_reg.html?_=1653009069167 HTTP/1.1" 200 22
58.39.61.91 - - [20/May/2022:09:11:29 +0800] "GET /xingrg/all/function/internal_message.html?_=1653009086888&CODE_STATE=getMsg HTTP/1.1" 200 27
180.175.103.167 - - [20/May/2022:09:11:36 +0800] "GET /xingrg/all/function/internal_message.html?_=1653009096316&CODE_STATE=getMsg HTTP/1.1" 200 27
120.253.135.82 - - [20/May/2022:09:11:46 +0800] "GET /xingrg/all/function/internal_message.html?_=1653009212280&CODE_STATE=getMsg HTTP/1.1" 200 27
120.253.135.82 - - [20/May/2022:09:11:50 +0800] "GET /xingrg/all/function/internal_message.html?_=1653008917250&CODE_STATE=getMsg HTTP/1.1" 200 27
116.230.110.173 - - [20/May/2022:09:11:53 +0800] "GET /xingrg/all/function/internal_message.html?_=1653009109165&CODE_STATE=getMsg HTTP/1.1" 200 27
180.175.103.167 - - [20/May/2022:09:11:58 +0800] "GET /xingrg/all/function/internal_message.html?_=1653009118848&CODE_STATE=getMsg HTTP/1.1" 200 27
58.35.196.179 - - [20/May/2022:09:12:12 +0800] "GET /xingrg/all/function/internal_message.html?_=1653009129168&CODE_STATE=getMsg HTTP/1.1" 200 27
218.81.223.53 - - [20/May/2022:09:12:13 +0800] "GET /xingrg/check_reg.html?_=1653009148014 HTTP/1.1" 200 22
58.39.61.91 - - [20/May/2022:09:12:29 +0800] "GET /xingrg/all/function/internal_message.html?_=1653009146870&CODE_STATE=getMsg HTTP/1.1" 200 27
180.175.103.167 - - [20/May/2022:09:12:36 +0800] "GET /xingrg/all/function/internal_message.html?_=1653009156341&CODE_STATE=getMsg HTTP/1.1" 200 27
120.253.135.82 - - [20/May/2022:09:12:47 +0800] "GET /xingrg/all/function/internal_message.html?_=1653009272291&CODE_STATE=getMsg HTTP/1.1" 200 27
120.253.135.82 - - [20/May/2022:09:12:50 +0800] "GET /xingrg/all/function/internal_message.html?_=1653008977264&CODE_STATE=getMsg HTTP/1.1" 200 27
116.230.110.173 - - [20/May/2022:09:12:53 +0800] "GET /xingrg/all/function/internal_message.html?_=1653009169179&CODE_STATE=getMsg HTTP/1.1" 200 27
180.175.103.167 - - [20/May/2022:09:12:58 +0800] "GET /xingrg/all/function/internal_message.html?_=1653009178846&CODE_STATE=getMsg HTTP/1.1" 200 27
58.35.196.179 - - [20/May/2022:09:13:12 +0800] "GET /xingrg/all/function/internal_message.html?_=1653009189157&CODE_STATE=getMsg HTTP/1.1" 200 27
58.39.61.91 - - [20/May/2022:09:13:29 +0800] "GET /xingrg/all/function/internal_message.html?_=1653009206854&CODE_STATE=getMsg HTTP/1.1" 200 27
180.175.103.167 - - [20/May/2022:09:13:36 +0800] "GET /xingrg/all/function/internal_message.html?_=1653009216339&CODE_STATE=getMsg HTTP/1.1" 200 27
120.253.135.82 - - [20/May/2022:09:13:47 +0800] "GET /xingrg/all/function/internal_message.html?_=1653009332383&CODE_STATE=getMsg HTTP/1.1" 200 27
120.253.135.82 - - [20/May/2022:09:13:50 +0800] "GET /xingrg/all/function/internal_message.html?_=1653009037288&CODE_STATE=getMsg HTTP/1.1" 200 27
116.230.110.173 - - [20/May/2022:09:13:53 +0800] "GET /xingrg/all/function/internal_message.html?_=1653009229167&CODE_STATE=getMsg HTTP/1.1" 200 27
180.175.103.167 - - [20/May/2022:09:13:58 +0800] "GET /xingrg/all/function/internal_message.html?_=1653009238844&CODE_STATE=getMsg HTTP/1.1" 200 27
180.175.103.167 - - [20/May/2022:09:13:58 +0800] "GET /xingrg/check_reg.html?_=1653009238845 HTTP/1.1" 200 22
120.253.135.82 - - [20/May/2022:09:14:10 +0800] "GET /xingrg/check_reg.html?_=1653009355735 HTTP/1.1" 200 22
58.35.196.179 - - [20/May/2022:09:14:12 +0800] "GET /xingrg/all/function/internal_message.html?_=1653009249162&CODE_STATE=getMsg HTTP/1.1" 200 27
58.39.61.91 - - [20/May/2022:09:14:29 +0800] "GET /xingrg/all/function/internal_message.html?_=1653009266848&CODE_STATE=getMsg HTTP/1.1" 200 27
180.175.103.167 - - [20/May/2022:09:14:36 +0800] "GET /xingrg/all/function/internal_message.html?_=1653009276338&CODE_STATE=getMsg HTTP/1.1" 200 27
180.175.103.167 - - [20/May/2022:09:14:36 +0800] "GET /xingrg/check_reg.html?_=1653009276342 HTTP/1.1" 200 22
58.39.61.91 - - [20/May/2022:09:14:46 +0800] "GET /xingrg/check_reg.html?_=1653009283480 HTTP/1.1" 200 22
180.156.212.250 - - [20/May/2022:09:14:46 +0800] "GET /xingrg/check_reg.html?_=1653009353568 HTTP/1.1" 302 -
120.253.135.82 - - [20/May/2022:09:14:47 +0800] "GET /xingrg/all/function/internal_message.html?_=1653009392395&CODE_STATE=getMsg HTTP/1.1" 200 27
120.253.135.82 - - [20/May/2022:09:14:50 +0800] "GET /xingrg/check_reg.html?_=1653009097231 HTTP/1.1" 200 22
120.253.135.82 - - [20/May/2022:09:14:50 +0800] "GET /xingrg/all/function/internal_message.html?_=1653009097299&CODE_STATE=getMsg HTTP/1.1" 200 27
116.230.110.173 - - [20/May/2022:09:14:53 +0800] "GET /xingrg/all/function/internal_message.html?_=1653009289177&CODE_STATE=getMsg HTTP/1.1" 200 27
180.175.103.167 - - [20/May/2022:09:14:58 +0800] "GET /xingrg/all/function/internal_message.html?_=1653009298859&CODE_STATE=getMsg HTTP/1.1" 200 27
58.35.196.179 - - [20/May/2022:09:15:12 +0800] "GET /xingrg/all/function/internal_message.html?_=1653009309165&CODE_STATE=getMsg HTTP/1.1" 200 27
58.39.61.91 - - [20/May/2022:09:15:29 +0800] "GET /xingrg/all/function/internal_message.html?_=1653009326834&CODE_STATE=getMsg HTTP/1.1" 200 27
180.175.103.167 - - [20/May/2022:09:15:36 +0800] "GET /xingrg/all/function/internal_message.html?_=1653009336342&CODE_STATE=getMsg HTTP/1.1" 200 27
120.253.135.82 - - [20/May/2022:09:15:47 +0800] "GET /xingrg/all/function/internal_message.html?_=1653009452409&CODE_STATE=getMsg HTTP/1.1" 200 27
120.253.135.82 - - [20/May/2022:09:15:50 +0800] "GET /xingrg/all/function/internal_message.html?_=1653009157306&CODE_STATE=getMsg HTTP/1.1" 200 27
116.230.110.173 - - [20/May/2022:09:15:53 +0800] "GET /xingrg/check_reg.html?_=1653009349167 HTTP/1.1" 200 22
116.230.110.173 - - [20/May/2022:09:15:53 +0800] "GET /xingrg/all/function/internal_message.html?_=1653009349170&CODE_STATE=getMsg HTTP/1.1" 200 27
180.175.103.167 - - [20/May/2022:09:15:58 +0800] "GET /xingrg/all/function/internal_message.html?_=1653009358844&CODE_STATE=getMsg HTTP/1.1" 200 27
58.35.196.179 - - [20/May/2022:09:16:12 +0800] "GET /xingrg/all/function/internal_message.html?_=1653009369170&CODE_STATE=getMsg HTTP/1.1" 200 27
58.35.196.179 - - [20/May/2022:09:16:12 +0800] "GET /xingrg/check_reg.html?_=1653009369170 HTTP/1.1" 200 22
58.39.61.91 - - [20/May/2022:09:16:29 +0800] "GET /xingrg/all/function/internal_message.html?_=1653009386829&CODE_STATE=getMsg HTTP/1.1" 200 27
180.175.103.167 - - [20/May/2022:09:16:36 +0800] "GET /xingrg/all/function/internal_message.html?_=1653009396342&CODE_STATE=getMsg HTTP/1.1" 200 27
180.175.103.167 - - [20/May/2022:09:16:46 +0800] "GET /xingrg/index.html?sysBaseUrl=http%3A%2F%2F180.169.147.146%3A18081%2Fxingrg%2F&costTime=32×tamp=1585224308505 HTTP/1.1" 302 -
180.175.103.167 - - [20/May/2022:09:16:46 +0800] "GET /xingrg/login.html HTTP/1.1" 200 7641
120.253.135.82 - - [20/May/2022:09:16:47 +0800] "GET /xingrg/all/function/internal_message.html?_=1653009512483&CODE_STATE=getMsg HTTP/1.1" 200 27
180.175.103.167 - - [20/May/2022:09:16:47 +0800] "GET /favicon.ico HTTP/1.1" 404 -
120.253.135.82 - - [20/May/2022:09:16:50 +0800] "GET /xingrg/all/function/internal_message.html?_=1653009217319&CODE_STATE=getMsg HTTP/1.1" 200 27
116.230.110.173 - - [20/May/2022:09:16:53 +0800] "GET /xingrg/all/function/internal_message.html?_=1653009409177&CODE_STATE=getMsg HTTP/1.1" 200 27
180.175.103.167 - - [20/May/2022:09:16:58 +0800] "GET /xingrg/all/function/internal_message.html?_=1653009418884&CODE_STATE=getMsg HTTP/1.1" 200 27
58.35.196.179 - - [20/May/2022:09:17:12 +0800] "GET /xingrg/all/function/internal_message.html?_=1653009429173&CODE_STATE=getMsg HTTP/1.1" 200 27
218.81.223.53 - - [20/May/2022:09:17:13 +0800] "GET /xingrg/check_reg.html?_=1653009448023 HTTP/1.1" 200 22
120.253.135.82 - - [20/May/2022:09:17:21 +0800] "POST /xingrg/kc/pszx/mdps_order_operate.html HTTP/1.1" 200 37
120.253.135.82 - - [20/May/2022:09:17:22 +0800] "POST /xingrg/kc/pszx/mdps_order_operate.html HTTP/1.1" 200 12
58.39.61.91 - - [20/May/2022:09:17:29 +0800] "GET /xingrg/all/function/internal_message.html?_=1653009446814&CODE_STATE=getMsg HTTP/1.1" 200 27
180.175.103.167 - - [20/May/2022:09:17:36 +0800] "GET /xingrg/all/function/internal_message.html?_=1653009456342&CODE_STATE=getMsg HTTP/1.1" 200 27
120.253.135.82 - - [20/May/2022:09:17:47 +0800] "GET /xingrg/all/function/internal_message.html?_=1653009572484&CODE_STATE=getMsg HTTP/1.1" 200 27
116.230.110.173 - - [20/May/2022:09:17:53 +0800] "GET /xingrg/all/function/internal_message.html?_=1653009469172&CODE_STATE=getMsg HTTP/1.1" 200 27
180.175.103.167 - - [20/May/2022:09:17:55 +0800] "POST /xingrg/login.do HTTP/1.1" 302 -
180.175.103.167 - - [20/May/2022:09:17:55 +0800] "GET /xingrg/index.html?sysBaseUrl=http%3A%2F%2F180.169.147.146%3A18081%2Fxingrg%2F&costTime=43×tamp=1653009475667 HTTP/1.1" 200 17173
180.175.103.167 - - [20/May/2022:09:17:55 +0800] "GET /favicon.ico HTTP/1.1" 404 -
180.175.103.167 - - [20/May/2022:09:17:55 +0800] "POST /xingrg/all/common/load_tree.html?tree=area_rest_tree_json&manage=1 HTTP/1.1" 200 342
180.175.103.167 - - [20/May/2022:09:17:56 +0800] "GET /xingrg/all/function/internal_message.html?_=1653009399879&CODE_STATE=count HTTP/1.1" 200 11
180.175.103.167 - - [20/May/2022:09:17:56 +0800] "POST /xingrg/load_menu.html HTTP/1.1" 200 5138
180.175.103.167 - - [20/May/2022:09:17:56 +0800] "GET /xingrg/check_reg.html?_=1653009399880 HTTP/1.1" 200 22
120.253.135.82 - - [20/May/2022:09:17:57 +0800] "GET /xingrg/kc/pszx/mdps_order_info.html?code=312022051900439 HTTP/1.1" 200 19632
120.253.135.82 - - [20/May/2022:09:17:58 +0800] "POST /xingrg/kc/pszx/mdps_order_operate.html HTTP/1.1" 200 498
120.253.135.82 - - [20/May/2022:09:17:58 +0800] "GET /xingrg/javascript/easyui/themes/default/validatebox.css HTTP/1.1" 404 1104
120.253.135.82 - - [20/May/2022:09:17:58 +0800] "GET /xingrg/all/function/internal_message.html?_=1653009285787&CODE_STATE=getMsg HTTP/1.1" 200 27
180.175.103.167 - - [20/May/2022:09:17:58 +0800] "GET /xingrg/all/function/internal_message.html?_=1653009478883&CODE_STATE=getMsg HTTP/1.1" 200 27
120.253.135.82 - - [20/May/2022:09:18:03 +0800] "GET /xingrg/kc/pszx/mdps_order_info.html?code=312022051900439 HTTP/1.1" 200 19632
120.253.135.82 - - [20/May/2022:09:18:03 +0800] "POST /xingrg/kc/pszx/mdps_order_operate.html HTTP/1.1" 200 498
120.253.135.82 - - [20/May/2022:09:18:03 +0800] "GET /xingrg/javascript/easyui/themes/default/validatebox.css HTTP/1.1" 404 1104
120.253.135.82 - - [20/May/2022:09:18:05 +0800] "POST /xingrg/kc/pszx/mdps_list_operate.html HTTP/1.1" 200 868
180.175.103.167 - - [20/May/2022:09:18:06 +0800] "GET /xingrg/kc/base/base_main.html HTTP/1.1" 200 12142
180.175.103.167 - - [20/May/2022:09:18:08 +0800] "GET /xingrg/kc/base/wldb_order_list.html HTTP/1.1" 200 19101
180.175.103.167 - - [20/May/2022:09:18:09 +0800] "POST /xingrg/kc/base/wldb_list_operate.html HTTP/1.1" 200 928
180.175.103.167 - - [20/May/2022:09:18:12 +0800] "GET /xingrg/kc/base/wldb_order_add.html HTTP/1.1" 200 30315
58.35.196.179 - - [20/May/2022:09:18:12 +0800] "GET /xingrg/all/function/internal_message.html?_=1653009489161&CODE_STATE=getMsg HTTP/1.1" 200 27
180.175.103.167 - - [20/May/2022:09:18:12 +0800] "GET /xingrg/words/20220519192902_words.js HTTP/1.1" 200 897733
180.175.103.167 - - [20/May/2022:09:18:13 +0800] "POST /xingrg/kc/base/wldb_order_operate.html HTTP/1.1" 200 6806
180.175.103.167 - - [20/May/2022:09:18:13 +0800] "GET /xingrg/all/common/auto_word.html?type=base&rest_code=00105 HTTP/1.1" 200 1907
180.175.103.167 - - [20/May/2022:09:18:13 +0800] "GET /xingrg/all/common/auto_word.html?type=base&rest_code=00105 HTTP/1.1" 200 1907
180.175.103.167 - - [20/May/2022:09:18:13 +0800] "GET /xingrg/javascript/easyui/themes/default/validatebox.css HTTP/1.1" 404 1104
180.175.103.167 - - [20/May/2022:09:18:16 +0800] "GET /xingrg/javascript/auto/indicator.gif HTTP/1.1" 404 1066
114.84.147.169 - - [20/May/2022:09:18:16 +0800] "GET /xingrg/kc/mdqp/qp_main.html HTTP/1.1" 302 -
114.84.147.169 - - [20/May/2022:09:18:16 +0800] "GET /xingrg/login.html HTTP/1.1" 200 7641
114.84.147.169 - - [20/May/2022:09:18:16 +0800] "GET /xingrg/login.html HTTP/1.1" 200 7641
114.84.147.169 - - [20/May/2022:09:18:16 +0800] "GET /favicon.ico HTTP/1.1" 404 -
114.84.147.169 - - [20/May/2022:09:18:17 +0800] "POST /xingrg/login.do HTTP/1.1" 302 -
114.84.147.169 - - [20/May/2022:09:18:18 +0800] "GET /xingrg/index.html?sysBaseUrl=http%3A%2F%2F180.169.147.146%3A18081%2Fxingrg%2F&costTime=44×tamp=1653009497972 HTTP/1.1" 200 17179
114.84.147.169 - - [20/May/2022:09:18:18 +0800] "GET /favicon.ico HTTP/1.1" 404 -
114.84.147.169 - - [20/May/2022:09:18:18 +0800] "POST /xingrg/all/common/load_tree.html?tree=area_rest_tree_json&manage=1 HTTP/1.1" 200 351
114.84.147.169 - - [20/May/2022:09:18:18 +0800] "POST /xingrg/load_menu.html HTTP/1.1" 200 5138
114.84.147.169 - - [20/May/2022:09:18:18 +0800] "GET /xingrg/check_reg.html?_=1653009232319 HTTP/1.1" 200 22
114.84.147.169 - - [20/May/2022:09:18:18 +0800] "GET /xingrg/all/function/internal_message.html?_=1653009232319&CODE_STATE=count HTTP/1.1" 200 11
120.253.135.82 - - [20/May/2022:09:18:18 +0800] "POST /xingrg/kc/pszx/mdps_list_operate.html HTTP/1.1" 200 1692
114.84.147.169 - - [20/May/2022:09:18:19 +0800] "GET /xingrg/kc/mdqp/qp_main.html HTTP/1.1" 200 10633
114.84.147.169 - - [20/May/2022:09:18:20 +0800] "GET /xingrg/images/yd/bt.gif HTTP/1.1" 404 1040
120.253.135.82 - - [20/May/2022:09:18:20 +0800] "POST /xingrg/kc/pszx/mdps_list_operate.html HTTP/1.1" 200 605
114.84.147.169 - - [20/May/2022:09:18:20 +0800] "GET /xingrg/kc/mdqp/pssh_order_list.html HTTP/1.1" 200 17818
114.84.147.169 - - [20/May/2022:09:18:20 +0800] "POST /xingrg/kc/mdqp/pssh_list_operate.html HTTP/1.1" 200 5379
120.253.135.82 - - [20/May/2022:09:18:20 +0800] "GET /xingrg/kc/pszx/mdps_order_info.html?code=312022051900455 HTTP/1.1" 200 23978
120.253.135.82 - - [20/May/2022:09:18:21 +0800] "POST /xingrg/kc/pszx/mdps_order_operate.html HTTP/1.1" 200 4774
120.253.135.82 - - [20/May/2022:09:18:21 +0800] "GET /xingrg/javascript/easyui/themes/default/validatebox.css HTTP/1.1" 404 1104
114.84.147.169 - - [20/May/2022:09:18:21 +0800] "POST /xingrg/kc/mdqp/pssh_list_operate.html HTTP/1.1" 200 585
114.84.147.169 - - [20/May/2022:09:18:27 +0800] "POST /xingrg/kc/mdqp/pssh_list_operate.html HTTP/1.1" 200 380
58.39.61.91 - - [20/May/2022:09:18:29 +0800] "GET /xingrg/all/function/internal_message.html?_=1653009506798&CODE_STATE=getMsg HTTP/1.1" 200 27
114.84.147.169 - - [20/May/2022:09:18:33 +0800] "POST /xingrg/kc/mdqp/pssh_list_operate.html HTTP/1.1" 200 820
120.253.135.82 - - [20/May/2022:09:18:34 +0800] "POST /xingrg/kc/pszx/mdps_order_operate.html HTTP/1.1" 200 37
114.84.147.169 - - [20/May/2022:09:18:35 +0800] "POST /xingrg/kc/mdqp/pssh_list_operate.html HTTP/1.1" 200 358
120.253.135.82 - - [20/May/2022:09:18:35 +0800] "GET /xingrg/kc/pszx/mdps_order_info.html?code=312022051900455 HTTP/1.1" 200 23978
120.253.135.82 - - [20/May/2022:09:18:35 +0800] "POST /xingrg/kc/pszx/mdps_order_operate.html HTTP/1.1" 200 4773
120.253.135.82 - - [20/May/2022:09:18:35 +0800] "GET /xingrg/javascript/easyui/themes/default/validatebox.css HTTP/1.1" 404 1104
180.175.103.167 - - [20/May/2022:09:18:36 +0800] "GET /xingrg/all/function/internal_message.html?_=1653009516340&CODE_STATE=getMsg HTTP/1.1" 200 27
180.175.103.167 - - [20/May/2022:09:18:41 +0800] "GET /xingrg/kc/base/wldb_order_operate.html?command=get_materiel&rest_code=00105&base_code=0010507&code=00101019133 HTTP/1.1" 200 480
120.253.135.82 - - [20/May/2022:09:18:47 +0800] "GET /xingrg/all/function/internal_message.html?_=1653009632575&CODE_STATE=getMsg HTTP/1.1" 200 27
120.253.135.82 - - [20/May/2022:09:18:47 +0800] "POST /xingrg/kc/pszx/mdps_list_operate.html HTTP/1.1" 200 1692
120.253.135.82 - - [20/May/2022:09:18:49 +0800] "POST /xingrg/kc/pszx/mdps_list_operate.html HTTP/1.1" 200 604
120.253.135.82 - - [20/May/2022:09:18:49 +0800] "GET /xingrg/kc/pszx/mdps_order_info.html?code=312022051900455 HTTP/1.1" 200 23978
120.253.135.82 - - [20/May/2022:09:18:50 +0800] "POST /xingrg/kc/pszx/mdps_order_operate.html HTTP/1.1" 200 4773
120.253.135.82 - - [20/May/2022:09:18:50 +0800] "GET /xingrg/javascript/easyui/themes/default/validatebox.css HTTP/1.1" 404 1104
116.230.110.173 - - [20/May/2022:09:18:53 +0800] "GET /xingrg/all/function/internal_message.html?_=1653009529170&CODE_STATE=getMsg HTTP/1.1" 200 27
180.175.103.167 - - [20/May/2022:09:18:53 +0800] "GET /xingrg/kc/base/wldb_order_operate.html?command=get_materiel&rest_code=00105&base_code=0010507&code=00101019127 HTTP/1.1" 200 480
180.175.103.167 - - [20/May/2022:09:18:56 +0800] "GET /xingrg/all/function/internal_message.html?_=1653009459895&CODE_STATE=getMsg HTTP/1.1" 200 27
120.253.135.82 - - [20/May/2022:09:18:58 +0800] "GET /xingrg/all/function/internal_message.html?_=1653009345802&CODE_STATE=getMsg HTTP/1.1" 200 27
180.175.103.167 - - [20/May/2022:09:18:58 +0800] "GET /xingrg/check_reg.html?_=1653009538883 HTTP/1.1" 200 22
180.175.103.167 - - [20/May/2022:09:18:58 +0800] "GET /xingrg/all/function/internal_message.html?_=1653009538883&CODE_STATE=getMsg HTTP/1.1" 200 27
120.253.135.82 - - [20/May/2022:09:19:01 +0800] "POST /xingrg/kc/pszx/mdps_order_operate.html HTTP/1.1" 200 37
120.253.135.82 - - [20/May/2022:09:19:03 +0800] "GET /xingrg/kc/pszx/mdps_order_info.html?code=312022051900455 HTTP/1.1" 200 23978
120.253.135.82 - - [20/May/2022:09:19:03 +0800] "POST /xingrg/kc/pszx/mdps_order_operate.html HTTP/1.1" 200 4773
120.253.135.82 - - [20/May/2022:09:19:03 +0800] "GET /xingrg/javascript/easyui/themes/default/validatebox.css HTTP/1.1" 404 1104
180.175.103.167 - - [20/May/2022:09:19:04 +0800] "GET /xingrg/kc/base/wldb_order_operate.html?command=get_materiel&rest_code=00105&base_code=0010507&code=00101019175 HTTP/1.1" 200 439
120.253.135.82 - - [20/May/2022:09:19:10 +0800] "GET /xingrg/check_reg.html?_=1653009655744 HTTP/1.1" 200 22
58.35.196.179 - - [20/May/2022:09:19:12 +0800] "GET /xingrg/all/function/internal_message.html?_=1653009549165&CODE_STATE=getMsg HTTP/1.1" 200 27
120.253.135.82 - - [20/May/2022:09:19:12 +0800] "POST /xingrg/kc/pszx/mdps_list_operate.html HTTP/1.1" 200 1692
120.253.135.82 - - [20/May/2022:09:19:14 +0800] "POST /xingrg/kc/pszx/mdps_list_operate.html HTTP/1.1" 200 604
180.175.103.167 - - [20/May/2022:09:19:14 +0800] "GET /xingrg/kc/base/wldb_order_operate.html?command=get_materiel&rest_code=00105&base_code=0010507&code=00101019258 HTTP/1.1" 200 483
120.253.135.82 - - [20/May/2022:09:19:15 +0800] "GET /xingrg/kc/pszx/mdps_order_info.html?code=312022051900455 HTTP/1.1" 200 23978
120.253.135.82 - - [20/May/2022:09:19:15 +0800] "POST /xingrg/kc/pszx/mdps_order_operate.html HTTP/1.1" 200 4773
120.253.135.82 - - [20/May/2022:09:19:15 +0800] "GET /xingrg/javascript/easyui/themes/default/validatebox.css HTTP/1.1" 404 1104
114.84.147.169 - - [20/May/2022:09:19:18 +0800] "GET /xingrg/all/function/internal_message.html?_=1653009292326&CODE_STATE=getMsg HTTP/1.1" 200 27
120.253.135.82 - - [20/May/2022:09:19:20 +0800] "POST /xingrg/kc/pszx/mdps_list_operate.html HTTP/1.1" 200 1692
180.175.103.167 - - [20/May/2022:09:19:25 +0800] "GET /xingrg/kc/base/wldb_order_operate.html?command=get_materiel&rest_code=00105&base_code=0010507&code=00101019185 HTTP/1.1" 200 467
120.253.135.82 - - [20/May/2022:09:19:27 +0800] "GET /xingrg/kc/pszx/mdqp_order_list.html?state=10 HTTP/1.1" 200 10217
120.253.135.82 - - [20/May/2022:09:19:27 +0800] "GET /xingrg/css/blue.css HTTP/1.1" 304 -
120.253.135.82 - - [20/May/2022:09:19:27 +0800] "GET /xingrg/dwr/interface/AjaxQqpsService.js HTTP/1.1" 200 16326
120.253.135.82 - - [20/May/2022:09:19:27 +0800] "GET /xingrg/dwr/util.js HTTP/1.1" 304 -
120.253.135.82 - - [20/May/2022:09:19:27 +0800] "GET /xingrg/dwr/engine.js HTTP/1.1" 200 43631
120.253.135.82 - - [20/May/2022:09:19:27 +0800] "GET /xingrg/dwr/interface/AjaxReportQueryService.js HTTP/1.1" 200 13203
120.253.135.82 - - [20/May/2022:09:19:27 +0800] "GET /xingrg/javascript/Calendar.js HTTP/1.1" 304 -
120.253.135.82 - - [20/May/2022:09:19:27 +0800] "GET /xingrg/javascript/jquery_easy_ui/themes/icons/uncheck_new.png HTTP/1.1" 304 -
120.253.135.82 - - [20/May/2022:09:19:27 +0800] "GET /xingrg/javascript/jquery_easy_ui/themes/icons/check_new.png HTTP/1.1" 304 -
120.253.135.82 - - [20/May/2022:09:19:27 +0800] "GET /xingrg/javascript/jquery_easy_ui/themes/icons/back_new.png HTTP/1.1" 304 -
58.39.61.91 - - [20/May/2022:09:19:29 +0800] "GET /xingrg/all/function/internal_message.html?_=1653009566781&CODE_STATE=getMsg HTTP/1.1" 200 27
120.253.135.82 - - [20/May/2022:09:19:32 +0800] "GET /xingrg/kc/report/report_main.html HTTP/1.1" 200 8599
120.253.135.82 - - [20/May/2022:09:19:32 +0800] "GET /xingrg/javascript/jquery_ui/themes/humanity/humanity.css HTTP/1.1" 304 -
180.175.103.167 - - [20/May/2022:09:19:35 +0800] "GET /xingrg/kc/base/wldb_order_operate.html?command=get_materiel&rest_code=00105&base_code=0010507&code=00101016076 HTTP/1.1" 200 476
180.175.103.167 - - [20/May/2022:09:19:36 +0800] "GET /xingrg/check_reg.html?_=1653009576344 HTTP/1.1" 200 22
120.253.135.82 - - [20/May/2022:09:19:36 +0800] "GET /xingrg/kc/pszx/mdqp_order_list.html?state=10 HTTP/1.1" 200 10217
120.253.135.82 - - [20/May/2022:09:19:36 +0800] "GET /xingrg/dwr/interface/AjaxReportQueryService.js HTTP/1.1" 200 13203
180.175.103.167 - - [20/May/2022:09:19:36 +0800] "GET /xingrg/all/function/internal_message.html?_=1653009576341&CODE_STATE=getMsg HTTP/1.1" 200 27
120.253.135.82 - - [20/May/2022:09:19:36 +0800] "GET /xingrg/dwr/interface/AjaxQqpsService.js HTTP/1.1" 200 16326
120.253.135.82 - - [20/May/2022:09:19:36 +0800] "GET /xingrg/dwr/engine.js HTTP/1.1" 200 43631
116.235.92.88 - - [20/May/2022:09:19:41 +0800] "GET /xingrg/login.html HTTP/1.1" 200 7641
116.235.92.88 - - [20/May/2022:09:19:41 +0800] "GET /favicon.ico HTTP/1.1" 404 -
180.175.103.167 - - [20/May/2022:09:19:45 +0800] "GET /xingrg/kc/base/wldb_order_operate.html?command=get_materiel&rest_code=00105&base_code=0010507&code=00101019183 HTTP/1.1" 200 449
120.253.135.82 - - [20/May/2022:09:19:45 +0800] "GET /xingrg/kc/pszx/mdps_order_list.html?orderType=0 HTTP/1.1" 200 20966
120.253.135.82 - - [20/May/2022:09:19:46 +0800] "POST /xingrg/kc/pszx/mdps_list_operate.html HTTP/1.1" 200 5337
58.39.61.91 - - [20/May/2022:09:19:46 +0800] "GET /xingrg/check_reg.html?_=1653009583489 HTTP/1.1" 200 22
180.156.212.250 - - [20/May/2022:09:19:47 +0800] "GET /xingrg/check_reg.html?_=1653009653841 HTTP/1.1" 302 -
120.253.135.82 - - [20/May/2022:09:19:47 +0800] "GET /xingrg/all/function/internal_message.html?_=1653009692589&CODE_STATE=getMsg HTTP/1.1" 200 27
120.253.135.82 - - [20/May/2022:09:19:50 +0800] "GET /xingrg/check_reg.html?_=1653009397236 HTTP/1.1" 200 22
116.230.110.173 - - [20/May/2022:09:19:53 +0800] "GET /xingrg/all/function/internal_message.html?_=1653009589167&CODE_STATE=getMsg HTTP/1.1" 200 27
180.175.103.167 - - [20/May/2022:09:19:56 +0800] "GET /xingrg/all/function/internal_message.html?_=1653009519893&CODE_STATE=getMsg HTTP/1.1" 200 27
120.253.135.82 - - [20/May/2022:09:19:58 +0800] "GET /xingrg/all/function/internal_message.html?_=1653009405814&CODE_STATE=getMsg HTTP/1.1" 200 27
180.175.103.167 - - [20/May/2022:09:19:58 +0800] "GET /xingrg/all/function/internal_message.html?_=1653009598881&CODE_STATE=getMsg HTTP/1.1" 200 27
180.175.103.167 - - [20/May/2022:09:20:12 +0800] "GET /xingrg/kc/base/wldb_order_operate.html?command=get_materiel&rest_code=00105&base_code=0010507&code=00101016019 HTTP/1.1" 200 451
58.35.196.179 - - [20/May/2022:09:20:12 +0800] "GET /xingrg/all/function/internal_message.html?_=1653009609169&CODE_STATE=getMsg HTTP/1.1" 200 27
114.84.147.169 - - [20/May/2022:09:20:18 +0800] "GET /xingrg/all/function/internal_message.html?_=1653009352328&CODE_STATE=getMsg HTTP/1.1" 200 27
180.175.103.167 - - [20/May/2022:09:20:26 +0800] "POST /xingrg/kc/base/wldb_order_operate.html HTTP/1.1" 200 37
180.175.103.167 - - [20/May/2022:09:20:26 +0800] "POST /xingrg/kc/base/wldb_order_operate.html HTTP/1.1" 200 5705
180.175.103.167 - - [20/May/2022:09:20:27 +0800] "GET /xingrg/kc/base/wldb_order_info.html?code=422022052000212 HTTP/1.1" 200 30334
180.175.103.167 - - [20/May/2022:09:20:28 +0800] "GET /xingrg/javascript/easyui/themes/default/validatebox.css HTTP/1.1" 404 1104
180.175.103.167 - - [20/May/2022:09:20:28 +0800] "POST /xingrg/kc/base/wldb_order_operate.html HTTP/1.1" 200 5705
116.235.92.88 - - [20/May/2022:09:20:29 +0800] "POST /xingrg/login.do HTTP/1.1" 200 2421
58.39.61.91 - - [20/May/2022:09:20:29 +0800] "GET /xingrg/all/function/internal_message.html?_=1653009626780&CODE_STATE=getMsg HTTP/1.1" 200 27
116.235.92.88 - - [20/May/2022:09:20:29 +0800] "GET /favicon.ico HTTP/1.1" 404 -
116.235.92.88 - - [20/May/2022:09:20:33 +0800] "GET /xingrg/login.html HTTP/1.1" 200 7641
116.235.92.88 - - [20/May/2022:09:20:33 +0800] "GET /favicon.ico HTTP/1.1" 404 -
180.175.103.167 - - [20/May/2022:09:20:36 +0800] "GET /xingrg/all/function/internal_message.html?_=1653009636342&CODE_STATE=getMsg HTTP/1.1" 200 27
180.175.103.167 - - [20/May/2022:09:20:43 +0800] "GET /xingrg/kc/base/wldb_order_add.html HTTP/1.1" 200 30315
180.175.103.167 - - [20/May/2022:09:20:44 +0800] "POST /xingrg/kc/base/wldb_order_operate.html HTTP/1.1" 200 6806
180.175.103.167 - - [20/May/2022:09:20:44 +0800] "GET /xingrg/javascript/easyui/themes/default/validatebox.css HTTP/1.1" 404 1104
120.253.135.82 - - [20/May/2022:09:20:47 +0800] "GET /xingrg/all/function/internal_message.html?_=1653009752603&CODE_STATE=getMsg HTTP/1.1" 200 27
116.230.110.173 - - [20/May/2022:09:20:53 +0800] "GET /xingrg/check_reg.html?_=1653009649181 HTTP/1.1" 200 22
116.230.110.173 - - [20/May/2022:09:20:53 +0800] "GET /xingrg/all/function/internal_message.html?_=1653009649185&CODE_STATE=getMsg HTTP/1.1" 200 27
180.175.103.167 - - [20/May/2022:09:20:56 +0800] "GET /xingrg/all/function/internal_message.html?_=1653009579909&CODE_STATE=getMsg HTTP/1.1" 200 27
120.253.135.82 - - [20/May/2022:09:20:58 +0800] "GET /xingrg/all/function/internal_message.html?_=1653009465828&CODE_STATE=getMsg HTTP/1.1" 200 27
180.175.103.167 - - [20/May/2022:09:20:58 +0800] "GET /xingrg/all/function/internal_message.html?_=1653009658881&CODE_STATE=getMsg HTTP/1.1" 200 27
180.175.103.167 - - [20/May/2022:09:21:05 +0800] "GET /xingrg/kc/base/wldb_order_operate.html?command=get_materiel&rest_code=00105&base_code=0010508&code=00102002238 HTTP/1.1" 200 434
58.35.196.179 - - [20/May/2022:09:21:12 +0800] "GET /xingrg/all/function/internal_message.html?_=1653009669158&CODE_STATE=getMsg HTTP/1.1" 200 27
58.35.196.179 - - [20/May/2022:09:21:12 +0800] "GET /xingrg/check_reg.html?_=1653009669159 HTTP/1.1" 200 22
180.175.103.167 - - [20/May/2022:09:21:13 +0800] "POST /xingrg/kc/base/wldb_order_operate.html HTTP/1.1" 200 37
180.175.103.167 - - [20/May/2022:09:21:14 +0800] "POST /xingrg/kc/base/wldb_order_operate.html HTTP/1.1" 200 2182
180.175.103.167 - - [20/May/2022:09:21:14 +0800] "GET /xingrg/kc/base/wldb_order_info.html?code=422022052000213 HTTP/1.1" 200 30332
180.175.103.167 - - [20/May/2022:09:21:15 +0800] "GET /xingrg/javascript/easyui/themes/default/validatebox.css HTTP/1.1" 404 1104
180.175.103.167 - - [20/May/2022:09:21:15 +0800] "POST /xingrg/kc/base/wldb_order_operate.html HTTP/1.1" 200 2182
114.84.147.169 - - [20/May/2022:09:21:18 +0800] "GET /xingrg/all/function/internal_message.html?_=1653009412326&CODE_STATE=getMsg HTTP/1.1" 200 27
58.39.61.91 - - [20/May/2022:09:21:29 +0800] "GET /xingrg/all/function/internal_message.html?_=1653009686764&CODE_STATE=getMsg HTTP/1.1" 200 27
180.175.103.167 - - [20/May/2022:09:21:36 +0800] "GET /xingrg/all/function/internal_message.html?_=1653009696340&CODE_STATE=getMsg HTTP/1.1" 200 27
120.253.135.82 - - [20/May/2022:09:21:47 +0800] "GET /xingrg/all/function/internal_message.html?_=1653009812689&CODE_STATE=getMsg HTTP/1.1" 200 27
116.230.110.173 - - [20/May/2022:09:21:53 +0800] "GET /xingrg/all/function/internal_message.html?_=1653009709181&CODE_STATE=getMsg HTTP/1.1" 200 27
180.175.103.167 - - [20/May/2022:09:21:56 +0800] "GET /xingrg/all/function/internal_message.html?_=1653009639885&CODE_STATE=getMsg HTTP/1.1" 200 27
120.253.135.82 - - [20/May/2022:09:21:58 +0800] "GET /xingrg/all/function/internal_message.html?_=1653009525851&CODE_STATE=getMsg HTTP/1.1" 200 27
180.175.103.167 - - [20/May/2022:09:21:58 +0800] "GET /xingrg/all/function/internal_message.html?_=1653009718880&CODE_STATE=getMsg HTTP/1.1" 200 27
58.35.196.179 - - [20/May/2022:09:22:12 +0800] "GET /xingrg/all/function/internal_message.html?_=1653009729160&CODE_STATE=getMsg HTTP/1.1" 200 27
218.81.223.53 - - [20/May/2022:09:22:13 +0800] "GET /xingrg/check_reg.html?_=1653009748025 HTTP/1.1" 200 22
114.84.147.169 - - [20/May/2022:09:22:18 +0800] "GET /xingrg/all/function/internal_message.html?_=1653009472322&CODE_STATE=getMsg HTTP/1.1" 200 27
58.39.61.91 - - [20/May/2022:09:22:29 +0800] "GET /xingrg/all/function/internal_message.html?_=1653009746739&CODE_STATE=getMsg HTTP/1.1" 200 27
180.175.103.167 - - [20/May/2022:09:22:36 +0800] "GET /xingrg/all/function/internal_message.html?_=1653009756338&CODE_STATE=getMsg HTTP/1.1" 200 27
120.253.135.82 - - [20/May/2022:09:22:39 +0800] "GET /xingrg/kc/pszx/mdqp_order_list.html?state=10 HTTP/1.1" 200 10217
120.253.135.82 - - [20/May/2022:09:22:39 +0800] "GET /xingrg/dwr/interface/AjaxReportQueryService.js HTTP/1.1" 200 13203
120.253.135.82 - - [20/May/2022:09:22:40 +0800] "GET /xingrg/dwr/engine.js HTTP/1.1" 200 43631
120.253.135.82 - - [20/May/2022:09:22:40 +0800] "GET /xingrg/dwr/interface/AjaxQqpsService.js HTTP/1.1" 200 16326
120.253.135.82 - - [20/May/2022:09:22:41 +0800] "GET /xingrg/javascript/jquery_easy_ui/themes/default/images/tabs_active.png HTTP/1.1" 304 -
120.253.135.82 - - [20/May/2022:09:22:41 +0800] "GET /xingrg/javascript/jquery_easy_ui/themes/default/images/tabs_active.png HTTP/1.1" 304 -
120.253.135.82 - - [20/May/2022:09:22:45 +0800] "GET /xingrg/kc/pszx/mdqp_order_list.html?state=10 HTTP/1.1" 200 10217
120.253.135.82 - - [20/May/2022:09:22:45 +0800] "GET /xingrg/dwr/interface/AjaxQqpsService.js HTTP/1.1" 200 16326
120.253.135.82 - - [20/May/2022:09:22:45 +0800] "GET /xingrg/dwr/interface/AjaxReportQueryService.js HTTP/1.1" 200 13203
120.253.135.82 - - [20/May/2022:09:22:45 +0800] "GET /xingrg/dwr/engine.js HTTP/1.1" 200 43631
120.253.135.82 - - [20/May/2022:09:22:47 +0800] "GET /xingrg/all/function/internal_message.html?_=1653009872700&CODE_STATE=getMsg HTTP/1.1" 200 27
116.230.110.173 - - [20/May/2022:09:22:53 +0800] "GET /xingrg/all/function/internal_message.html?_=1653009769181&CODE_STATE=getMsg HTTP/1.1" 200 27
180.175.103.167 - - [20/May/2022:09:22:56 +0800] "GET /xingrg/check_reg.html?_=1653009699887 HTTP/1.1" 200 22
180.175.103.167 - - [20/May/2022:09:22:56 +0800] "GET /xingrg/all/function/internal_message.html?_=1653009699890&CODE_STATE=getMsg HTTP/1.1" 200 27
120.253.135.82 - - [20/May/2022:09:22:57 +0800] "POST /xingrg/kc/buy/cgsh_list_operate.html HTTP/1.1" 200 876
120.253.135.82 - - [20/May/2022:09:22:58 +0800] "GET /xingrg/all/function/internal_message.html?_=1653009585855&CODE_STATE=getMsg HTTP/1.1" 200 27
180.157.251.97 - - [20/May/2022:09:22:58 +0800] "POST /xingrg/services/DataTransmitService HTTP/1.1" 200 524
180.175.103.167 - - [20/May/2022:09:22:58 +0800] "GET /xingrg/all/function/internal_message.html?_=1653009778878&CODE_STATE=getMsg HTTP/1.1" 200 27
120.253.135.82 - - [20/May/2022:09:22:59 +0800] "GET /xingrg/javascript/easyui/themes/default/images/button_plain_hover.png HTTP/1.1" 304 -
180.157.251.97 - - [20/May/2022:09:22:59 +0800] "POST /xingrg/services/DataTransmitService HTTP/1.1" 200 412
120.253.135.82 - - [20/May/2022:09:23:00 +0800] "GET /xingrg/javascript/easyui/themes/default/easyui.css HTTP/1.1" 304 -
120.253.135.82 - - [20/May/2022:09:23:00 +0800] "GET /xingrg/javascript/pic_change.js HTTP/1.1" 304 -
120.253.135.82 - - [20/May/2022:09:23:00 +0800] "GET /xingrg/javascript/jquery_tools/jquery.tools.min.js HTTP/1.1" 304 -
120.253.135.82 - - [20/May/2022:09:23:00 +0800] "GET /xingrg/javascript/jquery_tools/fix.css HTTP/1.1" 304 -
120.253.135.82 - - [20/May/2022:09:23:00 +0800] "GET /xingrg/javascript/easyui/easyloader.js HTTP/1.1" 304 -
120.253.135.82 - - [20/May/2022:09:23:00 +0800] "GET /xingrg/javascript/jquery_tools/jquery.tools.hotkey.js HTTP/1.1" 304 -
120.253.135.82 - - [20/May/2022:09:23:00 +0800] "GET /xingrg/kc/buy/cgsh_order_add.html HTTP/1.1" 200 66586
120.253.135.82 - - [20/May/2022:09:23:00 +0800] "GET /xingrg/javascript/auto/jquery.autocomplete.js HTTP/1.1" 304 -
120.253.135.82 - - [20/May/2022:09:23:00 +0800] "GET /xingrg/javascript/jquery_tools/order_manager.js HTTP/1.1" 304 -
120.253.135.82 - - [20/May/2022:09:23:00 +0800] "GET /xingrg/javascript/jquery_tools/table.css HTTP/1.1" 304 -
120.253.135.82 - - [20/May/2022:09:23:00 +0800] "GET /xingrg/javascript/jquery_tools/jquery.tools.table.js HTTP/1.1" 304 -
120.253.135.82 - - [20/May/2022:09:23:00 +0800] "GET /xingrg/javascript/json2.js HTTP/1.1" 304 -
120.253.135.82 - - [20/May/2022:09:23:00 +0800] "GET /xingrg/javascript/convert.js HTTP/1.1" 304 -
120.253.135.82 - - [20/May/2022:09:23:00 +0800] "GET /xingrg/javascript/jquery.utils.js HTTP/1.1" 304 -
120.253.135.82 - - [20/May/2022:09:23:00 +0800] "GET /xingrg/javascript/jquery.cookie.js HTTP/1.1" 304 -
120.253.135.82 - - [20/May/2022:09:23:00 +0800] "GET /xingrg/css/base.css HTTP/1.1" 304 -
120.253.135.82 - - [20/May/2022:09:23:00 +0800] "GET /xingrg/javascript/print/LodopFuncs.js HTTP/1.1" 304 -
120.253.135.82 - - [20/May/2022:09:23:00 +0800] "GET /xingrg/javascript/print/kc_print.js HTTP/1.1" 304 -
120.253.135.82 - - [20/May/2022:09:23:00 +0800] "GET /xingrg/javascript/jquery_tools/datebox.css HTTP/1.1" 304 -
120.253.135.82 - - [20/May/2022:09:23:00 +0800] "GET /xingrg/javascript/jquery_tools/jquery.tools.extend.js HTTP/1.1" 304 -
120.253.135.82 - - [20/May/2022:09:23:00 +0800] "GET /xingrg/javascript/easyui/themes/icon.css HTTP/1.1" 304 -
120.253.135.82 - - [20/May/2022:09:23:00 +0800] "GET /xingrg/javascript/auto/jquery.autocomplete.css HTTP/1.1" 304 -
120.253.135.82 - - [20/May/2022:09:23:00 +0800] "GET /xingrg/css/site.css HTTP/1.1" 304 -
120.253.135.82 - - [20/May/2022:09:23:01 +0800] "GET /xingrg/words/20220519192902_words.js HTTP/1.1" 200 897733
120.253.135.82 - - [20/May/2022:09:23:01 +0800] "GET /xingrg/javascript/easyui/plugins/jquery.parser.js HTTP/1.1" 304 -
120.253.135.82 - - [20/May/2022:09:23:01 +0800] "POST /xingrg/kc/buy/cgsh_order_operate.html HTTP/1.1" 200 8245
120.253.135.82 - - [20/May/2022:09:23:02 +0800] "GET /xingrg/all/common/auto_word.html?type=employee&rest_code=00101 HTTP/1.1" 200 977
120.253.135.82 - - [20/May/2022:09:23:02 +0800] "GET /xingrg/all/common/auto_word.html?type=employee&rest_code=00101 HTTP/1.1" 200 977
120.253.135.82 - - [20/May/2022:09:23:02 +0800] "GET /xingrg/javascript/easyui/themes/default/validatebox.css HTTP/1.1" 404 1104
120.253.135.82 - - [20/May/2022:09:23:02 +0800] "GET /xingrg/javascript/easyui/plugins/jquery.validatebox.js HTTP/1.1" 304 -
120.253.135.82 - - [20/May/2022:09:23:02 +0800] "GET /xingrg/javascript/easyui/plugins/jquery.numberbox.js HTTP/1.1" 304 -
120.253.135.82 - - [20/May/2022:09:23:03 +0800] "GET /xingrg/css/images/panel_loading.gif HTTP/1.1" 304 -
120.253.135.82 - - [20/May/2022:09:23:03 +0800] "POST /xingrg/all/common/load_combo.html?type=employee HTTP/1.1" 200 1752
58.35.196.179 - - [20/May/2022:09:23:12 +0800] "GET /xingrg/all/function/internal_message.html?_=1653009789164&CODE_STATE=getMsg HTTP/1.1" 200 27
114.84.147.169 - - [20/May/2022:09:23:18 +0800] "GET /xingrg/check_reg.html?_=1653009532326 HTTP/1.1" 200 22
114.84.147.169 - - [20/May/2022:09:23:18 +0800] "GET /xingrg/all/function/internal_message.html?_=1653009532328&CODE_STATE=getMsg HTTP/1.1" 200 27
58.39.61.91 - - [20/May/2022:09:23:29 +0800] "GET /xingrg/all/function/internal_message.html?_=1653009806723&CODE_STATE=getMsg HTTP/1.1" 200 27
180.175.103.167 - - [20/May/2022:09:23:36 +0800] "GET /xingrg/all/function/internal_message.html?_=1653009816339&CODE_STATE=getMsg HTTP/1.1" 200 27
120.253.135.82 - - [20/May/2022:09:23:39 +0800] "GET /xingrg/kc/buy/cgsh_order_operate.html?command=get_materiel&rest_code=00101&code=00102034005&supplier_code=00100380&order_time=2022-05-20 HTTP/1.1" 200 463
120.253.135.82 - - [20/May/2022:09:23:47 +0800] "GET /xingrg/all/function/internal_message.html?_=1653009932706&CODE_STATE=getMsg HTTP/1.1" 200 27
116.230.110.173 - - [20/May/2022:09:23:53 +0800] "GET /xingrg/all/function/internal_message.html?_=1653009829174&CODE_STATE=getMsg HTTP/1.1" 200 27
180.175.103.167 - - [20/May/2022:09:23:56 +0800] "GET /xingrg/all/function/internal_message.html?_=1653009759890&CODE_STATE=getMsg HTTP/1.1" 200 27
120.253.135.82 - - [20/May/2022:09:23:58 +0800] "GET /xingrg/all/function/internal_message.html?_=1653009645869&CODE_STATE=getMsg HTTP/1.1" 200 27
180.175.103.167 - - [20/May/2022:09:23:58 +0800] "GET /xingrg/all/function/internal_message.html?_=1653009838878&CODE_STATE=getMsg HTTP/1.1" 200 27
180.175.103.167 - - [20/May/2022:09:23:58 +0800] "GET /xingrg/check_reg.html?_=1653009838880 HTTP/1.1" 200 22
120.253.135.82 - - [20/May/2022:09:23:59 +0800] "GET /xingrg/kc/buy/cgsh_order_operate.html?command=get_materiel&rest_code=00101&code=00102034006&supplier_code=00100380&order_time=2022-05-20 HTTP/1.1" 200 459
120.253.135.82 - - [20/May/2022:09:24:07 +0800] "POST /xingrg/all/common/load_select.html HTTP/1.1" 200 25
120.253.135.82 - - [20/May/2022:09:24:10 +0800] "GET /xingrg/check_reg.html?_=1653009955748 HTTP/1.1" 200 22
120.253.135.82 - - [20/May/2022:09:24:10 +0800] "GET /xingrg/kc/buy/cgsh_order_operate.html?command=get_materiel_price&rest_code=00101&code=00102034006&unit_code=00100600&supplier_code=00100380&order_time=2022-05-20 HTTP/1.1" 200 29
58.35.196.179 - - [20/May/2022:09:24:12 +0800] "GET /xingrg/all/function/internal_message.html?_=1653009849169&CODE_STATE=getMsg HTTP/1.1" 200 27
114.84.147.169 - - [20/May/2022:09:24:18 +0800] "GET /xingrg/all/function/internal_message.html?_=1653009592331&CODE_STATE=getMsg HTTP/1.1" 200 27
120.253.135.82 - - [20/May/2022:09:24:23 +0800] "POST /xingrg/kc/buy/cgsh_order_operate.html HTTP/1.1" 200 37
120.253.135.82 - - [20/May/2022:09:24:25 +0800] "POST /xingrg/kc/buy/cgsh_order_operate.html HTTP/1.1" 200 3307
58.39.61.91 - - [20/May/2022:09:24:29 +0800] "GET /xingrg/all/function/internal_message.html?_=1653009866707&CODE_STATE=getMsg HTTP/1.1" 200 27
180.175.103.167 - - [20/May/2022:09:24:36 +0800] "GET /xingrg/check_reg.html?_=1653009876342 HTTP/1.1" 200 22
180.175.103.167 - - [20/May/2022:09:24:36 +0800] "GET /xingrg/all/function/internal_message.html?_=1653009876339&CODE_STATE=getMsg HTTP/1.1" 200 27
58.39.61.91 - - [20/May/2022:09:24:46 +0800] "GET /xingrg/check_reg.html?_=1653009883504 HTTP/1.1" 200 22
180.156.212.250 - - [20/May/2022:09:24:47 +0800] "GET /xingrg/check_reg.html?_=1653009954143 HTTP/1.1" 302 -
120.253.135.82 - - [20/May/2022:09:24:47 +0800] "GET /xingrg/all/function/internal_message.html?_=1653009992719&CODE_STATE=getMsg HTTP/1.1" 200 27
120.253.135.82 - - [20/May/2022:09:24:50 +0800] "GET /xingrg/check_reg.html?_=1653009697257 HTTP/1.1" 200 22
116.230.110.173 - - [20/May/2022:09:24:53 +0800] "GET /xingrg/all/function/internal_message.html?_=1653009889173&CODE_STATE=getMsg HTTP/1.1" 200 27
180.175.103.167 - - [20/May/2022:09:24:56 +0800] "GET /xingrg/all/function/internal_message.html?_=1653009819890&CODE_STATE=getMsg HTTP/1.1" 200 27
120.253.135.82 - - [20/May/2022:09:24:58 +0800] "GET /xingrg/all/function/internal_message.html?_=1653009705883&CODE_STATE=getMsg HTTP/1.1" 200 27
180.175.103.167 - - [20/May/2022:09:24:58 +0800] "GET /xingrg/all/function/internal_message.html?_=1653009898878&CODE_STATE=getMsg HTTP/1.1" 200 27
58.35.196.179 - - [20/May/2022:09:25:12 +0800] "GET /xingrg/all/function/internal_message.html?_=1653009909160&CODE_STATE=getMsg HTTP/1.1" 200 27
114.84.147.169 - - [20/May/2022:09:25:18 +0800] "GET /xingrg/all/function/internal_message.html?_=1653009652330&CODE_STATE=getMsg HTTP/1.1" 200 27
58.39.61.91 - - [20/May/2022:09:25:29 +0800] "GET /xingrg/all/function/internal_message.html?_=1653009926702&CODE_STATE=getMsg HTTP/1.1" 200 27
180.175.103.167 - - [20/May/2022:09:25:36 +0800] "GET /xingrg/all/function/internal_message.html?_=1653009936341&CODE_STATE=getMsg HTTP/1.1" 200 27
120.253.135.82 - - [20/May/2022:09:25:47 +0800] "GET /xingrg/all/function/internal_message.html?_=1653010052733&CODE_STATE=getMsg HTTP/1.1" 200 27
116.230.110.173 - - [20/May/2022:09:25:53 +0800] "GET /xingrg/all/function/internal_message.html?_=1653009949169&CODE_STATE=getMsg HTTP/1.1" 200 27
116.230.110.173 - - [20/May/2022:09:25:53 +0800] "GET /xingrg/check_reg.html?_=1653009949173 HTTP/1.1" 200 22
180.175.103.167 - - [20/May/2022:09:25:56 +0800] "GET /xingrg/all/function/internal_message.html?_=1653009879890&CODE_STATE=getMsg HTTP/1.1" 200 27
120.253.135.82 - - [20/May/2022:09:25:56 +0800] "GET /xingrg/kc/pszx/mdps_order_list.html?orderType=0 HTTP/1.1" 200 20966
120.253.135.82 - - [20/May/2022:09:25:56 +0800] "POST /xingrg/kc/pszx/mdps_list_operate.html HTTP/1.1" 200 5337
120.253.135.82 - - [20/May/2022:09:25:58 +0800] "GET /xingrg/all/function/internal_message.html?_=1653009765989&CODE_STATE=getMsg HTTP/1.1" 200 27
180.175.103.167 - - [20/May/2022:09:25:58 +0800] "GET /xingrg/all/function/internal_message.html?_=1653009958875&CODE_STATE=getMsg HTTP/1.1" 200 27
120.253.135.82 - - [20/May/2022:09:26:10 +0800] "POST /xingrg/kc/pszx/mdps_list_operate.html HTTP/1.1" 200 3187
58.35.196.179 - - [20/May/2022:09:26:12 +0800] "GET /xingrg/check_reg.html?_=1653009969163 HTTP/1.1" 200 22
58.35.196.179 - - [20/May/2022:09:26:12 +0800] "GET /xingrg/all/function/internal_message.html?_=1653009969164&CODE_STATE=getMsg HTTP/1.1" 200 27
120.253.135.82 - - [20/May/2022:09:26:14 +0800] "POST /xingrg/kc/pszx/mdps_list_operate.html HTTP/1.1" 200 355
114.84.147.169 - - [20/May/2022:09:26:14 +0800] "POST /xingrg/services/DataTransmitService HTTP/1.1" 200 524
120.253.135.82 - - [20/May/2022:09:26:16 +0800] "POST /xingrg/kc/pszx/mdps_list_operate.html HTTP/1.1" 200 210
114.84.147.169 - - [20/May/2022:09:26:18 +0800] "GET /xingrg/all/function/internal_message.html?_=1653009712329&CODE_STATE=getMsg HTTP/1.1" 200 27
120.253.135.82 - - [20/May/2022:09:26:19 +0800] "POST /xingrg/kc/pszx/mdps_list_operate.html HTTP/1.1" 200 202
120.253.135.82 - - [20/May/2022:09:26:20 +0800] "GET /xingrg/kc/pszx/mdps_order_info.html?code=312022051900463 HTTP/1.1" 200 23978
120.253.135.82 - - [20/May/2022:09:26:21 +0800] "POST /xingrg/kc/pszx/mdps_order_operate.html HTTP/1.1" 200 2291
120.253.135.82 - - [20/May/2022:09:26:21 +0800] "GET /xingrg/javascript/easyui/themes/default/validatebox.css HTTP/1.1" 404 1104
120.253.135.82 - - [20/May/2022:09:26:22 +0800] "GET /xingrg/javascript/jquery_tools/images/prev.gif HTTP/1.1" 404 1086
120.253.135.82 - - [20/May/2022:09:26:22 +0800] "GET /xingrg/javascript/jquery_tools/images/next.gif HTTP/1.1" 404 1086
120.253.135.82 - - [20/May/2022:09:26:26 +0800] "POST /xingrg/kc/pszx/mdps_order_operate.html HTTP/1.1" 200 37
120.253.135.82 - - [20/May/2022:09:26:27 +0800] "GET /xingrg/kc/pszx/mdps_order_info.html?code=312022051900463 HTTP/1.1" 200 23978
120.253.135.82 - - [20/May/2022:09:26:27 +0800] "GET /xingrg/javascript/easyui/themes/default/validatebox.css HTTP/1.1" 404 1104
120.253.135.82 - - [20/May/2022:09:26:27 +0800] "POST /xingrg/kc/pszx/mdps_order_operate.html HTTP/1.1" 200 2291
58.39.61.91 - - [20/May/2022:09:26:29 +0800] "GET /xingrg/all/function/internal_message.html?_=1653009986693&CODE_STATE=getMsg HTTP/1.1" 200 27
120.253.135.82 - - [20/May/2022:09:26:30 +0800] "GET /xingrg/kc/pszx/mdps_order_add.html HTTP/1.1" 200 29035
120.253.135.82 - - [20/May/2022:09:26:30 +0800] "POST /xingrg/kc/pszx/mdps_order_operate.html HTTP/1.1" 200 7126
120.253.135.82 - - [20/May/2022:09:26:31 +0800] "GET /xingrg/javascript/easyui/themes/default/validatebox.css HTTP/1.1" 404 1104
180.175.103.167 - - [20/May/2022:09:26:36 +0800] "GET /xingrg/all/function/internal_message.html?_=1653009996339&CODE_STATE=getMsg HTTP/1.1" 200 27
120.253.135.82 - - [20/May/2022:09:26:41 +0800] "GET /xingrg/css/images/panel_loading.gif HTTP/1.1" 304 -
120.253.135.82 - - [20/May/2022:09:26:41 +0800] "POST /xingrg/all/common/load_combo.html?type=base HTTP/1.1" 200 1169
120.253.135.82 - - [20/May/2022:09:26:47 +0800] "GET /xingrg/all/function/internal_message.html?_=1653010112829&CODE_STATE=getMsg HTTP/1.1" 200 27
120.253.135.82 - - [20/May/2022:09:26:49 +0800] "GET /xingrg/kc/pszx/mdps_order_operate.html?command=get_materiel&pszx_code=00101&rest_code=00150&base_code=0010250&code=00102034006 HTTP/1.1" 200 472
120.253.135.82 - - [20/May/2022:09:26:52 +0800] "POST /xingrg/all/common/load_select.html HTTP/1.1" 200 25
116.230.110.173 - - [20/May/2022:09:26:53 +0800] "GET /xingrg/all/function/internal_message.html?_=1653010009173&CODE_STATE=getMsg HTTP/1.1" 200 27
120.253.135.82 - - [20/May/2022:09:26:54 +0800] "GET /xingrg/kc/pszx/mdps_order_operate.html?command=get_materiel_price&pszx_code=00101&rest_code=00150&base_code=0010250&code=00102034006&unit_code=00100600&order_time=2022-05-20 HTTP/1.1" 200 34
180.175.103.167 - - [20/May/2022:09:26:56 +0800] "GET /xingrg/all/function/internal_message.html?_=1653009939891&CODE_STATE=getMsg HTTP/1.1" 200 27
120.253.135.82 - - [20/May/2022:09:26:58 +0800] "GET /xingrg/all/function/internal_message.html?_=1653009826003&CODE_STATE=getMsg HTTP/1.1" 200 27
180.175.103.167 - - [20/May/2022:09:26:58 +0800] "GET /xingrg/all/function/internal_message.html?_=1653010018873&CODE_STATE=getMsg HTTP/1.1" 200 27
58.35.196.179 - - [20/May/2022:09:27:12 +0800] "GET /xingrg/all/function/internal_message.html?_=1653010029165&CODE_STATE=getMsg HTTP/1.1" 200 27
218.81.223.53 - - [20/May/2022:09:27:13 +0800] "GET /xingrg/check_reg.html?_=1653010048033 HTTP/1.1" 200 22
120.253.135.82 - - [20/May/2022:09:27:17 +0800] "GET /xingrg/kc/pszx/mdps_order_operate.html?command=get_materiel&pszx_code=00101&rest_code=00150&base_code=0010250&code=00102034005 HTTP/1.1" 200 463
114.84.147.169 - - [20/May/2022:09:27:18 +0800] "GET /xingrg/all/function/internal_message.html?_=1653009772353&CODE_STATE=getMsg HTTP/1.1" 200 27
120.253.135.82 - - [20/May/2022:09:27:27 +0800] "POST /xingrg/kc/pszx/mdps_order_operate.html HTTP/1.1" 200 37
120.253.135.82 - - [20/May/2022:09:27:27 +0800] "GET /xingrg/kc/pszx/mdps_order_info.html?code=312022052000484 HTTP/1.1" 200 23978
120.253.135.82 - - [20/May/2022:09:27:28 +0800] "GET /xingrg/javascript/easyui/themes/default/validatebox.css HTTP/1.1" 404 1104
120.253.135.82 - - [20/May/2022:09:27:28 +0800] "POST /xingrg/kc/pszx/mdps_order_operate.html HTTP/1.1" 200 2816
58.39.61.91 - - [20/May/2022:09:27:29 +0800] "GET /xingrg/all/function/internal_message.html?_=1653010046677&CODE_STATE=getMsg HTTP/1.1" 200 27
116.228.172.94 - - [20/May/2022:09:27:31 +0800] "GET /favicon.ico HTTP/1.1" 404 -
180.175.103.167 - - [20/May/2022:09:27:36 +0800] "GET /xingrg/all/function/internal_message.html?_=1653010056363&CODE_STATE=getMsg HTTP/1.1" 200 27
116.228.172.94 - - [20/May/2022:09:27:39 +0800] "GET /xingrg/login.html HTTP/1.1" 200 7641
116.228.172.94 - - [20/May/2022:09:27:40 +0800] "GET /favicon.ico HTTP/1.1" 404 -
116.228.172.94 - - [20/May/2022:09:27:41 +0800] "POST /xingrg/login.do HTTP/1.1" 302 -
116.228.172.94 - - [20/May/2022:09:27:41 +0800] "GET /xingrg/index.html?sysBaseUrl=http%3A%2F%2F180.169.147.146%3A18081%2Fxingrg%2F&costTime=46×tamp=1653010061580 HTTP/1.1" 200 17417
116.228.172.94 - - [20/May/2022:09:27:41 +0800] "GET /favicon.ico HTTP/1.1" 404 -
116.228.172.94 - - [20/May/2022:09:27:41 +0800] "POST /xingrg/all/common/load_tree.html?tree=area_rest_tree_json&manage=1 HTTP/1.1" 200 348
116.228.172.94 - - [20/May/2022:09:27:41 +0800] "GET /xingrg/all/function/internal_message.html?_=1653010000126&CODE_STATE=count HTTP/1.1" 200 11
116.228.172.94 - - [20/May/2022:09:27:42 +0800] "POST /xingrg/load_menu.html HTTP/1.1" 200 9959
116.228.172.94 - - [20/May/2022:09:27:42 +0800] "GET /xingrg/check_reg.html?_=1653010000127 HTTP/1.1" 200 22
116.228.172.94 - - [20/May/2022:09:27:44 +0800] "GET /xingrg/kc/buy/buy_main.html HTTP/1.1" 200 12412
116.228.172.94 - - [20/May/2022:09:27:44 +0800] "GET /xingrg/css/new_ie.css HTTP/1.1" 404 1036
116.228.172.94 - - [20/May/2022:09:27:46 +0800] "GET /xingrg/kc/base/base_main.html HTTP/1.1" 200 12142
116.228.172.94 - - [20/May/2022:09:27:47 +0800] "GET /xingrg/kc/base/wldb_order_list.html HTTP/1.1" 200 19105
120.253.135.82 - - [20/May/2022:09:27:47 +0800] "GET /xingrg/all/function/internal_message.html?_=1653010172838&CODE_STATE=getMsg HTTP/1.1" 200 27
116.228.172.94 - - [20/May/2022:09:27:48 +0800] "POST /xingrg/kc/base/wldb_list_operate.html HTTP/1.1" 200 928
116.228.172.94 - - [20/May/2022:09:27:49 +0800] "GET /xingrg/kc/base/wldb_order_add.html HTTP/1.1" 200 30315
116.228.172.94 - - [20/May/2022:09:27:49 +0800] "GET /xingrg/words/20220519192902_words.js HTTP/1.1" 200 897733
116.228.172.94 - - [20/May/2022:09:27:50 +0800] "POST /xingrg/kc/base/wldb_order_operate.html HTTP/1.1" 200 6806
116.228.172.94 - - [20/May/2022:09:27:50 +0800] "GET /xingrg/all/common/auto_word.html?type=base&rest_code=00153 HTTP/1.1" 200 651
116.228.172.94 - - [20/May/2022:09:27:50 +0800] "GET /xingrg/all/common/auto_word.html?type=base&rest_code=00153 HTTP/1.1" 200 651
116.228.172.94 - - [20/May/2022:09:27:50 +0800] "GET /xingrg/javascript/easyui/themes/default/validatebox.css HTTP/1.1" 404 1104
116.228.172.94 - - [20/May/2022:09:27:50 +0800] "POST /xingrg/all/common/load_combo.html?type=base HTTP/1.1" 200 1154
116.228.172.94 - - [20/May/2022:09:27:53 +0800] "POST /xingrg/all/common/load_combo.html?type=base HTTP/1.1" 200 1154
