58.39.61.91 - - [20/May/2022:12:49:51 +0800] "POST /xingrg/kc/buy/cgsh_list_operate.html HTTP/1.1" 200 5154
120.253.135.82 - - [20/May/2022:12:49:52 +0800] "POST /xingrg/kc/pszx/mdps_order_operate.html HTTP/1.1" 200 37
120.253.135.82 - - [20/May/2022:12:49:52 +0800] "GET /xingrg/kc/pszx/mdps_order_info.html?code=312022052000487 HTTP/1.1" 200 23978
120.253.135.82 - - [20/May/2022:12:49:53 +0800] "GET /xingrg/javascript/easyui/themes/default/validatebox.css HTTP/1.1" 404 1104
120.253.135.82 - - [20/May/2022:12:49:53 +0800] "POST /xingrg/kc/pszx/mdps_order_operate.html HTTP/1.1" 200 3272
116.230.110.173 - - [20/May/2022:12:49:54 +0800] "GET /xingrg/all/function/internal_message.html?_=1653022191179&CODE_STATE=getMsg HTTP/1.1" 200 27
58.39.61.91 - - [20/May/2022:12:49:54 +0800] "POST /xingrg/kc/buy/cgsh_list_operate.html HTTP/1.1" 200 468
180.175.103.167 - - [20/May/2022:12:49:56 +0800] "GET /xingrg/all/function/internal_message.html?_=1653022120038&CODE_STATE=getMsg HTTP/1.1" 200 27
58.39.61.91 - - [20/May/2022:12:49:56 +0800] "POST /xingrg/kc/buy/cgsh_list_operate.html HTTP/1.1" 200 375
58.39.61.91 - - [20/May/2022:12:49:58 +0800] "POST /xingrg/kc/buy/cgsh_list_operate.html HTTP/1.1" 200 272
180.175.103.167 - - [20/May/2022:12:49:59 +0800] "GET /xingrg/all/function/internal_message.html?_=1653022199236&CODE_STATE=getMsg HTTP/1.1" 200 27
58.39.61.91 - - [20/May/2022:12:50:00 +0800] "POST /xingrg/kc/buy/cgsh_list_operate.html HTTP/1.1" 200 203
114.83.217.109 - - [20/May/2022:12:50:02 +0800] "GET /xingrg/all/function/internal_message.html?_=1653022198558&CODE_STATE=getMsg HTTP/1.1" 200 27
114.83.217.109 - - [20/May/2022:12:50:02 +0800] "GET /xingrg/check_reg.html?_=1653022198559 HTTP/1.1" 200 22
58.39.61.91 - - [20/May/2022:12:50:03 +0800] "POST /xingrg/kc/buy/cgsh_list_operate.html HTTP/1.1" 200 345
58.39.61.91 - - [20/May/2022:12:50:05 +0800] "POST /xingrg/kc/buy/cgsh_list_operate.html HTTP/1.1" 200 555
58.39.61.91 - - [20/May/2022:12:50:07 +0800] "POST /xingrg/kc/buy/cgsh_list_operate.html HTTP/1.1" 200 202
140.206.179.42 - - [20/May/2022:12:50:08 +0800] "GET /xingrg/all/function/internal_message.html?_=1653022206129&CODE_STATE=getMsg HTTP/1.1" 200 27
58.39.61.91 - - [20/May/2022:12:50:10 +0800] "POST /xingrg/kc/buy/cgsh_list_operate.html HTTP/1.1" 200 385
222.70.180.114 - - [20/May/2022:12:50:11 +0800] "GET /xingrg/all/function/internal_message.html?_=1653022206472&CODE_STATE=getMsg HTTP/1.1" 200 27
58.35.196.179 - - [20/May/2022:12:50:12 +0800] "GET /xingrg/all/function/internal_message.html?_=1653022209172&CODE_STATE=getMsg HTTP/1.1" 200 27
58.39.61.91 - - [20/May/2022:12:50:13 +0800] "POST /xingrg/kc/buy/cgsh_list_operate.html HTTP/1.1" 200 646
58.39.61.91 - - [20/May/2022:12:50:15 +0800] "POST /xingrg/kc/buy/cgsh_list_operate.html HTTP/1.1" 200 203
116.235.92.88 - - [20/May/2022:12:50:20 +0800] "GET /xingrg/all/function/internal_message.html?_=1653022394305&CODE_STATE=getMsg HTTP/1.1" 200 27
120.253.135.82 - - [20/May/2022:12:50:24 +0800] "POST /xingrg/kc/pszx/mdps_order_operate.html HTTP/1.1" 200 37
120.253.135.82 - - [20/May/2022:12:50:25 +0800] "GET /xingrg/kc/pszx/mdps_order_info.html?code=312022052000487 HTTP/1.1" 200 23978
120.253.135.82 - - [20/May/2022:12:50:25 +0800] "GET /xingrg/javascript/easyui/themes/default/validatebox.css HTTP/1.1" 404 1104
120.253.135.82 - - [20/May/2022:12:50:25 +0800] "POST /xingrg/kc/pszx/mdps_order_operate.html HTTP/1.1" 200 3273
58.39.61.91 - - [20/May/2022:12:50:26 +0800] "GET /xingrg/all/function/internal_message.html?_=1653022223644&CODE_STATE=getMsg HTTP/1.1" 200 27
120.253.135.82 - - [20/May/2022:12:50:27 +0800] "POST /xingrg/kc/pszx/mdps_list_operate.html HTTP/1.1" 200 2815
120.253.135.82 - - [20/May/2022:12:50:29 +0800] "GET /xingrg/kc/pszx/mdps_order_add.html HTTP/1.1" 200 29035
120.253.135.82 - - [20/May/2022:12:50:30 +0800] "POST /xingrg/kc/pszx/mdps_order_operate.html HTTP/1.1" 200 7126
120.253.135.82 - - [20/May/2022:12:50:30 +0800] "GET /xingrg/javascript/easyui/themes/default/validatebox.css HTTP/1.1" 404 1104
58.39.61.91 - - [20/May/2022:12:50:30 +0800] "POST /xingrg/kc/buy/cgsh_list_operate.html HTTP/1.1" 200 2109
120.253.135.82 - - [20/May/2022:12:50:32 +0800] "GET /xingrg/all/function/internal_message.html?_=1653022337126&CODE_STATE=getMsg HTTP/1.1" 200 27
58.39.61.91 - - [20/May/2022:12:50:32 +0800] "POST /xingrg/kc/buy/cgsh_list_operate.html HTTP/1.1" 200 310
58.39.61.91 - - [20/May/2022:12:50:35 +0800] "POST /xingrg/kc/buy/cgsh_list_operate.html HTTP/1.1" 200 496
120.253.135.82 - - [20/May/2022:12:50:40 +0800] "POST /xingrg/all/common/load_combo.html?type=base HTTP/1.1" 200 1169
116.228.172.94 - - [20/May/2022:12:50:42 +0800] "GET /xingrg/all/function/internal_message.html?_=1653022180142&CODE_STATE=getMsg HTTP/1.1" 200 27
120.253.135.82 - - [20/May/2022:12:50:52 +0800] "GET /xingrg/kc/pszx/mdps_order_operate.html?command=get_materiel&pszx_code=00101&rest_code=00150&base_code=0010851&code=00102002410 HTTP/1.1" 200 439
116.230.110.173 - - [20/May/2022:12:50:54 +0800] "GET /xingrg/all/function/internal_message.html?_=1653022251192&CODE_STATE=getMsg HTTP/1.1" 200 27
116.230.110.173 - - [20/May/2022:12:50:54 +0800] "GET /xingrg/check_reg.html?_=1653022251195 HTTP/1.1" 200 22
180.175.103.167 - - [20/May/2022:12:50:56 +0800] "GET /xingrg/all/function/internal_message.html?_=1653022180038&CODE_STATE=getMsg HTTP/1.1" 200 27
180.175.103.167 - - [20/May/2022:12:50:59 +0800] "GET /xingrg/all/function/internal_message.html?_=1653022259229&CODE_STATE=getMsg HTTP/1.1" 200 27
120.253.135.82 - - [20/May/2022:12:51:00 +0800] "POST /xingrg/kc/pszx/mdps_order_operate.html HTTP/1.1" 200 37
120.253.135.82 - - [20/May/2022:12:51:01 +0800] "GET /xingrg/kc/pszx/mdps_order_info.html?code=312022052000489 HTTP/1.1" 200 23980
114.83.217.109 - - [20/May/2022:12:51:02 +0800] "GET /xingrg/all/function/internal_message.html?_=1653022258557&CODE_STATE=getMsg HTTP/1.1" 200 27
120.253.135.82 - - [20/May/2022:12:51:02 +0800] "GET /xingrg/javascript/easyui/themes/default/validatebox.css HTTP/1.1" 404 1104
120.253.135.82 - - [20/May/2022:12:51:02 +0800] "POST /xingrg/kc/pszx/mdps_order_operate.html HTTP/1.1" 200 2282
120.253.135.82 - - [20/May/2022:12:51:03 +0800] "POST /xingrg/kc/pszx/mdps_list_operate.html HTTP/1.1" 200 3189
120.253.135.82 - - [20/May/2022:12:51:07 +0800] "POST /xingrg/kc/pszx/mdps_list_operate.html HTTP/1.1" 200 202
140.206.179.42 - - [20/May/2022:12:51:08 +0800] "GET /xingrg/check_reg.html?_=1653022266127 HTTP/1.1" 200 22
140.206.179.42 - - [20/May/2022:12:51:08 +0800] "GET /xingrg/all/function/internal_message.html?_=1653022266133&CODE_STATE=getMsg HTTP/1.1" 200 27
120.253.135.82 - - [20/May/2022:12:51:09 +0800] "POST /xingrg/kc/pszx/mdps_list_operate.html HTTP/1.1" 200 366
120.253.135.82 - - [20/May/2022:12:51:09 +0800] "GET /xingrg/kc/pszx/mdps_order_info.html?code=312022052000487 HTTP/1.1" 200 23978
120.253.135.82 - - [20/May/2022:12:51:10 +0800] "GET /xingrg/javascript/easyui/themes/default/validatebox.css HTTP/1.1" 404 1104
120.253.135.82 - - [20/May/2022:12:51:10 +0800] "POST /xingrg/kc/pszx/mdps_order_operate.html HTTP/1.1" 200 3273
222.70.180.114 - - [20/May/2022:12:51:11 +0800] "GET /xingrg/all/function/internal_message.html?_=1653022266483&CODE_STATE=getMsg HTTP/1.1" 200 27
58.35.196.179 - - [20/May/2022:12:51:12 +0800] "GET /xingrg/check_reg.html?_=1653022269173 HTTP/1.1" 200 22
58.35.196.179 - - [20/May/2022:12:51:12 +0800] "GET /xingrg/all/function/internal_message.html?_=1653022269174&CODE_STATE=getMsg HTTP/1.1" 200 27
120.253.135.82 - - [20/May/2022:12:51:16 +0800] "POST /xingrg/kc/pszx/mdps_order_operate.html HTTP/1.1" 200 37
120.253.135.82 - - [20/May/2022:12:51:17 +0800] "GET /xingrg/kc/pszx/mdps_order_info.html?code=312022052000487 HTTP/1.1" 200 23978
120.253.135.82 - - [20/May/2022:12:51:18 +0800] "POST /xingrg/kc/pszx/mdps_order_operate.html HTTP/1.1" 200 2781
120.253.135.82 - - [20/May/2022:12:51:18 +0800] "GET /xingrg/javascript/easyui/themes/default/validatebox.css HTTP/1.1" 404 1104
116.235.92.88 - - [20/May/2022:12:51:20 +0800] "GET /xingrg/check_reg.html?_=1653022454304 HTTP/1.1" 200 22
116.235.92.88 - - [20/May/2022:12:51:20 +0800] "GET /xingrg/all/function/internal_message.html?_=1653022454305&CODE_STATE=getMsg HTTP/1.1" 200 27
120.253.135.82 - - [20/May/2022:12:51:21 +0800] "POST /xingrg/kc/pszx/mdps_list_operate.html HTTP/1.1" 200 3189
120.253.135.82 - - [20/May/2022:12:51:23 +0800] "POST /xingrg/kc/pszx/mdps_list_operate.html HTTP/1.1" 200 206
120.253.135.82 - - [20/May/2022:12:51:24 +0800] "GET /xingrg/kc/pszx/mdps_order_info.html?code=312022052000489 HTTP/1.1" 200 23980
120.253.135.82 - - [20/May/2022:12:51:24 +0800] "POST /xingrg/kc/pszx/mdps_order_operate.html HTTP/1.1" 200 2282
120.253.135.82 - - [20/May/2022:12:51:24 +0800] "GET /xingrg/javascript/easyui/themes/default/validatebox.css HTTP/1.1" 404 1104
58.39.61.91 - - [20/May/2022:12:51:26 +0800] "GET /xingrg/all/function/internal_message.html?_=1653022283616&CODE_STATE=getMsg HTTP/1.1" 200 27
120.253.135.82 - - [20/May/2022:12:51:31 +0800] "POST /xingrg/kc/pszx/mdps_list_operate.html HTTP/1.1" 200 3189
120.253.135.82 - - [20/May/2022:12:51:32 +0800] "GET /xingrg/check_reg.html?_=1653022397018 HTTP/1.1" 200 22
120.253.135.82 - - [20/May/2022:12:51:32 +0800] "GET /xingrg/all/function/internal_message.html?_=1653022397153&CODE_STATE=getMsg HTTP/1.1" 200 27
120.253.135.82 - - [20/May/2022:12:51:35 +0800] "POST /xingrg/kc/pszx/mdps_list_operate.html HTTP/1.1" 200 287
120.253.135.82 - - [20/May/2022:12:51:36 +0800] "GET /xingrg/kc/pszx/mdps_order_info.html?code=312022052000487 HTTP/1.1" 200 23978
120.253.135.82 - - [20/May/2022:12:51:36 +0800] "POST /xingrg/kc/pszx/mdps_order_operate.html HTTP/1.1" 200 2781
120.253.135.82 - - [20/May/2022:12:51:36 +0800] "GET /xingrg/javascript/easyui/themes/default/validatebox.css HTTP/1.1" 404 1104
116.228.172.94 - - [20/May/2022:12:51:42 +0800] "GET /xingrg/all/function/internal_message.html?_=1653022240147&CODE_STATE=getMsg HTTP/1.1" 200 27
120.253.135.82 - - [20/May/2022:12:51:50 +0800] "POST /xingrg/kc/pszx/mdps_order_operate.html HTTP/1.1" 200 37
120.253.135.82 - - [20/May/2022:12:51:51 +0800] "GET /xingrg/kc/pszx/mdps_order_info.html?code=312022052000487 HTTP/1.1" 200 23978
120.253.135.82 - - [20/May/2022:12:51:52 +0800] "POST /xingrg/kc/pszx/mdps_order_operate.html HTTP/1.1" 200 2782
120.253.135.82 - - [20/May/2022:12:51:52 +0800] "GET /xingrg/javascript/easyui/themes/default/validatebox.css HTTP/1.1" 404 1104
116.230.110.173 - - [20/May/2022:12:51:54 +0800] "GET /xingrg/all/function/internal_message.html?_=1653022311192&CODE_STATE=getMsg HTTP/1.1" 200 27
120.253.135.82 - - [20/May/2022:12:51:55 +0800] "POST /xingrg/kc/pszx/mdps_list_operate.html HTTP/1.1" 200 3189
180.175.103.167 - - [20/May/2022:12:51:56 +0800] "GET /xingrg/all/function/internal_message.html?_=1653022240038&CODE_STATE=getMsg HTTP/1.1" 200 27
120.253.135.82 - - [20/May/2022:12:51:57 +0800] "POST /xingrg/kc/pszx/mdps_list_operate.html HTTP/1.1" 200 206
120.253.135.82 - - [20/May/2022:12:51:58 +0800] "GET /xingrg/kc/pszx/mdps_order_info.html?code=312022052000489 HTTP/1.1" 200 23980
120.253.135.82 - - [20/May/2022:12:51:58 +0800] "POST /xingrg/kc/pszx/mdps_order_operate.html HTTP/1.1" 200 2282
120.253.135.82 - - [20/May/2022:12:51:59 +0800] "GET /xingrg/javascript/easyui/themes/default/validatebox.css HTTP/1.1" 404 1104
180.175.103.167 - - [20/May/2022:12:51:59 +0800] "GET /xingrg/all/function/internal_message.html?_=1653022319236&CODE_STATE=getMsg HTTP/1.1" 200 27
114.83.217.109 - - [20/May/2022:12:52:02 +0800] "GET /xingrg/all/function/internal_message.html?_=1653022318544&CODE_STATE=getMsg HTTP/1.1" 200 27
58.39.61.91 - - [20/May/2022:12:52:04 +0800] "POST /xingrg/kc/buy/cgsh_list_operate.html HTTP/1.1" 200 2109
58.39.61.91 - - [20/May/2022:12:52:05 +0800] "GET /xingrg/kc/buy/cgsh_order_add.html HTTP/1.1" 200 67446
58.39.61.91 - - [20/May/2022:12:52:05 +0800] "POST /xingrg/kc/buy/cgsh_order_operate.html HTTP/1.1" 200 8245
58.39.61.91 - - [20/May/2022:12:52:05 +0800] "GET /xingrg/javascript/easyui/themes/default/validatebox.css HTTP/1.1" 404 1104
180.156.212.250 - - [20/May/2022:12:52:06 +0800] "GET /xingrg/check_reg.html?_=1653022393215 HTTP/1.1" 200 22
120.253.135.82 - - [20/May/2022:12:52:06 +0800] "POST /xingrg/kc/pszx/mdps_order_operate.html HTTP/1.1" 200 37
120.253.135.82 - - [20/May/2022:12:52:07 +0800] "GET /xingrg/kc/pszx/mdps_order_info.html?code=312022052000489 HTTP/1.1" 200 23980
120.253.135.82 - - [20/May/2022:12:52:08 +0800] "POST /xingrg/kc/pszx/mdps_order_operate.html HTTP/1.1" 200 2282
120.253.135.82 - - [20/May/2022:12:52:08 +0800] "GET /xingrg/javascript/easyui/themes/default/validatebox.css HTTP/1.1" 404 1104
140.206.179.42 - - [20/May/2022:12:52:08 +0800] "GET /xingrg/all/function/internal_message.html?_=1653022326122&CODE_STATE=getMsg HTTP/1.1" 200 27
222.70.180.114 - - [20/May/2022:12:52:11 +0800] "GET /xingrg/all/function/internal_message.html?_=1653022326468&CODE_STATE=getMsg HTTP/1.1" 200 27
120.253.135.82 - - [20/May/2022:12:52:11 +0800] "POST /xingrg/kc/pszx/mdps_list_operate.html HTTP/1.1" 200 3189
58.35.196.179 - - [20/May/2022:12:52:12 +0800] "GET /xingrg/all/function/internal_message.html?_=1653022329159&CODE_STATE=getMsg HTTP/1.1" 200 27
218.81.223.53 - - [20/May/2022:12:52:13 +0800] "GET /xingrg/check_reg.html?_=1653022348667 HTTP/1.1" 200 22
120.253.135.82 - - [20/May/2022:12:52:15 +0800] "POST /xingrg/kc/pszx/mdps_list_operate.html HTTP/1.1" 200 287
120.253.135.82 - - [20/May/2022:12:52:16 +0800] "GET /xingrg/kc/pszx/mdps_order_info.html?code=312022052000487 HTTP/1.1" 200 23978
120.253.135.82 - - [20/May/2022:12:52:17 +0800] "POST /xingrg/kc/pszx/mdps_order_operate.html HTTP/1.1" 200 2782
120.253.135.82 - - [20/May/2022:12:52:17 +0800] "GET /xingrg/javascript/easyui/themes/default/validatebox.css HTTP/1.1" 404 1104
116.235.92.88 - - [20/May/2022:12:52:20 +0800] "GET /xingrg/all/function/internal_message.html?_=1653022514302&CODE_STATE=getMsg HTTP/1.1" 200 27
120.253.135.82 - - [20/May/2022:12:52:21 +0800] "POST /xingrg/kc/pszx/mdps_list_operate.html HTTP/1.1" 200 3189
120.253.135.82 - - [20/May/2022:12:52:23 +0800] "POST /xingrg/kc/pszx/mdps_list_operate.html HTTP/1.1" 200 206
120.253.135.82 - - [20/May/2022:12:52:23 +0800] "GET /xingrg/kc/pszx/mdps_order_info.html?code=312022052000489 HTTP/1.1" 200 23980
120.253.135.82 - - [20/May/2022:12:52:24 +0800] "POST /xingrg/kc/pszx/mdps_order_operate.html HTTP/1.1" 200 2282
120.253.135.82 - - [20/May/2022:12:52:24 +0800] "GET /xingrg/javascript/easyui/themes/default/validatebox.css HTTP/1.1" 404 1104
58.39.61.91 - - [20/May/2022:12:52:26 +0800] "GET /xingrg/all/function/internal_message.html?_=1653022343602&CODE_STATE=getMsg HTTP/1.1" 200 27
120.253.135.82 - - [20/May/2022:12:52:31 +0800] "POST /xingrg/kc/pszx/mdps_order_operate.html HTTP/1.1" 200 37
120.253.135.82 - - [20/May/2022:12:52:32 +0800] "GET /xingrg/all/function/internal_message.html?_=1653022457184&CODE_STATE=getMsg HTTP/1.1" 200 27
120.253.135.82 - - [20/May/2022:12:52:32 +0800] "GET /xingrg/kc/pszx/mdps_order_info.html?code=312022052000489 HTTP/1.1" 200 23980
120.253.135.82 - - [20/May/2022:12:52:33 +0800] "POST /xingrg/kc/pszx/mdps_order_operate.html HTTP/1.1" 200 2282
120.253.135.82 - - [20/May/2022:12:52:33 +0800] "GET /xingrg/javascript/easyui/themes/default/validatebox.css HTTP/1.1" 404 1104
120.253.135.82 - - [20/May/2022:12:52:35 +0800] "POST /xingrg/kc/pszx/mdps_list_operate.html HTTP/1.1" 200 3189
120.253.135.82 - - [20/May/2022:12:52:37 +0800] "POST /xingrg/kc/pszx/mdps_list_operate.html HTTP/1.1" 200 202
120.253.135.82 - - [20/May/2022:12:52:39 +0800] "POST /xingrg/kc/pszx/mdps_list_operate.html HTTP/1.1" 200 287
120.253.135.82 - - [20/May/2022:12:52:40 +0800] "GET /xingrg/kc/pszx/mdps_order_info.html?code=312022052000487 HTTP/1.1" 200 23978
120.253.135.82 - - [20/May/2022:12:52:41 +0800] "POST /xingrg/kc/pszx/mdps_order_operate.html HTTP/1.1" 200 2782
120.253.135.82 - - [20/May/2022:12:52:41 +0800] "GET /xingrg/javascript/easyui/themes/default/validatebox.css HTTP/1.1" 404 1104
116.228.172.94 - - [20/May/2022:12:52:42 +0800] "GET /xingrg/all/function/internal_message.html?_=1653022300138&CODE_STATE=getMsg HTTP/1.1" 200 27
116.228.172.94 - - [20/May/2022:12:52:42 +0800] "GET /xingrg/check_reg.html?_=1653022300140 HTTP/1.1" 200 22
120.253.135.82 - - [20/May/2022:12:52:46 +0800] "GET /xingrg/kc/print/load_data.html?order_code=312022052000487&kc_code=mdps&condition= HTTP/1.1" 200 891
120.253.135.82 - - [20/May/2022:12:52:52 +0800] "POST /xingrg/kc/pszx/mdps_list_operate.html HTTP/1.1" 200 3189
120.253.135.82 - - [20/May/2022:12:52:53 +0800] "POST /xingrg/kc/pszx/mdps_list_operate.html HTTP/1.1" 200 206
116.230.110.173 - - [20/May/2022:12:52:54 +0800] "GET /xingrg/all/function/internal_message.html?_=1653022371187&CODE_STATE=getMsg HTTP/1.1" 200 27
120.253.135.82 - - [20/May/2022:12:52:54 +0800] "GET /xingrg/kc/pszx/mdps_order_info.html?code=312022052000489 HTTP/1.1" 200 23980
58.39.61.91 - - [20/May/2022:12:52:54 +0800] "GET /xingrg/kc/buy/cgsh_order_operate.html?command=get_materiel&rest_code=00150&code=00101006040&supplier_code=00100097&order_time=2022-05-20 HTTP/1.1" 200 417
120.253.135.82 - - [20/May/2022:12:52:54 +0800] "POST /xingrg/kc/pszx/mdps_order_operate.html HTTP/1.1" 200 2282
120.253.135.82 - - [20/May/2022:12:52:54 +0800] "GET /xingrg/javascript/easyui/themes/default/validatebox.css HTTP/1.1" 404 1104
180.175.103.167 - - [20/May/2022:12:52:56 +0800] "GET /xingrg/check_reg.html?_=1653022300063 HTTP/1.1" 200 22
180.175.103.167 - - [20/May/2022:12:52:56 +0800] "GET /xingrg/all/function/internal_message.html?_=1653022300066&CODE_STATE=getMsg HTTP/1.1" 200 27
180.175.103.167 - - [20/May/2022:12:52:59 +0800] "GET /xingrg/all/function/internal_message.html?_=1653022379225&CODE_STATE=getMsg HTTP/1.1" 200 27
120.253.135.82 - - [20/May/2022:12:53:00 +0800] "GET /xingrg/kc/print/load_data.html?order_code=312022052000489&kc_code=mdps&condition= HTTP/1.1" 200 691
58.39.61.91 - - [20/May/2022:12:53:01 +0800] "GET /xingrg/kc/buy/cgsh_order_operate.html?command=get_materiel&rest_code=00150&code=00101006061&supplier_code=00100097&order_time=2022-05-20 HTTP/1.1" 200 409
114.83.217.109 - - [20/May/2022:12:53:02 +0800] "GET /xingrg/all/function/internal_message.html?_=1653022378555&CODE_STATE=getMsg HTTP/1.1" 200 27
120.253.135.82 - - [20/May/2022:12:53:05 +0800] "POST /xingrg/kc/pszx/mdps_list_operate.html HTTP/1.1" 200 3189
120.253.135.82 - - [20/May/2022:12:53:07 +0800] "POST /xingrg/kc/pszx/mdps_list_operate.html HTTP/1.1" 200 202
140.206.179.42 - - [20/May/2022:12:53:08 +0800] "GET /xingrg/all/function/internal_message.html?_=1653022386125&CODE_STATE=getMsg HTTP/1.1" 200 27
222.70.180.114 - - [20/May/2022:12:53:11 +0800] "GET /xingrg/all/function/internal_message.html?_=1653022386453&CODE_STATE=getMsg HTTP/1.1" 200 27
222.70.180.114 - - [20/May/2022:12:53:12 +0800] "GET /xingrg/check_reg.html?_=1653022386862 HTTP/1.1" 200 22
58.35.196.179 - - [20/May/2022:12:53:12 +0800] "GET /xingrg/all/function/internal_message.html?_=1653022389160&CODE_STATE=getMsg HTTP/1.1" 200 27
116.235.92.88 - - [20/May/2022:12:53:20 +0800] "GET /xingrg/all/function/internal_message.html?_=1653022574301&CODE_STATE=getMsg HTTP/1.1" 200 27
58.39.61.91 - - [20/May/2022:12:53:26 +0800] "GET /xingrg/all/function/internal_message.html?_=1653022403574&CODE_STATE=getMsg HTTP/1.1" 200 27
116.228.172.94 - - [20/May/2022:12:53:42 +0800] "GET /xingrg/all/function/internal_message.html?_=1653022360149&CODE_STATE=getMsg HTTP/1.1" 200 27
58.39.61.91 - - [20/May/2022:12:53:49 +0800] "POST /xingrg/kc/buy/cgsh_order_operate.html HTTP/1.1" 200 37
58.39.61.91 - - [20/May/2022:12:53:52 +0800] "POST /xingrg/kc/buy/cgsh_order_operate.html HTTP/1.1" 200 12
116.230.110.173 - - [20/May/2022:12:53:54 +0800] "GET /xingrg/all/function/internal_message.html?_=1653022431184&CODE_STATE=getMsg HTTP/1.1" 200 27
180.175.103.167 - - [20/May/2022:12:53:56 +0800] "GET /xingrg/all/function/internal_message.html?_=1653022360051&CODE_STATE=getMsg HTTP/1.1" 200 27
180.175.103.167 - - [20/May/2022:12:53:59 +0800] "GET /xingrg/all/function/internal_message.html?_=1653022439233&CODE_STATE=getMsg HTTP/1.1" 200 27
180.175.103.167 - - [20/May/2022:12:53:59 +0800] "GET /xingrg/check_reg.html?_=1653022439235 HTTP/1.1" 200 22
114.83.217.109 - - [20/May/2022:12:54:02 +0800] "GET /xingrg/all/function/internal_message.html?_=1653022438559&CODE_STATE=getMsg HTTP/1.1" 200 27
222.70.180.114 - - [20/May/2022:12:54:11 +0800] "GET /xingrg/all/function/internal_message.html?_=1653022446425&CODE_STATE=getMsg HTTP/1.1" 200 27
58.35.196.179 - - [20/May/2022:12:54:12 +0800] "GET /xingrg/all/function/internal_message.html?_=1653022449161&CODE_STATE=getMsg HTTP/1.1" 200 27
58.39.61.91 - - [20/May/2022:12:54:12 +0800] "GET /xingrg/kc/buy/cgsh_order_info.html?code=212022052001223 HTTP/1.1" 200 62341
58.39.61.91 - - [20/May/2022:12:54:13 +0800] "GET /xingrg/javascript/easyui/themes/default/validatebox.css HTTP/1.1" 404 1104
58.39.61.91 - - [20/May/2022:12:54:13 +0800] "POST /xingrg/kc/buy/cgsh_order_operate.html HTTP/1.1" 200 613
58.39.61.91 - - [20/May/2022:12:54:14 +0800] "GET /xingrg/kc/print/load_config.html?kc_code=cgsh HTTP/1.1" 200 1943
58.39.61.91 - - [20/May/2022:12:54:14 +0800] "GET /xingrg/kc/print/load_data.html?order_code=212022052001223&kc_code=cgsh&condition= HTTP/1.1" 200 698
222.70.180.114 - - [20/May/2022:12:54:16 +0800] "GET /xingrg/kc/buy/cgsh_order_operate.html?command=get_materiel&rest_code=00111&code=00101001140&supplier_code=00100090&order_time=2022-05-20 HTTP/1.1" 200 431
116.235.92.88 - - [20/May/2022:12:54:20 +0800] "GET /xingrg/all/function/internal_message.html?_=1653022634300&CODE_STATE=getMsg HTTP/1.1" 200 27
58.39.61.91 - - [20/May/2022:12:54:25 +0800] "POST /xingrg/kc/buy/cgsh_list_operate.html HTTP/1.1" 200 2109
58.39.61.91 - - [20/May/2022:12:54:26 +0800] "GET /xingrg/all/function/internal_message.html?_=1653022463561&CODE_STATE=getMsg HTTP/1.1" 200 27
120.253.135.82 - - [20/May/2022:12:54:35 +0800] "GET /xingrg/check_reg.html?_=1653022282652 HTTP/1.1" 200 22
114.83.217.109 - - [20/May/2022:12:54:41 +0800] "POST /xingrg/services/DataTransmitService HTTP/1.1" 200 524
116.228.172.94 - - [20/May/2022:12:54:42 +0800] "GET /xingrg/all/function/internal_message.html?_=1653022420145&CODE_STATE=getMsg HTTP/1.1" 200 27
58.39.61.91 - - [20/May/2022:12:54:47 +0800] "GET /xingrg/check_reg.html?_=1653022484081 HTTP/1.1" 200 22
116.230.110.173 - - [20/May/2022:12:54:54 +0800] "GET /xingrg/all/function/internal_message.html?_=1653022491184&CODE_STATE=getMsg HTTP/1.1" 200 27
180.175.103.167 - - [20/May/2022:12:54:56 +0800] "GET /xingrg/all/function/internal_message.html?_=1653022420052&CODE_STATE=getMsg HTTP/1.1" 200 27
180.175.103.167 - - [20/May/2022:12:54:59 +0800] "GET /xingrg/all/function/internal_message.html?_=1653022499234&CODE_STATE=getMsg HTTP/1.1" 200 27
114.83.217.109 - - [20/May/2022:12:55:02 +0800] "GET /xingrg/all/function/internal_message.html?_=1653022498563&CODE_STATE=getMsg HTTP/1.1" 200 27
114.83.217.109 - - [20/May/2022:12:55:02 +0800] "GET /xingrg/check_reg.html?_=1653022498563 HTTP/1.1" 200 22
222.70.180.114 - - [20/May/2022:12:55:07 +0800] "GET /xingrg/kc/buy/cgsh_order_operate.html?command=get_materiel&rest_code=00111&code=00101001125&supplier_code=00100090&order_time=2022-05-20 HTTP/1.1" 200 431
222.70.180.114 - - [20/May/2022:12:55:11 +0800] "GET /xingrg/all/function/internal_message.html?_=1653022506398&CODE_STATE=getMsg HTTP/1.1" 200 27
58.35.196.179 - - [20/May/2022:12:55:12 +0800] "GET /xingrg/all/function/internal_message.html?_=1653022509163&CODE_STATE=getMsg HTTP/1.1" 200 27
116.235.92.88 - - [20/May/2022:12:55:20 +0800] "GET /xingrg/all/function/internal_message.html?_=1653022694314&CODE_STATE=getMsg HTTP/1.1" 200 27
180.156.212.250 - - [20/May/2022:12:55:25 +0800] "GET /xingrg/kc/buy/cgsh_order_add.html HTTP/1.1" 200 67522
58.39.61.91 - - [20/May/2022:12:55:26 +0800] "GET /xingrg/all/function/internal_message.html?_=1653022523548&CODE_STATE=getMsg HTTP/1.1" 200 27
180.156.212.250 - - [20/May/2022:12:55:27 +0800] "POST /xingrg/kc/buy/cgsh_order_operate.html HTTP/1.1" 200 8245
180.156.212.250 - - [20/May/2022:12:55:27 +0800] "GET /xingrg/javascript/easyui/themes/default/validatebox.css HTTP/1.1" 404 1104
222.70.180.114 - - [20/May/2022:12:55:31 +0800] "GET /xingrg/kc/buy/cgsh_order_operate.html?command=get_materiel&rest_code=00111&code=00102026001&supplier_code=00100090&order_time=2022-05-20 HTTP/1.1" 200 409
116.228.172.94 - - [20/May/2022:12:55:42 +0800] "GET /xingrg/all/function/internal_message.html?_=1653022480142&CODE_STATE=getMsg HTTP/1.1" 200 27
222.70.180.114 - - [20/May/2022:12:55:47 +0800] "POST /xingrg/kc/buy/cgsh_order_operate.html HTTP/1.1" 200 37
120.253.135.82 - - [20/May/2022:12:55:49 +0800] "POST /xingrg/kc/pszx/mdps_list_operate.html HTTP/1.1" 200 287
222.70.180.114 - - [20/May/2022:12:55:49 +0800] "POST /xingrg/kc/buy/cgsh_order_operate.html HTTP/1.1" 200 3860
120.253.135.82 - - [20/May/2022:12:55:49 +0800] "GET /xingrg/kc/pszx/mdps_order_info.html?code=312022052000487 HTTP/1.1" 200 23978
120.253.135.82 - - [20/May/2022:12:55:50 +0800] "POST /xingrg/kc/pszx/mdps_order_operate.html HTTP/1.1" 200 2782
120.253.135.82 - - [20/May/2022:12:55:50 +0800] "GET /xingrg/javascript/easyui/themes/default/validatebox.css HTTP/1.1" 404 1104
222.70.180.114 - - [20/May/2022:12:55:51 +0800] "GET /xingrg/kc/print/load_data.html?order_code=212022052001224&kc_code=cgsh&condition= HTTP/1.1" 200 1215
120.253.135.82 - - [20/May/2022:12:55:54 +0800] "POST /xingrg/kc/pszx/mdps_order_operate.html HTTP/1.1" 200 37
116.230.110.173 - - [20/May/2022:12:55:54 +0800] "GET /xingrg/all/function/internal_message.html?_=1653022551185&CODE_STATE=getMsg HTTP/1.1" 200 27
116.230.110.173 - - [20/May/2022:12:55:54 +0800] "GET /xingrg/check_reg.html?_=1653022551189 HTTP/1.1" 200 22
120.253.135.82 - - [20/May/2022:12:55:55 +0800] "POST /xingrg/kc/pszx/mdps_order_operate.html HTTP/1.1" 200 12
180.175.103.167 - - [20/May/2022:12:55:56 +0800] "GET /xingrg/all/function/internal_message.html?_=1653022480052&CODE_STATE=getMsg HTTP/1.1" 200 27
120.253.135.82 - - [20/May/2022:12:55:56 +0800] "GET /xingrg/kc/pszx/mdps_order_info.html?code=312022052000487 HTTP/1.1" 200 19638
120.253.135.82 - - [20/May/2022:12:55:57 +0800] "POST /xingrg/kc/pszx/mdps_order_operate.html HTTP/1.1" 200 998
120.253.135.82 - - [20/May/2022:12:55:57 +0800] "GET /xingrg/javascript/easyui/themes/default/validatebox.css HTTP/1.1" 404 1104
120.253.135.82 - - [20/May/2022:12:55:58 +0800] "POST /xingrg/kc/pszx/mdps_list_operate.html HTTP/1.1" 200 2818
120.253.135.82 - - [20/May/2022:12:55:59 +0800] "POST /xingrg/kc/pszx/mdps_list_operate.html HTTP/1.1" 200 206
180.175.103.167 - - [20/May/2022:12:55:59 +0800] "GET /xingrg/all/function/internal_message.html?_=1653022559262&CODE_STATE=getMsg HTTP/1.1" 200 27
120.253.135.82 - - [20/May/2022:12:55:59 +0800] "GET /xingrg/kc/pszx/mdps_order_info.html?code=312022052000489 HTTP/1.1" 200 23980
120.253.135.82 - - [20/May/2022:12:56:00 +0800] "POST /xingrg/kc/pszx/mdps_order_operate.html HTTP/1.1" 200 2282
120.253.135.82 - - [20/May/2022:12:56:00 +0800] "GET /xingrg/javascript/easyui/themes/default/validatebox.css HTTP/1.1" 404 1104
114.83.217.109 - - [20/May/2022:12:56:02 +0800] "GET /xingrg/all/function/internal_message.html?_=1653022558578&CODE_STATE=getMsg HTTP/1.1" 200 27
120.253.135.82 - - [20/May/2022:12:56:04 +0800] "POST /xingrg/kc/pszx/mdps_order_operate.html HTTP/1.1" 200 37
120.253.135.82 - - [20/May/2022:12:56:05 +0800] "POST /xingrg/kc/pszx/mdps_order_operate.html HTTP/1.1" 200 12
120.253.135.82 - - [20/May/2022:12:56:06 +0800] "GET /xingrg/kc/pszx/mdps_order_info.html?code=312022052000489 HTTP/1.1" 200 19640
120.253.135.82 - - [20/May/2022:12:56:07 +0800] "POST /xingrg/kc/pszx/mdps_order_operate.html HTTP/1.1" 200 502
120.253.135.82 - - [20/May/2022:12:56:07 +0800] "GET /xingrg/javascript/easyui/themes/default/validatebox.css HTTP/1.1" 404 1104
120.253.135.82 - - [20/May/2022:12:56:08 +0800] "POST /xingrg/kc/pszx/mdps_list_operate.html HTTP/1.1" 200 2444
222.70.180.114 - - [20/May/2022:12:56:11 +0800] "GET /xingrg/all/function/internal_message.html?_=1653022566378&CODE_STATE=getMsg HTTP/1.1" 200 27
58.35.196.179 - - [20/May/2022:12:56:12 +0800] "GET /xingrg/all/function/internal_message.html?_=1653022569164&CODE_STATE=getMsg HTTP/1.1" 200 27
58.35.196.179 - - [20/May/2022:12:56:12 +0800] "GET /xingrg/check_reg.html?_=1653022569164 HTTP/1.1" 200 22
222.70.180.114 - - [20/May/2022:12:56:15 +0800] "GET /xingrg/kc/buy/cgsh_order_add.html HTTP/1.1" 200 67484
222.70.180.114 - - [20/May/2022:12:56:15 +0800] "POST /xingrg/kc/buy/cgsh_order_operate.html HTTP/1.1" 200 8245
222.70.180.114 - - [20/May/2022:12:56:15 +0800] "GET /xingrg/javascript/easyui/themes/default/validatebox.css HTTP/1.1" 404 1104
116.235.92.88 - - [20/May/2022:12:56:20 +0800] "GET /xingrg/check_reg.html?_=1653022754313 HTTP/1.1" 200 22
116.235.92.88 - - [20/May/2022:12:56:20 +0800] "GET /xingrg/all/function/internal_message.html?_=1653022754314&CODE_STATE=getMsg HTTP/1.1" 200 27
58.39.61.91 - - [20/May/2022:12:56:26 +0800] "GET /xingrg/all/function/internal_message.html?_=1653022583530&CODE_STATE=getMsg HTTP/1.1" 200 27
222.70.180.114 - - [20/May/2022:12:56:30 +0800] "GET /xingrg/kc/buy/cgsh_order_operate.html?command=get_materiel&rest_code=00111&code=00101007191&supplier_code=00100327&order_time=2022-05-20 HTTP/1.1" 200 412
180.156.212.250 - - [20/May/2022:12:56:31 +0800] "GET /xingrg/kc/buy/cgsh_order_operate.html?command=get_materiel&rest_code=00102&code=00101016053&supplier_code=00100151&order_time=2022-05-20 HTTP/1.1" 200 408
180.156.212.250 - - [20/May/2022:12:56:40 +0800] "GET /xingrg/kc/buy/cgsh_order_add.html HTTP/1.1" 200 67522
180.156.212.250 - - [20/May/2022:12:56:41 +0800] "POST /xingrg/kc/buy/cgsh_order_operate.html HTTP/1.1" 200 8245
116.228.172.94 - - [20/May/2022:12:56:42 +0800] "GET /xingrg/all/function/internal_message.html?_=1653022540142&CODE_STATE=getMsg HTTP/1.1" 200 27
180.156.212.250 - - [20/May/2022:12:56:42 +0800] "GET /xingrg/javascript/easyui/themes/default/validatebox.css HTTP/1.1" 404 1104
116.230.110.173 - - [20/May/2022:12:56:54 +0800] "GET /xingrg/all/function/internal_message.html?_=1653022611178&CODE_STATE=getMsg HTTP/1.1" 200 27
180.175.103.167 - - [20/May/2022:12:56:56 +0800] "GET /xingrg/all/function/internal_message.html?_=1653022540053&CODE_STATE=getMsg HTTP/1.1" 200 27
180.156.212.250 - - [20/May/2022:12:56:58 +0800] "POST /xingrg/kc/buy/cgsh_list_operate.html HTTP/1.1" 200 876
180.175.103.167 - - [20/May/2022:12:56:59 +0800] "GET /xingrg/all/function/internal_message.html?_=1653022619255&CODE_STATE=getMsg HTTP/1.1" 200 27
114.83.217.109 - - [20/May/2022:12:57:02 +0800] "GET /xingrg/all/function/internal_message.html?_=1653022618570&CODE_STATE=getMsg HTTP/1.1" 200 27
180.156.212.250 - - [20/May/2022:12:57:06 +0800] "GET /xingrg/check_reg.html?_=1653022693231 HTTP/1.1" 200 22
222.70.180.114 - - [20/May/2022:12:57:09 +0800] "GET /xingrg/kc/buy/cgsh_order_operate.html?command=get_materiel&rest_code=00111&code=00101010764&supplier_code=00100327&order_time=2022-05-20 HTTP/1.1" 200 442
222.70.180.114 - - [20/May/2022:12:57:11 +0800] "GET /xingrg/all/function/internal_message.html?_=1653022626350&CODE_STATE=getMsg HTTP/1.1" 200 27
58.35.196.179 - - [20/May/2022:12:57:12 +0800] "GET /xingrg/all/function/internal_message.html?_=1653022629166&CODE_STATE=getMsg HTTP/1.1" 200 27
218.81.223.53 - - [20/May/2022:12:57:13 +0800] "GET /xingrg/check_reg.html?_=1653022648674 HTTP/1.1" 200 22
116.235.92.88 - - [20/May/2022:12:57:20 +0800] "GET /xingrg/all/function/internal_message.html?_=1653022814312&CODE_STATE=getMsg HTTP/1.1" 200 27
180.156.212.250 - - [20/May/2022:12:57:26 +0800] "GET /xingrg/kc/base/yddb_order_list.html HTTP/1.1" 200 16707
180.156.212.250 - - [20/May/2022:12:57:26 +0800] "POST /xingrg/kc/base/yddb_list_operate.html HTTP/1.1" 200 636
58.39.61.91 - - [20/May/2022:12:57:26 +0800] "GET /xingrg/all/function/internal_message.html?_=1653022643509&CODE_STATE=getMsg HTTP/1.1" 200 27
140.206.179.42 - - [20/May/2022:12:57:30 +0800] "GET /xingrg/login.html HTTP/1.1" 200 7641
180.156.212.250 - - [20/May/2022:12:57:30 +0800] "POST /xingrg/kc/base/yddb_list_operate.html HTTP/1.1" 200 4366
140.206.179.42 - - [20/May/2022:12:57:30 +0800] "GET /favicon.ico HTTP/1.1" 404 -
140.206.179.42 - - [20/May/2022:12:57:32 +0800] "POST /xingrg/login.do HTTP/1.1" 302 -
140.206.179.42 - - [20/May/2022:12:57:32 +0800] "GET /xingrg/index.html?sysBaseUrl=http%3A%2F%2F180.169.147.146%3A18081%2Fxingrg%2F&costTime=40×tamp=1653022652114 HTTP/1.1" 200 17503
140.206.179.42 - - [20/May/2022:12:57:32 +0800] "GET /favicon.ico HTTP/1.1" 404 -
140.206.179.42 - - [20/May/2022:12:57:32 +0800] "POST /xingrg/all/common/load_tree.html?tree=area_rest_tree_json&manage=1 HTTP/1.1" 200 3472
140.206.179.42 - - [20/May/2022:12:57:32 +0800] "GET /xingrg/all/function/internal_message.html?_=1653022649550&CODE_STATE=count HTTP/1.1" 200 11
140.206.179.42 - - [20/May/2022:12:57:32 +0800] "GET /xingrg/check_reg.html?_=1653022649551 HTTP/1.1" 200 22
140.206.179.42 - - [20/May/2022:12:57:32 +0800] "POST /xingrg/load_menu.html HTTP/1.1" 200 11564
140.206.179.42 - - [20/May/2022:12:57:35 +0800] "POST /xingrg/all/user/operate.html HTTP/1.1" 200 36
140.206.179.42 - - [20/May/2022:12:57:35 +0800] "GET /xingrg/javascript/jquery_easy_ui/themes/default/easyui.css HTTP/1.1" 304 -
140.206.179.42 - - [20/May/2022:12:57:35 +0800] "GET /xingrg/index.html?sysBaseUrl=http%3A%2F%2F180.169.147.146%3A18081%2Fxingrg%2F&costTime=40×tamp=1653022652114 HTTP/1.1" 200 17509
180.156.212.250 - - [20/May/2022:12:57:35 +0800] "POST /xingrg/kc/base/yddb_list_operate.html HTTP/1.1" 200 205
140.206.179.42 - - [20/May/2022:12:57:35 +0800] "GET /xingrg/javascript/jquery_easy_ui/themes/icon.css HTTP/1.1" 304 -
140.206.179.42 - - [20/May/2022:12:57:35 +0800] "GET /xingrg/css/form.css HTTP/1.1" 304 -
140.206.179.42 - - [20/May/2022:12:57:35 +0800] "GET /xingrg/javascript/jquery-1.4.2.min.js HTTP/1.1" 304 -
140.206.179.42 - - [20/May/2022:12:57:35 +0800] "GET /xingrg/javascript/jquery_easy_ui/jquery.easyui.min.js HTTP/1.1" 304 -
140.206.179.42 - - [20/May/2022:12:57:35 +0800] "GET /xingrg/javascript/jquery_easy_ui/easyui-lang-zh_CN.js HTTP/1.1" 304 -
140.206.179.42 - - [20/May/2022:12:57:35 +0800] "GET /xingrg/javascript/jquery.form.js HTTP/1.1" 304 -
140.206.179.42 - - [20/May/2022:12:57:35 +0800] "GET /xingrg/javascript/jquery.utils.js HTTP/1.1" 304 -
140.206.179.42 - - [20/May/2022:12:57:35 +0800] "GET /xingrg/javascript/jquery.timers.js HTTP/1.1" 304 -
140.206.179.42 - - [20/May/2022:12:57:35 +0800] "GET /xingrg/images/blue/jxLogo.png HTTP/1.1" 304 -
140.206.179.42 - - [20/May/2022:12:57:35 +0800] "GET /xingrg/images/blue/navBackgound.jpg HTTP/1.1" 304 -
140.206.179.42 - - [20/May/2022:12:57:35 +0800] "GET /xingrg/javascript/jquery_easy_ui/themes/icons/settle_new.png HTTP/1.1" 304 -
180.156.212.250 - - [20/May/2022:12:57:35 +0800] "GET /xingrg/kc/base/yddb_order_info.html?code=482022051900124 HTTP/1.1" 200 31281
140.206.179.42 - - [20/May/2022:12:57:35 +0800] "POST /xingrg/all/common/load_tree.html?tree=area_rest_tree_json&manage=1 HTTP/1.1" 200 3472
180.156.212.250 - - [20/May/2022:12:57:35 +0800] "GET /xingrg/dwr/interface/AjaxComOrderService.js HTTP/1.1" 200 18264
140.206.179.42 - - [20/May/2022:12:57:35 +0800] "GET /xingrg/all/function/internal_message.html?_=1653022653124&CODE_STATE=count HTTP/1.1" 200 11
140.206.179.42 - - [20/May/2022:12:57:35 +0800] "GET /xingrg/check_reg.html?_=1653022653125 HTTP/1.1" 200 22
140.206.179.42 - - [20/May/2022:12:57:35 +0800] "GET /xingrg/javascript/jquery_easy_ui/themes/default/images/tabs_rightarrow.png HTTP/1.1" 304 -
140.206.179.42 - - [20/May/2022:12:57:35 +0800] "GET /xingrg/javascript/jquery_easy_ui/themes/default/images/panel_tool_expand.gif HTTP/1.1" 304 -
140.206.179.42 - - [20/May/2022:12:57:35 +0800] "GET /xingrg/images/blue/pingpu.png HTTP/1.1" 304 -
140.206.179.42 - - [20/May/2022:12:57:35 +0800] "POST /xingrg/load_menu.html HTTP/1.1" 200 9959
140.206.179.42 - - [20/May/2022:12:57:36 +0800] "GET /xingrg/javascript/jquery_easy_ui/themes/default/images/panel_tool_collapse.gif HTTP/1.1" 304 -
180.156.212.250 - - [20/May/2022:12:57:36 +0800] "GET /xingrg/dwr/interface/AjaxYddbService.js HTTP/1.1" 200 13201
140.206.179.42 - - [20/May/2022:12:57:36 +0800] "GET /xingrg/javascript/jquery_easy_ui/themes/default/images/tabs_leftarrow.png HTTP/1.1" 304 -
180.156.212.250 - - [20/May/2022:12:57:36 +0800] "GET /xingrg/dwr/engine.js HTTP/1.1" 200 43631
140.206.179.42 - - [20/May/2022:12:57:36 +0800] "GET /xingrg/javascript/jquery_easy_ui/themes/icons/forms_new.png HTTP/1.1" 304 -
140.206.179.42 - - [20/May/2022:12:57:36 +0800] "GET /xingrg/javascript/jquery_easy_ui/themes/icons/checkout_new.png HTTP/1.1" 304 -
140.206.179.42 - - [20/May/2022:12:57:36 +0800] "GET /xingrg/javascript/jquery_easy_ui/themes/default/images/tree_folder_open.gif HTTP/1.1" 304 -
140.206.179.42 - - [20/May/2022:12:57:36 +0800] "GET /xingrg/javascript/jquery_easy_ui/themes/default/images/tree_arrows.gif HTTP/1.1" 304 -
140.206.179.42 - - [20/May/2022:12:57:36 +0800] "GET /xingrg/javascript/jquery_easy_ui/themes/icons/storage_new.png HTTP/1.1" 304 -
140.206.179.42 - - [20/May/2022:12:57:36 +0800] "GET /xingrg/javascript/jquery_easy_ui/themes/icons/search_new.png HTTP/1.1" 304 -
140.206.179.42 - - [20/May/2022:12:57:36 +0800] "GET /xingrg/javascript/jquery_easy_ui/themes/default/images/tree_folder.gif HTTP/1.1" 304 -
140.206.179.42 - - [20/May/2022:12:57:36 +0800] "GET /xingrg/javascript/jquery_easy_ui/themes/default/images/tree_file.gif HTTP/1.1" 304 -
140.206.179.42 - - [20/May/2022:12:57:36 +0800] "GET /xingrg/javascript/jquery_easy_ui/themes/icons/setting_new.png HTTP/1.1" 304 -
140.206.179.42 - - [20/May/2022:12:57:36 +0800] "GET /xingrg/javascript/jquery_easy_ui/themes/icons/systemset_new.png HTTP/1.1" 304 -
180.156.212.250 - - [20/May/2022:12:57:36 +0800] "POST /xingrg/dwr/call/plaincall/AjaxYddbService.loadMaterielItems.dwr HTTP/1.1" 200 397
140.206.179.42 - - [20/May/2022:12:57:36 +0800] "GET /xingrg/kc/report/report_main.html HTTP/1.1" 200 7340
140.206.179.42 - - [20/May/2022:12:57:37 +0800] "GET /xingrg/kc/base/crk_hz.html HTTP/1.1" 200 11247
140.206.179.42 - - [20/May/2022:12:57:38 +0800] "POST /xingrg/kc/cost/cost_operate.html?command=get_base_tree HTTP/1.1" 200 3436
140.206.179.42 - - [20/May/2022:12:57:38 +0800] "POST /xingrg/all/common/load_tree.html?tree=materiel_sort_tree_json HTTP/1.1" 200 9388
140.206.179.42 - - [20/May/2022:12:57:39 +0800] "GET /xingrg/all/common/get_data_part.html?part=previousMonth&_=1653022656898 HTTP/1.1" 200 41
116.228.172.94 - - [20/May/2022:12:57:42 +0800] "GET /xingrg/check_reg.html?_=1653022600144 HTTP/1.1" 200 22
116.228.172.94 - - [20/May/2022:12:57:42 +0800] "GET /xingrg/all/function/internal_message.html?_=1653022600148&CODE_STATE=getMsg HTTP/1.1" 200 27
120.253.135.82 - - [20/May/2022:12:57:47 +0800] "POST /xingrg/kc/pszx/mdps_list_operate.html HTTP/1.1" 200 1687
120.253.135.82 - - [20/May/2022:12:57:49 +0800] "POST /xingrg/kc/pszx/mdps_list_operate.html HTTP/1.1" 200 452
140.206.179.42 - - [20/May/2022:12:57:50 +0800] "GET /xingrg/kc/base/crk_hz.html?_=1653022668129&command=get_cost_id&end_date=2022-03-31&start_date=2022-03-01 HTTP/1.1" 200 51
140.206.179.42 - - [20/May/2022:12:57:51 +0800] "GET /xingrg/dwr/interface/AjaxReportQueryService.js HTTP/1.1" 200 13203
140.206.179.42 - - [20/May/2022:12:57:51 +0800] "GET /xingrg/all/report/report_query.html?isQuery=1&onlyBody=1&rh=99999&rw=1800&varString=start:20220301,cost_id:3586,mid:20220301&fileName=kc/base/crk_hz_type_by_base.xml&queryString=%20a.base_code%20in%20('0010445','0010446','0010447','0010448','0010449','0010841')%20&queryText=ÈÕÆÚ£º2022-03-01ÖÁ2022-03-31%20²Ö¿â£ºÊ³Æ·²Ö¿â,ÎïÁϲֿâ,Ñ౫³á¿â,ÏãÑÌ¿â,¾ÆË®¿â,³ø·¿¿â&tableQueryString=materiel_table$sp1$$sp$before_table$sp1$$sp$crk_table$sp1$order_day%20between%2020220301%20and%2020220331 HTTP/1.1" 200 49483
140.206.179.42 - - [20/May/2022:12:57:51 +0800] "GET /xingrg/dwr/engine.js HTTP/1.1" 200 43631
140.206.179.42 - - [20/May/2022:12:57:52 +0800] "POST /xingrg/all/report/load_report_page.html HTTP/1.1" 200 214652
140.206.179.42 - - [20/May/2022:12:57:52 +0800] "GET /xingrg/servlets/image?cache=0.4782112611700351&image=px HTTP/1.1" 200 807
116.230.110.173 - - [20/May/2022:12:57:54 +0800] "GET /xingrg/all/function/internal_message.html?_=1653022671191&CODE_STATE=getMsg HTTP/1.1" 200 27
180.175.103.167 - - [20/May/2022:12:57:56 +0800] "GET /xingrg/all/function/internal_message.html?_=1653022600054&CODE_STATE=getMsg HTTP/1.1" 200 27
180.175.103.167 - - [20/May/2022:12:57:56 +0800] "GET /xingrg/check_reg.html?_=1653022600057 HTTP/1.1" 200 22
180.175.103.167 - - [20/May/2022:12:57:59 +0800] "GET /xingrg/all/function/internal_message.html?_=1653022679252&CODE_STATE=getMsg HTTP/1.1" 200 27
120.253.135.82 - - [20/May/2022:12:58:01 +0800] "GET /xingrg/kc/pszx/mdqp_order_list.html?state=10 HTTP/1.1" 200 10217
120.253.135.82 - - [20/May/2022:12:58:01 +0800] "GET /xingrg/dwr/interface/AjaxReportQueryService.js HTTP/1.1" 200 13203
120.253.135.82 - - [20/May/2022:12:58:01 +0800] "GET /xingrg/dwr/engine.js HTTP/1.1" 200 43631
120.253.135.82 - - [20/May/2022:12:58:01 +0800] "GET /xingrg/dwr/interface/AjaxQqpsService.js HTTP/1.1" 200 16326
114.83.217.109 - - [20/May/2022:12:58:02 +0800] "GET /xingrg/all/function/internal_message.html?_=1653022678585&CODE_STATE=getMsg HTTP/1.1" 200 27
120.253.135.82 - - [20/May/2022:12:58:05 +0800] "GET /xingrg/kc/buy/cgsh_order_list.html HTTP/1.1" 200 51746
120.253.135.82 - - [20/May/2022:12:58:07 +0800] "POST /xingrg/kc/buy/cgsh_list_operate.html HTTP/1.1" 200 1684
120.253.135.82 - - [20/May/2022:12:58:10 +0800] "POST /xingrg/kc/buy/cgsh_list_operate.html HTTP/1.1" 200 363
222.70.180.114 - - [20/May/2022:12:58:11 +0800] "GET /xingrg/all/function/internal_message.html?_=1653022686323&CODE_STATE=getMsg HTTP/1.1" 200 27
222.70.180.114 - - [20/May/2022:12:58:12 +0800] "GET /xingrg/check_reg.html?_=1653022686874 HTTP/1.1" 200 22
58.35.196.179 - - [20/May/2022:12:58:12 +0800] "GET /xingrg/all/function/internal_message.html?_=1653022689168&CODE_STATE=getMsg HTTP/1.1" 200 27
116.235.92.88 - - [20/May/2022:12:58:20 +0800] "GET /xingrg/all/function/internal_message.html?_=1653022874312&CODE_STATE=getMsg HTTP/1.1" 200 27
58.39.61.91 - - [20/May/2022:12:58:26 +0800] "GET /xingrg/all/function/internal_message.html?_=1653022703486&CODE_STATE=getMsg HTTP/1.1" 200 27
222.70.180.114 - - [20/May/2022:12:58:28 +0800] "GET /xingrg/kc/buy/cgsh_order_operate.html?command=get_materiel&rest_code=00111&code=00101007043&supplier_code=00100327&order_time=2022-05-20 HTTP/1.1" 200 429
140.206.179.42 - - [20/May/2022:12:58:35 +0800] "GET /xingrg/all/function/internal_message.html?_=1653022713149&CODE_STATE=getMsg HTTP/1.1" 200 27
116.228.172.94 - - [20/May/2022:12:58:42 +0800] "GET /xingrg/all/function/internal_message.html?_=1653022660133&CODE_STATE=getMsg HTTP/1.1" 200 27
116.230.110.173 - - [20/May/2022:12:58:54 +0800] "GET /xingrg/all/function/internal_message.html?_=1653022731189&CODE_STATE=getMsg HTTP/1.1" 200 27
222.70.180.114 - - [20/May/2022:12:58:54 +0800] "POST /xingrg/kc/buy/cgsh_order_operate.html HTTP/1.1" 200 37
222.70.180.114 - - [20/May/2022:12:58:56 +0800] "POST /xingrg/kc/buy/cgsh_order_operate.html HTTP/1.1" 200 3886
180.175.103.167 - - [20/May/2022:12:58:56 +0800] "GET /xingrg/all/function/internal_message.html?_=1653022660057&CODE_STATE=getMsg HTTP/1.1" 200 27
222.70.180.114 - - [20/May/2022:12:58:57 +0800] "GET /xingrg/kc/print/load_data.html?order_code=212022052001225&kc_code=cgsh&condition= HTTP/1.1" 200 1167
180.175.103.167 - - [20/May/2022:12:58:59 +0800] "GET /xingrg/check_reg.html?_=1653022739258 HTTP/1.1" 200 22
180.175.103.167 - - [20/May/2022:12:58:59 +0800] "GET /xingrg/all/function/internal_message.html?_=1653022739257&CODE_STATE=getMsg HTTP/1.1" 200 27
114.83.217.109 - - [20/May/2022:12:59:02 +0800] "GET /xingrg/all/function/internal_message.html?_=1653022738575&CODE_STATE=getMsg HTTP/1.1" 200 27
222.70.180.114 - - [20/May/2022:12:59:11 +0800] "GET /xingrg/all/function/internal_message.html?_=1653022746307&CODE_STATE=getMsg HTTP/1.1" 200 27
58.35.196.179 - - [20/May/2022:12:59:12 +0800] "GET /xingrg/all/function/internal_message.html?_=1653022749170&CODE_STATE=getMsg HTTP/1.1" 200 27
116.235.92.88 - - [20/May/2022:12:59:20 +0800] "GET /xingrg/all/function/internal_message.html?_=1653022934310&CODE_STATE=getMsg HTTP/1.1" 200 27
58.39.61.91 - - [20/May/2022:12:59:26 +0800] "GET /xingrg/all/function/internal_message.html?_=1653022763471&CODE_STATE=getMsg HTTP/1.1" 200 27
120.253.135.82 - - [20/May/2022:12:59:35 +0800] "GET /xingrg/check_reg.html?_=1653022582659 HTTP/1.1" 200 22
140.206.179.42 - - [20/May/2022:12:59:35 +0800] "GET /xingrg/all/function/internal_message.html?_=1653022773140&CODE_STATE=getMsg HTTP/1.1" 200 27
116.228.172.94 - - [20/May/2022:12:59:42 +0800] "GET /xingrg/all/function/internal_message.html?_=1653022720138&CODE_STATE=getMsg HTTP/1.1" 200 27
58.39.61.91 - - [20/May/2022:12:59:47 +0800] "GET /xingrg/check_reg.html?_=1653022784077 HTTP/1.1" 200 22
116.230.110.173 - - [20/May/2022:12:59:54 +0800] "GET /xingrg/all/function/internal_message.html?_=1653022791191&CODE_STATE=getMsg HTTP/1.1" 200 27
180.175.103.167 - - [20/May/2022:12:59:56 +0800] "GET /xingrg/all/function/internal_message.html?_=1653022720058&CODE_STATE=getMsg HTTP/1.1" 200 27
180.175.103.167 - - [20/May/2022:12:59:59 +0800] "GET /xingrg/all/function/internal_message.html?_=1653022799255&CODE_STATE=getMsg HTTP/1.1" 200 27
114.83.217.109 - - [20/May/2022:13:00:02 +0800] "GET /xingrg/all/function/internal_message.html?_=1653022798590&CODE_STATE=getMsg HTTP/1.1" 200 27
114.83.217.109 - - [20/May/2022:13:00:02 +0800] "GET /xingrg/check_reg.html?_=1653022798590 HTTP/1.1" 200 22
140.206.179.42 - - [20/May/2022:13:00:09 +0800] "GET /xingrg/kc/system/base_setting_page.html HTTP/1.1" 200 9193
140.206.179.42 - - [20/May/2022:13:00:10 +0800] "GET /xingrg/dwr/interface/AjaxSystemService.js HTTP/1.1" 200 13657
140.206.179.42 - - [20/May/2022:13:00:10 +0800] "GET /xingrg/dwr/engine.js HTTP/1.1" 200 43631
222.70.180.114 - - [20/May/2022:13:00:11 +0800] "GET /xingrg/all/function/internal_message.html?_=1653022806292&CODE_STATE=getMsg HTTP/1.1" 200 27
58.35.196.179 - - [20/May/2022:13:00:12 +0800] "GET /xingrg/all/function/internal_message.html?_=1653022809173&CODE_STATE=getMsg HTTP/1.1" 200 27
140.206.179.42 - - [20/May/2022:13:00:13 +0800] "POST /xingrg/dwr/call/plaincall/AjaxSystemService.saveConfigItems.dwr HTTP/1.1" 200 78
140.206.179.42 - - [20/May/2022:13:00:18 +0800] "GET /xingrg/kc/report/report_main.html HTTP/1.1" 200 7340
140.206.179.42 - - [20/May/2022:13:00:19 +0800] "GET /xingrg/kc/base/crk_hz.html HTTP/1.1" 200 11247
140.206.179.42 - - [20/May/2022:13:00:19 +0800] "POST /xingrg/kc/cost/cost_operate.html?command=get_base_tree HTTP/1.1" 200 3436
140.206.179.42 - - [20/May/2022:13:00:19 +0800] "POST /xingrg/all/common/load_tree.html?tree=materiel_sort_tree_json HTTP/1.1" 200 9388
116.235.92.88 - - [20/May/2022:13:00:20 +0800] "GET /xingrg/all/function/internal_message.html?_=1653022994309&CODE_STATE=getMsg HTTP/1.1" 200 27
140.206.179.42 - - [20/May/2022:13:00:21 +0800] "GET /xingrg/all/common/get_data_part.html?part=previousMonth&_=1653022818485 HTTP/1.1" 200 41
58.39.61.91 - - [20/May/2022:13:00:26 +0800] "GET /xingrg/all/function/internal_message.html?_=1653022823469&CODE_STATE=getMsg HTTP/1.1" 200 27
58.39.61.91 - - [20/May/2022:13:00:34 +0800] "POST /xingrg/all/user/operate.html HTTP/1.1" 200 36
58.39.61.91 - - [20/May/2022:13:00:34 +0800] "GET /xingrg/index.html?sysBaseUrl=http%3A%2F%2F180.169.147.146%3A18081%2Fxingrg%2F&costTime=39×tamp=1652926059705 HTTP/1.1" 200 17177
58.39.61.91 - - [20/May/2022:13:00:34 +0800] "GET /xingrg/javascript/jquery_easy_ui/themes/default/easyui.css HTTP/1.1" 304 -
58.39.61.91 - - [20/May/2022:13:00:34 +0800] "GET /xingrg/javascript/jquery_easy_ui/themes/icon.css HTTP/1.1" 304 -
58.39.61.91 - - [20/May/2022:13:00:34 +0800] "GET /xingrg/css/form.css HTTP/1.1" 304 -
58.39.61.91 - - [20/May/2022:13:00:34 +0800] "GET /xingrg/javascript/jquery-1.4.2.min.js HTTP/1.1" 304 -
58.39.61.91 - - [20/May/2022:13:00:34 +0800] "GET /xingrg/javascript/jquery_easy_ui/jquery.easyui.min.js HTTP/1.1" 304 -
58.39.61.91 - - [20/May/2022:13:00:34 +0800] "GET /xingrg/javascript/jquery_easy_ui/easyui-lang-zh_CN.js HTTP/1.1" 304 -
58.39.61.91 - - [20/May/2022:13:00:34 +0800] "GET /xingrg/javascript/jquery.form.js HTTP/1.1" 304 -
58.39.61.91 - - [20/May/2022:13:00:34 +0800] "GET /xingrg/javascript/jquery.utils.js HTTP/1.1" 304 -
58.39.61.91 - - [20/May/2022:13:00:34 +0800] "GET /xingrg/javascript/jquery.timers.js HTTP/1.1" 304 -
58.39.61.91 - - [20/May/2022:13:00:34 +0800] "GET /xingrg/images/blue/jxLogo.png HTTP/1.1" 304 -
58.39.61.91 - - [20/May/2022:13:00:34 +0800] "GET /xingrg/images/blue/navBackgound.jpg HTTP/1.1" 304 -
58.39.61.91 - - [20/May/2022:13:00:34 +0800] "GET /xingrg/javascript/jquery_easy_ui/themes/icons/settle_new.png HTTP/1.1" 304 -
58.39.61.91 - - [20/May/2022:13:00:34 +0800] "POST /xingrg/all/common/load_tree.html?tree=area_rest_tree_json&manage=1 HTTP/1.1" 200 476
58.39.61.91 - - [20/May/2022:13:00:34 +0800] "GET /xingrg/all/function/internal_message.html?_=1653022831762&CODE_STATE=count HTTP/1.1" 200 11
58.39.61.91 - - [20/May/2022:13:00:34 +0800] "GET /xingrg/check_reg.html?_=1653022831763 HTTP/1.1" 200 22
58.39.61.91 - - [20/May/2022:13:00:34 +0800] "GET /xingrg/javascript/jquery_easy_ui/themes/default/images/panel_tool_collapse.gif HTTP/1.1" 304 -
58.39.61.91 - - [20/May/2022:13:00:34 +0800] "GET /xingrg/javascript/jquery_easy_ui/themes/default/images/tabs_rightarrow.png HTTP/1.1" 304 -
