116.233.76.66 - - [15/May/2022:12:40:30 +0800] "GET /xingrg/all/function/internal_message.html?_=1652589630300&CODE_STATE=getMsg HTTP/1.1" 200 27
183.192.88.19 - - [15/May/2022:12:40:32 +0800] "POST /xingrg/dwr/call/plaincall/AjaxCheckService.setItemNumber.dwr HTTP/1.1" 200 77
183.192.88.19 - - [15/May/2022:12:40:34 +0800] "POST /xingrg/dwr/call/plaincall/AjaxCheckService.setItemNumber.dwr HTTP/1.1" 200 77
120.253.135.82 - - [15/May/2022:12:40:40 +0800] "GET /xingrg/all/function/internal_message.html?_=1652589446360&CODE_STATE=getMsg HTTP/1.1" 200 27
58.39.61.91 - - [15/May/2022:12:40:45 +0800] "GET /xingrg/all/function/internal_message.html?_=1652589641270&CODE_STATE=getMsg HTTP/1.1" 200 27
116.235.92.88 - - [15/May/2022:12:40:48 +0800] "GET /xingrg/all/function/internal_message.html?_=1652589813433&CODE_STATE=getMsg HTTP/1.1" 200 27
58.39.61.91 - - [15/May/2022:12:40:57 +0800] "GET /xingrg/login.html HTTP/1.1" 200 7641
58.39.61.91 - - [15/May/2022:12:40:57 +0800] "GET /xingrg/images/blue/jxLogo.png HTTP/1.1" 304 -
58.39.61.91 - - [15/May/2022:12:40:57 +0800] "GET /xingrg/images/blue/login_bg.png HTTP/1.1" 304 -
58.39.61.91 - - [15/May/2022:12:40:57 +0800] "GET /xingrg/images/blue/hj.png HTTP/1.1" 304 -
58.39.61.91 - - [15/May/2022:12:40:57 +0800] "GET /xingrg/images/blue/srbg.png HTTP/1.1" 304 -
58.39.61.91 - - [15/May/2022:12:40:57 +0800] "GET /favicon.ico HTTP/1.1" 404 -
58.39.61.91 - - [15/May/2022:12:41:00 +0800] "POST /xingrg/login.do HTTP/1.1" 302 -
58.39.61.91 - - [15/May/2022:12:41:00 +0800] "GET /xingrg/javascript/jquery_easy_ui/themes/default/easyui.css HTTP/1.1" 304 -
58.39.61.91 - - [15/May/2022:12:41:00 +0800] "GET /xingrg/javascript/jquery_easy_ui/themes/icon.css HTTP/1.1" 304 -
58.39.61.91 - - [15/May/2022:12:41:00 +0800] "GET /xingrg/index.html?sysBaseUrl=http%3A%2F%2F180.169.147.146%3A18081%2Fxingrg%2F&costTime=40×tamp=1652589660385 HTTP/1.1" 200 17179
58.39.61.91 - - [15/May/2022:12:41:00 +0800] "GET /xingrg/javascript/jquery.utils.js HTTP/1.1" 304 -
58.39.61.91 - - [15/May/2022:12:41:00 +0800] "GET /xingrg/javascript/jquery.timers.js HTTP/1.1" 304 -
58.39.61.91 - - [15/May/2022:12:41:00 +0800] "GET /xingrg/css/form.css HTTP/1.1" 304 -
58.39.61.91 - - [15/May/2022:12:41:00 +0800] "GET /xingrg/javascript/jquery-1.4.2.min.js HTTP/1.1" 304 -
58.39.61.91 - - [15/May/2022:12:41:00 +0800] "GET /favicon.ico HTTP/1.1" 404 -
58.39.61.91 - - [15/May/2022:12:41:00 +0800] "GET /xingrg/javascript/jquery_easy_ui/jquery.easyui.min.js HTTP/1.1" 304 -
58.39.61.91 - - [15/May/2022:12:41:00 +0800] "GET /xingrg/javascript/jquery_easy_ui/easyui-lang-zh_CN.js HTTP/1.1" 304 -
183.192.88.19 - - [15/May/2022:12:41:00 +0800] "GET /xingrg/all/function/internal_message.html?_=1652589665390&CODE_STATE=getMsg HTTP/1.1" 200 27
58.39.61.91 - - [15/May/2022:12:41:00 +0800] "GET /xingrg/javascript/jquery.form.js HTTP/1.1" 304 -
58.39.61.91 - - [15/May/2022:12:41:00 +0800] "GET /xingrg/images/blue/navBackgound.jpg HTTP/1.1" 304 -
58.39.61.91 - - [15/May/2022:12:41:00 +0800] "GET /xingrg/javascript/jquery_easy_ui/themes/icons/settle_new.png HTTP/1.1" 304 -
58.39.61.91 - - [15/May/2022:12:41:00 +0800] "GET /xingrg/images/blue/pingpu.png HTTP/1.1" 304 -
58.39.61.91 - - [15/May/2022:12:41:00 +0800] "GET /xingrg/javascript/jquery_easy_ui/themes/default/images/tabs_leftarrow.png HTTP/1.1" 304 -
58.39.61.91 - - [15/May/2022:12:41:00 +0800] "GET /xingrg/javascript/jquery_easy_ui/themes/default/images/tabs_rightarrow.png HTTP/1.1" 304 -
58.39.61.91 - - [15/May/2022:12:41:00 +0800] "POST /xingrg/all/common/load_tree.html?tree=area_rest_tree_json&manage=1 HTTP/1.1" 200 476
58.39.61.91 - - [15/May/2022:12:41:00 +0800] "GET /xingrg/javascript/jquery_easy_ui/themes/default/images/panel_tool_collapse.gif HTTP/1.1" 304 -
58.39.61.91 - - [15/May/2022:12:41:00 +0800] "GET /xingrg/all/function/internal_message.html?_=1652589612508&CODE_STATE=count HTTP/1.1" 200 11
58.39.61.91 - - [15/May/2022:12:41:00 +0800] "GET /xingrg/check_reg.html?_=1652589612509 HTTP/1.1" 200 22
58.39.61.91 - - [15/May/2022:12:41:00 +0800] "POST /xingrg/load_menu.html HTTP/1.1" 200 5138
58.39.61.91 - - [15/May/2022:12:41:00 +0800] "GET /xingrg/javascript/jquery_easy_ui/themes/default/images/tree_arrows.gif HTTP/1.1" 304 -
58.39.61.91 - - [15/May/2022:12:41:00 +0800] "GET /xingrg/javascript/jquery_easy_ui/themes/icons/search_new.png HTTP/1.1" 304 -
58.39.61.91 - - [15/May/2022:12:41:00 +0800] "GET /xingrg/javascript/jquery_easy_ui/themes/default/images/tree_folder.gif HTTP/1.1" 304 -
58.39.61.91 - - [15/May/2022:12:41:00 +0800] "GET /xingrg/javascript/jquery_easy_ui/themes/default/images/tree_folder_open.gif HTTP/1.1" 304 -
58.39.61.91 - - [15/May/2022:12:41:00 +0800] "GET /xingrg/javascript/jquery_easy_ui/themes/default/images/tree_file.gif HTTP/1.1" 304 -
58.39.61.91 - - [15/May/2022:12:41:00 +0800] "GET /xingrg/javascript/jquery_easy_ui/themes/icons/storage_new.png HTTP/1.1" 304 -
58.39.61.91 - - [15/May/2022:12:41:00 +0800] "GET /xingrg/javascript/jquery_easy_ui/themes/icons/forms_new.png HTTP/1.1" 304 -
58.39.61.91 - - [15/May/2022:12:41:03 +0800] "GET /xingrg/javascript/jquery_easy_ui/themes/default/images/tabs_close.gif HTTP/1.1" 304 -
58.39.61.91 - - [15/May/2022:12:41:03 +0800] "GET /xingrg/css/base.css HTTP/1.1" 304 -
58.39.61.91 - - [15/May/2022:12:41:03 +0800] "GET /xingrg/css/site.css HTTP/1.1" 304 -
58.39.61.91 - - [15/May/2022:12:41:03 +0800] "GET /xingrg/javascript/easyui/themes/default/easyui.css HTTP/1.1" 304 -
58.39.61.91 - - [15/May/2022:12:41:03 +0800] "GET /xingrg/javascript/jquery_tools/datebox.css HTTP/1.1" 304 -
58.39.61.91 - - [15/May/2022:12:41:03 +0800] "GET /xingrg/javascript/easyui/themes/icon.css HTTP/1.1" 304 -
58.39.61.91 - - [15/May/2022:12:41:03 +0800] "GET /xingrg/javascript/jquery_tools/fix.css HTTP/1.1" 304 -
58.39.61.91 - - [15/May/2022:12:41:03 +0800] "GET /xingrg/javascript/auto/jquery.autocomplete.css HTTP/1.1" 304 -
58.39.61.91 - - [15/May/2022:12:41:03 +0800] "GET /xingrg/javascript/jquery_tools/jquery.tools.table.js HTTP/1.1" 304 -
58.39.61.91 - - [15/May/2022:12:41:03 +0800] "GET /xingrg/javascript/jquery_tools/jquery.tools.hotkey.js HTTP/1.1" 304 -
58.39.61.91 - - [15/May/2022:12:41:03 +0800] "GET /xingrg/javascript/jquery_tools/list_manager.js HTTP/1.1" 304 -
58.39.61.91 - - [15/May/2022:12:41:03 +0800] "GET /xingrg/javascript/jquery_tools/jquery.tools.extend.js HTTP/1.1" 304 -
58.39.61.91 - - [15/May/2022:12:41:03 +0800] "GET /xingrg/javascript/auto/jquery.autocomplete.js HTTP/1.1" 304 -
58.39.61.91 - - [15/May/2022:12:41:03 +0800] "GET /xingrg/javascript/print/LodopFuncs.js HTTP/1.1" 304 -
58.39.61.91 - - [15/May/2022:12:41:03 +0800] "GET /xingrg/javascript/easyui/easyloader.js HTTP/1.1" 304 -
58.39.61.91 - - [15/May/2022:12:41:03 +0800] "GET /xingrg/kc/buy/cgsh_order_list.html HTTP/1.1" 200 51752
58.39.61.91 - - [15/May/2022:12:41:03 +0800] "GET /xingrg/javascript/jquery.cookie.js HTTP/1.1" 304 -
58.39.61.91 - - [15/May/2022:12:41:04 +0800] "GET /xingrg/javascript/jquery_tools/jquery.tools.min.js HTTP/1.1" 304 -
58.39.61.91 - - [15/May/2022:12:41:04 +0800] "GET /xingrg/javascript/jquery_tools/table.css HTTP/1.1" 304 -
58.39.61.91 - - [15/May/2022:12:41:04 +0800] "GET /xingrg/javascript/easyui/themes/icons/edit_add_new.png HTTP/1.1" 304 -
58.39.61.91 - - [15/May/2022:12:41:04 +0800] "GET /xingrg/javascript/easyui/themes/icons/cance_new.png HTTP/1.1" 304 -
58.39.61.91 - - [15/May/2022:12:41:04 +0800] "GET /xingrg/javascript/easyui/themes/icons/check_new.png HTTP/1.1" 304 -
58.39.61.91 - - [15/May/2022:12:41:04 +0800] "GET /xingrg/javascript/easyui/themes/icons/field_new.png HTTP/1.1" 304 -
58.39.61.91 - - [15/May/2022:12:41:04 +0800] "GET /xingrg/javascript/easyui/themes/icons/import_new.png HTTP/1.1" 304 -
58.39.61.91 - - [15/May/2022:12:41:04 +0800] "GET /xingrg/javascript/easyui/plugins/jquery.parser.js HTTP/1.1" 304 -
58.39.61.91 - - [15/May/2022:12:41:04 +0800] "GET /xingrg/images/control/ajaxLoader.gif HTTP/1.1" 304 -
58.39.61.91 - - [15/May/2022:12:41:06 +0800] "POST /xingrg/kc/buy/cgsh_list_operate.html HTTP/1.1" 200 1692
183.192.88.19 - - [15/May/2022:12:41:06 +0800] "POST /xingrg/dwr/call/plaincall/AjaxCheckService.setItemNumber.dwr HTTP/1.1" 200 77
116.235.92.88 - - [15/May/2022:12:41:07 +0800] "GET /xingrg/check_reg.html?_=1652589833003 HTTP/1.1" 200 22
180.162.5.188 - - [15/May/2022:12:41:08 +0800] "GET /xingrg/all/function/internal_message.html?_=1652589665029&CODE_STATE=getMsg HTTP/1.1" 200 27
183.192.88.19 - - [15/May/2022:12:41:08 +0800] "POST /xingrg/dwr/call/plaincall/AjaxCheckService.setItemNumber.dwr HTTP/1.1" 200 77
58.39.61.91 - - [15/May/2022:12:41:09 +0800] "GET /xingrg/javascript/easyui/themes/default/images/button_plain_hover.png HTTP/1.1" 304 -
58.39.61.91 - - [15/May/2022:12:41:09 +0800] "GET /xingrg/javascript/easyui/themes/default/images/button_plain_hover.png HTTP/1.1" 304 -
183.192.88.19 - - [15/May/2022:12:41:10 +0800] "POST /xingrg/dwr/call/plaincall/AjaxCheckService.setItemNumber.dwr HTTP/1.1" 200 77
58.39.61.91 - - [15/May/2022:12:41:10 +0800] "GET /xingrg/javascript/jquery_tools/order_manager.js HTTP/1.1" 304 -
58.39.61.91 - - [15/May/2022:12:41:10 +0800] "GET /xingrg/javascript/convert.js HTTP/1.1" 304 -
58.39.61.91 - - [15/May/2022:12:41:10 +0800] "GET /xingrg/javascript/json2.js HTTP/1.1" 304 -
58.39.61.91 - - [15/May/2022:12:41:10 +0800] "GET /xingrg/javascript/print/kc_print.js HTTP/1.1" 304 -
58.39.61.91 - - [15/May/2022:12:41:10 +0800] "GET /xingrg/javascript/pic_change.js HTTP/1.1" 304 -
58.39.61.91 - - [15/May/2022:12:41:10 +0800] "GET /xingrg/kc/buy/cgsh_order_add.html HTTP/1.1" 200 67458
58.39.61.91 - - [15/May/2022:12:41:10 +0800] "GET /xingrg/words/20220514110351_words.js HTTP/1.1" 304 -
58.39.61.91 - - [15/May/2022:12:41:11 +0800] "GET /xingrg/javascript/easyui/themes/icons/copy_new.png HTTP/1.1" 304 -
58.39.61.91 - - [15/May/2022:12:41:11 +0800] "GET /xingrg/javascript/easyui/themes/icons/ok.png HTTP/1.1" 304 -
58.39.61.91 - - [15/May/2022:12:41:11 +0800] "GET /xingrg/javascript/easyui/themes/icons/template_new.png HTTP/1.1" 304 -
58.39.61.91 - - [15/May/2022:12:41:11 +0800] "GET /xingrg/javascript/easyui/themes/icons/print.png HTTP/1.1" 304 -
58.39.61.91 - - [15/May/2022:12:41:11 +0800] "GET /xingrg/javascript/easyui/themes/default/images/menu_downarrow.png HTTP/1.1" 304 -
58.39.61.91 - - [15/May/2022:12:41:11 +0800] "GET /xingrg/javascript/easyui/themes/icons/cancel.png HTTP/1.1" 304 -
58.39.61.91 - - [15/May/2022:12:41:11 +0800] "POST /xingrg/kc/buy/cgsh_order_operate.html HTTP/1.1" 200 8245
58.39.61.91 - - [15/May/2022:12:41:11 +0800] "GET /xingrg/javascript/easyui/themes/icons/edit_remove.png HTTP/1.1" 304 -
58.39.61.91 - - [15/May/2022:12:41:11 +0800] "GET /xingrg/all/common/auto_word.html?type=employee&rest_code=00150 HTTP/1.1" 200 159
58.39.61.91 - - [15/May/2022:12:41:11 +0800] "GET /xingrg/all/common/auto_word.html?type=employee&rest_code=00150 HTTP/1.1" 200 159
58.39.61.91 - - [15/May/2022:12:41:11 +0800] "GET /xingrg/javascript/easyui/themes/default/validatebox.css HTTP/1.1" 404 1104
58.39.61.91 - - [15/May/2022:12:41:11 +0800] "GET /xingrg/javascript/easyui/plugins/jquery.validatebox.js HTTP/1.1" 304 -
58.39.61.91 - - [15/May/2022:12:41:11 +0800] "GET /xingrg/javascript/easyui/plugins/jquery.numberbox.js HTTP/1.1" 304 -
183.192.88.19 - - [15/May/2022:12:41:12 +0800] "POST /xingrg/dwr/call/plaincall/AjaxCheckService.setItemNumber.dwr HTTP/1.1" 200 77
58.39.61.91 - - [15/May/2022:12:41:13 +0800] "GET /xingrg/javascript/jquery_easy_ui/themes/icons/rest.png HTTP/1.1" 304 -
58.39.61.91 - - [15/May/2022:12:41:13 +0800] "GET /xingrg/javascript/jquery_easy_ui/themes/icons/area.png HTTP/1.1" 304 -
183.192.88.19 - - [15/May/2022:12:41:14 +0800] "POST /xingrg/dwr/call/plaincall/AjaxCheckService.setItemNumber.dwr HTTP/1.1" 200 77
218.81.223.53 - - [15/May/2022:12:41:14 +0800] "GET /xingrg/check_reg.html?_=1652589696096 HTTP/1.1" 200 22
58.39.61.91 - - [15/May/2022:12:41:14 +0800] "GET /xingrg/javascript/jquery_easy_ui/themes/default/images/button_a_bg.gif HTTP/1.1" 304 -
58.39.61.91 - - [15/May/2022:12:41:14 +0800] "GET /xingrg/javascript/jquery_easy_ui/themes/default/images/button_span_bg.gif HTTP/1.1" 304 -
58.39.61.91 - - [15/May/2022:12:41:14 +0800] "GET /xingrg/javascript/jquery_easy_ui/themes/icons/ok.png HTTP/1.1" 304 -
58.39.61.91 - - [15/May/2022:12:41:14 +0800] "GET /xingrg/javascript/jquery_easy_ui/themes/default/images/panel_tools.gif HTTP/1.1" 304 -
58.39.61.91 - - [15/May/2022:12:41:14 +0800] "GET /xingrg/javascript/jquery_easy_ui/themes/default/images/panel_title.png HTTP/1.1" 304 -
183.192.88.19 - - [15/May/2022:12:41:15 +0800] "POST /xingrg/dwr/call/plaincall/AjaxCheckService.setItemNumber.dwr HTTP/1.1" 200 77
58.39.61.91 - - [15/May/2022:12:41:17 +0800] "POST /xingrg/all/user/operate.html HTTP/1.1" 200 36
58.39.61.91 - - [15/May/2022:12:41:17 +0800] "GET /xingrg/javascript/jquery_easy_ui/themes/default/easyui.css HTTP/1.1" 304 -
58.39.61.91 - - [15/May/2022:12:41:17 +0800] "GET /xingrg/index.html?sysBaseUrl=http%3A%2F%2F180.169.147.146%3A18081%2Fxingrg%2F&costTime=40×tamp=1652589660385 HTTP/1.1" 200 17177
58.39.61.91 - - [15/May/2022:12:41:17 +0800] "GET /xingrg/javascript/jquery_easy_ui/themes/icon.css HTTP/1.1" 304 -
58.39.61.91 - - [15/May/2022:12:41:17 +0800] "GET /xingrg/css/form.css HTTP/1.1" 304 -
58.39.61.91 - - [15/May/2022:12:41:17 +0800] "GET /xingrg/javascript/jquery-1.4.2.min.js HTTP/1.1" 304 -
58.39.61.91 - - [15/May/2022:12:41:17 +0800] "GET /xingrg/javascript/jquery_easy_ui/jquery.easyui.min.js HTTP/1.1" 304 -
58.39.61.91 - - [15/May/2022:12:41:17 +0800] "GET /xingrg/javascript/jquery_easy_ui/easyui-lang-zh_CN.js HTTP/1.1" 304 -
58.39.61.91 - - [15/May/2022:12:41:17 +0800] "GET /xingrg/javascript/jquery.form.js HTTP/1.1" 304 -
58.39.61.91 - - [15/May/2022:12:41:17 +0800] "GET /xingrg/javascript/jquery.utils.js HTTP/1.1" 304 -
183.192.88.19 - - [15/May/2022:12:41:17 +0800] "POST /xingrg/dwr/call/plaincall/AjaxCheckService.setItemNumber.dwr HTTP/1.1" 200 77
58.39.61.91 - - [15/May/2022:12:41:17 +0800] "GET /xingrg/javascript/jquery.timers.js HTTP/1.1" 304 -
58.39.61.91 - - [15/May/2022:12:41:17 +0800] "GET /xingrg/images/blue/jxLogo.png HTTP/1.1" 304 -
58.39.61.91 - - [15/May/2022:12:41:17 +0800] "GET /xingrg/images/blue/navBackgound.jpg HTTP/1.1" 304 -
58.39.61.91 - - [15/May/2022:12:41:17 +0800] "GET /xingrg/javascript/jquery_easy_ui/themes/icons/settle_new.png HTTP/1.1" 304 -
58.39.61.91 - - [15/May/2022:12:41:17 +0800] "POST /xingrg/all/common/load_tree.html?tree=area_rest_tree_json&manage=1 HTTP/1.1" 200 476
58.39.61.91 - - [15/May/2022:12:41:17 +0800] "GET /xingrg/images/blue/pingpu.png HTTP/1.1" 304 -
58.39.61.91 - - [15/May/2022:12:41:17 +0800] "GET /xingrg/javascript/jquery_easy_ui/themes/default/images/tabs_leftarrow.png HTTP/1.1" 304 -
58.39.61.91 - - [15/May/2022:12:41:17 +0800] "GET /xingrg/javascript/jquery_easy_ui/themes/default/images/tabs_rightarrow.png HTTP/1.1" 304 -
58.39.61.91 - - [15/May/2022:12:41:17 +0800] "GET /xingrg/javascript/jquery_easy_ui/themes/default/images/panel_tool_collapse.gif HTTP/1.1" 304 -
58.39.61.91 - - [15/May/2022:12:41:17 +0800] "GET /xingrg/all/function/internal_message.html?_=1652589629316&CODE_STATE=count HTTP/1.1" 200 11
58.39.61.91 - - [15/May/2022:12:41:17 +0800] "GET /xingrg/check_reg.html?_=1652589629317 HTTP/1.1" 200 22
58.39.61.91 - - [15/May/2022:12:41:17 +0800] "POST /xingrg/load_menu.html HTTP/1.1" 200 5138
58.39.61.91 - - [15/May/2022:12:41:19 +0800] "GET /xingrg/kc/buy/cgsh_order_list.html HTTP/1.1" 200 51750
183.192.88.19 - - [15/May/2022:12:41:20 +0800] "POST /xingrg/dwr/call/plaincall/AjaxCheckService.setItemNumber.dwr HTTP/1.1" 200 77
58.39.61.91 - - [15/May/2022:12:41:20 +0800] "POST /xingrg/kc/buy/cgsh_list_operate.html HTTP/1.1" 200 876
58.39.61.91 - - [15/May/2022:12:41:22 +0800] "GET /xingrg/kc/buy/cgsh_order_add.html HTTP/1.1" 200 67138
183.192.88.19 - - [15/May/2022:12:41:22 +0800] "POST /xingrg/dwr/call/plaincall/AjaxCheckService.setItemNumber.dwr HTTP/1.1" 200 77
58.39.61.91 - - [15/May/2022:12:41:22 +0800] "POST /xingrg/kc/buy/cgsh_order_operate.html HTTP/1.1" 200 8245
58.39.61.91 - - [15/May/2022:12:41:22 +0800] "GET /xingrg/all/common/auto_word.html?type=employee&rest_code=00151 HTTP/1.1" 200 293
58.39.61.91 - - [15/May/2022:12:41:22 +0800] "GET /xingrg/all/common/auto_word.html?type=employee&rest_code=00151 HTTP/1.1" 200 293
58.39.61.91 - - [15/May/2022:12:41:22 +0800] "GET /xingrg/javascript/easyui/themes/default/validatebox.css HTTP/1.1" 404 1104
180.156.212.250 - - [15/May/2022:12:41:23 +0800] "GET /xingrg/all/function/internal_message.html?_=1652589749391&CODE_STATE=getMsg HTTP/1.1" 200 27
183.192.88.19 - - [15/May/2022:12:41:24 +0800] "POST /xingrg/dwr/call/plaincall/AjaxCheckService.setItemNumber.dwr HTTP/1.1" 200 77
58.39.61.91 - - [15/May/2022:12:41:24 +0800] "GET /xingrg/javascript/auto/indicator.gif HTTP/1.1" 404 1066
183.192.88.19 - - [15/May/2022:12:41:26 +0800] "POST /xingrg/dwr/call/plaincall/AjaxCheckService.setItemNumber.dwr HTTP/1.1" 200 77
183.192.88.19 - - [15/May/2022:12:41:28 +0800] "POST /xingrg/dwr/call/plaincall/AjaxCheckService.setItemNumber.dwr HTTP/1.1" 200 77
183.192.88.19 - - [15/May/2022:12:41:29 +0800] "POST /xingrg/dwr/call/plaincall/AjaxCheckService.setItemNumber.dwr HTTP/1.1" 200 77
101.93.182.165 - - [15/May/2022:12:41:29 +0800] "GET /xingrg/all/function/internal_message.html?_=1652589686022&CODE_STATE=getMsg HTTP/1.1" 200 27
116.233.76.66 - - [15/May/2022:12:41:30 +0800] "GET /xingrg/all/function/internal_message.html?_=1652589690300&CODE_STATE=getMsg HTTP/1.1" 200 27
116.233.76.66 - - [15/May/2022:12:41:30 +0800] "GET /xingrg/check_reg.html?_=1652589690303 HTTP/1.1" 200 22
183.192.88.19 - - [15/May/2022:12:41:32 +0800] "POST /xingrg/dwr/call/plaincall/AjaxCheckService.setItemNumber.dwr HTTP/1.1" 200 77
183.192.88.19 - - [15/May/2022:12:41:33 +0800] "POST /xingrg/dwr/call/plaincall/AjaxCheckService.setItemNumber.dwr HTTP/1.1" 200 77
58.39.61.91 - - [15/May/2022:12:41:35 +0800] "GET /xingrg/kc/buy/cgsh_order_operate.html?command=get_materiel&rest_code=00151&code=00101016105&supplier_code=00100151&order_time=2022-05-15 HTTP/1.1" 200 409
183.192.88.19 - - [15/May/2022:12:41:36 +0800] "POST /xingrg/dwr/call/plaincall/AjaxCheckService.setItemNumber.dwr HTTP/1.1" 200 77
183.192.88.19 - - [15/May/2022:12:41:38 +0800] "POST /xingrg/dwr/call/plaincall/AjaxCheckService.setItemNumber.dwr HTTP/1.1" 200 77
183.192.88.19 - - [15/May/2022:12:41:40 +0800] "POST /xingrg/dwr/call/plaincall/AjaxCheckService.setItemNumber.dwr HTTP/1.1" 200 77
120.253.135.82 - - [15/May/2022:12:41:40 +0800] "GET /xingrg/all/function/internal_message.html?_=1652589506367&CODE_STATE=getMsg HTTP/1.1" 200 27
180.156.212.250 - - [15/May/2022:12:41:41 +0800] "GET /xingrg/kc/base/wldb_order_operate.html?command=get_materiel&rest_code=00102&base_code=0010476&code=00101022006 HTTP/1.1" 200 454
183.192.88.19 - - [15/May/2022:12:41:42 +0800] "POST /xingrg/dwr/call/plaincall/AjaxCheckService.setItemNumber.dwr HTTP/1.1" 200 77
183.192.88.19 - - [15/May/2022:12:41:43 +0800] "POST /xingrg/dwr/call/plaincall/AjaxCheckService.setItemNumber.dwr HTTP/1.1" 200 77
180.156.212.250 - - [15/May/2022:12:41:45 +0800] "GET /xingrg/kc/base/wldb_order_operate.html?command=get_materiel&rest_code=00102&base_code=0010476&code=00101019313 HTTP/1.1" 200 456
58.39.61.91 - - [15/May/2022:12:41:45 +0800] "GET /xingrg/all/function/internal_message.html?_=1652589701270&CODE_STATE=getMsg HTTP/1.1" 200 27
116.235.92.88 - - [15/May/2022:12:41:48 +0800] "GET /xingrg/all/function/internal_message.html?_=1652589873405&CODE_STATE=getMsg HTTP/1.1" 200 27
183.192.88.19 - - [15/May/2022:12:41:48 +0800] "POST /xingrg/dwr/call/plaincall/AjaxCheckService.setItemNumber.dwr HTTP/1.1" 200 77
180.156.212.250 - - [15/May/2022:12:41:50 +0800] "GET /xingrg/kc/base/wldb_order_operate.html?command=get_materiel&rest_code=00102&base_code=0010476&code=00101019063 HTTP/1.1" 200 462
183.192.88.19 - - [15/May/2022:12:41:50 +0800] "POST /xingrg/dwr/call/plaincall/AjaxCheckService.setItemNumber.dwr HTTP/1.1" 200 77
58.39.61.91 - - [15/May/2022:12:41:50 +0800] "POST /xingrg/kc/buy/cgsh_order_operate.html HTTP/1.1" 200 37
183.192.88.19 - - [15/May/2022:12:41:52 +0800] "POST /xingrg/dwr/call/plaincall/AjaxCheckService.setItemNumber.dwr HTTP/1.1" 200 77
183.192.88.19 - - [15/May/2022:12:41:53 +0800] "POST /xingrg/dwr/call/plaincall/AjaxCheckService.setItemNumber.dwr HTTP/1.1" 200 77
58.39.61.91 - - [15/May/2022:12:41:54 +0800] "POST /xingrg/kc/buy/cgsh_order_operate.html HTTP/1.1" 200 12
58.39.61.91 - - [15/May/2022:12:41:55 +0800] "GET /xingrg/kc/buy/cgsh_order_info.html?code=212022051500859 HTTP/1.1" 200 62035
180.156.212.250 - - [15/May/2022:12:41:55 +0800] "GET /xingrg/kc/base/wldb_order_operate.html?command=get_materiel&rest_code=00102&base_code=0010476&code=00101019015 HTTP/1.1" 200 451
183.192.88.19 - - [15/May/2022:12:41:55 +0800] "POST /xingrg/dwr/call/plaincall/AjaxCheckService.setItemNumber.dwr HTTP/1.1" 200 77
58.39.61.91 - - [15/May/2022:12:41:55 +0800] "GET /xingrg/javascript/easyui/themes/default/validatebox.css HTTP/1.1" 404 1104
58.39.61.91 - - [15/May/2022:12:41:56 +0800] "POST /xingrg/kc/buy/cgsh_order_operate.html HTTP/1.1" 200 604
183.192.88.19 - - [15/May/2022:12:41:56 +0800] "POST /xingrg/dwr/call/plaincall/AjaxCheckService.setItemNumber.dwr HTTP/1.1" 200 77
183.192.88.19 - - [15/May/2022:12:41:58 +0800] "POST /xingrg/dwr/call/plaincall/AjaxCheckService.setItemNumber.dwr HTTP/1.1" 200 77
58.39.61.91 - - [15/May/2022:12:41:58 +0800] "GET /xingrg/kc/print/load_config.html?kc_code=cgsh HTTP/1.1" 200 1943
58.39.61.91 - - [15/May/2022:12:41:59 +0800] "GET /xingrg/kc/print/load_data.html?order_code=212022051500859&kc_code=cgsh&condition= HTTP/1.1" 200 696
183.192.88.19 - - [15/May/2022:12:42:00 +0800] "GET /xingrg/all/function/internal_message.html?_=1652589725390&CODE_STATE=getMsg HTTP/1.1" 200 27
183.192.88.19 - - [15/May/2022:12:42:01 +0800] "POST /xingrg/dwr/call/plaincall/AjaxCheckService.setItemNumber.dwr HTTP/1.1" 200 77
183.192.88.19 - - [15/May/2022:12:42:02 +0800] "POST /xingrg/dwr/call/plaincall/AjaxCheckService.setItemNumber.dwr HTTP/1.1" 200 77
183.192.88.19 - - [15/May/2022:12:42:04 +0800] "POST /xingrg/dwr/call/plaincall/AjaxCheckService.setItemNumber.dwr HTTP/1.1" 200 77
183.192.88.19 - - [15/May/2022:12:42:05 +0800] "POST /xingrg/dwr/call/plaincall/AjaxCheckService.setItemNumber.dwr HTTP/1.1" 200 77
180.162.5.188 - - [15/May/2022:12:42:08 +0800] "GET /xingrg/all/function/internal_message.html?_=1652589725003&CODE_STATE=getMsg HTTP/1.1" 200 27
183.192.88.19 - - [15/May/2022:12:42:09 +0800] "POST /xingrg/dwr/call/plaincall/AjaxCheckService.setItemNumber.dwr HTTP/1.1" 200 77
183.192.88.19 - - [15/May/2022:12:42:11 +0800] "POST /xingrg/dwr/call/plaincall/AjaxCheckService.setItemNumber.dwr HTTP/1.1" 200 77
183.192.88.19 - - [15/May/2022:12:42:13 +0800] "POST /xingrg/dwr/call/plaincall/AjaxCheckService.setItemNumber.dwr HTTP/1.1" 200 77
183.192.88.19 - - [15/May/2022:12:42:14 +0800] "POST /xingrg/dwr/call/plaincall/AjaxCheckService.setItemNumber.dwr HTTP/1.1" 200 77
183.192.88.19 - - [15/May/2022:12:42:16 +0800] "POST /xingrg/dwr/call/plaincall/AjaxCheckService.setItemNumber.dwr HTTP/1.1" 200 77
58.39.61.91 - - [15/May/2022:12:42:17 +0800] "GET /xingrg/all/function/internal_message.html?_=1652589689319&CODE_STATE=getMsg HTTP/1.1" 200 27
183.192.88.19 - - [15/May/2022:12:42:18 +0800] "POST /xingrg/dwr/call/plaincall/AjaxCheckService.setItemNumber.dwr HTTP/1.1" 200 77
180.156.212.250 - - [15/May/2022:12:42:19 +0800] "GET /xingrg/kc/base/wldb_order_operate.html?command=get_materiel&rest_code=00102&base_code=0010476&code=00101019142 HTTP/1.1" 200 464
183.192.88.19 - - [15/May/2022:12:42:20 +0800] "POST /xingrg/dwr/call/plaincall/AjaxCheckService.setItemNumber.dwr HTTP/1.1" 200 77
180.156.212.250 - - [15/May/2022:12:42:20 +0800] "GET /xingrg/check_reg.html?_=1652589806236 HTTP/1.1" 200 22
183.192.88.19 - - [15/May/2022:12:42:22 +0800] "POST /xingrg/dwr/call/plaincall/AjaxCheckService.setItemNumber.dwr HTTP/1.1" 200 77
183.192.88.19 - - [15/May/2022:12:42:24 +0800] "POST /xingrg/dwr/call/plaincall/AjaxCheckService.setItemNumber.dwr HTTP/1.1" 200 77
180.156.212.250 - - [15/May/2022:12:42:24 +0800] "GET /xingrg/all/function/internal_message.html?_=1652589810329&CODE_STATE=getMsg HTTP/1.1" 200 27
180.156.212.250 - - [15/May/2022:12:42:26 +0800] "GET /xingrg/kc/base/wldb_order_operate.html?command=get_materiel&rest_code=00102&base_code=0010476&code=00101016019 HTTP/1.1" 200 449
183.192.88.19 - - [15/May/2022:12:42:27 +0800] "POST /xingrg/dwr/call/plaincall/AjaxCheckService.setItemNumber.dwr HTTP/1.1" 200 77
183.192.88.19 - - [15/May/2022:12:42:28 +0800] "POST /xingrg/dwr/call/plaincall/AjaxCheckService.setItemNumber.dwr HTTP/1.1" 200 77
101.93.182.165 - - [15/May/2022:12:42:29 +0800] "GET /xingrg/all/function/internal_message.html?_=1652589746013&CODE_STATE=getMsg HTTP/1.1" 200 27
183.192.88.19 - - [15/May/2022:12:42:30 +0800] "POST /xingrg/dwr/call/plaincall/AjaxCheckService.setItemNumber.dwr HTTP/1.1" 200 77
116.233.76.66 - - [15/May/2022:12:42:30 +0800] "GET /xingrg/all/function/internal_message.html?_=1652589750302&CODE_STATE=getMsg HTTP/1.1" 200 27
183.192.88.19 - - [15/May/2022:12:42:31 +0800] "POST /xingrg/dwr/call/plaincall/AjaxCheckService.setItemNumber.dwr HTTP/1.1" 200 77
183.192.88.19 - - [15/May/2022:12:42:32 +0800] "POST /xingrg/dwr/call/plaincall/AjaxCheckService.setItemNumber.dwr HTTP/1.1" 200 77
180.156.212.250 - - [15/May/2022:12:42:33 +0800] "GET /xingrg/kc/base/wldb_order_operate.html?command=get_materiel&rest_code=00102&base_code=0010476&code=00101016035 HTTP/1.1" 200 469
183.192.88.19 - - [15/May/2022:12:42:33 +0800] "POST /xingrg/dwr/call/plaincall/AjaxCheckService.setItemNumber.dwr HTTP/1.1" 200 77
183.192.88.19 - - [15/May/2022:12:42:36 +0800] "POST /xingrg/dwr/call/plaincall/AjaxCheckService.setItemNumber.dwr HTTP/1.1" 200 77
180.156.212.250 - - [15/May/2022:12:42:38 +0800] "GET /xingrg/kc/base/wldb_order_operate.html?command=get_materiel&rest_code=00102&base_code=0010476&code=00101016049 HTTP/1.1" 200 445
183.192.88.19 - - [15/May/2022:12:42:39 +0800] "POST /xingrg/dwr/call/plaincall/AjaxCheckService.setItemNumber.dwr HTTP/1.1" 200 77
183.192.88.19 - - [15/May/2022:12:42:40 +0800] "POST /xingrg/dwr/call/plaincall/AjaxCheckService.setItemNumber.dwr HTTP/1.1" 200 77
120.253.135.82 - - [15/May/2022:12:42:40 +0800] "GET /xingrg/all/function/internal_message.html?_=1652589566546&CODE_STATE=getMsg HTTP/1.1" 200 27
183.192.88.19 - - [15/May/2022:12:42:42 +0800] "POST /xingrg/dwr/call/plaincall/AjaxCheckService.setItemNumber.dwr HTTP/1.1" 200 77
180.156.212.250 - - [15/May/2022:12:42:42 +0800] "GET /xingrg/kc/base/wldb_order_operate.html?command=get_materiel&rest_code=00102&base_code=0010476&code=00101016050 HTTP/1.1" 200 461
183.192.88.19 - - [15/May/2022:12:42:44 +0800] "POST /xingrg/dwr/call/plaincall/AjaxCheckService.setItemNumber.dwr HTTP/1.1" 200 77
58.39.61.91 - - [15/May/2022:12:42:45 +0800] "GET /xingrg/all/function/internal_message.html?_=1652589761280&CODE_STATE=getMsg HTTP/1.1" 200 27
183.192.88.19 - - [15/May/2022:12:42:45 +0800] "POST /xingrg/dwr/call/plaincall/AjaxCheckService.setItemNumber.dwr HTTP/1.1" 200 77
183.192.88.19 - - [15/May/2022:12:42:47 +0800] "POST /xingrg/dwr/call/plaincall/AjaxCheckService.setItemNumber.dwr HTTP/1.1" 200 77
116.235.92.88 - - [15/May/2022:12:42:48 +0800] "GET /xingrg/all/function/internal_message.html?_=1652589933385&CODE_STATE=getMsg HTTP/1.1" 200 27
183.192.88.19 - - [15/May/2022:12:42:49 +0800] "POST /xingrg/dwr/call/plaincall/AjaxCheckService.setItemNumber.dwr HTTP/1.1" 200 77
183.192.88.19 - - [15/May/2022:12:42:51 +0800] "POST /xingrg/dwr/call/plaincall/AjaxCheckService.setItemNumber.dwr HTTP/1.1" 200 77
183.192.88.19 - - [15/May/2022:12:42:52 +0800] "POST /xingrg/dwr/call/plaincall/AjaxCheckService.setItemNumber.dwr HTTP/1.1" 200 77
183.192.88.19 - - [15/May/2022:12:42:55 +0800] "POST /xingrg/dwr/call/plaincall/AjaxCheckService.setItemNumber.dwr HTTP/1.1" 200 77
183.192.88.19 - - [15/May/2022:12:42:57 +0800] "POST /xingrg/dwr/call/plaincall/AjaxCheckService.setItemNumber.dwr HTTP/1.1" 200 77
183.192.88.19 - - [15/May/2022:12:42:58 +0800] "POST /xingrg/dwr/call/plaincall/AjaxCheckService.setItemNumber.dwr HTTP/1.1" 200 77
183.192.88.19 - - [15/May/2022:12:42:59 +0800] "POST /xingrg/dwr/call/plaincall/AjaxCheckService.setItemNumber.dwr HTTP/1.1" 200 77
183.192.88.19 - - [15/May/2022:12:43:00 +0800] "GET /xingrg/all/function/internal_message.html?_=1652589785390&CODE_STATE=getMsg HTTP/1.1" 200 27
183.192.88.19 - - [15/May/2022:12:43:01 +0800] "POST /xingrg/dwr/call/plaincall/AjaxCheckService.setItemNumber.dwr HTTP/1.1" 200 77
183.192.88.19 - - [15/May/2022:12:43:02 +0800] "POST /xingrg/dwr/call/plaincall/AjaxCheckService.setItemNumber.dwr HTTP/1.1" 200 77
183.192.88.19 - - [15/May/2022:12:43:04 +0800] "POST /xingrg/dwr/call/plaincall/AjaxCheckService.setItemNumber.dwr HTTP/1.1" 200 77
120.253.135.82 - - [15/May/2022:12:43:05 +0800] "GET /xingrg/check_reg.html?_=1652589591411 HTTP/1.1" 200 22
183.192.88.19 - - [15/May/2022:12:43:06 +0800] "POST /xingrg/dwr/call/plaincall/AjaxCheckService.setItemNumber.dwr HTTP/1.1" 200 77
180.162.5.188 - - [15/May/2022:12:43:08 +0800] "GET /xingrg/all/function/internal_message.html?_=1652589784991&CODE_STATE=getMsg HTTP/1.1" 200 27
183.192.88.19 - - [15/May/2022:12:43:08 +0800] "POST /xingrg/dwr/call/plaincall/AjaxCheckService.setItemNumber.dwr HTTP/1.1" 200 77
183.192.88.19 - - [15/May/2022:12:43:10 +0800] "POST /xingrg/dwr/call/plaincall/AjaxCheckService.setItemNumber.dwr HTTP/1.1" 200 77
180.162.5.188 - - [15/May/2022:12:43:11 +0800] "GET /xingrg/check_reg.html?_=1652589787607 HTTP/1.1" 200 22
183.192.88.19 - - [15/May/2022:12:43:12 +0800] "POST /xingrg/dwr/call/plaincall/AjaxCheckService.setItemNumber.dwr HTTP/1.1" 200 77
183.192.88.19 - - [15/May/2022:12:43:13 +0800] "POST /xingrg/dwr/call/plaincall/AjaxCheckService.setItemNumber.dwr HTTP/1.1" 200 77
183.192.88.19 - - [15/May/2022:12:43:15 +0800] "POST /xingrg/dwr/call/plaincall/AjaxCheckService.setItemNumber.dwr HTTP/1.1" 200 77
183.192.88.19 - - [15/May/2022:12:43:17 +0800] "POST /xingrg/dwr/call/plaincall/AjaxCheckService.setItemNumber.dwr HTTP/1.1" 200 77
58.39.61.91 - - [15/May/2022:12:43:17 +0800] "GET /xingrg/all/function/internal_message.html?_=1652589749347&CODE_STATE=getMsg HTTP/1.1" 200 27
183.192.88.19 - - [15/May/2022:12:43:18 +0800] "POST /xingrg/dwr/call/plaincall/AjaxCheckService.setItemNumber.dwr HTTP/1.1" 200 78
183.192.88.19 - - [15/May/2022:12:43:20 +0800] "POST /xingrg/dwr/call/plaincall/AjaxCheckService.setItemNumber.dwr HTTP/1.1" 200 78
183.192.88.19 - - [15/May/2022:12:43:22 +0800] "POST /xingrg/dwr/call/plaincall/AjaxCheckService.setItemNumber.dwr HTTP/1.1" 200 78
183.192.88.19 - - [15/May/2022:12:43:23 +0800] "POST /xingrg/dwr/call/plaincall/AjaxCheckService.setItemNumber.dwr HTTP/1.1" 200 78
183.192.88.19 - - [15/May/2022:12:43:24 +0800] "POST /xingrg/dwr/call/plaincall/AjaxCheckService.setItemNumber.dwr HTTP/1.1" 200 78
183.192.88.19 - - [15/May/2022:12:43:26 +0800] "POST /xingrg/dwr/call/plaincall/AjaxCheckService.setItemNumber.dwr HTTP/1.1" 200 78
101.93.182.165 - - [15/May/2022:12:43:29 +0800] "GET /xingrg/all/function/internal_message.html?_=1652589806017&CODE_STATE=getMsg HTTP/1.1" 200 27
116.233.76.66 - - [15/May/2022:12:43:30 +0800] "GET /xingrg/all/function/internal_message.html?_=1652589810303&CODE_STATE=getMsg HTTP/1.1" 200 27
183.192.88.19 - - [15/May/2022:12:43:31 +0800] "POST /xingrg/dwr/call/plaincall/AjaxCheckService.setItemNumber.dwr HTTP/1.1" 200 78
183.192.88.19 - - [15/May/2022:12:43:34 +0800] "POST /xingrg/dwr/call/plaincall/AjaxCheckService.setItemNumber.dwr HTTP/1.1" 200 78
183.192.88.19 - - [15/May/2022:12:43:35 +0800] "POST /xingrg/dwr/call/plaincall/AjaxCheckService.setItemNumber.dwr HTTP/1.1" 200 78
183.192.88.19 - - [15/May/2022:12:43:38 +0800] "POST /xingrg/dwr/call/plaincall/AjaxCheckService.setItemNumber.dwr HTTP/1.1" 200 78
183.192.88.19 - - [15/May/2022:12:43:40 +0800] "POST /xingrg/dwr/call/plaincall/AjaxCheckService.setItemNumber.dwr HTTP/1.1" 200 78
120.253.135.82 - - [15/May/2022:12:43:40 +0800] "GET /xingrg/all/function/internal_message.html?_=1652589626550&CODE_STATE=getMsg HTTP/1.1" 200 27
58.39.61.91 - - [15/May/2022:12:43:45 +0800] "GET /xingrg/check_reg.html?_=1652589821267 HTTP/1.1" 200 22
58.39.61.91 - - [15/May/2022:12:43:45 +0800] "GET /xingrg/all/function/internal_message.html?_=1652589821273&CODE_STATE=getMsg HTTP/1.1" 200 27
116.235.92.88 - - [15/May/2022:12:43:48 +0800] "GET /xingrg/all/function/internal_message.html?_=1652589993356&CODE_STATE=getMsg HTTP/1.1" 200 27
183.192.88.19 - - [15/May/2022:12:43:49 +0800] "POST /xingrg/dwr/call/plaincall/AjaxCheckService.checkOrder.dwr HTTP/1.1" 200 80
183.192.88.19 - - [15/May/2022:12:43:50 +0800] "GET /xingrg/kc/base/check_order_info.html?code=452022051400046 HTTP/1.1" 200 23128
183.192.88.19 - - [15/May/2022:12:43:51 +0800] "GET /xingrg/dwr/interface/AjaxComOrderService.js HTTP/1.1" 200 18264
183.192.88.19 - - [15/May/2022:12:43:51 +0800] "GET /xingrg/dwr/interface/AjaxCheckService.js HTTP/1.1" 200 14003
183.192.88.19 - - [15/May/2022:12:43:51 +0800] "GET /xingrg/dwr/engine.js HTTP/1.1" 200 43631
183.192.88.19 - - [15/May/2022:12:43:52 +0800] "POST /xingrg/dwr/call/plaincall/AjaxCheckService.loadOrderItems.dwr HTTP/1.1" 200 34670
183.192.88.19 - - [15/May/2022:12:43:59 +0800] "POST /xingrg/kc/base/check_list_operate.html HTTP/1.1" 200 5520
183.192.88.19 - - [15/May/2022:12:44:00 +0800] "GET /xingrg/all/function/internal_message.html?_=1652589845402&CODE_STATE=getMsg HTTP/1.1" 200 27
183.192.88.19 - - [15/May/2022:12:44:05 +0800] "POST /xingrg/all/user/operate.html HTTP/1.1" 200 36
183.192.88.19 - - [15/May/2022:12:44:05 +0800] "GET /xingrg/index.html?sysBaseUrl=http%3A%2F%2F180.169.147.146%3A18081%2Fxingrg%2F&costTime=40×tamp=1652588731185 HTTP/1.1" 200 17503
183.192.88.19 - - [15/May/2022:12:44:05 +0800] "GET /xingrg/javascript/jquery_easy_ui/themes/default/easyui.css HTTP/1.1" 304 -
183.192.88.19 - - [15/May/2022:12:44:05 +0800] "GET /xingrg/javascript/jquery_easy_ui/themes/icon.css HTTP/1.1" 304 -
183.192.88.19 - - [15/May/2022:12:44:05 +0800] "GET /xingrg/css/form.css HTTP/1.1" 304 -
183.192.88.19 - - [15/May/2022:12:44:05 +0800] "GET /xingrg/javascript/jquery-1.4.2.min.js HTTP/1.1" 304 -
183.192.88.19 - - [15/May/2022:12:44:05 +0800] "GET /xingrg/javascript/jquery_easy_ui/jquery.easyui.min.js HTTP/1.1" 304 -
183.192.88.19 - - [15/May/2022:12:44:05 +0800] "GET /xingrg/javascript/jquery_easy_ui/easyui-lang-zh_CN.js HTTP/1.1" 304 -
183.192.88.19 - - [15/May/2022:12:44:05 +0800] "GET /xingrg/javascript/jquery.form.js HTTP/1.1" 304 -
183.192.88.19 - - [15/May/2022:12:44:05 +0800] "GET /xingrg/javascript/jquery.utils.js HTTP/1.1" 304 -
183.192.88.19 - - [15/May/2022:12:44:05 +0800] "GET /xingrg/javascript/jquery.timers.js HTTP/1.1" 304 -
183.192.88.19 - - [15/May/2022:12:44:05 +0800] "GET /xingrg/images/blue/jxLogo.png HTTP/1.1" 304 -
183.192.88.19 - - [15/May/2022:12:44:05 +0800] "GET /xingrg/images/blue/navBackgound.jpg HTTP/1.1" 304 -
183.192.88.19 - - [15/May/2022:12:44:05 +0800] "GET /xingrg/javascript/jquery_easy_ui/themes/icons/settle_new.png HTTP/1.1" 304 -
183.192.88.19 - - [15/May/2022:12:44:06 +0800] "POST /xingrg/all/common/load_tree.html?tree=area_rest_tree_json&manage=1 HTTP/1.1" 200 3472
183.192.88.19 - - [15/May/2022:12:44:06 +0800] "GET /xingrg/images/blue/pingpu.png HTTP/1.1" 304 -
183.192.88.19 - - [15/May/2022:12:44:06 +0800] "GET /xingrg/javascript/jquery_easy_ui/themes/default/images/tabs_leftarrow.png HTTP/1.1" 304 -
183.192.88.19 - - [15/May/2022:12:44:06 +0800] "GET /xingrg/javascript/jquery_easy_ui/themes/default/images/tabs_rightarrow.png HTTP/1.1" 304 -
183.192.88.19 - - [15/May/2022:12:44:06 +0800] "GET /xingrg/javascript/jquery_easy_ui/themes/default/images/panel_tool_collapse.gif HTTP/1.1" 304 -
183.192.88.19 - - [15/May/2022:12:44:06 +0800] "GET /xingrg/javascript/jquery_easy_ui/themes/default/images/panel_tool_expand.gif HTTP/1.1" 304 -
183.192.88.19 - - [15/May/2022:12:44:06 +0800] "GET /xingrg/all/function/internal_message.html?_=1652589851152&CODE_STATE=count HTTP/1.1" 200 11
183.192.88.19 - - [15/May/2022:12:44:06 +0800] "GET /xingrg/check_reg.html?_=1652589851152 HTTP/1.1" 200 22
183.192.88.19 - - [15/May/2022:12:44:06 +0800] "POST /xingrg/load_menu.html HTTP/1.1" 200 9959
180.162.5.188 - - [15/May/2022:12:44:08 +0800] "GET /xingrg/all/function/internal_message.html?_=1652589844970&CODE_STATE=getMsg HTTP/1.1" 200 27
183.192.88.19 - - [15/May/2022:12:44:09 +0800] "GET /xingrg/kc/base/base_main.html HTTP/1.1" 200 12142
183.192.88.19 - - [15/May/2022:12:44:10 +0800] "GET /xingrg/kc/base/check_order_list.html HTTP/1.1" 200 16481
183.192.88.19 - - [15/May/2022:12:44:11 +0800] "POST /xingrg/kc/base/check_list_operate.html HTTP/1.1" 200 1875
183.192.88.19 - - [15/May/2022:12:44:14 +0800] "GET /xingrg/kc/base/base_main.html HTTP/1.1" 200 12142
183.192.88.19 - - [15/May/2022:12:44:15 +0800] "GET /xingrg/kc/base/yddb_order_list.html HTTP/1.1" 200 16707
183.192.88.19 - - [15/May/2022:12:44:15 +0800] "POST /xingrg/kc/base/yddb_list_operate.html HTTP/1.1" 200 1337
58.39.61.91 - - [15/May/2022:12:44:17 +0800] "GET /xingrg/all/function/internal_message.html?_=1652589809375&CODE_STATE=getMsg HTTP/1.1" 200 27
183.192.88.19 - - [15/May/2022:12:44:21 +0800] "POST /xingrg/kc/base/yddb_list_operate.html HTTP/1.1" 200 1592
183.192.88.19 - - [15/May/2022:12:44:22 +0800] "POST /xingrg/kc/base/yddb_list_operate.html HTTP/1.1" 200 287
183.192.88.19 - - [15/May/2022:12:44:22 +0800] "POST /xingrg/kc/base/yddb_list_operate.html HTTP/1.1" 200 206
183.192.88.19 - - [15/May/2022:12:44:22 +0800] "GET /xingrg/kc/base/yddb_order_info.html?code=482022030600038 HTTP/1.1" 200 31910
183.192.88.19 - - [15/May/2022:12:44:22 +0800] "GET /xingrg/dwr/interface/AjaxComOrderService.js HTTP/1.1" 200 18264
183.192.88.19 - - [15/May/2022:12:44:22 +0800] "GET /xingrg/dwr/interface/AjaxYddbService.js HTTP/1.1" 200 13201
183.192.88.19 - - [15/May/2022:12:44:22 +0800] "GET /xingrg/dwr/engine.js HTTP/1.1" 200 43631
183.192.88.19 - - [15/May/2022:12:44:23 +0800] "POST /xingrg/dwr/call/plaincall/AjaxYddbService.loadMaterielItems.dwr HTTP/1.1" 200 401
183.192.88.19 - - [15/May/2022:12:44:26 +0800] "POST /xingrg/dwr/call/plaincall/AjaxYddbService.objCheckOrder.dwr HTTP/1.1" 200 78
183.192.88.19 - - [15/May/2022:12:44:27 +0800] "GET /xingrg/kc/base/yddb_order_info.html?code=482022030600038 HTTP/1.1" 200 32022
183.192.88.19 - - [15/May/2022:12:44:27 +0800] "GET /xingrg/dwr/interface/AjaxComOrderService.js HTTP/1.1" 200 18264
183.192.88.19 - - [15/May/2022:12:44:27 +0800] "GET /xingrg/dwr/interface/AjaxYddbService.js HTTP/1.1" 200 13201
183.192.88.19 - - [15/May/2022:12:44:27 +0800] "GET /xingrg/dwr/engine.js HTTP/1.1" 200 43631
183.192.88.19 - - [15/May/2022:12:44:28 +0800] "POST /xingrg/dwr/call/plaincall/AjaxYddbService.loadMaterielItems.dwr HTTP/1.1" 200 401
222.70.180.114 - - [15/May/2022:12:44:28 +0800] "GET /xingrg/check_reg.html?_=1652589862080 HTTP/1.1" 200 22
101.93.182.165 - - [15/May/2022:12:44:29 +0800] "GET /xingrg/all/function/internal_message.html?_=1652589866011&CODE_STATE=getMsg HTTP/1.1" 200 27
116.233.76.66 - - [15/May/2022:12:44:30 +0800] "GET /xingrg/all/function/internal_message.html?_=1652589870305&CODE_STATE=getMsg HTTP/1.1" 200 27
183.192.88.19 - - [15/May/2022:12:44:33 +0800] "POST /xingrg/kc/base/yddb_list_operate.html HTTP/1.1" 200 1333
120.253.135.82 - - [15/May/2022:12:44:40 +0800] "GET /xingrg/all/function/internal_message.html?_=1652589686565&CODE_STATE=getMsg HTTP/1.1" 200 27
183.192.88.19 - - [15/May/2022:12:44:41 +0800] "POST /xingrg/all/user/operate.html HTTP/1.1" 200 36
183.192.88.19 - - [15/May/2022:12:44:42 +0800] "GET /xingrg/index.html?sysBaseUrl=http%3A%2F%2F180.169.147.146%3A18081%2Fxingrg%2F&costTime=40×tamp=1652588731185 HTTP/1.1" 200 17509
183.192.88.19 - - [15/May/2022:12:44:42 +0800] "GET /xingrg/javascript/jquery_easy_ui/themes/default/easyui.css HTTP/1.1" 304 -
183.192.88.19 - - [15/May/2022:12:44:42 +0800] "GET /xingrg/javascript/jquery_easy_ui/themes/icon.css HTTP/1.1" 304 -
183.192.88.19 - - [15/May/2022:12:44:42 +0800] "GET /xingrg/css/form.css HTTP/1.1" 304 -
183.192.88.19 - - [15/May/2022:12:44:42 +0800] "GET /xingrg/javascript/jquery-1.4.2.min.js HTTP/1.1" 304 -
183.192.88.19 - - [15/May/2022:12:44:42 +0800] "GET /xingrg/javascript/jquery_easy_ui/jquery.easyui.min.js HTTP/1.1" 304 -
183.192.88.19 - - [15/May/2022:12:44:42 +0800] "GET /xingrg/javascript/jquery_easy_ui/easyui-lang-zh_CN.js HTTP/1.1" 304 -
183.192.88.19 - - [15/May/2022:12:44:42 +0800] "GET /xingrg/javascript/jquery.form.js HTTP/1.1" 304 -
183.192.88.19 - - [15/May/2022:12:44:42 +0800] "GET /xingrg/javascript/jquery.utils.js HTTP/1.1" 304 -
183.192.88.19 - - [15/May/2022:12:44:42 +0800] "GET /xingrg/javascript/jquery.timers.js HTTP/1.1" 304 -
183.192.88.19 - - [15/May/2022:12:44:42 +0800] "GET /xingrg/images/blue/jxLogo.png HTTP/1.1" 304 -
183.192.88.19 - - [15/May/2022:12:44:42 +0800] "GET /xingrg/images/blue/navBackgound.jpg HTTP/1.1" 304 -
183.192.88.19 - - [15/May/2022:12:44:42 +0800] "GET /xingrg/javascript/jquery_easy_ui/themes/icons/settle_new.png HTTP/1.1" 304 -
183.192.88.19 - - [15/May/2022:12:44:42 +0800] "GET /xingrg/images/blue/pingpu.png HTTP/1.1" 304 -
183.192.88.19 - - [15/May/2022:12:44:42 +0800] "GET /xingrg/javascript/jquery_easy_ui/themes/default/images/tabs_leftarrow.png HTTP/1.1" 304 -
183.192.88.19 - - [15/May/2022:12:44:42 +0800] "GET /xingrg/javascript/jquery_easy_ui/themes/default/images/tabs_rightarrow.png HTTP/1.1" 304 -
183.192.88.19 - - [15/May/2022:12:44:42 +0800] "POST /xingrg/all/common/load_tree.html?tree=area_rest_tree_json&manage=1 HTTP/1.1" 200 3472
183.192.88.19 - - [15/May/2022:12:44:42 +0800] "GET /xingrg/javascript/jquery_easy_ui/themes/default/images/panel_tool_collapse.gif HTTP/1.1" 304 -
183.192.88.19 - - [15/May/2022:12:44:42 +0800] "GET /xingrg/javascript/jquery_easy_ui/themes/default/images/panel_tool_expand.gif HTTP/1.1" 304 -
183.192.88.19 - - [15/May/2022:12:44:42 +0800] "GET /xingrg/all/function/internal_message.html?_=1652589887789&CODE_STATE=count HTTP/1.1" 200 11
183.192.88.19 - - [15/May/2022:12:44:42 +0800] "POST /xingrg/load_menu.html HTTP/1.1" 200 9959
183.192.88.19 - - [15/May/2022:12:44:42 +0800] "GET /xingrg/check_reg.html?_=1652589887805 HTTP/1.1" 200 22
183.192.88.19 - - [15/May/2022:12:44:45 +0800] "GET /xingrg/kc/base/base_main.html HTTP/1.1" 200 12142
58.39.61.91 - - [15/May/2022:12:44:45 +0800] "GET /xingrg/all/function/internal_message.html?_=1652589881272&CODE_STATE=getMsg HTTP/1.1" 200 27
183.192.88.19 - - [15/May/2022:12:44:47 +0800] "GET /xingrg/kc/base/check_order_list.html HTTP/1.1" 200 16487
183.192.88.19 - - [15/May/2022:12:44:47 +0800] "POST /xingrg/kc/base/check_list_operate.html HTTP/1.1" 200 781
116.235.92.88 - - [15/May/2022:12:44:48 +0800] "GET /xingrg/all/function/internal_message.html?_=1652590053330&CODE_STATE=getMsg HTTP/1.1" 200 27
183.192.88.19 - - [15/May/2022:12:44:50 +0800] "POST /xingrg/kc/base/check_list_operate.html HTTP/1.1" 200 5520
183.192.88.19 - - [15/May/2022:12:44:57 +0800] "GET /xingrg/kc/base/check_order_add.html HTTP/1.1" 200 26402
183.192.88.19 - - [15/May/2022:12:44:57 +0800] "GET /xingrg/dwr/interface/AjaxCheckService.js HTTP/1.1" 200 14003
183.192.88.19 - - [15/May/2022:12:44:57 +0800] "GET /xingrg/dwr/interface/AjaxComOrderService.js HTTP/1.1" 200 18264
183.192.88.19 - - [15/May/2022:12:44:57 +0800] "GET /xingrg/dwr/engine.js HTTP/1.1" 200 43631
180.162.5.188 - - [15/May/2022:12:45:08 +0800] "GET /xingrg/all/function/internal_message.html?_=1652589904948&CODE_STATE=getMsg HTTP/1.1" 200 27
183.192.88.19 - - [15/May/2022:12:45:13 +0800] "GET /xingrg/kc/base/check_order_add.html HTTP/1.1" 200 26402
183.192.88.19 - - [15/May/2022:12:45:13 +0800] "GET /xingrg/dwr/interface/AjaxComOrderService.js HTTP/1.1" 200 18264
183.192.88.19 - - [15/May/2022:12:45:13 +0800] "GET /xingrg/dwr/interface/AjaxCheckService.js HTTP/1.1" 200 14003
183.192.88.19 - - [15/May/2022:12:45:13 +0800] "GET /xingrg/dwr/engine.js HTTP/1.1" 200 43631
58.39.61.91 - - [15/May/2022:12:45:17 +0800] "GET /xingrg/all/function/internal_message.html?_=1652589869391&CODE_STATE=getMsg HTTP/1.1" 200 27
117.143.45.22 - - [15/May/2022:12:45:18 +0800] "GET /xingrg/check_reg.html?_=1652589914336 HTTP/1.1" 200 22
183.192.88.19 - - [15/May/2022:12:45:21 +0800] "POST /xingrg/dwr/call/plaincall/AjaxCheckService.saveOrder.dwr HTTP/1.1" 200 78
183.192.88.19 - - [15/May/2022:12:45:22 +0800] "POST /xingrg/dwr/call/plaincall/AjaxCheckService.loadOrderItems.dwr HTTP/1.1" 200 367
183.192.88.19 - - [15/May/2022:12:45:25 +0800] "POST /xingrg/kc/report/common_data.html?type=materiel_category_tree HTTP/1.1" 200 3878
101.93.182.165 - - [15/May/2022:12:45:29 +0800] "GET /xingrg/all/function/internal_message.html?_=1652589926014&CODE_STATE=getMsg HTTP/1.1" 200 27
101.93.182.165 - - [15/May/2022:12:45:29 +0800] "GET /xingrg/check_reg.html?_=1652589926020 HTTP/1.1" 200 22
116.233.76.66 - - [15/May/2022:12:45:30 +0800] "GET /xingrg/all/function/internal_message.html?_=1652589930308&CODE_STATE=getMsg HTTP/1.1" 200 27
183.192.88.19 - - [15/May/2022:12:45:30 +0800] "POST /xingrg/dwr/call/plaincall/AjaxCheckService.importOrderItems.dwr HTTP/1.1" 200 78
183.192.88.19 - - [15/May/2022:12:45:31 +0800] "POST /xingrg/dwr/call/plaincall/AjaxCheckService.loadOrderItems.dwr HTTP/1.1" 200 8969
183.192.88.19 - - [15/May/2022:12:45:34 +0800] "POST /xingrg/dwr/call/plaincall/AjaxCheckService.setItemNumber.dwr HTTP/1.1" 200 76
183.192.88.19 - - [15/May/2022:12:45:36 +0800] "POST /xingrg/dwr/call/plaincall/AjaxCheckService.setItemNumber.dwr HTTP/1.1" 200 76
183.192.88.19 - - [15/May/2022:12:45:37 +0800] "POST /xingrg/dwr/call/plaincall/AjaxCheckService.setItemNumber.dwr HTTP/1.1" 200 76
183.192.88.19 - - [15/May/2022:12:45:38 +0800] "POST /xingrg/dwr/call/plaincall/AjaxCheckService.setItemNumber.dwr HTTP/1.1" 200 76
183.192.88.19 - - [15/May/2022:12:45:39 +0800] "POST /xingrg/dwr/call/plaincall/AjaxCheckService.setItemNumber.dwr HTTP/1.1" 200 76
183.192.88.19 - - [15/May/2022:12:45:40 +0800] "POST /xingrg/dwr/call/plaincall/AjaxCheckService.setItemNumber.dwr HTTP/1.1" 200 76
120.253.135.82 - - [15/May/2022:12:45:41 +0800] "GET /xingrg/all/function/internal_message.html?_=1652589746731&CODE_STATE=getMsg HTTP/1.1" 200 27
183.192.88.19 - - [15/May/2022:12:45:42 +0800] "POST /xingrg/dwr/call/plaincall/AjaxCheckService.setItemNumber.dwr HTTP/1.1" 200 77
183.192.88.19 - - [15/May/2022:12:45:42 +0800] "GET /xingrg/all/function/internal_message.html?_=1652589947798&CODE_STATE=getMsg HTTP/1.1" 200 27
183.192.88.19 - - [15/May/2022:12:45:43 +0800] "POST /xingrg/dwr/call/plaincall/AjaxCheckService.setItemNumber.dwr HTTP/1.1" 200 77
183.192.88.19 - - [15/May/2022:12:45:44 +0800] "POST /xingrg/dwr/call/plaincall/AjaxCheckService.setItemNumber.dwr HTTP/1.1" 200 77
58.39.61.91 - - [15/May/2022:12:45:45 +0800] "GET /xingrg/all/function/internal_message.html?_=1652589941271&CODE_STATE=getMsg HTTP/1.1" 200 27
183.192.88.19 - - [15/May/2022:12:45:45 +0800] "POST /xingrg/dwr/call/plaincall/AjaxCheckService.setItemNumber.dwr HTTP/1.1" 200 77
183.192.88.19 - - [15/May/2022:12:45:47 +0800] "POST /xingrg/dwr/call/plaincall/AjaxCheckService.setItemNumber.dwr HTTP/1.1" 200 77
116.235.92.88 - - [15/May/2022:12:45:48 +0800] "GET /xingrg/all/function/internal_message.html?_=1652590113301&CODE_STATE=getMsg HTTP/1.1" 200 27
183.192.88.19 - - [15/May/2022:12:45:48 +0800] "POST /xingrg/dwr/call/plaincall/AjaxCheckService.setItemNumber.dwr HTTP/1.1" 200 77
183.192.88.19 - - [15/May/2022:12:45:50 +0800] "POST /xingrg/dwr/call/plaincall/AjaxCheckService.setItemNumber.dwr HTTP/1.1" 200 77
116.232.33.53 - - [15/May/2022:12:45:53 +0800] "POST /xingrg/services/DataTransmitService HTTP/1.1" 200 524
183.192.88.19 - - [15/May/2022:12:45:59 +0800] "POST /xingrg/dwr/call/plaincall/AjaxCheckService.checkOrder.dwr HTTP/1.1" 200 79
183.192.88.19 - - [15/May/2022:12:46:00 +0800] "GET /xingrg/kc/base/check_order_info.html?code=452022051500051 HTTP/1.1" 200 23124
183.192.88.19 - - [15/May/2022:12:46:00 +0800] "GET /xingrg/dwr/interface/AjaxCheckService.js HTTP/1.1" 200 14003
183.192.88.19 - - [15/May/2022:12:46:00 +0800] "GET /xingrg/dwr/interface/AjaxComOrderService.js HTTP/1.1" 200 18264
183.192.88.19 - - [15/May/2022:12:46:00 +0800] "GET /xingrg/dwr/engine.js HTTP/1.1" 200 43631
183.192.88.19 - - [15/May/2022:12:46:01 +0800] "POST /xingrg/dwr/call/plaincall/AjaxCheckService.loadOrderItems.dwr HTTP/1.1" 200 4334
180.156.212.250 - - [15/May/2022:12:46:07 +0800] "GET /xingrg/login.html HTTP/1.1" 200 7641
116.235.92.88 - - [15/May/2022:12:46:07 +0800] "GET /xingrg/check_reg.html?_=1652590133013 HTTP/1.1" 200 22
180.156.212.250 - - [15/May/2022:12:46:08 +0800] "GET /xingrg/images/blue/jxLogo.png HTTP/1.1" 304 -
180.162.5.188 - - [15/May/2022:12:46:08 +0800] "GET /xingrg/all/function/internal_message.html?_=1652589964930&CODE_STATE=getMsg HTTP/1.1" 200 27
183.192.88.19 - - [15/May/2022:12:46:08 +0800] "POST /xingrg/kc/base/check_list_operate.html HTTP/1.1" 200 5523
180.156.212.250 - - [15/May/2022:12:46:08 +0800] "GET /xingrg/images/blue/login_bg.png HTTP/1.1" 304 -
180.156.212.250 - - [15/May/2022:12:46:08 +0800] "GET /xingrg/images/blue/hj.png HTTP/1.1" 304 -
180.156.212.250 - - [15/May/2022:12:46:08 +0800] "GET /xingrg/images/blue/srbg.png HTTP/1.1" 304 -
180.156.212.250 - - [15/May/2022:12:46:09 +0800] "GET /favicon.ico HTTP/1.1" 404 -
183.192.88.19 - - [15/May/2022:12:46:11 +0800] "GET /xingrg/dwr/interface/AjaxComOrderService.js HTTP/1.1" 200 18264
183.192.88.19 - - [15/May/2022:12:46:11 +0800] "GET /xingrg/dwr/interface/AjaxCheckService.js HTTP/1.1" 200 14003
183.192.88.19 - - [15/May/2022:12:46:11 +0800] "GET /xingrg/dwr/engine.js HTTP/1.1" 200 43631
