183.192.88.19 - - [15/May/2022:12:46:11 +0800] "GET /xingrg/kc/base/check_order_add.html HTTP/1.1" 200 26402
218.81.223.53 - - [15/May/2022:12:46:14 +0800] "GET /xingrg/check_reg.html?_=1652589996101 HTTP/1.1" 200 22
58.39.61.91 - - [15/May/2022:12:46:17 +0800] "GET /xingrg/check_reg.html?_=1652589929323 HTTP/1.1" 200 22
58.39.61.91 - - [15/May/2022:12:46:17 +0800] "GET /xingrg/all/function/internal_message.html?_=1652589929404&CODE_STATE=getMsg HTTP/1.1" 200 27
180.156.212.250 - - [15/May/2022:12:46:18 +0800] "POST /xingrg/login.do HTTP/1.1" 302 -
180.156.212.250 - - [15/May/2022:12:46:18 +0800] "GET /xingrg/index.html?sysBaseUrl=http%3A%2F%2F180.169.147.146%3A18081%2Fxingrg%2F&costTime=41×tamp=1652589978106 HTTP/1.1" 200 17173
180.156.212.250 - - [15/May/2022:12:46:18 +0800] "GET /xingrg/javascript/jquery_easy_ui/themes/default/easyui.css HTTP/1.1" 304 -
180.156.212.250 - - [15/May/2022:12:46:18 +0800] "GET /xingrg/javascript/jquery.form.js HTTP/1.1" 304 -
180.156.212.250 - - [15/May/2022:12:46:18 +0800] "GET /xingrg/css/form.css HTTP/1.1" 304 -
180.156.212.250 - - [15/May/2022:12:46:18 +0800] "GET /xingrg/javascript/jquery.timers.js HTTP/1.1" 304 -
180.156.212.250 - - [15/May/2022:12:46:18 +0800] "GET /xingrg/javascript/jquery_easy_ui/themes/icon.css HTTP/1.1" 304 -
180.156.212.250 - - [15/May/2022:12:46:18 +0800] "GET /xingrg/javascript/jquery_easy_ui/jquery.easyui.min.js HTTP/1.1" 304 -
180.156.212.250 - - [15/May/2022:12:46:18 +0800] "GET /xingrg/javascript/jquery-1.4.2.min.js HTTP/1.1" 304 -
180.156.212.250 - - [15/May/2022:12:46:18 +0800] "GET /xingrg/javascript/jquery_easy_ui/easyui-lang-zh_CN.js HTTP/1.1" 304 -
180.156.212.250 - - [15/May/2022:12:46:18 +0800] "GET /xingrg/javascript/jquery.utils.js HTTP/1.1" 304 -
180.156.212.250 - - [15/May/2022:12:46:18 +0800] "GET /xingrg/images/blue/navBackgound.jpg HTTP/1.1" 304 -
180.156.212.250 - - [15/May/2022:12:46:18 +0800] "GET /xingrg/javascript/jquery_easy_ui/themes/icons/settle_new.png HTTP/1.1" 304 -
180.156.212.250 - - [15/May/2022:12:46:19 +0800] "POST /xingrg/all/common/load_tree.html?tree=area_rest_tree_json&manage=1 HTTP/1.1" 200 342
180.156.212.250 - - [15/May/2022:12:46:19 +0800] "GET /xingrg/images/blue/pingpu.png HTTP/1.1" 304 -
180.156.212.250 - - [15/May/2022:12:46:19 +0800] "GET /xingrg/javascript/jquery_easy_ui/themes/default/images/tabs_leftarrow.png HTTP/1.1" 304 -
180.156.212.250 - - [15/May/2022:12:46:19 +0800] "GET /xingrg/javascript/jquery_easy_ui/themes/default/images/tabs_rightarrow.png HTTP/1.1" 304 -
180.156.212.250 - - [15/May/2022:12:46:19 +0800] "GET /xingrg/javascript/jquery_easy_ui/themes/default/images/panel_tool_collapse.gif HTTP/1.1" 304 -
183.192.88.19 - - [15/May/2022:12:46:19 +0800] "POST /xingrg/dwr/call/plaincall/AjaxCheckService.saveOrder.dwr HTTP/1.1" 200 78
180.156.212.250 - - [15/May/2022:12:46:20 +0800] "GET /xingrg/all/function/internal_message.html?_=1652590045605&CODE_STATE=count HTTP/1.1" 200 11
180.156.212.250 - - [15/May/2022:12:46:20 +0800] "GET /xingrg/check_reg.html?_=1652590045607 HTTP/1.1" 200 22
180.156.212.250 - - [15/May/2022:12:46:20 +0800] "POST /xingrg/load_menu.html HTTP/1.1" 200 5138
183.192.88.19 - - [15/May/2022:12:46:20 +0800] "POST /xingrg/dwr/call/plaincall/AjaxCheckService.loadOrderItems.dwr HTTP/1.1" 200 367
180.156.212.250 - - [15/May/2022:12:46:20 +0800] "GET /favicon.ico HTTP/1.1" 404 -
180.156.212.250 - - [15/May/2022:12:46:20 +0800] "GET /xingrg/javascript/jquery_easy_ui/themes/default/images/tree_arrows.gif HTTP/1.1" 304 -
180.156.212.250 - - [15/May/2022:12:46:20 +0800] "GET /xingrg/javascript/jquery_easy_ui/themes/default/images/tree_folder_open.gif HTTP/1.1" 304 -
180.156.212.250 - - [15/May/2022:12:46:20 +0800] "GET /xingrg/javascript/jquery_easy_ui/themes/icons/search_new.png HTTP/1.1" 304 -
180.156.212.250 - - [15/May/2022:12:46:20 +0800] "GET /xingrg/javascript/jquery_easy_ui/themes/default/images/tree_folder.gif HTTP/1.1" 304 -
180.156.212.250 - - [15/May/2022:12:46:20 +0800] "GET /xingrg/javascript/jquery_easy_ui/themes/icons/storage_new.png HTTP/1.1" 304 -
180.156.212.250 - - [15/May/2022:12:46:21 +0800] "GET /xingrg/javascript/jquery_easy_ui/themes/icons/forms_new.png HTTP/1.1" 304 -
180.156.212.250 - - [15/May/2022:12:46:21 +0800] "GET /xingrg/javascript/jquery_easy_ui/themes/default/images/tree_file.gif HTTP/1.1" 304 -
183.192.88.19 - - [15/May/2022:12:46:22 +0800] "POST /xingrg/kc/report/common_data.html?type=materiel_category_tree HTTP/1.1" 200 3878
183.192.88.19 - - [15/May/2022:12:46:27 +0800] "POST /xingrg/dwr/call/plaincall/AjaxCheckService.importOrderItems.dwr HTTP/1.1" 200 78
183.192.88.19 - - [15/May/2022:12:46:28 +0800] "POST /xingrg/dwr/call/plaincall/AjaxCheckService.loadOrderItems.dwr HTTP/1.1" 200 12994
101.93.182.165 - - [15/May/2022:12:46:29 +0800] "GET /xingrg/all/function/internal_message.html?_=1652589986022&CODE_STATE=getMsg HTTP/1.1" 200 27
116.233.76.66 - - [15/May/2022:12:46:30 +0800] "GET /xingrg/all/function/internal_message.html?_=1652589990309&CODE_STATE=getMsg HTTP/1.1" 200 27
116.233.76.66 - - [15/May/2022:12:46:30 +0800] "GET /xingrg/check_reg.html?_=1652589990310 HTTP/1.1" 200 22
180.156.212.250 - - [15/May/2022:12:46:31 +0800] "GET /xingrg/javascript/jquery_easy_ui/themes/default/images/tabs_close.gif HTTP/1.1" 304 -
180.156.212.250 - - [15/May/2022:12:46:31 +0800] "GET /xingrg/kc/base/wldb_order_list.html HTTP/1.1" 200 19101
180.156.212.250 - - [15/May/2022:12:46:31 +0800] "GET /xingrg/css/base.css HTTP/1.1" 304 -
180.156.212.250 - - [15/May/2022:12:46:31 +0800] "GET /xingrg/css/site.css HTTP/1.1" 304 -
180.156.212.250 - - [15/May/2022:12:46:31 +0800] "GET /xingrg/javascript/easyui/themes/icon.css HTTP/1.1" 304 -
180.156.212.250 - - [15/May/2022:12:46:31 +0800] "GET /xingrg/javascript/auto/jquery.autocomplete.css HTTP/1.1" 304 -
180.156.212.250 - - [15/May/2022:12:46:31 +0800] "GET /xingrg/javascript/jquery_tools/datebox.css HTTP/1.1" 304 -
180.156.212.250 - - [15/May/2022:12:46:31 +0800] "GET /xingrg/javascript/jquery_tools/jquery.tools.hotkey.js HTTP/1.1" 304 -
180.156.212.250 - - [15/May/2022:12:46:31 +0800] "GET /xingrg/javascript/jquery_tools/jquery.tools.table.js HTTP/1.1" 304 -
180.156.212.250 - - [15/May/2022:12:46:31 +0800] "GET /xingrg/javascript/jquery_tools/list_manager.js HTTP/1.1" 304 -
180.156.212.250 - - [15/May/2022:12:46:31 +0800] "GET /xingrg/javascript/easyui/themes/default/easyui.css HTTP/1.1" 304 -
180.156.212.250 - - [15/May/2022:12:46:31 +0800] "GET /xingrg/javascript/easyui/easyloader.js HTTP/1.1" 304 -
180.156.212.250 - - [15/May/2022:12:46:31 +0800] "GET /xingrg/javascript/jquery.cookie.js HTTP/1.1" 304 -
180.156.212.250 - - [15/May/2022:12:46:31 +0800] "GET /xingrg/javascript/print/LodopFuncs.js HTTP/1.1" 304 -
180.156.212.250 - - [15/May/2022:12:46:31 +0800] "GET /xingrg/javascript/jquery_tools/table.css HTTP/1.1" 304 -
180.156.212.250 - - [15/May/2022:12:46:31 +0800] "GET /xingrg/javascript/jquery_tools/jquery.tools.min.js HTTP/1.1" 304 -
180.156.212.250 - - [15/May/2022:12:46:31 +0800] "GET /xingrg/javascript/jquery_tools/fix.css HTTP/1.1" 304 -
180.156.212.250 - - [15/May/2022:12:46:31 +0800] "GET /xingrg/javascript/jquery_tools/jquery.tools.extend.js HTTP/1.1" 304 -
180.156.212.250 - - [15/May/2022:12:46:31 +0800] "GET /xingrg/javascript/auto/jquery.autocomplete.js HTTP/1.1" 304 -
180.156.212.250 - - [15/May/2022:12:46:32 +0800] "GET /xingrg/javascript/easyui/themes/icons/edit_add_new.png HTTP/1.1" 304 -
180.156.212.250 - - [15/May/2022:12:46:32 +0800] "GET /xingrg/javascript/easyui/themes/icons/cance_new.png HTTP/1.1" 304 -
180.156.212.250 - - [15/May/2022:12:46:32 +0800] "GET /xingrg/javascript/easyui/themes/icons/check_new.png HTTP/1.1" 304 -
180.156.212.250 - - [15/May/2022:12:46:32 +0800] "GET /xingrg/javascript/easyui/themes/icons/field_new.png HTTP/1.1" 304 -
180.156.212.250 - - [15/May/2022:12:46:32 +0800] "GET /xingrg/javascript/easyui/themes/icons/import_new.png HTTP/1.1" 304 -
180.156.212.250 - - [15/May/2022:12:46:32 +0800] "GET /xingrg/javascript/easyui/plugins/jquery.parser.js HTTP/1.1" 304 -
180.156.212.250 - - [15/May/2022:12:46:32 +0800] "GET /xingrg/images/control/ajaxLoader.gif HTTP/1.1" 304 -
180.156.212.250 - - [15/May/2022:12:46:32 +0800] "GET /xingrg/javascript/jquery_easy_ui/themes/icons/area.png HTTP/1.1" 304 -
180.156.212.250 - - [15/May/2022:12:46:32 +0800] "GET /xingrg/javascript/jquery_easy_ui/themes/icons/rest.png HTTP/1.1" 304 -
180.156.212.250 - - [15/May/2022:12:46:32 +0800] "POST /xingrg/kc/base/wldb_list_operate.html HTTP/1.1" 200 928
183.192.88.19 - - [15/May/2022:12:46:35 +0800] "POST /xingrg/dwr/call/plaincall/AjaxCheckService.checkOrder.dwr HTTP/1.1" 200 78
183.192.88.19 - - [15/May/2022:12:46:36 +0800] "GET /xingrg/kc/base/check_order_info.html?code=452022051500052 HTTP/1.1" 200 23118
183.192.88.19 - - [15/May/2022:12:46:37 +0800] "GET /xingrg/dwr/interface/AjaxComOrderService.js HTTP/1.1" 200 18264
183.192.88.19 - - [15/May/2022:12:46:37 +0800] "GET /xingrg/dwr/interface/AjaxCheckService.js HTTP/1.1" 200 14003
183.192.88.19 - - [15/May/2022:12:46:37 +0800] "GET /xingrg/dwr/engine.js HTTP/1.1" 200 43631
180.156.212.250 - - [15/May/2022:12:46:37 +0800] "GET /xingrg/javascript/easyui/themes/default/images/button_plain_hover.png HTTP/1.1" 304 -
183.192.88.19 - - [15/May/2022:12:46:37 +0800] "POST /xingrg/dwr/call/plaincall/AjaxCheckService.loadOrderItems.dwr HTTP/1.1" 200 5853
180.156.212.250 - - [15/May/2022:12:46:39 +0800] "GET /xingrg/kc/base/wldb_order_add.html HTTP/1.1" 200 30311
180.156.212.250 - - [15/May/2022:12:46:39 +0800] "GET /xingrg/javascript/pic_change.js HTTP/1.1" 304 -
180.156.212.250 - - [15/May/2022:12:46:39 +0800] "GET /xingrg/javascript/json2.js HTTP/1.1" 304 -
180.156.212.250 - - [15/May/2022:12:46:39 +0800] "GET /xingrg/javascript/jquery_tools/order_manager.js HTTP/1.1" 304 -
180.156.212.250 - - [15/May/2022:12:46:39 +0800] "GET /xingrg/javascript/print/kc_print.js HTTP/1.1" 304 -
180.156.212.250 - - [15/May/2022:12:46:39 +0800] "GET /xingrg/javascript/convert.js HTTP/1.1" 304 -
180.156.212.250 - - [15/May/2022:12:46:39 +0800] "GET /xingrg/words/20220514110351_words.js HTTP/1.1" 304 -
180.156.212.250 - - [15/May/2022:12:46:40 +0800] "GET /xingrg/javascript/easyui/themes/icons/template_new.png HTTP/1.1" 304 -
180.156.212.250 - - [15/May/2022:12:46:40 +0800] "GET /xingrg/javascript/easyui/themes/icons/ok.png HTTP/1.1" 304 -
180.156.212.250 - - [15/May/2022:12:46:40 +0800] "GET /xingrg/javascript/easyui/themes/icons/print.png HTTP/1.1" 304 -
180.156.212.250 - - [15/May/2022:12:46:40 +0800] "GET /xingrg/javascript/easyui/themes/default/images/menu_downarrow.png HTTP/1.1" 304 -
180.156.212.250 - - [15/May/2022:12:46:40 +0800] "GET /xingrg/javascript/easyui/themes/icons/cancel.png HTTP/1.1" 304 -
180.156.212.250 - - [15/May/2022:12:46:40 +0800] "POST /xingrg/kc/base/wldb_order_operate.html HTTP/1.1" 200 6806
180.156.212.250 - - [15/May/2022:12:46:40 +0800] "GET /xingrg/javascript/easyui/themes/icons/edit_remove.png HTTP/1.1" 304 -
183.192.88.19 - - [15/May/2022:12:46:40 +0800] "POST /xingrg/kc/base/check_list_operate.html HTTP/1.1" 200 5517
180.156.212.250 - - [15/May/2022:12:46:40 +0800] "GET /xingrg/all/common/auto_word.html?type=base&rest_code=00102 HTTP/1.1" 200 1807
180.156.212.250 - - [15/May/2022:12:46:40 +0800] "GET /xingrg/all/common/auto_word.html?type=base&rest_code=00102 HTTP/1.1" 200 1807
120.253.135.82 - - [15/May/2022:12:46:41 +0800] "GET /xingrg/all/function/internal_message.html?_=1652589806731&CODE_STATE=getMsg HTTP/1.1" 200 27
180.156.212.250 - - [15/May/2022:12:46:41 +0800] "GET /xingrg/javascript/easyui/themes/default/validatebox.css HTTP/1.1" 404 1104
180.156.212.250 - - [15/May/2022:12:46:41 +0800] "GET /xingrg/javascript/easyui/plugins/jquery.validatebox.js HTTP/1.1" 304 -
180.156.212.250 - - [15/May/2022:12:46:41 +0800] "GET /xingrg/javascript/easyui/plugins/jquery.numberbox.js HTTP/1.1" 304 -
183.192.88.19 - - [15/May/2022:12:46:42 +0800] "GET /xingrg/all/function/internal_message.html?_=1652590007815&CODE_STATE=getMsg HTTP/1.1" 200 27
180.156.212.250 - - [15/May/2022:12:46:42 +0800] "GET /xingrg/css/images/panel_loading.gif HTTP/1.1" 304 -
180.156.212.250 - - [15/May/2022:12:46:42 +0800] "POST /xingrg/all/common/load_combo.html?type=base HTTP/1.1" 200 3233
183.192.88.19 - - [15/May/2022:12:46:43 +0800] "GET /xingrg/kc/base/check_order_info.html?code=452022051500052 HTTP/1.1" 200 23118
183.192.88.19 - - [15/May/2022:12:46:43 +0800] "GET /xingrg/dwr/interface/AjaxCheckService.js HTTP/1.1" 200 14003
183.192.88.19 - - [15/May/2022:12:46:43 +0800] "GET /xingrg/dwr/interface/AjaxComOrderService.js HTTP/1.1" 200 18264
183.192.88.19 - - [15/May/2022:12:46:43 +0800] "GET /xingrg/dwr/engine.js HTTP/1.1" 200 43631
183.192.88.19 - - [15/May/2022:12:46:44 +0800] "POST /xingrg/dwr/call/plaincall/AjaxCheckService.loadOrderItems.dwr HTTP/1.1" 200 5853
58.39.61.91 - - [15/May/2022:12:46:45 +0800] "GET /xingrg/all/function/internal_message.html?_=1652590001274&CODE_STATE=getMsg HTTP/1.1" 200 27
116.235.92.88 - - [15/May/2022:12:46:47 +0800] "GET /xingrg/all/function/internal_message.html?_=1652590173276&CODE_STATE=getMsg HTTP/1.1" 200 27
183.192.88.19 - - [15/May/2022:12:46:48 +0800] "POST /xingrg/dwr/call/plaincall/AjaxCheckService.uncheckOrder.dwr HTTP/1.1" 200 78
183.192.88.19 - - [15/May/2022:12:46:49 +0800] "GET /xingrg/kc/base/check_order_info.html?code=452022051500052 HTTP/1.1" 200 26435
183.192.88.19 - - [15/May/2022:12:46:49 +0800] "GET /xingrg/dwr/interface/AjaxCheckService.js HTTP/1.1" 200 14003
183.192.88.19 - - [15/May/2022:12:46:49 +0800] "GET /xingrg/dwr/interface/AjaxComOrderService.js HTTP/1.1" 200 18264
183.192.88.19 - - [15/May/2022:12:46:49 +0800] "GET /xingrg/dwr/engine.js HTTP/1.1" 200 43631
183.192.88.19 - - [15/May/2022:12:46:50 +0800] "POST /xingrg/dwr/call/plaincall/AjaxCheckService.loadOrderItems.dwr HTTP/1.1" 200 12994
180.156.212.250 - - [15/May/2022:12:46:51 +0800] "GET /xingrg/javascript/auto/indicator.gif HTTP/1.1" 404 1066
180.156.212.250 - - [15/May/2022:12:46:53 +0800] "GET /xingrg/kc/base/wldb_order_operate.html?command=get_materiel&rest_code=00102&base_code=0010476&code=00101013044 HTTP/1.1" 200 448
183.192.88.19 - - [15/May/2022:12:47:00 +0800] "POST /xingrg/dwr/call/plaincall/AjaxCheckService.saveOrder.dwr HTTP/1.1" 200 78
183.192.88.19 - - [15/May/2022:12:47:01 +0800] "POST /xingrg/dwr/call/plaincall/AjaxCheckService.loadOrderItems.dwr HTTP/1.1" 200 12994
183.192.88.19 - - [15/May/2022:12:47:06 +0800] "POST /xingrg/dwr/call/plaincall/AjaxCheckService.checkOrder.dwr HTTP/1.1" 200 78
183.192.88.19 - - [15/May/2022:12:47:07 +0800] "GET /xingrg/kc/base/check_order_info.html?code=452022051500052 HTTP/1.1" 200 23124
183.192.88.19 - - [15/May/2022:12:47:07 +0800] "GET /xingrg/dwr/interface/AjaxCheckService.js HTTP/1.1" 200 14003
183.192.88.19 - - [15/May/2022:12:47:07 +0800] "GET /xingrg/dwr/interface/AjaxComOrderService.js HTTP/1.1" 200 18264
183.192.88.19 - - [15/May/2022:12:47:07 +0800] "GET /xingrg/dwr/engine.js HTTP/1.1" 200 43631
183.192.88.19 - - [15/May/2022:12:47:08 +0800] "POST /xingrg/dwr/call/plaincall/AjaxCheckService.loadOrderItems.dwr HTTP/1.1" 200 5853
180.162.5.188 - - [15/May/2022:12:47:08 +0800] "GET /xingrg/all/function/internal_message.html?_=1652590024922&CODE_STATE=getMsg HTTP/1.1" 200 27
114.83.217.59 - - [15/May/2022:12:47:10 +0800] "GET /favicon.ico HTTP/1.1" 404 -
183.192.88.19 - - [15/May/2022:12:47:11 +0800] "POST /xingrg/kc/base/check_list_operate.html HTTP/1.1" 200 5526
58.39.61.91 - - [15/May/2022:12:47:17 +0800] "GET /xingrg/all/function/internal_message.html?_=1652589989417&CODE_STATE=getMsg HTTP/1.1" 200 27
180.169.147.146 - - [15/May/2022:12:47:19 +0800] "GET /favicon.ico HTTP/1.1" 404 -
172.20.0.100 - - [15/May/2022:12:47:19 +0800] "GET /favicon.ico HTTP/1.1" 404 -
180.156.212.250 - - [15/May/2022:12:47:20 +0800] "GET /xingrg/all/function/internal_message.html?_=1652590105618&CODE_STATE=getMsg HTTP/1.1" 200 27
183.192.88.19 - - [15/May/2022:12:47:24 +0800] "POST /xingrg/all/user/operate.html HTTP/1.1" 200 36
183.192.88.19 - - [15/May/2022:12:47:24 +0800] "GET /xingrg/index.html?sysBaseUrl=http%3A%2F%2F180.169.147.146%3A18081%2Fxingrg%2F&costTime=40×tamp=1652588731185 HTTP/1.1" 200 17509
183.192.88.19 - - [15/May/2022:12:47:24 +0800] "GET /xingrg/javascript/jquery_easy_ui/themes/default/easyui.css HTTP/1.1" 304 -
183.192.88.19 - - [15/May/2022:12:47:24 +0800] "GET /xingrg/javascript/jquery_easy_ui/themes/icon.css HTTP/1.1" 304 -
183.192.88.19 - - [15/May/2022:12:47:24 +0800] "GET /xingrg/css/form.css HTTP/1.1" 304 -
183.192.88.19 - - [15/May/2022:12:47:24 +0800] "GET /xingrg/javascript/jquery-1.4.2.min.js HTTP/1.1" 304 -
183.192.88.19 - - [15/May/2022:12:47:24 +0800] "GET /xingrg/javascript/jquery_easy_ui/jquery.easyui.min.js HTTP/1.1" 304 -
183.192.88.19 - - [15/May/2022:12:47:25 +0800] "GET /xingrg/javascript/jquery_easy_ui/easyui-lang-zh_CN.js HTTP/1.1" 304 -
183.192.88.19 - - [15/May/2022:12:47:25 +0800] "GET /xingrg/javascript/jquery.form.js HTTP/1.1" 304 -
183.192.88.19 - - [15/May/2022:12:47:25 +0800] "GET /xingrg/javascript/jquery.utils.js HTTP/1.1" 304 -
183.192.88.19 - - [15/May/2022:12:47:25 +0800] "GET /xingrg/javascript/jquery.timers.js HTTP/1.1" 304 -
183.192.88.19 - - [15/May/2022:12:47:25 +0800] "GET /xingrg/images/blue/jxLogo.png HTTP/1.1" 304 -
183.192.88.19 - - [15/May/2022:12:47:25 +0800] "GET /xingrg/images/blue/navBackgound.jpg HTTP/1.1" 304 -
183.192.88.19 - - [15/May/2022:12:47:25 +0800] "GET /xingrg/javascript/jquery_easy_ui/themes/icons/settle_new.png HTTP/1.1" 304 -
183.192.88.19 - - [15/May/2022:12:47:25 +0800] "GET /xingrg/javascript/jquery_easy_ui/themes/default/images/tabs_leftarrow.png HTTP/1.1" 304 -
183.192.88.19 - - [15/May/2022:12:47:25 +0800] "GET /xingrg/javascript/jquery_easy_ui/themes/default/images/tabs_rightarrow.png HTTP/1.1" 304 -
183.192.88.19 - - [15/May/2022:12:47:25 +0800] "GET /xingrg/images/blue/pingpu.png HTTP/1.1" 304 -
183.192.88.19 - - [15/May/2022:12:47:25 +0800] "POST /xingrg/all/common/load_tree.html?tree=area_rest_tree_json&manage=1 HTTP/1.1" 200 3472
183.192.88.19 - - [15/May/2022:12:47:25 +0800] "GET /xingrg/javascript/jquery_easy_ui/themes/default/images/panel_tool_collapse.gif HTTP/1.1" 304 -
183.192.88.19 - - [15/May/2022:12:47:25 +0800] "GET /xingrg/javascript/jquery_easy_ui/themes/default/images/panel_tool_expand.gif HTTP/1.1" 304 -
183.192.88.19 - - [15/May/2022:12:47:25 +0800] "GET /xingrg/all/function/internal_message.html?_=1652590051351&CODE_STATE=count HTTP/1.1" 200 11
183.192.88.19 - - [15/May/2022:12:47:25 +0800] "GET /xingrg/check_reg.html?_=1652590051351 HTTP/1.1" 200 22
183.192.88.19 - - [15/May/2022:12:47:25 +0800] "POST /xingrg/load_menu.html HTTP/1.1" 200 9959
183.192.88.19 - - [15/May/2022:12:47:28 +0800] "GET /xingrg/kc/base/base_main.html HTTP/1.1" 200 12142
101.93.182.165 - - [15/May/2022:12:47:29 +0800] "GET /xingrg/all/function/internal_message.html?_=1652590046010&CODE_STATE=getMsg HTTP/1.1" 200 27
183.192.88.19 - - [15/May/2022:12:47:30 +0800] "GET /xingrg/kc/base/wldb_order_list.html HTTP/1.1" 200 19362
116.233.76.66 - - [15/May/2022:12:47:30 +0800] "GET /xingrg/all/function/internal_message.html?_=1652590050311&CODE_STATE=getMsg HTTP/1.1" 200 27
183.192.88.19 - - [15/May/2022:12:47:31 +0800] "POST /xingrg/kc/base/wldb_list_operate.html HTTP/1.1" 200 928
183.192.88.19 - - [15/May/2022:12:47:33 +0800] "POST /xingrg/kc/base/wldb_list_operate.html HTTP/1.1" 200 6226
183.192.88.19 - - [15/May/2022:12:47:36 +0800] "POST /xingrg/kc/base/wldb_list_operate.html HTTP/1.1" 200 204
183.192.88.19 - - [15/May/2022:12:47:38 +0800] "POST /xingrg/kc/base/wldb_list_operate.html HTTP/1.1" 200 201
120.253.135.82 - - [15/May/2022:12:47:41 +0800] "GET /xingrg/all/function/internal_message.html?_=1652589866909&CODE_STATE=getMsg HTTP/1.1" 200 27
114.83.217.59 - - [15/May/2022:12:47:41 +0800] "GET /xingrg/login.html?sysBaseUrl=http%3A%2F%2F180.169.147.146%3A18081%2Fxingrg%2F&costTime=31×tamp=1615347190560 HTTP/1.1" 200 7641
114.83.217.59 - - [15/May/2022:12:47:42 +0800] "GET /favicon.ico HTTP/1.1" 404 -
114.83.217.59 - - [15/May/2022:12:47:43 +0800] "POST /xingrg/login.do HTTP/1.1" 302 -
114.83.217.59 - - [15/May/2022:12:47:43 +0800] "GET /xingrg/index.html?sysBaseUrl=http%3A%2F%2F180.169.147.146%3A18081%2Fxingrg%2F&costTime=55×tamp=1652590063346 HTTP/1.1" 200 17179
183.192.88.19 - - [15/May/2022:12:47:43 +0800] "POST /xingrg/kc/base/wldb_list_operate.html HTTP/1.1" 200 6332
114.83.217.59 - - [15/May/2022:12:47:44 +0800] "GET /favicon.ico HTTP/1.1" 404 -
114.83.217.59 - - [15/May/2022:12:47:44 +0800] "POST /xingrg/all/common/load_tree.html?tree=area_rest_tree_json&manage=1 HTTP/1.1" 200 351
114.83.217.59 - - [15/May/2022:12:47:44 +0800] "GET /xingrg/all/function/internal_message.html?_=1652590061149&CODE_STATE=count HTTP/1.1" 200 11
114.83.217.59 - - [15/May/2022:12:47:44 +0800] "GET /xingrg/check_reg.html?_=1652590061149 HTTP/1.1" 200 22
114.83.217.59 - - [15/May/2022:12:47:44 +0800] "POST /xingrg/load_menu.html HTTP/1.1" 200 5138
58.39.61.91 - - [15/May/2022:12:47:45 +0800] "GET /xingrg/all/function/internal_message.html?_=1652590061282&CODE_STATE=getMsg HTTP/1.1" 200 27
183.192.88.19 - - [15/May/2022:12:47:45 +0800] "POST /xingrg/kc/base/wldb_list_operate.html HTTP/1.1" 200 6344
116.235.92.88 - - [15/May/2022:12:47:47 +0800] "GET /xingrg/all/function/internal_message.html?_=1652590233257&CODE_STATE=getMsg HTTP/1.1" 200 27
183.192.88.19 - - [15/May/2022:12:47:48 +0800] "POST /xingrg/kc/base/wldb_list_operate.html HTTP/1.1" 200 546
183.192.88.19 - - [15/May/2022:12:47:50 +0800] "POST /xingrg/kc/base/wldb_list_operate.html HTTP/1.1" 200 611
120.253.135.82 - - [15/May/2022:12:48:05 +0800] "GET /xingrg/check_reg.html?_=1652589891409 HTTP/1.1" 200 22
183.192.88.19 - - [15/May/2022:12:48:06 +0800] "GET /xingrg/kc/base/base_main.html HTTP/1.1" 200 12142
180.162.5.188 - - [15/May/2022:12:48:08 +0800] "GET /xingrg/all/function/internal_message.html?_=1652590084903&CODE_STATE=getMsg HTTP/1.1" 200 27
183.192.88.19 - - [15/May/2022:12:48:10 +0800] "GET /xingrg/kc/cost/cost_list.html HTTP/1.1" 200 6093
183.192.88.19 - - [15/May/2022:12:48:10 +0800] "GET /xingrg/javascript/step/step.css HTTP/1.1" 304 -
183.192.88.19 - - [15/May/2022:12:48:10 +0800] "GET /xingrg/dwr/interface/AjaxReportQueryService.js HTTP/1.1" 200 13203
183.192.88.19 - - [15/May/2022:12:48:10 +0800] "GET /xingrg/dwr/engine.js HTTP/1.1" 200 43631
183.192.88.19 - - [15/May/2022:12:48:11 +0800] "GET /xingrg/javascript/jquery_easy_ui/themes/icons/edit_add.png HTTP/1.1" 304 -
183.192.88.19 - - [15/May/2022:12:48:11 +0800] "GET /xingrg/javascript/jquery_easy_ui/themes/icons/edit_remove.png HTTP/1.1" 304 -
183.192.88.19 - - [15/May/2022:12:48:11 +0800] "GET /xingrg/javascript/jquery_easy_ui/themes/default/images/datagrid_header_bg.gif HTTP/1.1" 304 -
180.162.5.188 - - [15/May/2022:12:48:11 +0800] "GET /xingrg/check_reg.html?_=1652590087612 HTTP/1.1" 200 22
183.192.88.19 - - [15/May/2022:12:48:11 +0800] "GET /xingrg/javascript/jquery_easy_ui/themes/default/images/pagination_loading.gif HTTP/1.1" 304 -
183.192.88.19 - - [15/May/2022:12:48:11 +0800] "GET /xingrg/kc/cost/cost_operate.html?_=1652590097657&command=load_cost_list HTTP/1.1" 200 7326
58.39.61.91 - - [15/May/2022:12:48:17 +0800] "GET /xingrg/all/function/internal_message.html?_=1652590049431&CODE_STATE=getMsg HTTP/1.1" 200 27
180.156.212.250 - - [15/May/2022:12:48:20 +0800] "GET /xingrg/all/function/internal_message.html?_=1652590165632&CODE_STATE=getMsg HTTP/1.1" 200 27
183.192.88.19 - - [15/May/2022:12:48:25 +0800] "GET /xingrg/all/function/internal_message.html?_=1652590111345&CODE_STATE=getMsg HTTP/1.1" 200 27
101.93.182.165 - - [15/May/2022:12:48:29 +0800] "GET /xingrg/all/function/internal_message.html?_=1652590106016&CODE_STATE=getMsg HTTP/1.1" 200 27
114.83.217.59 - - [15/May/2022:12:48:30 +0800] "GET /xingrg/kc/buy/cgsh_order_list.html HTTP/1.1" 200 51752
116.233.76.66 - - [15/May/2022:12:48:30 +0800] "GET /xingrg/all/function/internal_message.html?_=1652590110316&CODE_STATE=getMsg HTTP/1.1" 200 27
114.83.217.59 - - [15/May/2022:12:48:31 +0800] "POST /xingrg/kc/buy/cgsh_list_operate.html HTTP/1.1" 200 876
120.253.135.82 - - [15/May/2022:12:48:41 +0800] "GET /xingrg/all/function/internal_message.html?_=1652589926915&CODE_STATE=getMsg HTTP/1.1" 200 27
114.83.217.59 - - [15/May/2022:12:48:44 +0800] "GET /xingrg/all/function/internal_message.html?_=1652590121155&CODE_STATE=getMsg HTTP/1.1" 200 27
58.39.61.91 - - [15/May/2022:12:48:45 +0800] "GET /xingrg/check_reg.html?_=1652590121288 HTTP/1.1" 200 22
58.39.61.91 - - [15/May/2022:12:48:45 +0800] "GET /xingrg/all/function/internal_message.html?_=1652590121289&CODE_STATE=getMsg HTTP/1.1" 200 27
114.83.217.59 - - [15/May/2022:12:48:46 +0800] "GET /xingrg/kc/buy/cgsh_order_add.html HTTP/1.1" 200 67616
114.83.217.59 - - [15/May/2022:12:48:46 +0800] "GET /xingrg/words/20220514110351_words.js HTTP/1.1" 304 -
114.83.217.59 - - [15/May/2022:12:48:46 +0800] "GET /xingrg/all/common/auto_word.html?type=employee&rest_code=00149 HTTP/1.1" 200 197
114.83.217.59 - - [15/May/2022:12:48:46 +0800] "POST /xingrg/kc/buy/cgsh_order_operate.html HTTP/1.1" 200 8245
114.83.217.59 - - [15/May/2022:12:48:46 +0800] "GET /xingrg/javascript/easyui/themes/default/validatebox.css HTTP/1.1" 404 1104
114.83.217.59 - - [15/May/2022:12:48:46 +0800] "GET /xingrg/all/common/auto_word.html?type=employee&rest_code=00149 HTTP/1.1" 200 197
116.235.92.88 - - [15/May/2022:12:48:47 +0800] "GET /xingrg/all/function/internal_message.html?_=1652590293225&CODE_STATE=getMsg HTTP/1.1" 200 27
114.83.217.59 - - [15/May/2022:12:48:49 +0800] "GET /xingrg/javascript/auto/indicator.gif HTTP/1.1" 404 1066
114.83.217.59 - - [15/May/2022:12:48:50 +0800] "GET /xingrg/javascript/jquery_tools/images/prev.gif HTTP/1.1" 404 1086
114.83.217.59 - - [15/May/2022:12:48:50 +0800] "GET /xingrg/javascript/jquery_tools/images/next.gif HTTP/1.1" 404 1086
114.83.217.59 - - [15/May/2022:12:49:00 +0800] "GET /xingrg/kc/buy/cgsh_order_operate.html?command=get_materiel&rest_code=00149&code=00101008199&supplier_code=00100151&order_time=2022-05-15 HTTP/1.1" 200 423
180.162.5.188 - - [15/May/2022:12:49:08 +0800] "GET /xingrg/all/function/internal_message.html?_=1652590144881&CODE_STATE=getMsg HTTP/1.1" 200 27
114.83.217.59 - - [15/May/2022:12:49:12 +0800] "GET /xingrg/kc/buy/cgsh_order_operate.html?command=get_materiel&rest_code=00149&code=00101008350&supplier_code=00100151&order_time=2022-05-15 HTTP/1.1" 200 429
58.39.61.91 - - [15/May/2022:12:49:17 +0800] "GET /xingrg/all/function/internal_message.html?_=1652590109458&CODE_STATE=getMsg HTTP/1.1" 200 27
180.156.212.250 - - [15/May/2022:12:49:20 +0800] "GET /xingrg/kc/base/wldb_order_operate.html?command=get_materiel&rest_code=00102&base_code=0010476&code=00101013193 HTTP/1.1" 200 444
180.156.212.250 - - [15/May/2022:12:49:20 +0800] "GET /xingrg/all/function/internal_message.html?_=1652590225645&CODE_STATE=getMsg HTTP/1.1" 200 27
114.83.217.59 - - [15/May/2022:12:49:22 +0800] "GET /xingrg/kc/buy/cgsh_order_operate.html?command=get_materiel&rest_code=00149&code=00101011005&supplier_code=00100151&order_time=2022-05-15 HTTP/1.1" 200 429
183.192.88.19 - - [15/May/2022:12:49:25 +0800] "GET /xingrg/all/function/internal_message.html?_=1652590171345&CODE_STATE=getMsg HTTP/1.1" 200 27
180.156.212.250 - - [15/May/2022:12:49:25 +0800] "GET /xingrg/kc/base/wldb_order_operate.html?command=get_materiel&rest_code=00102&base_code=0010476&code=00101013221 HTTP/1.1" 200 433
222.70.180.114 - - [15/May/2022:12:49:28 +0800] "GET /xingrg/check_reg.html?_=1652590162088 HTTP/1.1" 200 22
101.93.182.165 - - [15/May/2022:12:49:29 +0800] "GET /xingrg/all/function/internal_message.html?_=1652590166019&CODE_STATE=getMsg HTTP/1.1" 200 27
116.233.76.66 - - [15/May/2022:12:49:30 +0800] "GET /xingrg/all/function/internal_message.html?_=1652590170316&CODE_STATE=getMsg HTTP/1.1" 200 27
114.83.217.59 - - [15/May/2022:12:49:35 +0800] "GET /xingrg/kc/buy/cgsh_order_operate.html?command=get_materiel&rest_code=00149&code=00101011013&supplier_code=00100151&order_time=2022-05-15 HTTP/1.1" 200 412
120.253.135.82 - - [15/May/2022:12:49:41 +0800] "GET /xingrg/all/function/internal_message.html?_=1652589986930&CODE_STATE=getMsg HTTP/1.1" 200 27
114.83.217.59 - - [15/May/2022:12:49:41 +0800] "GET /xingrg/kc/buy/cgsh_order_operate.html?command=get_materiel&rest_code=00149&code=00101011003&supplier_code=00100151&order_time=2022-05-15 HTTP/1.1" 200 414
114.83.217.59 - - [15/May/2022:12:49:44 +0800] "GET /xingrg/all/function/internal_message.html?_=1652590181211&CODE_STATE=getMsg HTTP/1.1" 200 27
58.39.61.91 - - [15/May/2022:12:49:45 +0800] "GET /xingrg/all/function/internal_message.html?_=1652590181289&CODE_STATE=getMsg HTTP/1.1" 200 27
116.235.92.88 - - [15/May/2022:12:49:47 +0800] "GET /xingrg/all/function/internal_message.html?_=1652590353196&CODE_STATE=getMsg HTTP/1.1" 200 27
114.83.217.59 - - [15/May/2022:12:49:54 +0800] "GET /xingrg/kc/buy/cgsh_order_operate.html?command=get_materiel&rest_code=00149&code=00101008261&supplier_code=00100151&order_time=2022-05-15 HTTP/1.1" 200 431
180.156.212.250 - - [15/May/2022:12:49:59 +0800] "GET /xingrg/kc/base/wldb_order_operate.html?command=get_materiel&rest_code=00102&base_code=0010476&code=00101013011 HTTP/1.1" 200 451
180.156.212.250 - - [15/May/2022:12:50:03 +0800] "GET /xingrg/kc/base/wldb_order_operate.html?command=get_materiel&rest_code=00102&base_code=0010476&code=00101016059 HTTP/1.1" 200 430
114.83.217.59 - - [15/May/2022:12:50:04 +0800] "GET /xingrg/kc/buy/cgsh_order_operate.html?command=get_materiel&rest_code=00149&code=00101008361&supplier_code=00100151&order_time=2022-05-15 HTTP/1.1" 200 429
180.162.5.188 - - [15/May/2022:12:50:08 +0800] "GET /xingrg/all/function/internal_message.html?_=1652590204877&CODE_STATE=getMsg HTTP/1.1" 200 27
58.39.61.91 - - [15/May/2022:12:50:17 +0800] "GET /xingrg/all/function/internal_message.html?_=1652590169474&CODE_STATE=getMsg HTTP/1.1" 200 27
117.143.45.22 - - [15/May/2022:12:50:18 +0800] "GET /xingrg/check_reg.html?_=1652590214312 HTTP/1.1" 200 22
180.156.212.250 - - [15/May/2022:12:50:20 +0800] "GET /xingrg/all/function/internal_message.html?_=1652590285674&CODE_STATE=getMsg HTTP/1.1" 200 27
183.192.88.19 - - [15/May/2022:12:50:25 +0800] "GET /xingrg/all/function/internal_message.html?_=1652590231345&CODE_STATE=getMsg HTTP/1.1" 200 27
101.93.182.165 - - [15/May/2022:12:50:29 +0800] "GET /xingrg/all/function/internal_message.html?_=1652590226021&CODE_STATE=getMsg HTTP/1.1" 200 27
101.93.182.165 - - [15/May/2022:12:50:29 +0800] "GET /xingrg/check_reg.html?_=1652590226027 HTTP/1.1" 200 22
116.233.76.66 - - [15/May/2022:12:50:30 +0800] "GET /xingrg/all/function/internal_message.html?_=1652590230318&CODE_STATE=getMsg HTTP/1.1" 200 27
114.83.217.59 - - [15/May/2022:12:50:30 +0800] "GET /xingrg/kc/buy/cgsh_order_operate.html?command=get_materiel&rest_code=00149&code=00101006056&supplier_code=00100151&order_time=2022-05-15 HTTP/1.1" 200 434
114.83.217.59 - - [15/May/2022:12:50:38 +0800] "GET /xingrg/kc/buy/cgsh_order_operate.html?command=get_materiel&rest_code=00149&code=00101008354&supplier_code=00100151&order_time=2022-05-15 HTTP/1.1" 200 412
120.253.135.82 - - [15/May/2022:12:50:41 +0800] "GET /xingrg/all/function/internal_message.html?_=1652590047125&CODE_STATE=getMsg HTTP/1.1" 200 27
114.83.217.59 - - [15/May/2022:12:50:44 +0800] "GET /xingrg/all/function/internal_message.html?_=1652590241187&CODE_STATE=getMsg HTTP/1.1" 200 27
58.39.61.91 - - [15/May/2022:12:50:45 +0800] "GET /xingrg/all/function/internal_message.html?_=1652590241297&CODE_STATE=getMsg HTTP/1.1" 200 27
183.192.88.19 - - [15/May/2022:12:50:46 +0800] "POST /xingrg/all/user/operate.html HTTP/1.1" 200 36
183.192.88.19 - - [15/May/2022:12:50:47 +0800] "GET /xingrg/index.html?sysBaseUrl=http%3A%2F%2F180.169.147.146%3A18081%2Fxingrg%2F&costTime=40×tamp=1652588731185 HTTP/1.1" 200 17509
183.192.88.19 - - [15/May/2022:12:50:47 +0800] "GET /xingrg/javascript/jquery_easy_ui/themes/default/easyui.css HTTP/1.1" 304 -
183.192.88.19 - - [15/May/2022:12:50:47 +0800] "GET /xingrg/javascript/jquery_easy_ui/themes/icon.css HTTP/1.1" 304 -
183.192.88.19 - - [15/May/2022:12:50:47 +0800] "GET /xingrg/css/form.css HTTP/1.1" 304 -
183.192.88.19 - - [15/May/2022:12:50:47 +0800] "GET /xingrg/javascript/jquery-1.4.2.min.js HTTP/1.1" 304 -
183.192.88.19 - - [15/May/2022:12:50:47 +0800] "GET /xingrg/javascript/jquery_easy_ui/jquery.easyui.min.js HTTP/1.1" 304 -
183.192.88.19 - - [15/May/2022:12:50:47 +0800] "GET /xingrg/javascript/jquery_easy_ui/easyui-lang-zh_CN.js HTTP/1.1" 304 -
183.192.88.19 - - [15/May/2022:12:50:47 +0800] "GET /xingrg/javascript/jquery.form.js HTTP/1.1" 304 -
183.192.88.19 - - [15/May/2022:12:50:47 +0800] "GET /xingrg/javascript/jquery.utils.js HTTP/1.1" 304 -
183.192.88.19 - - [15/May/2022:12:50:47 +0800] "GET /xingrg/javascript/jquery.timers.js HTTP/1.1" 304 -
183.192.88.19 - - [15/May/2022:12:50:47 +0800] "GET /xingrg/images/blue/jxLogo.png HTTP/1.1" 304 -
183.192.88.19 - - [15/May/2022:12:50:47 +0800] "GET /xingrg/images/blue/navBackgound.jpg HTTP/1.1" 304 -
183.192.88.19 - - [15/May/2022:12:50:47 +0800] "GET /xingrg/javascript/jquery_easy_ui/themes/icons/settle_new.png HTTP/1.1" 304 -
183.192.88.19 - - [15/May/2022:12:50:47 +0800] "POST /xingrg/all/common/load_tree.html?tree=area_rest_tree_json&manage=1 HTTP/1.1" 200 3472
183.192.88.19 - - [15/May/2022:12:50:47 +0800] "GET /xingrg/images/blue/pingpu.png HTTP/1.1" 304 -
183.192.88.19 - - [15/May/2022:12:50:47 +0800] "GET /xingrg/javascript/jquery_easy_ui/themes/default/images/tabs_leftarrow.png HTTP/1.1" 304 -
183.192.88.19 - - [15/May/2022:12:50:47 +0800] "GET /xingrg/javascript/jquery_easy_ui/themes/default/images/tabs_rightarrow.png HTTP/1.1" 304 -
183.192.88.19 - - [15/May/2022:12:50:47 +0800] "GET /xingrg/javascript/jquery_easy_ui/themes/default/images/panel_tool_collapse.gif HTTP/1.1" 304 -
183.192.88.19 - - [15/May/2022:12:50:47 +0800] "GET /xingrg/javascript/jquery_easy_ui/themes/default/images/panel_tool_expand.gif HTTP/1.1" 304 -
114.83.217.59 - - [15/May/2022:12:50:47 +0800] "GET /xingrg/kc/buy/cgsh_order_operate.html?command=get_materiel&rest_code=00149&code=00101008372&supplier_code=00100151&order_time=2022-05-15 HTTP/1.1" 200 408
183.192.88.19 - - [15/May/2022:12:50:47 +0800] "GET /xingrg/all/function/internal_message.html?_=1652590253916&CODE_STATE=count HTTP/1.1" 200 11
183.192.88.19 - - [15/May/2022:12:50:47 +0800] "POST /xingrg/load_menu.html HTTP/1.1" 200 9959
116.235.92.88 - - [15/May/2022:12:50:47 +0800] "GET /xingrg/all/function/internal_message.html?_=1652590413173&CODE_STATE=getMsg HTTP/1.1" 200 27
183.192.88.19 - - [15/May/2022:12:50:47 +0800] "GET /xingrg/check_reg.html?_=1652590253916 HTTP/1.1" 200 22
183.192.88.19 - - [15/May/2022:12:50:51 +0800] "GET /xingrg/kc/base/base_main.html HTTP/1.1" 200 12142
183.192.88.19 - - [15/May/2022:12:50:54 +0800] "GET /xingrg/kc/base/check_order_list.html HTTP/1.1" 200 16487
183.192.88.19 - - [15/May/2022:12:50:54 +0800] "POST /xingrg/kc/base/check_list_operate.html HTTP/1.1" 200 781
183.192.88.19 - - [15/May/2022:12:50:57 +0800] "POST /xingrg/kc/base/check_list_operate.html HTTP/1.1" 200 5526
114.83.217.59 - - [15/May/2022:12:51:01 +0800] "GET /xingrg/kc/buy/cgsh_order_operate.html?command=get_materiel&rest_code=00149&code=00101008042&supplier_code=00100151&order_time=2022-05-15 HTTP/1.1" 200 416
180.156.212.250 - - [15/May/2022:12:51:02 +0800] "GET /xingrg/kc/base/wldb_order_operate.html?command=get_materiel&rest_code=00102&base_code=0010476&code=00101013017 HTTP/1.1" 200 431
183.192.88.19 - - [15/May/2022:12:51:05 +0800] "GET /xingrg/kc/base/check_order_add.html HTTP/1.1" 200 26402
183.192.88.19 - - [15/May/2022:12:51:05 +0800] "GET /xingrg/dwr/interface/AjaxComOrderService.js HTTP/1.1" 200 18264
183.192.88.19 - - [15/May/2022:12:51:05 +0800] "GET /xingrg/dwr/interface/AjaxCheckService.js HTTP/1.1" 200 14003
183.192.88.19 - - [15/May/2022:12:51:05 +0800] "GET /xingrg/dwr/engine.js HTTP/1.1" 200 43631
180.156.212.250 - - [15/May/2022:12:51:07 +0800] "GET /xingrg/kc/base/wldb_order_operate.html?command=get_materiel&rest_code=00102&base_code=0010476&code=00101013139 HTTP/1.1" 200 450
116.235.92.88 - - [15/May/2022:12:51:07 +0800] "GET /xingrg/check_reg.html?_=1652590433011 HTTP/1.1" 200 22
180.162.5.188 - - [15/May/2022:12:51:08 +0800] "GET /xingrg/all/function/internal_message.html?_=1652590264872&CODE_STATE=getMsg HTTP/1.1" 200 27
218.81.223.53 - - [15/May/2022:12:51:14 +0800] "GET /xingrg/check_reg.html?_=1652590296105 HTTP/1.1" 200 22
58.39.61.91 - - [15/May/2022:12:51:17 +0800] "GET /xingrg/check_reg.html?_=1652590229324 HTTP/1.1" 200 22
58.39.61.91 - - [15/May/2022:12:51:17 +0800] "GET /xingrg/all/function/internal_message.html?_=1652590229487&CODE_STATE=getMsg HTTP/1.1" 200 27
180.156.212.250 - - [15/May/2022:12:51:20 +0800] "GET /xingrg/check_reg.html?_=1652590345612 HTTP/1.1" 200 22
180.156.212.250 - - [15/May/2022:12:51:20 +0800] "GET /xingrg/all/function/internal_message.html?_=1652590345689&CODE_STATE=getMsg HTTP/1.1" 200 27
183.192.88.19 - - [15/May/2022:12:51:22 +0800] "POST /xingrg/dwr/call/plaincall/AjaxCheckService.saveOrder.dwr HTTP/1.1" 200 78
183.192.88.19 - - [15/May/2022:12:51:23 +0800] "POST /xingrg/dwr/call/plaincall/AjaxCheckService.loadOrderItems.dwr HTTP/1.1" 200 367
183.192.88.19 - - [15/May/2022:12:51:26 +0800] "POST /xingrg/kc/report/common_data.html?type=materiel_category_tree HTTP/1.1" 200 3878
101.93.182.165 - - [15/May/2022:12:51:29 +0800] "GET /xingrg/all/function/internal_message.html?_=1652590286015&CODE_STATE=getMsg HTTP/1.1" 200 27
116.233.76.66 - - [15/May/2022:12:51:30 +0800] "GET /xingrg/all/function/internal_message.html?_=1652590290319&CODE_STATE=getMsg HTTP/1.1" 200 27
116.233.76.66 - - [15/May/2022:12:51:30 +0800] "GET /xingrg/check_reg.html?_=1652590290323 HTTP/1.1" 200 22
183.192.88.19 - - [15/May/2022:12:51:31 +0800] "POST /xingrg/dwr/call/plaincall/AjaxCheckService.importOrderItems.dwr HTTP/1.1" 200 78
183.192.88.19 - - [15/May/2022:12:51:34 +0800] "POST /xingrg/dwr/call/plaincall/AjaxCheckService.loadOrderItems.dwr HTTP/1.1" 200 1712
183.192.88.19 - - [15/May/2022:12:51:40 +0800] "POST /xingrg/dwr/call/plaincall/AjaxCheckService.checkOrder.dwr HTTP/1.1" 200 78
183.192.88.19 - - [15/May/2022:12:51:41 +0800] "GET /xingrg/kc/base/check_order_info.html?code=452022051500053 HTTP/1.1" 200 23120
183.192.88.19 - - [15/May/2022:12:51:41 +0800] "GET /xingrg/dwr/interface/AjaxComOrderService.js HTTP/1.1" 200 18264
120.253.135.82 - - [15/May/2022:12:51:41 +0800] "GET /xingrg/all/function/internal_message.html?_=1652590107128&CODE_STATE=getMsg HTTP/1.1" 200 27
183.192.88.19 - - [15/May/2022:12:51:41 +0800] "GET /xingrg/dwr/interface/AjaxCheckService.js HTTP/1.1" 200 14003
183.192.88.19 - - [15/May/2022:12:51:41 +0800] "GET /xingrg/dwr/engine.js HTTP/1.1" 200 43631
183.192.88.19 - - [15/May/2022:12:51:42 +0800] "POST /xingrg/dwr/call/plaincall/AjaxCheckService.loadOrderItems.dwr HTTP/1.1" 200 1000
114.83.217.59 - - [15/May/2022:12:51:44 +0800] "GET /xingrg/all/function/internal_message.html?_=1652590301171&CODE_STATE=getMsg HTTP/1.1" 200 27
58.39.61.91 - - [15/May/2022:12:51:45 +0800] "GET /xingrg/all/function/internal_message.html?_=1652590301284&CODE_STATE=getMsg HTTP/1.1" 200 27
183.192.88.19 - - [15/May/2022:12:51:46 +0800] "GET /xingrg/kc/base/check_order_add.html HTTP/1.1" 200 26402
183.192.88.19 - - [15/May/2022:12:51:46 +0800] "GET /xingrg/dwr/interface/AjaxCheckService.js HTTP/1.1" 200 14003
183.192.88.19 - - [15/May/2022:12:51:46 +0800] "GET /xingrg/dwr/interface/AjaxComOrderService.js HTTP/1.1" 200 18264
183.192.88.19 - - [15/May/2022:12:51:46 +0800] "GET /xingrg/dwr/engine.js HTTP/1.1" 200 43631
183.192.88.19 - - [15/May/2022:12:51:47 +0800] "GET /xingrg/all/function/internal_message.html?_=1652590313906&CODE_STATE=getMsg HTTP/1.1" 200 27
116.235.92.88 - - [15/May/2022:12:51:47 +0800] "GET /xingrg/all/function/internal_message.html?_=1652590473146&CODE_STATE=getMsg HTTP/1.1" 200 27
183.192.88.19 - - [15/May/2022:12:52:01 +0800] "POST /xingrg/dwr/call/plaincall/AjaxCheckService.saveOrder.dwr HTTP/1.1" 200 78
183.192.88.19 - - [15/May/2022:12:52:03 +0800] "POST /xingrg/dwr/call/plaincall/AjaxCheckService.loadOrderItems.dwr HTTP/1.1" 200 367
183.192.88.19 - - [15/May/2022:12:52:05 +0800] "POST /xingrg/kc/report/common_data.html?type=materiel_category_tree HTTP/1.1" 200 3878
180.162.5.188 - - [15/May/2022:12:52:08 +0800] "GET /xingrg/all/function/internal_message.html?_=1652590324861&CODE_STATE=getMsg HTTP/1.1" 200 27
183.192.88.19 - - [15/May/2022:12:52:11 +0800] "POST /xingrg/dwr/call/plaincall/AjaxCheckService.importOrderItems.dwr HTTP/1.1" 200 78
183.192.88.19 - - [15/May/2022:12:52:14 +0800] "POST /xingrg/dwr/call/plaincall/AjaxCheckService.loadOrderItems.dwr HTTP/1.1" 200 367
58.39.61.91 - - [15/May/2022:12:52:17 +0800] "GET /xingrg/all/function/internal_message.html?_=1652590289502&CODE_STATE=getMsg HTTP/1.1" 200 27
180.156.212.250 - - [15/May/2022:12:52:20 +0800] "GET /xingrg/all/function/internal_message.html?_=1652590405732&CODE_STATE=getMsg HTTP/1.1" 200 27
183.192.88.19 - - [15/May/2022:12:52:25 +0800] "POST /xingrg/dwr/call/plaincall/AjaxCheckService.importOrderItems.dwr HTTP/1.1" 200 78
183.192.88.19 - - [15/May/2022:12:52:26 +0800] "POST /xingrg/dwr/call/plaincall/AjaxCheckService.loadOrderItems.dwr HTTP/1.1" 200 367
101.93.182.165 - - [15/May/2022:12:52:29 +0800] "GET /xingrg/all/function/internal_message.html?_=1652590346023&CODE_STATE=getMsg HTTP/1.1" 200 27
116.233.76.66 - - [15/May/2022:12:52:30 +0800] "GET /xingrg/all/function/internal_message.html?_=1652590350322&CODE_STATE=getMsg HTTP/1.1" 200 27
183.192.88.19 - - [15/May/2022:12:52:36 +0800] "POST /xingrg/dwr/call/plaincall/AjaxCheckService.saveOrder.dwr HTTP/1.1" 200 78
183.192.88.19 - - [15/May/2022:12:52:37 +0800] "POST /xingrg/dwr/call/plaincall/AjaxCheckService.loadOrderItems.dwr HTTP/1.1" 200 367
120.253.135.82 - - [15/May/2022:12:52:41 +0800] "GET /xingrg/all/function/internal_message.html?_=1652590167301&CODE_STATE=getMsg HTTP/1.1" 200 27
183.192.88.19 - - [15/May/2022:12:52:43 +0800] "POST /xingrg/dwr/call/plaincall/AjaxCheckService.importOrderItems.dwr HTTP/1.1" 200 78
114.83.217.59 - - [15/May/2022:12:52:44 +0800] "GET /xingrg/check_reg.html?_=1652590361172 HTTP/1.1" 200 22
114.83.217.59 - - [15/May/2022:12:52:44 +0800] "GET /xingrg/all/function/internal_message.html?_=1652590361175&CODE_STATE=getMsg HTTP/1.1" 200 27
183.192.88.19 - - [15/May/2022:12:52:44 +0800] "POST /xingrg/dwr/call/plaincall/AjaxCheckService.loadOrderItems.dwr HTTP/1.1" 200 1063
58.39.61.91 - - [15/May/2022:12:52:45 +0800] "GET /xingrg/all/function/internal_message.html?_=1652590361282&CODE_STATE=getMsg HTTP/1.1" 200 27
183.192.88.19 - - [15/May/2022:12:52:47 +0800] "GET /xingrg/all/function/internal_message.html?_=1652590373912&CODE_STATE=getMsg HTTP/1.1" 200 27
116.235.92.88 - - [15/May/2022:12:52:47 +0800] "GET /xingrg/all/function/internal_message.html?_=1652590533146&CODE_STATE=getMsg HTTP/1.1" 200 27
183.192.88.19 - - [15/May/2022:12:52:59 +0800] "POST /xingrg/dwr/call/plaincall/AjaxCheckService.checkOrder.dwr HTTP/1.1" 200 79
183.192.88.19 - - [15/May/2022:12:53:00 +0800] "GET /xingrg/kc/base/check_order_info.html?code=452022051500054 HTTP/1.1" 200 23120
183.192.88.19 - - [15/May/2022:12:53:01 +0800] "GET /xingrg/dwr/interface/AjaxCheckService.js HTTP/1.1" 200 14003
183.192.88.19 - - [15/May/2022:12:53:01 +0800] "GET /xingrg/dwr/interface/AjaxComOrderService.js HTTP/1.1" 200 18264
183.192.88.19 - - [15/May/2022:12:53:01 +0800] "GET /xingrg/dwr/engine.js HTTP/1.1" 200 43631
183.192.88.19 - - [15/May/2022:12:53:01 +0800] "POST /xingrg/dwr/call/plaincall/AjaxCheckService.loadOrderItems.dwr HTTP/1.1" 200 707
114.83.217.59 - - [15/May/2022:12:53:02 +0800] "POST /xingrg/services/DataTransmitService HTTP/1.1" 200 524
120.253.135.82 - - [15/May/2022:12:53:05 +0800] "GET /xingrg/check_reg.html?_=1652590191414 HTTP/1.1" 200 22
180.162.5.188 - - [15/May/2022:12:53:08 +0800] "GET /xingrg/all/function/internal_message.html?_=1652590384853&CODE_STATE=getMsg HTTP/1.1" 200 27
180.162.5.188 - - [15/May/2022:12:53:11 +0800] "GET /xingrg/check_reg.html?_=1652590387617 HTTP/1.1" 200 22
180.156.212.250 - - [15/May/2022:12:53:17 +0800] "GET /xingrg/kc/base/wldb_order_operate.html?command=get_materiel&rest_code=00102&base_code=0010476&code=00101013052 HTTP/1.1" 200 440
58.39.61.91 - - [15/May/2022:12:53:17 +0800] "GET /xingrg/all/function/internal_message.html?_=1652590349515&CODE_STATE=getMsg HTTP/1.1" 200 27
180.156.212.250 - - [15/May/2022:12:53:20 +0800] "GET /xingrg/all/function/internal_message.html?_=1652590465746&CODE_STATE=getMsg HTTP/1.1" 200 27
180.156.212.250 - - [15/May/2022:12:53:21 +0800] "GET /xingrg/kc/base/wldb_order_operate.html?command=get_materiel&rest_code=00102&base_code=0010476&code=00101013257 HTTP/1.1" 200 443
114.83.217.59 - - [15/May/2022:12:53:22 +0800] "GET /xingrg/kc/buy/cgsh_order_operate.html?command=get_materiel&rest_code=00149&code=00101002048&supplier_code=00100151&order_time=2022-05-15 HTTP/1.1" 200 430
101.93.182.165 - - [15/May/2022:12:53:29 +0800] "GET /xingrg/all/function/internal_message.html?_=1652590406013&CODE_STATE=getMsg HTTP/1.1" 200 27
116.233.76.66 - - [15/May/2022:12:53:30 +0800] "GET /xingrg/all/function/internal_message.html?_=1652590410323&CODE_STATE=getMsg HTTP/1.1" 200 27
120.253.135.82 - - [15/May/2022:12:53:41 +0800] "GET /xingrg/all/function/internal_message.html?_=1652590227311&CODE_STATE=getMsg HTTP/1.1" 200 27
114.83.217.59 - - [15/May/2022:12:53:44 +0800] "GET /xingrg/all/function/internal_message.html?_=1652590421176&CODE_STATE=getMsg HTTP/1.1" 200 27
58.39.61.91 - - [15/May/2022:12:53:45 +0800] "GET /xingrg/all/function/internal_message.html?_=1652590421296&CODE_STATE=getMsg HTTP/1.1" 200 27
58.39.61.91 - - [15/May/2022:12:53:45 +0800] "GET /xingrg/check_reg.html?_=1652590421298 HTTP/1.1" 200 22
183.192.88.19 - - [15/May/2022:12:53:47 +0800] "GET /xingrg/all/function/internal_message.html?_=1652590433914&CODE_STATE=getMsg HTTP/1.1" 200 27
116.235.92.88 - - [15/May/2022:12:53:47 +0800] "GET /xingrg/all/function/internal_message.html?_=1652590593120&CODE_STATE=getMsg HTTP/1.1" 200 27
114.83.217.59 - - [15/May/2022:12:53:49 +0800] "POST /xingrg/kc/buy/cgsh_order_operate.html HTTP/1.1" 200 37
114.83.217.59 - - [15/May/2022:12:53:54 +0800] "POST /xingrg/kc/buy/cgsh_order_operate.html HTTP/1.1" 200 12
180.156.212.250 - - [15/May/2022:12:54:01 +0800] "GET /xingrg/kc/base/wldb_order_operate.html?command=get_materiel&rest_code=00102&base_code=0010476&code=00101013003 HTTP/1.1" 200 430
114.83.217.59 - - [15/May/2022:12:54:02 +0800] "GET /xingrg/kc/buy/cgsh_order_info.html?code=212022051500860 HTTP/1.1" 200 62509
114.83.217.59 - - [15/May/2022:12:54:02 +0800] "GET /xingrg/javascript/easyui/themes/default/validatebox.css HTTP/1.1" 404 1104
114.83.217.59 - - [15/May/2022:12:54:03 +0800] "POST /xingrg/kc/buy/cgsh_order_operate.html HTTP/1.1" 200 5979
183.192.88.19 - - [15/May/2022:12:54:04 +0800] "POST /xingrg/kc/base/check_list_operate.html HTTP/1.1" 200 5523
180.156.212.250 - - [15/May/2022:12:54:05 +0800] "GET /xingrg/kc/base/wldb_order_operate.html?command=get_materiel&rest_code=00102&base_code=0010476&code=00101013081 HTTP/1.1" 200 430
183.192.88.19 - - [15/May/2022:12:54:07 +0800] "GET /xingrg/kc/base/check_order_add.html HTTP/1.1" 200 26402
183.192.88.19 - - [15/May/2022:12:54:08 +0800] "GET /xingrg/dwr/interface/AjaxComOrderService.js HTTP/1.1" 200 18264
183.192.88.19 - - [15/May/2022:12:54:08 +0800] "GET /xingrg/dwr/interface/AjaxCheckService.js HTTP/1.1" 200 14003
183.192.88.19 - - [15/May/2022:12:54:08 +0800] "GET /xingrg/dwr/engine.js HTTP/1.1" 200 43631
180.162.5.188 - - [15/May/2022:12:54:08 +0800] "GET /xingrg/all/function/internal_message.html?_=1652590444852&CODE_STATE=getMsg HTTP/1.1" 200 27
114.83.217.59 - - [15/May/2022:12:54:13 +0800] "GET /xingrg/kc/print/load_config.html?kc_code=cgsh HTTP/1.1" 200 1943
114.83.217.59 - - [15/May/2022:12:54:13 +0800] "GET /xingrg/kc/print/load_data.html?order_code=212022051500860&kc_code=cgsh&condition= HTTP/1.1" 200 2761
58.39.61.91 - - [15/May/2022:12:54:17 +0800] "GET /xingrg/all/function/internal_message.html?_=1652590409529&CODE_STATE=getMsg HTTP/1.1" 200 27
183.192.88.19 - - [15/May/2022:12:54:19 +0800] "POST /xingrg/dwr/call/plaincall/AjaxCheckService.saveOrder.dwr HTTP/1.1" 200 78
180.156.212.250 - - [15/May/2022:12:54:20 +0800] "GET /xingrg/all/function/internal_message.html?_=1652590525760&CODE_STATE=getMsg HTTP/1.1" 200 27
183.192.88.19 - - [15/May/2022:12:54:20 +0800] "POST /xingrg/dwr/call/plaincall/AjaxCheckService.loadOrderItems.dwr HTTP/1.1" 200 367
183.192.88.19 - - [15/May/2022:12:54:22 +0800] "POST /xingrg/kc/report/common_data.html?type=materiel_category_tree HTTP/1.1" 200 3878
114.83.217.59 - - [15/May/2022:12:54:26 +0800] "GET /xingrg/kc/buy/cgsh_order_add.html HTTP/1.1" 200 67616
114.83.217.59 - - [15/May/2022:12:54:27 +0800] "POST /xingrg/kc/buy/cgsh_order_operate.html HTTP/1.1" 200 8245
114.83.217.59 - - [15/May/2022:12:54:27 +0800] "GET /xingrg/javascript/easyui/themes/default/validatebox.css HTTP/1.1" 404 1104
183.192.88.19 - - [15/May/2022:12:54:27 +0800] "POST /xingrg/dwr/call/plaincall/AjaxCheckService.importOrderItems.dwr HTTP/1.1" 200 78
222.70.180.114 - - [15/May/2022:12:54:28 +0800] "GET /xingrg/check_reg.html?_=1652590462065 HTTP/1.1" 200 22
183.192.88.19 - - [15/May/2022:12:54:28 +0800] "POST /xingrg/dwr/call/plaincall/AjaxCheckService.loadOrderItems.dwr HTTP/1.1" 200 367
101.93.182.165 - - [15/May/2022:12:54:29 +0800] "GET /xingrg/all/function/internal_message.html?_=1652590466016&CODE_STATE=getMsg HTTP/1.1" 200 27
116.233.76.66 - - [15/May/2022:12:54:30 +0800] "GET /xingrg/all/function/internal_message.html?_=1652590470325&CODE_STATE=getMsg HTTP/1.1" 200 27
