120.253.135.82 - - [13/May/2022:11:47:05 +0800] "GET /xingrg/all/function/internal_message.html?_=1652413738535&CODE_STATE=getMsg HTTP/1.1" 200 27
101.87.191.251 - - [13/May/2022:11:47:10 +0800] "GET /xingrg/check_reg.html?_=1652413629704 HTTP/1.1" 200 22
116.235.92.88 - - [13/May/2022:11:47:10 +0800] "GET /xingrg/all/function/internal_message.html?_=1652413797665&CODE_STATE=getMsg HTTP/1.1" 200 27
114.83.223.69 - - [13/May/2022:11:47:25 +0800] "GET /xingrg/check_reg.html?_=1652413640472 HTTP/1.1" 200 22
114.83.223.69 - - [13/May/2022:11:47:25 +0800] "GET /xingrg/all/function/internal_message.html?_=1652413640474&CODE_STATE=getMsg HTTP/1.1" 200 27
180.175.103.167 - - [13/May/2022:11:47:32 +0800] "GET /xingrg/all/function/internal_message.html?_=1652413579670&CODE_STATE=getMsg HTTP/1.1" 200 27
120.253.135.82 - - [13/May/2022:11:47:38 +0800] "GET /xingrg/check_reg.html?_=1652413464016 HTTP/1.1" 200 22
120.253.135.82 - - [13/May/2022:11:47:40 +0800] "GET /xingrg/all/function/internal_message.html?_=1652413466549&CODE_STATE=getMsg HTTP/1.1" 200 27
101.85.120.86 - - [13/May/2022:11:47:53 +0800] "GET /xingrg/all/function/internal_message.html?_=1652413668492&CODE_STATE=getMsg HTTP/1.1" 200 27
58.39.61.91 - - [13/May/2022:11:47:54 +0800] "GET /xingrg/all/function/internal_message.html?_=1652413671348&CODE_STATE=getMsg HTTP/1.1" 200 27
218.81.223.53 - - [13/May/2022:11:47:54 +0800] "GET /xingrg/all/function/internal_message.html?_=1652413690041&CODE_STATE=getMsg HTTP/1.1" 200 27
116.235.92.88 - - [13/May/2022:11:47:57 +0800] "GET /xingrg/check_reg.html?_=1652413845382 HTTP/1.1" 200 22
114.83.223.69 - - [13/May/2022:11:48:00 +0800] "GET /xingrg/kc/buy/cgsh_order_operate.html?command=get_materiel&rest_code=00149&code=00101008264&supplier_code=00100151&order_time=2022-05-13 HTTP/1.1" 200 412
120.253.135.82 - - [13/May/2022:11:48:05 +0800] "GET /xingrg/all/function/internal_message.html?_=1652413798560&CODE_STATE=getMsg HTTP/1.1" 200 27
116.235.92.88 - - [13/May/2022:11:48:10 +0800] "GET /xingrg/all/function/internal_message.html?_=1652413857637&CODE_STATE=getMsg HTTP/1.1" 200 27
58.221.95.50 - - [13/May/2022:11:48:15 +0800] "GET /xingrg/check_reg.html?_=1652413693634 HTTP/1.1" 302 -
114.83.223.69 - - [13/May/2022:11:48:25 +0800] "GET /xingrg/all/function/internal_message.html?_=1652413700481&CODE_STATE=getMsg HTTP/1.1" 200 27
180.175.103.167 - - [13/May/2022:11:48:32 +0800] "GET /xingrg/all/function/internal_message.html?_=1652413639639&CODE_STATE=getMsg HTTP/1.1" 200 27
120.253.135.82 - - [13/May/2022:11:48:40 +0800] "GET /xingrg/all/function/internal_message.html?_=1652413526562&CODE_STATE=getMsg HTTP/1.1" 200 27
101.85.120.86 - - [13/May/2022:11:48:53 +0800] "GET /xingrg/check_reg.html?_=1652413728492 HTTP/1.1" 200 22
101.85.120.86 - - [13/May/2022:11:48:53 +0800] "GET /xingrg/all/function/internal_message.html?_=1652413728495&CODE_STATE=getMsg HTTP/1.1" 200 27
58.39.61.91 - - [13/May/2022:11:48:54 +0800] "GET /xingrg/check_reg.html?_=1652413731344 HTTP/1.1" 200 22
58.39.61.91 - - [13/May/2022:11:48:54 +0800] "GET /xingrg/all/function/internal_message.html?_=1652413731349&CODE_STATE=getMsg HTTP/1.1" 200 27
218.81.223.53 - - [13/May/2022:11:48:55 +0800] "GET /xingrg/all/function/internal_message.html?_=1652413750077&CODE_STATE=getMsg HTTP/1.1" 200 27
120.253.135.82 - - [13/May/2022:11:49:05 +0800] "GET /xingrg/all/function/internal_message.html?_=1652413858578&CODE_STATE=getMsg HTTP/1.1" 200 27
116.235.92.88 - - [13/May/2022:11:49:10 +0800] "GET /xingrg/all/function/internal_message.html?_=1652413917611&CODE_STATE=getMsg HTTP/1.1" 200 27
114.83.223.69 - - [13/May/2022:11:49:25 +0800] "GET /xingrg/all/function/internal_message.html?_=1652413760482&CODE_STATE=getMsg HTTP/1.1" 200 27
180.175.103.167 - - [13/May/2022:11:49:32 +0800] "GET /xingrg/all/function/internal_message.html?_=1652413699624&CODE_STATE=getMsg HTTP/1.1" 200 27
222.70.180.114 - - [13/May/2022:11:49:35 +0800] "GET /xingrg/check_reg.html?_=1652413770949 HTTP/1.1" 200 22
120.253.135.82 - - [13/May/2022:11:49:40 +0800] "GET /xingrg/all/function/internal_message.html?_=1652413586576&CODE_STATE=getMsg HTTP/1.1" 200 27
218.81.223.53 - - [13/May/2022:11:49:49 +0800] "GET /xingrg/check_reg.html?_=1652413804390 HTTP/1.1" 200 22
101.85.120.86 - - [13/May/2022:11:49:53 +0800] "GET /xingrg/all/function/internal_message.html?_=1652413788499&CODE_STATE=getMsg HTTP/1.1" 200 27
58.39.61.91 - - [13/May/2022:11:49:54 +0800] "GET /xingrg/all/function/internal_message.html?_=1652413791342&CODE_STATE=getMsg HTTP/1.1" 200 27
218.81.223.53 - - [13/May/2022:11:49:55 +0800] "GET /xingrg/all/function/internal_message.html?_=1652413810084&CODE_STATE=getMsg HTTP/1.1" 200 27
120.253.135.82 - - [13/May/2022:11:50:05 +0800] "GET /xingrg/all/function/internal_message.html?_=1652413918598&CODE_STATE=getMsg HTTP/1.1" 200 27
116.235.92.88 - - [13/May/2022:11:50:10 +0800] "GET /xingrg/all/function/internal_message.html?_=1652413977589&CODE_STATE=getMsg HTTP/1.1" 200 27
114.83.223.69 - - [13/May/2022:11:50:25 +0800] "GET /xingrg/all/function/internal_message.html?_=1652413820482&CODE_STATE=getMsg HTTP/1.1" 200 27
180.175.103.167 - - [13/May/2022:11:50:32 +0800] "GET /xingrg/all/function/internal_message.html?_=1652413759610&CODE_STATE=getMsg HTTP/1.1" 200 27
120.253.135.82 - - [13/May/2022:11:50:41 +0800] "GET /xingrg/all/function/internal_message.html?_=1652413646786&CODE_STATE=getMsg HTTP/1.1" 200 27
101.85.120.86 - - [13/May/2022:11:50:53 +0800] "GET /xingrg/all/function/internal_message.html?_=1652413848500&CODE_STATE=getMsg HTTP/1.1" 200 27
58.39.61.91 - - [13/May/2022:11:50:54 +0800] "GET /xingrg/all/function/internal_message.html?_=1652413851347&CODE_STATE=getMsg HTTP/1.1" 200 27
218.81.223.53 - - [13/May/2022:11:50:55 +0800] "GET /xingrg/all/function/internal_message.html?_=1652413870099&CODE_STATE=getMsg HTTP/1.1" 200 27
120.253.135.82 - - [13/May/2022:11:51:01 +0800] "GET /xingrg/check_reg.html?_=1652413974458 HTTP/1.1" 200 22
120.253.135.82 - - [13/May/2022:11:51:05 +0800] "GET /xingrg/all/function/internal_message.html?_=1652413978606&CODE_STATE=getMsg HTTP/1.1" 200 27
116.235.92.88 - - [13/May/2022:11:51:10 +0800] "GET /xingrg/all/function/internal_message.html?_=1652414037560&CODE_STATE=getMsg HTTP/1.1" 200 27
180.175.103.167 - - [13/May/2022:11:51:11 +0800] "GET /xingrg/check_reg.html?_=1652413799345 HTTP/1.1" 200 22
114.83.223.69 - - [13/May/2022:11:51:25 +0800] "GET /xingrg/all/function/internal_message.html?_=1652413880482&CODE_STATE=getMsg HTTP/1.1" 200 27
180.175.103.167 - - [13/May/2022:11:51:32 +0800] "GET /xingrg/all/function/internal_message.html?_=1652413819581&CODE_STATE=getMsg HTTP/1.1" 200 27
120.253.135.82 - - [13/May/2022:11:51:40 +0800] "GET /xingrg/all/function/internal_message.html?_=1652413706791&CODE_STATE=getMsg HTTP/1.1" 200 27
101.85.120.86 - - [13/May/2022:11:51:53 +0800] "GET /xingrg/all/function/internal_message.html?_=1652413908496&CODE_STATE=getMsg HTTP/1.1" 200 27
58.39.61.91 - - [13/May/2022:11:51:54 +0800] "GET /xingrg/all/function/internal_message.html?_=1652413911342&CODE_STATE=getMsg HTTP/1.1" 200 27
218.81.223.53 - - [13/May/2022:11:51:55 +0800] "GET /xingrg/all/function/internal_message.html?_=1652413930120&CODE_STATE=getMsg HTTP/1.1" 200 27
120.253.135.82 - - [13/May/2022:11:52:05 +0800] "GET /xingrg/all/function/internal_message.html?_=1652414038621&CODE_STATE=getMsg HTTP/1.1" 200 27
101.87.191.251 - - [13/May/2022:11:52:10 +0800] "GET /xingrg/check_reg.html?_=1652413929672 HTTP/1.1" 200 22
116.235.92.88 - - [13/May/2022:11:52:10 +0800] "GET /xingrg/all/function/internal_message.html?_=1652414097541&CODE_STATE=getMsg HTTP/1.1" 200 27
58.39.61.91 - - [13/May/2022:11:52:10 +0800] "GET /xingrg/login.html HTTP/1.1" 200 7641
58.39.61.91 - - [13/May/2022:11:52:11 +0800] "GET /xingrg/images/blue/jxLogo.png HTTP/1.1" 304 -
58.39.61.91 - - [13/May/2022:11:52:11 +0800] "GET /xingrg/images/blue/login_bg.png HTTP/1.1" 304 -
58.39.61.91 - - [13/May/2022:11:52:11 +0800] "GET /xingrg/images/blue/hj.png HTTP/1.1" 304 -
58.39.61.91 - - [13/May/2022:11:52:11 +0800] "GET /xingrg/images/blue/srbg.png HTTP/1.1" 304 -
58.39.61.91 - - [13/May/2022:11:52:12 +0800] "GET /favicon.ico HTTP/1.1" 404 -
58.39.61.91 - - [13/May/2022:11:52:14 +0800] "POST /xingrg/login.do HTTP/1.1" 302 -
58.39.61.91 - - [13/May/2022:11:52:14 +0800] "GET /xingrg/javascript/jquery_easy_ui/themes/default/easyui.css HTTP/1.1" 304 -
58.39.61.91 - - [13/May/2022:11:52:14 +0800] "GET /xingrg/javascript/jquery_easy_ui/themes/icon.css HTTP/1.1" 304 -
58.39.61.91 - - [13/May/2022:11:52:14 +0800] "GET /xingrg/index.html?sysBaseUrl=http%3A%2F%2F180.169.147.146%3A18081%2Fxingrg%2F&costTime=50×tamp=1652413934274 HTTP/1.1" 200 17179
58.39.61.91 - - [13/May/2022:11:52:14 +0800] "GET /xingrg/css/form.css HTTP/1.1" 304 -
58.39.61.91 - - [13/May/2022:11:52:14 +0800] "GET /xingrg/javascript/jquery-1.4.2.min.js HTTP/1.1" 304 -
58.39.61.91 - - [13/May/2022:11:52:14 +0800] "GET /xingrg/javascript/jquery_easy_ui/jquery.easyui.min.js HTTP/1.1" 304 -
58.39.61.91 - - [13/May/2022:11:52:14 +0800] "GET /xingrg/javascript/jquery.utils.js HTTP/1.1" 304 -
58.39.61.91 - - [13/May/2022:11:52:14 +0800] "GET /xingrg/javascript/jquery_easy_ui/easyui-lang-zh_CN.js HTTP/1.1" 304 -
58.39.61.91 - - [13/May/2022:11:52:14 +0800] "GET /favicon.ico HTTP/1.1" 404 -
58.39.61.91 - - [13/May/2022:11:52:14 +0800] "GET /xingrg/javascript/jquery.form.js HTTP/1.1" 304 -
58.39.61.91 - - [13/May/2022:11:52:14 +0800] "GET /xingrg/javascript/jquery.timers.js HTTP/1.1" 304 -
58.39.61.91 - - [13/May/2022:11:52:14 +0800] "GET /xingrg/images/blue/navBackgound.jpg HTTP/1.1" 304 -
58.39.61.91 - - [13/May/2022:11:52:14 +0800] "GET /xingrg/javascript/jquery_easy_ui/themes/icons/settle_new.png HTTP/1.1" 304 -
58.39.61.91 - - [13/May/2022:11:52:14 +0800] "GET /xingrg/images/blue/pingpu.png HTTP/1.1" 304 -
58.39.61.91 - - [13/May/2022:11:52:14 +0800] "POST /xingrg/all/common/load_tree.html?tree=area_rest_tree_json&manage=1 HTTP/1.1" 200 476
58.39.61.91 - - [13/May/2022:11:52:14 +0800] "GET /xingrg/javascript/jquery_easy_ui/themes/default/images/tabs_rightarrow.png HTTP/1.1" 304 -
58.39.61.91 - - [13/May/2022:11:52:14 +0800] "GET /xingrg/javascript/jquery_easy_ui/themes/default/images/tabs_leftarrow.png HTTP/1.1" 304 -
58.39.61.91 - - [13/May/2022:11:52:15 +0800] "GET /xingrg/javascript/jquery_easy_ui/themes/default/images/panel_tool_collapse.gif HTTP/1.1" 304 -
58.39.61.91 - - [13/May/2022:11:52:15 +0800] "GET /xingrg/check_reg.html?_=1652413890410 HTTP/1.1" 200 22
58.39.61.91 - - [13/May/2022:11:52:15 +0800] "GET /xingrg/all/function/internal_message.html?_=1652413890409&CODE_STATE=count HTTP/1.1" 200 11
58.39.61.91 - - [13/May/2022:11:52:15 +0800] "GET /xingrg/javascript/jquery_easy_ui/themes/default/images/tree_arrows.gif HTTP/1.1" 304 -
58.39.61.91 - - [13/May/2022:11:52:15 +0800] "POST /xingrg/load_menu.html HTTP/1.1" 200 5138
58.39.61.91 - - [13/May/2022:11:52:15 +0800] "GET /xingrg/javascript/jquery_easy_ui/themes/default/images/tree_folder_open.gif HTTP/1.1" 304 -
58.39.61.91 - - [13/May/2022:11:52:15 +0800] "GET /xingrg/javascript/jquery_easy_ui/themes/icons/search_new.png HTTP/1.1" 304 -
58.39.61.91 - - [13/May/2022:11:52:15 +0800] "GET /xingrg/javascript/jquery_easy_ui/themes/default/images/tree_folder.gif HTTP/1.1" 304 -
58.39.61.91 - - [13/May/2022:11:52:15 +0800] "GET /xingrg/javascript/jquery_easy_ui/themes/icons/storage_new.png HTTP/1.1" 304 -
58.39.61.91 - - [13/May/2022:11:52:15 +0800] "GET /xingrg/javascript/jquery_easy_ui/themes/icons/forms_new.png HTTP/1.1" 304 -
58.39.61.91 - - [13/May/2022:11:52:15 +0800] "GET /xingrg/javascript/jquery_easy_ui/themes/default/images/tree_file.gif HTTP/1.1" 304 -
58.39.61.91 - - [13/May/2022:11:52:15 +0800] "GET /xingrg/javascript/jquery_easy_ui/themes/default/images/tabs_active.png HTTP/1.1" 304 -
114.83.223.69 - - [13/May/2022:11:52:25 +0800] "GET /xingrg/check_reg.html?_=1652413940483 HTTP/1.1" 200 22
114.83.223.69 - - [13/May/2022:11:52:25 +0800] "GET /xingrg/all/function/internal_message.html?_=1652413940488&CODE_STATE=getMsg HTTP/1.1" 200 27
180.175.103.167 - - [13/May/2022:11:52:31 +0800] "GET /xingrg/all/function/internal_message.html?_=1652413879566&CODE_STATE=getMsg HTTP/1.1" 200 27
120.253.135.82 - - [13/May/2022:11:52:38 +0800] "GET /xingrg/check_reg.html?_=1652413764193 HTTP/1.1" 200 22
120.253.135.82 - - [13/May/2022:11:52:40 +0800] "GET /xingrg/all/function/internal_message.html?_=1652413766805&CODE_STATE=getMsg HTTP/1.1" 200 27
101.85.120.86 - - [13/May/2022:11:52:53 +0800] "GET /xingrg/all/function/internal_message.html?_=1652413968502&CODE_STATE=getMsg HTTP/1.1" 200 27
58.39.61.91 - - [13/May/2022:11:52:54 +0800] "GET /xingrg/all/function/internal_message.html?_=1652413971353&CODE_STATE=getMsg HTTP/1.1" 200 27
218.81.223.53 - - [13/May/2022:11:52:55 +0800] "GET /xingrg/all/function/internal_message.html?_=1652413990125&CODE_STATE=getMsg HTTP/1.1" 200 27
116.235.92.88 - - [13/May/2022:11:52:57 +0800] "GET /xingrg/check_reg.html?_=1652414145384 HTTP/1.1" 200 22
120.253.135.82 - - [13/May/2022:11:53:05 +0800] "GET /xingrg/all/function/internal_message.html?_=1652414098642&CODE_STATE=getMsg HTTP/1.1" 200 27
116.235.92.88 - - [13/May/2022:11:53:10 +0800] "GET /xingrg/all/function/internal_message.html?_=1652414157514&CODE_STATE=getMsg HTTP/1.1" 200 27
58.39.61.91 - - [13/May/2022:11:53:15 +0800] "GET /xingrg/all/function/internal_message.html?_=1652413950416&CODE_STATE=getMsg HTTP/1.1" 200 27
58.221.95.50 - - [13/May/2022:11:53:15 +0800] "GET /xingrg/check_reg.html?_=1652413993619 HTTP/1.1" 302 -
120.253.135.82 - - [13/May/2022:11:53:19 +0800] "POST /xingrg/kc/pszx/mdps_list_operate.html HTTP/1.1" 200 2410
120.253.135.82 - - [13/May/2022:11:53:21 +0800] "POST /xingrg/kc/pszx/mdps_list_operate.html HTTP/1.1" 200 300
120.253.135.82 - - [13/May/2022:11:53:24 +0800] "POST /xingrg/kc/pszx/mdps_list_operate.html HTTP/1.1" 200 385
114.83.223.69 - - [13/May/2022:11:53:25 +0800] "GET /xingrg/all/function/internal_message.html?_=1652414000493&CODE_STATE=getMsg HTTP/1.1" 200 27
120.253.135.82 - - [13/May/2022:11:53:27 +0800] "GET /xingrg/kc/pszx/mdps_order_info.html?code=312022051300283 HTTP/1.1" 200 23974
120.253.135.82 - - [13/May/2022:11:53:27 +0800] "GET /xingrg/javascript/jquery_tools/jquery.tools.hotkey.js HTTP/1.1" 200 3242
120.253.135.82 - - [13/May/2022:11:53:27 +0800] "GET /xingrg/css/base.css HTTP/1.1" 200 2811
120.253.135.82 - - [13/May/2022:11:53:27 +0800] "GET /xingrg/javascript/jquery_tools/jquery.tools.extend.js HTTP/1.1" 200 15385
120.253.135.82 - - [13/May/2022:11:53:27 +0800] "GET /xingrg/javascript/jquery_easy_ui/jquery.easyui.min.js HTTP/1.1" 200 213662
120.253.135.82 - - [13/May/2022:11:53:27 +0800] "GET /xingrg/css/site.css HTTP/1.1" 200 7541
120.253.135.82 - - [13/May/2022:11:53:27 +0800] "GET /xingrg/javascript/auto/jquery.autocomplete.js HTTP/1.1" 200 21624
120.253.135.82 - - [13/May/2022:11:53:27 +0800] "GET /xingrg/javascript/easyui/easyloader.js HTTP/1.1" 200 5975
120.253.135.82 - - [13/May/2022:11:53:27 +0800] "GET /xingrg/javascript/jquery.utils.js HTTP/1.1" 200 11805
120.253.135.82 - - [13/May/2022:11:53:27 +0800] "GET /xingrg/javascript/jquery_tools/order_manager.js HTTP/1.1" 200 11183
120.253.135.82 - - [13/May/2022:11:53:27 +0800] "GET /xingrg/javascript/easyui/themes/icon.css HTTP/1.1" 200 4483
120.253.135.82 - - [13/May/2022:11:53:27 +0800] "GET /xingrg/javascript/convert.js HTTP/1.1" 200 1239
120.253.135.82 - - [13/May/2022:11:53:27 +0800] "GET /xingrg/javascript/print/kc_print.js HTTP/1.1" 200 11415
120.253.135.82 - - [13/May/2022:11:53:27 +0800] "GET /xingrg/javascript/print/LodopFuncs.js HTTP/1.1" 200 5121
120.253.135.82 - - [13/May/2022:11:53:27 +0800] "GET /xingrg/javascript/easyui/themes/default/easyui.css HTTP/1.1" 200 30432
120.253.135.82 - - [13/May/2022:11:53:27 +0800] "GET /xingrg/javascript/json2.js HTTP/1.1" 200 11259
120.253.135.82 - - [13/May/2022:11:53:27 +0800] "GET /xingrg/javascript/pic_change.js HTTP/1.1" 200 4739
120.253.135.82 - - [13/May/2022:11:53:27 +0800] "GET /xingrg/javascript/jquery_tools/jquery.tools.min.js HTTP/1.1" 200 138801
120.253.135.82 - - [13/May/2022:11:53:27 +0800] "GET /xingrg/javascript/myfunction.js HTTP/1.1" 200 24559
120.253.135.82 - - [13/May/2022:11:53:27 +0800] "GET /xingrg/javascript/jquery_tools/datebox.css HTTP/1.1" 200 2597
120.253.135.82 - - [13/May/2022:11:53:27 +0800] "GET /xingrg/javascript/auto/jquery.autocomplete.css HTTP/1.1" 200 587
120.253.135.82 - - [13/May/2022:11:53:27 +0800] "GET /xingrg/words/20220512193534_words.js HTTP/1.1" 200 896525
120.253.135.82 - - [13/May/2022:11:53:27 +0800] "GET /xingrg/javascript/easyui/themes/icons/ok.png HTTP/1.1" 200 883
120.253.135.82 - - [13/May/2022:11:53:27 +0800] "GET /xingrg/javascript/easyui/themes/default/images/menu_downarrow.png HTTP/1.1" 200 173
120.253.135.82 - - [13/May/2022:11:53:27 +0800] "GET /xingrg/javascript/easyui/themes/icons/copy_new.png HTTP/1.1" 200 815
120.253.135.82 - - [13/May/2022:11:53:27 +0800] "GET /xingrg/javascript/easyui/themes/icons/cancel.png HTTP/1.1" 200 1133
120.253.135.82 - - [13/May/2022:11:53:27 +0800] "GET /xingrg/javascript/easyui/themes/icons/print.png HTTP/1.1" 200 1057
120.253.135.82 - - [13/May/2022:11:53:28 +0800] "GET /xingrg/javascript/easyui/plugins/jquery.parser.js HTTP/1.1" 200 1142
120.253.135.82 - - [13/May/2022:11:53:28 +0800] "GET /xingrg/all/common/auto_word.html?type=base&rest_code=00101 HTTP/1.1" 200 671
120.253.135.82 - - [13/May/2022:11:53:28 +0800] "GET /xingrg/javascript/easyui/themes/default/validatebox.css HTTP/1.1" 404 1104
120.253.135.82 - - [13/May/2022:11:53:28 +0800] "GET /xingrg/javascript/easyui/plugins/jquery.validatebox.js HTTP/1.1" 200 6103
120.253.135.82 - - [13/May/2022:11:53:28 +0800] "GET /xingrg/javascript/easyui/plugins/jquery.numberbox.js HTTP/1.1" 200 5213
120.253.135.82 - - [13/May/2022:11:53:28 +0800] "POST /xingrg/kc/pszx/mdps_order_operate.html HTTP/1.1" 200 3316
180.175.103.167 - - [13/May/2022:11:53:31 +0800] "GET /xingrg/all/function/internal_message.html?_=1652413939552&CODE_STATE=getMsg HTTP/1.1" 200 27
120.253.135.82 - - [13/May/2022:11:53:33 +0800] "GET /xingrg/javascript/easyui/themes/default/images/button_plain_hover.png HTTP/1.1" 200 144
120.253.135.82 - - [13/May/2022:11:53:33 +0800] "GET /xingrg/javascript/easyui/themes/default/images/button_plain_hover.png HTTP/1.1" 200 144
120.253.135.82 - - [13/May/2022:11:53:34 +0800] "POST /xingrg/kc/pszx/mdps_list_operate.html HTTP/1.1" 200 2410
120.253.135.82 - - [13/May/2022:11:53:35 +0800] "POST /xingrg/kc/pszx/mdps_list_operate.html HTTP/1.1" 200 198
58.39.61.91 - - [13/May/2022:11:53:36 +0800] "GET /xingrg/javascript/jquery_easy_ui/themes/default/images/button_plain_hover.png HTTP/1.1" 304 -
120.253.135.82 - - [13/May/2022:11:53:37 +0800] "POST /xingrg/kc/pszx/mdps_list_operate.html HTTP/1.1" 200 300
120.253.135.82 - - [13/May/2022:11:53:39 +0800] "POST /xingrg/kc/pszx/mdps_list_operate.html HTTP/1.1" 200 385
120.253.135.82 - - [13/May/2022:11:53:40 +0800] "GET /xingrg/all/function/internal_message.html?_=1652413826817&CODE_STATE=getMsg HTTP/1.1" 200 27
120.253.135.82 - - [13/May/2022:11:53:42 +0800] "GET /xingrg/kc/pszx/mdps_order_add.html HTTP/1.1" 200 29035
120.253.135.82 - - [13/May/2022:11:53:42 +0800] "POST /xingrg/kc/pszx/mdps_order_operate.html HTTP/1.1" 200 7126
120.253.135.82 - - [13/May/2022:11:53:42 +0800] "GET /xingrg/javascript/easyui/themes/default/validatebox.css HTTP/1.1" 404 1104
58.39.61.91 - - [13/May/2022:11:53:43 +0800] "GET /xingrg/javascript/jquery_easy_ui/themes/default/images/tabs_close.gif HTTP/1.1" 304 -
58.39.61.91 - - [13/May/2022:11:53:43 +0800] "GET /xingrg/kc/base/wlsy_order_list.html?syType=0 HTTP/1.1" 200 17227
58.39.61.91 - - [13/May/2022:11:53:43 +0800] "GET /xingrg/css/base.css HTTP/1.1" 304 -
58.39.61.91 - - [13/May/2022:11:53:43 +0800] "GET /xingrg/javascript/jquery_tools/jquery.tools.min.js HTTP/1.1" 304 -
58.39.61.91 - - [13/May/2022:11:53:43 +0800] "GET /xingrg/javascript/jquery_tools/jquery.tools.table.js HTTP/1.1" 304 -
58.39.61.91 - - [13/May/2022:11:53:43 +0800] "GET /xingrg/javascript/easyui/themes/icon.css HTTP/1.1" 304 -
58.39.61.91 - - [13/May/2022:11:53:43 +0800] "GET /xingrg/javascript/auto/jquery.autocomplete.js HTTP/1.1" 304 -
58.39.61.91 - - [13/May/2022:11:53:43 +0800] "GET /xingrg/javascript/jquery_tools/list_manager.js HTTP/1.1" 304 -
58.39.61.91 - - [13/May/2022:11:53:43 +0800] "GET /xingrg/javascript/easyui/easyloader.js HTTP/1.1" 304 -
58.39.61.91 - - [13/May/2022:11:53:43 +0800] "GET /xingrg/javascript/jquery.cookie.js HTTP/1.1" 304 -
58.39.61.91 - - [13/May/2022:11:53:43 +0800] "GET /xingrg/css/site.css HTTP/1.1" 304 -
58.39.61.91 - - [13/May/2022:11:53:44 +0800] "GET /xingrg/javascript/easyui/themes/default/easyui.css HTTP/1.1" 304 -
58.39.61.91 - - [13/May/2022:11:53:44 +0800] "GET /xingrg/javascript/jquery_tools/datebox.css HTTP/1.1" 304 -
58.39.61.91 - - [13/May/2022:11:53:44 +0800] "GET /xingrg/javascript/jquery_tools/fix.css HTTP/1.1" 304 -
58.39.61.91 - - [13/May/2022:11:53:44 +0800] "GET /xingrg/javascript/jquery_tools/jquery.tools.extend.js HTTP/1.1" 304 -
58.39.61.91 - - [13/May/2022:11:53:44 +0800] "GET /xingrg/javascript/jquery_tools/jquery.tools.hotkey.js HTTP/1.1" 304 -
58.39.61.91 - - [13/May/2022:11:53:44 +0800] "GET /xingrg/javascript/auto/jquery.autocomplete.css HTTP/1.1" 304 -
58.39.61.91 - - [13/May/2022:11:53:44 +0800] "GET /xingrg/javascript/jquery_tools/table.css HTTP/1.1" 304 -
58.39.61.91 - - [13/May/2022:11:53:44 +0800] "GET /xingrg/javascript/easyui/themes/icons/edit_add_new.png HTTP/1.1" 304 -
58.39.61.91 - - [13/May/2022:11:53:44 +0800] "GET /xingrg/javascript/easyui/themes/icons/uncheck_new.png HTTP/1.1" 304 -
58.39.61.91 - - [13/May/2022:11:53:44 +0800] "GET /xingrg/javascript/easyui/themes/icons/cance_new.png HTTP/1.1" 304 -
58.39.61.91 - - [13/May/2022:11:53:44 +0800] "GET /xingrg/javascript/easyui/themes/icons/field_new.png HTTP/1.1" 304 -
58.39.61.91 - - [13/May/2022:11:53:44 +0800] "GET /xingrg/javascript/easyui/plugins/jquery.parser.js HTTP/1.1" 304 -
58.39.61.91 - - [13/May/2022:11:53:44 +0800] "GET /xingrg/images/control/ajaxLoader.gif HTTP/1.1" 304 -
58.39.61.91 - - [13/May/2022:11:53:44 +0800] "POST /xingrg/kc/base/wlsy_list_operate.html?syType=0 HTTP/1.1" 200 862
58.39.61.91 - - [13/May/2022:11:53:45 +0800] "GET /xingrg/javascript/easyui/themes/default/images/button_plain_hover.png HTTP/1.1" 304 -
58.39.61.91 - - [13/May/2022:11:53:46 +0800] "GET /xingrg/javascript/pic_change.js HTTP/1.1" 304 -
58.39.61.91 - - [13/May/2022:11:53:46 +0800] "GET /xingrg/javascript/jquery_tools/order_manager.js HTTP/1.1" 304 -
58.39.61.91 - - [13/May/2022:11:53:46 +0800] "GET /xingrg/javascript/convert.js HTTP/1.1" 304 -
58.39.61.91 - - [13/May/2022:11:53:46 +0800] "GET /xingrg/javascript/json2.js HTTP/1.1" 304 -
58.39.61.91 - - [13/May/2022:11:53:46 +0800] "GET /xingrg/kc/base/wlsy_order_add.html?syType=0 HTTP/1.1" 200 28530
58.39.61.91 - - [13/May/2022:11:53:46 +0800] "GET /xingrg/javascript/easyui/themes/icons/template_new.png HTTP/1.1" 304 -
58.39.61.91 - - [13/May/2022:11:53:46 +0800] "GET /xingrg/javascript/easyui/themes/icons/check_new.png HTTP/1.1" 304 -
58.39.61.91 - - [13/May/2022:11:53:46 +0800] "GET /xingrg/javascript/easyui/themes/icons/print.png HTTP/1.1" 304 -
58.39.61.91 - - [13/May/2022:11:53:46 +0800] "GET /xingrg/javascript/easyui/themes/icons/ok.png HTTP/1.1" 304 -
58.39.61.91 - - [13/May/2022:11:53:46 +0800] "GET /xingrg/javascript/easyui/themes/default/images/menu_downarrow.png HTTP/1.1" 304 -
58.39.61.91 - - [13/May/2022:11:53:46 +0800] "GET /xingrg/javascript/easyui/themes/icons/cancel.png HTTP/1.1" 304 -
58.39.61.91 - - [13/May/2022:11:53:46 +0800] "GET /xingrg/words/20220512193534_words.js HTTP/1.1" 304 -
58.39.61.91 - - [13/May/2022:11:53:46 +0800] "POST /xingrg/kc/base/wlsy_order_operate.html HTTP/1.1" 200 6806
58.39.61.91 - - [13/May/2022:11:53:46 +0800] "GET /xingrg/javascript/easyui/themes/icons/edit_remove.png HTTP/1.1" 304 -
58.39.61.91 - - [13/May/2022:11:53:46 +0800] "GET /xingrg/all/common/auto_word.html?type=base&rest_code=00150 HTTP/1.1" 200 1699
58.39.61.91 - - [13/May/2022:11:53:47 +0800] "GET /xingrg/javascript/easyui/themes/default/validatebox.css HTTP/1.1" 404 1104
58.39.61.91 - - [13/May/2022:11:53:47 +0800] "GET /xingrg/javascript/easyui/plugins/jquery.validatebox.js HTTP/1.1" 304 -
58.39.61.91 - - [13/May/2022:11:53:47 +0800] "GET /xingrg/javascript/easyui/plugins/jquery.numberbox.js HTTP/1.1" 304 -
58.39.61.91 - - [13/May/2022:11:53:48 +0800] "GET /xingrg/css/images/panel_loading.gif HTTP/1.1" 304 -
58.39.61.91 - - [13/May/2022:11:53:48 +0800] "POST /xingrg/all/common/load_combo.html?type=base HTTP/1.1" 200 3051
120.253.135.82 - - [13/May/2022:11:53:49 +0800] "GET /xingrg/css/images/panel_loading.gif HTTP/1.1" 200 1737
120.253.135.82 - - [13/May/2022:11:53:49 +0800] "POST /xingrg/all/common/load_combo.html?type=base HTTP/1.1" 200 1169
58.39.61.91 - - [13/May/2022:11:53:52 +0800] "GET /xingrg/kc/buy/cgsh_order_operate.html?command=get_materiel&rest_code=00150&code=00102002107&supplier_code=00100151&order_time=2022-05-13 HTTP/1.1" 200 431
58.39.61.91 - - [13/May/2022:11:53:52 +0800] "GET /xingrg/javascript/easyui/plugins/jquery.draggable.js HTTP/1.1" 200 6121
58.39.61.91 - - [13/May/2022:11:53:52 +0800] "GET /xingrg/javascript/easyui/plugins/jquery.droppable.js HTTP/1.1" 200 1167
58.39.61.91 - - [13/May/2022:11:53:52 +0800] "GET /xingrg/javascript/easyui/themes/default/tree.css HTTP/1.1" 404 1090
58.39.61.91 - - [13/May/2022:11:53:52 +0800] "GET /xingrg/javascript/easyui/plugins/jquery.tree.js HTTP/1.1" 200 20874
58.39.61.91 - - [13/May/2022:11:53:52 +0800] "POST /xingrg/all/common/load_tree.html?tree=employee_tree_json HTTP/1.1" 200 25952
58.39.61.91 - - [13/May/2022:11:53:53 +0800] "GET /xingrg/javascript/easyui/themes/default/images/tree_arrows.gif HTTP/1.1" 200 617
101.85.120.86 - - [13/May/2022:11:53:53 +0800] "GET /xingrg/check_reg.html?_=1652414028492 HTTP/1.1" 200 22
58.39.61.91 - - [13/May/2022:11:53:53 +0800] "GET /xingrg/javascript/easyui/themes/default/images/tree_folder_open.gif HTTP/1.1" 200 956
58.39.61.91 - - [13/May/2022:11:53:53 +0800] "GET /xingrg/javascript/easyui/themes/icons/areas.png HTTP/1.1" 200 720
58.39.61.91 - - [13/May/2022:11:53:53 +0800] "GET /xingrg/javascript/easyui/themes/icons/rest.png HTTP/1.1" 200 695
58.39.61.91 - - [13/May/2022:11:53:53 +0800] "GET /xingrg/javascript/easyui/themes/icons/accept_new.png HTTP/1.1" 200 722
101.85.120.86 - - [13/May/2022:11:53:53 +0800] "GET /xingrg/all/function/internal_message.html?_=1652414028495&CODE_STATE=getMsg HTTP/1.1" 200 27
58.39.61.91 - - [13/May/2022:11:53:54 +0800] "GET /xingrg/all/function/internal_message.html?_=1652414031356&CODE_STATE=getMsg HTTP/1.1" 200 27
58.39.61.91 - - [13/May/2022:11:53:54 +0800] "GET /xingrg/check_reg.html?_=1652414031358 HTTP/1.1" 200 22
218.81.223.53 - - [13/May/2022:11:53:55 +0800] "GET /xingrg/all/function/internal_message.html?_=1652414050160&CODE_STATE=getMsg HTTP/1.1" 200 27
120.253.135.82 - - [13/May/2022:11:53:56 +0800] "GET /xingrg/kc/pszx/mdps_order_operate.html?command=get_materiel&pszx_code=00101&rest_code=00109&base_code=0010250&code=00102002938 HTTP/1.1" 200 453
120.253.135.82 - - [13/May/2022:11:54:04 +0800] "POST /xingrg/kc/pszx/mdps_order_operate.html HTTP/1.1" 200 37
120.253.135.82 - - [13/May/2022:11:54:05 +0800] "GET /xingrg/kc/pszx/mdps_order_info.html?code=312022051300304 HTTP/1.1" 200 23972
120.253.135.82 - - [13/May/2022:11:54:05 +0800] "GET /xingrg/all/function/internal_message.html?_=1652414158647&CODE_STATE=getMsg HTTP/1.1" 200 27
120.253.135.82 - - [13/May/2022:11:54:06 +0800] "GET /xingrg/javascript/easyui/themes/default/validatebox.css HTTP/1.1" 404 1104
120.253.135.82 - - [13/May/2022:11:54:06 +0800] "POST /xingrg/kc/pszx/mdps_order_operate.html HTTP/1.1" 200 2296
120.253.135.82 - - [13/May/2022:11:54:07 +0800] "POST /xingrg/kc/pszx/mdps_list_operate.html HTTP/1.1" 200 2772
120.253.135.82 - - [13/May/2022:11:54:09 +0800] "POST /xingrg/kc/pszx/mdps_list_operate.html HTTP/1.1" 200 385
116.235.92.88 - - [13/May/2022:11:54:10 +0800] "GET /xingrg/all/function/internal_message.html?_=1652414217487&CODE_STATE=getMsg HTTP/1.1" 200 27
120.253.135.82 - - [13/May/2022:11:54:10 +0800] "GET /xingrg/kc/pszx/mdps_order_info.html?code=312022051300283 HTTP/1.1" 200 23974
120.253.135.82 - - [13/May/2022:11:54:10 +0800] "GET /xingrg/javascript/easyui/themes/default/validatebox.css HTTP/1.1" 404 1104
120.253.135.82 - - [13/May/2022:11:54:10 +0800] "POST /xingrg/kc/pszx/mdps_order_operate.html HTTP/1.1" 200 3316
58.39.61.91 - - [13/May/2022:11:54:15 +0800] "GET /xingrg/all/function/internal_message.html?_=1652414010430&CODE_STATE=getMsg HTTP/1.1" 200 27
120.253.135.82 - - [13/May/2022:11:54:22 +0800] "POST /xingrg/kc/pszx/mdps_order_operate.html HTTP/1.1" 200 37
120.253.135.82 - - [13/May/2022:11:54:23 +0800] "GET /xingrg/kc/pszx/mdps_order_info.html?code=312022051300283 HTTP/1.1" 200 23974
120.253.135.82 - - [13/May/2022:11:54:23 +0800] "GET /xingrg/javascript/easyui/themes/default/validatebox.css HTTP/1.1" 404 1104
120.253.135.82 - - [13/May/2022:11:54:23 +0800] "POST /xingrg/kc/pszx/mdps_order_operate.html HTTP/1.1" 200 2803
114.83.223.69 - - [13/May/2022:11:54:25 +0800] "GET /xingrg/all/function/internal_message.html?_=1652414060494&CODE_STATE=getMsg HTTP/1.1" 200 27
120.253.135.82 - - [13/May/2022:11:54:25 +0800] "POST /xingrg/kc/pszx/mdps_list_operate.html HTTP/1.1" 200 2772
120.253.135.82 - - [13/May/2022:11:54:27 +0800] "POST /xingrg/kc/pszx/mdps_list_operate.html HTTP/1.1" 200 296
58.39.61.91 - - [13/May/2022:11:54:27 +0800] "GET /xingrg/javascript/auto/indicator.gif HTTP/1.1" 404 1066
120.253.135.82 - - [13/May/2022:11:54:28 +0800] "POST /xingrg/kc/pszx/mdps_list_operate.html HTTP/1.1" 200 300
120.253.135.82 - - [13/May/2022:11:54:30 +0800] "GET /xingrg/kc/pszx/mdps_order_info.html?code=312022051300283 HTTP/1.1" 200 23974
120.253.135.82 - - [13/May/2022:11:54:30 +0800] "GET /xingrg/javascript/easyui/themes/default/validatebox.css HTTP/1.1" 404 1104
120.253.135.82 - - [13/May/2022:11:54:30 +0800] "POST /xingrg/kc/pszx/mdps_order_operate.html HTTP/1.1" 200 2803
180.175.103.167 - - [13/May/2022:11:54:31 +0800] "GET /xingrg/all/function/internal_message.html?_=1652413999536&CODE_STATE=getMsg HTTP/1.1" 200 27
120.253.135.82 - - [13/May/2022:11:54:32 +0800] "GET /xingrg/kc/print/load_config.html?kc_code=mdps HTTP/1.1" 200 2390
120.253.135.82 - - [13/May/2022:11:54:32 +0800] "GET /xingrg/kc/print/load_data.html?order_code=312022051300283&kc_code=mdps&condition= HTTP/1.1" 200 935
58.39.61.91 - - [13/May/2022:11:54:34 +0800] "GET /xingrg/kc/base/wlsy_order_operate.html?command=get_materiel&rest_code=00150&base_code=0010458&code=00101004050 HTTP/1.1" 200 427
222.70.180.114 - - [13/May/2022:11:54:35 +0800] "GET /xingrg/check_reg.html?_=1652414070922 HTTP/1.1" 200 22
120.253.135.82 - - [13/May/2022:11:54:38 +0800] "POST /xingrg/kc/pszx/mdps_list_operate.html HTTP/1.1" 200 2772
120.253.135.82 - - [13/May/2022:11:54:39 +0800] "POST /xingrg/kc/pszx/mdps_list_operate.html HTTP/1.1" 200 198
120.253.135.82 - - [13/May/2022:11:54:39 +0800] "GET /xingrg/kc/pszx/mdps_order_info.html?code=312022051300286 HTTP/1.1" 200 23972
120.253.135.82 - - [13/May/2022:11:54:40 +0800] "POST /xingrg/kc/pszx/mdps_order_operate.html HTTP/1.1" 200 2271
120.253.135.82 - - [13/May/2022:11:54:40 +0800] "GET /xingrg/javascript/easyui/themes/default/validatebox.css HTTP/1.1" 404 1104
120.253.135.82 - - [13/May/2022:11:54:40 +0800] "GET /xingrg/all/function/internal_message.html?_=1652413886831&CODE_STATE=getMsg HTTP/1.1" 200 27
120.253.135.82 - - [13/May/2022:11:54:42 +0800] "GET /xingrg/kc/print/load_data.html?order_code=312022051300286&kc_code=mdps&condition= HTTP/1.1" 200 659
218.81.223.53 - - [13/May/2022:11:54:49 +0800] "GET /xingrg/check_reg.html?_=1652414104397 HTTP/1.1" 200 22
120.253.135.82 - - [13/May/2022:11:54:50 +0800] "POST /xingrg/kc/pszx/mdps_list_operate.html HTTP/1.1" 200 2772
120.253.135.82 - - [13/May/2022:11:54:51 +0800] "POST /xingrg/kc/pszx/mdps_list_operate.html HTTP/1.1" 200 215
120.253.135.82 - - [13/May/2022:11:54:52 +0800] "GET /xingrg/kc/pszx/mdps_order_info.html?code=312022051300304 HTTP/1.1" 200 23972
120.253.135.82 - - [13/May/2022:11:54:52 +0800] "GET /xingrg/javascript/easyui/themes/default/validatebox.css HTTP/1.1" 404 1104
120.253.135.82 - - [13/May/2022:11:54:52 +0800] "POST /xingrg/kc/pszx/mdps_order_operate.html HTTP/1.1" 200 2296
101.85.120.86 - - [13/May/2022:11:54:53 +0800] "GET /xingrg/all/function/internal_message.html?_=1652414088493&CODE_STATE=getMsg HTTP/1.1" 200 27
58.39.61.91 - - [13/May/2022:11:54:54 +0800] "GET /xingrg/all/function/internal_message.html?_=1652414091360&CODE_STATE=getMsg HTTP/1.1" 200 27
120.253.135.82 - - [13/May/2022:11:54:55 +0800] "GET /xingrg/kc/print/load_data.html?order_code=312022051300304&kc_code=mdps&condition= HTTP/1.1" 200 702
218.81.223.53 - - [13/May/2022:11:54:55 +0800] "GET /xingrg/all/function/internal_message.html?_=1652414110167&CODE_STATE=getMsg HTTP/1.1" 200 27
222.70.180.114 - - [13/May/2022:11:55:00 +0800] "POST /xingrg/services/DataTransmitService HTTP/1.1" 200 524
58.39.61.91 - - [13/May/2022:11:55:02 +0800] "GET /xingrg/kc/base/wlsy_order_operate.html?command=get_materiel&rest_code=00150&base_code=0010458&code=00101004061 HTTP/1.1" 200 423
120.253.135.82 - - [13/May/2022:11:55:06 +0800] "GET /xingrg/all/function/internal_message.html?_=1652414218671&CODE_STATE=getMsg HTTP/1.1" 200 27
116.235.92.88 - - [13/May/2022:11:55:10 +0800] "GET /xingrg/all/function/internal_message.html?_=1652414277462&CODE_STATE=getMsg HTTP/1.1" 200 27
58.39.61.91 - - [13/May/2022:11:55:14 +0800] "GET /xingrg/kc/base/wlsy_order_operate.html?command=get_materiel&rest_code=00150&base_code=0010458&code=00101010560 HTTP/1.1" 200 431
58.39.61.91 - - [13/May/2022:11:55:15 +0800] "GET /xingrg/all/function/internal_message.html?_=1652414070444&CODE_STATE=getMsg HTTP/1.1" 200 27
114.83.223.69 - - [13/May/2022:11:55:25 +0800] "GET /xingrg/all/function/internal_message.html?_=1652414120494&CODE_STATE=getMsg HTTP/1.1" 200 27
58.39.61.91 - - [13/May/2022:11:55:30 +0800] "GET /xingrg/kc/base/wlsy_order_operate.html?command=get_materiel&rest_code=00150&base_code=0010458&code=00101004067 HTTP/1.1" 200 431
180.175.103.167 - - [13/May/2022:11:55:31 +0800] "GET /xingrg/all/function/internal_message.html?_=1652414059522&CODE_STATE=getMsg HTTP/1.1" 200 27
58.39.61.91 - - [13/May/2022:11:55:38 +0800] "GET /xingrg/kc/base/wlsy_order_operate.html?command=get_materiel&rest_code=00150&base_code=0010458&code=00101001096 HTTP/1.1" 200 432
120.253.135.82 - - [13/May/2022:11:55:40 +0800] "GET /xingrg/all/function/internal_message.html?_=1652413946845&CODE_STATE=getMsg HTTP/1.1" 200 27
58.39.61.91 - - [13/May/2022:11:55:47 +0800] "GET /xingrg/kc/base/wlsy_order_operate.html?command=get_materiel&rest_code=00150&base_code=0010458&code=00101001125 HTTP/1.1" 200 433
101.85.120.86 - - [13/May/2022:11:55:53 +0800] "GET /xingrg/all/function/internal_message.html?_=1652414148490&CODE_STATE=getMsg HTTP/1.1" 200 27
58.39.61.91 - - [13/May/2022:11:55:54 +0800] "GET /xingrg/all/function/internal_message.html?_=1652414151356&CODE_STATE=getMsg HTTP/1.1" 200 27
218.81.223.53 - - [13/May/2022:11:55:55 +0800] "GET /xingrg/all/function/internal_message.html?_=1652414170182&CODE_STATE=getMsg HTTP/1.1" 200 27
120.253.135.82 - - [13/May/2022:11:56:01 +0800] "GET /xingrg/check_reg.html?_=1652414274463 HTTP/1.1" 200 22
120.253.135.82 - - [13/May/2022:11:56:05 +0800] "GET /xingrg/all/function/internal_message.html?_=1652414278674&CODE_STATE=getMsg HTTP/1.1" 200 27
116.235.92.88 - - [13/May/2022:11:56:10 +0800] "GET /xingrg/all/function/internal_message.html?_=1652414337430&CODE_STATE=getMsg HTTP/1.1" 200 27
180.175.103.167 - - [13/May/2022:11:56:11 +0800] "GET /xingrg/check_reg.html?_=1652414099321 HTTP/1.1" 200 22
58.39.61.91 - - [13/May/2022:11:56:15 +0800] "GET /xingrg/all/function/internal_message.html?_=1652414130458&CODE_STATE=getMsg HTTP/1.1" 200 27
114.83.223.69 - - [13/May/2022:11:56:25 +0800] "GET /xingrg/all/function/internal_message.html?_=1652414180494&CODE_STATE=getMsg HTTP/1.1" 200 27
180.175.103.167 - - [13/May/2022:11:56:31 +0800] "GET /xingrg/all/function/internal_message.html?_=1652414119519&CODE_STATE=getMsg HTTP/1.1" 200 27
120.253.135.82 - - [13/May/2022:11:56:40 +0800] "GET /xingrg/all/function/internal_message.html?_=1652414006858&CODE_STATE=getMsg HTTP/1.1" 200 27
101.85.120.86 - - [13/May/2022:11:56:53 +0800] "GET /xingrg/all/function/internal_message.html?_=1652414208487&CODE_STATE=getMsg HTTP/1.1" 200 27
58.39.61.91 - - [13/May/2022:11:56:54 +0800] "GET /xingrg/all/function/internal_message.html?_=1652414211357&CODE_STATE=getMsg HTTP/1.1" 200 27
218.81.223.53 - - [13/May/2022:11:56:55 +0800] "GET /xingrg/all/function/internal_message.html?_=1652414230215&CODE_STATE=getMsg HTTP/1.1" 200 27
120.253.135.82 - - [13/May/2022:11:57:06 +0800] "GET /xingrg/all/function/internal_message.html?_=1652414338686&CODE_STATE=getMsg HTTP/1.1" 200 27
116.235.92.88 - - [13/May/2022:11:57:09 +0800] "GET /xingrg/all/function/internal_message.html?_=1652414397426&CODE_STATE=getMsg HTTP/1.1" 200 27
101.87.191.251 - - [13/May/2022:11:57:10 +0800] "GET /xingrg/check_reg.html?_=1652414229652 HTTP/1.1" 200 22
58.39.61.91 - - [13/May/2022:11:57:15 +0800] "GET /xingrg/check_reg.html?_=1652414190413 HTTP/1.1" 200 22
58.39.61.91 - - [13/May/2022:11:57:15 +0800] "GET /xingrg/all/function/internal_message.html?_=1652414190497&CODE_STATE=getMsg HTTP/1.1" 200 27
58.39.61.91 - - [13/May/2022:11:57:24 +0800] "GET /xingrg/kc/base/wlsy_order_operate.html?command=get_materiel&rest_code=00150&base_code=0010458&code=00101001040 HTTP/1.1" 200 433
114.83.223.69 - - [13/May/2022:11:57:25 +0800] "GET /xingrg/all/function/internal_message.html?_=1652414240494&CODE_STATE=getMsg HTTP/1.1" 200 27
114.83.223.69 - - [13/May/2022:11:57:25 +0800] "GET /xingrg/check_reg.html?_=1652414240496 HTTP/1.1" 200 22
180.175.103.167 - - [13/May/2022:11:57:31 +0800] "GET /xingrg/all/function/internal_message.html?_=1652414179503&CODE_STATE=getMsg HTTP/1.1" 200 27
58.39.61.91 - - [13/May/2022:11:57:35 +0800] "GET /xingrg/kc/base/wlsy_order_operate.html?command=get_materiel&rest_code=00150&base_code=0010458&code=00101004038 HTTP/1.1" 200 426
120.253.135.82 - - [13/May/2022:11:57:38 +0800] "GET /xingrg/check_reg.html?_=1652414064191 HTTP/1.1" 200 22
120.253.135.82 - - [13/May/2022:11:57:40 +0800] "GET /xingrg/all/function/internal_message.html?_=1652414066872&CODE_STATE=getMsg HTTP/1.1" 200 27
58.39.61.91 - - [13/May/2022:11:57:47 +0800] "GET /xingrg/kc/base/wlsy_order_operate.html?command=get_materiel&rest_code=00150&base_code=0010458&code=00101003041 HTTP/1.1" 200 434
101.85.120.86 - - [13/May/2022:11:57:53 +0800] "GET /xingrg/all/function/internal_message.html?_=1652414268500&CODE_STATE=getMsg HTTP/1.1" 200 27
58.39.61.91 - - [13/May/2022:11:57:54 +0800] "GET /xingrg/all/function/internal_message.html?_=1652414271377&CODE_STATE=getMsg HTTP/1.1" 200 27
58.39.61.91 - - [13/May/2022:11:57:54 +0800] "GET /xingrg/kc/base/wlsy_order_operate.html?command=get_materiel&rest_code=00150&base_code=0010458&code=00101003020 HTTP/1.1" 200 419
218.81.223.53 - - [13/May/2022:11:57:55 +0800] "GET /xingrg/all/function/internal_message.html?_=1652414290224&CODE_STATE=getMsg HTTP/1.1" 200 27
116.235.92.88 - - [13/May/2022:11:57:57 +0800] "GET /xingrg/check_reg.html?_=1652414445407 HTTP/1.1" 200 22
58.39.61.91 - - [13/May/2022:11:58:04 +0800] "GET /xingrg/kc/base/wlsy_order_operate.html?command=get_materiel&rest_code=00150&base_code=0010458&code=00101003036 HTTP/1.1" 200 434
120.253.135.82 - - [13/May/2022:11:58:06 +0800] "GET /xingrg/all/function/internal_message.html?_=1652414398710&CODE_STATE=getMsg HTTP/1.1" 200 27
116.235.92.88 - - [13/May/2022:11:58:09 +0800] "GET /xingrg/all/function/internal_message.html?_=1652414457398&CODE_STATE=getMsg HTTP/1.1" 200 27
58.221.95.50 - - [13/May/2022:11:58:15 +0800] "GET /xingrg/check_reg.html?_=1652414293649 HTTP/1.1" 302 -
58.39.61.91 - - [13/May/2022:11:58:15 +0800] "GET /xingrg/all/function/internal_message.html?_=1652414250500&CODE_STATE=getMsg HTTP/1.1" 200 27
58.39.61.91 - - [13/May/2022:11:58:17 +0800] "GET /xingrg/kc/base/wlsy_order_operate.html?command=get_materiel&rest_code=00150&base_code=0010458&code=00101003080 HTTP/1.1" 200 422
114.83.223.69 - - [13/May/2022:11:58:25 +0800] "GET /xingrg/all/function/internal_message.html?_=1652414300498&CODE_STATE=getMsg HTTP/1.1" 200 27
58.39.61.91 - - [13/May/2022:11:58:31 +0800] "POST /xingrg/kc/base/wlsy_order_operate.html HTTP/1.1" 200 37
58.39.61.91 - - [13/May/2022:11:58:31 +0800] "POST /xingrg/kc/base/wlsy_order_operate.html HTTP/1.1" 200 6664
180.175.103.167 - - [13/May/2022:11:58:31 +0800] "GET /xingrg/all/function/internal_message.html?_=1652414239489&CODE_STATE=getMsg HTTP/1.1" 200 27
58.39.61.91 - - [13/May/2022:11:58:33 +0800] "POST /xingrg/kc/base/wlsy_order_operate.html HTTP/1.1" 200 12
58.39.61.91 - - [13/May/2022:11:58:35 +0800] "POST /xingrg/kc/base/wlsy_list_operate.html?syType=0 HTTP/1.1" 200 862
58.39.61.91 - - [13/May/2022:11:58:36 +0800] "GET /xingrg/kc/base/wldb_order_list.html HTTP/1.1" 200 19107
58.39.61.91 - - [13/May/2022:11:58:36 +0800] "GET /xingrg/javascript/print/LodopFuncs.js HTTP/1.1" 304 -
58.39.61.91 - - [13/May/2022:11:58:36 +0800] "GET /xingrg/javascript/easyui/themes/icons/import_new.png HTTP/1.1" 304 -
58.39.61.91 - - [13/May/2022:11:58:36 +0800] "GET /xingrg/javascript/jquery_easy_ui/themes/icons/area.png HTTP/1.1" 304 -
58.39.61.91 - - [13/May/2022:11:58:36 +0800] "GET /xingrg/javascript/jquery_easy_ui/themes/icons/rest.png HTTP/1.1" 304 -
58.39.61.91 - - [13/May/2022:11:58:37 +0800] "POST /xingrg/kc/base/wldb_list_operate.html HTTP/1.1" 200 928
58.39.61.91 - - [13/May/2022:11:58:38 +0800] "GET /xingrg/kc/base/wldb_order_add.html HTTP/1.1" 200 30329
58.39.61.91 - - [13/May/2022:11:58:38 +0800] "GET /xingrg/javascript/print/kc_print.js HTTP/1.1" 304 -
58.39.61.91 - - [13/May/2022:11:58:38 +0800] "POST /xingrg/kc/base/wldb_order_operate.html HTTP/1.1" 200 6806
58.39.61.91 - - [13/May/2022:11:58:39 +0800] "GET /xingrg/javascript/easyui/themes/default/validatebox.css HTTP/1.1" 404 1104
58.39.61.91 - - [13/May/2022:11:58:40 +0800] "POST /xingrg/all/common/load_combo.html?type=base HTTP/1.1" 200 3051
120.253.135.82 - - [13/May/2022:11:58:40 +0800] "GET /xingrg/all/function/internal_message.html?_=1652414126885&CODE_STATE=getMsg HTTP/1.1" 200 27
101.85.120.86 - - [13/May/2022:11:58:53 +0800] "GET /xingrg/check_reg.html?_=1652414328489 HTTP/1.1" 200 22
101.85.120.86 - - [13/May/2022:11:58:53 +0800] "GET /xingrg/all/function/internal_message.html?_=1652414328491&CODE_STATE=getMsg HTTP/1.1" 200 27
58.39.61.91 - - [13/May/2022:11:58:54 +0800] "GET /xingrg/all/function/internal_message.html?_=1652414331372&CODE_STATE=getMsg HTTP/1.1" 200 27
58.39.61.91 - - [13/May/2022:11:58:54 +0800] "GET /xingrg/check_reg.html?_=1652414331371 HTTP/1.1" 200 22
218.81.223.53 - - [13/May/2022:11:58:55 +0800] "GET /xingrg/all/function/internal_message.html?_=1652414350257&CODE_STATE=getMsg HTTP/1.1" 200 27
58.39.61.91 - - [13/May/2022:11:58:58 +0800] "GET /xingrg/kc/base/wldb_order_operate.html?command=get_materiel&rest_code=00150&base_code=0010458&code=00101001088 HTTP/1.1" 200 437
120.253.135.82 - - [13/May/2022:11:59:06 +0800] "GET /xingrg/all/function/internal_message.html?_=1652414458715&CODE_STATE=getMsg HTTP/1.1" 200 27
116.235.92.88 - - [13/May/2022:11:59:09 +0800] "GET /xingrg/all/function/internal_message.html?_=1652414517367&CODE_STATE=getMsg HTTP/1.1" 200 27
58.39.61.91 - - [13/May/2022:11:59:15 +0800] "GET /xingrg/all/function/internal_message.html?_=1652414310514&CODE_STATE=getMsg HTTP/1.1" 200 27
58.39.61.91 - - [13/May/2022:11:59:20 +0800] "GET /xingrg/kc/base/wldb_order_operate.html?command=get_materiel&rest_code=00150&base_code=0010458&code=00101001093 HTTP/1.1" 200 432
114.83.223.69 - - [13/May/2022:11:59:25 +0800] "GET /xingrg/all/function/internal_message.html?_=1652414360514&CODE_STATE=getMsg HTTP/1.1" 200 27
180.175.103.167 - - [13/May/2022:11:59:31 +0800] "GET /xingrg/all/function/internal_message.html?_=1652414299474&CODE_STATE=getMsg HTTP/1.1" 200 27
222.70.180.114 - - [13/May/2022:11:59:35 +0800] "GET /xingrg/check_reg.html?_=1652414370930 HTTP/1.1" 200 22
120.253.135.82 - - [13/May/2022:11:59:40 +0800] "GET /xingrg/all/function/internal_message.html?_=1652414186899&CODE_STATE=getMsg HTTP/1.1" 200 27
58.39.61.91 - - [13/May/2022:11:59:44 +0800] "GET /xingrg/kc/base/yddb_order_list.html HTTP/1.1" 200 16713
58.39.61.91 - - [13/May/2022:11:59:44 +0800] "POST /xingrg/kc/base/yddb_list_operate.html HTTP/1.1" 200 636
58.39.61.91 - - [13/May/2022:11:59:46 +0800] "GET /xingrg/kc/base/yddb_order_add.html HTTP/1.1" 200 29841
58.39.61.91 - - [13/May/2022:11:59:46 +0800] "GET /xingrg/dwr/interface/AjaxYddbService.js HTTP/1.1" 200 13201
58.39.61.91 - - [13/May/2022:11:59:46 +0800] "GET /xingrg/javascript/Calendar.js HTTP/1.1" 304 -
58.39.61.91 - - [13/May/2022:11:59:46 +0800] "GET /xingrg/css/blue.css HTTP/1.1" 304 -
58.39.61.91 - - [13/May/2022:11:59:46 +0800] "GET /xingrg/dwr/interface/AjaxComOrderService.js HTTP/1.1" 200 18264
58.39.61.91 - - [13/May/2022:11:59:46 +0800] "GET /xingrg/dwr/util.js HTTP/1.1" 304 -
58.39.61.91 - - [13/May/2022:11:59:46 +0800] "GET /xingrg/dwr/engine.js HTTP/1.1" 200 43631
58.39.61.91 - - [13/May/2022:11:59:46 +0800] "GET /xingrg/javascript/myfunction.js HTTP/1.1" 304 -
58.39.61.91 - - [13/May/2022:11:59:46 +0800] "GET /xingrg/javascript/checkform.js HTTP/1.1" 304 -
58.39.61.91 - - [13/May/2022:11:59:46 +0800] "GET /xingrg/javascript/AjaxInfoList.js HTTP/1.1" 304 -
58.39.61.91 - - [13/May/2022:11:59:46 +0800] "GET /xingrg/javascript/ToolTips.js HTTP/1.1" 304 -
58.39.61.91 - - [13/May/2022:11:59:46 +0800] "GET /xingrg/javascript/Grid.js HTTP/1.1" 304 -
58.39.61.91 - - [13/May/2022:11:59:46 +0800] "GET /xingrg/javascript/jquery_easy_ui/themes/icons/edit_add_new.png HTTP/1.1" 304 -
58.39.61.91 - - [13/May/2022:11:59:46 +0800] "GET /xingrg/javascript/jquery_easy_ui/themes/icons/check_new.png HTTP/1.1" 304 -
58.39.61.91 - - [13/May/2022:11:59:46 +0800] "GET /xingrg/javascript/jquery_easy_ui/themes/icons/print.png HTTP/1.1" 304 -
58.39.61.91 - - [13/May/2022:11:59:46 +0800] "GET /xingrg/javascript/jquery_easy_ui/themes/default/images/menu_downarrow.png HTTP/1.1" 304 -
58.39.61.91 - - [13/May/2022:11:59:46 +0800] "GET /xingrg/javascript/jquery_easy_ui/themes/icons/cance_new.png HTTP/1.1" 304 -
58.39.61.91 - - [13/May/2022:11:59:46 +0800] "GET /xingrg/javascript/jquery_easy_ui/themes/icons/back_new.png HTTP/1.1" 304 -
58.39.61.91 - - [13/May/2022:11:59:46 +0800] "GET /xingrg/images/blue/button/kc_tab_add.gif HTTP/1.1" 304 -
58.39.61.91 - - [13/May/2022:11:59:46 +0800] "GET /xingrg/images/blue/button/kc_tab_edit.gif HTTP/1.1" 304 -
58.39.61.91 - - [13/May/2022:11:59:46 +0800] "GET /xingrg/images/blue/button/kc_tab_del.gif HTTP/1.1" 304 -
58.39.61.91 - - [13/May/2022:11:59:46 +0800] "GET /xingrg/images/blue/button/kc_tab_save.gif HTTP/1.1" 304 -
58.39.61.91 - - [13/May/2022:11:59:46 +0800] "GET /xingrg/images/blue/kc_tab_left.gif HTTP/1.1" 304 -
58.39.61.91 - - [13/May/2022:11:59:46 +0800] "GET /xingrg/images/blue/kc_tab_mid.gif HTTP/1.1" 304 -
58.39.61.91 - - [13/May/2022:11:59:46 +0800] "GET /xingrg/images/blue/kc_tab_right.gif HTTP/1.1" 304 -
58.39.61.91 - - [13/May/2022:11:59:46 +0800] "GET /xingrg/images/blue/kc_tab2_right.gif HTTP/1.1" 304 -
58.39.61.91 - - [13/May/2022:11:59:46 +0800] "GET /xingrg/images/blue/kc_tab2_left.gif HTTP/1.1" 304 -
58.39.61.91 - - [13/May/2022:11:59:48 +0800] "GET /xingrg/images/blue/wait.gif HTTP/1.1" 304 -
58.39.61.91 - - [13/May/2022:11:59:48 +0800] "POST /xingrg/dwr/call/plaincall/AjaxYddbService.getRestBases.dwr HTTP/1.1" 200 1562
218.81.223.53 - - [13/May/2022:11:59:49 +0800] "GET /xingrg/check_reg.html?_=1652414404407 HTTP/1.1" 200 22
101.85.120.86 - - [13/May/2022:11:59:53 +0800] "GET /xingrg/all/function/internal_message.html?_=1652414388502&CODE_STATE=getMsg HTTP/1.1" 200 27
58.39.61.91 - - [13/May/2022:11:59:54 +0800] "GET /xingrg/all/function/internal_message.html?_=1652414391376&CODE_STATE=getMsg HTTP/1.1" 200 27
218.81.223.53 - - [13/May/2022:11:59:55 +0800] "GET /xingrg/all/function/internal_message.html?_=1652414410267&CODE_STATE=getMsg HTTP/1.1" 200 27
120.253.135.82 - - [13/May/2022:12:00:06 +0800] "GET /xingrg/all/function/internal_message.html?_=1652414518737&CODE_STATE=getMsg HTTP/1.1" 200 27
58.39.61.91 - - [13/May/2022:12:00:06 +0800] "POST /xingrg/dwr/call/plaincall/AjaxYddbService.saveOrder.dwr HTTP/1.1" 200 78
58.39.61.91 - - [13/May/2022:12:00:08 +0800] "GET /xingrg/images/yd/bt.gif HTTP/1.1" 404 1040
116.235.92.88 - - [13/May/2022:12:00:09 +0800] "GET /xingrg/all/function/internal_message.html?_=1652414577336&CODE_STATE=getMsg HTTP/1.1" 200 27
58.39.61.91 - - [13/May/2022:12:00:11 +0800] "POST /xingrg/dwr/call/plaincall/AjaxComOrderService.getMaterielSearchList.dwr HTTP/1.1" 200 11119
58.39.61.91 - - [13/May/2022:12:00:12 +0800] "POST /xingrg/dwr/call/plaincall/AjaxComOrderService.getMaterielSearchList.dwr HTTP/1.1" 200 11119
58.39.61.91 - - [13/May/2022:12:00:14 +0800] "POST /xingrg/dwr/call/plaincall/AjaxYddbService.getMaterielByMap.dwr HTTP/1.1" 200 3763
58.39.61.91 - - [13/May/2022:12:00:15 +0800] "GET /xingrg/all/function/internal_message.html?_=1652414370528&CODE_STATE=getMsg HTTP/1.1" 200 27
114.83.223.69 - - [13/May/2022:12:00:25 +0800] "GET /xingrg/all/function/internal_message.html?_=1652414420515&CODE_STATE=getMsg HTTP/1.1" 200 27
58.39.61.91 - - [13/May/2022:12:00:28 +0800] "POST /xingrg/dwr/call/plaincall/AjaxYddbService.saveMaterielItem.dwr HTTP/1.1" 200 78
180.175.103.167 - - [13/May/2022:12:00:31 +0800] "GET /xingrg/all/function/internal_message.html?_=1652414359459&CODE_STATE=getMsg HTTP/1.1" 200 27
