120.253.135.82 - - [13/May/2022:12:56:57 +0800] "GET /xingrg/all/function/internal_message.html?_=1652417623897&CODE_STATE=getMsg HTTP/1.1" 200 27
116.235.92.88 - - [13/May/2022:12:57:08 +0800] "GET /xingrg/all/function/internal_message.html?_=1652417995969&CODE_STATE=getMsg HTTP/1.1" 200 27
101.87.191.251 - - [13/May/2022:12:57:09 +0800] "GET /xingrg/check_reg.html?_=1652417829336 HTTP/1.1" 200 22
58.39.61.91 - - [13/May/2022:12:57:16 +0800] "GET /xingrg/check_reg.html?_=1652417790966 HTTP/1.1" 200 22
58.39.61.91 - - [13/May/2022:12:57:17 +0800] "GET /xingrg/all/function/internal_message.html?_=1652417792019&CODE_STATE=getMsg HTTP/1.1" 200 27
114.83.223.69 - - [13/May/2022:12:57:25 +0800] "GET /xingrg/check_reg.html?_=1652417840722 HTTP/1.1" 200 22
114.83.223.69 - - [13/May/2022:12:57:25 +0800] "GET /xingrg/all/function/internal_message.html?_=1652417840725&CODE_STATE=getMsg HTTP/1.1" 200 27
180.175.103.167 - - [13/May/2022:12:57:30 +0800] "GET /xingrg/all/function/internal_message.html?_=1652417778341&CODE_STATE=getMsg HTTP/1.1" 200 27
116.232.53.171 - - [13/May/2022:12:57:37 +0800] "GET /xingrg/all/function/internal_message.html?_=1652417870444&CODE_STATE=getMsg HTTP/1.1" 200 27
124.78.157.219 - - [13/May/2022:12:57:39 +0800] "GET /xingrg/all/function/internal_message.html?_=1652417861765&CODE_STATE=getMsg HTTP/1.1" 200 27
58.39.61.91 - - [13/May/2022:12:57:41 +0800] "GET /xingrg/all/function/internal_message.html?_=1652417858357&CODE_STATE=getMsg HTTP/1.1" 200 27
180.175.103.167 - - [13/May/2022:12:57:45 +0800] "GET /xingrg/all/function/internal_message.html?_=1652417864275&CODE_STATE=getMsg HTTP/1.1" 200 27
101.85.120.86 - - [13/May/2022:12:57:53 +0800] "GET /xingrg/all/function/internal_message.html?_=1652417868540&CODE_STATE=getMsg HTTP/1.1" 200 27
218.81.223.53 - - [13/May/2022:12:57:56 +0800] "GET /xingrg/all/function/internal_message.html?_=1652417891882&CODE_STATE=getMsg HTTP/1.1" 200 27
120.253.135.82 - - [13/May/2022:12:57:57 +0800] "GET /xingrg/check_reg.html?_=1652417683778 HTTP/1.1" 200 22
120.253.135.82 - - [13/May/2022:12:57:57 +0800] "GET /xingrg/all/function/internal_message.html?_=1652417683911&CODE_STATE=getMsg HTTP/1.1" 200 27
116.235.92.88 - - [13/May/2022:12:57:58 +0800] "GET /xingrg/check_reg.html?_=1652418045480 HTTP/1.1" 200 22
116.235.92.88 - - [13/May/2022:12:58:08 +0800] "GET /xingrg/all/function/internal_message.html?_=1652418055943&CODE_STATE=getMsg HTTP/1.1" 200 27
58.221.95.50 - - [13/May/2022:12:58:15 +0800] "GET /xingrg/check_reg.html?_=1652417893608 HTTP/1.1" 302 -
58.39.61.91 - - [13/May/2022:12:58:17 +0800] "GET /xingrg/all/function/internal_message.html?_=1652417852033&CODE_STATE=getMsg HTTP/1.1" 200 27
114.83.223.69 - - [13/May/2022:12:58:25 +0800] "GET /xingrg/all/function/internal_message.html?_=1652417900742&CODE_STATE=getMsg HTTP/1.1" 200 27
180.175.103.167 - - [13/May/2022:12:58:30 +0800] "GET /xingrg/all/function/internal_message.html?_=1652417838327&CODE_STATE=getMsg HTTP/1.1" 200 27
116.232.53.171 - - [13/May/2022:12:58:37 +0800] "GET /xingrg/all/function/internal_message.html?_=1652417930449&CODE_STATE=getMsg HTTP/1.1" 200 27
116.232.53.171 - - [13/May/2022:12:58:37 +0800] "GET /xingrg/check_reg.html?_=1652417930459 HTTP/1.1" 200 22
58.39.61.91 - - [13/May/2022:12:58:41 +0800] "GET /xingrg/all/function/internal_message.html?_=1652417918357&CODE_STATE=getMsg HTTP/1.1" 200 27
180.175.103.167 - - [13/May/2022:12:58:45 +0800] "GET /xingrg/all/function/internal_message.html?_=1652417924276&CODE_STATE=getMsg HTTP/1.1" 200 27
101.85.120.86 - - [13/May/2022:12:58:53 +0800] "GET /xingrg/all/function/internal_message.html?_=1652417928544&CODE_STATE=getMsg HTTP/1.1" 200 27
101.85.120.86 - - [13/May/2022:12:58:53 +0800] "GET /xingrg/check_reg.html?_=1652417928540 HTTP/1.1" 200 22
218.81.223.53 - - [13/May/2022:12:58:56 +0800] "GET /xingrg/all/function/internal_message.html?_=1652417951987&CODE_STATE=getMsg HTTP/1.1" 200 27
120.253.135.82 - - [13/May/2022:12:58:57 +0800] "GET /xingrg/all/function/internal_message.html?_=1652417743925&CODE_STATE=getMsg HTTP/1.1" 200 27
114.83.223.69 - - [13/May/2022:12:59:07 +0800] "GET /xingrg/kc/buy/cgsh_order_list.html HTTP/1.1" 200 51696
116.235.92.88 - - [13/May/2022:12:59:08 +0800] "GET /xingrg/all/function/internal_message.html?_=1652418115920&CODE_STATE=getMsg HTTP/1.1" 200 27
114.83.223.69 - - [13/May/2022:12:59:08 +0800] "POST /xingrg/kc/buy/cgsh_list_operate.html HTTP/1.1" 200 876
114.83.223.69 - - [13/May/2022:12:59:09 +0800] "GET /xingrg/kc/buy/cgsh_order_add.html HTTP/1.1" 200 67560
114.83.223.69 - - [13/May/2022:12:59:10 +0800] "GET /xingrg/words/20220513120815_words.js HTTP/1.1" 304 -
114.83.223.69 - - [13/May/2022:12:59:10 +0800] "POST /xingrg/kc/buy/cgsh_order_operate.html HTTP/1.1" 200 8245
114.83.223.69 - - [13/May/2022:12:59:10 +0800] "GET /xingrg/javascript/easyui/themes/default/validatebox.css HTTP/1.1" 404 1104
58.39.61.91 - - [13/May/2022:12:59:17 +0800] "GET /xingrg/all/function/internal_message.html?_=1652417912047&CODE_STATE=getMsg HTTP/1.1" 200 27
114.83.223.69 - - [13/May/2022:12:59:20 +0800] "GET /xingrg/kc/buy/cgsh_order_operate.html?command=get_materiel&rest_code=00149&code=00101002027&supplier_code=00100545&order_time=2022-05-13 HTTP/1.1" 200 430
114.83.223.69 - - [13/May/2022:12:59:25 +0800] "GET /xingrg/all/function/internal_message.html?_=1652417960742&CODE_STATE=getMsg HTTP/1.1" 200 27
180.175.103.167 - - [13/May/2022:12:59:30 +0800] "GET /xingrg/all/function/internal_message.html?_=1652417898297&CODE_STATE=getMsg HTTP/1.1" 200 27
222.70.180.114 - - [13/May/2022:12:59:35 +0800] "GET /xingrg/check_reg.html?_=1652417970751 HTTP/1.1" 200 22
116.232.53.171 - - [13/May/2022:12:59:37 +0800] "GET /xingrg/all/function/internal_message.html?_=1652417990443&CODE_STATE=getMsg HTTP/1.1" 200 27
58.39.61.91 - - [13/May/2022:12:59:41 +0800] "GET /xingrg/all/function/internal_message.html?_=1652417978358&CODE_STATE=getMsg HTTP/1.1" 200 27
114.83.223.69 - - [13/May/2022:12:59:43 +0800] "POST /xingrg/kc/buy/cgsh_order_operate.html HTTP/1.1" 200 37
180.175.103.167 - - [13/May/2022:12:59:45 +0800] "GET /xingrg/all/function/internal_message.html?_=1652417984277&CODE_STATE=getMsg HTTP/1.1" 200 27
218.81.223.53 - - [13/May/2022:12:59:49 +0800] "GET /xingrg/check_reg.html?_=1652418004561 HTTP/1.1" 200 22
101.85.120.86 - - [13/May/2022:12:59:53 +0800] "GET /xingrg/all/function/internal_message.html?_=1652417988544&CODE_STATE=getMsg HTTP/1.1" 200 27
114.83.223.69 - - [13/May/2022:12:59:53 +0800] "POST /xingrg/kc/buy/cgsh_order_operate.html HTTP/1.1" 200 12
114.83.223.69 - - [13/May/2022:12:59:55 +0800] "GET /xingrg/kc/buy/cgsh_order_info.html?code=212022051300753 HTTP/1.1" 200 62455
114.83.223.69 - - [13/May/2022:12:59:55 +0800] "GET /xingrg/javascript/easyui/themes/default/validatebox.css HTTP/1.1" 404 1104
114.83.223.69 - - [13/May/2022:12:59:56 +0800] "POST /xingrg/kc/buy/cgsh_order_operate.html HTTP/1.1" 200 615
218.81.223.53 - - [13/May/2022:12:59:56 +0800] "GET /xingrg/all/function/internal_message.html?_=1652418012002&CODE_STATE=getMsg HTTP/1.1" 200 27
120.253.135.82 - - [13/May/2022:12:59:57 +0800] "GET /xingrg/all/function/internal_message.html?_=1652417803938&CODE_STATE=getMsg HTTP/1.1" 200 27
114.83.223.69 - - [13/May/2022:12:59:58 +0800] "GET /xingrg/kc/print/load_data.html?order_code=212022051300753&kc_code=cgsh&condition= HTTP/1.1" 200 696
218.81.223.53 - - [13/May/2022:13:00:03 +0800] "POST /xingrg/services/DataTransmitService HTTP/1.1" 200 524
218.81.223.53 - - [13/May/2022:13:00:04 +0800] "POST /xingrg/services/DataTransmitService HTTP/1.1" 200 412
116.235.92.88 - - [13/May/2022:13:00:08 +0800] "GET /xingrg/all/function/internal_message.html?_=1652418175899&CODE_STATE=getMsg HTTP/1.1" 200 27
58.39.61.91 - - [13/May/2022:13:00:17 +0800] "GET /xingrg/all/function/internal_message.html?_=1652417972123&CODE_STATE=getMsg HTTP/1.1" 200 27
114.83.223.69 - - [13/May/2022:13:00:25 +0800] "GET /xingrg/all/function/internal_message.html?_=1652418020753&CODE_STATE=getMsg HTTP/1.1" 200 27
180.175.103.167 - - [13/May/2022:13:00:30 +0800] "GET /xingrg/all/function/internal_message.html?_=1652417958281&CODE_STATE=getMsg HTTP/1.1" 200 27
116.232.53.171 - - [13/May/2022:13:00:37 +0800] "GET /xingrg/all/function/internal_message.html?_=1652418050451&CODE_STATE=getMsg HTTP/1.1" 200 27
58.39.61.91 - - [13/May/2022:13:00:41 +0800] "GET /xingrg/all/function/internal_message.html?_=1652418038362&CODE_STATE=getMsg HTTP/1.1" 200 27
58.39.61.91 - - [13/May/2022:13:00:41 +0800] "GET /xingrg/check_reg.html?_=1652418038366 HTTP/1.1" 200 22
180.175.103.167 - - [13/May/2022:13:00:45 +0800] "GET /xingrg/all/function/internal_message.html?_=1652418044304&CODE_STATE=getMsg HTTP/1.1" 200 27
101.85.120.86 - - [13/May/2022:13:00:53 +0800] "GET /xingrg/all/function/internal_message.html?_=1652418048545&CODE_STATE=getMsg HTTP/1.1" 200 27
218.81.223.53 - - [13/May/2022:13:00:56 +0800] "GET /xingrg/all/function/internal_message.html?_=1652418072015&CODE_STATE=getMsg HTTP/1.1" 200 27
120.253.135.82 - - [13/May/2022:13:00:58 +0800] "GET /xingrg/all/function/internal_message.html?_=1652417863954&CODE_STATE=getMsg HTTP/1.1" 200 27
116.235.92.88 - - [13/May/2022:13:01:08 +0800] "GET /xingrg/all/function/internal_message.html?_=1652418235869&CODE_STATE=getMsg HTTP/1.1" 200 27
180.175.103.167 - - [13/May/2022:13:01:11 +0800] "GET /xingrg/check_reg.html?_=1652417999089 HTTP/1.1" 200 22
58.39.61.91 - - [13/May/2022:13:01:17 +0800] "GET /xingrg/all/function/internal_message.html?_=1652418032137&CODE_STATE=getMsg HTTP/1.1" 200 27
114.83.223.69 - - [13/May/2022:13:01:25 +0800] "GET /xingrg/all/function/internal_message.html?_=1652418080747&CODE_STATE=getMsg HTTP/1.1" 200 27
180.175.103.167 - - [13/May/2022:13:01:30 +0800] "GET /xingrg/all/function/internal_message.html?_=1652418018280&CODE_STATE=getMsg HTTP/1.1" 200 27
116.232.53.171 - - [13/May/2022:13:01:37 +0800] "GET /xingrg/all/function/internal_message.html?_=1652418110447&CODE_STATE=getMsg HTTP/1.1" 200 27
58.39.61.91 - - [13/May/2022:13:01:41 +0800] "GET /xingrg/all/function/internal_message.html?_=1652418098364&CODE_STATE=getMsg HTTP/1.1" 200 27
180.175.103.167 - - [13/May/2022:13:01:45 +0800] "GET /xingrg/all/function/internal_message.html?_=1652418104306&CODE_STATE=getMsg HTTP/1.1" 200 27
180.175.103.167 - - [13/May/2022:13:01:45 +0800] "GET /xingrg/check_reg.html?_=1652418104303 HTTP/1.1" 200 22
101.85.120.86 - - [13/May/2022:13:01:53 +0800] "GET /xingrg/all/function/internal_message.html?_=1652418108544&CODE_STATE=getMsg HTTP/1.1" 200 27
218.81.223.53 - - [13/May/2022:13:01:56 +0800] "GET /xingrg/all/function/internal_message.html?_=1652418132128&CODE_STATE=getMsg HTTP/1.1" 200 27
120.253.135.82 - - [13/May/2022:13:01:58 +0800] "GET /xingrg/all/function/internal_message.html?_=1652417923965&CODE_STATE=getMsg HTTP/1.1" 200 27
116.235.92.88 - - [13/May/2022:13:02:08 +0800] "GET /xingrg/all/function/internal_message.html?_=1652418295840&CODE_STATE=getMsg HTTP/1.1" 200 27
101.87.191.251 - - [13/May/2022:13:02:09 +0800] "GET /xingrg/check_reg.html?_=1652418129305 HTTP/1.1" 200 22
58.39.61.91 - - [13/May/2022:13:02:16 +0800] "GET /xingrg/check_reg.html?_=1652418091030 HTTP/1.1" 200 22
58.39.61.91 - - [13/May/2022:13:02:17 +0800] "GET /xingrg/all/function/internal_message.html?_=1652418092149&CODE_STATE=getMsg HTTP/1.1" 200 27
114.83.223.69 - - [13/May/2022:13:02:25 +0800] "GET /xingrg/check_reg.html?_=1652418140751 HTTP/1.1" 200 22
114.83.223.69 - - [13/May/2022:13:02:25 +0800] "GET /xingrg/all/function/internal_message.html?_=1652418140756&CODE_STATE=getMsg HTTP/1.1" 200 27
180.175.103.167 - - [13/May/2022:13:02:30 +0800] "GET /xingrg/all/function/internal_message.html?_=1652418078250&CODE_STATE=getMsg HTTP/1.1" 200 27
116.232.53.171 - - [13/May/2022:13:02:37 +0800] "GET /xingrg/all/function/internal_message.html?_=1652418170453&CODE_STATE=getMsg HTTP/1.1" 200 27
58.39.61.91 - - [13/May/2022:13:02:41 +0800] "GET /xingrg/all/function/internal_message.html?_=1652418158377&CODE_STATE=getMsg HTTP/1.1" 200 27
180.175.103.167 - - [13/May/2022:13:02:45 +0800] "GET /xingrg/all/function/internal_message.html?_=1652418164305&CODE_STATE=getMsg HTTP/1.1" 200 27
101.85.120.86 - - [13/May/2022:13:02:53 +0800] "GET /xingrg/all/function/internal_message.html?_=1652418168545&CODE_STATE=getMsg HTTP/1.1" 200 27
218.81.223.53 - - [13/May/2022:13:02:56 +0800] "GET /xingrg/all/function/internal_message.html?_=1652418192136&CODE_STATE=getMsg HTTP/1.1" 200 27
120.253.135.82 - - [13/May/2022:13:02:57 +0800] "GET /xingrg/check_reg.html?_=1652417983780 HTTP/1.1" 200 22
120.253.135.82 - - [13/May/2022:13:02:58 +0800] "GET /xingrg/all/function/internal_message.html?_=1652417984058&CODE_STATE=getMsg HTTP/1.1" 200 27
116.235.92.88 - - [13/May/2022:13:02:58 +0800] "GET /xingrg/check_reg.html?_=1652418345482 HTTP/1.1" 200 22
116.235.92.88 - - [13/May/2022:13:03:08 +0800] "GET /xingrg/all/function/internal_message.html?_=1652418355817&CODE_STATE=getMsg HTTP/1.1" 200 27
58.221.95.50 - - [13/May/2022:13:03:15 +0800] "GET /xingrg/check_reg.html?_=1652418193581 HTTP/1.1" 302 -
58.39.61.91 - - [13/May/2022:13:03:17 +0800] "GET /xingrg/all/function/internal_message.html?_=1652418152163&CODE_STATE=getMsg HTTP/1.1" 200 27
114.83.223.69 - - [13/May/2022:13:03:25 +0800] "GET /xingrg/all/function/internal_message.html?_=1652418200751&CODE_STATE=getMsg HTTP/1.1" 200 27
58.39.61.91 - - [13/May/2022:13:03:26 +0800] "POST /xingrg/services/DataTransmitService HTTP/1.1" 200 524
180.175.103.167 - - [13/May/2022:13:03:30 +0800] "GET /xingrg/all/function/internal_message.html?_=1652418138235&CODE_STATE=getMsg HTTP/1.1" 200 27
116.232.53.171 - - [13/May/2022:13:03:37 +0800] "GET /xingrg/all/function/internal_message.html?_=1652418230445&CODE_STATE=getMsg HTTP/1.1" 200 27
116.232.53.171 - - [13/May/2022:13:03:37 +0800] "GET /xingrg/check_reg.html?_=1652418230455 HTTP/1.1" 200 22
58.39.61.91 - - [13/May/2022:13:03:41 +0800] "GET /xingrg/all/function/internal_message.html?_=1652418218377&CODE_STATE=getMsg HTTP/1.1" 200 27
180.175.103.167 - - [13/May/2022:13:03:45 +0800] "GET /xingrg/all/function/internal_message.html?_=1652418224306&CODE_STATE=getMsg HTTP/1.1" 200 27
114.88.156.203 - - [13/May/2022:13:03:46 +0800] "POST /xingrg/services/DataTransmitService HTTP/1.1" 200 524
114.88.156.203 - - [13/May/2022:13:03:46 +0800] "POST /xingrg/services/DataTransmitService HTTP/1.1" 200 412
101.85.120.86 - - [13/May/2022:13:03:53 +0800] "GET /xingrg/check_reg.html?_=1652418228546 HTTP/1.1" 200 22
101.85.120.86 - - [13/May/2022:13:03:53 +0800] "GET /xingrg/all/function/internal_message.html?_=1652418228550&CODE_STATE=getMsg HTTP/1.1" 200 27
218.81.223.53 - - [13/May/2022:13:03:57 +0800] "GET /xingrg/all/function/internal_message.html?_=1652418252251&CODE_STATE=getMsg HTTP/1.1" 200 27
120.253.135.82 - - [13/May/2022:13:03:58 +0800] "GET /xingrg/all/function/internal_message.html?_=1652418044071&CODE_STATE=getMsg HTTP/1.1" 200 27
116.235.92.88 - - [13/May/2022:13:04:08 +0800] "GET /xingrg/all/function/internal_message.html?_=1652418415791&CODE_STATE=getMsg HTTP/1.1" 200 27
58.39.61.91 - - [13/May/2022:13:04:17 +0800] "GET /xingrg/all/function/internal_message.html?_=1652418212177&CODE_STATE=getMsg HTTP/1.1" 200 27
114.83.223.69 - - [13/May/2022:13:04:25 +0800] "GET /xingrg/all/function/internal_message.html?_=1652418260768&CODE_STATE=getMsg HTTP/1.1" 200 27
180.175.103.167 - - [13/May/2022:13:04:30 +0800] "GET /xingrg/all/function/internal_message.html?_=1652418198220&CODE_STATE=getMsg HTTP/1.1" 200 27
222.70.180.114 - - [13/May/2022:13:04:35 +0800] "GET /xingrg/check_reg.html?_=1652418270728 HTTP/1.1" 200 22
116.232.53.171 - - [13/May/2022:13:04:37 +0800] "GET /xingrg/all/function/internal_message.html?_=1652418290482&CODE_STATE=getMsg HTTP/1.1" 200 27
58.39.61.91 - - [13/May/2022:13:04:41 +0800] "GET /xingrg/all/function/internal_message.html?_=1652418278375&CODE_STATE=getMsg HTTP/1.1" 200 27
180.175.103.167 - - [13/May/2022:13:04:45 +0800] "GET /xingrg/all/function/internal_message.html?_=1652418284291&CODE_STATE=getMsg HTTP/1.1" 200 27
218.81.223.53 - - [13/May/2022:13:04:49 +0800] "GET /xingrg/check_reg.html?_=1652418304573 HTTP/1.1" 200 22
101.85.120.86 - - [13/May/2022:13:04:53 +0800] "GET /xingrg/all/function/internal_message.html?_=1652418288550&CODE_STATE=getMsg HTTP/1.1" 200 27
218.81.223.53 - - [13/May/2022:13:04:57 +0800] "GET /xingrg/all/function/internal_message.html?_=1652418312256&CODE_STATE=getMsg HTTP/1.1" 200 27
120.253.135.82 - - [13/May/2022:13:04:58 +0800] "GET /xingrg/all/function/internal_message.html?_=1652418104084&CODE_STATE=getMsg HTTP/1.1" 200 27
116.235.92.88 - - [13/May/2022:13:05:08 +0800] "GET /xingrg/all/function/internal_message.html?_=1652418475766&CODE_STATE=getMsg HTTP/1.1" 200 27
58.39.61.91 - - [13/May/2022:13:05:17 +0800] "GET /xingrg/all/function/internal_message.html?_=1652418272259&CODE_STATE=getMsg HTTP/1.1" 200 27
114.83.223.69 - - [13/May/2022:13:05:25 +0800] "GET /xingrg/all/function/internal_message.html?_=1652418320767&CODE_STATE=getMsg HTTP/1.1" 200 27
180.175.103.167 - - [13/May/2022:13:05:30 +0800] "GET /xingrg/all/function/internal_message.html?_=1652418258190&CODE_STATE=getMsg HTTP/1.1" 200 27
116.232.53.171 - - [13/May/2022:13:05:37 +0800] "GET /xingrg/all/function/internal_message.html?_=1652418350470&CODE_STATE=getMsg HTTP/1.1" 200 27
58.39.61.91 - - [13/May/2022:13:05:41 +0800] "GET /xingrg/check_reg.html?_=1652418338379 HTTP/1.1" 200 22
58.39.61.91 - - [13/May/2022:13:05:41 +0800] "GET /xingrg/all/function/internal_message.html?_=1652418338384&CODE_STATE=getMsg HTTP/1.1" 200 27
180.175.103.167 - - [13/May/2022:13:05:45 +0800] "GET /xingrg/all/function/internal_message.html?_=1652418344291&CODE_STATE=getMsg HTTP/1.1" 200 27
101.85.120.86 - - [13/May/2022:13:05:53 +0800] "GET /xingrg/all/function/internal_message.html?_=1652418348550&CODE_STATE=getMsg HTTP/1.1" 200 27
218.81.223.53 - - [13/May/2022:13:05:57 +0800] "GET /xingrg/all/function/internal_message.html?_=1652418372270&CODE_STATE=getMsg HTTP/1.1" 200 27
120.253.135.82 - - [13/May/2022:13:05:58 +0800] "GET /xingrg/all/function/internal_message.html?_=1652418164102&CODE_STATE=getMsg HTTP/1.1" 200 27
116.235.92.88 - - [13/May/2022:13:06:08 +0800] "GET /xingrg/all/function/internal_message.html?_=1652418535740&CODE_STATE=getMsg HTTP/1.1" 200 27
180.175.103.167 - - [13/May/2022:13:06:11 +0800] "GET /xingrg/check_reg.html?_=1652418299064 HTTP/1.1" 200 22
58.39.61.91 - - [13/May/2022:13:06:17 +0800] "GET /xingrg/all/function/internal_message.html?_=1652418332267&CODE_STATE=getMsg HTTP/1.1" 200 27
114.83.223.69 - - [13/May/2022:13:06:25 +0800] "GET /xingrg/all/function/internal_message.html?_=1652418380765&CODE_STATE=getMsg HTTP/1.1" 200 27
180.175.103.167 - - [13/May/2022:13:06:30 +0800] "GET /xingrg/all/function/internal_message.html?_=1652418318161&CODE_STATE=getMsg HTTP/1.1" 200 27
116.232.53.171 - - [13/May/2022:13:06:37 +0800] "GET /xingrg/all/function/internal_message.html?_=1652418410477&CODE_STATE=getMsg HTTP/1.1" 200 27
58.39.61.91 - - [13/May/2022:13:06:41 +0800] "GET /xingrg/all/function/internal_message.html?_=1652418398382&CODE_STATE=getMsg HTTP/1.1" 200 27
180.175.103.167 - - [13/May/2022:13:06:45 +0800] "GET /xingrg/all/function/internal_message.html?_=1652418404292&CODE_STATE=getMsg HTTP/1.1" 200 27
180.175.103.167 - - [13/May/2022:13:06:46 +0800] "GET /xingrg/check_reg.html?_=1652418404296 HTTP/1.1" 200 22
101.85.120.86 - - [13/May/2022:13:06:53 +0800] "GET /xingrg/all/function/internal_message.html?_=1652418408549&CODE_STATE=getMsg HTTP/1.1" 200 27
218.81.223.53 - - [13/May/2022:13:06:57 +0800] "GET /xingrg/all/function/internal_message.html?_=1652418432383&CODE_STATE=getMsg HTTP/1.1" 200 27
120.253.135.82 - - [13/May/2022:13:06:58 +0800] "GET /xingrg/all/function/internal_message.html?_=1652418224111&CODE_STATE=getMsg HTTP/1.1" 200 27
116.235.92.88 - - [13/May/2022:13:07:08 +0800] "GET /xingrg/all/function/internal_message.html?_=1652418595713&CODE_STATE=getMsg HTTP/1.1" 200 27
101.87.191.251 - - [13/May/2022:13:07:09 +0800] "GET /xingrg/check_reg.html?_=1652418429276 HTTP/1.1" 200 22
58.39.61.91 - - [13/May/2022:13:07:16 +0800] "GET /xingrg/check_reg.html?_=1652418391108 HTTP/1.1" 200 22
58.39.61.91 - - [13/May/2022:13:07:17 +0800] "GET /xingrg/all/function/internal_message.html?_=1652418392281&CODE_STATE=getMsg HTTP/1.1" 200 27
114.83.223.69 - - [13/May/2022:13:07:25 +0800] "GET /xingrg/all/function/internal_message.html?_=1652418440765&CODE_STATE=getMsg HTTP/1.1" 200 27
114.83.223.69 - - [13/May/2022:13:07:25 +0800] "GET /xingrg/check_reg.html?_=1652418440776 HTTP/1.1" 200 22
180.175.103.167 - - [13/May/2022:13:07:30 +0800] "GET /xingrg/all/function/internal_message.html?_=1652418378146&CODE_STATE=getMsg HTTP/1.1" 200 27
116.232.53.171 - - [13/May/2022:13:07:37 +0800] "GET /xingrg/all/function/internal_message.html?_=1652418470470&CODE_STATE=getMsg HTTP/1.1" 200 27
58.39.61.91 - - [13/May/2022:13:07:41 +0800] "GET /xingrg/all/function/internal_message.html?_=1652418458382&CODE_STATE=getMsg HTTP/1.1" 200 27
180.175.103.167 - - [13/May/2022:13:07:45 +0800] "GET /xingrg/all/function/internal_message.html?_=1652418464295&CODE_STATE=getMsg HTTP/1.1" 200 27
101.85.120.86 - - [13/May/2022:13:07:53 +0800] "GET /xingrg/all/function/internal_message.html?_=1652418468548&CODE_STATE=getMsg HTTP/1.1" 200 27
218.81.223.53 - - [13/May/2022:13:07:57 +0800] "GET /xingrg/all/function/internal_message.html?_=1652418492391&CODE_STATE=getMsg HTTP/1.1" 200 27
120.253.135.82 - - [13/May/2022:13:07:57 +0800] "GET /xingrg/check_reg.html?_=1652418283787 HTTP/1.1" 200 22
116.235.92.88 - - [13/May/2022:13:07:58 +0800] "GET /xingrg/check_reg.html?_=1652418645474 HTTP/1.1" 200 22
120.253.135.82 - - [13/May/2022:13:07:58 +0800] "GET /xingrg/all/function/internal_message.html?_=1652418284125&CODE_STATE=getMsg HTTP/1.1" 200 27
116.235.92.88 - - [13/May/2022:13:08:08 +0800] "GET /xingrg/all/function/internal_message.html?_=1652418655685&CODE_STATE=getMsg HTTP/1.1" 200 27
58.221.95.50 - - [13/May/2022:13:08:15 +0800] "GET /xingrg/check_reg.html?_=1652418493599 HTTP/1.1" 302 -
58.39.61.91 - - [13/May/2022:13:08:17 +0800] "GET /xingrg/all/function/internal_message.html?_=1652418452293&CODE_STATE=getMsg HTTP/1.1" 200 27
114.83.223.69 - - [13/May/2022:13:08:25 +0800] "GET /xingrg/all/function/internal_message.html?_=1652418500775&CODE_STATE=getMsg HTTP/1.1" 200 27
180.175.103.167 - - [13/May/2022:13:08:30 +0800] "GET /xingrg/all/function/internal_message.html?_=1652418438116&CODE_STATE=getMsg HTTP/1.1" 200 27
116.232.53.171 - - [13/May/2022:13:08:37 +0800] "GET /xingrg/all/function/internal_message.html?_=1652418530476&CODE_STATE=getMsg HTTP/1.1" 200 27
116.232.53.171 - - [13/May/2022:13:08:37 +0800] "GET /xingrg/check_reg.html?_=1652418530486 HTTP/1.1" 200 22
58.39.61.91 - - [13/May/2022:13:08:41 +0800] "GET /xingrg/all/function/internal_message.html?_=1652418518382&CODE_STATE=getMsg HTTP/1.1" 200 27
180.175.103.167 - - [13/May/2022:13:08:45 +0800] "GET /xingrg/all/function/internal_message.html?_=1652418524295&CODE_STATE=getMsg HTTP/1.1" 200 27
101.85.120.86 - - [13/May/2022:13:08:53 +0800] "GET /xingrg/check_reg.html?_=1652418528549 HTTP/1.1" 200 22
101.85.120.86 - - [13/May/2022:13:08:56 +0800] "GET /xingrg/all/function/internal_message.html?_=1652418528552&CODE_STATE=getMsg HTTP/1.1" 200 27
218.81.223.53 - - [13/May/2022:13:08:57 +0800] "GET /xingrg/all/function/internal_message.html?_=1652418552498&CODE_STATE=getMsg HTTP/1.1" 200 27
120.253.135.82 - - [13/May/2022:13:08:58 +0800] "GET /xingrg/all/function/internal_message.html?_=1652418344139&CODE_STATE=getMsg HTTP/1.1" 200 27
116.235.92.88 - - [13/May/2022:13:09:08 +0800] "GET /xingrg/all/function/internal_message.html?_=1652418715654&CODE_STATE=getMsg HTTP/1.1" 200 27
58.39.61.91 - - [13/May/2022:13:09:17 +0800] "GET /xingrg/all/function/internal_message.html?_=1652418512307&CODE_STATE=getMsg HTTP/1.1" 200 27
114.83.223.69 - - [13/May/2022:13:09:25 +0800] "GET /xingrg/all/function/internal_message.html?_=1652418560773&CODE_STATE=getMsg HTTP/1.1" 200 27
180.175.103.167 - - [13/May/2022:13:09:30 +0800] "GET /xingrg/all/function/internal_message.html?_=1652418498102&CODE_STATE=getMsg HTTP/1.1" 200 27
222.70.180.114 - - [13/May/2022:13:09:35 +0800] "GET /xingrg/check_reg.html?_=1652418570708 HTTP/1.1" 200 22
116.232.53.171 - - [13/May/2022:13:09:37 +0800] "GET /xingrg/all/function/internal_message.html?_=1652418590470&CODE_STATE=getMsg HTTP/1.1" 200 27
58.39.61.91 - - [13/May/2022:13:09:41 +0800] "GET /xingrg/all/function/internal_message.html?_=1652418578384&CODE_STATE=getMsg HTTP/1.1" 200 27
180.175.103.167 - - [13/May/2022:13:09:45 +0800] "GET /xingrg/all/function/internal_message.html?_=1652418584294&CODE_STATE=getMsg HTTP/1.1" 200 27
218.81.223.53 - - [13/May/2022:13:09:49 +0800] "GET /xingrg/check_reg.html?_=1652418604572 HTTP/1.1" 200 22
101.85.120.86 - - [13/May/2022:13:09:53 +0800] "GET /xingrg/all/function/internal_message.html?_=1652418588549&CODE_STATE=getMsg HTTP/1.1" 200 27
218.81.223.53 - - [13/May/2022:13:09:57 +0800] "GET /xingrg/all/function/internal_message.html?_=1652418612513&CODE_STATE=getMsg HTTP/1.1" 200 27
120.253.135.82 - - [13/May/2022:13:09:58 +0800] "GET /xingrg/all/function/internal_message.html?_=1652418404152&CODE_STATE=getMsg HTTP/1.1" 200 27
116.235.92.88 - - [13/May/2022:13:10:08 +0800] "GET /xingrg/all/function/internal_message.html?_=1652418775627&CODE_STATE=getMsg HTTP/1.1" 200 27
58.39.61.91 - - [13/May/2022:13:10:17 +0800] "GET /xingrg/all/function/internal_message.html?_=1652418572373&CODE_STATE=getMsg HTTP/1.1" 200 27
114.83.223.69 - - [13/May/2022:13:10:25 +0800] "GET /xingrg/all/function/internal_message.html?_=1652418620771&CODE_STATE=getMsg HTTP/1.1" 200 27
180.175.103.167 - - [13/May/2022:13:10:30 +0800] "GET /xingrg/all/function/internal_message.html?_=1652418558087&CODE_STATE=getMsg HTTP/1.1" 200 27
116.232.53.171 - - [13/May/2022:13:10:37 +0800] "GET /xingrg/all/function/internal_message.html?_=1652418650481&CODE_STATE=getMsg HTTP/1.1" 200 27
58.39.61.91 - - [13/May/2022:13:10:41 +0800] "GET /xingrg/all/function/internal_message.html?_=1652418638383&CODE_STATE=getMsg HTTP/1.1" 200 27
58.39.61.91 - - [13/May/2022:13:10:41 +0800] "GET /xingrg/check_reg.html?_=1652418638383 HTTP/1.1" 200 22
180.175.103.167 - - [13/May/2022:13:10:45 +0800] "GET /xingrg/all/function/internal_message.html?_=1652418644295&CODE_STATE=getMsg HTTP/1.1" 200 27
101.85.120.86 - - [13/May/2022:13:10:53 +0800] "GET /xingrg/all/function/internal_message.html?_=1652418648549&CODE_STATE=getMsg HTTP/1.1" 200 27
218.81.223.53 - - [13/May/2022:13:10:57 +0800] "GET /xingrg/all/function/internal_message.html?_=1652418672527&CODE_STATE=getMsg HTTP/1.1" 200 27
120.253.135.82 - - [13/May/2022:13:10:58 +0800] "GET /xingrg/all/function/internal_message.html?_=1652418464169&CODE_STATE=getMsg HTTP/1.1" 200 27
116.235.92.88 - - [13/May/2022:13:11:08 +0800] "GET /xingrg/all/function/internal_message.html?_=1652418835599&CODE_STATE=getMsg HTTP/1.1" 200 27
180.175.103.167 - - [13/May/2022:13:11:11 +0800] "GET /xingrg/check_reg.html?_=1652418599041 HTTP/1.1" 200 22
58.39.61.91 - - [13/May/2022:13:11:17 +0800] "GET /xingrg/all/function/internal_message.html?_=1652418632381&CODE_STATE=getMsg HTTP/1.1" 200 27
180.156.212.250 - - [13/May/2022:13:11:22 +0800] "POST /xingrg/services/DataTransmitService HTTP/1.1" 200 524
114.83.223.69 - - [13/May/2022:13:11:25 +0800] "GET /xingrg/all/function/internal_message.html?_=1652418680782&CODE_STATE=getMsg HTTP/1.1" 200 27
180.175.103.167 - - [13/May/2022:13:11:30 +0800] "GET /xingrg/all/function/internal_message.html?_=1652418618060&CODE_STATE=getMsg HTTP/1.1" 200 27
116.232.53.171 - - [13/May/2022:13:11:37 +0800] "GET /xingrg/all/function/internal_message.html?_=1652418710468&CODE_STATE=getMsg HTTP/1.1" 200 27
58.39.61.91 - - [13/May/2022:13:11:41 +0800] "GET /xingrg/all/function/internal_message.html?_=1652418698382&CODE_STATE=getMsg HTTP/1.1" 200 27
180.175.103.167 - - [13/May/2022:13:11:45 +0800] "GET /xingrg/all/function/internal_message.html?_=1652418704295&CODE_STATE=getMsg HTTP/1.1" 200 27
180.175.103.167 - - [13/May/2022:13:11:46 +0800] "GET /xingrg/check_reg.html?_=1652418704299 HTTP/1.1" 200 22
101.85.120.86 - - [13/May/2022:13:11:53 +0800] "GET /xingrg/all/function/internal_message.html?_=1652418708548&CODE_STATE=getMsg HTTP/1.1" 200 27
218.81.223.53 - - [13/May/2022:13:11:57 +0800] "GET /xingrg/all/function/internal_message.html?_=1652418732657&CODE_STATE=getMsg HTTP/1.1" 200 27
120.253.135.82 - - [13/May/2022:13:11:58 +0800] "GET /xingrg/all/function/internal_message.html?_=1652418524179&CODE_STATE=getMsg HTTP/1.1" 200 27
116.235.92.88 - - [13/May/2022:13:12:08 +0800] "GET /xingrg/all/function/internal_message.html?_=1652418895569&CODE_STATE=getMsg HTTP/1.1" 200 27
101.87.191.251 - - [13/May/2022:13:12:09 +0800] "GET /xingrg/check_reg.html?_=1652418729267 HTTP/1.1" 200 22
58.39.61.91 - - [13/May/2022:13:12:16 +0800] "GET /xingrg/check_reg.html?_=1652418691174 HTTP/1.1" 200 22
58.39.61.91 - - [13/May/2022:13:12:17 +0800] "GET /xingrg/all/function/internal_message.html?_=1652418692395&CODE_STATE=getMsg HTTP/1.1" 200 27
114.83.223.69 - - [13/May/2022:13:12:25 +0800] "GET /xingrg/all/function/internal_message.html?_=1652418740781&CODE_STATE=getMsg HTTP/1.1" 200 27
114.83.223.69 - - [13/May/2022:13:12:25 +0800] "GET /xingrg/check_reg.html?_=1652418740785 HTTP/1.1" 200 22
180.175.103.167 - - [13/May/2022:13:12:30 +0800] "GET /xingrg/all/function/internal_message.html?_=1652418678046&CODE_STATE=getMsg HTTP/1.1" 200 27
116.232.53.171 - - [13/May/2022:13:12:37 +0800] "GET /xingrg/all/function/internal_message.html?_=1652418770476&CODE_STATE=getMsg HTTP/1.1" 200 27
58.39.61.91 - - [13/May/2022:13:12:41 +0800] "GET /xingrg/all/function/internal_message.html?_=1652418758381&CODE_STATE=getMsg HTTP/1.1" 200 27
180.175.103.167 - - [13/May/2022:13:12:45 +0800] "GET /xingrg/all/function/internal_message.html?_=1652418764299&CODE_STATE=getMsg HTTP/1.1" 200 27
101.85.120.86 - - [13/May/2022:13:12:53 +0800] "GET /xingrg/all/function/internal_message.html?_=1652418768549&CODE_STATE=getMsg HTTP/1.1" 200 27
218.81.223.53 - - [13/May/2022:13:12:57 +0800] "GET /xingrg/all/function/internal_message.html?_=1652418792662&CODE_STATE=getMsg HTTP/1.1" 200 27
120.253.135.82 - - [13/May/2022:13:12:57 +0800] "GET /xingrg/check_reg.html?_=1652418583790 HTTP/1.1" 200 22
116.235.92.88 - - [13/May/2022:13:12:58 +0800] "GET /xingrg/check_reg.html?_=1652418945506 HTTP/1.1" 200 22
120.253.135.82 - - [13/May/2022:13:12:58 +0800] "GET /xingrg/all/function/internal_message.html?_=1652418584193&CODE_STATE=getMsg HTTP/1.1" 200 27
116.235.92.88 - - [13/May/2022:13:13:08 +0800] "GET /xingrg/all/function/internal_message.html?_=1652418955571&CODE_STATE=getMsg HTTP/1.1" 200 27
58.221.95.50 - - [13/May/2022:13:13:15 +0800] "GET /xingrg/check_reg.html?_=1652418793583 HTTP/1.1" 302 -
58.39.61.91 - - [13/May/2022:13:13:17 +0800] "GET /xingrg/all/function/internal_message.html?_=1652418752408&CODE_STATE=getMsg HTTP/1.1" 200 27
114.83.223.69 - - [13/May/2022:13:13:25 +0800] "GET /xingrg/all/function/internal_message.html?_=1652418800792&CODE_STATE=getMsg HTTP/1.1" 200 27
180.175.103.167 - - [13/May/2022:13:13:30 +0800] "GET /xingrg/all/function/internal_message.html?_=1652418738031&CODE_STATE=getMsg HTTP/1.1" 200 27
116.232.53.171 - - [13/May/2022:13:13:37 +0800] "GET /xingrg/all/function/internal_message.html?_=1652418830468&CODE_STATE=getMsg HTTP/1.1" 200 27
116.232.53.171 - - [13/May/2022:13:13:37 +0800] "GET /xingrg/check_reg.html?_=1652418830472 HTTP/1.1" 200 22
180.175.103.167 - - [13/May/2022:13:13:45 +0800] "GET /xingrg/all/function/internal_message.html?_=1652418824299&CODE_STATE=getMsg HTTP/1.1" 200 27
101.85.120.86 - - [13/May/2022:13:13:53 +0800] "GET /xingrg/check_reg.html?_=1652418828548 HTTP/1.1" 200 22
101.85.120.86 - - [13/May/2022:13:13:53 +0800] "GET /xingrg/all/function/internal_message.html?_=1652418828550&CODE_STATE=getMsg HTTP/1.1" 200 27
218.81.223.53 - - [13/May/2022:13:13:57 +0800] "GET /xingrg/all/function/internal_message.html?_=1652418852774&CODE_STATE=getMsg HTTP/1.1" 200 27
120.253.135.82 - - [13/May/2022:13:13:58 +0800] "GET /xingrg/all/function/internal_message.html?_=1652418644207&CODE_STATE=getMsg HTTP/1.1" 200 27
116.235.92.88 - - [13/May/2022:13:14:08 +0800] "GET /xingrg/all/function/internal_message.html?_=1652419015544&CODE_STATE=getMsg HTTP/1.1" 200 27
116.235.92.88 - - [13/May/2022:13:14:08 +0800] "POST /xingrg/services/DataTransmitService HTTP/1.1" 200 524
58.39.61.91 - - [13/May/2022:13:14:17 +0800] "GET /xingrg/all/function/internal_message.html?_=1652418812423&CODE_STATE=getMsg HTTP/1.1" 200 27
116.232.53.171 - - [13/May/2022:13:14:17 +0800] "POST /xingrg/services/DataTransmitService HTTP/1.1" 200 524
114.83.223.69 - - [13/May/2022:13:14:25 +0800] "GET /xingrg/all/function/internal_message.html?_=1652418860798&CODE_STATE=getMsg HTTP/1.1" 200 27
180.175.103.167 - - [13/May/2022:13:14:30 +0800] "GET /xingrg/all/function/internal_message.html?_=1652418798016&CODE_STATE=getMsg HTTP/1.1" 200 27
222.70.180.114 - - [13/May/2022:13:14:35 +0800] "GET /xingrg/check_reg.html?_=1652418870685 HTTP/1.1" 200 22
116.232.53.171 - - [13/May/2022:13:14:37 +0800] "GET /xingrg/all/function/internal_message.html?_=1652418890469&CODE_STATE=getMsg HTTP/1.1" 200 27
180.175.103.167 - - [13/May/2022:13:14:45 +0800] "GET /xingrg/all/function/internal_message.html?_=1652418884300&CODE_STATE=getMsg HTTP/1.1" 200 27
218.81.223.53 - - [13/May/2022:13:14:49 +0800] "GET /xingrg/check_reg.html?_=1652418904580 HTTP/1.1" 200 22
101.85.120.86 - - [13/May/2022:13:14:53 +0800] "GET /xingrg/all/function/internal_message.html?_=1652418888551&CODE_STATE=getMsg HTTP/1.1" 200 27
218.81.223.53 - - [13/May/2022:13:14:57 +0800] "GET /xingrg/all/function/internal_message.html?_=1652418912782&CODE_STATE=getMsg HTTP/1.1" 200 27
120.253.135.82 - - [13/May/2022:13:14:58 +0800] "GET /xingrg/all/function/internal_message.html?_=1652418704220&CODE_STATE=getMsg HTTP/1.1" 200 27
116.235.92.88 - - [13/May/2022:13:15:08 +0800] "GET /xingrg/all/function/internal_message.html?_=1652419075516&CODE_STATE=getMsg HTTP/1.1" 200 27
58.39.61.91 - - [13/May/2022:13:15:17 +0800] "GET /xingrg/all/function/internal_message.html?_=1652418872491&CODE_STATE=getMsg HTTP/1.1" 200 27
114.83.223.69 - - [13/May/2022:13:15:25 +0800] "GET /xingrg/all/function/internal_message.html?_=1652418920803&CODE_STATE=getMsg HTTP/1.1" 200 27
180.175.103.167 - - [13/May/2022:13:15:30 +0800] "GET /xingrg/all/function/internal_message.html?_=1652418858002&CODE_STATE=getMsg HTTP/1.1" 200 27
116.232.53.171 - - [13/May/2022:13:15:37 +0800] "GET /xingrg/all/function/internal_message.html?_=1652418950472&CODE_STATE=getMsg HTTP/1.1" 200 27
180.175.103.167 - - [13/May/2022:13:15:45 +0800] "GET /xingrg/all/function/internal_message.html?_=1652418944327&CODE_STATE=getMsg HTTP/1.1" 200 27
101.85.120.86 - - [13/May/2022:13:15:53 +0800] "GET /xingrg/all/function/internal_message.html?_=1652418948551&CODE_STATE=getMsg HTTP/1.1" 200 27
218.81.223.53 - - [13/May/2022:13:15:57 +0800] "GET /xingrg/all/function/internal_message.html?_=1652418972796&CODE_STATE=getMsg HTTP/1.1" 200 27
120.253.135.82 - - [13/May/2022:13:15:58 +0800] "GET /xingrg/all/function/internal_message.html?_=1652418764240&CODE_STATE=getMsg HTTP/1.1" 200 27
116.235.92.88 - - [13/May/2022:13:16:08 +0800] "GET /xingrg/all/function/internal_message.html?_=1652419135491&CODE_STATE=getMsg HTTP/1.1" 200 27
180.175.103.167 - - [13/May/2022:13:16:11 +0800] "GET /xingrg/check_reg.html?_=1652418899017 HTTP/1.1" 200 22
58.39.61.91 - - [13/May/2022:13:16:17 +0800] "GET /xingrg/all/function/internal_message.html?_=1652418932496&CODE_STATE=getMsg HTTP/1.1" 200 27
114.83.223.69 - - [13/May/2022:13:16:25 +0800] "GET /xingrg/all/function/internal_message.html?_=1652418980808&CODE_STATE=getMsg HTTP/1.1" 200 27
180.175.103.167 - - [13/May/2022:13:16:30 +0800] "GET /xingrg/all/function/internal_message.html?_=1652418917975&CODE_STATE=getMsg HTTP/1.1" 200 27
116.232.53.171 - - [13/May/2022:13:16:37 +0800] "GET /xingrg/all/function/internal_message.html?_=1652419010472&CODE_STATE=getMsg HTTP/1.1" 200 27
180.175.103.167 - - [13/May/2022:13:16:45 +0800] "GET /xingrg/check_reg.html?_=1652419004327 HTTP/1.1" 200 22
180.175.103.167 - - [13/May/2022:13:16:46 +0800] "GET /xingrg/all/function/internal_message.html?_=1652419004330&CODE_STATE=getMsg HTTP/1.1" 200 27
120.253.135.82 - - [13/May/2022:13:16:50 +0800] "GET /xingrg/kc/pszx/mdqp_order_list.html?state=10 HTTP/1.1" 200 10217
120.253.135.82 - - [13/May/2022:13:16:50 +0800] "GET /xingrg/dwr/interface/AjaxReportQueryService.js HTTP/1.1" 200 13203
120.253.135.82 - - [13/May/2022:13:16:50 +0800] "GET /xingrg/dwr/interface/AjaxQqpsService.js HTTP/1.1" 200 16326
120.253.135.82 - - [13/May/2022:13:16:50 +0800] "GET /xingrg/dwr/engine.js HTTP/1.1" 200 43631
101.85.120.86 - - [13/May/2022:13:16:53 +0800] "GET /xingrg/all/function/internal_message.html?_=1652419008551&CODE_STATE=getMsg HTTP/1.1" 200 27
120.253.135.82 - - [13/May/2022:13:16:53 +0800] "GET /xingrg/kc/pszx/mdps_order_list.html?orderType=0 HTTP/1.1" 200 20966
120.253.135.82 - - [13/May/2022:13:16:53 +0800] "GET /xingrg/javascript/easyui/themes/default/easyui.css HTTP/1.1" 304 -
120.253.135.82 - - [13/May/2022:13:16:53 +0800] "GET /xingrg/javascript/jquery_tools/table.css HTTP/1.1" 304 -
120.253.135.82 - - [13/May/2022:13:16:53 +0800] "GET /xingrg/javascript/jquery_tools/jquery.tools.table.js HTTP/1.1" 304 -
120.253.135.82 - - [13/May/2022:13:16:54 +0800] "GET /xingrg/javascript/easyui/themes/icons/edit_add_new.png HTTP/1.1" 304 -
120.253.135.82 - - [13/May/2022:13:16:54 +0800] "GET /xingrg/javascript/easyui/themes/icons/cance_new.png HTTP/1.1" 304 -
120.253.135.82 - - [13/May/2022:13:16:54 +0800] "GET /xingrg/javascript/easyui/themes/icons/uncheck_new.png HTTP/1.1" 304 -
120.253.135.82 - - [13/May/2022:13:16:54 +0800] "GET /xingrg/javascript/easyui/themes/icons/check_new.png HTTP/1.1" 304 -
120.253.135.82 - - [13/May/2022:13:16:54 +0800] "POST /xingrg/kc/pszx/mdps_list_operate.html HTTP/1.1" 200 5197
218.81.223.53 - - [13/May/2022:13:16:57 +0800] "GET /xingrg/all/function/internal_message.html?_=1652419032913&CODE_STATE=getMsg HTTP/1.1" 200 27
120.253.135.82 - - [13/May/2022:13:16:58 +0800] "GET /xingrg/all/function/internal_message.html?_=1652418824247&CODE_STATE=getMsg HTTP/1.1" 200 27
120.253.135.82 - - [13/May/2022:13:16:58 +0800] "POST /xingrg/kc/pszx/mdps_list_operate.html HTTP/1.1" 200 591
120.253.135.82 - - [13/May/2022:13:17:03 +0800] "GET /xingrg/kc/pszx/mdth_order_list.html HTTP/1.1" 200 18390
120.253.135.82 - - [13/May/2022:13:17:03 +0800] "POST /xingrg/kc/pszx/mdth_order_new_list.html HTTP/1.1" 200 4794
120.253.135.82 - - [13/May/2022:13:17:05 +0800] "POST /xingrg/kc/pszx/mdth_order_new_list.html HTTP/1.1" 200 203
120.253.135.82 - - [13/May/2022:13:17:06 +0800] "POST /xingrg/kc/pszx/mdth_order_new_list.html HTTP/1.1" 200 211
116.235.92.88 - - [13/May/2022:13:17:08 +0800] "GET /xingrg/all/function/internal_message.html?_=1652419195466&CODE_STATE=getMsg HTTP/1.1" 200 27
101.87.191.251 - - [13/May/2022:13:17:09 +0800] "GET /xingrg/check_reg.html?_=1652419029252 HTTP/1.1" 200 22
120.253.135.82 - - [13/May/2022:13:17:13 +0800] "POST /xingrg/kc/pszx/mdth_order_new_list.html HTTP/1.1" 200 202
58.39.61.91 - - [13/May/2022:13:17:16 +0800] "GET /xingrg/check_reg.html?_=1652418991237 HTTP/1.1" 200 22
58.39.61.91 - - [13/May/2022:13:17:17 +0800] "GET /xingrg/all/function/internal_message.html?_=1652418992510&CODE_STATE=getMsg HTTP/1.1" 200 27
114.83.223.69 - - [13/May/2022:13:17:25 +0800] "GET /xingrg/check_reg.html?_=1652419040806 HTTP/1.1" 200 22
114.83.223.69 - - [13/May/2022:13:17:25 +0800] "GET /xingrg/all/function/internal_message.html?_=1652419040810&CODE_STATE=getMsg HTTP/1.1" 200 27
180.175.103.167 - - [13/May/2022:13:17:30 +0800] "GET /xingrg/all/function/internal_message.html?_=1652418977945&CODE_STATE=getMsg HTTP/1.1" 200 27
116.232.53.171 - - [13/May/2022:13:17:37 +0800] "GET /xingrg/all/function/internal_message.html?_=1652419070506&CODE_STATE=getMsg HTTP/1.1" 200 27
180.175.103.167 - - [13/May/2022:13:17:45 +0800] "GET /xingrg/all/function/internal_message.html?_=1652419064330&CODE_STATE=getMsg HTTP/1.1" 200 27
101.85.120.86 - - [13/May/2022:13:17:53 +0800] "GET /xingrg/all/function/internal_message.html?_=1652419068550&CODE_STATE=getMsg HTTP/1.1" 200 27
218.81.223.53 - - [13/May/2022:13:17:57 +0800] "GET /xingrg/all/function/internal_message.html?_=1652419092918&CODE_STATE=getMsg HTTP/1.1" 200 27
120.253.135.82 - - [13/May/2022:13:17:57 +0800] "GET /xingrg/check_reg.html?_=1652418883809 HTTP/1.1" 200 22
116.235.92.88 - - [13/May/2022:13:17:58 +0800] "GET /xingrg/check_reg.html?_=1652419245508 HTTP/1.1" 200 22
120.253.135.82 - - [13/May/2022:13:17:58 +0800] "GET /xingrg/all/function/internal_message.html?_=1652418884261&CODE_STATE=getMsg HTTP/1.1" 200 27
116.235.92.88 - - [13/May/2022:13:18:08 +0800] "GET /xingrg/all/function/internal_message.html?_=1652419255437&CODE_STATE=getMsg HTTP/1.1" 200 27
58.221.95.50 - - [13/May/2022:13:18:15 +0800] "GET /xingrg/check_reg.html?_=1652419093608 HTTP/1.1" 302 -
58.39.61.91 - - [13/May/2022:13:18:17 +0800] "GET /xingrg/all/function/internal_message.html?_=1652419052524&CODE_STATE=getMsg HTTP/1.1" 200 27
116.232.53.171 - - [13/May/2022:13:18:23 +0800] "POST /xingrg/services/DataTransmitService HTTP/1.1" 200 501
116.232.53.171 - - [13/May/2022:13:18:23 +0800] "POST /xingrg/services/DataTransmitService HTTP/1.1" 200 501
116.232.53.171 - - [13/May/2022:13:18:24 +0800] "POST /xingrg/services/DataTransmitService HTTP/1.1" 200 501
116.232.53.171 - - [13/May/2022:13:18:24 +0800] "POST /xingrg/services/DataTransmitService HTTP/1.1" 200 501
116.232.53.171 - - [13/May/2022:13:18:24 +0800] "POST /xingrg/services/DataTransmitService HTTP/1.1" 200 501
116.232.53.171 - - [13/May/2022:13:18:25 +0800] "POST /xingrg/services/DataTransmitService HTTP/1.1" 200 501
114.83.223.69 - - [13/May/2022:13:18:25 +0800] "GET /xingrg/all/function/internal_message.html?_=1652419100815&CODE_STATE=getMsg HTTP/1.1" 200 27
116.232.53.171 - - [13/May/2022:13:18:25 +0800] "POST /xingrg/services/DataTransmitService HTTP/1.1" 200 501
116.232.53.171 - - [13/May/2022:13:18:26 +0800] "POST /xingrg/services/DataTransmitService HTTP/1.1" 200 501
116.232.53.171 - - [13/May/2022:13:18:26 +0800] "POST /xingrg/services/DataTransmitService HTTP/1.1" 200 412
180.175.103.167 - - [13/May/2022:13:18:30 +0800] "GET /xingrg/all/function/internal_message.html?_=1652419037930&CODE_STATE=getMsg HTTP/1.1" 200 27
116.232.53.171 - - [13/May/2022:13:18:37 +0800] "GET /xingrg/check_reg.html?_=1652419130494 HTTP/1.1" 200 22
116.232.53.171 - - [13/May/2022:13:18:37 +0800] "GET /xingrg/all/function/internal_message.html?_=1652419130498&CODE_STATE=getMsg HTTP/1.1" 200 27
180.175.103.167 - - [13/May/2022:13:18:45 +0800] "GET /xingrg/all/function/internal_message.html?_=1652419124330&CODE_STATE=getMsg HTTP/1.1" 200 27
101.85.120.86 - - [13/May/2022:13:18:53 +0800] "GET /xingrg/check_reg.html?_=1652419128550 HTTP/1.1" 200 22
101.85.120.86 - - [13/May/2022:13:18:53 +0800] "GET /xingrg/all/function/internal_message.html?_=1652419128553&CODE_STATE=getMsg HTTP/1.1" 200 27
218.81.223.53 - - [13/May/2022:13:18:57 +0800] "GET /xingrg/all/function/internal_message.html?_=1652419153036&CODE_STATE=getMsg HTTP/1.1" 200 27
120.253.135.82 - - [13/May/2022:13:18:58 +0800] "GET /xingrg/all/function/internal_message.html?_=1652418944274&CODE_STATE=getMsg HTTP/1.1" 200 27
116.235.92.88 - - [13/May/2022:13:19:08 +0800] "GET /xingrg/all/function/internal_message.html?_=1652419315410&CODE_STATE=getMsg HTTP/1.1" 200 27
58.39.61.91 - - [13/May/2022:13:19:17 +0800] "GET /xingrg/all/function/internal_message.html?_=1652419112537&CODE_STATE=getMsg HTTP/1.1" 200 27
114.83.223.69 - - [13/May/2022:13:19:25 +0800] "GET /xingrg/all/function/internal_message.html?_=1652419160814&CODE_STATE=getMsg HTTP/1.1" 200 27
180.175.103.167 - - [13/May/2022:13:19:30 +0800] "GET /xingrg/all/function/internal_message.html?_=1652419097900&CODE_STATE=getMsg HTTP/1.1" 200 27
222.70.180.114 - - [13/May/2022:13:19:35 +0800] "GET /xingrg/check_reg.html?_=1652419170689 HTTP/1.1" 200 22
116.232.53.171 - - [13/May/2022:13:19:37 +0800] "GET /xingrg/all/function/internal_message.html?_=1652419190495&CODE_STATE=getMsg HTTP/1.1" 200 27
116.230.110.173 - - [13/May/2022:13:19:42 +0800] "GET /favicon.ico HTTP/1.1" 404 -
180.175.103.167 - - [13/May/2022:13:19:45 +0800] "GET /xingrg/all/function/internal_message.html?_=1652419184330&CODE_STATE=getMsg HTTP/1.1" 200 27
218.81.223.53 - - [13/May/2022:13:19:49 +0800] "GET /xingrg/check_reg.html?_=1652419204585 HTTP/1.1" 200 22
101.85.120.86 - - [13/May/2022:13:19:53 +0800] "GET /xingrg/all/function/internal_message.html?_=1652419188540&CODE_STATE=getMsg HTTP/1.1" 200 27
218.81.223.53 - - [13/May/2022:13:19:57 +0800] "GET /xingrg/all/function/internal_message.html?_=1652419213037&CODE_STATE=getMsg HTTP/1.1" 200 27
120.253.135.82 - - [13/May/2022:13:19:58 +0800] "GET /xingrg/all/function/internal_message.html?_=1652419004288&CODE_STATE=getMsg HTTP/1.1" 200 27
116.235.92.88 - - [13/May/2022:13:20:08 +0800] "GET /xingrg/all/function/internal_message.html?_=1652419375381&CODE_STATE=getMsg HTTP/1.1" 200 27
58.39.61.91 - - [13/May/2022:13:20:17 +0800] "GET /xingrg/all/function/internal_message.html?_=1652419172551&CODE_STATE=getMsg HTTP/1.1" 200 27
114.83.223.69 - - [13/May/2022:13:20:25 +0800] "GET /xingrg/all/function/internal_message.html?_=1652419220814&CODE_STATE=getMsg HTTP/1.1" 200 27
180.175.103.167 - - [13/May/2022:13:20:30 +0800] "GET /xingrg/all/function/internal_message.html?_=1652419157885&CODE_STATE=getMsg HTTP/1.1" 200 27
116.232.53.171 - - [13/May/2022:13:20:37 +0800] "GET /xingrg/all/function/internal_message.html?_=1652419250496&CODE_STATE=getMsg HTTP/1.1" 200 27
180.175.103.167 - - [13/May/2022:13:20:46 +0800] "GET /xingrg/all/function/internal_message.html?_=1652419244331&CODE_STATE=getMsg HTTP/1.1" 200 27
101.85.120.86 - - [13/May/2022:13:20:53 +0800] "GET /xingrg/all/function/internal_message.html?_=1652419248541&CODE_STATE=getMsg HTTP/1.1" 200 27
218.81.223.53 - - [13/May/2022:13:20:57 +0800] "GET /xingrg/all/function/internal_message.html?_=1652419273051&CODE_STATE=getMsg HTTP/1.1" 200 27
120.253.135.82 - - [13/May/2022:13:20:58 +0800] "GET /xingrg/all/function/internal_message.html?_=1652419064302&CODE_STATE=getMsg HTTP/1.1" 200 27
116.235.92.88 - - [13/May/2022:13:21:08 +0800] "GET /xingrg/all/function/internal_message.html?_=1652419435352&CODE_STATE=getMsg HTTP/1.1" 200 27
180.175.103.167 - - [13/May/2022:13:21:11 +0800] "GET /xingrg/check_reg.html?_=1652419198994 HTTP/1.1" 200 22
58.39.61.91 - - [13/May/2022:13:21:17 +0800] "GET /xingrg/all/function/internal_message.html?_=1652419232564&CODE_STATE=getMsg HTTP/1.1" 200 27
114.83.223.69 - - [13/May/2022:13:21:25 +0800] "GET /xingrg/all/function/internal_message.html?_=1652419280813&CODE_STATE=getMsg HTTP/1.1" 200 27
180.175.103.167 - - [13/May/2022:13:21:30 +0800] "GET /xingrg/all/function/internal_message.html?_=1652419217858&CODE_STATE=getMsg HTTP/1.1" 200 27
116.232.53.171 - - [13/May/2022:13:21:37 +0800] "GET /xingrg/all/function/internal_message.html?_=1652419310498&CODE_STATE=getMsg HTTP/1.1" 200 27
180.175.103.167 - - [13/May/2022:13:21:46 +0800] "GET /xingrg/check_reg.html?_=1652419304332 HTTP/1.1" 200 22
180.175.103.167 - - [13/May/2022:13:21:46 +0800] "GET /xingrg/all/function/internal_message.html?_=1652419304335&CODE_STATE=getMsg HTTP/1.1" 200 27
101.85.120.86 - - [13/May/2022:13:21:53 +0800] "GET /xingrg/all/function/internal_message.html?_=1652419308540&CODE_STATE=getMsg HTTP/1.1" 200 27
218.81.223.53 - - [13/May/2022:13:21:57 +0800] "GET /xingrg/all/function/internal_message.html?_=1652419333162&CODE_STATE=getMsg HTTP/1.1" 200 27
120.253.135.82 - - [13/May/2022:13:21:58 +0800] "GET /xingrg/all/function/internal_message.html?_=1652419124316&CODE_STATE=getMsg HTTP/1.1" 200 27
116.235.92.88 - - [13/May/2022:13:22:07 +0800] "GET /xingrg/all/function/internal_message.html?_=1652419495323&CODE_STATE=getMsg HTTP/1.1" 200 27
101.87.191.251 - - [13/May/2022:13:22:09 +0800] "GET /xingrg/check_reg.html?_=1652419329216 HTTP/1.1" 200 22
58.39.61.91 - - [13/May/2022:13:22:16 +0800] "GET /xingrg/check_reg.html?_=1652419291305 HTTP/1.1" 200 22
58.39.61.91 - - [13/May/2022:13:22:17 +0800] "GET /xingrg/all/function/internal_message.html?_=1652419292577&CODE_STATE=getMsg HTTP/1.1" 200 27
114.83.223.69 - - [13/May/2022:13:22:25 +0800] "GET /xingrg/all/function/internal_message.html?_=1652419340827&CODE_STATE=getMsg HTTP/1.1" 200 27
114.83.223.69 - - [13/May/2022:13:22:25 +0800] "GET /xingrg/check_reg.html?_=1652419340828 HTTP/1.1" 200 22
180.175.103.167 - - [13/May/2022:13:22:30 +0800] "GET /xingrg/all/function/internal_message.html?_=1652419277828&CODE_STATE=getMsg HTTP/1.1" 200 27
116.232.53.171 - - [13/May/2022:13:22:37 +0800] "GET /xingrg/all/function/internal_message.html?_=1652419370498&CODE_STATE=getMsg HTTP/1.1" 200 27
180.175.103.167 - - [13/May/2022:13:22:45 +0800] "GET /xingrg/all/function/internal_message.html?_=1652419364319&CODE_STATE=getMsg HTTP/1.1" 200 27
101.85.120.86 - - [13/May/2022:13:22:53 +0800] "GET /xingrg/all/function/internal_message.html?_=1652419368540&CODE_STATE=getMsg HTTP/1.1" 200 27
120.253.135.82 - - [13/May/2022:13:22:57 +0800] "GET /xingrg/check_reg.html?_=1652419183815 HTTP/1.1" 200 22
218.81.223.53 - - [13/May/2022:13:22:57 +0800] "GET /xingrg/all/function/internal_message.html?_=1652419393172&CODE_STATE=getMsg HTTP/1.1" 200 27
116.235.92.88 - - [13/May/2022:13:22:58 +0800] "GET /xingrg/check_reg.html?_=1652419545503 HTTP/1.1" 200 22
120.253.135.82 - - [13/May/2022:13:22:58 +0800] "GET /xingrg/all/function/internal_message.html?_=1652419184329&CODE_STATE=getMsg HTTP/1.1" 200 27
