116.235.92.88 - - [13/May/2022:09:11:13 +0800] "GET /xingrg/all/function/internal_message.html?_=1652404441325&CODE_STATE=getMsg HTTP/1.1" 200 27
180.175.103.167 - - [13/May/2022:09:11:14 +0800] "GET /xingrg/all/function/internal_message.html?_=1652404272693&CODE_STATE=getMsg HTTP/1.1" 200 27
120.253.135.82 - - [13/May/2022:09:11:18 +0800] "GET /xingrg/all/function/internal_message.html?_=1652404084227&CODE_STATE=getMsg HTTP/1.1" 200 27
114.88.156.203 - - [13/May/2022:09:11:30 +0800] "GET /xingrg/all/function/internal_message.html?_=1652404028573&CODE_STATE=getMsg HTTP/1.1" 200 27
58.39.61.91 - - [13/May/2022:09:11:33 +0800] "GET /xingrg/all/function/internal_message.html?_=1652404290508&CODE_STATE=getMsg HTTP/1.1" 200 27
180.175.103.167 - - [13/May/2022:09:11:34 +0800] "GET /xingrg/all/function/internal_message.html?_=1652404222655&CODE_STATE=getMsg HTTP/1.1" 200 27
58.39.61.91 - - [13/May/2022:09:11:38 +0800] "GET /xingrg/check_reg.html?_=1652404253330 HTTP/1.1" 200 22
58.39.61.91 - - [13/May/2022:09:11:38 +0800] "GET /xingrg/all/function/internal_message.html?_=1652404254081&CODE_STATE=getMsg HTTP/1.1" 200 27
218.81.223.53 - - [13/May/2022:09:11:41 +0800] "GET /xingrg/all/function/internal_message.html?_=1652404316487&CODE_STATE=getMsg HTTP/1.1" 200 27
101.85.120.86 - - [13/May/2022:09:11:56 +0800] "GET /xingrg/all/function/internal_message.html?_=1652404311865&CODE_STATE=getMsg HTTP/1.1" 200 27
120.253.135.82 - - [13/May/2022:09:12:03 +0800] "GET /xingrg/all/function/internal_message.html?_=1652404436414&CODE_STATE=getMsg HTTP/1.1" 200 27
116.235.92.88 - - [13/May/2022:09:12:13 +0800] "GET /xingrg/all/function/internal_message.html?_=1652404501293&CODE_STATE=getMsg HTTP/1.1" 200 27
180.175.103.167 - - [13/May/2022:09:12:14 +0800] "GET /xingrg/all/function/internal_message.html?_=1652404332694&CODE_STATE=getMsg HTTP/1.1" 200 27
120.253.135.82 - - [13/May/2022:09:12:18 +0800] "GET /xingrg/all/function/internal_message.html?_=1652404144307&CODE_STATE=getMsg HTTP/1.1" 200 27
114.88.156.203 - - [13/May/2022:09:12:30 +0800] "GET /xingrg/all/function/internal_message.html?_=1652404088570&CODE_STATE=getMsg HTTP/1.1" 200 27
120.253.135.82 - - [13/May/2022:09:12:32 +0800] "GET /xingrg/check_reg.html?_=1652404158566 HTTP/1.1" 200 22
58.39.61.91 - - [13/May/2022:09:12:33 +0800] "GET /xingrg/all/function/internal_message.html?_=1652404350513&CODE_STATE=getMsg HTTP/1.1" 200 27
58.39.61.91 - - [13/May/2022:09:12:34 +0800] "POST /xingrg/dwr/call/plaincall/AjaxComOrderService.getMaterielSearchList.dwr HTTP/1.1" 200 12533
180.175.103.167 - - [13/May/2022:09:12:34 +0800] "GET /xingrg/all/function/internal_message.html?_=1652404282640&CODE_STATE=getMsg HTTP/1.1" 200 27
58.39.61.91 - - [13/May/2022:09:12:35 +0800] "POST /xingrg/dwr/call/plaincall/AjaxComOrderService.getMaterielSearchList.dwr HTTP/1.1" 200 1074
58.39.61.91 - - [13/May/2022:09:12:35 +0800] "POST /xingrg/dwr/call/plaincall/AjaxYddbService.getMaterielByMap.dwr HTTP/1.1" 200 3762
58.39.104.8 - - [13/May/2022:09:12:37 +0800] "GET /favicon.ico HTTP/1.1" 404 -
58.39.61.91 - - [13/May/2022:09:12:38 +0800] "GET /xingrg/all/function/internal_message.html?_=1652404314095&CODE_STATE=getMsg HTTP/1.1" 200 27
58.39.61.91 - - [13/May/2022:09:12:39 +0800] "POST /xingrg/dwr/call/plaincall/AjaxYddbService.saveMaterielItem.dwr HTTP/1.1" 200 78
218.81.223.53 - - [13/May/2022:09:12:41 +0800] "GET /xingrg/all/function/internal_message.html?_=1652404376522&CODE_STATE=getMsg HTTP/1.1" 200 27
58.39.61.91 - - [13/May/2022:09:12:42 +0800] "POST /xingrg/dwr/call/plaincall/AjaxComOrderService.getMaterielSearchList.dwr HTTP/1.1" 200 20051
58.39.61.91 - - [13/May/2022:09:12:43 +0800] "POST /xingrg/dwr/call/plaincall/AjaxComOrderService.getMaterielSearchList.dwr HTTP/1.1" 200 1463
58.39.61.91 - - [13/May/2022:09:12:44 +0800] "POST /xingrg/dwr/call/plaincall/AjaxYddbService.getMaterielByMap.dwr HTTP/1.1" 200 3763
58.39.61.91 - - [13/May/2022:09:12:46 +0800] "GET /xingrg/images/yd/bt2.gif HTTP/1.1" 404 1042
58.39.61.91 - - [13/May/2022:09:12:46 +0800] "POST /xingrg/dwr/call/plaincall/AjaxYddbService.saveMaterielItem.dwr HTTP/1.1" 200 78
114.83.223.69 - - [13/May/2022:09:12:49 +0800] "GET /xingrg/login.html?sysBaseUrl=http%3A%2F%2F180.169.147.146%3A18081%2Fxingrg%2F&costTime=31×tamp=1615347190560 HTTP/1.1" 200 7641
114.83.223.69 - - [13/May/2022:09:12:50 +0800] "GET /favicon.ico HTTP/1.1" 404 -
114.83.223.69 - - [13/May/2022:09:12:51 +0800] "POST /xingrg/login.do HTTP/1.1" 302 -
114.83.223.69 - - [13/May/2022:09:12:51 +0800] "GET /xingrg/index.html?sysBaseUrl=http%3A%2F%2F180.169.147.146%3A18081%2Fxingrg%2F&costTime=53×tamp=1652404371382 HTTP/1.1" 200 17179
114.83.223.69 - - [13/May/2022:09:12:51 +0800] "GET /favicon.ico HTTP/1.1" 404 -
114.83.223.69 - - [13/May/2022:09:12:51 +0800] "POST /xingrg/all/common/load_tree.html?tree=area_rest_tree_json&manage=1 HTTP/1.1" 200 351
114.83.223.69 - - [13/May/2022:09:12:51 +0800] "GET /xingrg/all/function/internal_message.html?_=1652404366882&CODE_STATE=count HTTP/1.1" 200 11
114.83.223.69 - - [13/May/2022:09:12:51 +0800] "POST /xingrg/load_menu.html HTTP/1.1" 200 5138
114.83.223.69 - - [13/May/2022:09:12:51 +0800] "GET /xingrg/check_reg.html?_=1652404366884 HTTP/1.1" 200 22
114.83.223.69 - - [13/May/2022:09:12:54 +0800] "GET /xingrg/kc/mdqp/qqps_order_list.html HTTP/1.1" 200 9222
114.83.223.69 - - [13/May/2022:09:12:54 +0800] "GET /xingrg/dwr/interface/AjaxQqpsService.js HTTP/1.1" 200 16326
114.83.223.69 - - [13/May/2022:09:12:54 +0800] "GET /xingrg/dwr/interface/AjaxReportQueryService.js HTTP/1.1" 200 13203
114.83.223.69 - - [13/May/2022:09:12:54 +0800] "GET /xingrg/dwr/util.js HTTP/1.1" 304 -
114.83.223.69 - - [13/May/2022:09:12:54 +0800] "GET /xingrg/dwr/engine.js HTTP/1.1" 200 43631
114.83.223.69 - - [13/May/2022:09:12:56 +0800] "GET /xingrg/kc/mdqp/qqps_order_add.html HTTP/1.1" 200 28398
114.83.223.69 - - [13/May/2022:09:12:56 +0800] "GET /xingrg/dwr/interface/AjaxQqpsService.js HTTP/1.1" 200 16326
114.83.223.69 - - [13/May/2022:09:12:56 +0800] "GET /xingrg/dwr/interface/AjaxComOrderService.js HTTP/1.1" 200 18264
114.83.223.69 - - [13/May/2022:09:12:56 +0800] "GET /xingrg/dwr/engine.js HTTP/1.1" 200 43631
114.83.223.69 - - [13/May/2022:09:12:56 +0800] "GET /xingrg/words/20220512193534_words.js HTTP/1.1" 304 -
101.85.120.86 - - [13/May/2022:09:12:56 +0800] "GET /xingrg/all/function/internal_message.html?_=1652404371850&CODE_STATE=getMsg HTTP/1.1" 200 27
58.39.61.91 - - [13/May/2022:09:12:57 +0800] "POST /xingrg/dwr/call/plaincall/AjaxComOrderService.getMaterielSearchList.dwr HTTP/1.1" 200 20052
116.235.92.88 - - [13/May/2022:09:12:57 +0800] "GET /xingrg/check_reg.html?_=1652404545166 HTTP/1.1" 200 22
58.39.61.91 - - [13/May/2022:09:12:58 +0800] "POST /xingrg/dwr/call/plaincall/AjaxComOrderService.getMaterielSearchList.dwr HTTP/1.1" 200 1023
58.39.61.91 - - [13/May/2022:09:13:00 +0800] "POST /xingrg/dwr/call/plaincall/AjaxComOrderService.getMaterielSearchList.dwr HTTP/1.1" 200 204
120.253.135.82 - - [13/May/2022:09:13:03 +0800] "GET /xingrg/all/function/internal_message.html?_=1652404496428&CODE_STATE=getMsg HTTP/1.1" 200 27
58.39.61.91 - - [13/May/2022:09:13:05 +0800] "POST /xingrg/dwr/call/plaincall/AjaxComOrderService.getMaterielSearchList.dwr HTTP/1.1" 200 461952
58.39.61.91 - - [13/May/2022:09:13:05 +0800] "POST /xingrg/dwr/call/plaincall/AjaxComOrderService.getMaterielSearchList.dwr HTTP/1.1" 200 10755
114.83.223.69 - - [13/May/2022:09:13:08 +0800] "POST /xingrg/dwr/call/plaincall/AjaxQqpsService.saveOrder.dwr HTTP/1.1" 200 78
58.39.61.91 - - [13/May/2022:09:13:09 +0800] "POST /xingrg/dwr/call/plaincall/AjaxYddbService.getMaterielByMap.dwr HTTP/1.1" 200 3752
114.83.223.69 - - [13/May/2022:09:13:11 +0800] "GET /xingrg/javascript/auto/indicator.gif HTTP/1.1" 404 1066
116.235.92.88 - - [13/May/2022:09:13:13 +0800] "GET /xingrg/all/function/internal_message.html?_=1652404561263&CODE_STATE=getMsg HTTP/1.1" 200 27
58.39.61.91 - - [13/May/2022:09:13:13 +0800] "POST /xingrg/dwr/call/plaincall/AjaxYddbService.saveMaterielItem.dwr HTTP/1.1" 200 79
180.175.103.167 - - [13/May/2022:09:13:14 +0800] "GET /xingrg/all/function/internal_message.html?_=1652404392692&CODE_STATE=getMsg HTTP/1.1" 200 27
114.83.223.69 - - [13/May/2022:09:13:16 +0800] "POST /xingrg/dwr/call/plaincall/AjaxQqpsService.getMaterielByCode.dwr HTTP/1.1" 200 2744
58.39.61.91 - - [13/May/2022:09:13:16 +0800] "POST /xingrg/dwr/call/plaincall/AjaxComOrderService.getMaterielSearchList.dwr HTTP/1.1" 200 18122
58.39.61.91 - - [13/May/2022:09:13:17 +0800] "POST /xingrg/dwr/call/plaincall/AjaxComOrderService.getMaterielSearchList.dwr HTTP/1.1" 200 1033
120.253.135.82 - - [13/May/2022:09:13:18 +0800] "GET /xingrg/all/function/internal_message.html?_=1652404204317&CODE_STATE=getMsg HTTP/1.1" 200 27
58.39.61.91 - - [13/May/2022:09:13:19 +0800] "POST /xingrg/dwr/call/plaincall/AjaxYddbService.getMaterielByMap.dwr HTTP/1.1" 200 3764
114.83.223.69 - - [13/May/2022:09:13:19 +0800] "POST /xingrg/dwr/call/plaincall/AjaxQqpsService.saveMaterielItem.dwr HTTP/1.1" 200 78
114.83.223.69 - - [13/May/2022:09:13:22 +0800] "POST /xingrg/dwr/call/plaincall/AjaxQqpsService.getMaterielByCode.dwr HTTP/1.1" 200 2760
58.39.61.91 - - [13/May/2022:09:13:22 +0800] "POST /xingrg/dwr/call/plaincall/AjaxYddbService.saveMaterielItem.dwr HTTP/1.1" 200 79
114.83.223.69 - - [13/May/2022:09:13:23 +0800] "POST /xingrg/dwr/call/plaincall/AjaxQqpsService.saveMaterielItem.dwr HTTP/1.1" 200 78
58.39.61.91 - - [13/May/2022:09:13:25 +0800] "POST /xingrg/dwr/call/plaincall/AjaxComOrderService.getMaterielSearchList.dwr HTTP/1.1" 200 1745
58.39.61.91 - - [13/May/2022:09:13:26 +0800] "POST /xingrg/dwr/call/plaincall/AjaxComOrderService.getMaterielSearchList.dwr HTTP/1.1" 200 1745
58.39.61.91 - - [13/May/2022:09:13:27 +0800] "POST /xingrg/dwr/call/plaincall/AjaxYddbService.getMaterielByMap.dwr HTTP/1.1" 200 3759
114.83.223.69 - - [13/May/2022:09:13:28 +0800] "POST /xingrg/dwr/call/plaincall/AjaxQqpsService.getMaterielByCode.dwr HTTP/1.1" 200 2750
114.88.156.203 - - [13/May/2022:09:13:30 +0800] "GET /xingrg/all/function/internal_message.html?_=1652404148565&CODE_STATE=getMsg HTTP/1.1" 200 27
114.88.156.203 - - [13/May/2022:09:13:30 +0800] "GET /xingrg/check_reg.html?_=1652404148567 HTTP/1.1" 200 22
114.83.223.69 - - [13/May/2022:09:13:30 +0800] "POST /xingrg/dwr/call/plaincall/AjaxQqpsService.saveMaterielItem.dwr HTTP/1.1" 200 78
58.39.61.91 - - [13/May/2022:09:13:30 +0800] "POST /xingrg/dwr/call/plaincall/AjaxYddbService.saveMaterielItem.dwr HTTP/1.1" 200 79
114.83.223.69 - - [13/May/2022:09:13:32 +0800] "POST /xingrg/dwr/call/plaincall/AjaxQqpsService.getMaterielByCode.dwr HTTP/1.1" 200 2744
58.39.61.91 - - [13/May/2022:09:13:33 +0800] "GET /xingrg/check_reg.html?_=1652404410503 HTTP/1.1" 200 22
58.39.61.91 - - [13/May/2022:09:13:33 +0800] "GET /xingrg/all/function/internal_message.html?_=1652404410505&CODE_STATE=getMsg HTTP/1.1" 200 27
180.175.103.167 - - [13/May/2022:09:13:34 +0800] "GET /xingrg/all/function/internal_message.html?_=1652404342625&CODE_STATE=getMsg HTTP/1.1" 200 27
114.83.223.69 - - [13/May/2022:09:13:35 +0800] "POST /xingrg/dwr/call/plaincall/AjaxQqpsService.saveMaterielItem.dwr HTTP/1.1" 200 78
58.39.61.91 - - [13/May/2022:09:13:38 +0800] "GET /xingrg/all/function/internal_message.html?_=1652404374109&CODE_STATE=getMsg HTTP/1.1" 200 27
58.39.61.91 - - [13/May/2022:09:13:40 +0800] "POST /xingrg/dwr/call/plaincall/AjaxComOrderService.getMaterielSearchList.dwr HTTP/1.1" 200 55423
58.39.61.91 - - [13/May/2022:09:13:41 +0800] "POST /xingrg/dwr/call/plaincall/AjaxComOrderService.getMaterielSearchList.dwr HTTP/1.1" 200 1172
218.81.223.53 - - [13/May/2022:09:13:41 +0800] "GET /xingrg/all/function/internal_message.html?_=1652404436530&CODE_STATE=getMsg HTTP/1.1" 200 27
58.39.61.91 - - [13/May/2022:09:13:43 +0800] "POST /xingrg/dwr/call/plaincall/AjaxYddbService.getMaterielByMap.dwr HTTP/1.1" 200 3758
58.39.61.91 - - [13/May/2022:09:13:46 +0800] "POST /xingrg/dwr/call/plaincall/AjaxYddbService.saveMaterielItem.dwr HTTP/1.1" 200 79
58.39.61.91 - - [13/May/2022:09:13:50 +0800] "POST /xingrg/dwr/call/plaincall/AjaxComOrderService.getMaterielSearchList.dwr HTTP/1.1" 200 39672
58.39.61.91 - - [13/May/2022:09:13:51 +0800] "POST /xingrg/dwr/call/plaincall/AjaxComOrderService.getMaterielSearchList.dwr HTTP/1.1" 200 552
114.83.223.69 - - [13/May/2022:09:13:51 +0800] "GET /xingrg/all/function/internal_message.html?_=1652404426900&CODE_STATE=getMsg HTTP/1.1" 200 27
58.39.61.91 - - [13/May/2022:09:13:52 +0800] "POST /xingrg/dwr/call/plaincall/AjaxYddbService.getMaterielByMap.dwr HTTP/1.1" 200 3750
101.85.120.86 - - [13/May/2022:09:13:56 +0800] "GET /xingrg/all/function/internal_message.html?_=1652404431851&CODE_STATE=getMsg HTTP/1.1" 200 27
58.39.61.91 - - [13/May/2022:09:13:56 +0800] "POST /xingrg/dwr/call/plaincall/AjaxYddbService.saveMaterielItem.dwr HTTP/1.1" 200 79
120.253.135.82 - - [13/May/2022:09:14:03 +0800] "GET /xingrg/all/function/internal_message.html?_=1652404556450&CODE_STATE=getMsg HTTP/1.1" 200 27
120.253.135.82 - - [13/May/2022:09:14:05 +0800] "GET /xingrg/kc/pszx/mdqp_order_list.html?state=10 HTTP/1.1" 200 10661
120.253.135.82 - - [13/May/2022:09:14:05 +0800] "GET /xingrg/dwr/interface/AjaxQqpsService.js HTTP/1.1" 200 16326
120.253.135.82 - - [13/May/2022:09:14:05 +0800] "GET /xingrg/dwr/interface/AjaxReportQueryService.js HTTP/1.1" 200 13203
120.253.135.82 - - [13/May/2022:09:14:05 +0800] "GET /xingrg/dwr/engine.js HTTP/1.1" 200 43631
58.39.61.91 - - [13/May/2022:09:14:05 +0800] "POST /xingrg/dwr/call/plaincall/AjaxComOrderService.getMaterielSearchList.dwr HTTP/1.1" 200 2575
58.39.61.91 - - [13/May/2022:09:14:07 +0800] "POST /xingrg/dwr/call/plaincall/AjaxYddbService.getMaterielByMap.dwr HTTP/1.1" 200 3762
120.253.135.82 - - [13/May/2022:09:14:08 +0800] "GET /xingrg/kc/pszx/mdps_order_list.html?orderType=0 HTTP/1.1" 200 20966
120.253.135.82 - - [13/May/2022:09:14:08 +0800] "POST /xingrg/kc/pszx/mdps_list_operate.html HTTP/1.1" 200 5240
58.39.61.91 - - [13/May/2022:09:14:10 +0800] "POST /xingrg/dwr/call/plaincall/AjaxYddbService.saveMaterielItem.dwr HTTP/1.1" 200 79
58.39.61.91 - - [13/May/2022:09:14:13 +0800] "POST /xingrg/dwr/call/plaincall/AjaxComOrderService.getMaterielSearchList.dwr HTTP/1.1" 200 18389
116.235.92.88 - - [13/May/2022:09:14:13 +0800] "GET /xingrg/all/function/internal_message.html?_=1652404621262&CODE_STATE=getMsg HTTP/1.1" 200 27
58.39.61.91 - - [13/May/2022:09:14:13 +0800] "POST /xingrg/dwr/call/plaincall/AjaxComOrderService.getMaterielSearchList.dwr HTTP/1.1" 200 542
180.175.103.167 - - [13/May/2022:09:14:14 +0800] "GET /xingrg/all/function/internal_message.html?_=1652404452690&CODE_STATE=getMsg HTTP/1.1" 200 27
180.175.103.167 - - [13/May/2022:09:14:14 +0800] "GET /xingrg/check_reg.html?_=1652404452691 HTTP/1.1" 200 22
114.83.223.69 - - [13/May/2022:09:14:15 +0800] "POST /xingrg/dwr/call/plaincall/AjaxQqpsService.getMaterielByCode.dwr HTTP/1.1" 200 2737
120.253.135.82 - - [13/May/2022:09:14:18 +0800] "GET /xingrg/all/function/internal_message.html?_=1652404264331&CODE_STATE=getMsg HTTP/1.1" 200 27
114.83.223.69 - - [13/May/2022:09:14:21 +0800] "POST /xingrg/dwr/call/plaincall/AjaxQqpsService.saveMaterielItem.dwr HTTP/1.1" 200 79
58.39.61.91 - - [13/May/2022:09:14:25 +0800] "POST /xingrg/dwr/call/plaincall/AjaxYddbService.getMaterielByMap.dwr HTTP/1.1" 200 3761
114.88.156.203 - - [13/May/2022:09:14:30 +0800] "GET /xingrg/all/function/internal_message.html?_=1652404208563&CODE_STATE=getMsg HTTP/1.1" 200 27
58.39.61.91 - - [13/May/2022:09:14:32 +0800] "GET /xingrg/kc/base/wldb_order_list.html HTTP/1.1" 200 19107
58.39.61.91 - - [13/May/2022:09:14:33 +0800] "POST /xingrg/kc/base/wldb_list_operate.html HTTP/1.1" 200 928
58.39.61.91 - - [13/May/2022:09:14:33 +0800] "GET /xingrg/all/function/internal_message.html?_=1652404470514&CODE_STATE=getMsg HTTP/1.1" 200 27
58.39.61.91 - - [13/May/2022:09:14:33 +0800] "GET /xingrg/kc/base/wldb_order_add.html HTTP/1.1" 200 30321
58.39.61.91 - - [13/May/2022:09:14:34 +0800] "GET /xingrg/words/20220512193534_words.js HTTP/1.1" 304 -
58.39.61.91 - - [13/May/2022:09:14:34 +0800] "POST /xingrg/kc/base/wldb_order_operate.html HTTP/1.1" 200 6806
58.39.61.91 - - [13/May/2022:09:14:34 +0800] "GET /xingrg/all/common/auto_word.html?type=base&rest_code=00150 HTTP/1.1" 200 1699
58.39.61.91 - - [13/May/2022:09:14:34 +0800] "GET /xingrg/all/common/auto_word.html?type=base&rest_code=00150 HTTP/1.1" 200 1699
58.39.61.91 - - [13/May/2022:09:14:34 +0800] "GET /xingrg/javascript/easyui/themes/default/validatebox.css HTTP/1.1" 404 1104
180.175.103.167 - - [13/May/2022:09:14:34 +0800] "GET /xingrg/all/function/internal_message.html?_=1652404402611&CODE_STATE=getMsg HTTP/1.1" 200 27
222.70.180.114 - - [13/May/2022:09:14:35 +0800] "GET /xingrg/check_reg.html?_=1652404471421 HTTP/1.1" 200 22
114.83.223.69 - - [13/May/2022:09:14:35 +0800] "POST /xingrg/dwr/call/plaincall/AjaxQqpsService.removeMaterielItem.dwr HTTP/1.1" 200 79
58.39.61.91 - - [13/May/2022:09:14:39 +0800] "GET /xingrg/all/function/internal_message.html?_=1652404434128&CODE_STATE=getMsg HTTP/1.1" 200 27
58.39.61.91 - - [13/May/2022:09:14:39 +0800] "GET /xingrg/kc/base/wldb_order_operate.html?command=get_materiel&rest_code=00150&base_code=0010458&code=00101001170 HTTP/1.1" 200 435
218.81.223.53 - - [13/May/2022:09:14:41 +0800] "GET /xingrg/all/function/internal_message.html?_=1652404496562&CODE_STATE=getMsg HTTP/1.1" 200 27
58.39.61.91 - - [13/May/2022:09:14:44 +0800] "GET /xingrg/kc/base/wldb_order_operate.html?command=get_materiel&rest_code=00150&base_code=0010458&code=00101001135 HTTP/1.1" 200 436
114.83.223.69 - - [13/May/2022:09:14:47 +0800] "POST /xingrg/dwr/call/plaincall/AjaxQqpsService.removeMaterielItem.dwr HTTP/1.1" 200 79
114.83.223.69 - - [13/May/2022:09:14:51 +0800] "GET /xingrg/all/function/internal_message.html?_=1652404486900&CODE_STATE=getMsg HTTP/1.1" 200 27
114.83.223.69 - - [13/May/2022:09:14:52 +0800] "POST /xingrg/dwr/call/plaincall/AjaxQqpsService.getMaterielByCode.dwr HTTP/1.1" 200 2744
58.39.61.91 - - [13/May/2022:09:14:56 +0800] "GET /xingrg/kc/base/wldb_order_operate.html?command=get_materiel&rest_code=00150&base_code=0010458&code=00101003006 HTTP/1.1" 200 432
101.85.120.86 - - [13/May/2022:09:14:56 +0800] "GET /xingrg/all/function/internal_message.html?_=1652404491851&CODE_STATE=getMsg HTTP/1.1" 200 27
218.81.223.53 - - [13/May/2022:09:14:57 +0800] "GET /xingrg/check_reg.html?_=1652404512021 HTTP/1.1" 200 22
114.83.223.69 - - [13/May/2022:09:14:58 +0800] "POST /xingrg/dwr/call/plaincall/AjaxQqpsService.saveMaterielItem.dwr HTTP/1.1" 200 79
120.253.135.82 - - [13/May/2022:09:15:03 +0800] "GET /xingrg/all/function/internal_message.html?_=1652404616455&CODE_STATE=getMsg HTTP/1.1" 200 27
58.39.61.91 - - [13/May/2022:09:15:10 +0800] "GET /xingrg/kc/base/yddb_order_list.html HTTP/1.1" 200 16713
58.39.61.91 - - [13/May/2022:09:15:10 +0800] "POST /xingrg/kc/base/yddb_list_operate.html HTTP/1.1" 200 1345
114.83.223.69 - - [13/May/2022:09:15:11 +0800] "POST /xingrg/dwr/call/plaincall/AjaxQqpsService.getMaterielByCode.dwr HTTP/1.1" 200 2773
58.39.61.91 - - [13/May/2022:09:15:11 +0800] "POST /xingrg/kc/base/yddb_list_operate.html HTTP/1.1" 200 585
58.39.61.91 - - [13/May/2022:09:15:12 +0800] "GET /xingrg/kc/base/yddb_order_info.html?code=482022051300084 HTTP/1.1" 200 31328
58.39.61.91 - - [13/May/2022:09:15:12 +0800] "GET /xingrg/dwr/interface/AjaxYddbService.js HTTP/1.1" 200 13201
58.39.61.91 - - [13/May/2022:09:15:12 +0800] "GET /xingrg/dwr/interface/AjaxComOrderService.js HTTP/1.1" 200 18264
58.39.61.91 - - [13/May/2022:09:15:12 +0800] "GET /xingrg/dwr/engine.js HTTP/1.1" 200 43631
58.39.61.91 - - [13/May/2022:09:15:12 +0800] "POST /xingrg/dwr/call/plaincall/AjaxYddbService.loadMaterielItems.dwr HTTP/1.1" 200 2641
116.235.92.88 - - [13/May/2022:09:15:13 +0800] "GET /xingrg/all/function/internal_message.html?_=1652404681241&CODE_STATE=getMsg HTTP/1.1" 200 27
180.175.103.167 - - [13/May/2022:09:15:14 +0800] "GET /xingrg/all/function/internal_message.html?_=1652404512689&CODE_STATE=getMsg HTTP/1.1" 200 27
120.253.135.82 - - [13/May/2022:09:15:18 +0800] "GET /xingrg/all/function/internal_message.html?_=1652404324344&CODE_STATE=getMsg HTTP/1.1" 200 27
58.39.61.91 - - [13/May/2022:09:15:18 +0800] "POST /xingrg/dwr/call/plaincall/AjaxComOrderService.getMaterielSearchList.dwr HTTP/1.1" 200 20503
58.39.61.91 - - [13/May/2022:09:15:19 +0800] "POST /xingrg/dwr/call/plaincall/AjaxComOrderService.getMaterielSearchList.dwr HTTP/1.1" 200 790
114.83.223.69 - - [13/May/2022:09:15:20 +0800] "POST /xingrg/dwr/call/plaincall/AjaxQqpsService.saveMaterielItem.dwr HTTP/1.1" 200 79
58.39.61.91 - - [13/May/2022:09:15:20 +0800] "POST /xingrg/dwr/call/plaincall/AjaxYddbService.getMaterielByMap.dwr HTTP/1.1" 200 3762
58.39.61.91 - - [13/May/2022:09:15:24 +0800] "POST /xingrg/dwr/call/plaincall/AjaxYddbService.saveMaterielItem.dwr HTTP/1.1" 200 78
114.88.156.203 - - [13/May/2022:09:15:30 +0800] "GET /xingrg/all/function/internal_message.html?_=1652404268572&CODE_STATE=getMsg HTTP/1.1" 200 27
58.39.61.91 - - [13/May/2022:09:15:32 +0800] "POST /xingrg/dwr/call/plaincall/AjaxComOrderService.getMaterielSearchList.dwr HTTP/1.1" 200 14992
114.83.223.69 - - [13/May/2022:09:15:32 +0800] "POST /xingrg/dwr/call/plaincall/AjaxQqpsService.checkOrder.dwr HTTP/1.1" 200 79
58.39.61.91 - - [13/May/2022:09:15:33 +0800] "POST /xingrg/dwr/call/plaincall/AjaxComOrderService.getMaterielSearchList.dwr HTTP/1.1" 200 203
58.39.61.91 - - [13/May/2022:09:15:33 +0800] "GET /xingrg/all/function/internal_message.html?_=1652404530516&CODE_STATE=getMsg HTTP/1.1" 200 27
114.83.223.69 - - [13/May/2022:09:15:33 +0800] "GET /xingrg/kc/mdqp/qqps_order_info.html?code=302022051300075 HTTP/1.1" 200 26801
114.83.223.69 - - [13/May/2022:09:15:33 +0800] "GET /xingrg/dwr/interface/AjaxComOrderService.js HTTP/1.1" 200 18264
114.83.223.69 - - [13/May/2022:09:15:33 +0800] "GET /xingrg/dwr/interface/AjaxQqpsService.js HTTP/1.1" 200 16326
114.83.223.69 - - [13/May/2022:09:15:33 +0800] "GET /xingrg/dwr/engine.js HTTP/1.1" 200 43631
58.39.61.91 - - [13/May/2022:09:15:33 +0800] "POST /xingrg/dwr/call/plaincall/AjaxComOrderService.getMaterielSearchList.dwr HTTP/1.1" 200 203
114.83.223.69 - - [13/May/2022:09:15:34 +0800] "POST /xingrg/dwr/call/plaincall/AjaxQqpsService.loadMaterielItems.dwr HTTP/1.1" 200 1638
180.175.103.167 - - [13/May/2022:09:15:34 +0800] "GET /xingrg/all/function/internal_message.html?_=1652404462596&CODE_STATE=getMsg HTTP/1.1" 200 27
114.83.223.69 - - [13/May/2022:09:15:35 +0800] "GET /xingrg/kc/mdqp/qqps_order_list.html?isBack=1 HTTP/1.1" 200 9677
114.83.223.69 - - [13/May/2022:09:15:35 +0800] "GET /xingrg/dwr/interface/AjaxQqpsService.js HTTP/1.1" 200 16326
114.83.223.69 - - [13/May/2022:09:15:35 +0800] "GET /xingrg/dwr/interface/AjaxReportQueryService.js HTTP/1.1" 200 13203
114.83.223.69 - - [13/May/2022:09:15:35 +0800] "GET /xingrg/dwr/engine.js HTTP/1.1" 200 43631
58.39.61.91 - - [13/May/2022:09:15:36 +0800] "POST /xingrg/dwr/call/plaincall/AjaxComOrderService.getMaterielSearchList.dwr HTTP/1.1" 200 20818
58.39.61.91 - - [13/May/2022:09:15:37 +0800] "POST /xingrg/dwr/call/plaincall/AjaxComOrderService.getMaterielSearchList.dwr HTTP/1.1" 200 840
114.83.223.69 - - [13/May/2022:09:15:38 +0800] "GET /xingrg/kc/mdqp/qqps_order_add.html HTTP/1.1" 200 28398
114.83.223.69 - - [13/May/2022:09:15:38 +0800] "GET /xingrg/dwr/interface/AjaxComOrderService.js HTTP/1.1" 200 18264
114.83.223.69 - - [13/May/2022:09:15:38 +0800] "GET /xingrg/dwr/interface/AjaxQqpsService.js HTTP/1.1" 200 16326
114.83.223.69 - - [13/May/2022:09:15:38 +0800] "GET /xingrg/dwr/engine.js HTTP/1.1" 200 43631
58.39.61.91 - - [13/May/2022:09:15:38 +0800] "POST /xingrg/dwr/call/plaincall/AjaxYddbService.getMaterielByMap.dwr HTTP/1.1" 200 3750
58.39.61.91 - - [13/May/2022:09:15:39 +0800] "GET /xingrg/all/function/internal_message.html?_=1652404494136&CODE_STATE=getMsg HTTP/1.1" 200 27
218.81.223.53 - - [13/May/2022:09:15:41 +0800] "GET /xingrg/all/function/internal_message.html?_=1652404556572&CODE_STATE=getMsg HTTP/1.1" 200 27
114.83.223.69 - - [13/May/2022:09:15:51 +0800] "GET /xingrg/all/function/internal_message.html?_=1652404546906&CODE_STATE=getMsg HTTP/1.1" 200 27
58.39.61.91 - - [13/May/2022:09:15:52 +0800] "POST /xingrg/dwr/call/plaincall/AjaxYddbService.saveMaterielItem.dwr HTTP/1.1" 200 79
58.39.61.91 - - [13/May/2022:09:15:55 +0800] "POST /xingrg/dwr/call/plaincall/AjaxComOrderService.getMaterielSearchList.dwr HTTP/1.1" 200 493358
58.39.61.91 - - [13/May/2022:09:15:56 +0800] "POST /xingrg/dwr/call/plaincall/AjaxComOrderService.getMaterielSearchList.dwr HTTP/1.1" 200 769
101.85.120.86 - - [13/May/2022:09:15:56 +0800] "GET /xingrg/all/function/internal_message.html?_=1652404551857&CODE_STATE=getMsg HTTP/1.1" 200 27
101.85.120.86 - - [13/May/2022:09:15:56 +0800] "GET /xingrg/check_reg.html?_=1652404551860 HTTP/1.1" 200 22
58.39.61.91 - - [13/May/2022:09:15:57 +0800] "POST /xingrg/dwr/call/plaincall/AjaxYddbService.getMaterielByMap.dwr HTTP/1.1" 200 3762
58.39.61.91 - - [13/May/2022:09:16:00 +0800] "POST /xingrg/dwr/call/plaincall/AjaxYddbService.saveMaterielItem.dwr HTTP/1.1" 200 79
120.253.135.82 - - [13/May/2022:09:16:01 +0800] "GET /xingrg/check_reg.html?_=1652404674263 HTTP/1.1" 200 22
120.253.135.82 - - [13/May/2022:09:16:03 +0800] "GET /xingrg/all/function/internal_message.html?_=1652404676469&CODE_STATE=getMsg HTTP/1.1" 200 27
58.39.61.91 - - [13/May/2022:09:16:03 +0800] "POST /xingrg/dwr/call/plaincall/AjaxComOrderService.getMaterielSearchList.dwr HTTP/1.1" 200 31250
58.39.61.91 - - [13/May/2022:09:16:04 +0800] "POST /xingrg/dwr/call/plaincall/AjaxComOrderService.getMaterielSearchList.dwr HTTP/1.1" 200 896
58.39.61.91 - - [13/May/2022:09:16:05 +0800] "POST /xingrg/dwr/call/plaincall/AjaxYddbService.getMaterielByMap.dwr HTTP/1.1" 200 3761
58.39.61.91 - - [13/May/2022:09:16:08 +0800] "POST /xingrg/dwr/call/plaincall/AjaxYddbService.saveMaterielItem.dwr HTTP/1.1" 200 79
180.175.103.167 - - [13/May/2022:09:16:12 +0800] "GET /xingrg/check_reg.html?_=1652404499961 HTTP/1.1" 200 22
116.235.92.88 - - [13/May/2022:09:16:13 +0800] "GET /xingrg/all/function/internal_message.html?_=1652404741221&CODE_STATE=getMsg HTTP/1.1" 200 27
58.39.61.91 - - [13/May/2022:09:16:13 +0800] "POST /xingrg/dwr/call/plaincall/AjaxComOrderService.getMaterielSearchList.dwr HTTP/1.1" 200 25031
58.39.61.91 - - [13/May/2022:09:16:14 +0800] "POST /xingrg/dwr/call/plaincall/AjaxComOrderService.getMaterielSearchList.dwr HTTP/1.1" 200 25031
180.175.103.167 - - [13/May/2022:09:16:14 +0800] "GET /xingrg/all/function/internal_message.html?_=1652404572686&CODE_STATE=getMsg HTTP/1.1" 200 27
58.39.61.91 - - [13/May/2022:09:16:16 +0800] "POST /xingrg/dwr/call/plaincall/AjaxComOrderService.getMaterielSearchList.dwr HTTP/1.1" 200 204
120.253.135.82 - - [13/May/2022:09:16:18 +0800] "GET /xingrg/all/function/internal_message.html?_=1652404384449&CODE_STATE=getMsg HTTP/1.1" 200 27
58.39.61.91 - - [13/May/2022:09:16:18 +0800] "POST /xingrg/dwr/call/plaincall/AjaxComOrderService.getMaterielSearchList.dwr HTTP/1.1" 200 27291
58.39.61.91 - - [13/May/2022:09:16:19 +0800] "POST /xingrg/dwr/call/plaincall/AjaxComOrderService.getMaterielSearchList.dwr HTTP/1.1" 200 2981
58.39.61.91 - - [13/May/2022:09:16:30 +0800] "POST /xingrg/dwr/call/plaincall/AjaxYddbService.getMaterielByMap.dwr HTTP/1.1" 200 3772
114.88.156.203 - - [13/May/2022:09:16:30 +0800] "GET /xingrg/all/function/internal_message.html?_=1652404328567&CODE_STATE=getMsg HTTP/1.1" 200 27
58.39.61.91 - - [13/May/2022:09:16:33 +0800] "GET /xingrg/all/function/internal_message.html?_=1652404590514&CODE_STATE=getMsg HTTP/1.1" 200 27
180.175.103.167 - - [13/May/2022:09:16:34 +0800] "GET /xingrg/all/function/internal_message.html?_=1652404522569&CODE_STATE=getMsg HTTP/1.1" 200 27
58.39.61.91 - - [13/May/2022:09:16:38 +0800] "GET /xingrg/check_reg.html?_=1652404553347 HTTP/1.1" 200 22
58.39.61.91 - - [13/May/2022:09:16:38 +0800] "GET /xingrg/all/function/internal_message.html?_=1652404554149&CODE_STATE=getMsg HTTP/1.1" 200 27
58.39.61.91 - - [13/May/2022:09:16:39 +0800] "GET /xingrg/kc/base/wldb_order_add.html HTTP/1.1" 200 30321
58.39.61.91 - - [13/May/2022:09:16:39 +0800] "POST /xingrg/kc/base/wldb_order_operate.html HTTP/1.1" 200 6806
58.39.61.91 - - [13/May/2022:09:16:39 +0800] "GET /xingrg/javascript/easyui/themes/default/validatebox.css HTTP/1.1" 404 1104
218.81.223.53 - - [13/May/2022:09:16:41 +0800] "GET /xingrg/all/function/internal_message.html?_=1652404616586&CODE_STATE=getMsg HTTP/1.1" 200 27
58.39.61.91 - - [13/May/2022:09:16:44 +0800] "GET /xingrg/kc/base/wldb_order_operate.html?command=get_materiel&rest_code=00150&base_code=0010446&code=00101001045 HTTP/1.1" 200 442
114.83.223.69 - - [13/May/2022:09:16:51 +0800] "GET /xingrg/all/function/internal_message.html?_=1652404606904&CODE_STATE=getMsg HTTP/1.1" 200 27
58.39.61.91 - - [13/May/2022:09:16:52 +0800] "GET /xingrg/kc/base/wldb_order_operate.html?command=get_materiel&rest_code=00150&base_code=0010446&code=00101001023 HTTP/1.1" 200 434
101.85.120.86 - - [13/May/2022:09:16:56 +0800] "GET /xingrg/all/function/internal_message.html?_=1652404611860&CODE_STATE=getMsg HTTP/1.1" 200 27
58.39.61.91 - - [13/May/2022:09:17:01 +0800] "GET /xingrg/kc/base/wldb_order_operate.html?command=get_materiel&rest_code=00150&base_code=0010458&code=00101001045 HTTP/1.1" 200 442
120.253.135.82 - - [13/May/2022:09:17:04 +0800] "GET /xingrg/all/function/internal_message.html?_=1652404736483&CODE_STATE=getMsg HTTP/1.1" 200 27
58.39.61.91 - - [13/May/2022:09:17:04 +0800] "GET /xingrg/kc/base/wldb_order_operate.html?command=get_materiel&rest_code=00150&base_code=0010458&code=00101001023 HTTP/1.1" 200 434
116.235.92.88 - - [13/May/2022:09:17:13 +0800] "GET /xingrg/all/function/internal_message.html?_=1652404801200&CODE_STATE=getMsg HTTP/1.1" 200 27
180.175.103.167 - - [13/May/2022:09:17:14 +0800] "GET /xingrg/all/function/internal_message.html?_=1652404632684&CODE_STATE=getMsg HTTP/1.1" 200 27
120.253.135.82 - - [13/May/2022:09:17:18 +0800] "GET /xingrg/all/function/internal_message.html?_=1652404444465&CODE_STATE=getMsg HTTP/1.1" 200 27
114.88.156.203 - - [13/May/2022:09:17:30 +0800] "GET /xingrg/all/function/internal_message.html?_=1652404388561&CODE_STATE=getMsg HTTP/1.1" 200 27
120.253.135.82 - - [13/May/2022:09:17:32 +0800] "GET /xingrg/check_reg.html?_=1652404458638 HTTP/1.1" 200 22
58.39.61.91 - - [13/May/2022:09:17:33 +0800] "GET /xingrg/all/function/internal_message.html?_=1652404650519&CODE_STATE=getMsg HTTP/1.1" 200 27
180.175.103.167 - - [13/May/2022:09:17:34 +0800] "GET /xingrg/all/function/internal_message.html?_=1652404582555&CODE_STATE=getMsg HTTP/1.1" 200 27
58.39.61.91 - - [13/May/2022:09:17:35 +0800] "GET /xingrg/kc/base/wldb_order_operate.html?command=get_materiel&rest_code=00150&base_code=0010458&code=00101001117 HTTP/1.1" 200 442
58.39.61.91 - - [13/May/2022:09:17:39 +0800] "GET /xingrg/all/function/internal_message.html?_=1652404614162&CODE_STATE=getMsg HTTP/1.1" 200 27
218.81.223.53 - - [13/May/2022:09:17:41 +0800] "GET /xingrg/all/function/internal_message.html?_=1652404676618&CODE_STATE=getMsg HTTP/1.1" 200 27
140.206.179.42 - - [13/May/2022:09:17:43 +0800] "GET /favicon.ico HTTP/1.1" 404 -
114.83.223.69 - - [13/May/2022:09:17:51 +0800] "GET /xingrg/check_reg.html?_=1652404666906 HTTP/1.1" 200 22
114.83.223.69 - - [13/May/2022:09:17:51 +0800] "GET /xingrg/all/function/internal_message.html?_=1652404666910&CODE_STATE=getMsg HTTP/1.1" 200 27
101.85.120.86 - - [13/May/2022:09:17:56 +0800] "GET /xingrg/all/function/internal_message.html?_=1652404671860&CODE_STATE=getMsg HTTP/1.1" 200 27
116.235.92.88 - - [13/May/2022:09:17:57 +0800] "GET /xingrg/check_reg.html?_=1652404845183 HTTP/1.1" 200 22
120.253.135.82 - - [13/May/2022:09:18:03 +0800] "GET /xingrg/all/function/internal_message.html?_=1652404796496&CODE_STATE=getMsg HTTP/1.1" 200 27
116.235.92.88 - - [13/May/2022:09:18:13 +0800] "GET /xingrg/all/function/internal_message.html?_=1652404861173&CODE_STATE=getMsg HTTP/1.1" 200 27
180.175.103.167 - - [13/May/2022:09:18:14 +0800] "GET /xingrg/all/function/internal_message.html?_=1652404692683&CODE_STATE=getMsg HTTP/1.1" 200 27
114.88.156.203 - - [13/May/2022:09:18:16 +0800] "GET /xingrg/javascript/auto/indicator.gif HTTP/1.1" 404 1066
120.253.135.82 - - [13/May/2022:09:18:18 +0800] "GET /xingrg/all/function/internal_message.html?_=1652404504479&CODE_STATE=getMsg HTTP/1.1" 200 27
114.88.156.203 - - [13/May/2022:09:18:30 +0800] "GET /xingrg/all/function/internal_message.html?_=1652404448561&CODE_STATE=getMsg HTTP/1.1" 200 27
114.88.156.203 - - [13/May/2022:09:18:30 +0800] "GET /xingrg/check_reg.html?_=1652404448562 HTTP/1.1" 200 22
58.39.61.91 - - [13/May/2022:09:18:33 +0800] "GET /xingrg/check_reg.html?_=1652404710524 HTTP/1.1" 200 22
58.39.61.91 - - [13/May/2022:09:18:33 +0800] "GET /xingrg/all/function/internal_message.html?_=1652404710555&CODE_STATE=getMsg HTTP/1.1" 200 27
180.175.103.167 - - [13/May/2022:09:18:34 +0800] "GET /xingrg/all/function/internal_message.html?_=1652404642540&CODE_STATE=getMsg HTTP/1.1" 200 27
58.39.61.91 - - [13/May/2022:09:18:39 +0800] "GET /xingrg/all/function/internal_message.html?_=1652404674177&CODE_STATE=getMsg HTTP/1.1" 200 27
218.81.223.53 - - [13/May/2022:09:18:41 +0800] "GET /xingrg/all/function/internal_message.html?_=1652404736628&CODE_STATE=getMsg HTTP/1.1" 200 27
114.88.156.203 - - [13/May/2022:09:18:48 +0800] "POST /xingrg/dwr/call/plaincall/AjaxQqpsService.getMaterielByCode.dwr HTTP/1.1" 200 2712
114.83.223.69 - - [13/May/2022:09:18:51 +0800] "GET /xingrg/all/function/internal_message.html?_=1652404726901&CODE_STATE=getMsg HTTP/1.1" 200 27
101.85.120.86 - - [13/May/2022:09:18:56 +0800] "GET /xingrg/all/function/internal_message.html?_=1652404731860&CODE_STATE=getMsg HTTP/1.1" 200 27
120.253.135.82 - - [13/May/2022:09:19:03 +0800] "GET /xingrg/all/function/internal_message.html?_=1652404856519&CODE_STATE=getMsg HTTP/1.1" 200 27
114.88.156.203 - - [13/May/2022:09:19:06 +0800] "POST /xingrg/dwr/call/plaincall/AjaxQqpsService.saveMaterielItem.dwr HTTP/1.1" 200 78
116.235.92.88 - - [13/May/2022:09:19:13 +0800] "GET /xingrg/all/function/internal_message.html?_=1652404921155&CODE_STATE=getMsg HTTP/1.1" 200 27
180.175.103.167 - - [13/May/2022:09:19:14 +0800] "GET /xingrg/all/function/internal_message.html?_=1652404752697&CODE_STATE=getMsg HTTP/1.1" 200 27
180.175.103.167 - - [13/May/2022:09:19:14 +0800] "GET /xingrg/check_reg.html?_=1652404752698 HTTP/1.1" 200 22
120.253.135.82 - - [13/May/2022:09:19:18 +0800] "GET /xingrg/all/function/internal_message.html?_=1652404564491&CODE_STATE=getMsg HTTP/1.1" 200 27
58.221.95.50 - - [13/May/2022:09:19:21 +0800] "GET /xingrg/check_reg.html?_=1652404759641 HTTP/1.1" 302 -
58.221.95.50 - - [13/May/2022:09:19:21 +0800] "GET /xingrg/login.html HTTP/1.1" 200 7641
114.88.156.203 - - [13/May/2022:09:19:27 +0800] "POST /xingrg/dwr/call/plaincall/AjaxQqpsService.getMaterielByCode.dwr HTTP/1.1" 200 2702
114.88.156.203 - - [13/May/2022:09:19:30 +0800] "GET /xingrg/all/function/internal_message.html?_=1652404508570&CODE_STATE=getMsg HTTP/1.1" 200 27
58.39.61.91 - - [13/May/2022:09:19:33 +0800] "GET /xingrg/all/function/internal_message.html?_=1652404770585&CODE_STATE=getMsg HTTP/1.1" 200 27
180.175.103.167 - - [13/May/2022:09:19:34 +0800] "GET /xingrg/all/function/internal_message.html?_=1652404702525&CODE_STATE=getMsg HTTP/1.1" 200 27
222.70.180.114 - - [13/May/2022:09:19:35 +0800] "GET /xingrg/check_reg.html?_=1652404771426 HTTP/1.1" 200 22
58.39.61.91 - - [13/May/2022:09:19:39 +0800] "GET /xingrg/all/function/internal_message.html?_=1652404734194&CODE_STATE=getMsg HTTP/1.1" 200 27
114.88.156.203 - - [13/May/2022:09:19:39 +0800] "POST /xingrg/dwr/call/plaincall/AjaxQqpsService.saveMaterielItem.dwr HTTP/1.1" 200 78
218.81.223.53 - - [13/May/2022:09:19:41 +0800] "GET /xingrg/all/function/internal_message.html?_=1652404796661&CODE_STATE=getMsg HTTP/1.1" 200 27
114.83.223.69 - - [13/May/2022:09:19:51 +0800] "GET /xingrg/all/function/internal_message.html?_=1652404786911&CODE_STATE=getMsg HTTP/1.1" 200 27
114.88.156.203 - - [13/May/2022:09:19:52 +0800] "POST /xingrg/dwr/call/plaincall/AjaxQqpsService.getMaterielByCode.dwr HTTP/1.1" 200 2688
101.85.120.86 - - [13/May/2022:09:19:56 +0800] "GET /xingrg/all/function/internal_message.html?_=1652404791860&CODE_STATE=getMsg HTTP/1.1" 200 27
218.81.223.53 - - [13/May/2022:09:19:57 +0800] "GET /xingrg/check_reg.html?_=1652404812026 HTTP/1.1" 200 22
120.253.135.82 - - [13/May/2022:09:20:03 +0800] "GET /xingrg/all/function/internal_message.html?_=1652404916522&CODE_STATE=getMsg HTTP/1.1" 200 27
114.88.156.203 - - [13/May/2022:09:20:04 +0800] "POST /xingrg/dwr/call/plaincall/AjaxQqpsService.saveMaterielItem.dwr HTTP/1.1" 200 78
116.235.92.88 - - [13/May/2022:09:20:13 +0800] "GET /xingrg/all/function/internal_message.html?_=1652404981127&CODE_STATE=getMsg HTTP/1.1" 200 27
180.175.103.167 - - [13/May/2022:09:20:14 +0800] "GET /xingrg/all/function/internal_message.html?_=1652404812699&CODE_STATE=getMsg HTTP/1.1" 200 27
120.253.135.82 - - [13/May/2022:09:20:18 +0800] "GET /xingrg/all/function/internal_message.html?_=1652404624506&CODE_STATE=getMsg HTTP/1.1" 200 27
114.88.156.203 - - [13/May/2022:09:20:30 +0800] "GET /xingrg/all/function/internal_message.html?_=1652404568584&CODE_STATE=getMsg HTTP/1.1" 200 27
58.39.61.91 - - [13/May/2022:09:20:33 +0800] "GET /xingrg/all/function/internal_message.html?_=1652404830568&CODE_STATE=getMsg HTTP/1.1" 200 27
180.175.103.167 - - [13/May/2022:09:20:34 +0800] "GET /xingrg/all/function/internal_message.html?_=1652404762511&CODE_STATE=getMsg HTTP/1.1" 200 27
58.39.61.91 - - [13/May/2022:09:20:39 +0800] "GET /xingrg/all/function/internal_message.html?_=1652404794204&CODE_STATE=getMsg HTTP/1.1" 200 27
218.81.223.53 - - [13/May/2022:09:20:41 +0800] "GET /xingrg/all/function/internal_message.html?_=1652404856671&CODE_STATE=getMsg HTTP/1.1" 200 27
114.83.223.69 - - [13/May/2022:09:20:51 +0800] "GET /xingrg/all/function/internal_message.html?_=1652404846903&CODE_STATE=getMsg HTTP/1.1" 200 27
101.85.120.86 - - [13/May/2022:09:20:56 +0800] "GET /xingrg/check_reg.html?_=1652404851860 HTTP/1.1" 200 22
101.85.120.86 - - [13/May/2022:09:20:56 +0800] "GET /xingrg/all/function/internal_message.html?_=1652404851864&CODE_STATE=getMsg HTTP/1.1" 200 27
120.253.135.82 - - [13/May/2022:09:21:01 +0800] "GET /xingrg/check_reg.html?_=1652404974267 HTTP/1.1" 200 22
120.253.135.82 - - [13/May/2022:09:21:03 +0800] "GET /xingrg/all/function/internal_message.html?_=1652404976536&CODE_STATE=getMsg HTTP/1.1" 200 27
180.175.103.167 - - [13/May/2022:09:21:12 +0800] "GET /xingrg/check_reg.html?_=1652404799938 HTTP/1.1" 200 22
116.235.92.88 - - [13/May/2022:09:21:13 +0800] "GET /xingrg/all/function/internal_message.html?_=1652405041108&CODE_STATE=getMsg HTTP/1.1" 200 27
180.175.103.167 - - [13/May/2022:09:21:14 +0800] "GET /xingrg/all/function/internal_message.html?_=1652404872710&CODE_STATE=getMsg HTTP/1.1" 200 27
120.253.135.82 - - [13/May/2022:09:21:18 +0800] "GET /xingrg/all/function/internal_message.html?_=1652404684519&CODE_STATE=getMsg HTTP/1.1" 200 27
114.88.156.203 - - [13/May/2022:09:21:30 +0800] "GET /xingrg/all/function/internal_message.html?_=1652404628585&CODE_STATE=getMsg HTTP/1.1" 200 27
58.39.61.91 - - [13/May/2022:09:21:33 +0800] "GET /xingrg/all/function/internal_message.html?_=1652404890558&CODE_STATE=getMsg HTTP/1.1" 200 27
180.175.103.167 - - [13/May/2022:09:21:34 +0800] "GET /xingrg/all/function/internal_message.html?_=1652404822483&CODE_STATE=getMsg HTTP/1.1" 200 27
58.39.61.91 - - [13/May/2022:09:21:38 +0800] "GET /xingrg/check_reg.html?_=1652404853350 HTTP/1.1" 200 22
58.39.61.91 - - [13/May/2022:09:21:39 +0800] "GET /xingrg/all/function/internal_message.html?_=1652404854216&CODE_STATE=getMsg HTTP/1.1" 200 27
218.81.223.53 - - [13/May/2022:09:21:41 +0800] "GET /xingrg/all/function/internal_message.html?_=1652404916686&CODE_STATE=getMsg HTTP/1.1" 200 27
180.157.251.97 - - [13/May/2022:09:21:47 +0800] "POST /xingrg/services/DataTransmitService HTTP/1.1" 200 524
180.157.251.97 - - [13/May/2022:09:21:47 +0800] "POST /xingrg/services/DataTransmitService HTTP/1.1" 200 412
114.83.223.69 - - [13/May/2022:09:21:51 +0800] "GET /xingrg/all/function/internal_message.html?_=1652404906916&CODE_STATE=getMsg HTTP/1.1" 200 27
101.85.120.86 - - [13/May/2022:09:21:56 +0800] "GET /xingrg/all/function/internal_message.html?_=1652404911863&CODE_STATE=getMsg HTTP/1.1" 200 27
120.253.135.82 - - [13/May/2022:09:22:02 +0800] "GET /xingrg/kc/pszx/mdqp_order_list.html?state=10 HTTP/1.1" 200 11066
120.253.135.82 - - [13/May/2022:09:22:02 +0800] "GET /xingrg/dwr/interface/AjaxQqpsService.js HTTP/1.1" 200 16326
120.253.135.82 - - [13/May/2022:09:22:03 +0800] "GET /xingrg/dwr/interface/AjaxReportQueryService.js HTTP/1.1" 200 13203
120.253.135.82 - - [13/May/2022:09:22:03 +0800] "GET /xingrg/dwr/engine.js HTTP/1.1" 200 43631
120.253.135.82 - - [13/May/2022:09:22:03 +0800] "GET /xingrg/all/function/internal_message.html?_=1652405036551&CODE_STATE=getMsg HTTP/1.1" 200 27
120.253.135.82 - - [13/May/2022:09:22:06 +0800] "GET /xingrg/kc/pszx/mdqp_order_info.html?code=302022051300075 HTTP/1.1" 200 13350
120.253.135.82 - - [13/May/2022:09:22:06 +0800] "GET /xingrg/dwr/interface/AjaxComOrderService.js HTTP/1.1" 200 18264
120.253.135.82 - - [13/May/2022:09:22:06 +0800] "GET /xingrg/dwr/interface/AjaxQqpsService.js HTTP/1.1" 200 16326
120.253.135.82 - - [13/May/2022:09:22:06 +0800] "GET /xingrg/dwr/engine.js HTTP/1.1" 200 43631
120.253.135.82 - - [13/May/2022:09:22:07 +0800] "POST /xingrg/dwr/call/plaincall/AjaxQqpsService.loadMaterielItems.dwr HTTP/1.1" 200 1638
114.88.156.203 - - [13/May/2022:09:22:10 +0800] "POST /xingrg/dwr/call/plaincall/AjaxQqpsService.getMaterielByCode.dwr HTTP/1.1" 200 2680
116.235.92.88 - - [13/May/2022:09:22:13 +0800] "GET /xingrg/all/function/internal_message.html?_=1652405101080&CODE_STATE=getMsg HTTP/1.1" 200 27
180.175.103.167 - - [13/May/2022:09:22:14 +0800] "GET /xingrg/all/function/internal_message.html?_=1652404932708&CODE_STATE=getMsg HTTP/1.1" 200 27
120.253.135.82 - - [13/May/2022:09:22:18 +0800] "GET /xingrg/all/function/internal_message.html?_=1652404744533&CODE_STATE=getMsg HTTP/1.1" 200 27
114.88.156.203 - - [13/May/2022:09:22:24 +0800] "POST /xingrg/dwr/call/plaincall/AjaxQqpsService.saveMaterielItem.dwr HTTP/1.1" 200 78
114.88.156.203 - - [13/May/2022:09:22:30 +0800] "GET /xingrg/all/function/internal_message.html?_=1652404688596&CODE_STATE=getMsg HTTP/1.1" 200 27
120.253.135.82 - - [13/May/2022:09:22:32 +0800] "GET /xingrg/check_reg.html?_=1652404758635 HTTP/1.1" 200 22
58.39.61.91 - - [13/May/2022:09:22:33 +0800] "GET /xingrg/all/function/internal_message.html?_=1652404950540&CODE_STATE=getMsg HTTP/1.1" 200 27
180.175.103.167 - - [13/May/2022:09:22:34 +0800] "GET /xingrg/all/function/internal_message.html?_=1652404882468&CODE_STATE=getMsg HTTP/1.1" 200 27
58.39.61.91 - - [13/May/2022:09:22:39 +0800] "GET /xingrg/all/function/internal_message.html?_=1652404914230&CODE_STATE=getMsg HTTP/1.1" 200 27
58.39.61.91 - - [13/May/2022:09:22:40 +0800] "GET /xingrg/kc/base/wldb_order_add.html HTTP/1.1" 200 30321
58.39.61.91 - - [13/May/2022:09:22:40 +0800] "POST /xingrg/kc/base/wldb_order_operate.html HTTP/1.1" 200 6806
58.39.61.91 - - [13/May/2022:09:22:40 +0800] "GET /xingrg/javascript/easyui/themes/default/validatebox.css HTTP/1.1" 404 1104
218.81.223.53 - - [13/May/2022:09:22:41 +0800] "GET /xingrg/all/function/internal_message.html?_=1652404976710&CODE_STATE=getMsg HTTP/1.1" 200 27
120.253.135.82 - - [13/May/2022:09:22:46 +0800] "GET /xingrg/kc/pszx/jzcl_ps.html HTTP/1.1" 200 7683
120.253.135.82 - - [13/May/2022:09:22:46 +0800] "GET /xingrg/javascript/step/step.css HTTP/1.1" 304 -
120.253.135.82 - - [13/May/2022:09:22:46 +0800] "GET /xingrg/css/table.css HTTP/1.1" 304 -
120.253.135.82 - - [13/May/2022:09:22:46 +0800] "GET /xingrg/javascript/step/images/navCurrentBtn.gif HTTP/1.1" 304 -
120.253.135.82 - - [13/May/2022:09:22:46 +0800] "GET /xingrg/javascript/jquery_easy_ui/themes/default/images/button_a_bg.gif HTTP/1.1" 304 -
120.253.135.82 - - [13/May/2022:09:22:46 +0800] "GET /xingrg/javascript/jquery_easy_ui/themes/default/images/button_span_bg.gif HTTP/1.1" 304 -
120.253.135.82 - - [13/May/2022:09:22:46 +0800] "GET /xingrg/javascript/jquery_easy_ui/themes/icons/search.png HTTP/1.1" 304 -
120.253.135.82 - - [13/May/2022:09:22:46 +0800] "GET /xingrg/javascript/jquery_easy_ui/themes/default/images/combo_arrow_dot.gif HTTP/1.1" 304 -
120.253.135.82 - - [13/May/2022:09:22:46 +0800] "GET /xingrg/javascript/jquery_easy_ui/themes/default/images/calendar_nextyear.gif HTTP/1.1" 304 -
120.253.135.82 - - [13/May/2022:09:22:46 +0800] "GET /xingrg/javascript/jquery_easy_ui/themes/default/images/calendar_prevyear.gif HTTP/1.1" 304 -
120.253.135.82 - - [13/May/2022:09:22:46 +0800] "GET /xingrg/javascript/jquery_easy_ui/themes/default/images/calendar_prevmonth.gif HTTP/1.1" 304 -
120.253.135.82 - - [13/May/2022:09:22:46 +0800] "GET /xingrg/javascript/jquery_easy_ui/themes/default/images/calendar_nextmonth.gif HTTP/1.1" 304 -
120.253.135.82 - - [13/May/2022:09:22:46 +0800] "POST /xingrg/all/common/load_tree.html?tree=area_rest_tree_json HTTP/1.1" 200 3472
120.253.135.82 - - [13/May/2022:09:22:46 +0800] "GET /xingrg/javascript/jquery_easy_ui/themes/default/images/datagrid_header_bg.gif HTTP/1.1" 304 -
120.253.135.82 - - [13/May/2022:09:22:46 +0800] "GET /xingrg/javascript/jquery_easy_ui/themes/default/images/pagination_loading.gif HTTP/1.1" 304 -
120.253.135.82 - - [13/May/2022:09:22:46 +0800] "GET /xingrg/javascript/jquery_easy_ui/themes/default/images/tree_checkbox_0.gif HTTP/1.1" 304 -
120.253.135.82 - - [13/May/2022:09:22:47 +0800] "GET /xingrg/javascript/jquery_easy_ui/themes/icons/rest.png HTTP/1.1" 304 -
120.253.135.82 - - [13/May/2022:09:22:47 +0800] "POST /xingrg/kc/pszx/jzcl_ps_operate.html HTTP/1.1" 200 835
120.253.135.82 - - [13/May/2022:09:22:47 +0800] "POST /xingrg/kc/pszx/jzcl_ps_operate.html HTTP/1.1" 200 835
114.83.223.69 - - [13/May/2022:09:22:51 +0800] "GET /xingrg/check_reg.html?_=1652404966901 HTTP/1.1" 200 22
114.83.223.69 - - [13/May/2022:09:22:51 +0800] "GET /xingrg/all/function/internal_message.html?_=1652404966903&CODE_STATE=getMsg HTTP/1.1" 200 27
120.253.135.82 - - [13/May/2022:09:22:53 +0800] "POST /xingrg/kc/pszx/jzcl_ps_operate.html HTTP/1.1" 200 4
120.253.135.82 - - [13/May/2022:09:22:53 +0800] "GET /xingrg/javascript/step/images/navBtn.gif HTTP/1.1" 200 361
120.253.135.82 - - [13/May/2022:09:22:53 +0800] "GET /xingrg/javascript/step/images/navLastDoneBtn.gif HTTP/1.1" 304 -
120.253.135.82 - - [13/May/2022:09:22:53 +0800] "GET /xingrg/javascript/step/images/navBtn.gif HTTP/1.1" 200 361
120.253.135.82 - - [13/May/2022:09:22:53 +0800] "GET /xingrg/javascript/step/images/navDoneBtn.gif HTTP/1.1" 304 -
120.253.135.82 - - [13/May/2022:09:22:54 +0800] "GET /xingrg/kc/pszx/mdps_order_list.html HTTP/1.1" 200 20966
120.253.135.82 - - [13/May/2022:09:22:55 +0800] "POST /xingrg/kc/pszx/mdps_list_operate.html HTTP/1.1" 200 5241
101.85.120.86 - - [13/May/2022:09:22:56 +0800] "GET /xingrg/all/function/internal_message.html?_=1652404971863&CODE_STATE=getMsg HTTP/1.1" 200 27
116.235.92.88 - - [13/May/2022:09:22:57 +0800] "GET /xingrg/check_reg.html?_=1652405145194 HTTP/1.1" 200 22
120.253.135.82 - - [13/May/2022:09:23:03 +0800] "GET /xingrg/all/function/internal_message.html?_=1652405096563&CODE_STATE=getMsg HTTP/1.1" 200 27
120.253.135.82 - - [13/May/2022:09:23:06 +0800] "POST /xingrg/kc/pszx/mdps_list_operate.html HTTP/1.1" 200 612
58.39.61.91 - - [13/May/2022:09:23:07 +0800] "GET /xingrg/kc/base/wldb_order_operate.html?command=get_materiel&rest_code=00150&base_code=0010446&code=00101034089 HTTP/1.1" 200 451
120.253.135.82 - - [13/May/2022:09:23:09 +0800] "POST /xingrg/kc/pszx/mdps_list_operate.html HTTP/1.1" 200 300
120.253.135.82 - - [13/May/2022:09:23:10 +0800] "GET /xingrg/kc/pszx/mdps_order_info.html?code=312022051300282 HTTP/1.1" 200 23972
120.253.135.82 - - [13/May/2022:09:23:10 +0800] "GET /xingrg/javascript/easyui/themes/default/validatebox.css HTTP/1.1" 404 1104
120.253.135.82 - - [13/May/2022:09:23:10 +0800] "POST /xingrg/kc/pszx/mdps_order_operate.html HTTP/1.1" 200 2807
116.235.92.88 - - [13/May/2022:09:23:13 +0800] "GET /xingrg/all/function/internal_message.html?_=1652405161060&CODE_STATE=getMsg HTTP/1.1" 200 27
180.175.103.167 - - [13/May/2022:09:23:14 +0800] "GET /xingrg/all/function/internal_message.html?_=1652404992723&CODE_STATE=getMsg HTTP/1.1" 200 27
120.253.135.82 - - [13/May/2022:09:23:16 +0800] "POST /xingrg/kc/pszx/mdps_list_operate.html HTTP/1.1" 200 385
120.253.135.82 - - [13/May/2022:09:23:18 +0800] "GET /xingrg/all/function/internal_message.html?_=1652404804546&CODE_STATE=getMsg HTTP/1.1" 200 27
120.253.135.82 - - [13/May/2022:09:23:22 +0800] "POST /xingrg/kc/pszx/mdps_list_operate.html HTTP/1.1" 200 2410
120.253.135.82 - - [13/May/2022:09:23:23 +0800] "POST /xingrg/kc/pszx/mdps_list_operate.html HTTP/1.1" 200 198
58.39.61.91 - - [13/May/2022:09:23:25 +0800] "POST /xingrg/dwr/call/plaincall/AjaxYddbService.removeMaterielItem.dwr HTTP/1.1" 200 79
120.253.135.82 - - [13/May/2022:09:23:26 +0800] "POST /xingrg/kc/pszx/mdps_list_operate.html HTTP/1.1" 200 300
120.253.135.82 - - [13/May/2022:09:23:29 +0800] "POST /xingrg/kc/pszx/mdps_list_operate.html HTTP/1.1" 200 385
114.88.156.203 - - [13/May/2022:09:23:30 +0800] "GET /xingrg/check_reg.html?_=1652404748584 HTTP/1.1" 200 22
114.88.156.203 - - [13/May/2022:09:23:30 +0800] "GET /xingrg/all/function/internal_message.html?_=1652404748586&CODE_STATE=getMsg HTTP/1.1" 200 27
120.253.135.82 - - [13/May/2022:09:23:30 +0800] "GET /xingrg/kc/pszx/mdps_order_info.html?code=312022051300283 HTTP/1.1" 200 23974
120.253.135.82 - - [13/May/2022:09:23:31 +0800] "GET /xingrg/javascript/easyui/themes/default/validatebox.css HTTP/1.1" 404 1104
