183.192.88.19 - - [13/May/2022:10:50:58 +0800] "GET /xingrg/javascript/jquery_tools/jquery-1.4.2.min.js HTTP/1.1" 404 1094
183.192.88.19 - - [13/May/2022:10:50:59 +0800] "POST /xingrg/kc/mdqp/pssh_order_operate.html HTTP/1.1" 200 526
183.192.88.19 - - [13/May/2022:10:50:59 +0800] "GET /xingrg/javascript/easyui/themes/default/validatebox.css HTTP/1.1" 404 1104
120.253.135.82 - - [13/May/2022:10:51:01 +0800] "GET /xingrg/check_reg.html?_=1652410374392 HTTP/1.1" 200 22
120.253.135.82 - - [13/May/2022:10:51:04 +0800] "GET /xingrg/all/function/internal_message.html?_=1652410377775&CODE_STATE=getMsg HTTP/1.1" 200 27
218.81.223.53 - - [13/May/2022:10:51:05 +0800] "POST /xingrg/kc/mdqp/pssh_order_operate.html HTTP/1.1" 200 37
218.81.223.53 - - [13/May/2022:10:51:06 +0800] "POST /xingrg/kc/mdqp/pssh_order_operate.html HTTP/1.1" 200 12
218.81.223.53 - - [13/May/2022:10:51:07 +0800] "GET /xingrg/kc/mdqp/pssh_order_info.html?code=312022051200275 HTTP/1.1" 200 14388
218.81.223.53 - - [13/May/2022:10:51:07 +0800] "GET /xingrg/javascript/jquery_tools/jquery-1.4.2.min.js HTTP/1.1" 404 1094
218.81.223.53 - - [13/May/2022:10:51:07 +0800] "POST /xingrg/kc/mdqp/pssh_order_operate.html HTTP/1.1" 200 1050
218.81.223.53 - - [13/May/2022:10:51:07 +0800] "GET /xingrg/javascript/easyui/themes/default/validatebox.css HTTP/1.1" 404 1104
218.81.223.53 - - [13/May/2022:10:51:10 +0800] "GET /xingrg/kc/print/load_config.html?kc_code=pssh HTTP/1.1" 200 2291
218.81.223.53 - - [13/May/2022:10:51:10 +0800] "GET /xingrg/kc/print/load_data.html?order_code=312022051200275&kc_code=pssh&condition= HTTP/1.1" 200 839
116.235.92.88 - - [13/May/2022:10:51:11 +0800] "GET /xingrg/all/function/internal_message.html?_=1652410439052&CODE_STATE=getMsg HTTP/1.1" 200 27
180.175.103.167 - - [13/May/2022:10:51:11 +0800] "GET /xingrg/check_reg.html?_=1652410199585 HTTP/1.1" 200 22
180.175.103.167 - - [13/May/2022:10:51:14 +0800] "GET /xingrg/all/function/internal_message.html?_=1652410272864&CODE_STATE=getMsg HTTP/1.1" 200 27
183.192.88.19 - - [13/May/2022:10:51:14 +0800] "GET /xingrg/all/function/internal_message.html?_=1652410272558&CODE_STATE=getMsg HTTP/1.1" 200 27
183.192.88.19 - - [13/May/2022:10:51:22 +0800] "POST /xingrg/kc/mdqp/pssh_order_operate.html HTTP/1.1" 200 37
183.192.88.19 - - [13/May/2022:10:51:23 +0800] "POST /xingrg/kc/mdqp/pssh_order_operate.html HTTP/1.1" 200 526
183.192.88.19 - - [13/May/2022:10:51:24 +0800] "POST /xingrg/kc/mdqp/pssh_list_operate.html HTTP/1.1" 200 1969
218.81.223.53 - - [13/May/2022:10:51:28 +0800] "GET /xingrg/kc/mdqp/pssh_order_list.html HTTP/1.1" 200 17778
218.81.223.53 - - [13/May/2022:10:51:28 +0800] "POST /xingrg/kc/mdqp/pssh_list_operate.html HTTP/1.1" 200 5334
218.81.223.53 - - [13/May/2022:10:51:32 +0800] "POST /xingrg/kc/mdqp/pssh_list_operate.html HTTP/1.1" 200 262
180.175.103.167 - - [13/May/2022:10:51:33 +0800] "GET /xingrg/all/function/internal_message.html?_=1652410220757&CODE_STATE=getMsg HTTP/1.1" 200 27
218.81.223.53 - - [13/May/2022:10:51:36 +0800] "GET /xingrg/kc/mdqp/pssh_order_info.html?code=312022051200276 HTTP/1.1" 200 17272
218.81.223.53 - - [13/May/2022:10:51:36 +0800] "GET /xingrg/javascript/jquery_tools/jquery-1.4.2.min.js HTTP/1.1" 404 1094
218.81.223.53 - - [13/May/2022:10:51:36 +0800] "POST /xingrg/kc/mdqp/pssh_order_operate.html HTTP/1.1" 200 541
218.81.223.53 - - [13/May/2022:10:51:36 +0800] "GET /xingrg/javascript/easyui/themes/default/validatebox.css HTTP/1.1" 404 1104
58.39.61.91 - - [13/May/2022:10:51:37 +0800] "GET /xingrg/all/function/internal_message.html?_=1652410294660&CODE_STATE=getMsg HTTP/1.1" 200 27
120.253.135.82 - - [13/May/2022:10:51:37 +0800] "GET /xingrg/all/function/internal_message.html?_=1652410103557&CODE_STATE=getMsg HTTP/1.1" 200 27
180.157.251.97 - - [13/May/2022:10:51:48 +0800] "POST /xingrg/services/DataTransmitService HTTP/1.1" 200 524
180.157.251.97 - - [13/May/2022:10:51:48 +0800] "POST /xingrg/services/DataTransmitService HTTP/1.1" 200 412
218.81.223.53 - - [13/May/2022:10:51:49 +0800] "GET /xingrg/all/function/internal_message.html?_=1652410324289&CODE_STATE=getMsg HTTP/1.1" 200 27
101.85.120.86 - - [13/May/2022:10:51:56 +0800] "GET /xingrg/all/function/internal_message.html?_=1652410311906&CODE_STATE=getMsg HTTP/1.1" 200 27
218.81.223.53 - - [13/May/2022:10:52:00 +0800] "POST /xingrg/all/common/load_combo.html?type=employee HTTP/1.1" 200 186
120.253.135.82 - - [13/May/2022:10:52:05 +0800] "GET /xingrg/all/function/internal_message.html?_=1652410437788&CODE_STATE=getMsg HTTP/1.1" 200 27
101.87.191.251 - - [13/May/2022:10:52:10 +0800] "GET /xingrg/check_reg.html?_=1652410329970 HTTP/1.1" 200 22
116.235.92.88 - - [13/May/2022:10:52:11 +0800] "GET /xingrg/all/function/internal_message.html?_=1652410499020&CODE_STATE=getMsg HTTP/1.1" 200 27
218.81.223.53 - - [13/May/2022:10:52:14 +0800] "POST /xingrg/kc/mdqp/pssh_order_operate.html HTTP/1.1" 200 37
180.175.103.167 - - [13/May/2022:10:52:14 +0800] "GET /xingrg/all/function/internal_message.html?_=1652410332863&CODE_STATE=getMsg HTTP/1.1" 200 27
218.81.223.53 - - [13/May/2022:10:52:14 +0800] "POST /xingrg/kc/mdqp/pssh_order_operate.html HTTP/1.1" 200 12
183.192.88.19 - - [13/May/2022:10:52:14 +0800] "GET /xingrg/all/function/internal_message.html?_=1652410332591&CODE_STATE=getMsg HTTP/1.1" 200 27
218.81.223.53 - - [13/May/2022:10:52:15 +0800] "GET /xingrg/kc/mdqp/pssh_order_info.html?code=312022051200276 HTTP/1.1" 200 14388
218.81.223.53 - - [13/May/2022:10:52:15 +0800] "GET /xingrg/javascript/jquery_tools/jquery-1.4.2.min.js HTTP/1.1" 404 1094
218.81.223.53 - - [13/May/2022:10:52:16 +0800] "POST /xingrg/kc/mdqp/pssh_order_operate.html HTTP/1.1" 200 541
218.81.223.53 - - [13/May/2022:10:52:16 +0800] "GET /xingrg/javascript/easyui/themes/default/validatebox.css HTTP/1.1" 404 1104
218.81.223.53 - - [13/May/2022:10:52:19 +0800] "GET /xingrg/kc/print/load_data.html?order_code=312022051200276&kc_code=pssh&condition= HTTP/1.1" 200 673
218.81.223.53 - - [13/May/2022:10:52:32 +0800] "GET /xingrg/kc/mdqp/pssh_order_list.html HTTP/1.1" 200 17778
218.81.223.53 - - [13/May/2022:10:52:32 +0800] "POST /xingrg/kc/mdqp/pssh_list_operate.html HTTP/1.1" 200 5365
180.175.103.167 - - [13/May/2022:10:52:33 +0800] "GET /xingrg/all/function/internal_message.html?_=1652410280742&CODE_STATE=getMsg HTTP/1.1" 200 27
218.81.223.53 - - [13/May/2022:10:52:35 +0800] "POST /xingrg/kc/mdqp/pssh_list_operate.html HTTP/1.1" 200 265
120.253.135.82 - - [13/May/2022:10:52:35 +0800] "GET /xingrg/check_reg.html?_=1652410161816 HTTP/1.1" 200 22
218.81.223.53 - - [13/May/2022:10:52:36 +0800] "GET /xingrg/kc/mdqp/pssh_order_info.html?code=312022051000244 HTTP/1.1" 200 17303
218.81.223.53 - - [13/May/2022:10:52:36 +0800] "GET /xingrg/javascript/jquery_tools/jquery-1.4.2.min.js HTTP/1.1" 404 1094
218.81.223.53 - - [13/May/2022:10:52:37 +0800] "POST /xingrg/kc/mdqp/pssh_order_operate.html HTTP/1.1" 200 536
218.81.223.53 - - [13/May/2022:10:52:37 +0800] "GET /xingrg/javascript/easyui/themes/default/validatebox.css HTTP/1.1" 404 1104
58.39.61.91 - - [13/May/2022:10:52:37 +0800] "GET /xingrg/all/function/internal_message.html?_=1652410354648&CODE_STATE=getMsg HTTP/1.1" 200 27
120.253.135.82 - - [13/May/2022:10:52:37 +0800] "GET /xingrg/all/function/internal_message.html?_=1652410163571&CODE_STATE=getMsg HTTP/1.1" 200 27
218.81.223.53 - - [13/May/2022:10:52:45 +0800] "POST /xingrg/all/common/load_combo.html?type=employee HTTP/1.1" 200 186
218.81.223.53 - - [13/May/2022:10:52:51 +0800] "POST /xingrg/kc/mdqp/pssh_order_operate.html HTTP/1.1" 200 37
218.81.223.53 - - [13/May/2022:10:52:51 +0800] "POST /xingrg/kc/mdqp/pssh_order_operate.html HTTP/1.1" 200 12
218.81.223.53 - - [13/May/2022:10:52:53 +0800] "GET /xingrg/kc/mdqp/pssh_order_info.html?code=312022051000244 HTTP/1.1" 200 14388
218.81.223.53 - - [13/May/2022:10:52:53 +0800] "GET /xingrg/javascript/jquery_tools/jquery-1.4.2.min.js HTTP/1.1" 404 1094
218.81.223.53 - - [13/May/2022:10:52:53 +0800] "POST /xingrg/kc/mdqp/pssh_order_operate.html HTTP/1.1" 200 536
218.81.223.53 - - [13/May/2022:10:52:53 +0800] "GET /xingrg/javascript/easyui/themes/default/validatebox.css HTTP/1.1" 404 1104
218.81.223.53 - - [13/May/2022:10:52:54 +0800] "GET /xingrg/all/function/internal_message.html?_=1652410388967&CODE_STATE=getMsg HTTP/1.1" 200 27
101.85.120.86 - - [13/May/2022:10:52:56 +0800] "GET /xingrg/all/function/internal_message.html?_=1652410371907&CODE_STATE=getMsg HTTP/1.1" 200 27
218.81.223.53 - - [13/May/2022:10:52:57 +0800] "GET /xingrg/kc/print/load_data.html?order_code=312022051000244&kc_code=pssh&condition= HTTP/1.1" 200 665
116.235.92.88 - - [13/May/2022:10:52:57 +0800] "GET /xingrg/check_reg.html?_=1652410545301 HTTP/1.1" 200 22
218.81.223.53 - - [13/May/2022:10:53:03 +0800] "POST /xingrg/kc/mdqp/pssh_list_operate.html HTTP/1.1" 200 1574
120.253.135.82 - - [13/May/2022:10:53:05 +0800] "GET /xingrg/all/function/internal_message.html?_=1652410497812&CODE_STATE=getMsg HTTP/1.1" 200 27
218.81.223.53 - - [13/May/2022:10:53:05 +0800] "GET /xingrg/kc/mdqp/pssh_order_list.html HTTP/1.1" 200 17778
218.81.223.53 - - [13/May/2022:10:53:05 +0800] "POST /xingrg/kc/mdqp/pssh_list_operate.html HTTP/1.1" 200 5384
218.81.223.53 - - [13/May/2022:10:53:08 +0800] "POST /xingrg/kc/mdqp/pssh_list_operate.html HTTP/1.1" 200 451
218.81.223.53 - - [13/May/2022:10:53:11 +0800] "GET /xingrg/kc/mdqp/pssh_order_info.html?code=312022050900236 HTTP/1.1" 200 17272
218.81.223.53 - - [13/May/2022:10:53:11 +0800] "GET /xingrg/javascript/jquery_tools/jquery-1.4.2.min.js HTTP/1.1" 404 1094
218.81.223.53 - - [13/May/2022:10:53:11 +0800] "POST /xingrg/kc/mdqp/pssh_order_operate.html HTTP/1.1" 200 1561
116.235.92.88 - - [13/May/2022:10:53:11 +0800] "GET /xingrg/all/function/internal_message.html?_=1652410558988&CODE_STATE=getMsg HTTP/1.1" 200 27
218.81.223.53 - - [13/May/2022:10:53:11 +0800] "GET /xingrg/javascript/easyui/themes/default/validatebox.css HTTP/1.1" 404 1104
180.175.103.167 - - [13/May/2022:10:53:14 +0800] "GET /xingrg/all/function/internal_message.html?_=1652410392876&CODE_STATE=getMsg HTTP/1.1" 200 27
183.192.88.19 - - [13/May/2022:10:53:14 +0800] "GET /xingrg/all/function/internal_message.html?_=1652410392585&CODE_STATE=getMsg HTTP/1.1" 200 27
218.81.223.53 - - [13/May/2022:10:53:19 +0800] "POST /xingrg/all/common/load_combo.html?type=employee HTTP/1.1" 200 186
218.81.223.53 - - [13/May/2022:10:53:25 +0800] "POST /xingrg/kc/mdqp/pssh_order_operate.html HTTP/1.1" 200 37
218.81.223.53 - - [13/May/2022:10:53:26 +0800] "POST /xingrg/kc/mdqp/pssh_order_operate.html HTTP/1.1" 200 12
218.81.223.53 - - [13/May/2022:10:53:27 +0800] "GET /xingrg/kc/mdqp/pssh_order_info.html?code=312022050900236 HTTP/1.1" 200 14388
218.81.223.53 - - [13/May/2022:10:53:27 +0800] "GET /xingrg/javascript/jquery_tools/jquery-1.4.2.min.js HTTP/1.1" 404 1094
218.81.223.53 - - [13/May/2022:10:53:27 +0800] "POST /xingrg/kc/mdqp/pssh_order_operate.html HTTP/1.1" 200 1561
218.81.223.53 - - [13/May/2022:10:53:27 +0800] "GET /xingrg/javascript/easyui/themes/default/validatebox.css HTTP/1.1" 404 1104
180.175.103.167 - - [13/May/2022:10:53:33 +0800] "GET /xingrg/all/function/internal_message.html?_=1652410340728&CODE_STATE=getMsg HTTP/1.1" 200 27
218.81.223.53 - - [13/May/2022:10:53:33 +0800] "GET /xingrg/kc/print/load_data.html?order_code=312022050900236&kc_code=pssh&condition= HTTP/1.1" 200 1002
58.39.61.91 - - [13/May/2022:10:53:37 +0800] "GET /xingrg/all/function/internal_message.html?_=1652410414634&CODE_STATE=getMsg HTTP/1.1" 200 27
120.253.135.82 - - [13/May/2022:10:53:37 +0800] "GET /xingrg/all/function/internal_message.html?_=1652410223584&CODE_STATE=getMsg HTTP/1.1" 200 27
58.39.61.91 - - [13/May/2022:10:53:37 +0800] "GET /xingrg/check_reg.html?_=1652410415230 HTTP/1.1" 200 22
218.81.223.53 - - [13/May/2022:10:53:54 +0800] "GET /xingrg/all/function/internal_message.html?_=1652410448980&CODE_STATE=getMsg HTTP/1.1" 200 27
101.85.120.86 - - [13/May/2022:10:53:56 +0800] "GET /xingrg/all/function/internal_message.html?_=1652410431908&CODE_STATE=getMsg HTTP/1.1" 200 27
120.253.135.82 - - [13/May/2022:10:54:05 +0800] "GET /xingrg/all/function/internal_message.html?_=1652410557816&CODE_STATE=getMsg HTTP/1.1" 200 27
116.235.92.88 - - [13/May/2022:10:54:11 +0800] "GET /xingrg/all/function/internal_message.html?_=1652410618960&CODE_STATE=getMsg HTTP/1.1" 200 27
180.175.103.167 - - [13/May/2022:10:54:14 +0800] "GET /xingrg/check_reg.html?_=1652410452875 HTTP/1.1" 200 22
183.192.88.19 - - [13/May/2022:10:54:14 +0800] "GET /xingrg/check_reg.html?_=1652410452551 HTTP/1.1" 200 22
180.175.103.167 - - [13/May/2022:10:54:14 +0800] "GET /xingrg/all/function/internal_message.html?_=1652410452876&CODE_STATE=getMsg HTTP/1.1" 200 27
183.192.88.19 - - [13/May/2022:10:54:14 +0800] "GET /xingrg/all/function/internal_message.html?_=1652410452582&CODE_STATE=getMsg HTTP/1.1" 200 27
58.221.95.50 - - [13/May/2022:10:54:21 +0800] "GET /xingrg/check_reg.html?_=1652410459635 HTTP/1.1" 302 -
180.175.103.167 - - [13/May/2022:10:54:33 +0800] "GET /xingrg/all/function/internal_message.html?_=1652410400697&CODE_STATE=getMsg HTTP/1.1" 200 27
222.70.180.114 - - [13/May/2022:10:54:35 +0800] "GET /xingrg/check_reg.html?_=1652410471111 HTTP/1.1" 200 22
58.39.61.91 - - [13/May/2022:10:54:37 +0800] "GET /xingrg/all/function/internal_message.html?_=1652410474621&CODE_STATE=getMsg HTTP/1.1" 200 27
120.253.135.82 - - [13/May/2022:10:54:37 +0800] "GET /xingrg/all/function/internal_message.html?_=1652410283598&CODE_STATE=getMsg HTTP/1.1" 200 27
218.81.223.53 - - [13/May/2022:10:54:49 +0800] "GET /xingrg/check_reg.html?_=1652410504299 HTTP/1.1" 200 22
218.81.223.53 - - [13/May/2022:10:54:54 +0800] "GET /xingrg/all/function/internal_message.html?_=1652410508993&CODE_STATE=getMsg HTTP/1.1" 200 27
101.85.120.86 - - [13/May/2022:10:54:56 +0800] "GET /xingrg/all/function/internal_message.html?_=1652410491908&CODE_STATE=getMsg HTTP/1.1" 200 27
120.253.135.82 - - [13/May/2022:10:55:05 +0800] "GET /xingrg/all/function/internal_message.html?_=1652410617839&CODE_STATE=getMsg HTTP/1.1" 200 27
116.235.92.88 - - [13/May/2022:10:55:11 +0800] "GET /xingrg/all/function/internal_message.html?_=1652410678936&CODE_STATE=getMsg HTTP/1.1" 200 27
180.175.103.167 - - [13/May/2022:10:55:14 +0800] "GET /xingrg/all/function/internal_message.html?_=1652410512874&CODE_STATE=getMsg HTTP/1.1" 200 27
183.192.88.19 - - [13/May/2022:10:55:14 +0800] "GET /xingrg/all/function/internal_message.html?_=1652410512583&CODE_STATE=getMsg HTTP/1.1" 200 27
180.175.103.167 - - [13/May/2022:10:55:33 +0800] "GET /xingrg/all/function/internal_message.html?_=1652410460682&CODE_STATE=getMsg HTTP/1.1" 200 27
58.39.61.91 - - [13/May/2022:10:55:37 +0800] "GET /xingrg/all/function/internal_message.html?_=1652410534606&CODE_STATE=getMsg HTTP/1.1" 200 27
120.253.135.82 - - [13/May/2022:10:55:37 +0800] "GET /xingrg/all/function/internal_message.html?_=1652410343815&CODE_STATE=getMsg HTTP/1.1" 200 27
218.81.223.53 - - [13/May/2022:10:55:54 +0800] "GET /xingrg/all/function/internal_message.html?_=1652410569007&CODE_STATE=getMsg HTTP/1.1" 200 27
101.85.120.86 - - [13/May/2022:10:55:56 +0800] "GET /xingrg/check_reg.html?_=1652410551908 HTTP/1.1" 200 22
101.85.120.86 - - [13/May/2022:10:55:56 +0800] "GET /xingrg/all/function/internal_message.html?_=1652410551911&CODE_STATE=getMsg HTTP/1.1" 200 27
120.253.135.82 - - [13/May/2022:10:56:01 +0800] "GET /xingrg/check_reg.html?_=1652410674400 HTTP/1.1" 200 22
120.253.135.82 - - [13/May/2022:10:56:05 +0800] "GET /xingrg/all/function/internal_message.html?_=1652410677842&CODE_STATE=getMsg HTTP/1.1" 200 27
116.235.92.88 - - [13/May/2022:10:56:11 +0800] "GET /xingrg/all/function/internal_message.html?_=1652410738911&CODE_STATE=getMsg HTTP/1.1" 200 27
180.175.103.167 - - [13/May/2022:10:56:11 +0800] "GET /xingrg/check_reg.html?_=1652410499561 HTTP/1.1" 200 22
180.175.103.167 - - [13/May/2022:10:56:14 +0800] "GET /xingrg/all/function/internal_message.html?_=1652410572873&CODE_STATE=getMsg HTTP/1.1" 200 27
183.192.88.19 - - [13/May/2022:10:56:14 +0800] "GET /xingrg/all/function/internal_message.html?_=1652410572599&CODE_STATE=getMsg HTTP/1.1" 200 27
180.175.103.167 - - [13/May/2022:10:56:33 +0800] "GET /xingrg/all/function/internal_message.html?_=1652410520657&CODE_STATE=getMsg HTTP/1.1" 200 27
58.39.61.91 - - [13/May/2022:10:56:37 +0800] "GET /xingrg/all/function/internal_message.html?_=1652410594592&CODE_STATE=getMsg HTTP/1.1" 200 27
120.253.135.82 - - [13/May/2022:10:56:37 +0800] "GET /xingrg/all/function/internal_message.html?_=1652410403827&CODE_STATE=getMsg HTTP/1.1" 200 27
218.81.223.53 - - [13/May/2022:10:56:54 +0800] "GET /xingrg/all/function/internal_message.html?_=1652410629039&CODE_STATE=getMsg HTTP/1.1" 200 27
101.85.120.86 - - [13/May/2022:10:56:56 +0800] "GET /xingrg/all/function/internal_message.html?_=1652410611911&CODE_STATE=getMsg HTTP/1.1" 200 27
120.253.135.82 - - [13/May/2022:10:57:05 +0800] "GET /xingrg/all/function/internal_message.html?_=1652410737857&CODE_STATE=getMsg HTTP/1.1" 200 27
101.87.191.251 - - [13/May/2022:10:57:10 +0800] "GET /xingrg/check_reg.html?_=1652410629944 HTTP/1.1" 200 22
116.235.92.88 - - [13/May/2022:10:57:11 +0800] "GET /xingrg/all/function/internal_message.html?_=1652410798884&CODE_STATE=getMsg HTTP/1.1" 200 27
180.175.103.167 - - [13/May/2022:10:57:14 +0800] "GET /xingrg/all/function/internal_message.html?_=1652410632871&CODE_STATE=getMsg HTTP/1.1" 200 27
183.192.88.19 - - [13/May/2022:10:57:14 +0800] "GET /xingrg/all/function/internal_message.html?_=1652410632596&CODE_STATE=getMsg HTTP/1.1" 200 27
180.175.103.167 - - [13/May/2022:10:57:32 +0800] "GET /xingrg/all/function/internal_message.html?_=1652410580626&CODE_STATE=getMsg HTTP/1.1" 200 27
120.253.135.82 - - [13/May/2022:10:57:35 +0800] "GET /xingrg/check_reg.html?_=1652410462035 HTTP/1.1" 200 22
58.39.61.91 - - [13/May/2022:10:57:37 +0800] "GET /xingrg/all/function/internal_message.html?_=1652410654577&CODE_STATE=getMsg HTTP/1.1" 200 27
120.253.135.82 - - [13/May/2022:10:57:37 +0800] "GET /xingrg/all/function/internal_message.html?_=1652410463841&CODE_STATE=getMsg HTTP/1.1" 200 27
218.81.223.53 - - [13/May/2022:10:57:54 +0800] "GET /xingrg/all/function/internal_message.html?_=1652410689049&CODE_STATE=getMsg HTTP/1.1" 200 27
101.85.120.86 - - [13/May/2022:10:57:56 +0800] "GET /xingrg/all/function/internal_message.html?_=1652410671911&CODE_STATE=getMsg HTTP/1.1" 200 27
116.235.92.88 - - [13/May/2022:10:57:57 +0800] "GET /xingrg/check_reg.html?_=1652410845298 HTTP/1.1" 200 22
120.253.135.82 - - [13/May/2022:10:58:05 +0800] "GET /xingrg/all/function/internal_message.html?_=1652410797878&CODE_STATE=getMsg HTTP/1.1" 200 27
116.232.53.171 - - [13/May/2022:10:58:06 +0800] "POST /xingrg/services/DataTransmitService HTTP/1.1" 200 524
116.232.53.171 - - [13/May/2022:10:58:07 +0800] "POST /xingrg/services/DataTransmitService HTTP/1.1" 200 501
58.40.7.146 - - [13/May/2022:10:58:09 +0800] "POST /xingrg/services/DataTransmitService HTTP/1.1" 200 524
116.235.92.88 - - [13/May/2022:10:58:11 +0800] "GET /xingrg/all/function/internal_message.html?_=1652410858852&CODE_STATE=getMsg HTTP/1.1" 200 27
183.192.88.19 - - [13/May/2022:10:58:14 +0800] "GET /xingrg/all/function/internal_message.html?_=1652410692622&CODE_STATE=getMsg HTTP/1.1" 200 27
180.175.103.167 - - [13/May/2022:10:58:14 +0800] "GET /xingrg/all/function/internal_message.html?_=1652410692870&CODE_STATE=getMsg HTTP/1.1" 200 27
180.175.103.167 - - [13/May/2022:10:58:32 +0800] "GET /xingrg/all/function/internal_message.html?_=1652410640611&CODE_STATE=getMsg HTTP/1.1" 200 27
58.39.61.91 - - [13/May/2022:10:58:37 +0800] "GET /xingrg/all/function/internal_message.html?_=1652410714560&CODE_STATE=getMsg HTTP/1.1" 200 27
120.253.135.82 - - [13/May/2022:10:58:37 +0800] "GET /xingrg/all/function/internal_message.html?_=1652410523855&CODE_STATE=getMsg HTTP/1.1" 200 27
58.39.61.91 - - [13/May/2022:10:58:37 +0800] "GET /xingrg/check_reg.html?_=1652410715248 HTTP/1.1" 200 22
180.175.103.167 - - [13/May/2022:10:58:46 +0800] "POST /xingrg/services/DataTransmitService HTTP/1.1" 200 524
218.81.223.53 - - [13/May/2022:10:58:54 +0800] "GET /xingrg/all/function/internal_message.html?_=1652410749082&CODE_STATE=getMsg HTTP/1.1" 200 27
101.85.120.86 - - [13/May/2022:10:58:56 +0800] "GET /xingrg/all/function/internal_message.html?_=1652410731911&CODE_STATE=getMsg HTTP/1.1" 200 27
120.253.135.82 - - [13/May/2022:10:59:05 +0800] "GET /xingrg/all/function/internal_message.html?_=1652410857884&CODE_STATE=getMsg HTTP/1.1" 200 27
116.235.92.88 - - [13/May/2022:10:59:11 +0800] "GET /xingrg/all/function/internal_message.html?_=1652410918832&CODE_STATE=getMsg HTTP/1.1" 200 27
183.192.88.19 - - [13/May/2022:10:59:14 +0800] "GET /xingrg/check_reg.html?_=1652410752556 HTTP/1.1" 200 22
183.192.88.19 - - [13/May/2022:10:59:14 +0800] "GET /xingrg/all/function/internal_message.html?_=1652410752618&CODE_STATE=getMsg HTTP/1.1" 200 27
180.175.103.167 - - [13/May/2022:10:59:14 +0800] "GET /xingrg/all/function/internal_message.html?_=1652410752867&CODE_STATE=getMsg HTTP/1.1" 200 27
180.175.103.167 - - [13/May/2022:10:59:14 +0800] "GET /xingrg/check_reg.html?_=1652410752868 HTTP/1.1" 200 22
58.221.95.50 - - [13/May/2022:10:59:21 +0800] "GET /xingrg/check_reg.html?_=1652410759618 HTTP/1.1" 302 -
180.175.103.167 - - [13/May/2022:10:59:32 +0800] "GET /xingrg/all/function/internal_message.html?_=1652410700597&CODE_STATE=getMsg HTTP/1.1" 200 27
222.70.180.114 - - [13/May/2022:10:59:35 +0800] "GET /xingrg/check_reg.html?_=1652410771115 HTTP/1.1" 200 22
58.39.61.91 - - [13/May/2022:10:59:37 +0800] "GET /xingrg/all/function/internal_message.html?_=1652410774529&CODE_STATE=getMsg HTTP/1.1" 200 27
120.253.135.82 - - [13/May/2022:10:59:37 +0800] "GET /xingrg/all/function/internal_message.html?_=1652410583869&CODE_STATE=getMsg HTTP/1.1" 200 27
218.81.223.53 - - [13/May/2022:10:59:49 +0800] "GET /xingrg/check_reg.html?_=1652410804324 HTTP/1.1" 200 22
218.81.223.53 - - [13/May/2022:10:59:54 +0800] "GET /xingrg/all/function/internal_message.html?_=1652410809093&CODE_STATE=getMsg HTTP/1.1" 200 27
101.85.120.86 - - [13/May/2022:10:59:56 +0800] "GET /xingrg/all/function/internal_message.html?_=1652410791910&CODE_STATE=getMsg HTTP/1.1" 200 27
120.253.135.82 - - [13/May/2022:11:00:05 +0800] "GET /xingrg/all/function/internal_message.html?_=1652410917907&CODE_STATE=getMsg HTTP/1.1" 200 27
116.235.92.88 - - [13/May/2022:11:00:11 +0800] "GET /xingrg/all/function/internal_message.html?_=1652410978831&CODE_STATE=getMsg HTTP/1.1" 200 27
183.192.88.19 - - [13/May/2022:11:00:14 +0800] "GET /xingrg/all/function/internal_message.html?_=1652410812609&CODE_STATE=getMsg HTTP/1.1" 200 27
180.175.103.167 - - [13/May/2022:11:00:14 +0800] "GET /xingrg/all/function/internal_message.html?_=1652410812866&CODE_STATE=getMsg HTTP/1.1" 200 27
180.175.103.167 - - [13/May/2022:11:00:32 +0800] "GET /xingrg/all/function/internal_message.html?_=1652410760566&CODE_STATE=getMsg HTTP/1.1" 200 27
58.39.61.91 - - [13/May/2022:11:00:37 +0800] "GET /xingrg/all/function/internal_message.html?_=1652410834524&CODE_STATE=getMsg HTTP/1.1" 200 27
120.253.135.82 - - [13/May/2022:11:00:38 +0800] "GET /xingrg/all/function/internal_message.html?_=1652410644089&CODE_STATE=getMsg HTTP/1.1" 200 27
218.81.223.53 - - [13/May/2022:11:00:54 +0800] "GET /xingrg/all/function/internal_message.html?_=1652410869106&CODE_STATE=getMsg HTTP/1.1" 200 27
101.85.120.86 - - [13/May/2022:11:00:56 +0800] "GET /xingrg/check_reg.html?_=1652410851910 HTTP/1.1" 200 22
101.85.120.86 - - [13/May/2022:11:00:56 +0800] "GET /xingrg/all/function/internal_message.html?_=1652410851913&CODE_STATE=getMsg HTTP/1.1" 200 27
120.253.135.82 - - [13/May/2022:11:01:01 +0800] "GET /xingrg/check_reg.html?_=1652410974405 HTTP/1.1" 200 22
120.253.135.82 - - [13/May/2022:11:01:05 +0800] "GET /xingrg/all/function/internal_message.html?_=1652410977911&CODE_STATE=getMsg HTTP/1.1" 200 27
116.235.92.88 - - [13/May/2022:11:01:11 +0800] "GET /xingrg/all/function/internal_message.html?_=1652411038802&CODE_STATE=getMsg HTTP/1.1" 200 27
180.175.103.167 - - [13/May/2022:11:01:11 +0800] "GET /xingrg/check_reg.html?_=1652410799537 HTTP/1.1" 200 22
183.192.88.19 - - [13/May/2022:11:01:14 +0800] "GET /xingrg/all/function/internal_message.html?_=1652410872609&CODE_STATE=getMsg HTTP/1.1" 200 27
180.175.103.167 - - [13/May/2022:11:01:14 +0800] "GET /xingrg/all/function/internal_message.html?_=1652410872865&CODE_STATE=getMsg HTTP/1.1" 200 27
180.175.103.167 - - [13/May/2022:11:01:32 +0800] "GET /xingrg/all/function/internal_message.html?_=1652410820538&CODE_STATE=getMsg HTTP/1.1" 200 27
58.39.61.91 - - [13/May/2022:11:01:37 +0800] "GET /xingrg/all/function/internal_message.html?_=1652410894514&CODE_STATE=getMsg HTTP/1.1" 200 27
120.253.135.82 - - [13/May/2022:11:01:38 +0800] "GET /xingrg/all/function/internal_message.html?_=1652410704100&CODE_STATE=getMsg HTTP/1.1" 200 27
218.81.223.53 - - [13/May/2022:11:01:54 +0800] "GET /xingrg/all/function/internal_message.html?_=1652410929139&CODE_STATE=getMsg HTTP/1.1" 200 27
101.85.120.86 - - [13/May/2022:11:01:56 +0800] "GET /xingrg/all/function/internal_message.html?_=1652410911913&CODE_STATE=getMsg HTTP/1.1" 200 27
120.253.135.82 - - [13/May/2022:11:02:05 +0800] "GET /xingrg/all/function/internal_message.html?_=1652411037925&CODE_STATE=getMsg HTTP/1.1" 200 27
101.87.191.251 - - [13/May/2022:11:02:10 +0800] "GET /xingrg/check_reg.html?_=1652410929923 HTTP/1.1" 200 22
116.235.92.88 - - [13/May/2022:11:02:11 +0800] "GET /xingrg/all/function/internal_message.html?_=1652411098777&CODE_STATE=getMsg HTTP/1.1" 200 27
183.192.88.19 - - [13/May/2022:11:02:14 +0800] "GET /xingrg/all/function/internal_message.html?_=1652410932609&CODE_STATE=getMsg HTTP/1.1" 200 27
180.175.103.167 - - [13/May/2022:11:02:14 +0800] "GET /xingrg/all/function/internal_message.html?_=1652410932863&CODE_STATE=getMsg HTTP/1.1" 200 27
180.175.103.167 - - [13/May/2022:11:02:32 +0800] "GET /xingrg/all/function/internal_message.html?_=1652410880524&CODE_STATE=getMsg HTTP/1.1" 200 27
120.253.135.82 - - [13/May/2022:11:02:36 +0800] "GET /xingrg/check_reg.html?_=1652410762237 HTTP/1.1" 200 22
58.39.61.91 - - [13/May/2022:11:02:37 +0800] "GET /xingrg/all/function/internal_message.html?_=1652410954484&CODE_STATE=getMsg HTTP/1.1" 200 27
120.253.135.82 - - [13/May/2022:11:02:38 +0800] "GET /xingrg/all/function/internal_message.html?_=1652410764174&CODE_STATE=getMsg HTTP/1.1" 200 27
218.81.223.53 - - [13/May/2022:11:02:54 +0800] "GET /xingrg/all/function/internal_message.html?_=1652410989167&CODE_STATE=getMsg HTTP/1.1" 200 27
101.85.120.86 - - [13/May/2022:11:02:56 +0800] "GET /xingrg/all/function/internal_message.html?_=1652410971939&CODE_STATE=getMsg HTTP/1.1" 200 27
116.235.92.88 - - [13/May/2022:11:02:57 +0800] "GET /xingrg/check_reg.html?_=1652411145328 HTTP/1.1" 200 22
120.253.135.82 - - [13/May/2022:11:03:05 +0800] "GET /xingrg/all/function/internal_message.html?_=1652411097947&CODE_STATE=getMsg HTTP/1.1" 200 27
116.235.92.88 - - [13/May/2022:11:03:11 +0800] "GET /xingrg/all/function/internal_message.html?_=1652411158752&CODE_STATE=getMsg HTTP/1.1" 200 27
183.192.88.19 - - [13/May/2022:11:03:14 +0800] "GET /xingrg/all/function/internal_message.html?_=1652410992624&CODE_STATE=getMsg HTTP/1.1" 200 27
180.175.103.167 - - [13/May/2022:11:03:14 +0800] "GET /xingrg/all/function/internal_message.html?_=1652410992862&CODE_STATE=getMsg HTTP/1.1" 200 27
183.192.88.19 - - [13/May/2022:11:03:15 +0800] "GET /xingrg/kc/buy/buy_main.html HTTP/1.1" 200 12412
183.192.88.19 - - [13/May/2022:11:03:15 +0800] "GET /xingrg/css/new_ie.css HTTP/1.1" 404 1036
183.192.88.19 - - [13/May/2022:11:03:16 +0800] "GET /xingrg/images/blue/button/cgshd.gif HTTP/1.1" 200 2618
183.192.88.19 - - [13/May/2022:11:03:16 +0800] "GET /xingrg/images/blue/button/cgfkd.gif HTTP/1.1" 200 2075
183.192.88.19 - - [13/May/2022:11:03:16 +0800] "GET /xingrg/images/blue/button/ckthd.gif HTTP/1.1" 200 2045
183.192.88.19 - - [13/May/2022:11:03:18 +0800] "GET /xingrg/images/yd/bt.gif HTTP/1.1" 404 1040
183.192.88.19 - - [13/May/2022:11:03:19 +0800] "GET /xingrg/kc/buy/cgsh_order_list.html HTTP/1.1" 200 51909
183.192.88.19 - - [13/May/2022:11:03:19 +0800] "GET /xingrg/javascript/easyui/themes/icons/edit_add_new.png HTTP/1.1" 200 2997
183.192.88.19 - - [13/May/2022:11:03:19 +0800] "GET /xingrg/javascript/easyui/themes/icons/uncheck_new.png HTTP/1.1" 200 3197
183.192.88.19 - - [13/May/2022:11:03:19 +0800] "GET /xingrg/javascript/easyui/themes/icons/import_new.png HTTP/1.1" 200 1247
183.192.88.19 - - [13/May/2022:11:03:20 +0800] "POST /xingrg/kc/buy/cgsh_list_operate.html HTTP/1.1" 200 876
180.175.103.167 - - [13/May/2022:11:03:32 +0800] "GET /xingrg/all/function/internal_message.html?_=1652410940493&CODE_STATE=getMsg HTTP/1.1" 200 27
58.39.61.91 - - [13/May/2022:11:03:37 +0800] "GET /xingrg/all/function/internal_message.html?_=1652411014468&CODE_STATE=getMsg HTTP/1.1" 200 27
58.39.61.91 - - [13/May/2022:11:03:37 +0800] "GET /xingrg/check_reg.html?_=1652411015249 HTTP/1.1" 200 22
120.253.135.82 - - [13/May/2022:11:03:38 +0800] "GET /xingrg/all/function/internal_message.html?_=1652410824188&CODE_STATE=getMsg HTTP/1.1" 200 27
101.85.120.86 - - [13/May/2022:11:03:42 +0800] "GET /xingrg/login.html HTTP/1.1" 200 7641
101.85.120.86 - - [13/May/2022:11:03:42 +0800] "GET /favicon.ico HTTP/1.1" 404 -
101.85.120.86 - - [13/May/2022:11:03:52 +0800] "POST /xingrg/login.do HTTP/1.1" 302 -
101.85.120.86 - - [13/May/2022:11:03:52 +0800] "GET /xingrg/index.html?sysBaseUrl=http%3A%2F%2F180.169.147.146%3A18081%2Fxingrg%2F&costTime=40×tamp=1652411032819 HTTP/1.1" 200 17179
101.85.120.86 - - [13/May/2022:11:03:53 +0800] "GET /favicon.ico HTTP/1.1" 404 -
101.85.120.86 - - [13/May/2022:11:03:53 +0800] "POST /xingrg/all/common/load_tree.html?tree=area_rest_tree_json&manage=1 HTTP/1.1" 200 351
101.85.120.86 - - [13/May/2022:11:03:53 +0800] "GET /xingrg/all/function/internal_message.html?_=1652411028468&CODE_STATE=count HTTP/1.1" 200 11
101.85.120.86 - - [13/May/2022:11:03:53 +0800] "POST /xingrg/load_menu.html HTTP/1.1" 200 5138
101.85.120.86 - - [13/May/2022:11:03:53 +0800] "GET /xingrg/check_reg.html?_=1652411028469 HTTP/1.1" 200 22
218.81.223.53 - - [13/May/2022:11:03:54 +0800] "GET /xingrg/all/function/internal_message.html?_=1652411049178&CODE_STATE=getMsg HTTP/1.1" 200 27
183.192.88.19 - - [13/May/2022:11:03:55 +0800] "GET /xingrg/kc/buy/cgsh_order_add.html HTTP/1.1" 200 67433
183.192.88.19 - - [13/May/2022:11:03:56 +0800] "GET /xingrg/javascript/easyui/themes/icons/copy_new.png HTTP/1.1" 200 815
183.192.88.19 - - [13/May/2022:11:03:56 +0800] "GET /xingrg/javascript/easyui/themes/icons/template_new.png HTTP/1.1" 200 3956
183.192.88.19 - - [13/May/2022:11:03:56 +0800] "GET /xingrg/javascript/easyui/themes/icons/cancel.png HTTP/1.1" 200 1133
183.192.88.19 - - [13/May/2022:11:03:56 +0800] "POST /xingrg/kc/buy/cgsh_order_operate.html HTTP/1.1" 200 8245
183.192.88.19 - - [13/May/2022:11:03:56 +0800] "GET /xingrg/javascript/easyui/themes/icons/edit_remove.png HTTP/1.1" 200 625
183.192.88.19 - - [13/May/2022:11:03:57 +0800] "GET /xingrg/javascript/easyui/themes/default/validatebox.css HTTP/1.1" 404 1104
183.192.88.19 - - [13/May/2022:11:03:59 +0800] "GET /xingrg/javascript/auto/indicator.gif HTTP/1.1" 404 1066
120.253.135.82 - - [13/May/2022:11:04:05 +0800] "GET /xingrg/all/function/internal_message.html?_=1652411157951&CODE_STATE=getMsg HTTP/1.1" 200 27
101.85.120.86 - - [13/May/2022:11:04:06 +0800] "GET /xingrg/kc/base/wldb_order_list.html HTTP/1.1" 200 19107
101.85.120.86 - - [13/May/2022:11:04:07 +0800] "POST /xingrg/kc/base/wldb_list_operate.html HTTP/1.1" 200 1783
101.85.120.86 - - [13/May/2022:11:04:09 +0800] "POST /xingrg/kc/base/wldb_list_operate.html HTTP/1.1" 200 296
101.85.120.86 - - [13/May/2022:11:04:10 +0800] "GET /xingrg/kc/base/wldb_order_info.html?code=422022051300116 HTTP/1.1" 200 30335
101.85.120.86 - - [13/May/2022:11:04:10 +0800] "GET /xingrg/all/common/auto_word.html?type=base&rest_code=00142 HTTP/1.1" 200 719
101.85.120.86 - - [13/May/2022:11:04:10 +0800] "GET /xingrg/all/common/auto_word.html?type=base&rest_code=00142 HTTP/1.1" 200 719
101.85.120.86 - - [13/May/2022:11:04:11 +0800] "GET /xingrg/javascript/easyui/themes/default/validatebox.css HTTP/1.1" 404 1104
116.235.92.88 - - [13/May/2022:11:04:11 +0800] "GET /xingrg/all/function/internal_message.html?_=1652411218722&CODE_STATE=getMsg HTTP/1.1" 200 27
101.85.120.86 - - [13/May/2022:11:04:11 +0800] "POST /xingrg/kc/base/wldb_order_operate.html HTTP/1.1" 200 2692
183.192.88.19 - - [13/May/2022:11:04:14 +0800] "GET /xingrg/check_reg.html?_=1652411052575 HTTP/1.1" 200 22
183.192.88.19 - - [13/May/2022:11:04:14 +0800] "GET /xingrg/all/function/internal_message.html?_=1652411052637&CODE_STATE=getMsg HTTP/1.1" 200 27
180.175.103.167 - - [13/May/2022:11:04:14 +0800] "GET /xingrg/all/function/internal_message.html?_=1652411052906&CODE_STATE=getMsg HTTP/1.1" 200 27
180.175.103.167 - - [13/May/2022:11:04:14 +0800] "GET /xingrg/check_reg.html?_=1652411052907 HTTP/1.1" 200 22
58.221.95.50 - - [13/May/2022:11:04:21 +0800] "GET /xingrg/check_reg.html?_=1652411059635 HTTP/1.1" 302 -
101.85.120.86 - - [13/May/2022:11:04:26 +0800] "GET /xingrg/javascript/auto/indicator.gif HTTP/1.1" 404 1066
101.85.120.86 - - [13/May/2022:11:04:30 +0800] "GET /xingrg/kc/base/wldb_order_operate.html?command=get_materiel&rest_code=00142&base_code=0010185&code=00101033005 HTTP/1.1" 200 450
180.175.103.167 - - [13/May/2022:11:04:32 +0800] "GET /xingrg/all/function/internal_message.html?_=1652411000479&CODE_STATE=getMsg HTTP/1.1" 200 27
222.70.180.114 - - [13/May/2022:11:04:35 +0800] "GET /xingrg/check_reg.html?_=1652411071093 HTTP/1.1" 200 22
101.85.120.86 - - [13/May/2022:11:04:35 +0800] "POST /xingrg/all/common/load_select.html HTTP/1.1" 200 25
58.39.61.91 - - [13/May/2022:11:04:37 +0800] "GET /xingrg/all/function/internal_message.html?_=1652411074452&CODE_STATE=getMsg HTTP/1.1" 200 27
101.85.120.86 - - [13/May/2022:11:04:37 +0800] "GET /xingrg/kc/base/wldb_order_operate.html?command=get_materiel_price&rest_code=00142&base_code=0010185&code=00101033005&unit_code=00100410 HTTP/1.1" 200 33
120.253.135.82 - - [13/May/2022:11:04:38 +0800] "GET /xingrg/all/function/internal_message.html?_=1652410884203&CODE_STATE=getMsg HTTP/1.1" 200 27
101.85.120.86 - - [13/May/2022:11:04:46 +0800] "GET /xingrg/kc/base/wldb_order_operate.html?command=get_materiel&rest_code=00142&base_code=0010185&code=00101033003 HTTP/1.1" 200 450
218.81.223.53 - - [13/May/2022:11:04:49 +0800] "GET /xingrg/check_reg.html?_=1652411104342 HTTP/1.1" 200 22
101.85.120.86 - - [13/May/2022:11:04:53 +0800] "GET /xingrg/all/function/internal_message.html?_=1652411088486&CODE_STATE=getMsg HTTP/1.1" 200 27
218.81.223.53 - - [13/May/2022:11:04:54 +0800] "GET /xingrg/all/function/internal_message.html?_=1652411109191&CODE_STATE=getMsg HTTP/1.1" 200 27
120.253.135.82 - - [13/May/2022:11:05:05 +0800] "GET /xingrg/all/function/internal_message.html?_=1652411217974&CODE_STATE=getMsg HTTP/1.1" 200 27
116.235.92.88 - - [13/May/2022:11:05:11 +0800] "GET /xingrg/all/function/internal_message.html?_=1652411278694&CODE_STATE=getMsg HTTP/1.1" 200 27
183.192.88.19 - - [13/May/2022:11:05:14 +0800] "GET /xingrg/all/function/internal_message.html?_=1652411112654&CODE_STATE=getMsg HTTP/1.1" 200 27
180.175.103.167 - - [13/May/2022:11:05:14 +0800] "GET /xingrg/all/function/internal_message.html?_=1652411112890&CODE_STATE=getMsg HTTP/1.1" 200 27
183.192.88.19 - - [13/May/2022:11:05:22 +0800] "POST /xingrg/all/common/load_combo.html?type=employee HTTP/1.1" 200 186
183.192.88.19 - - [13/May/2022:11:05:26 +0800] "POST /xingrg/all/common/load_combo.html?type=employee HTTP/1.1" 200 186
101.85.120.86 - - [13/May/2022:11:05:27 +0800] "GET /xingrg/kc/base/wldb_order_operate.html?command=get_materiel&rest_code=00142&base_code=0010185&code=00101010849 HTTP/1.1" 200 454
180.175.103.167 - - [13/May/2022:11:05:32 +0800] "GET /xingrg/all/function/internal_message.html?_=1652411060465&CODE_STATE=getMsg HTTP/1.1" 200 27
58.39.61.91 - - [13/May/2022:11:05:37 +0800] "GET /xingrg/all/function/internal_message.html?_=1652411134435&CODE_STATE=getMsg HTTP/1.1" 200 27
120.253.135.82 - - [13/May/2022:11:05:38 +0800] "GET /xingrg/all/function/internal_message.html?_=1652410944424&CODE_STATE=getMsg HTTP/1.1" 200 27
101.85.120.86 - - [13/May/2022:11:05:47 +0800] "GET /xingrg/kc/base/wldb_order_operate.html?command=get_materiel&rest_code=00142&base_code=0010185&code=00101010842 HTTP/1.1" 200 439
101.85.120.86 - - [13/May/2022:11:05:53 +0800] "GET /xingrg/all/function/internal_message.html?_=1652411148482&CODE_STATE=getMsg HTTP/1.1" 200 27
101.85.120.86 - - [13/May/2022:11:05:53 +0800] "POST /xingrg/all/common/load_select.html HTTP/1.1" 200 25
218.81.223.53 - - [13/May/2022:11:05:54 +0800] "GET /xingrg/all/function/internal_message.html?_=1652411169206&CODE_STATE=getMsg HTTP/1.1" 200 27
101.85.120.86 - - [13/May/2022:11:05:55 +0800] "GET /xingrg/kc/base/wldb_order_operate.html?command=get_materiel_price&rest_code=00142&base_code=0010185&code=00101010842&unit_code=00100050 HTTP/1.1" 200 34
120.253.135.82 - - [13/May/2022:11:06:01 +0800] "GET /xingrg/check_reg.html?_=1652411274408 HTTP/1.1" 200 22
120.253.135.82 - - [13/May/2022:11:06:05 +0800] "GET /xingrg/all/function/internal_message.html?_=1652411277979&CODE_STATE=getMsg HTTP/1.1" 200 27
101.85.120.86 - - [13/May/2022:11:06:05 +0800] "POST /xingrg/kc/base/wldb_order_operate.html HTTP/1.1" 200 37
101.85.120.86 - - [13/May/2022:11:06:06 +0800] "POST /xingrg/kc/base/wldb_order_operate.html HTTP/1.1" 200 4662
101.85.120.86 - - [13/May/2022:11:06:06 +0800] "GET /xingrg/kc/base/wldb_order_info.html?code=422022051300116 HTTP/1.1" 200 30335
101.85.120.86 - - [13/May/2022:11:06:06 +0800] "GET /xingrg/words/20220512193534_words.js HTTP/1.1" 304 -
101.85.120.86 - - [13/May/2022:11:06:07 +0800] "GET /xingrg/javascript/easyui/themes/default/validatebox.css HTTP/1.1" 404 1104
101.85.120.86 - - [13/May/2022:11:06:07 +0800] "POST /xingrg/kc/base/wldb_order_operate.html HTTP/1.1" 200 4662
116.235.92.88 - - [13/May/2022:11:06:11 +0800] "GET /xingrg/all/function/internal_message.html?_=1652411338662&CODE_STATE=getMsg HTTP/1.1" 200 27
180.175.103.167 - - [13/May/2022:11:06:11 +0800] "GET /xingrg/check_reg.html?_=1652411099514 HTTP/1.1" 200 22
183.192.88.19 - - [13/May/2022:11:06:14 +0800] "GET /xingrg/all/function/internal_message.html?_=1652411172642&CODE_STATE=getMsg HTTP/1.1" 200 27
180.175.103.167 - - [13/May/2022:11:06:14 +0800] "GET /xingrg/all/function/internal_message.html?_=1652411172888&CODE_STATE=getMsg HTTP/1.1" 200 27
180.175.103.167 - - [13/May/2022:11:06:32 +0800] "GET /xingrg/all/function/internal_message.html?_=1652411120436&CODE_STATE=getMsg HTTP/1.1" 200 27
58.39.61.91 - - [13/May/2022:11:06:37 +0800] "GET /xingrg/all/function/internal_message.html?_=1652411194419&CODE_STATE=getMsg HTTP/1.1" 200 27
120.253.135.82 - - [13/May/2022:11:06:38 +0800] "GET /xingrg/all/function/internal_message.html?_=1652411004433&CODE_STATE=getMsg HTTP/1.1" 200 27
183.192.88.19 - - [13/May/2022:11:06:39 +0800] "GET /xingrg/kc/buy/cgsh_order_operate.html?command=get_materiel&rest_code=00147&code=00101001016&supplier_code=00100530&order_time=2022-05-10 HTTP/1.1" 200 413
101.85.120.86 - - [13/May/2022:11:06:47 +0800] "POST /xingrg/kc/base/wldb_order_operate.html HTTP/1.1" 200 37
101.85.120.86 - - [13/May/2022:11:06:47 +0800] "POST /xingrg/kc/base/wldb_order_operate.html HTTP/1.1" 200 4662
101.85.120.86 - - [13/May/2022:11:06:48 +0800] "GET /xingrg/kc/base/wldb_order_info.html?code=422022051300116 HTTP/1.1" 200 30335
101.85.120.86 - - [13/May/2022:11:06:48 +0800] "GET /xingrg/javascript/easyui/themes/default/validatebox.css HTTP/1.1" 404 1104
101.85.120.86 - - [13/May/2022:11:06:48 +0800] "POST /xingrg/kc/base/wldb_order_operate.html HTTP/1.1" 200 4662
101.85.120.86 - - [13/May/2022:11:06:53 +0800] "GET /xingrg/all/function/internal_message.html?_=1652411208474&CODE_STATE=getMsg HTTP/1.1" 200 27
218.81.223.53 - - [13/May/2022:11:06:54 +0800] "GET /xingrg/all/function/internal_message.html?_=1652411229236&CODE_STATE=getMsg HTTP/1.1" 200 27
120.253.135.82 - - [13/May/2022:11:07:05 +0800] "GET /xingrg/all/function/internal_message.html?_=1652411337993&CODE_STATE=getMsg HTTP/1.1" 200 27
101.87.191.251 - - [13/May/2022:11:07:10 +0800] "GET /xingrg/check_reg.html?_=1652411229949 HTTP/1.1" 200 22
116.235.92.88 - - [13/May/2022:11:07:11 +0800] "GET /xingrg/all/function/internal_message.html?_=1652411398630&CODE_STATE=getMsg HTTP/1.1" 200 27
180.175.103.167 - - [13/May/2022:11:07:14 +0800] "GET /xingrg/all/function/internal_message.html?_=1652411232887&CODE_STATE=getMsg HTTP/1.1" 200 27
180.175.103.167 - - [13/May/2022:11:07:32 +0800] "GET /xingrg/all/function/internal_message.html?_=1652411180422&CODE_STATE=getMsg HTTP/1.1" 200 27
183.192.88.19 - - [13/May/2022:11:07:33 +0800] "GET /xingrg/all/function/internal_message.html?_=1652411232650&CODE_STATE=getMsg HTTP/1.1" 200 27
120.253.135.82 - - [13/May/2022:11:07:36 +0800] "GET /xingrg/check_reg.html?_=1652411062419 HTTP/1.1" 200 22
58.39.61.91 - - [13/May/2022:11:07:37 +0800] "GET /xingrg/all/function/internal_message.html?_=1652411254419&CODE_STATE=getMsg HTTP/1.1" 200 27
120.253.135.82 - - [13/May/2022:11:07:38 +0800] "GET /xingrg/all/function/internal_message.html?_=1652411064445&CODE_STATE=getMsg HTTP/1.1" 200 27
101.85.120.86 - - [13/May/2022:11:07:53 +0800] "GET /xingrg/all/function/internal_message.html?_=1652411268471&CODE_STATE=getMsg HTTP/1.1" 200 27
218.81.223.53 - - [13/May/2022:11:07:54 +0800] "GET /xingrg/all/function/internal_message.html?_=1652411289248&CODE_STATE=getMsg HTTP/1.1" 200 27
101.85.120.86 - - [13/May/2022:11:07:56 +0800] "POST /xingrg/kc/base/wldb_order_operate.html HTTP/1.1" 200 37
116.235.92.88 - - [13/May/2022:11:07:57 +0800] "GET /xingrg/check_reg.html?_=1652411445335 HTTP/1.1" 200 22
101.85.120.86 - - [13/May/2022:11:07:58 +0800] "POST /xingrg/kc/base/wldb_order_operate.html HTTP/1.1" 200 12
101.85.120.86 - - [13/May/2022:11:07:58 +0800] "POST /xingrg/kc/base/wldb_order_operate.html HTTP/1.1" 200 4660
101.85.120.86 - - [13/May/2022:11:07:59 +0800] "GET /xingrg/kc/base/wldb_order_info.html?code=422022051300116 HTTP/1.1" 200 26201
101.85.120.86 - - [13/May/2022:11:07:59 +0800] "GET /xingrg/javascript/easyui/themes/default/validatebox.css HTTP/1.1" 404 1104
101.85.120.86 - - [13/May/2022:11:07:59 +0800] "POST /xingrg/kc/base/wldb_order_operate.html HTTP/1.1" 200 2902
101.85.120.86 - - [13/May/2022:11:08:03 +0800] "POST /xingrg/kc/base/wldb_list_operate.html HTTP/1.1" 200 928
120.253.135.82 - - [13/May/2022:11:08:05 +0800] "GET /xingrg/all/function/internal_message.html?_=1652411398015&CODE_STATE=getMsg HTTP/1.1" 200 27
101.85.120.86 - - [13/May/2022:11:08:06 +0800] "POST /xingrg/kc/base/wldb_list_operate.html HTTP/1.1" 200 6258
116.235.92.88 - - [13/May/2022:11:08:11 +0800] "GET /xingrg/all/function/internal_message.html?_=1652411458602&CODE_STATE=getMsg HTTP/1.1" 200 27
101.85.120.86 - - [13/May/2022:11:08:14 +0800] "POST /xingrg/kc/base/wldb_list_operate.html HTTP/1.1" 200 629
180.175.103.167 - - [13/May/2022:11:08:14 +0800] "GET /xingrg/all/function/internal_message.html?_=1652411292888&CODE_STATE=getMsg HTTP/1.1" 200 27
101.85.120.86 - - [13/May/2022:11:08:15 +0800] "GET /xingrg/kc/base/wldb_order_info.html?code=422022051300116 HTTP/1.1" 200 26201
101.85.120.86 - - [13/May/2022:11:08:15 +0800] "GET /xingrg/javascript/easyui/themes/default/validatebox.css HTTP/1.1" 404 1104
101.85.120.86 - - [13/May/2022:11:08:15 +0800] "POST /xingrg/kc/base/wldb_order_operate.html HTTP/1.1" 200 2902
180.175.103.167 - - [13/May/2022:11:08:28 +0800] "GET /xingrg/kc/base/base_main.html HTTP/1.1" 200 12142
180.175.103.167 - - [13/May/2022:11:08:30 +0800] "GET /xingrg/kc/base/wldb_order_list.html HTTP/1.1" 200 19101
180.175.103.167 - - [13/May/2022:11:08:30 +0800] "POST /xingrg/kc/base/wldb_list_operate.html HTTP/1.1" 200 928
180.175.103.167 - - [13/May/2022:11:08:32 +0800] "GET /xingrg/all/function/internal_message.html?_=1652411240417&CODE_STATE=getMsg HTTP/1.1" 200 27
180.175.103.167 - - [13/May/2022:11:08:33 +0800] "GET /xingrg/kc/base/wldb_order_add.html HTTP/1.1" 200 30315
180.175.103.167 - - [13/May/2022:11:08:33 +0800] "GET /xingrg/words/20220512193534_words.js HTTP/1.1" 304 -
180.175.103.167 - - [13/May/2022:11:08:34 +0800] "POST /xingrg/kc/base/wldb_order_operate.html HTTP/1.1" 200 6806
180.175.103.167 - - [13/May/2022:11:08:34 +0800] "GET /xingrg/all/common/auto_word.html?type=base&rest_code=00105 HTTP/1.1" 200 1907
180.175.103.167 - - [13/May/2022:11:08:34 +0800] "GET /xingrg/all/common/auto_word.html?type=base&rest_code=00105 HTTP/1.1" 200 1907
180.175.103.167 - - [13/May/2022:11:08:34 +0800] "GET /xingrg/javascript/easyui/themes/default/validatebox.css HTTP/1.1" 404 1104
58.39.61.91 - - [13/May/2022:11:08:37 +0800] "GET /xingrg/all/function/internal_message.html?_=1652411314405&CODE_STATE=getMsg HTTP/1.1" 200 27
58.39.61.91 - - [13/May/2022:11:08:37 +0800] "GET /xingrg/check_reg.html?_=1652411315279 HTTP/1.1" 200 22
120.253.135.82 - - [13/May/2022:11:08:38 +0800] "GET /xingrg/all/function/internal_message.html?_=1652411124461&CODE_STATE=getMsg HTTP/1.1" 200 27
180.175.103.167 - - [13/May/2022:11:08:44 +0800] "GET /xingrg/javascript/auto/indicator.gif HTTP/1.1" 404 1066
101.85.120.86 - - [13/May/2022:11:08:53 +0800] "GET /xingrg/all/function/internal_message.html?_=1652411328486&CODE_STATE=getMsg HTTP/1.1" 200 27
101.85.120.86 - - [13/May/2022:11:08:53 +0800] "GET /xingrg/check_reg.html?_=1652411328488 HTTP/1.1" 200 22
218.81.223.53 - - [13/May/2022:11:08:54 +0800] "GET /xingrg/all/function/internal_message.html?_=1652411349282&CODE_STATE=getMsg HTTP/1.1" 200 27
120.253.135.82 - - [13/May/2022:11:09:05 +0800] "GET /xingrg/all/function/internal_message.html?_=1652411458020&CODE_STATE=getMsg HTTP/1.1" 200 27
116.235.92.88 - - [13/May/2022:11:09:11 +0800] "GET /xingrg/all/function/internal_message.html?_=1652411518573&CODE_STATE=getMsg HTTP/1.1" 200 27
180.175.103.167 - - [13/May/2022:11:09:11 +0800] "GET /xingrg/kc/base/wldb_order_operate.html?command=get_materiel&rest_code=00105&base_code=0010507&code=00101019142 HTTP/1.1" 200 464
180.175.103.167 - - [13/May/2022:11:09:14 +0800] "GET /xingrg/all/function/internal_message.html?_=1652411352901&CODE_STATE=getMsg HTTP/1.1" 200 27
180.175.103.167 - - [13/May/2022:11:09:14 +0800] "GET /xingrg/check_reg.html?_=1652411352903 HTTP/1.1" 200 22
58.221.95.50 - - [13/May/2022:11:09:21 +0800] "GET /xingrg/check_reg.html?_=1652411359620 HTTP/1.1" 302 -
180.175.103.167 - - [13/May/2022:11:09:24 +0800] "GET /xingrg/kc/base/wldb_order_operate.html?command=get_materiel&rest_code=00105&base_code=0010507&code=00101019015 HTTP/1.1" 200 451
180.175.103.167 - - [13/May/2022:11:09:32 +0800] "GET /xingrg/all/function/internal_message.html?_=1652411300390&CODE_STATE=getMsg HTTP/1.1" 200 27
222.70.180.114 - - [13/May/2022:11:09:35 +0800] "GET /xingrg/check_reg.html?_=1652411371070 HTTP/1.1" 200 22
58.39.61.91 - - [13/May/2022:11:09:37 +0800] "GET /xingrg/all/function/internal_message.html?_=1652411374391&CODE_STATE=getMsg HTTP/1.1" 200 27
120.253.135.82 - - [13/May/2022:11:09:38 +0800] "GET /xingrg/all/function/internal_message.html?_=1652411184472&CODE_STATE=getMsg HTTP/1.1" 200 27
180.175.103.167 - - [13/May/2022:11:09:38 +0800] "GET /xingrg/kc/base/wldb_order_operate.html?command=get_materiel&rest_code=00105&base_code=0010507&code=00101019391 HTTP/1.1" 200 486
114.88.128.128 - - [13/May/2022:11:09:45 +0800] "GET /favicon.ico HTTP/1.1" 404 -
218.81.223.53 - - [13/May/2022:11:09:49 +0800] "GET /xingrg/check_reg.html?_=1652411404348 HTTP/1.1" 200 22
101.85.120.86 - - [13/May/2022:11:09:53 +0800] "GET /xingrg/all/function/internal_message.html?_=1652411388480&CODE_STATE=getMsg HTTP/1.1" 200 27
218.81.223.53 - - [13/May/2022:11:09:54 +0800] "GET /xingrg/all/function/internal_message.html?_=1652411409291&CODE_STATE=getMsg HTTP/1.1" 200 27
180.175.103.167 - - [13/May/2022:11:09:55 +0800] "GET /xingrg/kc/base/wldb_order_operate.html?command=get_materiel&rest_code=00105&base_code=0010507&code=00101019056 HTTP/1.1" 200 477
183.192.88.19 - - [13/May/2022:11:09:55 +0800] "GET /xingrg/all/function/internal_message.html?_=1652411393150&CODE_STATE=getMsg HTTP/1.1" 200 27
183.192.88.19 - - [13/May/2022:11:09:55 +0800] "GET /xingrg/check_reg.html?_=1652411393181 HTTP/1.1" 200 22
120.253.135.82 - - [13/May/2022:11:10:05 +0800] "GET /xingrg/all/function/internal_message.html?_=1652411518042&CODE_STATE=getMsg HTTP/1.1" 200 27
180.175.103.167 - - [13/May/2022:11:10:07 +0800] "GET /xingrg/kc/base/wldb_order_operate.html?command=get_materiel&rest_code=00105&base_code=0010507&code=00101019110 HTTP/1.1" 200 477
116.235.92.88 - - [13/May/2022:11:10:11 +0800] "GET /xingrg/all/function/internal_message.html?_=1652411578549&CODE_STATE=getMsg HTTP/1.1" 200 27
180.175.103.167 - - [13/May/2022:11:10:14 +0800] "GET /xingrg/all/function/internal_message.html?_=1652411412901&CODE_STATE=getMsg HTTP/1.1" 200 27
180.175.103.167 - - [13/May/2022:11:10:24 +0800] "GET /xingrg/kc/base/wldb_order_operate.html?command=get_materiel&rest_code=00105&base_code=0010507&code=00101019125 HTTP/1.1" 200 482
180.175.103.167 - - [13/May/2022:11:10:31 +0800] "POST /xingrg/kc/base/wldb_order_operate.html HTTP/1.1" 200 37
180.175.103.167 - - [13/May/2022:11:10:31 +0800] "POST /xingrg/kc/base/wldb_order_operate.html HTTP/1.1" 200 4735
180.175.103.167 - - [13/May/2022:11:10:32 +0800] "GET /xingrg/kc/base/wldb_order_info.html?code=422022051300117 HTTP/1.1" 200 30332
180.175.103.167 - - [13/May/2022:11:10:32 +0800] "GET /xingrg/javascript/easyui/themes/default/validatebox.css HTTP/1.1" 404 1104
180.175.103.167 - - [13/May/2022:11:10:32 +0800] "GET /xingrg/all/function/internal_message.html?_=1652411360370&CODE_STATE=getMsg HTTP/1.1" 200 27
180.175.103.167 - - [13/May/2022:11:10:33 +0800] "POST /xingrg/kc/base/wldb_order_operate.html HTTP/1.1" 200 4735
