120.253.135.82 - - [11/May/2022:10:35:30 +0800] "GET /xingrg/kc/guide/show_order.html?code=212022021604346&type=21 HTTP/1.1" 302 -
120.253.135.82 - - [11/May/2022:10:35:30 +0800] "GET /xingrg/kc/buy/cgsh_order_info.html?code=212022021604346&sysBaseUrl=http%3A%2F%2F180.169.147.146%3A18081%2Fxingrg%2F&costTime=1×tamp=1652236530672 HTTP/1.1" 200 61250
120.253.135.82 - - [11/May/2022:10:35:31 +0800] "GET /favicon.ico HTTP/1.1" 404 -
120.253.135.82 - - [11/May/2022:10:35:31 +0800] "GET /xingrg/javascript/easyui/themes/default/validatebox.css HTTP/1.1" 404 1104
120.253.135.82 - - [11/May/2022:10:35:31 +0800] "GET /xingrg/javascript/jquery_easy_ui/themes/default/images/tabs_active.png HTTP/1.1" 304 -
116.235.92.88 - - [11/May/2022:10:35:31 +0800] "GET /xingrg/all/function/internal_message.html?_=1652236701466&CODE_STATE=getMsg HTTP/1.1" 200 27
120.253.135.82 - - [11/May/2022:10:35:32 +0800] "POST /xingrg/kc/buy/cgsh_order_operate.html HTTP/1.1" 200 8671
58.39.61.91 - - [11/May/2022:10:35:33 +0800] "GET /xingrg/all/function/internal_message.html?_=1652236491464&CODE_STATE=getMsg HTTP/1.1" 200 27
120.253.135.82 - - [11/May/2022:10:35:47 +0800] "GET /xingrg/kc/pszx/mdps_order_list.html?orderType=0 HTTP/1.1" 200 20966
120.253.135.82 - - [11/May/2022:10:35:47 +0800] "POST /xingrg/kc/pszx/mdps_list_operate.html HTTP/1.1" 200 5199
58.39.61.91 - - [11/May/2022:10:35:50 +0800] "GET /xingrg/all/function/internal_message.html?_=1652236548647&CODE_STATE=getMsg HTTP/1.1" 200 27
120.253.135.82 - - [11/May/2022:10:36:03 +0800] "POST /xingrg/kc/pszx/mdps_list_operate.html HTTP/1.1" 200 2068
120.253.135.82 - - [11/May/2022:10:36:05 +0800] "POST /xingrg/kc/pszx/mdps_list_operate.html HTTP/1.1" 200 595
120.253.135.82 - - [11/May/2022:10:36:06 +0800] "POST /xingrg/kc/pszx/mdps_list_operate.html HTTP/1.1" 200 621
120.253.135.82 - - [11/May/2022:10:36:07 +0800] "GET /xingrg/kc/pszx/mdps_order_info.html?code=312022051100261 HTTP/1.1" 200 23978
120.253.135.82 - - [11/May/2022:10:36:07 +0800] "GET /xingrg/javascript/easyui/themes/default/validatebox.css HTTP/1.1" 404 1104
120.253.135.82 - - [11/May/2022:10:36:07 +0800] "POST /xingrg/kc/pszx/mdps_order_operate.html HTTP/1.1" 200 9931
120.253.135.82 - - [11/May/2022:10:36:08 +0800] "GET /xingrg/all/function/internal_message.html?_=1652236376679&CODE_STATE=getMsg HTTP/1.1" 200 27
180.175.103.167 - - [11/May/2022:10:36:20 +0800] "GET /xingrg/all/function/internal_message.html?_=1652236579438&CODE_STATE=getMsg HTTP/1.1" 200 27
114.83.222.235 - - [11/May/2022:10:36:22 +0800] "GET /xingrg/check_reg.html?_=1652236579211 HTTP/1.1" 200 22
114.83.222.235 - - [11/May/2022:10:36:22 +0800] "GET /xingrg/all/function/internal_message.html?_=1652236579216&CODE_STATE=getMsg HTTP/1.1" 200 27
58.221.95.50 - - [11/May/2022:10:36:27 +0800] "GET /xingrg/check_reg.html?_=1652236587567 HTTP/1.1" 302 -
120.253.135.82 - - [11/May/2022:10:36:31 +0800] "POST /xingrg/kc/pszx/mdps_order_operate.html HTTP/1.1" 200 37
116.235.92.88 - - [11/May/2022:10:36:31 +0800] "GET /xingrg/all/function/internal_message.html?_=1652236761471&CODE_STATE=getMsg HTTP/1.1" 200 27
120.253.135.82 - - [11/May/2022:10:36:32 +0800] "GET /xingrg/kc/pszx/mdps_order_info.html?code=312022051100261 HTTP/1.1" 200 23978
58.39.61.91 - - [11/May/2022:10:36:33 +0800] "GET /xingrg/all/function/internal_message.html?_=1652236551478&CODE_STATE=getMsg HTTP/1.1" 200 27
120.253.135.82 - - [11/May/2022:10:36:33 +0800] "GET /xingrg/javascript/easyui/themes/default/validatebox.css HTTP/1.1" 404 1104
120.253.135.82 - - [11/May/2022:10:36:33 +0800] "POST /xingrg/kc/pszx/mdps_order_operate.html HTTP/1.1" 200 9932
120.253.135.82 - - [11/May/2022:10:36:43 +0800] "POST /xingrg/kc/pszx/mdps_order_operate.html HTTP/1.1" 200 37
120.253.135.82 - - [11/May/2022:10:36:44 +0800] "GET /xingrg/kc/pszx/mdps_order_info.html?code=312022051100261 HTTP/1.1" 200 23978
120.253.135.82 - - [11/May/2022:10:36:45 +0800] "GET /xingrg/javascript/easyui/themes/default/validatebox.css HTTP/1.1" 404 1104
120.253.135.82 - - [11/May/2022:10:36:45 +0800] "POST /xingrg/kc/pszx/mdps_order_operate.html HTTP/1.1" 200 9932
58.39.61.91 - - [11/May/2022:10:36:50 +0800] "GET /xingrg/all/function/internal_message.html?_=1652236608646&CODE_STATE=getMsg HTTP/1.1" 200 27
58.39.61.91 - - [11/May/2022:10:36:50 +0800] "GET /xingrg/check_reg.html?_=1652236608647 HTTP/1.1" 200 22
116.235.92.88 - - [11/May/2022:10:36:53 +0800] "GET /xingrg/check_reg.html?_=1652236783124 HTTP/1.1" 200 22
114.83.222.235 - - [11/May/2022:10:37:01 +0800] "GET /xingrg/kc/buy/cgsh_order_add.html HTTP/1.1" 200 67372
114.83.222.235 - - [11/May/2022:10:37:02 +0800] "POST /xingrg/kc/buy/cgsh_order_operate.html HTTP/1.1" 200 8245
114.83.222.235 - - [11/May/2022:10:37:02 +0800] "GET /xingrg/javascript/easyui/themes/default/validatebox.css HTTP/1.1" 404 1104
120.253.135.82 - - [11/May/2022:10:37:08 +0800] "GET /xingrg/all/function/internal_message.html?_=1652236436692&CODE_STATE=getMsg HTTP/1.1" 200 27
120.253.135.82 - - [11/May/2022:10:37:08 +0800] "GET /xingrg/kc/report/report_main.html HTTP/1.1" 200 8599
120.253.135.82 - - [11/May/2022:10:37:08 +0800] "POST /xingrg/kc/pszx/mdps_list_operate.html HTTP/1.1" 200 2068
120.253.135.82 - - [11/May/2022:10:37:12 +0800] "GET /xingrg/kc/pszx/mdqp_order_list.html?state=10 HTTP/1.1" 200 10217
120.253.135.82 - - [11/May/2022:10:37:12 +0800] "GET /xingrg/dwr/interface/AjaxReportQueryService.js HTTP/1.1" 200 13203
120.253.135.82 - - [11/May/2022:10:37:12 +0800] "GET /xingrg/dwr/interface/AjaxQqpsService.js HTTP/1.1" 200 16326
120.253.135.82 - - [11/May/2022:10:37:12 +0800] "GET /xingrg/dwr/engine.js HTTP/1.1" 200 43631
114.83.222.235 - - [11/May/2022:10:37:16 +0800] "GET /xingrg/kc/buy/cgsh_order_operate.html?command=get_materiel&rest_code=00149&code=00101004065&supplier_code=00100086&order_time=2022-05-11 HTTP/1.1" 200 430
180.175.103.167 - - [11/May/2022:10:37:20 +0800] "GET /xingrg/all/function/internal_message.html?_=1652236639439&CODE_STATE=getMsg HTTP/1.1" 200 27
114.83.222.235 - - [11/May/2022:10:37:22 +0800] "GET /xingrg/all/function/internal_message.html?_=1652236639334&CODE_STATE=getMsg HTTP/1.1" 200 27
114.83.222.235 - - [11/May/2022:10:37:26 +0800] "GET /xingrg/kc/buy/cgsh_order_operate.html?command=get_materiel&rest_code=00149&code=00101004011&supplier_code=00100086&order_time=2022-05-11 HTTP/1.1" 200 432
116.235.92.88 - - [11/May/2022:10:37:31 +0800] "GET /xingrg/all/function/internal_message.html?_=1652236821451&CODE_STATE=getMsg HTTP/1.1" 200 27
58.39.61.91 - - [11/May/2022:10:37:33 +0800] "GET /xingrg/all/function/internal_message.html?_=1652236611494&CODE_STATE=getMsg HTTP/1.1" 200 27
58.39.61.91 - - [11/May/2022:10:37:50 +0800] "GET /xingrg/all/function/internal_message.html?_=1652236668644&CODE_STATE=getMsg HTTP/1.1" 200 27
114.83.222.235 - - [11/May/2022:10:37:51 +0800] "POST /xingrg/kc/buy/cgsh_order_operate.html HTTP/1.1" 200 37
114.83.222.235 - - [11/May/2022:10:37:54 +0800] "POST /xingrg/kc/buy/cgsh_order_operate.html HTTP/1.1" 200 12
114.83.222.235 - - [11/May/2022:10:37:56 +0800] "GET /xingrg/kc/buy/cgsh_order_info.html?code=212022051100642 HTTP/1.1" 200 62279
114.83.222.235 - - [11/May/2022:10:37:56 +0800] "GET /xingrg/javascript/easyui/themes/default/validatebox.css HTTP/1.1" 404 1104
114.83.222.235 - - [11/May/2022:10:37:57 +0800] "POST /xingrg/kc/buy/cgsh_order_operate.html HTTP/1.1" 200 1217
114.83.222.235 - - [11/May/2022:10:37:58 +0800] "GET /xingrg/kc/print/load_data.html?order_code=212022051100642&kc_code=cgsh&condition= HTTP/1.1" 200 1021
120.253.135.82 - - [11/May/2022:10:38:08 +0800] "GET /xingrg/all/function/internal_message.html?_=1652236497087&CODE_STATE=getMsg HTTP/1.1" 200 27
120.253.135.82 - - [11/May/2022:10:38:15 +0800] "GET /xingrg/check_reg.html?_=1652236503681 HTTP/1.1" 200 22
116.230.110.173 - - [11/May/2022:10:38:19 +0800] "POST /xingrg/services/DataTransmitService HTTP/1.1" 200 524
180.175.103.167 - - [11/May/2022:10:38:20 +0800] "GET /xingrg/all/function/internal_message.html?_=1652236699439&CODE_STATE=getMsg HTTP/1.1" 200 27
114.83.222.235 - - [11/May/2022:10:38:22 +0800] "GET /xingrg/all/function/internal_message.html?_=1652236699312&CODE_STATE=getMsg HTTP/1.1" 200 27
116.235.92.88 - - [11/May/2022:10:38:31 +0800] "GET /xingrg/all/function/internal_message.html?_=1652236881428&CODE_STATE=getMsg HTTP/1.1" 200 27
58.39.61.91 - - [11/May/2022:10:38:33 +0800] "GET /xingrg/all/function/internal_message.html?_=1652236671505&CODE_STATE=getMsg HTTP/1.1" 200 27
58.39.61.91 - - [11/May/2022:10:38:50 +0800] "GET /xingrg/all/function/internal_message.html?_=1652236728642&CODE_STATE=getMsg HTTP/1.1" 200 27
120.253.135.82 - - [11/May/2022:10:39:08 +0800] "GET /xingrg/all/function/internal_message.html?_=1652236557094&CODE_STATE=getMsg HTTP/1.1" 200 27
180.175.103.167 - - [11/May/2022:10:39:20 +0800] "GET /xingrg/all/function/internal_message.html?_=1652236759440&CODE_STATE=getMsg HTTP/1.1" 200 27
114.83.222.235 - - [11/May/2022:10:39:22 +0800] "GET /xingrg/all/function/internal_message.html?_=1652236759290&CODE_STATE=getMsg HTTP/1.1" 200 27
58.39.61.91 - - [11/May/2022:10:39:31 +0800] "GET /xingrg/check_reg.html?_=1652236730028 HTTP/1.1" 200 22
116.235.92.88 - - [11/May/2022:10:39:31 +0800] "GET /xingrg/all/function/internal_message.html?_=1652236941407&CODE_STATE=getMsg HTTP/1.1" 200 27
58.39.61.91 - - [11/May/2022:10:39:33 +0800] "GET /xingrg/all/function/internal_message.html?_=1652236731519&CODE_STATE=getMsg HTTP/1.1" 200 27
222.70.180.114 - - [11/May/2022:10:39:41 +0800] "GET /xingrg/check_reg.html?_=1652236779921 HTTP/1.1" 200 22
58.39.61.91 - - [11/May/2022:10:39:50 +0800] "GET /xingrg/all/function/internal_message.html?_=1652236788641&CODE_STATE=getMsg HTTP/1.1" 200 27
120.253.135.82 - - [11/May/2022:10:39:57 +0800] "GET /xingrg/kc/pszx/mdqp_order_list.html?state=10 HTTP/1.1" 200 10217
120.253.135.82 - - [11/May/2022:10:39:57 +0800] "GET /xingrg/dwr/interface/AjaxQqpsService.js HTTP/1.1" 200 16326
120.253.135.82 - - [11/May/2022:10:39:57 +0800] "GET /xingrg/dwr/interface/AjaxReportQueryService.js HTTP/1.1" 200 13203
120.253.135.82 - - [11/May/2022:10:39:57 +0800] "GET /xingrg/dwr/engine.js HTTP/1.1" 200 43631
120.253.135.82 - - [11/May/2022:10:40:00 +0800] "GET /xingrg/kc/pszx/mdqp_order_list.html?state=10 HTTP/1.1" 200 10217
120.253.135.82 - - [11/May/2022:10:40:00 +0800] "GET /xingrg/dwr/interface/AjaxReportQueryService.js HTTP/1.1" 200 13203
120.253.135.82 - - [11/May/2022:10:40:00 +0800] "GET /xingrg/dwr/interface/AjaxQqpsService.js HTTP/1.1" 200 16326
120.253.135.82 - - [11/May/2022:10:40:00 +0800] "GET /xingrg/dwr/engine.js HTTP/1.1" 200 43631
120.253.135.82 - - [11/May/2022:10:40:08 +0800] "GET /xingrg/all/function/internal_message.html?_=1652236617107&CODE_STATE=getMsg HTTP/1.1" 200 27
120.253.135.82 - - [11/May/2022:10:40:09 +0800] "GET /xingrg/kc/pszx/mdth_order_list.html HTTP/1.1" 200 18390
120.253.135.82 - - [11/May/2022:10:40:10 +0800] "POST /xingrg/kc/pszx/mdth_order_new_list.html HTTP/1.1" 200 4800
120.253.135.82 - - [11/May/2022:10:40:16 +0800] "GET /xingrg/kc/pszx/mdqp_order_list.html?state=10 HTTP/1.1" 200 10217
120.253.135.82 - - [11/May/2022:10:40:16 +0800] "GET /xingrg/dwr/interface/AjaxQqpsService.js HTTP/1.1" 200 16326
120.253.135.82 - - [11/May/2022:10:40:16 +0800] "GET /xingrg/dwr/interface/AjaxReportQueryService.js HTTP/1.1" 200 13203
120.253.135.82 - - [11/May/2022:10:40:16 +0800] "GET /xingrg/dwr/engine.js HTTP/1.1" 200 43631
180.175.103.167 - - [11/May/2022:10:40:20 +0800] "GET /xingrg/check_reg.html?_=1652236819441 HTTP/1.1" 200 22
180.175.103.167 - - [11/May/2022:10:40:21 +0800] "GET /xingrg/all/function/internal_message.html?_=1652236819443&CODE_STATE=getMsg HTTP/1.1" 200 27
114.83.222.235 - - [11/May/2022:10:40:22 +0800] "GET /xingrg/all/function/internal_message.html?_=1652236819272&CODE_STATE=getMsg HTTP/1.1" 200 27
116.235.92.88 - - [11/May/2022:10:40:31 +0800] "GET /xingrg/all/function/internal_message.html?_=1652237001382&CODE_STATE=getMsg HTTP/1.1" 200 27
58.39.61.91 - - [11/May/2022:10:40:33 +0800] "GET /xingrg/all/function/internal_message.html?_=1652236791531&CODE_STATE=getMsg HTTP/1.1" 200 27
114.83.222.235 - - [11/May/2022:10:40:40 +0800] "GET /xingrg/kc/buy/cgsh_order_add.html HTTP/1.1" 200 67372
114.83.222.235 - - [11/May/2022:10:40:40 +0800] "POST /xingrg/kc/buy/cgsh_order_operate.html HTTP/1.1" 200 8245
114.83.222.235 - - [11/May/2022:10:40:41 +0800] "GET /xingrg/javascript/easyui/themes/default/validatebox.css HTTP/1.1" 404 1104
58.39.61.91 - - [11/May/2022:10:40:50 +0800] "GET /xingrg/all/function/internal_message.html?_=1652236848654&CODE_STATE=getMsg HTTP/1.1" 200 27
114.83.222.235 - - [11/May/2022:10:40:55 +0800] "POST /xingrg/kc/buy/cgsh_list_operate.html HTTP/1.1" 200 2106
114.83.222.235 - - [11/May/2022:10:40:55 +0800] "POST /xingrg/kc/buy/cgsh_list_operate.html HTTP/1.1" 200 2106
114.83.222.235 - - [11/May/2022:10:41:07 +0800] "POST /xingrg/kc/buy/cgsh_list_operate.html HTTP/1.1" 200 876
120.253.135.82 - - [11/May/2022:10:41:08 +0800] "GET /xingrg/all/function/internal_message.html?_=1652236677121&CODE_STATE=getMsg HTTP/1.1" 200 27
114.83.222.235 - - [11/May/2022:10:41:15 +0800] "POST /xingrg/kc/buy/cgsh_list_operate.html HTTP/1.1" 200 5452
180.175.103.167 - - [11/May/2022:10:41:20 +0800] "GET /xingrg/all/function/internal_message.html?_=1652236879443&CODE_STATE=getMsg HTTP/1.1" 200 27
114.83.222.235 - - [11/May/2022:10:41:22 +0800] "GET /xingrg/check_reg.html?_=1652236879237 HTTP/1.1" 200 22
114.83.222.235 - - [11/May/2022:10:41:22 +0800] "GET /xingrg/all/function/internal_message.html?_=1652236879257&CODE_STATE=getMsg HTTP/1.1" 200 27
58.221.95.50 - - [11/May/2022:10:41:27 +0800] "GET /xingrg/check_reg.html?_=1652236887540 HTTP/1.1" 302 -
116.235.92.88 - - [11/May/2022:10:41:31 +0800] "GET /xingrg/all/function/internal_message.html?_=1652237061352&CODE_STATE=getMsg HTTP/1.1" 200 27
58.39.61.91 - - [11/May/2022:10:41:33 +0800] "GET /xingrg/all/function/internal_message.html?_=1652236851545&CODE_STATE=getMsg HTTP/1.1" 200 27
114.83.222.235 - - [11/May/2022:10:41:44 +0800] "POST /xingrg/kc/buy/cgsh_list_operate.html HTTP/1.1" 200 3485
114.83.222.235 - - [11/May/2022:10:41:46 +0800] "POST /xingrg/kc/buy/cgsh_list_operate.html HTTP/1.1" 200 580
114.83.222.235 - - [11/May/2022:10:41:49 +0800] "GET /xingrg/kc/buy/cgsh_order_info.html?code=212022042200103 HTTP/1.1" 200 62279
114.83.222.235 - - [11/May/2022:10:41:49 +0800] "GET /xingrg/javascript/easyui/themes/default/validatebox.css HTTP/1.1" 404 1104
58.39.61.91 - - [11/May/2022:10:41:50 +0800] "GET /xingrg/check_reg.html?_=1652236908670 HTTP/1.1" 200 22
58.39.61.91 - - [11/May/2022:10:41:50 +0800] "GET /xingrg/all/function/internal_message.html?_=1652236908668&CODE_STATE=getMsg HTTP/1.1" 200 27
114.83.222.235 - - [11/May/2022:10:41:50 +0800] "POST /xingrg/kc/buy/cgsh_order_operate.html HTTP/1.1" 200 3614
116.235.92.88 - - [11/May/2022:10:41:53 +0800] "GET /xingrg/check_reg.html?_=1652237083116 HTTP/1.1" 200 22
120.253.135.82 - - [11/May/2022:10:42:09 +0800] "GET /xingrg/all/function/internal_message.html?_=1652236737337&CODE_STATE=getMsg HTTP/1.1" 200 27
180.175.103.167 - - [11/May/2022:10:42:20 +0800] "GET /xingrg/all/function/internal_message.html?_=1652236939443&CODE_STATE=getMsg HTTP/1.1" 200 27
114.83.222.235 - - [11/May/2022:10:42:22 +0800] "GET /xingrg/all/function/internal_message.html?_=1652236939245&CODE_STATE=getMsg HTTP/1.1" 200 27
120.253.135.82 - - [11/May/2022:10:42:28 +0800] "GET /xingrg/kc/pszx/mdqp_order_list.html?state=10 HTTP/1.1" 200 10217
120.253.135.82 - - [11/May/2022:10:42:28 +0800] "GET /xingrg/dwr/interface/AjaxQqpsService.js HTTP/1.1" 200 16326
120.253.135.82 - - [11/May/2022:10:42:28 +0800] "GET /xingrg/dwr/interface/AjaxReportQueryService.js HTTP/1.1" 200 13203
120.253.135.82 - - [11/May/2022:10:42:28 +0800] "GET /xingrg/dwr/engine.js HTTP/1.1" 200 43631
180.175.103.167 - - [11/May/2022:10:42:29 +0800] "POST /xingrg/services/DataTransmitService HTTP/1.1" 200 524
116.235.92.88 - - [11/May/2022:10:42:31 +0800] "GET /xingrg/all/function/internal_message.html?_=1652237121327&CODE_STATE=getMsg HTTP/1.1" 200 27
120.253.135.82 - - [11/May/2022:10:42:32 +0800] "GET /xingrg/kc/pszx/mdqp_order_list.html?state=10 HTTP/1.1" 200 10217
120.253.135.82 - - [11/May/2022:10:42:32 +0800] "GET /xingrg/dwr/interface/AjaxQqpsService.js HTTP/1.1" 200 16326
120.253.135.82 - - [11/May/2022:10:42:32 +0800] "GET /xingrg/dwr/interface/AjaxReportQueryService.js HTTP/1.1" 200 13203
120.253.135.82 - - [11/May/2022:10:42:32 +0800] "GET /xingrg/dwr/engine.js HTTP/1.1" 200 43631
58.39.61.91 - - [11/May/2022:10:42:33 +0800] "GET /xingrg/all/function/internal_message.html?_=1652236911563&CODE_STATE=getMsg HTTP/1.1" 200 27
120.253.135.82 - - [11/May/2022:10:42:37 +0800] "GET /xingrg/kc/pszx/mdqp_order_list.html?state=10 HTTP/1.1" 200 10217
120.253.135.82 - - [11/May/2022:10:42:37 +0800] "GET /xingrg/dwr/interface/AjaxQqpsService.js HTTP/1.1" 200 16326
120.253.135.82 - - [11/May/2022:10:42:37 +0800] "GET /xingrg/dwr/interface/AjaxReportQueryService.js HTTP/1.1" 200 13203
120.253.135.82 - - [11/May/2022:10:42:37 +0800] "GET /xingrg/dwr/engine.js HTTP/1.1" 200 43631
114.83.222.235 - - [11/May/2022:10:42:37 +0800] "GET /xingrg/kc/mdqp/pssh_order_list.html HTTP/1.1" 200 17862
114.83.222.235 - - [11/May/2022:10:42:38 +0800] "POST /xingrg/kc/mdqp/pssh_list_operate.html HTTP/1.1" 200 5370
114.83.222.235 - - [11/May/2022:10:42:39 +0800] "POST /xingrg/kc/mdqp/pssh_list_operate.html HTTP/1.1" 200 258
114.83.222.235 - - [11/May/2022:10:42:39 +0800] "GET /xingrg/kc/mdqp/pssh_order_info.html?code=312022051100259 HTTP/1.1" 200 17272
114.83.222.235 - - [11/May/2022:10:42:39 +0800] "GET /xingrg/javascript/jquery_tools/jquery-1.4.2.min.js HTTP/1.1" 404 1094
114.83.222.235 - - [11/May/2022:10:42:39 +0800] "POST /xingrg/kc/mdqp/pssh_order_operate.html HTTP/1.1" 200 532
114.83.222.235 - - [11/May/2022:10:42:40 +0800] "GET /xingrg/all/common/auto_word.html?type=base&rest_code=00149&rest_code=00149 HTTP/1.1" 200 1907
114.83.222.235 - - [11/May/2022:10:42:40 +0800] "GET /xingrg/javascript/easyui/themes/default/validatebox.css HTTP/1.1" 404 1104
114.83.222.235 - - [11/May/2022:10:42:42 +0800] "GET /xingrg/kc/mdqp/pssh_order_list.html?isBack=1 HTTP/1.1" 200 17862
114.83.222.235 - - [11/May/2022:10:42:43 +0800] "POST /xingrg/kc/mdqp/pssh_list_operate.html HTTP/1.1" 200 5370
114.83.222.235 - - [11/May/2022:10:42:44 +0800] "POST /xingrg/kc/mdqp/pssh_list_operate.html HTTP/1.1" 200 367
114.83.222.235 - - [11/May/2022:10:42:45 +0800] "GET /xingrg/kc/mdqp/pssh_order_info.html?code=312022051000251 HTTP/1.1" 200 17303
114.83.222.235 - - [11/May/2022:10:42:45 +0800] "GET /xingrg/javascript/jquery_tools/jquery-1.4.2.min.js HTTP/1.1" 404 1094
114.83.222.235 - - [11/May/2022:10:42:46 +0800] "POST /xingrg/kc/mdqp/pssh_order_operate.html HTTP/1.1" 200 1050
114.83.222.235 - - [11/May/2022:10:42:46 +0800] "GET /xingrg/javascript/easyui/themes/default/validatebox.css HTTP/1.1" 404 1104
114.83.222.235 - - [11/May/2022:10:42:48 +0800] "POST /xingrg/all/common/load_combo.html?type=base&rest_code=00149 HTTP/1.1" 200 3409
58.39.61.91 - - [11/May/2022:10:42:50 +0800] "GET /xingrg/all/function/internal_message.html?_=1652236968668&CODE_STATE=getMsg HTTP/1.1" 200 27
114.83.222.235 - - [11/May/2022:10:42:54 +0800] "POST /xingrg/all/common/load_combo.html?type=employee HTTP/1.1" 200 359
114.83.222.235 - - [11/May/2022:10:42:58 +0800] "POST /xingrg/kc/mdqp/pssh_order_operate.html HTTP/1.1" 200 37
114.83.222.235 - - [11/May/2022:10:42:58 +0800] "POST /xingrg/kc/mdqp/pssh_order_operate.html HTTP/1.1" 200 12
114.83.222.235 - - [11/May/2022:10:43:01 +0800] "GET /xingrg/kc/mdqp/pssh_order_info.html?code=312022051000251 HTTP/1.1" 200 14392
114.83.222.235 - - [11/May/2022:10:43:01 +0800] "GET /xingrg/javascript/jquery_tools/jquery-1.4.2.min.js HTTP/1.1" 404 1094
114.83.222.235 - - [11/May/2022:10:43:01 +0800] "POST /xingrg/kc/mdqp/pssh_order_operate.html HTTP/1.1" 200 1050
114.83.222.235 - - [11/May/2022:10:43:01 +0800] "GET /xingrg/javascript/easyui/themes/default/validatebox.css HTTP/1.1" 404 1104
114.83.222.235 - - [11/May/2022:10:43:02 +0800] "GET /xingrg/kc/mdqp/pssh_order_list.html?isBack=1 HTTP/1.1" 200 17862
114.83.222.235 - - [11/May/2022:10:43:03 +0800] "POST /xingrg/kc/mdqp/pssh_list_operate.html HTTP/1.1" 200 5395
114.83.222.235 - - [11/May/2022:10:43:07 +0800] "POST /xingrg/kc/mdqp/pssh_list_operate.html HTTP/1.1" 200 265
114.83.222.235 - - [11/May/2022:10:43:07 +0800] "POST /xingrg/kc/mdqp/pssh_list_operate.html HTTP/1.1" 200 814
114.83.222.235 - - [11/May/2022:10:43:07 +0800] "GET /xingrg/kc/mdqp/pssh_order_info.html?code=312022051000248 HTTP/1.1" 200 17272
114.83.222.235 - - [11/May/2022:10:43:07 +0800] "GET /xingrg/javascript/jquery_tools/jquery-1.4.2.min.js HTTP/1.1" 404 1094
114.83.222.235 - - [11/May/2022:10:43:07 +0800] "POST /xingrg/kc/mdqp/pssh_order_operate.html HTTP/1.1" 200 536
114.83.222.235 - - [11/May/2022:10:43:07 +0800] "GET /xingrg/javascript/easyui/themes/default/validatebox.css HTTP/1.1" 404 1104
120.253.135.82 - - [11/May/2022:10:43:09 +0800] "GET /xingrg/all/function/internal_message.html?_=1652236797532&CODE_STATE=getMsg HTTP/1.1" 200 27
114.83.222.235 - - [11/May/2022:10:43:09 +0800] "POST /xingrg/all/common/load_combo.html?type=base&rest_code=00149 HTTP/1.1" 200 3409
114.83.222.235 - - [11/May/2022:10:43:14 +0800] "POST /xingrg/all/common/load_combo.html?type=employee HTTP/1.1" 200 359
120.253.135.82 - - [11/May/2022:10:43:15 +0800] "GET /xingrg/check_reg.html?_=1652236803684 HTTP/1.1" 200 22
180.175.103.167 - - [11/May/2022:10:43:20 +0800] "GET /xingrg/all/function/internal_message.html?_=1652236999444&CODE_STATE=getMsg HTTP/1.1" 200 27
114.83.222.235 - - [11/May/2022:10:43:22 +0800] "POST /xingrg/kc/mdqp/pssh_order_operate.html HTTP/1.1" 200 37
114.83.222.235 - - [11/May/2022:10:43:22 +0800] "GET /xingrg/all/function/internal_message.html?_=1652236999239&CODE_STATE=getMsg HTTP/1.1" 200 27
114.83.222.235 - - [11/May/2022:10:43:23 +0800] "POST /xingrg/kc/mdqp/pssh_order_operate.html HTTP/1.1" 200 12
120.253.135.82 - - [11/May/2022:10:43:23 +0800] "GET /xingrg/kc/pszx/mdqp_order_list.html?state=10 HTTP/1.1" 200 10217
120.253.135.82 - - [11/May/2022:10:43:23 +0800] "GET /xingrg/dwr/interface/AjaxQqpsService.js HTTP/1.1" 200 16326
120.253.135.82 - - [11/May/2022:10:43:23 +0800] "GET /xingrg/dwr/interface/AjaxReportQueryService.js HTTP/1.1" 200 13203
120.253.135.82 - - [11/May/2022:10:43:23 +0800] "GET /xingrg/dwr/engine.js HTTP/1.1" 200 43631
114.83.222.235 - - [11/May/2022:10:43:27 +0800] "GET /xingrg/kc/mdqp/pssh_order_info.html?code=312022051000248 HTTP/1.1" 200 14392
114.83.222.235 - - [11/May/2022:10:43:27 +0800] "GET /xingrg/javascript/jquery_tools/jquery-1.4.2.min.js HTTP/1.1" 404 1094
114.83.222.235 - - [11/May/2022:10:43:27 +0800] "POST /xingrg/kc/mdqp/pssh_order_operate.html HTTP/1.1" 200 536
114.83.222.235 - - [11/May/2022:10:43:27 +0800] "GET /xingrg/javascript/easyui/themes/default/validatebox.css HTTP/1.1" 404 1104
114.83.222.235 - - [11/May/2022:10:43:29 +0800] "GET /xingrg/kc/mdqp/pssh_order_list.html?isBack=1 HTTP/1.1" 200 17862
114.83.222.235 - - [11/May/2022:10:43:30 +0800] "POST /xingrg/kc/mdqp/pssh_list_operate.html HTTP/1.1" 200 5432
116.235.92.88 - - [11/May/2022:10:43:31 +0800] "GET /xingrg/all/function/internal_message.html?_=1652237181301&CODE_STATE=getMsg HTTP/1.1" 200 27
58.39.61.91 - - [11/May/2022:10:43:33 +0800] "GET /xingrg/all/function/internal_message.html?_=1652236971573&CODE_STATE=getMsg HTTP/1.1" 200 27
58.39.61.91 - - [11/May/2022:10:43:50 +0800] "GET /xingrg/all/function/internal_message.html?_=1652237028674&CODE_STATE=getMsg HTTP/1.1" 200 27
120.253.135.82 - - [11/May/2022:10:43:57 +0800] "GET /xingrg/kc/pszx/mdqp_order_list.html?state=10 HTTP/1.1" 200 10217
120.253.135.82 - - [11/May/2022:10:43:57 +0800] "GET /xingrg/dwr/interface/AjaxReportQueryService.js HTTP/1.1" 200 13203
120.253.135.82 - - [11/May/2022:10:43:57 +0800] "GET /xingrg/dwr/interface/AjaxQqpsService.js HTTP/1.1" 200 16326
120.253.135.82 - - [11/May/2022:10:43:57 +0800] "GET /xingrg/dwr/engine.js HTTP/1.1" 200 43631
120.253.135.82 - - [11/May/2022:10:44:09 +0800] "GET /xingrg/all/function/internal_message.html?_=1652236857536&CODE_STATE=getMsg HTTP/1.1" 200 27
114.83.222.235 - - [11/May/2022:10:44:20 +0800] "POST /xingrg/kc/mdqp/pssh_list_operate.html HTTP/1.1" 200 814
114.83.222.235 - - [11/May/2022:10:44:20 +0800] "GET /xingrg/kc/base/wldb_order_list.html HTTP/1.1" 200 19107
114.83.222.235 - - [11/May/2022:10:44:20 +0800] "POST /xingrg/kc/base/wldb_list_operate.html HTTP/1.1" 200 928
180.175.103.167 - - [11/May/2022:10:44:20 +0800] "GET /xingrg/all/function/internal_message.html?_=1652237059444&CODE_STATE=getMsg HTTP/1.1" 200 27
114.83.222.235 - - [11/May/2022:10:44:22 +0800] "GET /xingrg/all/function/internal_message.html?_=1652237059250&CODE_STATE=getMsg HTTP/1.1" 200 27
116.235.92.88 - - [11/May/2022:10:44:31 +0800] "GET /xingrg/all/function/internal_message.html?_=1652237241273&CODE_STATE=getMsg HTTP/1.1" 200 27
58.39.61.91 - - [11/May/2022:10:44:31 +0800] "GET /xingrg/check_reg.html?_=1652237030030 HTTP/1.1" 200 22
58.39.61.91 - - [11/May/2022:10:44:33 +0800] "GET /xingrg/all/function/internal_message.html?_=1652237031586&CODE_STATE=getMsg HTTP/1.1" 200 27
222.70.180.114 - - [11/May/2022:10:44:41 +0800] "GET /xingrg/check_reg.html?_=1652237079901 HTTP/1.1" 200 22
58.39.61.91 - - [11/May/2022:10:44:50 +0800] "GET /xingrg/all/function/internal_message.html?_=1652237088672&CODE_STATE=getMsg HTTP/1.1" 200 27
120.253.135.82 - - [11/May/2022:10:45:09 +0800] "GET /xingrg/all/function/internal_message.html?_=1652236917549&CODE_STATE=getMsg HTTP/1.1" 200 27
180.175.103.167 - - [11/May/2022:10:45:20 +0800] "GET /xingrg/check_reg.html?_=1652237119444 HTTP/1.1" 200 22
180.175.103.167 - - [11/May/2022:10:45:21 +0800] "GET /xingrg/all/function/internal_message.html?_=1652237119447&CODE_STATE=getMsg HTTP/1.1" 200 27
114.83.222.235 - - [11/May/2022:10:45:22 +0800] "GET /xingrg/all/function/internal_message.html?_=1652237119248&CODE_STATE=getMsg HTTP/1.1" 200 27
116.235.92.88 - - [11/May/2022:10:45:31 +0800] "GET /xingrg/all/function/internal_message.html?_=1652237301254&CODE_STATE=getMsg HTTP/1.1" 200 27
58.39.61.91 - - [11/May/2022:10:45:33 +0800] "GET /xingrg/all/function/internal_message.html?_=1652237091599&CODE_STATE=getMsg HTTP/1.1" 200 27
58.39.61.91 - - [11/May/2022:10:45:50 +0800] "GET /xingrg/all/function/internal_message.html?_=1652237148671&CODE_STATE=getMsg HTTP/1.1" 200 27
120.253.135.82 - - [11/May/2022:10:46:09 +0800] "GET /xingrg/all/function/internal_message.html?_=1652236977774&CODE_STATE=getMsg HTTP/1.1" 200 27
180.175.103.167 - - [11/May/2022:10:46:20 +0800] "GET /xingrg/all/function/internal_message.html?_=1652237179474&CODE_STATE=getMsg HTTP/1.1" 200 27
114.83.222.235 - - [11/May/2022:10:46:22 +0800] "GET /xingrg/all/function/internal_message.html?_=1652237179251&CODE_STATE=getMsg HTTP/1.1" 200 27
114.83.222.235 - - [11/May/2022:10:46:22 +0800] "GET /xingrg/check_reg.html?_=1652237179254 HTTP/1.1" 200 22
58.221.95.50 - - [11/May/2022:10:46:27 +0800] "GET /xingrg/check_reg.html?_=1652237187569 HTTP/1.1" 302 -
116.235.92.88 - - [11/May/2022:10:46:31 +0800] "GET /xingrg/all/function/internal_message.html?_=1652237361232&CODE_STATE=getMsg HTTP/1.1" 200 27
58.39.61.91 - - [11/May/2022:10:46:33 +0800] "GET /xingrg/all/function/internal_message.html?_=1652237151615&CODE_STATE=getMsg HTTP/1.1" 200 27
58.39.61.91 - - [11/May/2022:10:46:50 +0800] "GET /xingrg/all/function/internal_message.html?_=1652237208679&CODE_STATE=getMsg HTTP/1.1" 200 27
58.39.61.91 - - [11/May/2022:10:46:50 +0800] "GET /xingrg/check_reg.html?_=1652237208680 HTTP/1.1" 200 22
116.235.92.88 - - [11/May/2022:10:46:53 +0800] "GET /xingrg/check_reg.html?_=1652237383119 HTTP/1.1" 200 22
120.253.135.82 - - [11/May/2022:10:47:09 +0800] "GET /xingrg/all/function/internal_message.html?_=1652237037780&CODE_STATE=getMsg HTTP/1.1" 200 27
180.175.103.167 - - [11/May/2022:10:47:20 +0800] "GET /xingrg/all/function/internal_message.html?_=1652237239474&CODE_STATE=getMsg HTTP/1.1" 200 27
114.83.222.235 - - [11/May/2022:10:47:22 +0800] "GET /xingrg/all/function/internal_message.html?_=1652237239253&CODE_STATE=getMsg HTTP/1.1" 200 27
116.235.92.88 - - [11/May/2022:10:47:31 +0800] "GET /xingrg/all/function/internal_message.html?_=1652237421208&CODE_STATE=getMsg HTTP/1.1" 200 27
58.39.61.91 - - [11/May/2022:10:47:33 +0800] "GET /xingrg/all/function/internal_message.html?_=1652237211631&CODE_STATE=getMsg HTTP/1.1" 200 27
58.39.61.91 - - [11/May/2022:10:47:50 +0800] "GET /xingrg/all/function/internal_message.html?_=1652237268678&CODE_STATE=getMsg HTTP/1.1" 200 27
120.253.135.82 - - [11/May/2022:10:48:09 +0800] "GET /xingrg/all/function/internal_message.html?_=1652237097990&CODE_STATE=getMsg HTTP/1.1" 200 27
120.253.135.82 - - [11/May/2022:10:48:15 +0800] "GET /xingrg/check_reg.html?_=1652237103689 HTTP/1.1" 200 22
180.175.103.167 - - [11/May/2022:10:48:20 +0800] "GET /xingrg/all/function/internal_message.html?_=1652237299474&CODE_STATE=getMsg HTTP/1.1" 200 27
114.83.222.235 - - [11/May/2022:10:48:22 +0800] "GET /xingrg/all/function/internal_message.html?_=1652237299251&CODE_STATE=getMsg HTTP/1.1" 200 27
116.235.92.88 - - [11/May/2022:10:48:31 +0800] "GET /xingrg/all/function/internal_message.html?_=1652237481186&CODE_STATE=getMsg HTTP/1.1" 200 27
58.39.61.91 - - [11/May/2022:10:48:33 +0800] "GET /xingrg/all/function/internal_message.html?_=1652237271641&CODE_STATE=getMsg HTTP/1.1" 200 27
58.39.61.91 - - [11/May/2022:10:48:50 +0800] "GET /xingrg/all/function/internal_message.html?_=1652237328682&CODE_STATE=getMsg HTTP/1.1" 200 27
120.253.135.82 - - [11/May/2022:10:49:09 +0800] "GET /xingrg/all/function/internal_message.html?_=1652237157994&CODE_STATE=getMsg HTTP/1.1" 200 27
180.175.103.167 - - [11/May/2022:10:49:20 +0800] "GET /xingrg/all/function/internal_message.html?_=1652237359474&CODE_STATE=getMsg HTTP/1.1" 200 27
114.83.222.235 - - [11/May/2022:10:49:22 +0800] "GET /xingrg/all/function/internal_message.html?_=1652237359260&CODE_STATE=getMsg HTTP/1.1" 200 27
116.235.92.88 - - [11/May/2022:10:49:31 +0800] "GET /xingrg/all/function/internal_message.html?_=1652237541166&CODE_STATE=getMsg HTTP/1.1" 200 27
58.39.61.91 - - [11/May/2022:10:49:31 +0800] "GET /xingrg/check_reg.html?_=1652237330036 HTTP/1.1" 200 22
58.39.61.91 - - [11/May/2022:10:49:33 +0800] "GET /xingrg/all/function/internal_message.html?_=1652237331654&CODE_STATE=getMsg HTTP/1.1" 200 27
222.70.180.114 - - [11/May/2022:10:49:41 +0800] "GET /xingrg/check_reg.html?_=1652237379877 HTTP/1.1" 200 22
58.39.61.91 - - [11/May/2022:10:49:50 +0800] "GET /xingrg/all/function/internal_message.html?_=1652237388682&CODE_STATE=getMsg HTTP/1.1" 200 27
120.253.135.82 - - [11/May/2022:10:50:09 +0800] "GET /xingrg/all/function/internal_message.html?_=1652237218007&CODE_STATE=getMsg HTTP/1.1" 200 27
180.175.103.167 - - [11/May/2022:10:50:20 +0800] "GET /xingrg/check_reg.html?_=1652237419474 HTTP/1.1" 200 22
180.175.103.167 - - [11/May/2022:10:50:21 +0800] "GET /xingrg/all/function/internal_message.html?_=1652237419477&CODE_STATE=getMsg HTTP/1.1" 200 27
114.83.222.235 - - [11/May/2022:10:50:22 +0800] "GET /xingrg/all/function/internal_message.html?_=1652237419269&CODE_STATE=getMsg HTTP/1.1" 200 27
116.235.92.88 - - [11/May/2022:10:50:31 +0800] "GET /xingrg/all/function/internal_message.html?_=1652237601147&CODE_STATE=getMsg HTTP/1.1" 200 27
58.39.61.91 - - [11/May/2022:10:50:33 +0800] "GET /xingrg/all/function/internal_message.html?_=1652237391667&CODE_STATE=getMsg HTTP/1.1" 200 27
58.39.61.91 - - [11/May/2022:10:50:50 +0800] "GET /xingrg/all/function/internal_message.html?_=1652237448685&CODE_STATE=getMsg HTTP/1.1" 200 27
120.253.135.82 - - [11/May/2022:10:51:09 +0800] "GET /xingrg/all/function/internal_message.html?_=1652237278223&CODE_STATE=getMsg HTTP/1.1" 200 27
180.175.103.167 - - [11/May/2022:10:51:20 +0800] "GET /xingrg/all/function/internal_message.html?_=1652237479461&CODE_STATE=getMsg HTTP/1.1" 200 27
114.83.222.235 - - [11/May/2022:10:51:22 +0800] "GET /xingrg/all/function/internal_message.html?_=1652237479275&CODE_STATE=getMsg HTTP/1.1" 200 27
114.83.222.235 - - [11/May/2022:10:51:22 +0800] "GET /xingrg/check_reg.html?_=1652237479257 HTTP/1.1" 200 22
180.157.251.97 - - [11/May/2022:10:51:26 +0800] "POST /xingrg/services/DataTransmitService HTTP/1.1" 200 524
180.157.251.97 - - [11/May/2022:10:51:26 +0800] "POST /xingrg/services/DataTransmitService HTTP/1.1" 200 412
58.221.95.50 - - [11/May/2022:10:51:27 +0800] "GET /xingrg/check_reg.html?_=1652237487541 HTTP/1.1" 302 -
116.235.92.88 - - [11/May/2022:10:51:31 +0800] "GET /xingrg/all/function/internal_message.html?_=1652237661122&CODE_STATE=getMsg HTTP/1.1" 200 27
58.39.61.91 - - [11/May/2022:10:51:33 +0800] "GET /xingrg/all/function/internal_message.html?_=1652237451681&CODE_STATE=getMsg HTTP/1.1" 200 27
58.39.61.91 - - [11/May/2022:10:51:50 +0800] "GET /xingrg/all/function/internal_message.html?_=1652237508686&CODE_STATE=getMsg HTTP/1.1" 200 27
58.39.61.91 - - [11/May/2022:10:51:50 +0800] "GET /xingrg/check_reg.html?_=1652237508687 HTTP/1.1" 200 22
116.235.92.88 - - [11/May/2022:10:51:53 +0800] "GET /xingrg/check_reg.html?_=1652237683119 HTTP/1.1" 200 22
120.253.135.82 - - [11/May/2022:10:52:09 +0800] "GET /xingrg/all/function/internal_message.html?_=1652237338239&CODE_STATE=getMsg HTTP/1.1" 200 27
180.175.103.167 - - [11/May/2022:10:52:20 +0800] "GET /xingrg/all/function/internal_message.html?_=1652237539461&CODE_STATE=getMsg HTTP/1.1" 200 27
114.83.222.235 - - [11/May/2022:10:52:22 +0800] "GET /xingrg/all/function/internal_message.html?_=1652237539270&CODE_STATE=getMsg HTTP/1.1" 200 27
116.235.92.88 - - [11/May/2022:10:52:31 +0800] "GET /xingrg/all/function/internal_message.html?_=1652237721091&CODE_STATE=getMsg HTTP/1.1" 200 27
58.39.61.91 - - [11/May/2022:10:52:33 +0800] "GET /xingrg/all/function/internal_message.html?_=1652237511698&CODE_STATE=getMsg HTTP/1.1" 200 27
58.39.61.91 - - [11/May/2022:10:52:50 +0800] "GET /xingrg/all/function/internal_message.html?_=1652237568689&CODE_STATE=getMsg HTTP/1.1" 200 27
120.253.135.82 - - [11/May/2022:10:53:10 +0800] "GET /xingrg/all/function/internal_message.html?_=1652237398447&CODE_STATE=getMsg HTTP/1.1" 200 27
120.253.135.82 - - [11/May/2022:10:53:15 +0800] "GET /xingrg/check_reg.html?_=1652237403700 HTTP/1.1" 200 22
180.175.103.167 - - [11/May/2022:10:53:20 +0800] "GET /xingrg/all/function/internal_message.html?_=1652237599462&CODE_STATE=getMsg HTTP/1.1" 200 27
114.83.222.235 - - [11/May/2022:10:53:22 +0800] "GET /xingrg/all/function/internal_message.html?_=1652237599278&CODE_STATE=getMsg HTTP/1.1" 200 27
116.235.92.88 - - [11/May/2022:10:53:31 +0800] "GET /xingrg/all/function/internal_message.html?_=1652237781062&CODE_STATE=getMsg HTTP/1.1" 200 27
58.39.61.91 - - [11/May/2022:10:53:33 +0800] "GET /xingrg/all/function/internal_message.html?_=1652237571708&CODE_STATE=getMsg HTTP/1.1" 200 27
120.253.135.82 - - [11/May/2022:10:53:44 +0800] "GET /xingrg/kc/pszx/mdqp_order_list.html?state=10 HTTP/1.1" 200 10217
120.253.135.82 - - [11/May/2022:10:53:44 +0800] "GET /xingrg/dwr/interface/AjaxQqpsService.js HTTP/1.1" 200 16326
120.253.135.82 - - [11/May/2022:10:53:44 +0800] "GET /xingrg/dwr/engine.js HTTP/1.1" 200 43631
120.253.135.82 - - [11/May/2022:10:53:44 +0800] "GET /xingrg/dwr/interface/AjaxReportQueryService.js HTTP/1.1" 200 13203
120.253.135.82 - - [11/May/2022:10:53:49 +0800] "GET /xingrg/kc/pszx/mdqp_order_list.html?state=10 HTTP/1.1" 200 10217
120.253.135.82 - - [11/May/2022:10:53:49 +0800] "GET /xingrg/dwr/interface/AjaxReportQueryService.js HTTP/1.1" 200 13203
120.253.135.82 - - [11/May/2022:10:53:49 +0800] "GET /xingrg/dwr/interface/AjaxQqpsService.js HTTP/1.1" 200 16326
120.253.135.82 - - [11/May/2022:10:53:49 +0800] "GET /xingrg/dwr/engine.js HTTP/1.1" 200 43631
58.39.61.91 - - [11/May/2022:10:53:50 +0800] "GET /xingrg/all/function/internal_message.html?_=1652237628689&CODE_STATE=getMsg HTTP/1.1" 200 27
120.253.135.82 - - [11/May/2022:10:54:06 +0800] "GET /xingrg/kc/pszx/mdqp_order_list.html?state=10 HTTP/1.1" 200 10217
120.253.135.82 - - [11/May/2022:10:54:06 +0800] "GET /xingrg/dwr/interface/AjaxReportQueryService.js HTTP/1.1" 200 13203
120.253.135.82 - - [11/May/2022:10:54:06 +0800] "GET /xingrg/dwr/engine.js HTTP/1.1" 200 43631
120.253.135.82 - - [11/May/2022:10:54:06 +0800] "GET /xingrg/dwr/interface/AjaxQqpsService.js HTTP/1.1" 200 16326
120.253.135.82 - - [11/May/2022:10:54:10 +0800] "GET /xingrg/all/function/internal_message.html?_=1652237458451&CODE_STATE=getMsg HTTP/1.1" 200 27
120.253.135.82 - - [11/May/2022:10:54:13 +0800] "GET /xingrg/kc/pszx/mdqp_order_list.html?state=10 HTTP/1.1" 200 10217
120.253.135.82 - - [11/May/2022:10:54:13 +0800] "GET /xingrg/dwr/interface/AjaxReportQueryService.js HTTP/1.1" 200 13203
120.253.135.82 - - [11/May/2022:10:54:13 +0800] "GET /xingrg/dwr/interface/AjaxQqpsService.js HTTP/1.1" 200 16326
120.253.135.82 - - [11/May/2022:10:54:13 +0800] "GET /xingrg/dwr/engine.js HTTP/1.1" 200 43631
180.175.103.167 - - [11/May/2022:10:54:20 +0800] "GET /xingrg/all/function/internal_message.html?_=1652237659462&CODE_STATE=getMsg HTTP/1.1" 200 27
114.83.222.235 - - [11/May/2022:10:54:22 +0800] "GET /xingrg/all/function/internal_message.html?_=1652237659284&CODE_STATE=getMsg HTTP/1.1" 200 27
116.235.92.88 - - [11/May/2022:10:54:31 +0800] "GET /xingrg/all/function/internal_message.html?_=1652237841031&CODE_STATE=getMsg HTTP/1.1" 200 27
58.39.61.91 - - [11/May/2022:10:54:31 +0800] "GET /xingrg/check_reg.html?_=1652237630040 HTTP/1.1" 200 22
58.39.61.91 - - [11/May/2022:10:54:33 +0800] "GET /xingrg/all/function/internal_message.html?_=1652237631722&CODE_STATE=getMsg HTTP/1.1" 200 27
120.253.135.82 - - [11/May/2022:10:54:33 +0800] "GET /xingrg/kc/pszx/mdqp_order_list.html?state=10 HTTP/1.1" 200 10217
120.253.135.82 - - [11/May/2022:10:54:33 +0800] "GET /xingrg/dwr/interface/AjaxQqpsService.js HTTP/1.1" 200 16326
120.253.135.82 - - [11/May/2022:10:54:33 +0800] "GET /xingrg/dwr/interface/AjaxReportQueryService.js HTTP/1.1" 200 13203
120.253.135.82 - - [11/May/2022:10:54:33 +0800] "GET /xingrg/dwr/engine.js HTTP/1.1" 200 43631
222.70.180.114 - - [11/May/2022:10:54:41 +0800] "GET /xingrg/check_reg.html?_=1652237679878 HTTP/1.1" 200 22
120.253.135.82 - - [11/May/2022:10:54:49 +0800] "GET /xingrg/kc/pszx/mdqp_order_list.html?state=10 HTTP/1.1" 200 10217
120.253.135.82 - - [11/May/2022:10:54:49 +0800] "GET /xingrg/dwr/interface/AjaxReportQueryService.js HTTP/1.1" 200 13203
120.253.135.82 - - [11/May/2022:10:54:49 +0800] "GET /xingrg/dwr/interface/AjaxQqpsService.js HTTP/1.1" 200 16326
120.253.135.82 - - [11/May/2022:10:54:49 +0800] "GET /xingrg/dwr/engine.js HTTP/1.1" 200 43631
58.39.61.91 - - [11/May/2022:10:54:50 +0800] "GET /xingrg/all/function/internal_message.html?_=1652237688707&CODE_STATE=getMsg HTTP/1.1" 200 27
120.253.135.82 - - [11/May/2022:10:55:10 +0800] "GET /xingrg/all/function/internal_message.html?_=1652237518466&CODE_STATE=getMsg HTTP/1.1" 200 27
180.175.103.167 - - [11/May/2022:10:55:20 +0800] "GET /xingrg/all/function/internal_message.html?_=1652237719462&CODE_STATE=getMsg HTTP/1.1" 200 27
180.175.103.167 - - [11/May/2022:10:55:21 +0800] "GET /xingrg/check_reg.html?_=1652237719464 HTTP/1.1" 200 22
114.83.222.235 - - [11/May/2022:10:55:22 +0800] "GET /xingrg/all/function/internal_message.html?_=1652237719286&CODE_STATE=getMsg HTTP/1.1" 200 27
116.235.92.88 - - [11/May/2022:10:55:31 +0800] "GET /xingrg/all/function/internal_message.html?_=1652237901027&CODE_STATE=getMsg HTTP/1.1" 200 27
58.39.61.91 - - [11/May/2022:10:55:33 +0800] "GET /xingrg/all/function/internal_message.html?_=1652237691736&CODE_STATE=getMsg HTTP/1.1" 200 27
58.39.61.91 - - [11/May/2022:10:55:50 +0800] "GET /xingrg/all/function/internal_message.html?_=1652237748707&CODE_STATE=getMsg HTTP/1.1" 200 27
116.233.76.207 - - [11/May/2022:10:55:52 +0800] "POST /xingrg/services/DataTransmitService HTTP/1.1" 200 524
116.233.76.207 - - [11/May/2022:10:55:55 +0800] "POST /xingrg/services/DataTransmitService HTTP/1.1" 200 501
120.253.135.82 - - [11/May/2022:10:56:10 +0800] "GET /xingrg/all/function/internal_message.html?_=1652237578478&CODE_STATE=getMsg HTTP/1.1" 200 27
180.175.103.167 - - [11/May/2022:10:56:20 +0800] "GET /xingrg/all/function/internal_message.html?_=1652237779464&CODE_STATE=getMsg HTTP/1.1" 200 27
114.83.222.235 - - [11/May/2022:10:56:22 +0800] "GET /xingrg/check_reg.html?_=1652237779284 HTTP/1.1" 200 22
114.83.222.235 - - [11/May/2022:10:56:22 +0800] "GET /xingrg/all/function/internal_message.html?_=1652237779289&CODE_STATE=getMsg HTTP/1.1" 200 27
58.221.95.50 - - [11/May/2022:10:56:27 +0800] "GET /xingrg/check_reg.html?_=1652237787568 HTTP/1.1" 302 -
116.235.92.88 - - [11/May/2022:10:56:31 +0800] "GET /xingrg/all/function/internal_message.html?_=1652237961001&CODE_STATE=getMsg HTTP/1.1" 200 27
58.39.61.91 - - [11/May/2022:10:56:33 +0800] "GET /xingrg/all/function/internal_message.html?_=1652237751749&CODE_STATE=getMsg HTTP/1.1" 200 27
58.39.61.91 - - [11/May/2022:10:56:50 +0800] "GET /xingrg/check_reg.html?_=1652237808710 HTTP/1.1" 200 22
58.39.61.91 - - [11/May/2022:10:56:50 +0800] "GET /xingrg/all/function/internal_message.html?_=1652237808711&CODE_STATE=getMsg HTTP/1.1" 200 27
116.235.92.88 - - [11/May/2022:10:56:53 +0800] "GET /xingrg/check_reg.html?_=1652237983138 HTTP/1.1" 200 22
120.253.135.82 - - [11/May/2022:10:57:10 +0800] "GET /xingrg/all/function/internal_message.html?_=1652237638695&CODE_STATE=getMsg HTTP/1.1" 200 27
180.175.103.167 - - [11/May/2022:10:57:20 +0800] "GET /xingrg/all/function/internal_message.html?_=1652237839465&CODE_STATE=getMsg HTTP/1.1" 200 27
114.83.222.235 - - [11/May/2022:10:57:22 +0800] "GET /xingrg/all/function/internal_message.html?_=1652237839276&CODE_STATE=getMsg HTTP/1.1" 200 27
116.235.92.88 - - [11/May/2022:10:57:31 +0800] "GET /xingrg/all/function/internal_message.html?_=1652238020975&CODE_STATE=getMsg HTTP/1.1" 200 27
58.39.61.91 - - [11/May/2022:10:57:33 +0800] "GET /xingrg/all/function/internal_message.html?_=1652237811762&CODE_STATE=getMsg HTTP/1.1" 200 27
58.39.61.91 - - [11/May/2022:10:57:50 +0800] "GET /xingrg/all/function/internal_message.html?_=1652237868708&CODE_STATE=getMsg HTTP/1.1" 200 27
58.40.7.146 - - [11/May/2022:10:58:06 +0800] "POST /xingrg/services/DataTransmitService HTTP/1.1" 200 524
120.253.135.82 - - [11/May/2022:10:58:10 +0800] "GET /xingrg/all/function/internal_message.html?_=1652237698709&CODE_STATE=getMsg HTTP/1.1" 200 27
120.253.135.82 - - [11/May/2022:10:58:15 +0800] "GET /xingrg/check_reg.html?_=1652237703700 HTTP/1.1" 200 22
180.175.103.167 - - [11/May/2022:10:58:20 +0800] "GET /xingrg/all/function/internal_message.html?_=1652237899465&CODE_STATE=getMsg HTTP/1.1" 200 27
114.83.222.235 - - [11/May/2022:10:58:22 +0800] "GET /xingrg/all/function/internal_message.html?_=1652237899276&CODE_STATE=getMsg HTTP/1.1" 200 27
116.235.92.88 - - [11/May/2022:10:58:31 +0800] "GET /xingrg/all/function/internal_message.html?_=1652238080946&CODE_STATE=getMsg HTTP/1.1" 200 27
58.39.61.91 - - [11/May/2022:10:58:33 +0800] "GET /xingrg/all/function/internal_message.html?_=1652237871776&CODE_STATE=getMsg HTTP/1.1" 200 27
58.39.61.91 - - [11/May/2022:10:58:50 +0800] "GET /xingrg/all/function/internal_message.html?_=1652237928707&CODE_STATE=getMsg HTTP/1.1" 200 27
120.253.135.82 - - [11/May/2022:10:59:10 +0800] "GET /xingrg/all/function/internal_message.html?_=1652237758925&CODE_STATE=getMsg HTTP/1.1" 200 27
180.175.103.167 - - [11/May/2022:10:59:20 +0800] "GET /xingrg/all/function/internal_message.html?_=1652237959465&CODE_STATE=getMsg HTTP/1.1" 200 27
114.83.222.235 - - [11/May/2022:10:59:22 +0800] "GET /xingrg/all/function/internal_message.html?_=1652237959286&CODE_STATE=getMsg HTTP/1.1" 200 27
116.235.92.88 - - [11/May/2022:10:59:31 +0800] "GET /xingrg/all/function/internal_message.html?_=1652238140918&CODE_STATE=getMsg HTTP/1.1" 200 27
58.39.61.91 - - [11/May/2022:10:59:31 +0800] "GET /xingrg/check_reg.html?_=1652237930042 HTTP/1.1" 200 22
58.39.61.91 - - [11/May/2022:10:59:33 +0800] "GET /xingrg/all/function/internal_message.html?_=1652237931790&CODE_STATE=getMsg HTTP/1.1" 200 27
222.70.180.114 - - [11/May/2022:10:59:41 +0800] "GET /xingrg/check_reg.html?_=1652237979858 HTTP/1.1" 200 22
58.39.61.91 - - [11/May/2022:10:59:50 +0800] "GET /xingrg/all/function/internal_message.html?_=1652237988706&CODE_STATE=getMsg HTTP/1.1" 200 27
120.253.135.82 - - [11/May/2022:11:00:10 +0800] "GET /xingrg/all/function/internal_message.html?_=1652237818939&CODE_STATE=getMsg HTTP/1.1" 200 27
180.175.103.167 - - [11/May/2022:11:00:20 +0800] "GET /xingrg/check_reg.html?_=1652238019491 HTTP/1.1" 200 22
180.175.103.167 - - [11/May/2022:11:00:21 +0800] "GET /xingrg/all/function/internal_message.html?_=1652238019492&CODE_STATE=getMsg HTTP/1.1" 200 27
114.83.222.235 - - [11/May/2022:11:00:22 +0800] "GET /xingrg/all/function/internal_message.html?_=1652238019309&CODE_STATE=getMsg HTTP/1.1" 200 27
116.235.92.88 - - [11/May/2022:11:00:31 +0800] "GET /xingrg/all/function/internal_message.html?_=1652238200894&CODE_STATE=getMsg HTTP/1.1" 200 27
58.39.61.91 - - [11/May/2022:11:00:33 +0800] "GET /xingrg/all/function/internal_message.html?_=1652237991803&CODE_STATE=getMsg HTTP/1.1" 200 27
58.39.61.91 - - [11/May/2022:11:00:50 +0800] "GET /xingrg/all/function/internal_message.html?_=1652238048714&CODE_STATE=getMsg HTTP/1.1" 200 27
120.253.135.82 - - [11/May/2022:11:01:10 +0800] "GET /xingrg/all/function/internal_message.html?_=1652237878952&CODE_STATE=getMsg HTTP/1.1" 200 27
180.175.103.167 - - [11/May/2022:11:01:20 +0800] "GET /xingrg/all/function/internal_message.html?_=1652238079491&CODE_STATE=getMsg HTTP/1.1" 200 27
114.83.222.235 - - [11/May/2022:11:01:22 +0800] "GET /xingrg/all/function/internal_message.html?_=1652238079301&CODE_STATE=getMsg HTTP/1.1" 200 27
114.83.222.235 - - [11/May/2022:11:01:22 +0800] "GET /xingrg/check_reg.html?_=1652238079304 HTTP/1.1" 200 22
58.221.95.50 - - [11/May/2022:11:01:27 +0800] "GET /xingrg/check_reg.html?_=1652238087549 HTTP/1.1" 302 -
116.235.92.88 - - [11/May/2022:11:01:31 +0800] "GET /xingrg/all/function/internal_message.html?_=1652238260864&CODE_STATE=getMsg HTTP/1.1" 200 27
58.39.61.91 - - [11/May/2022:11:01:33 +0800] "GET /xingrg/all/function/internal_message.html?_=1652238051817&CODE_STATE=getMsg HTTP/1.1" 200 27
58.39.61.91 - - [11/May/2022:11:01:50 +0800] "GET /xingrg/all/function/internal_message.html?_=1652238108713&CODE_STATE=getMsg HTTP/1.1" 200 27
58.39.61.91 - - [11/May/2022:11:01:50 +0800] "GET /xingrg/check_reg.html?_=1652238108714 HTTP/1.1" 200 22
116.235.92.88 - - [11/May/2022:11:01:53 +0800] "GET /xingrg/check_reg.html?_=1652238283142 HTTP/1.1" 200 22
120.253.135.82 - - [11/May/2022:11:02:10 +0800] "GET /xingrg/all/function/internal_message.html?_=1652237939044&CODE_STATE=getMsg HTTP/1.1" 200 27
180.175.103.167 - - [11/May/2022:11:02:20 +0800] "GET /xingrg/all/function/internal_message.html?_=1652238139492&CODE_STATE=getMsg HTTP/1.1" 200 27
114.83.222.235 - - [11/May/2022:11:02:22 +0800] "GET /xingrg/all/function/internal_message.html?_=1652238139312&CODE_STATE=getMsg HTTP/1.1" 200 27
116.235.92.88 - - [11/May/2022:11:02:31 +0800] "GET /xingrg/all/function/internal_message.html?_=1652238320846&CODE_STATE=getMsg HTTP/1.1" 200 27
58.39.61.91 - - [11/May/2022:11:02:33 +0800] "GET /xingrg/all/function/internal_message.html?_=1652238111837&CODE_STATE=getMsg HTTP/1.1" 200 27
58.39.61.91 - - [11/May/2022:11:02:50 +0800] "GET /xingrg/all/function/internal_message.html?_=1652238168713&CODE_STATE=getMsg HTTP/1.1" 200 27
120.253.135.82 - - [11/May/2022:11:03:10 +0800] "GET /xingrg/all/function/internal_message.html?_=1652237999057&CODE_STATE=getMsg HTTP/1.1" 200 27
120.253.135.82 - - [11/May/2022:11:03:15 +0800] "GET /xingrg/check_reg.html?_=1652238003710 HTTP/1.1" 200 22
180.175.103.167 - - [11/May/2022:11:03:20 +0800] "GET /xingrg/all/function/internal_message.html?_=1652238199490&CODE_STATE=getMsg HTTP/1.1" 200 27
114.83.222.235 - - [11/May/2022:11:03:22 +0800] "GET /xingrg/all/function/internal_message.html?_=1652238199315&CODE_STATE=getMsg HTTP/1.1" 200 27
116.235.92.88 - - [11/May/2022:11:03:31 +0800] "GET /xingrg/all/function/internal_message.html?_=1652238380828&CODE_STATE=getMsg HTTP/1.1" 200 27
58.39.61.91 - - [11/May/2022:11:03:33 +0800] "GET /xingrg/all/function/internal_message.html?_=1652238171844&CODE_STATE=getMsg HTTP/1.1" 200 27
120.253.135.82 - - [11/May/2022:11:03:34 +0800] "GET /xingrg/kc/pszx/mdqp_order_list.html?state=10 HTTP/1.1" 200 10217
120.253.135.82 - - [11/May/2022:11:03:34 +0800] "GET /xingrg/dwr/interface/AjaxReportQueryService.js HTTP/1.1" 200 13203
120.253.135.82 - - [11/May/2022:11:03:34 +0800] "GET /xingrg/dwr/interface/AjaxQqpsService.js HTTP/1.1" 200 16326
120.253.135.82 - - [11/May/2022:11:03:34 +0800] "GET /xingrg/dwr/engine.js HTTP/1.1" 200 43631
58.39.61.91 - - [11/May/2022:11:03:50 +0800] "GET /xingrg/all/function/internal_message.html?_=1652238228719&CODE_STATE=getMsg HTTP/1.1" 200 27
120.253.135.82 - - [11/May/2022:11:03:51 +0800] "GET /xingrg/kc/pszx/mdqp_order_list.html?state=10 HTTP/1.1" 200 10217
120.253.135.82 - - [11/May/2022:11:03:51 +0800] "GET /xingrg/dwr/interface/AjaxQqpsService.js HTTP/1.1" 200 16326
120.253.135.82 - - [11/May/2022:11:03:51 +0800] "GET /xingrg/dwr/interface/AjaxReportQueryService.js HTTP/1.1" 200 13203
120.253.135.82 - - [11/May/2022:11:03:51 +0800] "GET /xingrg/dwr/engine.js HTTP/1.1" 200 43631
120.253.135.82 - - [11/May/2022:11:03:58 +0800] "GET /xingrg/kc/report/report_main.html HTTP/1.1" 200 8599
120.253.135.82 - - [11/May/2022:11:04:00 +0800] "GET /xingrg/kc/base/kc_stocks.html HTTP/1.1" 200 16437
120.253.135.82 - - [11/May/2022:11:04:00 +0800] "GET /xingrg/javascript/easyui/themes/default/tree.css HTTP/1.1" 404 1090
