218.81.223.53 - - [11/May/2022:16:34:12 +0800] "GET /xingrg/javascript/easyui/easyloader.js HTTP/1.1" 304 -
218.81.223.53 - - [11/May/2022:16:34:12 +0800] "GET /xingrg/javascript/auto/jquery.autocomplete.js HTTP/1.1" 304 -
218.81.223.53 - - [11/May/2022:16:34:12 +0800] "GET /xingrg/javascript/jquery.cookie.js HTTP/1.1" 304 -
218.81.223.53 - - [11/May/2022:16:34:12 +0800] "GET /xingrg/javascript/print/LodopFuncs.js HTTP/1.1" 304 -
218.81.223.53 - - [11/May/2022:16:34:12 +0800] "GET /xingrg/kc/buy/cgsh_order_list.html HTTP/1.1" 200 51508
218.81.223.53 - - [11/May/2022:16:34:12 +0800] "GET /xingrg/javascript/easyui/themes/icons/field_new.png HTTP/1.1" 304 -
218.81.223.53 - - [11/May/2022:16:34:12 +0800] "GET /xingrg/javascript/easyui/plugins/jquery.parser.js HTTP/1.1" 304 -
218.81.223.53 - - [11/May/2022:16:34:12 +0800] "GET /xingrg/images/control/ajaxLoader.gif HTTP/1.1" 304 -
218.81.223.53 - - [11/May/2022:16:34:12 +0800] "GET /xingrg/javascript/jquery_easy_ui/themes/icons/area.png HTTP/1.1" 304 -
218.81.223.53 - - [11/May/2022:16:34:12 +0800] "GET /xingrg/javascript/jquery_easy_ui/themes/icons/rest.png HTTP/1.1" 304 -
218.81.223.53 - - [11/May/2022:16:34:13 +0800] "POST /xingrg/kc/buy/cgsh_list_operate.html HTTP/1.1" 200 876
218.81.223.53 - - [11/May/2022:16:34:14 +0800] "GET /xingrg/javascript/pic_change.js HTTP/1.1" 304 -
218.81.223.53 - - [11/May/2022:16:34:14 +0800] "GET /xingrg/javascript/jquery_tools/order_manager.js HTTP/1.1" 304 -
218.81.223.53 - - [11/May/2022:16:34:14 +0800] "GET /xingrg/javascript/convert.js HTTP/1.1" 304 -
218.81.223.53 - - [11/May/2022:16:34:14 +0800] "GET /xingrg/javascript/print/kc_print.js HTTP/1.1" 304 -
218.81.223.53 - - [11/May/2022:16:34:14 +0800] "GET /xingrg/javascript/json2.js HTTP/1.1" 304 -
218.81.223.53 - - [11/May/2022:16:34:14 +0800] "GET /xingrg/kc/buy/cgsh_order_add.html HTTP/1.1" 200 67284
218.81.223.53 - - [11/May/2022:16:34:14 +0800] "GET /xingrg/words/20220510102851_words.js HTTP/1.1" 304 -
218.81.223.53 - - [11/May/2022:16:34:14 +0800] "POST /xingrg/kc/buy/cgsh_order_operate.html HTTP/1.1" 200 8245
218.81.223.53 - - [11/May/2022:16:34:14 +0800] "GET /xingrg/all/common/auto_word.html?type=employee&rest_code=00146 HTTP/1.1" 200 101
218.81.223.53 - - [11/May/2022:16:34:14 +0800] "GET /xingrg/all/common/auto_word.html?type=employee&rest_code=00146 HTTP/1.1" 200 101
218.81.223.53 - - [11/May/2022:16:34:14 +0800] "GET /xingrg/javascript/easyui/themes/default/validatebox.css HTTP/1.1" 404 1104
218.81.223.53 - - [11/May/2022:16:34:14 +0800] "GET /xingrg/javascript/easyui/plugins/jquery.validatebox.js HTTP/1.1" 304 -
218.81.223.53 - - [11/May/2022:16:34:14 +0800] "GET /xingrg/javascript/easyui/plugins/jquery.numberbox.js HTTP/1.1" 304 -
180.175.103.167 - - [11/May/2022:16:34:19 +0800] "GET /xingrg/all/function/internal_message.html?_=1652257989527&CODE_STATE=getMsg HTTP/1.1" 200 27
180.175.103.167 - - [11/May/2022:16:34:21 +0800] "GET /xingrg/all/function/internal_message.html?_=1652258060105&CODE_STATE=getMsg HTTP/1.1" 200 27
218.81.223.53 - - [11/May/2022:16:34:21 +0800] "GET /xingrg/javascript/auto/indicator.gif HTTP/1.1" 404 1066
116.235.92.88 - - [11/May/2022:16:34:23 +0800] "GET /xingrg/all/function/internal_message.html?_=1652258233056&CODE_STATE=getMsg HTTP/1.1" 200 27
218.81.223.53 - - [11/May/2022:16:34:24 +0800] "GET /xingrg/javascript/jquery_tools/images/prev.gif HTTP/1.1" 404 1086
218.81.223.53 - - [11/May/2022:16:34:24 +0800] "GET /xingrg/javascript/jquery_tools/images/next.gif HTTP/1.1" 404 1086
58.39.61.91 - - [11/May/2022:16:34:32 +0800] "GET /xingrg/check_reg.html?_=1652258030413 HTTP/1.1" 200 22
218.81.223.53 - - [11/May/2022:16:34:35 +0800] "GET /xingrg/kc/buy/cgsh_order_operate.html?command=get_materiel&rest_code=00146&code=00101009039&supplier_code=00100151&order_time=2022-05-11 HTTP/1.1" 200 427
58.39.61.91 - - [11/May/2022:16:34:38 +0800] "GET /xingrg/all/function/internal_message.html?_=1652258036341&CODE_STATE=getMsg HTTP/1.1" 200 27
58.39.61.91 - - [11/May/2022:16:34:40 +0800] "GET /xingrg/check_reg.html?_=1652258078556 HTTP/1.1" 200 22
58.39.61.91 - - [11/May/2022:16:34:40 +0800] "GET /xingrg/all/function/internal_message.html?_=1652258078557&CODE_STATE=getMsg HTTP/1.1" 200 27
222.70.180.114 - - [11/May/2022:16:34:41 +0800] "GET /xingrg/check_reg.html?_=1652258078850 HTTP/1.1" 200 22
116.233.76.207 - - [11/May/2022:16:34:41 +0800] "GET /xingrg/all/function/internal_message.html?_=1652258087736&CODE_STATE=getMsg HTTP/1.1" 200 27
218.81.223.53 - - [11/May/2022:16:35:05 +0800] "GET /xingrg/all/function/internal_message.html?_=1652258114253&CODE_STATE=getMsg HTTP/1.1" 200 27
101.85.120.86 - - [11/May/2022:16:35:08 +0800] "GET /xingrg/all/function/internal_message.html?_=1652258106143&CODE_STATE=getMsg HTTP/1.1" 200 27
180.175.103.167 - - [11/May/2022:16:35:19 +0800] "GET /xingrg/all/function/internal_message.html?_=1652258049535&CODE_STATE=getMsg HTTP/1.1" 200 27
180.175.103.167 - - [11/May/2022:16:35:21 +0800] "GET /xingrg/all/function/internal_message.html?_=1652258120103&CODE_STATE=getMsg HTTP/1.1" 200 27
116.235.92.88 - - [11/May/2022:16:35:23 +0800] "GET /xingrg/all/function/internal_message.html?_=1652258293030&CODE_STATE=getMsg HTTP/1.1" 200 27
218.81.223.53 - - [11/May/2022:16:35:36 +0800] "GET /xingrg/kc/buy/cgsh_order_operate.html?command=get_materiel&rest_code=00146&code=00101009088&supplier_code=00100151&order_time=2022-05-11 HTTP/1.1" 200 407
58.39.61.91 - - [11/May/2022:16:35:38 +0800] "GET /xingrg/all/function/internal_message.html?_=1652258096354&CODE_STATE=getMsg HTTP/1.1" 200 27
58.39.61.91 - - [11/May/2022:16:35:40 +0800] "GET /xingrg/all/function/internal_message.html?_=1652258138562&CODE_STATE=getMsg HTTP/1.1" 200 27
116.233.76.207 - - [11/May/2022:16:35:41 +0800] "GET /xingrg/all/function/internal_message.html?_=1652258147739&CODE_STATE=getMsg HTTP/1.1" 200 27
58.221.95.50 - - [11/May/2022:16:35:47 +0800] "GET /xingrg/check_reg.html?_=1652258147590 HTTP/1.1" 302 -
218.81.223.53 - - [11/May/2022:16:36:05 +0800] "GET /xingrg/all/function/internal_message.html?_=1652258174267&CODE_STATE=getMsg HTTP/1.1" 200 27
101.85.120.86 - - [11/May/2022:16:36:08 +0800] "GET /xingrg/all/function/internal_message.html?_=1652258166143&CODE_STATE=getMsg HTTP/1.1" 200 27
180.175.103.167 - - [11/May/2022:16:36:19 +0800] "GET /xingrg/all/function/internal_message.html?_=1652258109534&CODE_STATE=getMsg HTTP/1.1" 200 27
180.175.103.167 - - [11/May/2022:16:36:19 +0800] "GET /xingrg/check_reg.html?_=1652258109537 HTTP/1.1" 200 22
180.175.103.167 - - [11/May/2022:16:36:21 +0800] "GET /xingrg/all/function/internal_message.html?_=1652258180101&CODE_STATE=getMsg HTTP/1.1" 200 27
116.235.92.88 - - [11/May/2022:16:36:23 +0800] "GET /xingrg/all/function/internal_message.html?_=1652258353005&CODE_STATE=getMsg HTTP/1.1" 200 27
58.39.61.91 - - [11/May/2022:16:36:38 +0800] "GET /xingrg/all/function/internal_message.html?_=1652258156373&CODE_STATE=getMsg HTTP/1.1" 200 27
58.39.61.91 - - [11/May/2022:16:36:40 +0800] "GET /xingrg/all/function/internal_message.html?_=1652258198560&CODE_STATE=getMsg HTTP/1.1" 200 27
116.233.76.207 - - [11/May/2022:16:36:41 +0800] "GET /xingrg/all/function/internal_message.html?_=1652258207741&CODE_STATE=getMsg HTTP/1.1" 200 27
116.235.92.88 - - [11/May/2022:16:36:54 +0800] "GET /xingrg/check_reg.html?_=1652258383582 HTTP/1.1" 200 22
218.81.223.53 - - [11/May/2022:16:37:05 +0800] "GET /xingrg/all/function/internal_message.html?_=1652258234281&CODE_STATE=getMsg HTTP/1.1" 200 27
101.85.120.86 - - [11/May/2022:16:37:08 +0800] "GET /xingrg/all/function/internal_message.html?_=1652258226142&CODE_STATE=getMsg HTTP/1.1" 200 27
180.175.103.167 - - [11/May/2022:16:37:19 +0800] "GET /xingrg/all/function/internal_message.html?_=1652258169525&CODE_STATE=getMsg HTTP/1.1" 200 27
180.175.103.167 - - [11/May/2022:16:37:21 +0800] "GET /xingrg/all/function/internal_message.html?_=1652258240126&CODE_STATE=getMsg HTTP/1.1" 200 27
116.235.92.88 - - [11/May/2022:16:37:23 +0800] "GET /xingrg/all/function/internal_message.html?_=1652258413003&CODE_STATE=getMsg HTTP/1.1" 200 27
218.81.223.53 - - [11/May/2022:16:37:26 +0800] "POST /xingrg/kc/buy/cgsh_order_operate.html HTTP/1.1" 200 37
218.81.223.53 - - [11/May/2022:16:37:30 +0800] "POST /xingrg/kc/buy/cgsh_order_operate.html HTTP/1.1" 200 12
218.81.223.53 - - [11/May/2022:16:37:31 +0800] "GET /xingrg/kc/buy/cgsh_order_info.html?code=212022051100657 HTTP/1.1" 200 62177
218.81.223.53 - - [11/May/2022:16:37:31 +0800] "GET /xingrg/javascript/easyui/themes/default/validatebox.css HTTP/1.1" 404 1104
218.81.223.53 - - [11/May/2022:16:37:32 +0800] "POST /xingrg/kc/buy/cgsh_order_operate.html HTTP/1.1" 200 1194
218.81.223.53 - - [11/May/2022:16:37:34 +0800] "GET /xingrg/kc/print/load_config.html?kc_code=cgsh HTTP/1.1" 200 1943
218.81.223.53 - - [11/May/2022:16:37:34 +0800] "GET /xingrg/kc/print/load_data.html?order_code=212022051100657&kc_code=cgsh&condition= HTTP/1.1" 200 909
58.39.61.91 - - [11/May/2022:16:37:38 +0800] "GET /xingrg/all/function/internal_message.html?_=1652258216381&CODE_STATE=getMsg HTTP/1.1" 200 27
58.39.61.91 - - [11/May/2022:16:37:40 +0800] "GET /xingrg/all/function/internal_message.html?_=1652258258559&CODE_STATE=getMsg HTTP/1.1" 200 27
180.175.103.167 - - [11/May/2022:16:37:40 +0800] "POST /xingrg/kc/buy/cgsh_list_operate.html HTTP/1.1" 200 3087
116.233.76.207 - - [11/May/2022:16:37:41 +0800] "GET /xingrg/all/function/internal_message.html?_=1652258267743&CODE_STATE=getMsg HTTP/1.1" 200 27
180.175.103.167 - - [11/May/2022:16:37:46 +0800] "GET /xingrg/kc/buy/buy_main.html HTTP/1.1" 200 12412
180.175.103.167 - - [11/May/2022:16:37:46 +0800] "GET /xingrg/css/new_ie.css HTTP/1.1" 404 1036
180.175.103.167 - - [11/May/2022:16:37:47 +0800] "GET /xingrg/images/yd/bt.gif HTTP/1.1" 404 1040
180.175.103.167 - - [11/May/2022:16:37:47 +0800] "GET /xingrg/kc/buy/cgsh_order_list.html HTTP/1.1" 200 51502
180.175.103.167 - - [11/May/2022:16:37:50 +0800] "POST /xingrg/kc/buy/cgsh_list_operate.html HTTP/1.1" 200 3087
218.81.223.53 - - [11/May/2022:16:38:05 +0800] "GET /xingrg/all/function/internal_message.html?_=1652258294294&CODE_STATE=getMsg HTTP/1.1" 200 27
101.85.120.86 - - [11/May/2022:16:38:08 +0800] "GET /xingrg/all/function/internal_message.html?_=1652258286141&CODE_STATE=getMsg HTTP/1.1" 200 27
180.175.103.167 - - [11/May/2022:16:38:13 +0800] "POST /xingrg/kc/buy/cgsh_list_operate.html HTTP/1.1" 200 4
180.175.103.167 - - [11/May/2022:16:38:18 +0800] "POST /xingrg/kc/buy/cgsh_list_operate.html HTTP/1.1" 200 876
116.230.110.173 - - [11/May/2022:16:38:19 +0800] "POST /xingrg/services/DataTransmitService HTTP/1.1" 200 524
180.175.103.167 - - [11/May/2022:16:38:19 +0800] "GET /xingrg/all/function/internal_message.html?_=1652258229538&CODE_STATE=getMsg HTTP/1.1" 200 27
180.175.103.167 - - [11/May/2022:16:38:21 +0800] "GET /xingrg/all/function/internal_message.html?_=1652258300139&CODE_STATE=getMsg HTTP/1.1" 200 27
180.175.103.167 - - [11/May/2022:16:38:21 +0800] "GET /xingrg/check_reg.html?_=1652258300140 HTTP/1.1" 200 22
180.175.103.167 - - [11/May/2022:16:38:22 +0800] "GET /xingrg/kc/base/base_main.html HTTP/1.1" 200 12142
116.235.92.88 - - [11/May/2022:16:38:23 +0800] "GET /xingrg/all/function/internal_message.html?_=1652258472971&CODE_STATE=getMsg HTTP/1.1" 200 27
180.175.103.167 - - [11/May/2022:16:38:23 +0800] "GET /xingrg/kc/base/wldb_order_list.html HTTP/1.1" 200 19101
180.175.103.167 - - [11/May/2022:16:38:24 +0800] "POST /xingrg/kc/base/wldb_list_operate.html HTTP/1.1" 200 3372
58.39.61.91 - - [11/May/2022:16:38:38 +0800] "GET /xingrg/all/function/internal_message.html?_=1652258276399&CODE_STATE=getMsg HTTP/1.1" 200 27
58.39.61.91 - - [11/May/2022:16:38:40 +0800] "GET /xingrg/all/function/internal_message.html?_=1652258318564&CODE_STATE=getMsg HTTP/1.1" 200 27
180.175.103.167 - - [11/May/2022:16:38:40 +0800] "POST /xingrg/kc/base/wldb_list_operate.html HTTP/1.1" 200 4
116.233.76.207 - - [11/May/2022:16:38:41 +0800] "GET /xingrg/all/function/internal_message.html?_=1652258327745&CODE_STATE=getMsg HTTP/1.1" 200 27
116.233.76.207 - - [11/May/2022:16:38:41 +0800] "GET /xingrg/check_reg.html?_=1652258327745 HTTP/1.1" 200 22
180.175.103.167 - - [11/May/2022:16:38:44 +0800] "POST /xingrg/kc/base/wldb_list_operate.html HTTP/1.1" 200 928
218.81.223.53 - - [11/May/2022:16:39:05 +0800] "GET /xingrg/check_reg.html?_=1652258354246 HTTP/1.1" 200 22
218.81.223.53 - - [11/May/2022:16:39:05 +0800] "GET /xingrg/all/function/internal_message.html?_=1652258354307&CODE_STATE=getMsg HTTP/1.1" 200 27
101.85.120.86 - - [11/May/2022:16:39:08 +0800] "GET /xingrg/all/function/internal_message.html?_=1652258346141&CODE_STATE=getMsg HTTP/1.1" 200 27
101.85.120.86 - - [11/May/2022:16:39:09 +0800] "GET /xingrg/check_reg.html?_=1652258346144 HTTP/1.1" 200 22
180.175.103.167 - - [11/May/2022:16:39:19 +0800] "GET /xingrg/all/function/internal_message.html?_=1652258289535&CODE_STATE=getMsg HTTP/1.1" 200 27
180.175.103.167 - - [11/May/2022:16:39:21 +0800] "GET /xingrg/all/function/internal_message.html?_=1652258360138&CODE_STATE=getMsg HTTP/1.1" 200 27
116.235.92.88 - - [11/May/2022:16:39:23 +0800] "GET /xingrg/all/function/internal_message.html?_=1652258532949&CODE_STATE=getMsg HTTP/1.1" 200 27
58.39.61.91 - - [11/May/2022:16:39:32 +0800] "GET /xingrg/check_reg.html?_=1652258330427 HTTP/1.1" 200 22
58.39.61.91 - - [11/May/2022:16:39:38 +0800] "GET /xingrg/all/function/internal_message.html?_=1652258336408&CODE_STATE=getMsg HTTP/1.1" 200 27
58.39.61.91 - - [11/May/2022:16:39:40 +0800] "GET /xingrg/check_reg.html?_=1652258378568 HTTP/1.1" 200 22
58.39.61.91 - - [11/May/2022:16:39:40 +0800] "GET /xingrg/all/function/internal_message.html?_=1652258378566&CODE_STATE=getMsg HTTP/1.1" 200 27
222.70.180.114 - - [11/May/2022:16:39:41 +0800] "GET /xingrg/check_reg.html?_=1652258378829 HTTP/1.1" 200 22
116.233.76.207 - - [11/May/2022:16:39:41 +0800] "GET /xingrg/all/function/internal_message.html?_=1652258387747&CODE_STATE=getMsg HTTP/1.1" 200 27
218.81.223.53 - - [11/May/2022:16:40:05 +0800] "GET /xingrg/all/function/internal_message.html?_=1652258414320&CODE_STATE=getMsg HTTP/1.1" 200 27
101.85.120.86 - - [11/May/2022:16:40:08 +0800] "GET /xingrg/all/function/internal_message.html?_=1652258406144&CODE_STATE=getMsg HTTP/1.1" 200 27
180.175.103.167 - - [11/May/2022:16:40:19 +0800] "GET /xingrg/all/function/internal_message.html?_=1652258349535&CODE_STATE=getMsg HTTP/1.1" 200 27
180.175.103.167 - - [11/May/2022:16:40:21 +0800] "GET /xingrg/all/function/internal_message.html?_=1652258420137&CODE_STATE=getMsg HTTP/1.1" 200 27
116.235.92.88 - - [11/May/2022:16:40:23 +0800] "GET /xingrg/all/function/internal_message.html?_=1652258592918&CODE_STATE=getMsg HTTP/1.1" 200 27
58.39.61.91 - - [11/May/2022:16:40:38 +0800] "GET /xingrg/all/function/internal_message.html?_=1652258396422&CODE_STATE=getMsg HTTP/1.1" 200 27
58.39.61.91 - - [11/May/2022:16:40:40 +0800] "GET /xingrg/all/function/internal_message.html?_=1652258438565&CODE_STATE=getMsg HTTP/1.1" 200 27
116.233.76.207 - - [11/May/2022:16:40:41 +0800] "GET /xingrg/all/function/internal_message.html?_=1652258447750&CODE_STATE=getMsg HTTP/1.1" 200 27
58.221.95.50 - - [11/May/2022:16:40:47 +0800] "GET /xingrg/check_reg.html?_=1652258447605 HTTP/1.1" 302 -
218.81.223.53 - - [11/May/2022:16:41:05 +0800] "GET /xingrg/all/function/internal_message.html?_=1652258474335&CODE_STATE=getMsg HTTP/1.1" 200 27
101.85.120.86 - - [11/May/2022:16:41:08 +0800] "GET /xingrg/all/function/internal_message.html?_=1652258466146&CODE_STATE=getMsg HTTP/1.1" 200 27
180.175.103.167 - - [11/May/2022:16:41:19 +0800] "GET /xingrg/all/function/internal_message.html?_=1652258409536&CODE_STATE=getMsg HTTP/1.1" 200 27
180.175.103.167 - - [11/May/2022:16:41:19 +0800] "GET /xingrg/check_reg.html?_=1652258409547 HTTP/1.1" 200 22
180.175.103.167 - - [11/May/2022:16:41:21 +0800] "GET /xingrg/all/function/internal_message.html?_=1652258480134&CODE_STATE=getMsg HTTP/1.1" 200 27
116.235.92.88 - - [11/May/2022:16:41:23 +0800] "GET /xingrg/all/function/internal_message.html?_=1652258652886&CODE_STATE=getMsg HTTP/1.1" 200 27
58.39.61.91 - - [11/May/2022:16:41:38 +0800] "GET /xingrg/all/function/internal_message.html?_=1652258456442&CODE_STATE=getMsg HTTP/1.1" 200 27
58.39.61.91 - - [11/May/2022:16:41:40 +0800] "GET /xingrg/all/function/internal_message.html?_=1652258498564&CODE_STATE=getMsg HTTP/1.1" 200 27
116.233.76.207 - - [11/May/2022:16:41:41 +0800] "GET /xingrg/all/function/internal_message.html?_=1652258507751&CODE_STATE=getMsg HTTP/1.1" 200 27
116.235.92.88 - - [11/May/2022:16:41:54 +0800] "GET /xingrg/check_reg.html?_=1652258683603 HTTP/1.1" 200 22
218.81.223.53 - - [11/May/2022:16:42:05 +0800] "GET /xingrg/all/function/internal_message.html?_=1652258534369&CODE_STATE=getMsg HTTP/1.1" 200 27
101.85.120.86 - - [11/May/2022:16:42:08 +0800] "GET /xingrg/all/function/internal_message.html?_=1652258526147&CODE_STATE=getMsg HTTP/1.1" 200 27
180.175.103.167 - - [11/May/2022:16:42:19 +0800] "GET /xingrg/all/function/internal_message.html?_=1652258469529&CODE_STATE=getMsg HTTP/1.1" 200 27
180.175.103.167 - - [11/May/2022:16:42:21 +0800] "GET /xingrg/all/function/internal_message.html?_=1652258540132&CODE_STATE=getMsg HTTP/1.1" 200 27
116.235.92.88 - - [11/May/2022:16:42:23 +0800] "GET /xingrg/all/function/internal_message.html?_=1652258712863&CODE_STATE=getMsg HTTP/1.1" 200 27
180.175.103.167 - - [11/May/2022:16:42:30 +0800] "POST /xingrg/services/DataTransmitService HTTP/1.1" 200 524
180.175.103.167 - - [11/May/2022:16:42:31 +0800] "POST /xingrg/services/DataTransmitService HTTP/1.1" 200 501
180.175.103.167 - - [11/May/2022:16:42:31 +0800] "POST /xingrg/services/DataTransmitService HTTP/1.1" 200 501
180.175.103.167 - - [11/May/2022:16:42:31 +0800] "POST /xingrg/services/DataTransmitService HTTP/1.1" 200 501
180.175.103.167 - - [11/May/2022:16:42:31 +0800] "POST /xingrg/services/DataTransmitService HTTP/1.1" 200 501
58.37.4.136 - - [11/May/2022:16:42:31 +0800] "GET /xingrg/check_reg.html?_=1652258552785 HTTP/1.1" 302 -
58.37.4.136 - - [11/May/2022:16:42:31 +0800] "GET /xingrg/login.html HTTP/1.1" 200 7641
180.175.103.167 - - [11/May/2022:16:42:31 +0800] "POST /xingrg/services/DataTransmitService HTTP/1.1" 200 501
180.175.103.167 - - [11/May/2022:16:42:32 +0800] "POST /xingrg/services/DataTransmitService HTTP/1.1" 200 412
58.39.61.91 - - [11/May/2022:16:42:38 +0800] "GET /xingrg/all/function/internal_message.html?_=1652258516450&CODE_STATE=getMsg HTTP/1.1" 200 27
58.39.61.91 - - [11/May/2022:16:42:40 +0800] "GET /xingrg/all/function/internal_message.html?_=1652258558577&CODE_STATE=getMsg HTTP/1.1" 200 27
116.233.76.207 - - [11/May/2022:16:42:41 +0800] "GET /xingrg/all/function/internal_message.html?_=1652258567754&CODE_STATE=getMsg HTTP/1.1" 200 27
58.37.4.136 - - [11/May/2022:16:42:52 +0800] "GET /xingrg/login.html?r=1 HTTP/1.1" 200 7641
58.37.4.136 - - [11/May/2022:16:42:52 +0800] "GET /favicon.ico HTTP/1.1" 404 -
58.37.4.136 - - [11/May/2022:16:42:57 +0800] "POST /xingrg/login.do HTTP/1.1" 302 -
58.37.4.136 - - [11/May/2022:16:42:57 +0800] "GET /xingrg/index.html?sysBaseUrl=http%3A%2F%2F180.169.147.146%3A18081%2Fxingrg%2F&costTime=39×tamp=1652258577290 HTTP/1.1" 200 17173
58.37.4.136 - - [11/May/2022:16:42:57 +0800] "GET /favicon.ico HTTP/1.1" 404 -
58.37.4.136 - - [11/May/2022:16:42:57 +0800] "POST /xingrg/all/common/load_tree.html?tree=area_rest_tree_json&manage=1 HTTP/1.1" 200 342
58.37.4.136 - - [11/May/2022:16:42:57 +0800] "POST /xingrg/load_menu.html HTTP/1.1" 200 5138
58.37.4.136 - - [11/May/2022:16:42:57 +0800] "GET /xingrg/all/function/internal_message.html?_=1652258578732&CODE_STATE=count HTTP/1.1" 200 11
58.37.4.136 - - [11/May/2022:16:42:57 +0800] "GET /xingrg/check_reg.html?_=1652258578733 HTTP/1.1" 200 22
58.37.4.136 - - [11/May/2022:16:42:59 +0800] "GET /xingrg/kc/mdqp/qp_main.html HTTP/1.1" 200 10633
58.37.4.136 - - [11/May/2022:16:43:00 +0800] "GET /xingrg/images/yd/bt.gif HTTP/1.1" 404 1040
58.37.4.136 - - [11/May/2022:16:43:00 +0800] "GET /xingrg/kc/mdqp/pssh_order_list.html HTTP/1.1" 200 17818
58.37.4.136 - - [11/May/2022:16:43:01 +0800] "POST /xingrg/kc/mdqp/pssh_list_operate.html HTTP/1.1" 200 5417
218.81.223.53 - - [11/May/2022:16:43:05 +0800] "GET /xingrg/all/function/internal_message.html?_=1652258594377&CODE_STATE=getMsg HTTP/1.1" 200 27
58.37.4.136 - - [11/May/2022:16:43:08 +0800] "POST /xingrg/kc/mdqp/pssh_list_operate.html HTTP/1.1" 200 451
58.37.4.136 - - [11/May/2022:16:43:08 +0800] "GET /xingrg/kc/mdqp/pssh_order_info.html?code=312022050900226 HTTP/1.1" 200 17272
58.37.4.136 - - [11/May/2022:16:43:08 +0800] "GET /xingrg/javascript/jquery_tools/jquery-1.4.2.min.js HTTP/1.1" 404 1094
58.37.4.136 - - [11/May/2022:16:43:08 +0800] "GET /xingrg/words/20220510102851_words.js HTTP/1.1" 304 -
58.37.4.136 - - [11/May/2022:16:43:08 +0800] "POST /xingrg/kc/mdqp/pssh_order_operate.html HTTP/1.1" 200 1561
58.37.4.136 - - [11/May/2022:16:43:08 +0800] "GET /xingrg/all/common/auto_word.html?type=base&rest_code=00106&rest_code=00106 HTTP/1.1" 200 1849
58.37.4.136 - - [11/May/2022:16:43:08 +0800] "GET /xingrg/javascript/easyui/themes/default/validatebox.css HTTP/1.1" 404 1104
58.37.4.136 - - [11/May/2022:16:43:08 +0800] "GET /xingrg/all/common/auto_word.html?type=employee&rest_code=00106 HTTP/1.1" 200 205
101.85.120.86 - - [11/May/2022:16:43:08 +0800] "GET /xingrg/all/function/internal_message.html?_=1652258586147&CODE_STATE=getMsg HTTP/1.1" 200 27
58.37.4.136 - - [11/May/2022:16:43:11 +0800] "POST /xingrg/all/common/load_combo.html?type=base&rest_code=00106 HTTP/1.1" 200 3315
58.37.4.136 - - [11/May/2022:16:43:15 +0800] "POST /xingrg/all/common/load_combo.html?type=employee HTTP/1.1" 200 365
58.37.4.136 - - [11/May/2022:16:43:19 +0800] "POST /xingrg/kc/mdqp/pssh_order_operate.html HTTP/1.1" 200 37
180.175.103.167 - - [11/May/2022:16:43:19 +0800] "GET /xingrg/all/function/internal_message.html?_=1652258529528&CODE_STATE=getMsg HTTP/1.1" 200 27
58.37.4.136 - - [11/May/2022:16:43:19 +0800] "POST /xingrg/kc/mdqp/pssh_order_operate.html HTTP/1.1" 200 12
180.175.103.167 - - [11/May/2022:16:43:21 +0800] "GET /xingrg/check_reg.html?_=1652258600133 HTTP/1.1" 200 22
180.175.103.167 - - [11/May/2022:16:43:21 +0800] "GET /xingrg/all/function/internal_message.html?_=1652258600131&CODE_STATE=getMsg HTTP/1.1" 200 27
58.37.4.136 - - [11/May/2022:16:43:22 +0800] "GET /xingrg/kc/mdqp/pssh_order_info.html?code=312022050900226 HTTP/1.1" 200 14392
58.37.4.136 - - [11/May/2022:16:43:22 +0800] "GET /xingrg/javascript/jquery_tools/jquery-1.4.2.min.js HTTP/1.1" 404 1094
58.37.4.136 - - [11/May/2022:16:43:22 +0800] "POST /xingrg/kc/mdqp/pssh_order_operate.html HTTP/1.1" 200 1561
58.37.4.136 - - [11/May/2022:16:43:22 +0800] "GET /xingrg/javascript/easyui/themes/default/validatebox.css HTTP/1.1" 404 1104
116.235.92.88 - - [11/May/2022:16:43:23 +0800] "GET /xingrg/all/function/internal_message.html?_=1652258772835&CODE_STATE=getMsg HTTP/1.1" 200 27
58.37.4.136 - - [11/May/2022:16:43:29 +0800] "GET /xingrg/kc/print/load_config.html?kc_code=pssh HTTP/1.1" 200 2291
58.37.4.136 - - [11/May/2022:16:43:29 +0800] "GET /xingrg/kc/print/load_data.html?order_code=312022050900226&kc_code=pssh&condition= HTTP/1.1" 200 1008
58.37.4.136 - - [11/May/2022:16:43:34 +0800] "GET /xingrg/kc/mdqp/pssh_order_list.html?isBack=1 HTTP/1.1" 200 17818
58.37.4.136 - - [11/May/2022:16:43:35 +0800] "POST /xingrg/kc/mdqp/pssh_list_operate.html HTTP/1.1" 200 5454
58.39.61.91 - - [11/May/2022:16:43:38 +0800] "GET /xingrg/all/function/internal_message.html?_=1652258576463&CODE_STATE=getMsg HTTP/1.1" 200 27
58.39.61.91 - - [11/May/2022:16:43:40 +0800] "GET /xingrg/all/function/internal_message.html?_=1652258618586&CODE_STATE=getMsg HTTP/1.1" 200 27
116.233.76.207 - - [11/May/2022:16:43:41 +0800] "GET /xingrg/all/function/internal_message.html?_=1652258627755&CODE_STATE=getMsg HTTP/1.1" 200 27
116.233.76.207 - - [11/May/2022:16:43:41 +0800] "GET /xingrg/check_reg.html?_=1652258627756 HTTP/1.1" 200 22
58.37.4.136 - - [11/May/2022:16:43:46 +0800] "POST /xingrg/kc/mdqp/pssh_list_operate.html HTTP/1.1" 200 372
58.37.4.136 - - [11/May/2022:16:43:47 +0800] "GET /xingrg/kc/mdqp/pssh_order_info.html?code=312022051100253 HTTP/1.1" 200 17297
58.37.4.136 - - [11/May/2022:16:43:47 +0800] "GET /xingrg/javascript/jquery_tools/jquery-1.4.2.min.js HTTP/1.1" 404 1094
58.37.4.136 - - [11/May/2022:16:43:47 +0800] "POST /xingrg/kc/mdqp/pssh_order_operate.html HTTP/1.1" 200 1080
58.37.4.136 - - [11/May/2022:16:43:47 +0800] "GET /xingrg/javascript/easyui/themes/default/validatebox.css HTTP/1.1" 404 1104
58.37.4.136 - - [11/May/2022:16:43:51 +0800] "POST /xingrg/all/common/load_combo.html?type=base&rest_code=00106 HTTP/1.1" 200 3315
58.37.4.136 - - [11/May/2022:16:43:57 +0800] "POST /xingrg/all/common/load_combo.html?type=employee HTTP/1.1" 200 365
58.37.4.136 - - [11/May/2022:16:43:57 +0800] "GET /xingrg/all/function/internal_message.html?_=1652258638744&CODE_STATE=getMsg HTTP/1.1" 200 27
58.37.4.136 - - [11/May/2022:16:44:01 +0800] "POST /xingrg/kc/mdqp/pssh_order_operate.html HTTP/1.1" 200 37
58.37.4.136 - - [11/May/2022:16:44:01 +0800] "POST /xingrg/kc/mdqp/pssh_order_operate.html HTTP/1.1" 200 12
58.37.4.136 - - [11/May/2022:16:44:02 +0800] "GET /xingrg/kc/mdqp/pssh_order_info.html?code=312022051100253 HTTP/1.1" 200 14386
58.37.4.136 - - [11/May/2022:16:44:03 +0800] "GET /xingrg/javascript/jquery_tools/jquery-1.4.2.min.js HTTP/1.1" 404 1094
58.37.4.136 - - [11/May/2022:16:44:03 +0800] "POST /xingrg/kc/mdqp/pssh_order_operate.html HTTP/1.1" 200 1080
58.37.4.136 - - [11/May/2022:16:44:03 +0800] "GET /xingrg/javascript/easyui/themes/default/validatebox.css HTTP/1.1" 404 1104
218.81.223.53 - - [11/May/2022:16:44:05 +0800] "GET /xingrg/check_reg.html?_=1652258654272 HTTP/1.1" 200 22
218.81.223.53 - - [11/May/2022:16:44:05 +0800] "GET /xingrg/all/function/internal_message.html?_=1652258654390&CODE_STATE=getMsg HTTP/1.1" 200 27
58.37.4.136 - - [11/May/2022:16:44:05 +0800] "GET /xingrg/kc/print/load_data.html?order_code=312022051100253&kc_code=pssh&condition= HTTP/1.1" 200 866
101.85.120.86 - - [11/May/2022:16:44:08 +0800] "GET /xingrg/check_reg.html?_=1652258646172 HTTP/1.1" 200 22
101.85.120.86 - - [11/May/2022:16:44:09 +0800] "GET /xingrg/all/function/internal_message.html?_=1652258646174&CODE_STATE=getMsg HTTP/1.1" 200 27
180.175.103.167 - - [11/May/2022:16:44:19 +0800] "GET /xingrg/all/function/internal_message.html?_=1652258589529&CODE_STATE=getMsg HTTP/1.1" 200 27
180.175.103.167 - - [11/May/2022:16:44:21 +0800] "GET /xingrg/all/function/internal_message.html?_=1652258660130&CODE_STATE=getMsg HTTP/1.1" 200 27
58.37.4.136 - - [11/May/2022:16:44:22 +0800] "GET /xingrg/kc/mdqp/pssh_order_list.html?isBack=1 HTTP/1.1" 200 17818
58.37.4.136 - - [11/May/2022:16:44:22 +0800] "POST /xingrg/kc/mdqp/pssh_list_operate.html HTTP/1.1" 200 5479
116.235.92.88 - - [11/May/2022:16:44:23 +0800] "GET /xingrg/all/function/internal_message.html?_=1652258832807&CODE_STATE=getMsg HTTP/1.1" 200 27
58.37.4.136 - - [11/May/2022:16:44:24 +0800] "POST /xingrg/kc/mdqp/pssh_list_operate.html HTTP/1.1" 200 275
58.37.4.136 - - [11/May/2022:16:44:24 +0800] "POST /xingrg/kc/mdqp/pssh_list_operate.html HTTP/1.1" 200 1574
58.37.4.136 - - [11/May/2022:16:44:24 +0800] "GET /xingrg/kc/mdqp/pssh_order_info.html?code=312022051100258 HTTP/1.1" 200 17244
58.37.4.136 - - [11/May/2022:16:44:24 +0800] "GET /xingrg/javascript/jquery_tools/jquery-1.4.2.min.js HTTP/1.1" 404 1094
58.37.4.136 - - [11/May/2022:16:44:24 +0800] "POST /xingrg/kc/mdqp/pssh_order_operate.html HTTP/1.1" 200 560
58.37.4.136 - - [11/May/2022:16:44:24 +0800] "GET /xingrg/javascript/easyui/themes/default/validatebox.css HTTP/1.1" 404 1104
58.39.61.91 - - [11/May/2022:16:44:32 +0800] "GET /xingrg/check_reg.html?_=1652258630423 HTTP/1.1" 200 22
58.37.4.136 - - [11/May/2022:16:44:36 +0800] "GET /xingrg/kc/mdqp/pssh_order_list.html?isBack=1 HTTP/1.1" 200 17818
58.37.4.136 - - [11/May/2022:16:44:36 +0800] "POST /xingrg/kc/mdqp/pssh_list_operate.html HTTP/1.1" 200 5479
58.39.61.91 - - [11/May/2022:16:44:38 +0800] "GET /xingrg/all/function/internal_message.html?_=1652258636476&CODE_STATE=getMsg HTTP/1.1" 200 27
58.39.61.91 - - [11/May/2022:16:44:40 +0800] "GET /xingrg/check_reg.html?_=1652258678583 HTTP/1.1" 200 22
58.39.61.91 - - [11/May/2022:16:44:40 +0800] "GET /xingrg/all/function/internal_message.html?_=1652258678584&CODE_STATE=getMsg HTTP/1.1" 200 27
222.70.180.114 - - [11/May/2022:16:44:41 +0800] "GET /xingrg/check_reg.html?_=1652258678808 HTTP/1.1" 200 22
116.233.76.207 - - [11/May/2022:16:44:41 +0800] "GET /xingrg/all/function/internal_message.html?_=1652258687758&CODE_STATE=getMsg HTTP/1.1" 200 27
58.37.4.136 - - [11/May/2022:16:44:42 +0800] "GET /xingrg/kc/buy/buy_main.html HTTP/1.1" 200 12412
58.37.4.136 - - [11/May/2022:16:44:42 +0800] "GET /xingrg/css/new_ie.css HTTP/1.1" 404 1036
58.37.4.136 - - [11/May/2022:16:44:43 +0800] "GET /xingrg/images/yd/bt.gif HTTP/1.1" 404 1040
58.37.4.136 - - [11/May/2022:16:44:43 +0800] "GET /xingrg/kc/buy/cgsh_order_list.html HTTP/1.1" 200 51502
58.37.4.136 - - [11/May/2022:16:44:44 +0800] "POST /xingrg/kc/buy/cgsh_list_operate.html HTTP/1.1" 200 876
58.37.4.136 - - [11/May/2022:16:44:46 +0800] "GET /xingrg/kc/buy/cgsh_order_add.html HTTP/1.1" 200 67319
58.37.4.136 - - [11/May/2022:16:44:47 +0800] "POST /xingrg/kc/buy/cgsh_order_operate.html HTTP/1.1" 200 8245
58.37.4.136 - - [11/May/2022:16:44:47 +0800] "GET /xingrg/javascript/easyui/themes/default/validatebox.css HTTP/1.1" 404 1104
58.37.4.136 - - [11/May/2022:16:44:49 +0800] "GET /xingrg/javascript/easyui/themes/default/tree.css HTTP/1.1" 404 1090
58.37.4.136 - - [11/May/2022:16:44:49 +0800] "POST /xingrg/all/common/load_tree.html?tree=supplier_tree_json&isDelete=1 HTTP/1.1" 200 65663
58.37.4.136 - - [11/May/2022:16:44:57 +0800] "GET /xingrg/all/function/internal_message.html?_=1652258698755&CODE_STATE=getMsg HTTP/1.1" 200 27
218.81.223.53 - - [11/May/2022:16:45:05 +0800] "GET /xingrg/all/function/internal_message.html?_=1652258714405&CODE_STATE=getMsg HTTP/1.1" 200 27
101.85.120.86 - - [11/May/2022:16:45:08 +0800] "GET /xingrg/all/function/internal_message.html?_=1652258706174&CODE_STATE=getMsg HTTP/1.1" 200 27
58.37.4.136 - - [11/May/2022:16:45:11 +0800] "GET /xingrg/javascript/auto/indicator.gif HTTP/1.1" 404 1066
58.37.4.136 - - [11/May/2022:16:45:16 +0800] "GET /xingrg/kc/buy/cgsh_order_operate.html?command=get_materiel&rest_code=00106&code=00101007077&supplier_code=00100151&order_time=2022-05-11 HTTP/1.1" 200 415
180.175.103.167 - - [11/May/2022:16:45:19 +0800] "GET /xingrg/all/function/internal_message.html?_=1652258649529&CODE_STATE=getMsg HTTP/1.1" 200 27
180.175.103.167 - - [11/May/2022:16:45:21 +0800] "GET /xingrg/all/function/internal_message.html?_=1652258720128&CODE_STATE=getMsg HTTP/1.1" 200 27
116.235.92.88 - - [11/May/2022:16:45:23 +0800] "GET /xingrg/all/function/internal_message.html?_=1652258892782&CODE_STATE=getMsg HTTP/1.1" 200 27
58.39.61.91 - - [11/May/2022:16:45:38 +0800] "GET /xingrg/all/function/internal_message.html?_=1652258696492&CODE_STATE=getMsg HTTP/1.1" 200 27
58.37.4.136 - - [11/May/2022:16:45:39 +0800] "GET /xingrg/kc/buy/cgsh_order_operate.html?command=get_materiel&rest_code=00106&code=00101007027&supplier_code=00100151&order_time=2022-05-11 HTTP/1.1" 200 421
58.39.61.91 - - [11/May/2022:16:45:40 +0800] "GET /xingrg/all/function/internal_message.html?_=1652258738590&CODE_STATE=getMsg HTTP/1.1" 200 27
116.233.76.207 - - [11/May/2022:16:45:41 +0800] "GET /xingrg/all/function/internal_message.html?_=1652258747760&CODE_STATE=getMsg HTTP/1.1" 200 27
58.221.95.50 - - [11/May/2022:16:45:47 +0800] "GET /xingrg/check_reg.html?_=1652258747574 HTTP/1.1" 302 -
58.37.4.136 - - [11/May/2022:16:45:57 +0800] "GET /xingrg/all/function/internal_message.html?_=1652258758750&CODE_STATE=getMsg HTTP/1.1" 200 27
218.81.223.53 - - [11/May/2022:16:46:05 +0800] "GET /xingrg/all/function/internal_message.html?_=1652258774418&CODE_STATE=getMsg HTTP/1.1" 200 27
101.85.120.86 - - [11/May/2022:16:46:08 +0800] "GET /xingrg/all/function/internal_message.html?_=1652258766175&CODE_STATE=getMsg HTTP/1.1" 200 27
58.37.4.136 - - [11/May/2022:16:46:12 +0800] "POST /xingrg/kc/buy/cgsh_order_operate.html HTTP/1.1" 200 37
58.37.4.136 - - [11/May/2022:16:46:14 +0800] "POST /xingrg/kc/buy/cgsh_order_operate.html HTTP/1.1" 200 3275
58.37.4.136 - - [11/May/2022:16:46:18 +0800] "GET /xingrg/kc/buy/cgsh_order_add.html HTTP/1.1" 200 67319
58.37.4.136 - - [11/May/2022:16:46:18 +0800] "POST /xingrg/kc/buy/cgsh_order_operate.html HTTP/1.1" 200 8245
58.37.4.136 - - [11/May/2022:16:46:18 +0800] "GET /xingrg/javascript/easyui/themes/default/validatebox.css HTTP/1.1" 404 1104
180.175.103.167 - - [11/May/2022:16:46:19 +0800] "GET /xingrg/all/function/internal_message.html?_=1652258709529&CODE_STATE=getMsg HTTP/1.1" 200 27
180.175.103.167 - - [11/May/2022:16:46:19 +0800] "GET /xingrg/check_reg.html?_=1652258709533 HTTP/1.1" 200 22
58.37.4.136 - - [11/May/2022:16:46:20 +0800] "GET /xingrg/javascript/easyui/themes/default/tree.css HTTP/1.1" 404 1090
58.37.4.136 - - [11/May/2022:16:46:20 +0800] "POST /xingrg/all/common/load_tree.html?tree=supplier_tree_json&isDelete=1 HTTP/1.1" 200 65663
180.175.103.167 - - [11/May/2022:16:46:21 +0800] "GET /xingrg/all/function/internal_message.html?_=1652258780127&CODE_STATE=getMsg HTTP/1.1" 200 27
116.235.92.88 - - [11/May/2022:16:46:23 +0800] "GET /xingrg/all/function/internal_message.html?_=1652258952761&CODE_STATE=getMsg HTTP/1.1" 200 27
58.39.61.91 - - [11/May/2022:16:46:38 +0800] "GET /xingrg/all/function/internal_message.html?_=1652258756510&CODE_STATE=getMsg HTTP/1.1" 200 27
58.39.61.91 - - [11/May/2022:16:46:40 +0800] "GET /xingrg/all/function/internal_message.html?_=1652258798589&CODE_STATE=getMsg HTTP/1.1" 200 27
116.233.76.207 - - [11/May/2022:16:46:41 +0800] "GET /xingrg/all/function/internal_message.html?_=1652258807762&CODE_STATE=getMsg HTTP/1.1" 200 27
116.235.92.88 - - [11/May/2022:16:46:54 +0800] "GET /xingrg/check_reg.html?_=1652258983603 HTTP/1.1" 200 22
58.37.4.136 - - [11/May/2022:16:46:57 +0800] "GET /xingrg/all/function/internal_message.html?_=1652258818768&CODE_STATE=getMsg HTTP/1.1" 200 27
218.81.223.53 - - [11/May/2022:16:47:05 +0800] "GET /xingrg/all/function/internal_message.html?_=1652258834454&CODE_STATE=getMsg HTTP/1.1" 200 27
101.85.120.86 - - [11/May/2022:16:47:09 +0800] "GET /xingrg/all/function/internal_message.html?_=1652258826177&CODE_STATE=getMsg HTTP/1.1" 200 27
180.175.103.167 - - [11/May/2022:16:47:19 +0800] "GET /xingrg/all/function/internal_message.html?_=1652258769533&CODE_STATE=getMsg HTTP/1.1" 200 27
180.175.103.167 - - [11/May/2022:16:47:21 +0800] "GET /xingrg/all/function/internal_message.html?_=1652258840141&CODE_STATE=getMsg HTTP/1.1" 200 27
116.235.92.88 - - [11/May/2022:16:47:23 +0800] "GET /xingrg/all/function/internal_message.html?_=1652259012739&CODE_STATE=getMsg HTTP/1.1" 200 27
58.39.61.91 - - [11/May/2022:16:47:38 +0800] "GET /xingrg/all/function/internal_message.html?_=1652258816518&CODE_STATE=getMsg HTTP/1.1" 200 27
58.39.61.91 - - [11/May/2022:16:47:40 +0800] "GET /xingrg/all/function/internal_message.html?_=1652258858588&CODE_STATE=getMsg HTTP/1.1" 200 27
116.233.76.207 - - [11/May/2022:16:47:41 +0800] "GET /xingrg/all/function/internal_message.html?_=1652258867764&CODE_STATE=getMsg HTTP/1.1" 200 27
58.37.4.136 - - [11/May/2022:16:47:57 +0800] "GET /xingrg/check_reg.html?_=1652258878748 HTTP/1.1" 200 22
58.37.4.136 - - [11/May/2022:16:47:57 +0800] "GET /xingrg/all/function/internal_message.html?_=1652258878751&CODE_STATE=getMsg HTTP/1.1" 200 27
218.81.223.53 - - [11/May/2022:16:48:05 +0800] "GET /xingrg/all/function/internal_message.html?_=1652258894461&CODE_STATE=getMsg HTTP/1.1" 200 27
101.85.120.86 - - [11/May/2022:16:48:08 +0800] "GET /xingrg/all/function/internal_message.html?_=1652258886162&CODE_STATE=getMsg HTTP/1.1" 200 27
180.175.103.167 - - [11/May/2022:16:48:19 +0800] "GET /xingrg/all/function/internal_message.html?_=1652258829534&CODE_STATE=getMsg HTTP/1.1" 200 27
180.175.103.167 - - [11/May/2022:16:48:21 +0800] "GET /xingrg/check_reg.html?_=1652258900125 HTTP/1.1" 200 22
180.175.103.167 - - [11/May/2022:16:48:21 +0800] "GET /xingrg/all/function/internal_message.html?_=1652258900126&CODE_STATE=getMsg HTTP/1.1" 200 27
116.235.92.88 - - [11/May/2022:16:48:23 +0800] "GET /xingrg/all/function/internal_message.html?_=1652259072718&CODE_STATE=getMsg HTTP/1.1" 200 27
58.39.61.91 - - [11/May/2022:16:48:38 +0800] "GET /xingrg/all/function/internal_message.html?_=1652258876536&CODE_STATE=getMsg HTTP/1.1" 200 27
58.39.61.91 - - [11/May/2022:16:48:40 +0800] "GET /xingrg/all/function/internal_message.html?_=1652258918594&CODE_STATE=getMsg HTTP/1.1" 200 27
116.233.76.207 - - [11/May/2022:16:48:41 +0800] "GET /xingrg/all/function/internal_message.html?_=1652258927765&CODE_STATE=getMsg HTTP/1.1" 200 27
116.233.76.207 - - [11/May/2022:16:48:41 +0800] "GET /xingrg/check_reg.html?_=1652258927766 HTTP/1.1" 200 22
58.37.4.136 - - [11/May/2022:16:48:57 +0800] "GET /xingrg/all/function/internal_message.html?_=1652258938752&CODE_STATE=getMsg HTTP/1.1" 200 27
218.81.223.53 - - [11/May/2022:16:49:05 +0800] "GET /xingrg/check_reg.html?_=1652258954297 HTTP/1.1" 200 22
218.81.223.53 - - [11/May/2022:16:49:05 +0800] "GET /xingrg/all/function/internal_message.html?_=1652258954474&CODE_STATE=getMsg HTTP/1.1" 200 27
101.85.120.86 - - [11/May/2022:16:49:08 +0800] "GET /xingrg/all/function/internal_message.html?_=1652258946162&CODE_STATE=getMsg HTTP/1.1" 200 27
101.85.120.86 - - [11/May/2022:16:49:09 +0800] "GET /xingrg/check_reg.html?_=1652258946165 HTTP/1.1" 200 22
180.175.103.167 - - [11/May/2022:16:49:19 +0800] "GET /xingrg/all/function/internal_message.html?_=1652258889534&CODE_STATE=getMsg HTTP/1.1" 200 27
180.175.103.167 - - [11/May/2022:16:49:21 +0800] "GET /xingrg/all/function/internal_message.html?_=1652258960140&CODE_STATE=getMsg HTTP/1.1" 200 27
116.235.92.88 - - [11/May/2022:16:49:23 +0800] "GET /xingrg/all/function/internal_message.html?_=1652259132695&CODE_STATE=getMsg HTTP/1.1" 200 27
58.39.61.91 - - [11/May/2022:16:49:32 +0800] "GET /xingrg/check_reg.html?_=1652258930429 HTTP/1.1" 200 22
58.39.61.91 - - [11/May/2022:16:49:38 +0800] "GET /xingrg/all/function/internal_message.html?_=1652258936544&CODE_STATE=getMsg HTTP/1.1" 200 27
58.39.61.91 - - [11/May/2022:16:49:40 +0800] "GET /xingrg/all/function/internal_message.html?_=1652258978593&CODE_STATE=getMsg HTTP/1.1" 200 27
58.39.61.91 - - [11/May/2022:16:49:40 +0800] "GET /xingrg/check_reg.html?_=1652258978595 HTTP/1.1" 200 22
222.70.180.114 - - [11/May/2022:16:49:41 +0800] "GET /xingrg/check_reg.html?_=1652258978785 HTTP/1.1" 200 22
116.233.76.207 - - [11/May/2022:16:49:41 +0800] "GET /xingrg/all/function/internal_message.html?_=1652258987768&CODE_STATE=getMsg HTTP/1.1" 200 27
58.37.4.136 - - [11/May/2022:16:49:57 +0800] "GET /xingrg/all/function/internal_message.html?_=1652258998763&CODE_STATE=getMsg HTTP/1.1" 200 27
218.81.223.53 - - [11/May/2022:16:50:05 +0800] "GET /xingrg/all/function/internal_message.html?_=1652259014488&CODE_STATE=getMsg HTTP/1.1" 200 27
180.175.103.167 - - [11/May/2022:16:50:06 +0800] "GET /xingrg/kc/buy/buy_main.html HTTP/1.1" 200 12412
180.175.103.167 - - [11/May/2022:16:50:06 +0800] "GET /xingrg/css/new_ie.css HTTP/1.1" 404 1036
180.175.103.167 - - [11/May/2022:16:50:07 +0800] "GET /xingrg/images/yd/bt.gif HTTP/1.1" 404 1040
180.175.103.167 - - [11/May/2022:16:50:07 +0800] "GET /xingrg/kc/buy/cgsh_order_list.html HTTP/1.1" 200 51502
180.175.103.167 - - [11/May/2022:16:50:08 +0800] "POST /xingrg/kc/buy/cgsh_list_operate.html HTTP/1.1" 200 876
101.85.120.86 - - [11/May/2022:16:50:08 +0800] "GET /xingrg/all/function/internal_message.html?_=1652259006164&CODE_STATE=getMsg HTTP/1.1" 200 27
180.175.103.167 - - [11/May/2022:16:50:12 +0800] "GET /xingrg/kc/base/base_main.html HTTP/1.1" 200 12142
180.175.103.167 - - [11/May/2022:16:50:14 +0800] "GET /xingrg/kc/base/wldb_order_list.html HTTP/1.1" 200 19101
180.175.103.167 - - [11/May/2022:16:50:14 +0800] "POST /xingrg/kc/base/wldb_list_operate.html HTTP/1.1" 200 928
180.175.103.167 - - [11/May/2022:16:50:19 +0800] "GET /xingrg/all/function/internal_message.html?_=1652258949542&CODE_STATE=getMsg HTTP/1.1" 200 27
180.175.103.167 - - [11/May/2022:16:50:21 +0800] "GET /xingrg/all/function/internal_message.html?_=1652259020138&CODE_STATE=getMsg HTTP/1.1" 200 27
58.37.4.136 - - [11/May/2022:16:50:22 +0800] "GET /xingrg/kc/buy/cgsh_order_operate.html?command=get_materiel&rest_code=00106&code=00101012046&supplier_code=00100151&order_time=2022-05-11 HTTP/1.1" 200 417
116.235.92.88 - - [11/May/2022:16:50:23 +0800] "GET /xingrg/all/function/internal_message.html?_=1652259192673&CODE_STATE=getMsg HTTP/1.1" 200 27
58.39.61.91 - - [11/May/2022:16:50:38 +0800] "GET /xingrg/all/function/internal_message.html?_=1652258996558&CODE_STATE=getMsg HTTP/1.1" 200 27
58.39.61.91 - - [11/May/2022:16:50:40 +0800] "GET /xingrg/all/function/internal_message.html?_=1652259038607&CODE_STATE=getMsg HTTP/1.1" 200 27
116.233.76.207 - - [11/May/2022:16:50:41 +0800] "GET /xingrg/all/function/internal_message.html?_=1652259047770&CODE_STATE=getMsg HTTP/1.1" 200 27
58.37.4.136 - - [11/May/2022:16:50:55 +0800] "POST /xingrg/kc/buy/cgsh_order_operate.html HTTP/1.1" 200 37
58.37.4.136 - - [11/May/2022:16:50:57 +0800] "GET /xingrg/all/function/internal_message.html?_=1652259058764&CODE_STATE=getMsg HTTP/1.1" 200 27
58.37.4.136 - - [11/May/2022:16:50:58 +0800] "POST /xingrg/kc/buy/cgsh_order_operate.html HTTP/1.1" 200 12
58.37.4.136 - - [11/May/2022:16:50:59 +0800] "GET /xingrg/kc/buy/cgsh_order_info.html?code=212022051100659 HTTP/1.1" 200 62212
58.37.4.136 - - [11/May/2022:16:50:59 +0800] "GET /xingrg/javascript/easyui/themes/default/validatebox.css HTTP/1.1" 404 1104
58.37.4.136 - - [11/May/2022:16:51:00 +0800] "POST /xingrg/kc/buy/cgsh_order_operate.html HTTP/1.1" 200 617
58.37.4.136 - - [11/May/2022:16:51:02 +0800] "GET /xingrg/kc/print/load_config.html?kc_code=cgsh HTTP/1.1" 200 1943
58.37.4.136 - - [11/May/2022:16:51:02 +0800] "GET /xingrg/kc/print/load_data.html?order_code=212022051100659&kc_code=cgsh&condition= HTTP/1.1" 200 688
218.81.223.53 - - [11/May/2022:16:51:05 +0800] "GET /xingrg/all/function/internal_message.html?_=1652259074502&CODE_STATE=getMsg HTTP/1.1" 200 27
101.85.120.86 - - [11/May/2022:16:51:08 +0800] "GET /xingrg/all/function/internal_message.html?_=1652259066164&CODE_STATE=getMsg HTTP/1.1" 200 27
58.37.4.136 - - [11/May/2022:16:51:09 +0800] "POST /xingrg/kc/buy/cgsh_list_operate.html HTTP/1.1" 200 1675
180.175.103.167 - - [11/May/2022:16:51:19 +0800] "GET /xingrg/check_reg.html?_=1652259009539 HTTP/1.1" 200 22
180.175.103.167 - - [11/May/2022:16:51:19 +0800] "GET /xingrg/all/function/internal_message.html?_=1652259009542&CODE_STATE=getMsg HTTP/1.1" 200 27
180.175.103.167 - - [11/May/2022:16:51:21 +0800] "GET /xingrg/all/function/internal_message.html?_=1652259080137&CODE_STATE=getMsg HTTP/1.1" 200 27
116.235.92.88 - - [11/May/2022:16:51:23 +0800] "GET /xingrg/all/function/internal_message.html?_=1652259252649&CODE_STATE=getMsg HTTP/1.1" 200 27
58.37.4.136 - - [11/May/2022:16:51:23 +0800] "POST /xingrg/kc/buy/cgsh_list_operate.html HTTP/1.1" 200 286
58.37.4.136 - - [11/May/2022:16:51:26 +0800] "GET /xingrg/kc/buy/cgsh_order_info.html?code=212022051100658 HTTP/1.1" 200 67318
58.37.4.136 - - [11/May/2022:16:51:26 +0800] "GET /xingrg/javascript/easyui/themes/default/validatebox.css HTTP/1.1" 404 1104
58.37.4.136 - - [11/May/2022:16:51:27 +0800] "POST /xingrg/kc/buy/cgsh_order_operate.html HTTP/1.1" 200 3275
180.157.251.97 - - [11/May/2022:16:51:29 +0800] "POST /xingrg/services/DataTransmitService HTTP/1.1" 200 524
180.157.251.97 - - [11/May/2022:16:51:29 +0800] "POST /xingrg/services/DataTransmitService HTTP/1.1" 200 412
58.37.4.136 - - [11/May/2022:16:51:34 +0800] "POST /xingrg/kc/buy/cgsh_order_operate.html HTTP/1.1" 200 37
58.37.4.136 - - [11/May/2022:16:51:37 +0800] "POST /xingrg/kc/buy/cgsh_order_operate.html HTTP/1.1" 200 12
58.39.61.91 - - [11/May/2022:16:51:38 +0800] "GET /xingrg/all/function/internal_message.html?_=1652259056578&CODE_STATE=getMsg HTTP/1.1" 200 27
58.37.4.136 - - [11/May/2022:16:51:38 +0800] "GET /xingrg/kc/buy/cgsh_order_info.html?code=212022051100658 HTTP/1.1" 200 62212
58.37.4.136 - - [11/May/2022:16:51:39 +0800] "GET /xingrg/javascript/easyui/themes/default/validatebox.css HTTP/1.1" 404 1104
58.37.4.136 - - [11/May/2022:16:51:39 +0800] "POST /xingrg/kc/buy/cgsh_order_operate.html HTTP/1.1" 200 1225
58.39.61.91 - - [11/May/2022:16:51:40 +0800] "GET /xingrg/all/function/internal_message.html?_=1652259098609&CODE_STATE=getMsg HTTP/1.1" 200 27
116.233.76.207 - - [11/May/2022:16:51:41 +0800] "GET /xingrg/all/function/internal_message.html?_=1652259107772&CODE_STATE=getMsg HTTP/1.1" 200 27
58.37.4.136 - - [11/May/2022:16:51:41 +0800] "GET /xingrg/kc/print/load_data.html?order_code=212022051100658&kc_code=cgsh&condition= HTTP/1.1" 200 933
116.235.92.88 - - [11/May/2022:16:51:54 +0800] "GET /xingrg/check_reg.html?_=1652259283600 HTTP/1.1" 200 22
58.37.4.136 - - [11/May/2022:16:51:57 +0800] "GET /xingrg/all/function/internal_message.html?_=1652259118777&CODE_STATE=getMsg HTTP/1.1" 200 27
58.37.4.136 - - [11/May/2022:16:52:01 +0800] "GET /xingrg/kc/buy/cgsh_order_add.html HTTP/1.1" 200 67319
58.37.4.136 - - [11/May/2022:16:52:01 +0800] "POST /xingrg/kc/buy/cgsh_order_operate.html HTTP/1.1" 200 8245
58.37.4.136 - - [11/May/2022:16:52:01 +0800] "GET /xingrg/javascript/easyui/themes/default/validatebox.css HTTP/1.1" 404 1104
58.37.4.136 - - [11/May/2022:16:52:02 +0800] "GET /xingrg/javascript/easyui/themes/default/tree.css HTTP/1.1" 404 1090
58.37.4.136 - - [11/May/2022:16:52:03 +0800] "POST /xingrg/all/common/load_tree.html?tree=supplier_tree_json&isDelete=1 HTTP/1.1" 200 65663
218.81.223.53 - - [11/May/2022:16:52:05 +0800] "GET /xingrg/all/function/internal_message.html?_=1652259134539&CODE_STATE=getMsg HTTP/1.1" 200 27
101.85.120.86 - - [11/May/2022:16:52:09 +0800] "GET /xingrg/all/function/internal_message.html?_=1652259126164&CODE_STATE=getMsg HTTP/1.1" 200 27
180.175.103.167 - - [11/May/2022:16:52:19 +0800] "GET /xingrg/all/function/internal_message.html?_=1652259069541&CODE_STATE=getMsg HTTP/1.1" 200 27
180.175.103.167 - - [11/May/2022:16:52:21 +0800] "GET /xingrg/all/function/internal_message.html?_=1652259140162&CODE_STATE=getMsg HTTP/1.1" 200 27
58.37.4.136 - - [11/May/2022:16:52:21 +0800] "GET /xingrg/kc/buy/cgsh_order_operate.html?command=get_materiel&rest_code=00106&code=00101001140&supplier_code=00100151&order_time=2022-05-11 HTTP/1.1" 200 432
116.235.92.88 - - [11/May/2022:16:52:23 +0800] "GET /xingrg/all/function/internal_message.html?_=1652259312630&CODE_STATE=getMsg HTTP/1.1" 200 27
58.39.61.91 - - [11/May/2022:16:52:38 +0800] "GET /xingrg/all/function/internal_message.html?_=1652259116586&CODE_STATE=getMsg HTTP/1.1" 200 27
58.39.61.91 - - [11/May/2022:16:52:40 +0800] "GET /xingrg/all/function/internal_message.html?_=1652259158594&CODE_STATE=getMsg HTTP/1.1" 200 27
116.233.76.207 - - [11/May/2022:16:52:41 +0800] "GET /xingrg/all/function/internal_message.html?_=1652259167774&CODE_STATE=getMsg HTTP/1.1" 200 27
58.37.4.136 - - [11/May/2022:16:52:48 +0800] "GET /xingrg/kc/buy/cgsh_order_operate.html?command=get_materiel&rest_code=00106&code=00101001040&supplier_code=00100151&order_time=2022-05-11 HTTP/1.1" 200 433
58.37.4.136 - - [11/May/2022:16:52:57 +0800] "GET /xingrg/check_reg.html?_=1652259178783 HTTP/1.1" 200 22
58.37.4.136 - - [11/May/2022:16:52:57 +0800] "GET /xingrg/all/function/internal_message.html?_=1652259178787&CODE_STATE=getMsg HTTP/1.1" 200 27
58.37.4.136 - - [11/May/2022:16:53:02 +0800] "GET /xingrg/kc/buy/cgsh_order_operate.html?command=get_materiel&rest_code=00106&code=00102026001&supplier_code=00100151&order_time=2022-05-11 HTTP/1.1" 200 409
218.81.223.53 - - [11/May/2022:16:53:05 +0800] "GET /xingrg/all/function/internal_message.html?_=1652259194545&CODE_STATE=getMsg HTTP/1.1" 200 27
101.85.120.86 - - [11/May/2022:16:53:09 +0800] "GET /xingrg/all/function/internal_message.html?_=1652259186164&CODE_STATE=getMsg HTTP/1.1" 200 27
58.37.4.136 - - [11/May/2022:16:53:17 +0800] "POST /xingrg/kc/buy/cgsh_order_operate.html HTTP/1.1" 200 37
180.175.103.167 - - [11/May/2022:16:53:19 +0800] "GET /xingrg/all/function/internal_message.html?_=1652259129540&CODE_STATE=getMsg HTTP/1.1" 200 27
58.37.4.136 - - [11/May/2022:16:53:20 +0800] "POST /xingrg/kc/buy/cgsh_order_operate.html HTTP/1.1" 200 12
58.37.4.136 - - [11/May/2022:16:53:21 +0800] "GET /xingrg/kc/buy/cgsh_order_info.html?code=212022051100660 HTTP/1.1" 200 62212
180.175.103.167 - - [11/May/2022:16:53:21 +0800] "GET /xingrg/all/function/internal_message.html?_=1652259200166&CODE_STATE=getMsg HTTP/1.1" 200 27
180.175.103.167 - - [11/May/2022:16:53:21 +0800] "GET /xingrg/check_reg.html?_=1652259200162 HTTP/1.1" 200 22
58.37.4.136 - - [11/May/2022:16:53:21 +0800] "GET /xingrg/javascript/easyui/themes/default/validatebox.css HTTP/1.1" 404 1104
58.37.4.136 - - [11/May/2022:16:53:22 +0800] "POST /xingrg/kc/buy/cgsh_order_operate.html HTTP/1.1" 200 1812
116.235.92.88 - - [11/May/2022:16:53:23 +0800] "GET /xingrg/all/function/internal_message.html?_=1652259372600&CODE_STATE=getMsg HTTP/1.1" 200 27
58.37.4.136 - - [11/May/2022:16:53:24 +0800] "GET /xingrg/kc/print/load_data.html?order_code=212022051100660&kc_code=cgsh&condition= HTTP/1.1" 200 1156
58.39.61.91 - - [11/May/2022:16:53:38 +0800] "GET /xingrg/all/function/internal_message.html?_=1652259176605&CODE_STATE=getMsg HTTP/1.1" 200 27
58.39.61.91 - - [11/May/2022:16:53:40 +0800] "GET /xingrg/all/function/internal_message.html?_=1652259218595&CODE_STATE=getMsg HTTP/1.1" 200 27
116.233.76.207 - - [11/May/2022:16:53:41 +0800] "GET /xingrg/all/function/internal_message.html?_=1652259227776&CODE_STATE=getMsg HTTP/1.1" 200 27
