120.253.135.82 - - [11/May/2022:10:00:53 +0800] "GET /xingrg/kc/pszx/mdps_order_info.html?code=312022051000247 HTTP/1.1" 200 23978
120.253.135.82 - - [11/May/2022:10:00:54 +0800] "POST /xingrg/kc/pszx/mdps_order_operate.html HTTP/1.1" 200 2288
120.253.135.82 - - [11/May/2022:10:00:54 +0800] "GET /xingrg/javascript/easyui/themes/default/validatebox.css HTTP/1.1" 404 1104
180.175.103.167 - - [11/May/2022:10:00:57 +0800] "GET /xingrg/kc/buy/cgsh_order_operate.html?command=get_materiel&rest_code=00105&code=00101006111&supplier_code=00100151&order_time=2022-05-11 HTTP/1.1" 200 409
120.253.135.82 - - [11/May/2022:10:00:58 +0800] "POST /xingrg/kc/pszx/mdps_order_operate.html HTTP/1.1" 200 37
120.253.135.82 - - [11/May/2022:10:00:59 +0800] "POST /xingrg/kc/pszx/mdps_order_operate.html HTTP/1.1" 200 12
120.253.135.82 - - [11/May/2022:10:01:00 +0800] "GET /xingrg/kc/pszx/mdps_order_info.html?code=312022051000247 HTTP/1.1" 200 19638
120.253.135.82 - - [11/May/2022:10:01:01 +0800] "POST /xingrg/kc/pszx/mdps_order_operate.html HTTP/1.1" 200 508
120.253.135.82 - - [11/May/2022:10:01:01 +0800] "GET /xingrg/javascript/easyui/themes/default/validatebox.css HTTP/1.1" 404 1104
120.253.135.82 - - [11/May/2022:10:01:02 +0800] "POST /xingrg/kc/pszx/mdps_list_operate.html HTTP/1.1" 200 2440
120.253.135.82 - - [11/May/2022:10:01:03 +0800] "POST /xingrg/kc/pszx/mdps_list_operate.html HTTP/1.1" 200 622
120.253.135.82 - - [11/May/2022:10:01:06 +0800] "GET /xingrg/kc/pszx/mdps_order_info.html?code=312022051100256 HTTP/1.1" 200 23978
180.175.103.167 - - [11/May/2022:10:01:07 +0800] "POST /xingrg/kc/buy/cgsh_order_operate.html HTTP/1.1" 200 37
120.253.135.82 - - [11/May/2022:10:01:07 +0800] "POST /xingrg/kc/pszx/mdps_order_operate.html HTTP/1.1" 200 4831
114.83.222.235 - - [11/May/2022:10:01:07 +0800] "GET /xingrg/javascript/auto/indicator.gif HTTP/1.1" 404 1066
120.253.135.82 - - [11/May/2022:10:01:07 +0800] "GET /xingrg/javascript/easyui/themes/default/validatebox.css HTTP/1.1" 404 1104
114.83.222.235 - - [11/May/2022:10:01:09 +0800] "GET /xingrg/javascript/jquery_tools/images/prev.gif HTTP/1.1" 404 1086
114.83.222.235 - - [11/May/2022:10:01:09 +0800] "GET /xingrg/javascript/jquery_tools/images/next.gif HTTP/1.1" 404 1086
180.175.103.167 - - [11/May/2022:10:01:10 +0800] "POST /xingrg/kc/buy/cgsh_order_operate.html HTTP/1.1" 200 3256
120.253.135.82 - - [11/May/2022:10:01:11 +0800] "POST /xingrg/kc/pszx/mdps_order_operate.html HTTP/1.1" 200 37
180.175.103.167 - - [11/May/2022:10:01:12 +0800] "GET /xingrg/kc/print/load_config.html?kc_code=cgsh HTTP/1.1" 200 1943
120.253.135.82 - - [11/May/2022:10:01:13 +0800] "POST /xingrg/kc/pszx/mdps_order_operate.html HTTP/1.1" 200 12
180.175.103.167 - - [11/May/2022:10:01:13 +0800] "GET /xingrg/kc/print/load_data.html?order_code=212022051100639&kc_code=cgsh&condition= HTTP/1.1" 200 879
120.253.135.82 - - [11/May/2022:10:01:14 +0800] "GET /xingrg/kc/pszx/mdps_order_info.html?code=312022051100256 HTTP/1.1" 200 19638
120.253.135.82 - - [11/May/2022:10:01:14 +0800] "POST /xingrg/kc/pszx/mdps_order_operate.html HTTP/1.1" 200 3032
120.253.135.82 - - [11/May/2022:10:01:14 +0800] "GET /xingrg/javascript/easyui/themes/default/validatebox.css HTTP/1.1" 404 1104
120.253.135.82 - - [11/May/2022:10:01:17 +0800] "POST /xingrg/kc/pszx/mdps_list_operate.html HTTP/1.1" 200 2068
114.83.222.235 - - [11/May/2022:10:01:17 +0800] "GET /xingrg/kc/buy/cgsh_order_operate.html?command=get_materiel&rest_code=00149&code=00101013011&supplier_code=00100151&order_time=2022-05-11 HTTP/1.1" 200 450
120.253.135.82 - - [11/May/2022:10:01:18 +0800] "POST /xingrg/kc/pszx/mdps_list_operate.html HTTP/1.1" 200 621
120.253.135.82 - - [11/May/2022:10:01:19 +0800] "POST /xingrg/kc/pszx/mdps_list_operate.html HTTP/1.1" 200 595
180.175.103.167 - - [11/May/2022:10:01:20 +0800] "GET /xingrg/all/function/internal_message.html?_=1652234479392&CODE_STATE=getMsg HTTP/1.1" 200 27
114.83.222.235 - - [11/May/2022:10:01:22 +0800] "GET /xingrg/check_reg.html?_=1652234479087 HTTP/1.1" 200 22
114.83.222.235 - - [11/May/2022:10:01:22 +0800] "GET /xingrg/all/function/internal_message.html?_=1652234479088&CODE_STATE=getMsg HTTP/1.1" 200 27
58.221.95.50 - - [11/May/2022:10:01:26 +0800] "GET /xingrg/check_reg.html?_=1652234487549 HTTP/1.1" 302 -
116.235.92.88 - - [11/May/2022:10:01:32 +0800] "GET /xingrg/all/function/internal_message.html?_=1652234662306&CODE_STATE=getMsg HTTP/1.1" 200 27
58.39.61.91 - - [11/May/2022:10:01:32 +0800] "GET /xingrg/all/function/internal_message.html?_=1652234451002&CODE_STATE=getMsg HTTP/1.1" 200 27
114.83.222.235 - - [11/May/2022:10:01:42 +0800] "GET /xingrg/kc/buy/cgsh_order_operate.html?command=get_materiel&rest_code=00149&code=00101011013&supplier_code=00100151&order_time=2022-05-11 HTTP/1.1" 200 412
58.39.61.91 - - [11/May/2022:10:01:49 +0800] "GET /xingrg/check_reg.html?_=1652234508547 HTTP/1.1" 200 22
58.39.61.91 - - [11/May/2022:10:01:49 +0800] "GET /xingrg/all/function/internal_message.html?_=1652234508549&CODE_STATE=getMsg HTTP/1.1" 200 27
116.235.92.88 - - [11/May/2022:10:01:53 +0800] "GET /xingrg/check_reg.html?_=1652234683071 HTTP/1.1" 200 22
120.253.135.82 - - [11/May/2022:10:01:53 +0800] "GET /xingrg/all/function/internal_message.html?_=1652234321953&CODE_STATE=getMsg HTTP/1.1" 200 27
114.83.222.235 - - [11/May/2022:10:02:02 +0800] "GET /xingrg/kc/buy/cgsh_order_operate.html?command=get_materiel&rest_code=00149&code=00101011003&supplier_code=00100151&order_time=2022-05-11 HTTP/1.1" 200 413
114.83.222.235 - - [11/May/2022:10:02:20 +0800] "GET /xingrg/kc/buy/cgsh_order_operate.html?command=get_materiel&rest_code=00149&code=00101008350&supplier_code=00100151&order_time=2022-05-11 HTTP/1.1" 200 408
180.175.103.167 - - [11/May/2022:10:02:20 +0800] "GET /xingrg/all/function/internal_message.html?_=1652234539391&CODE_STATE=getMsg HTTP/1.1" 200 27
114.83.222.235 - - [11/May/2022:10:02:22 +0800] "GET /xingrg/all/function/internal_message.html?_=1652234539091&CODE_STATE=getMsg HTTP/1.1" 200 27
114.83.222.235 - - [11/May/2022:10:02:32 +0800] "GET /xingrg/kc/buy/cgsh_order_operate.html?command=get_materiel&rest_code=00149&code=00101008261&supplier_code=00100151&order_time=2022-05-11 HTTP/1.1" 200 408
116.235.92.88 - - [11/May/2022:10:02:32 +0800] "GET /xingrg/all/function/internal_message.html?_=1652234722288&CODE_STATE=getMsg HTTP/1.1" 200 27
58.39.61.91 - - [11/May/2022:10:02:32 +0800] "GET /xingrg/all/function/internal_message.html?_=1652234511015&CODE_STATE=getMsg HTTP/1.1" 200 27
58.39.61.91 - - [11/May/2022:10:02:49 +0800] "GET /xingrg/all/function/internal_message.html?_=1652234568555&CODE_STATE=getMsg HTTP/1.1" 200 27
120.253.135.82 - - [11/May/2022:10:02:53 +0800] "GET /xingrg/all/function/internal_message.html?_=1652234381955&CODE_STATE=getMsg HTTP/1.1" 200 27
120.253.135.82 - - [11/May/2022:10:03:15 +0800] "GET /xingrg/check_reg.html?_=1652234403625 HTTP/1.1" 200 22
120.253.135.82 - - [11/May/2022:10:03:16 +0800] "POST /xingrg/kc/pszx/mdps_list_operate.html HTTP/1.1" 200 2414
180.175.103.167 - - [11/May/2022:10:03:20 +0800] "GET /xingrg/all/function/internal_message.html?_=1652234599389&CODE_STATE=getMsg HTTP/1.1" 200 27
114.83.222.235 - - [11/May/2022:10:03:22 +0800] "GET /xingrg/kc/buy/cgsh_order_operate.html?command=get_materiel&rest_code=00149&code=00101008361&supplier_code=00100151&order_time=2022-05-11 HTTP/1.1" 200 429
114.83.222.235 - - [11/May/2022:10:03:22 +0800] "GET /xingrg/all/function/internal_message.html?_=1652234599112&CODE_STATE=getMsg HTTP/1.1" 200 27
120.253.135.82 - - [11/May/2022:10:03:22 +0800] "POST /xingrg/kc/pszx/mdps_list_operate.html HTTP/1.1" 200 357
58.39.61.91 - - [11/May/2022:10:03:22 +0800] "POST /xingrg/services/DataTransmitService HTTP/1.1" 200 524
120.253.135.82 - - [11/May/2022:10:03:23 +0800] "GET /xingrg/kc/pszx/mdps_order_info.html?code=312022050900226 HTTP/1.1" 200 23978
120.253.135.82 - - [11/May/2022:10:03:24 +0800] "POST /xingrg/kc/pszx/mdps_order_operate.html HTTP/1.1" 200 3262
120.253.135.82 - - [11/May/2022:10:03:24 +0800] "GET /xingrg/javascript/easyui/themes/default/validatebox.css HTTP/1.1" 404 1104
120.253.135.82 - - [11/May/2022:10:03:29 +0800] "POST /xingrg/kc/pszx/mdps_order_operate.html HTTP/1.1" 200 37
114.88.156.203 - - [11/May/2022:10:03:29 +0800] "POST /xingrg/services/DataTransmitService HTTP/1.1" 200 524
120.253.135.82 - - [11/May/2022:10:03:30 +0800] "POST /xingrg/kc/pszx/mdps_order_operate.html HTTP/1.1" 200 12
116.235.92.88 - - [11/May/2022:10:03:32 +0800] "GET /xingrg/all/function/internal_message.html?_=1652234782270&CODE_STATE=getMsg HTTP/1.1" 200 27
58.39.61.91 - - [11/May/2022:10:03:32 +0800] "GET /xingrg/all/function/internal_message.html?_=1652234571029&CODE_STATE=getMsg HTTP/1.1" 200 27
120.253.135.82 - - [11/May/2022:10:03:41 +0800] "GET /xingrg/kc/pszx/mdps_order_info.html?code=312022050900226 HTTP/1.1" 200 19638
120.253.135.82 - - [11/May/2022:10:03:42 +0800] "POST /xingrg/kc/pszx/mdps_order_operate.html HTTP/1.1" 200 1476
120.253.135.82 - - [11/May/2022:10:03:42 +0800] "GET /xingrg/javascript/easyui/themes/default/validatebox.css HTTP/1.1" 404 1104
120.253.135.82 - - [11/May/2022:10:03:43 +0800] "POST /xingrg/kc/pszx/mdps_list_operate.html HTTP/1.1" 200 2043
114.83.222.235 - - [11/May/2022:10:03:44 +0800] "GET /xingrg/kc/buy/cgsh_order_operate.html?command=get_materiel&rest_code=00149&code=00101008087&supplier_code=00100151&order_time=2022-05-11 HTTP/1.1" 200 412
120.253.135.82 - - [11/May/2022:10:03:45 +0800] "POST /xingrg/kc/pszx/mdps_list_operate.html HTTP/1.1" 200 298
120.253.135.82 - - [11/May/2022:10:03:46 +0800] "GET /xingrg/kc/pszx/mdps_order_info.html?code=312022051100253 HTTP/1.1" 200 23972
120.253.135.82 - - [11/May/2022:10:03:46 +0800] "POST /xingrg/kc/pszx/mdps_order_operate.html HTTP/1.1" 200 2814
120.253.135.82 - - [11/May/2022:10:03:47 +0800] "GET /xingrg/javascript/easyui/themes/default/validatebox.css HTTP/1.1" 404 1104
58.39.61.91 - - [11/May/2022:10:03:49 +0800] "GET /xingrg/all/function/internal_message.html?_=1652234628554&CODE_STATE=getMsg HTTP/1.1" 200 27
120.253.135.82 - - [11/May/2022:10:03:51 +0800] "POST /xingrg/kc/pszx/mdps_order_operate.html HTTP/1.1" 200 37
120.253.135.82 - - [11/May/2022:10:03:53 +0800] "POST /xingrg/kc/pszx/mdps_order_operate.html HTTP/1.1" 200 12
120.253.135.82 - - [11/May/2022:10:04:05 +0800] "GET /xingrg/kc/pszx/mdps_order_info.html?code=312022051100253 HTTP/1.1" 200 19632
120.253.135.82 - - [11/May/2022:10:04:05 +0800] "POST /xingrg/kc/pszx/mdps_order_operate.html HTTP/1.1" 200 1031
120.253.135.82 - - [11/May/2022:10:04:05 +0800] "GET /xingrg/javascript/easyui/themes/default/validatebox.css HTTP/1.1" 404 1104
120.253.135.82 - - [11/May/2022:10:04:06 +0800] "GET /xingrg/all/function/internal_message.html?_=1652234454637&CODE_STATE=getMsg HTTP/1.1" 200 27
120.253.135.82 - - [11/May/2022:10:04:07 +0800] "POST /xingrg/kc/pszx/mdps_list_operate.html HTTP/1.1" 200 1681
120.253.135.82 - - [11/May/2022:10:04:08 +0800] "POST /xingrg/kc/pszx/mdps_list_operate.html HTTP/1.1" 200 221
180.175.103.167 - - [11/May/2022:10:04:20 +0800] "GET /xingrg/all/function/internal_message.html?_=1652234659389&CODE_STATE=getMsg HTTP/1.1" 200 27
114.83.222.235 - - [11/May/2022:10:04:22 +0800] "GET /xingrg/all/function/internal_message.html?_=1652234659090&CODE_STATE=getMsg HTTP/1.1" 200 27
58.39.61.91 - - [11/May/2022:10:04:31 +0800] "GET /xingrg/check_reg.html?_=1652234629982 HTTP/1.1" 200 22
116.235.92.88 - - [11/May/2022:10:04:32 +0800] "GET /xingrg/all/function/internal_message.html?_=1652234842247&CODE_STATE=getMsg HTTP/1.1" 200 27
58.39.61.91 - - [11/May/2022:10:04:32 +0800] "GET /xingrg/all/function/internal_message.html?_=1652234631043&CODE_STATE=getMsg HTTP/1.1" 200 27
222.70.180.114 - - [11/May/2022:10:04:41 +0800] "GET /xingrg/check_reg.html?_=1652234680021 HTTP/1.1" 200 22
58.39.61.91 - - [11/May/2022:10:04:49 +0800] "GET /xingrg/all/function/internal_message.html?_=1652234688558&CODE_STATE=getMsg HTTP/1.1" 200 27
120.253.135.82 - - [11/May/2022:10:05:06 +0800] "GET /xingrg/all/function/internal_message.html?_=1652234514651&CODE_STATE=getMsg HTTP/1.1" 200 27
120.253.135.82 - - [11/May/2022:10:05:17 +0800] "POST /xingrg/kc/pszx/mdps_list_operate.html HTTP/1.1" 200 2064
120.253.135.82 - - [11/May/2022:10:05:18 +0800] "POST /xingrg/kc/pszx/mdps_list_operate.html HTTP/1.1" 200 282
120.253.135.82 - - [11/May/2022:10:05:19 +0800] "GET /xingrg/kc/pszx/mdps_order_info.html?code=312022051100260 HTTP/1.1" 200 23978
120.253.135.82 - - [11/May/2022:10:05:19 +0800] "POST /xingrg/kc/pszx/mdps_order_operate.html HTTP/1.1" 200 2782
120.253.135.82 - - [11/May/2022:10:05:19 +0800] "GET /xingrg/javascript/easyui/themes/default/validatebox.css HTTP/1.1" 404 1104
180.175.103.167 - - [11/May/2022:10:05:20 +0800] "GET /xingrg/check_reg.html?_=1652234719390 HTTP/1.1" 200 22
180.175.103.167 - - [11/May/2022:10:05:20 +0800] "GET /xingrg/all/function/internal_message.html?_=1652234719393&CODE_STATE=getMsg HTTP/1.1" 200 27
114.83.222.235 - - [11/May/2022:10:05:22 +0800] "GET /xingrg/all/function/internal_message.html?_=1652234719098&CODE_STATE=getMsg HTTP/1.1" 200 27
120.253.135.82 - - [11/May/2022:10:05:24 +0800] "POST /xingrg/kc/pszx/mdps_order_operate.html HTTP/1.1" 200 37
120.253.135.82 - - [11/May/2022:10:05:25 +0800] "GET /xingrg/kc/pszx/mdps_order_info.html?code=312022051100260 HTTP/1.1" 200 23978
120.253.135.82 - - [11/May/2022:10:05:26 +0800] "POST /xingrg/kc/pszx/mdps_order_operate.html HTTP/1.1" 200 2283
120.253.135.82 - - [11/May/2022:10:05:26 +0800] "GET /xingrg/javascript/easyui/themes/default/validatebox.css HTTP/1.1" 404 1104
120.253.135.82 - - [11/May/2022:10:05:27 +0800] "GET /xingrg/kc/print/load_data.html?order_code=312022051100260&kc_code=mdps&condition= HTTP/1.1" 200 668
116.235.92.88 - - [11/May/2022:10:05:32 +0800] "GET /xingrg/all/function/internal_message.html?_=1652234902217&CODE_STATE=getMsg HTTP/1.1" 200 27
58.39.61.91 - - [11/May/2022:10:05:32 +0800] "GET /xingrg/all/function/internal_message.html?_=1652234691057&CODE_STATE=getMsg HTTP/1.1" 200 27
58.39.61.91 - - [11/May/2022:10:05:49 +0800] "GET /xingrg/all/function/internal_message.html?_=1652234748576&CODE_STATE=getMsg HTTP/1.1" 200 27
120.253.135.82 - - [11/May/2022:10:06:06 +0800] "GET /xingrg/all/function/internal_message.html?_=1652234574663&CODE_STATE=getMsg HTTP/1.1" 200 27
180.175.103.167 - - [11/May/2022:10:06:20 +0800] "GET /xingrg/all/function/internal_message.html?_=1652234779392&CODE_STATE=getMsg HTTP/1.1" 200 27
114.83.222.235 - - [11/May/2022:10:06:22 +0800] "GET /xingrg/all/function/internal_message.html?_=1652234779093&CODE_STATE=getMsg HTTP/1.1" 200 27
114.83.222.235 - - [11/May/2022:10:06:22 +0800] "GET /xingrg/check_reg.html?_=1652234779096 HTTP/1.1" 200 22
58.221.95.50 - - [11/May/2022:10:06:26 +0800] "GET /xingrg/check_reg.html?_=1652234787578 HTTP/1.1" 302 -
116.235.92.88 - - [11/May/2022:10:06:32 +0800] "GET /xingrg/all/function/internal_message.html?_=1652234962194&CODE_STATE=getMsg HTTP/1.1" 200 27
58.39.61.91 - - [11/May/2022:10:06:32 +0800] "GET /xingrg/all/function/internal_message.html?_=1652234751070&CODE_STATE=getMsg HTTP/1.1" 200 27
120.253.135.82 - - [11/May/2022:10:06:48 +0800] "POST /xingrg/kc/pszx/mdps_list_operate.html HTTP/1.1" 200 2063
58.39.61.91 - - [11/May/2022:10:06:49 +0800] "GET /xingrg/check_reg.html?_=1652234808575 HTTP/1.1" 200 22
58.39.61.91 - - [11/May/2022:10:06:49 +0800] "GET /xingrg/all/function/internal_message.html?_=1652234808580&CODE_STATE=getMsg HTTP/1.1" 200 27
116.235.92.88 - - [11/May/2022:10:06:53 +0800] "GET /xingrg/check_reg.html?_=1652234983068 HTTP/1.1" 200 22
120.253.135.82 - - [11/May/2022:10:06:54 +0800] "POST /xingrg/kc/pszx/mdps_list_operate.html HTTP/1.1" 200 2409
120.253.135.82 - - [11/May/2022:10:06:55 +0800] "POST /xingrg/kc/pszx/mdps_list_operate.html HTTP/1.1" 200 357
120.253.135.82 - - [11/May/2022:10:07:02 +0800] "GET /xingrg/kc/pszx/mdps_order_info.html?code=312022050900233 HTTP/1.1" 200 23972
120.253.135.82 - - [11/May/2022:10:07:03 +0800] "POST /xingrg/kc/pszx/mdps_order_operate.html HTTP/1.1" 200 3260
120.253.135.82 - - [11/May/2022:10:07:03 +0800] "GET /xingrg/javascript/easyui/themes/default/validatebox.css HTTP/1.1" 404 1104
120.253.135.82 - - [11/May/2022:10:07:06 +0800] "GET /xingrg/all/function/internal_message.html?_=1652234634678&CODE_STATE=getMsg HTTP/1.1" 200 27
180.175.103.167 - - [11/May/2022:10:07:20 +0800] "GET /xingrg/all/function/internal_message.html?_=1652234839392&CODE_STATE=getMsg HTTP/1.1" 200 27
114.83.222.235 - - [11/May/2022:10:07:22 +0800] "GET /xingrg/all/function/internal_message.html?_=1652234839101&CODE_STATE=getMsg HTTP/1.1" 200 27
120.253.135.82 - - [11/May/2022:10:07:22 +0800] "POST /xingrg/kc/pszx/mdps_order_operate.html HTTP/1.1" 200 37
120.253.135.82 - - [11/May/2022:10:07:24 +0800] "POST /xingrg/kc/pszx/mdps_order_operate.html HTTP/1.1" 200 12
120.253.135.82 - - [11/May/2022:10:07:29 +0800] "GET /xingrg/kc/pszx/mdps_order_info.html?code=312022050900233 HTTP/1.1" 200 19632
120.253.135.82 - - [11/May/2022:10:07:30 +0800] "POST /xingrg/kc/pszx/mdps_order_operate.html HTTP/1.1" 200 1476
120.253.135.82 - - [11/May/2022:10:07:30 +0800] "GET /xingrg/javascript/easyui/themes/default/validatebox.css HTTP/1.1" 404 1104
120.253.135.82 - - [11/May/2022:10:07:31 +0800] "POST /xingrg/kc/pszx/mdps_list_operate.html HTTP/1.1" 200 2047
116.235.92.88 - - [11/May/2022:10:07:32 +0800] "GET /xingrg/all/function/internal_message.html?_=1652235022172&CODE_STATE=getMsg HTTP/1.1" 200 27
58.39.61.91 - - [11/May/2022:10:07:32 +0800] "GET /xingrg/all/function/internal_message.html?_=1652234811088&CODE_STATE=getMsg HTTP/1.1" 200 27
120.253.135.82 - - [11/May/2022:10:07:38 +0800] "POST /xingrg/kc/pszx/mdps_list_operate.html HTTP/1.1" 200 361
120.253.135.82 - - [11/May/2022:10:07:39 +0800] "GET /xingrg/kc/pszx/mdps_order_info.html?code=312022051100254 HTTP/1.1" 200 23974
120.253.135.82 - - [11/May/2022:10:07:39 +0800] "POST /xingrg/kc/pszx/mdps_order_operate.html HTTP/1.1" 200 3273
120.253.135.82 - - [11/May/2022:10:07:39 +0800] "GET /xingrg/javascript/easyui/themes/default/validatebox.css HTTP/1.1" 404 1104
120.253.135.82 - - [11/May/2022:10:07:46 +0800] "POST /xingrg/kc/pszx/mdps_order_operate.html HTTP/1.1" 200 37
120.253.135.82 - - [11/May/2022:10:07:48 +0800] "POST /xingrg/kc/pszx/mdps_order_operate.html HTTP/1.1" 200 12
120.253.135.82 - - [11/May/2022:10:07:49 +0800] "GET /xingrg/kc/pszx/mdps_order_info.html?code=312022051100254 HTTP/1.1" 200 19634
120.253.135.82 - - [11/May/2022:10:07:49 +0800] "POST /xingrg/kc/pszx/mdps_order_operate.html HTTP/1.1" 200 1486
120.253.135.82 - - [11/May/2022:10:07:49 +0800] "GET /xingrg/javascript/easyui/themes/default/validatebox.css HTTP/1.1" 404 1104
58.39.61.91 - - [11/May/2022:10:07:49 +0800] "GET /xingrg/all/function/internal_message.html?_=1652234868579&CODE_STATE=getMsg HTTP/1.1" 200 27
120.253.135.82 - - [11/May/2022:10:07:50 +0800] "POST /xingrg/kc/pszx/mdps_list_operate.html HTTP/1.1" 200 1681
120.253.135.82 - - [11/May/2022:10:07:51 +0800] "POST /xingrg/kc/pszx/mdps_list_operate.html HTTP/1.1" 200 382
120.253.135.82 - - [11/May/2022:10:07:57 +0800] "GET /xingrg/kc/pszx/mdps_order_info.html?code=312022051100255 HTTP/1.1" 200 23972
120.253.135.82 - - [11/May/2022:10:07:58 +0800] "POST /xingrg/kc/pszx/mdps_order_operate.html HTTP/1.1" 200 3328
120.253.135.82 - - [11/May/2022:10:07:58 +0800] "GET /xingrg/javascript/easyui/themes/default/validatebox.css HTTP/1.1" 404 1104
120.253.135.82 - - [11/May/2022:10:08:02 +0800] "POST /xingrg/kc/pszx/mdps_order_operate.html HTTP/1.1" 200 37
120.253.135.82 - - [11/May/2022:10:08:04 +0800] "POST /xingrg/kc/pszx/mdps_order_operate.html HTTP/1.1" 200 12
120.253.135.82 - - [11/May/2022:10:08:06 +0800] "GET /xingrg/kc/pszx/mdps_order_info.html?code=312022051100255 HTTP/1.1" 200 19632
120.253.135.82 - - [11/May/2022:10:08:06 +0800] "GET /xingrg/all/function/internal_message.html?_=1652234694691&CODE_STATE=getMsg HTTP/1.1" 200 27
120.253.135.82 - - [11/May/2022:10:08:06 +0800] "POST /xingrg/kc/pszx/mdps_order_operate.html HTTP/1.1" 200 1541
120.253.135.82 - - [11/May/2022:10:08:06 +0800] "GET /xingrg/javascript/easyui/themes/default/validatebox.css HTTP/1.1" 404 1104
120.253.135.82 - - [11/May/2022:10:08:15 +0800] "GET /xingrg/check_reg.html?_=1652234703630 HTTP/1.1" 200 22
180.175.103.167 - - [11/May/2022:10:08:20 +0800] "GET /xingrg/all/function/internal_message.html?_=1652234899391&CODE_STATE=getMsg HTTP/1.1" 200 27
114.83.222.235 - - [11/May/2022:10:08:22 +0800] "GET /xingrg/all/function/internal_message.html?_=1652234899109&CODE_STATE=getMsg HTTP/1.1" 200 27
116.235.92.88 - - [11/May/2022:10:08:32 +0800] "GET /xingrg/all/function/internal_message.html?_=1652235082153&CODE_STATE=getMsg HTTP/1.1" 200 27
58.39.61.91 - - [11/May/2022:10:08:32 +0800] "GET /xingrg/all/function/internal_message.html?_=1652234871097&CODE_STATE=getMsg HTTP/1.1" 200 27
120.253.135.82 - - [11/May/2022:10:08:42 +0800] "POST /xingrg/kc/pszx/mdps_list_operate.html HTTP/1.1" 200 868
58.39.61.91 - - [11/May/2022:10:08:49 +0800] "GET /xingrg/all/function/internal_message.html?_=1652234928577&CODE_STATE=getMsg HTTP/1.1" 200 27
120.253.135.82 - - [11/May/2022:10:08:54 +0800] "POST /xingrg/kc/pszx/mdps_list_operate.html HTTP/1.1" 200 1688
120.253.135.82 - - [11/May/2022:10:08:55 +0800] "POST /xingrg/kc/pszx/mdps_list_operate.html HTTP/1.1" 200 204
120.253.135.82 - - [11/May/2022:10:08:55 +0800] "GET /xingrg/kc/pszx/mdps_order_info.html?code=312022051100259 HTTP/1.1" 200 23978
120.253.135.82 - - [11/May/2022:10:08:56 +0800] "POST /xingrg/kc/pszx/mdps_order_operate.html HTTP/1.1" 200 2283
120.253.135.82 - - [11/May/2022:10:08:56 +0800] "GET /xingrg/javascript/easyui/themes/default/validatebox.css HTTP/1.1" 404 1104
120.253.135.82 - - [11/May/2022:10:09:00 +0800] "POST /xingrg/kc/pszx/mdps_order_operate.html HTTP/1.1" 200 37
120.253.135.82 - - [11/May/2022:10:09:01 +0800] "POST /xingrg/kc/pszx/mdps_order_operate.html HTTP/1.1" 200 12
120.253.135.82 - - [11/May/2022:10:09:02 +0800] "GET /xingrg/kc/pszx/mdps_order_info.html?code=312022051100259 HTTP/1.1" 200 19638
120.253.135.82 - - [11/May/2022:10:09:03 +0800] "POST /xingrg/kc/pszx/mdps_order_operate.html HTTP/1.1" 200 504
120.253.135.82 - - [11/May/2022:10:09:03 +0800] "GET /xingrg/javascript/easyui/themes/default/validatebox.css HTTP/1.1" 404 1104
120.253.135.82 - - [11/May/2022:10:09:06 +0800] "GET /xingrg/all/function/internal_message.html?_=1652234754705&CODE_STATE=getMsg HTTP/1.1" 200 27
180.175.103.167 - - [11/May/2022:10:09:20 +0800] "GET /xingrg/all/function/internal_message.html?_=1652234959390&CODE_STATE=getMsg HTTP/1.1" 200 27
114.83.222.235 - - [11/May/2022:10:09:22 +0800] "GET /xingrg/all/function/internal_message.html?_=1652234959105&CODE_STATE=getMsg HTTP/1.1" 200 27
120.253.135.82 - - [11/May/2022:10:09:26 +0800] "POST /xingrg/kc/pszx/mdps_list_operate.html HTTP/1.1" 200 868
58.39.61.91 - - [11/May/2022:10:09:31 +0800] "GET /xingrg/check_reg.html?_=1652234929991 HTTP/1.1" 200 22
116.235.92.88 - - [11/May/2022:10:09:32 +0800] "GET /xingrg/all/function/internal_message.html?_=1652235142122&CODE_STATE=getMsg HTTP/1.1" 200 27
58.39.61.91 - - [11/May/2022:10:09:32 +0800] "GET /xingrg/all/function/internal_message.html?_=1652234931110&CODE_STATE=getMsg HTTP/1.1" 200 27
222.70.180.114 - - [11/May/2022:10:09:41 +0800] "GET /xingrg/check_reg.html?_=1652234979998 HTTP/1.1" 200 22
58.39.61.91 - - [11/May/2022:10:09:49 +0800] "GET /xingrg/all/function/internal_message.html?_=1652234988581&CODE_STATE=getMsg HTTP/1.1" 200 27
120.253.135.82 - - [11/May/2022:10:09:50 +0800] "POST /xingrg/kc/pszx/mdps_list_operate.html HTTP/1.1" 200 2064
120.253.135.82 - - [11/May/2022:10:09:52 +0800] "POST /xingrg/kc/pszx/mdps_list_operate.html HTTP/1.1" 200 357
120.253.135.82 - - [11/May/2022:10:09:52 +0800] "GET /xingrg/kc/pszx/mdps_order_info.html?code=312022050900236 HTTP/1.1" 200 23978
120.253.135.82 - - [11/May/2022:10:09:53 +0800] "POST /xingrg/kc/pszx/mdps_order_operate.html HTTP/1.1" 200 3260
120.253.135.82 - - [11/May/2022:10:09:53 +0800] "GET /xingrg/javascript/easyui/themes/default/validatebox.css HTTP/1.1" 404 1104
120.253.135.82 - - [11/May/2022:10:10:00 +0800] "POST /xingrg/kc/pszx/mdps_order_operate.html HTTP/1.1" 200 37
120.253.135.82 - - [11/May/2022:10:10:02 +0800] "POST /xingrg/kc/pszx/mdps_order_operate.html HTTP/1.1" 200 12
120.253.135.82 - - [11/May/2022:10:10:03 +0800] "GET /xingrg/kc/pszx/mdps_order_info.html?code=312022050900236 HTTP/1.1" 200 19638
120.253.135.82 - - [11/May/2022:10:10:03 +0800] "POST /xingrg/kc/pszx/mdps_order_operate.html HTTP/1.1" 200 1476
120.253.135.82 - - [11/May/2022:10:10:03 +0800] "GET /xingrg/javascript/easyui/themes/default/validatebox.css HTTP/1.1" 404 1104
120.253.135.82 - - [11/May/2022:10:10:05 +0800] "POST /xingrg/kc/pszx/mdps_list_operate.html HTTP/1.1" 200 1693
120.253.135.82 - - [11/May/2022:10:10:06 +0800] "POST /xingrg/kc/pszx/mdps_list_operate.html HTTP/1.1" 200 210
120.253.135.82 - - [11/May/2022:10:10:06 +0800] "GET /xingrg/all/function/internal_message.html?_=1652234814823&CODE_STATE=getMsg HTTP/1.1" 200 27
120.253.135.82 - - [11/May/2022:10:10:06 +0800] "GET /xingrg/kc/pszx/mdps_order_info.html?code=312022051000244 HTTP/1.1" 200 23980
120.253.135.82 - - [11/May/2022:10:10:07 +0800] "POST /xingrg/kc/pszx/mdps_order_operate.html HTTP/1.1" 200 2289
120.253.135.82 - - [11/May/2022:10:10:07 +0800] "GET /xingrg/javascript/easyui/themes/default/validatebox.css HTTP/1.1" 404 1104
120.253.135.82 - - [11/May/2022:10:10:11 +0800] "POST /xingrg/kc/pszx/mdps_order_operate.html HTTP/1.1" 200 37
120.253.135.82 - - [11/May/2022:10:10:12 +0800] "POST /xingrg/kc/pszx/mdps_order_operate.html HTTP/1.1" 200 12
180.175.103.167 - - [11/May/2022:10:10:20 +0800] "GET /xingrg/check_reg.html?_=1652235019392 HTTP/1.1" 200 22
180.175.103.167 - - [11/May/2022:10:10:20 +0800] "GET /xingrg/all/function/internal_message.html?_=1652235019395&CODE_STATE=getMsg HTTP/1.1" 200 27
114.83.222.235 - - [11/May/2022:10:10:22 +0800] "GET /xingrg/all/function/internal_message.html?_=1652235019102&CODE_STATE=getMsg HTTP/1.1" 200 27
116.235.92.88 - - [11/May/2022:10:10:32 +0800] "GET /xingrg/all/function/internal_message.html?_=1652235202098&CODE_STATE=getMsg HTTP/1.1" 200 27
58.39.61.91 - - [11/May/2022:10:10:32 +0800] "GET /xingrg/all/function/internal_message.html?_=1652234991124&CODE_STATE=getMsg HTTP/1.1" 200 27
120.253.135.82 - - [11/May/2022:10:10:45 +0800] "GET /xingrg/kc/pszx/mdps_order_info.html?code=312022051000244 HTTP/1.1" 200 19640
120.253.135.82 - - [11/May/2022:10:10:46 +0800] "POST /xingrg/kc/pszx/mdps_order_operate.html HTTP/1.1" 200 509
120.253.135.82 - - [11/May/2022:10:10:46 +0800] "GET /xingrg/javascript/easyui/themes/default/validatebox.css HTTP/1.1" 404 1104
120.253.135.82 - - [11/May/2022:10:10:46 +0800] "POST /xingrg/kc/pszx/mdps_list_operate.html HTTP/1.1" 200 868
58.39.61.91 - - [11/May/2022:10:10:49 +0800] "GET /xingrg/all/function/internal_message.html?_=1652235048580&CODE_STATE=getMsg HTTP/1.1" 200 27
120.253.135.82 - - [11/May/2022:10:10:59 +0800] "POST /xingrg/kc/pszx/mdps_list_operate.html HTTP/1.1" 200 2063
120.253.135.82 - - [11/May/2022:10:11:01 +0800] "POST /xingrg/kc/pszx/mdps_list_operate.html HTTP/1.1" 200 210
120.253.135.82 - - [11/May/2022:10:11:03 +0800] "POST /xingrg/kc/pszx/mdps_list_operate.html HTTP/1.1" 200 204
120.253.135.82 - - [11/May/2022:10:11:06 +0800] "GET /xingrg/kc/pszx/mdps_order_info.html?code=312022051000249 HTTP/1.1" 200 23980
120.253.135.82 - - [11/May/2022:10:11:06 +0800] "GET /xingrg/all/function/internal_message.html?_=1652234875003&CODE_STATE=getMsg HTTP/1.1" 200 27
120.253.135.82 - - [11/May/2022:10:11:06 +0800] "POST /xingrg/kc/pszx/mdps_order_operate.html HTTP/1.1" 200 2289
120.253.135.82 - - [11/May/2022:10:11:06 +0800] "GET /xingrg/javascript/easyui/themes/default/validatebox.css HTTP/1.1" 404 1104
120.253.135.82 - - [11/May/2022:10:11:13 +0800] "POST /xingrg/kc/pszx/mdps_order_operate.html HTTP/1.1" 200 37
120.253.135.82 - - [11/May/2022:10:11:15 +0800] "POST /xingrg/kc/pszx/mdps_order_operate.html HTTP/1.1" 200 12
120.253.135.82 - - [11/May/2022:10:11:16 +0800] "GET /xingrg/kc/pszx/mdps_order_info.html?code=312022051000249 HTTP/1.1" 200 19640
180.156.212.250 - - [11/May/2022:10:11:16 +0800] "POST /xingrg/services/DataTransmitService HTTP/1.1" 200 524
120.253.135.82 - - [11/May/2022:10:11:17 +0800] "POST /xingrg/kc/pszx/mdps_order_operate.html HTTP/1.1" 200 509
120.253.135.82 - - [11/May/2022:10:11:17 +0800] "GET /xingrg/javascript/easyui/themes/default/validatebox.css HTTP/1.1" 404 1104
120.253.135.82 - - [11/May/2022:10:11:17 +0800] "POST /xingrg/kc/pszx/mdps_list_operate.html HTTP/1.1" 200 1688
120.253.135.82 - - [11/May/2022:10:11:19 +0800] "POST /xingrg/kc/pszx/mdps_list_operate.html HTTP/1.1" 200 204
180.175.103.167 - - [11/May/2022:10:11:20 +0800] "GET /xingrg/all/function/internal_message.html?_=1652235079395&CODE_STATE=getMsg HTTP/1.1" 200 27
120.253.135.82 - - [11/May/2022:10:11:21 +0800] "GET /xingrg/kc/pszx/mdps_order_info.html?code=312022051100260 HTTP/1.1" 200 23978
120.253.135.82 - - [11/May/2022:10:11:21 +0800] "POST /xingrg/kc/pszx/mdps_order_operate.html HTTP/1.1" 200 2283
120.253.135.82 - - [11/May/2022:10:11:21 +0800] "GET /xingrg/javascript/easyui/themes/default/validatebox.css HTTP/1.1" 404 1104
114.83.222.235 - - [11/May/2022:10:11:22 +0800] "GET /xingrg/check_reg.html?_=1652235079122 HTTP/1.1" 200 22
114.83.222.235 - - [11/May/2022:10:11:22 +0800] "GET /xingrg/all/function/internal_message.html?_=1652235079125&CODE_STATE=getMsg HTTP/1.1" 200 27
58.221.95.50 - - [11/May/2022:10:11:26 +0800] "GET /xingrg/check_reg.html?_=1652235087555 HTTP/1.1" 302 -
120.253.135.82 - - [11/May/2022:10:11:27 +0800] "POST /xingrg/kc/pszx/mdps_order_operate.html HTTP/1.1" 200 37
120.253.135.82 - - [11/May/2022:10:11:29 +0800] "POST /xingrg/kc/pszx/mdps_order_operate.html HTTP/1.1" 200 12
120.253.135.82 - - [11/May/2022:10:11:30 +0800] "GET /xingrg/kc/pszx/mdps_order_info.html?code=312022051100260 HTTP/1.1" 200 19638
120.253.135.82 - - [11/May/2022:10:11:31 +0800] "POST /xingrg/kc/pszx/mdps_order_operate.html HTTP/1.1" 200 504
120.253.135.82 - - [11/May/2022:10:11:31 +0800] "GET /xingrg/javascript/easyui/themes/default/validatebox.css HTTP/1.1" 404 1104
116.235.92.88 - - [11/May/2022:10:11:32 +0800] "GET /xingrg/all/function/internal_message.html?_=1652235262071&CODE_STATE=getMsg HTTP/1.1" 200 27
58.39.61.91 - - [11/May/2022:10:11:32 +0800] "GET /xingrg/all/function/internal_message.html?_=1652235051138&CODE_STATE=getMsg HTTP/1.1" 200 27
58.39.61.91 - - [11/May/2022:10:11:49 +0800] "GET /xingrg/all/function/internal_message.html?_=1652235108587&CODE_STATE=getMsg HTTP/1.1" 200 27
58.39.61.91 - - [11/May/2022:10:11:50 +0800] "GET /xingrg/check_reg.html?_=1652235108588 HTTP/1.1" 200 22
120.253.135.82 - - [11/May/2022:10:11:53 +0800] "POST /xingrg/kc/pszx/mdps_list_operate.html HTTP/1.1" 200 868
116.235.92.88 - - [11/May/2022:10:11:53 +0800] "GET /xingrg/check_reg.html?_=1652235283068 HTTP/1.1" 200 22
120.253.135.82 - - [11/May/2022:10:12:04 +0800] "POST /xingrg/kc/pszx/mdps_list_operate.html HTTP/1.1" 200 2066
120.253.135.82 - - [11/May/2022:10:12:06 +0800] "POST /xingrg/kc/pszx/mdps_list_operate.html HTTP/1.1" 200 211
120.253.135.82 - - [11/May/2022:10:12:06 +0800] "GET /xingrg/all/function/internal_message.html?_=1652234935011&CODE_STATE=getMsg HTTP/1.1" 200 27
120.253.135.82 - - [11/May/2022:10:12:07 +0800] "POST /xingrg/kc/pszx/mdps_list_operate.html HTTP/1.1" 200 566
120.253.135.82 - - [11/May/2022:10:12:10 +0800] "GET /xingrg/kc/pszx/mdps_order_info.html?code=312022051100257 HTTP/1.1" 200 23978
120.253.135.82 - - [11/May/2022:10:12:10 +0800] "POST /xingrg/kc/pszx/mdps_order_operate.html HTTP/1.1" 200 2304
120.253.135.82 - - [11/May/2022:10:12:10 +0800] "GET /xingrg/javascript/easyui/themes/default/validatebox.css HTTP/1.1" 404 1104
120.253.135.82 - - [11/May/2022:10:12:17 +0800] "POST /xingrg/kc/pszx/mdps_order_operate.html HTTP/1.1" 200 37
120.253.135.82 - - [11/May/2022:10:12:19 +0800] "POST /xingrg/kc/pszx/mdps_order_operate.html HTTP/1.1" 200 12
120.253.135.82 - - [11/May/2022:10:12:20 +0800] "GET /xingrg/kc/pszx/mdps_order_info.html?code=312022051100257 HTTP/1.1" 200 19638
180.175.103.167 - - [11/May/2022:10:12:20 +0800] "GET /xingrg/all/function/internal_message.html?_=1652235139394&CODE_STATE=getMsg HTTP/1.1" 200 27
120.253.135.82 - - [11/May/2022:10:12:21 +0800] "POST /xingrg/kc/pszx/mdps_order_operate.html HTTP/1.1" 200 524
120.253.135.82 - - [11/May/2022:10:12:21 +0800] "GET /xingrg/javascript/easyui/themes/default/validatebox.css HTTP/1.1" 404 1104
114.83.222.235 - - [11/May/2022:10:12:22 +0800] "GET /xingrg/all/function/internal_message.html?_=1652235139116&CODE_STATE=getMsg HTTP/1.1" 200 27
120.253.135.82 - - [11/May/2022:10:12:22 +0800] "POST /xingrg/kc/pszx/mdps_list_operate.html HTTP/1.1" 200 1695
120.253.135.82 - - [11/May/2022:10:12:24 +0800] "POST /xingrg/kc/pszx/mdps_list_operate.html HTTP/1.1" 200 566
120.253.135.82 - - [11/May/2022:10:12:25 +0800] "GET /xingrg/kc/pszx/mdps_order_info.html?code=312022051000246 HTTP/1.1" 200 23980
120.253.135.82 - - [11/May/2022:10:12:25 +0800] "POST /xingrg/kc/pszx/mdps_order_operate.html HTTP/1.1" 200 4328
120.253.135.82 - - [11/May/2022:10:12:25 +0800] "GET /xingrg/javascript/easyui/themes/default/validatebox.css HTTP/1.1" 404 1104
116.235.92.88 - - [11/May/2022:10:12:32 +0800] "GET /xingrg/all/function/internal_message.html?_=1652235322048&CODE_STATE=getMsg HTTP/1.1" 200 27
58.39.61.91 - - [11/May/2022:10:12:32 +0800] "GET /xingrg/all/function/internal_message.html?_=1652235111156&CODE_STATE=getMsg HTTP/1.1" 200 27
120.253.135.82 - - [11/May/2022:10:12:33 +0800] "POST /xingrg/kc/pszx/mdps_order_operate.html HTTP/1.1" 200 37
120.253.135.82 - - [11/May/2022:10:12:34 +0800] "GET /xingrg/kc/pszx/mdps_order_info.html?code=312022051000246 HTTP/1.1" 200 23980
120.253.135.82 - - [11/May/2022:10:12:34 +0800] "POST /xingrg/kc/pszx/mdps_order_operate.html HTTP/1.1" 200 4328
120.253.135.82 - - [11/May/2022:10:12:34 +0800] "GET /xingrg/javascript/easyui/themes/default/validatebox.css HTTP/1.1" 404 1104
120.253.135.82 - - [11/May/2022:10:12:38 +0800] "POST /xingrg/kc/pszx/mdps_order_operate.html HTTP/1.1" 200 37
120.253.135.82 - - [11/May/2022:10:12:39 +0800] "POST /xingrg/kc/pszx/mdps_order_operate.html HTTP/1.1" 200 12
120.253.135.82 - - [11/May/2022:10:12:43 +0800] "GET /xingrg/kc/pszx/mdps_order_info.html?code=312022051000246 HTTP/1.1" 200 19640
120.253.135.82 - - [11/May/2022:10:12:44 +0800] "POST /xingrg/kc/pszx/mdps_order_operate.html HTTP/1.1" 200 2528
120.253.135.82 - - [11/May/2022:10:12:44 +0800] "GET /xingrg/javascript/easyui/themes/default/validatebox.css HTTP/1.1" 404 1104
120.253.135.82 - - [11/May/2022:10:12:45 +0800] "POST /xingrg/kc/pszx/mdps_list_operate.html HTTP/1.1" 200 868
58.39.61.91 - - [11/May/2022:10:12:49 +0800] "GET /xingrg/all/function/internal_message.html?_=1652235168589&CODE_STATE=getMsg HTTP/1.1" 200 27
120.253.135.82 - - [11/May/2022:10:13:06 +0800] "GET /xingrg/all/function/internal_message.html?_=1652234995136&CODE_STATE=getMsg HTTP/1.1" 200 27
120.253.135.82 - - [11/May/2022:10:13:15 +0800] "GET /xingrg/check_reg.html?_=1652235003640 HTTP/1.1" 200 22
180.175.103.167 - - [11/May/2022:10:13:20 +0800] "GET /xingrg/all/function/internal_message.html?_=1652235199394&CODE_STATE=getMsg HTTP/1.1" 200 27
114.83.222.235 - - [11/May/2022:10:13:22 +0800] "GET /xingrg/all/function/internal_message.html?_=1652235199129&CODE_STATE=getMsg HTTP/1.1" 200 27
116.235.92.88 - - [11/May/2022:10:13:32 +0800] "GET /xingrg/all/function/internal_message.html?_=1652235382022&CODE_STATE=getMsg HTTP/1.1" 200 27
58.39.61.91 - - [11/May/2022:10:13:32 +0800] "GET /xingrg/all/function/internal_message.html?_=1652235171165&CODE_STATE=getMsg HTTP/1.1" 200 27
120.253.135.82 - - [11/May/2022:10:13:39 +0800] "GET /xingrg/kc/pszx/mdqp_order_list.html?state=10 HTTP/1.1" 200 10217
120.253.135.82 - - [11/May/2022:10:13:39 +0800] "POST /xingrg/kc/pszx/mdps_list_operate.html HTTP/1.1" 200 868
120.253.135.82 - - [11/May/2022:10:13:39 +0800] "GET /xingrg/dwr/interface/AjaxQqpsService.js HTTP/1.1" 200 16326
120.253.135.82 - - [11/May/2022:10:13:39 +0800] "GET /xingrg/dwr/interface/AjaxReportQueryService.js HTTP/1.1" 200 13203
120.253.135.82 - - [11/May/2022:10:13:40 +0800] "GET /xingrg/dwr/engine.js HTTP/1.1" 200 43631
120.253.135.82 - - [11/May/2022:10:13:49 +0800] "GET /xingrg/kc/pszx/mdps_order_list.html?orderType=0 HTTP/1.1" 200 20966
58.39.61.91 - - [11/May/2022:10:13:49 +0800] "GET /xingrg/all/function/internal_message.html?_=1652235228592&CODE_STATE=getMsg HTTP/1.1" 200 27
120.253.135.82 - - [11/May/2022:10:13:49 +0800] "POST /xingrg/kc/pszx/mdps_list_operate.html HTTP/1.1" 200 5199
120.253.135.82 - - [11/May/2022:10:13:58 +0800] "POST /xingrg/kc/pszx/mdps_list_operate.html HTTP/1.1" 200 868
116.235.92.88 - - [11/May/2022:10:14:00 +0800] "POST /xingrg/services/DataTransmitService HTTP/1.1" 200 524
120.253.135.82 - - [11/May/2022:10:14:02 +0800] "GET /xingrg/kc/pszx/mdps_order_add.html HTTP/1.1" 200 29035
120.253.135.82 - - [11/May/2022:10:14:02 +0800] "POST /xingrg/kc/pszx/mdps_order_operate.html HTTP/1.1" 200 7126
120.253.135.82 - - [11/May/2022:10:14:03 +0800] "GET /xingrg/javascript/easyui/themes/default/validatebox.css HTTP/1.1" 404 1104
120.253.135.82 - - [11/May/2022:10:14:06 +0800] "GET /xingrg/all/function/internal_message.html?_=1652235055147&CODE_STATE=getMsg HTTP/1.1" 200 27
180.175.103.167 - - [11/May/2022:10:14:20 +0800] "GET /xingrg/all/function/internal_message.html?_=1652235259396&CODE_STATE=getMsg HTTP/1.1" 200 27
114.83.222.235 - - [11/May/2022:10:14:22 +0800] "GET /xingrg/all/function/internal_message.html?_=1652235259125&CODE_STATE=getMsg HTTP/1.1" 200 27
58.39.61.91 - - [11/May/2022:10:14:31 +0800] "GET /xingrg/check_reg.html?_=1652235229997 HTTP/1.1" 200 22
116.235.92.88 - - [11/May/2022:10:14:32 +0800] "GET /xingrg/all/function/internal_message.html?_=1652235441999&CODE_STATE=getMsg HTTP/1.1" 200 27
58.39.61.91 - - [11/May/2022:10:14:32 +0800] "GET /xingrg/all/function/internal_message.html?_=1652235231178&CODE_STATE=getMsg HTTP/1.1" 200 27
222.70.180.114 - - [11/May/2022:10:14:41 +0800] "GET /xingrg/check_reg.html?_=1652235280003 HTTP/1.1" 200 22
58.39.61.91 - - [11/May/2022:10:14:49 +0800] "GET /xingrg/all/function/internal_message.html?_=1652235288591&CODE_STATE=getMsg HTTP/1.1" 200 27
120.253.135.82 - - [11/May/2022:10:15:06 +0800] "GET /xingrg/all/function/internal_message.html?_=1652235115160&CODE_STATE=getMsg HTTP/1.1" 200 27
180.175.103.167 - - [11/May/2022:10:15:20 +0800] "GET /xingrg/check_reg.html?_=1652235319396 HTTP/1.1" 200 22
180.175.103.167 - - [11/May/2022:10:15:20 +0800] "GET /xingrg/all/function/internal_message.html?_=1652235319399&CODE_STATE=getMsg HTTP/1.1" 200 27
114.83.222.235 - - [11/May/2022:10:15:22 +0800] "GET /xingrg/all/function/internal_message.html?_=1652235319141&CODE_STATE=getMsg HTTP/1.1" 200 27
120.253.135.82 - - [11/May/2022:10:15:29 +0800] "POST /xingrg/all/common/load_combo.html?type=base HTTP/1.1" 200 1169
116.235.92.88 - - [11/May/2022:10:15:32 +0800] "GET /xingrg/all/function/internal_message.html?_=1652235501975&CODE_STATE=getMsg HTTP/1.1" 200 27
58.39.61.91 - - [11/May/2022:10:15:32 +0800] "GET /xingrg/all/function/internal_message.html?_=1652235291192&CODE_STATE=getMsg HTTP/1.1" 200 27
120.253.135.82 - - [11/May/2022:10:15:42 +0800] "GET /xingrg/kc/pszx/mdps_order_operate.html?command=get_materiel&pszx_code=00101&rest_code=00142&base_code=0010246&code=00101013193 HTTP/1.1" 200 445
58.39.61.91 - - [11/May/2022:10:15:49 +0800] "GET /xingrg/all/function/internal_message.html?_=1652235348597&CODE_STATE=getMsg HTTP/1.1" 200 27
120.253.135.82 - - [11/May/2022:10:15:55 +0800] "GET /xingrg/kc/pszx/mdps_order_operate.html?command=get_materiel&pszx_code=00101&rest_code=00142&base_code=0010246&code=00101012015 HTTP/1.1" 200 454
120.253.135.82 - - [11/May/2022:10:16:06 +0800] "GET /xingrg/all/function/internal_message.html?_=1652235175175&CODE_STATE=getMsg HTTP/1.1" 200 27
120.253.135.82 - - [11/May/2022:10:16:09 +0800] "POST /xingrg/kc/pszx/mdps_order_operate.html HTTP/1.1" 200 37
120.253.135.82 - - [11/May/2022:10:16:10 +0800] "GET /xingrg/kc/pszx/mdps_order_info.html?code=312022051100262 HTTP/1.1" 200 23978
120.253.135.82 - - [11/May/2022:10:16:11 +0800] "GET /xingrg/javascript/easyui/themes/default/validatebox.css HTTP/1.1" 404 1104
120.253.135.82 - - [11/May/2022:10:16:11 +0800] "POST /xingrg/kc/pszx/mdps_order_operate.html HTTP/1.1" 200 2791
180.175.103.167 - - [11/May/2022:10:16:20 +0800] "GET /xingrg/all/function/internal_message.html?_=1652235379411&CODE_STATE=getMsg HTTP/1.1" 200 27
114.83.222.235 - - [11/May/2022:10:16:22 +0800] "GET /xingrg/check_reg.html?_=1652235379143 HTTP/1.1" 200 22
114.83.222.235 - - [11/May/2022:10:16:22 +0800] "GET /xingrg/all/function/internal_message.html?_=1652235379145&CODE_STATE=getMsg HTTP/1.1" 200 27
58.221.95.50 - - [11/May/2022:10:16:26 +0800] "GET /xingrg/check_reg.html?_=1652235387584 HTTP/1.1" 302 -
114.83.222.235 - - [11/May/2022:10:16:29 +0800] "GET /xingrg/kc/buy/cgsh_order_operate.html?command=get_materiel&rest_code=00149&code=00101008286&supplier_code=00100151&order_time=2022-05-11 HTTP/1.1" 200 408
116.235.92.88 - - [11/May/2022:10:16:32 +0800] "GET /xingrg/all/function/internal_message.html?_=1652235561943&CODE_STATE=getMsg HTTP/1.1" 200 27
58.39.61.91 - - [11/May/2022:10:16:32 +0800] "GET /xingrg/all/function/internal_message.html?_=1652235351206&CODE_STATE=getMsg HTTP/1.1" 200 27
120.253.135.82 - - [11/May/2022:10:16:38 +0800] "POST /xingrg/kc/pszx/mdps_order_operate.html HTTP/1.1" 200 37
120.253.135.82 - - [11/May/2022:10:16:38 +0800] "GET /xingrg/kc/pszx/mdps_order_info.html?code=312022051100262 HTTP/1.1" 200 23978
120.253.135.82 - - [11/May/2022:10:16:39 +0800] "POST /xingrg/kc/pszx/mdps_order_operate.html HTTP/1.1" 200 2791
120.253.135.82 - - [11/May/2022:10:16:39 +0800] "GET /xingrg/javascript/easyui/themes/default/validatebox.css HTTP/1.1" 404 1104
114.83.222.235 - - [11/May/2022:10:16:46 +0800] "GET /xingrg/kc/buy/cgsh_order_operate.html?command=get_materiel&rest_code=00149&code=00101008372&supplier_code=00100151&order_time=2022-05-11 HTTP/1.1" 200 408
120.253.135.82 - - [11/May/2022:10:16:47 +0800] "POST /xingrg/kc/pszx/mdps_list_operate.html HTTP/1.1" 200 1690
58.39.61.91 - - [11/May/2022:10:16:49 +0800] "GET /xingrg/check_reg.html?_=1652235408600 HTTP/1.1" 200 22
58.39.61.91 - - [11/May/2022:10:16:50 +0800] "GET /xingrg/all/function/internal_message.html?_=1652235408598&CODE_STATE=getMsg HTTP/1.1" 200 27
120.253.135.82 - - [11/May/2022:10:16:50 +0800] "GET /xingrg/kc/pszx/mdps_order_add.html HTTP/1.1" 200 29035
120.253.135.82 - - [11/May/2022:10:16:50 +0800] "POST /xingrg/kc/pszx/mdps_order_operate.html HTTP/1.1" 200 7126
120.253.135.82 - - [11/May/2022:10:16:51 +0800] "GET /xingrg/javascript/easyui/themes/default/validatebox.css HTTP/1.1" 404 1104
116.235.92.88 - - [11/May/2022:10:16:53 +0800] "GET /xingrg/check_reg.html?_=1652235583067 HTTP/1.1" 200 22
120.253.135.82 - - [11/May/2022:10:17:06 +0800] "GET /xingrg/all/function/internal_message.html?_=1652235235188&CODE_STATE=getMsg HTTP/1.1" 200 27
180.175.103.167 - - [11/May/2022:10:17:20 +0800] "GET /xingrg/all/function/internal_message.html?_=1652235439411&CODE_STATE=getMsg HTTP/1.1" 200 27
114.83.222.235 - - [11/May/2022:10:17:22 +0800] "GET /xingrg/all/function/internal_message.html?_=1652235439145&CODE_STATE=getMsg HTTP/1.1" 200 27
120.253.135.82 - - [11/May/2022:10:17:31 +0800] "POST /xingrg/all/common/load_combo.html?type=base HTTP/1.1" 200 1169
116.235.92.88 - - [11/May/2022:10:17:32 +0800] "GET /xingrg/all/function/internal_message.html?_=1652235621940&CODE_STATE=getMsg HTTP/1.1" 200 27
58.39.61.91 - - [11/May/2022:10:17:32 +0800] "GET /xingrg/all/function/internal_message.html?_=1652235411222&CODE_STATE=getMsg HTTP/1.1" 200 27
120.253.135.82 - - [11/May/2022:10:17:48 +0800] "GET /xingrg/kc/pszx/mdps_order_operate.html?command=get_materiel&pszx_code=00101&rest_code=00142&base_code=0010851&code=00102002022 HTTP/1.1" 200 472
58.39.61.91 - - [11/May/2022:10:17:49 +0800] "GET /xingrg/all/function/internal_message.html?_=1652235468601&CODE_STATE=getMsg HTTP/1.1" 200 27
120.253.135.82 - - [11/May/2022:10:17:52 +0800] "POST /xingrg/all/common/load_select.html HTTP/1.1" 200 25
120.253.135.82 - - [11/May/2022:10:17:54 +0800] "GET /xingrg/kc/pszx/mdps_order_operate.html?command=get_materiel_price&pszx_code=00101&rest_code=00142&base_code=0010851&code=00102002022&unit_code=00100159&order_time=2022-05-11 HTTP/1.1" 200 34
120.253.135.82 - - [11/May/2022:10:18:06 +0800] "GET /xingrg/all/function/internal_message.html?_=1652235295202&CODE_STATE=getMsg HTTP/1.1" 200 27
120.253.135.82 - - [11/May/2022:10:18:15 +0800] "GET /xingrg/check_reg.html?_=1652235303664 HTTP/1.1" 200 22
120.253.135.82 - - [11/May/2022:10:18:15 +0800] "GET /xingrg/kc/pszx/mdps_order_operate.html?command=get_materiel&pszx_code=00101&rest_code=00142&base_code=0010851&code=00102002610 HTTP/1.1" 200 442
180.175.103.167 - - [11/May/2022:10:18:20 +0800] "GET /xingrg/all/function/internal_message.html?_=1652235499411&CODE_STATE=getMsg HTTP/1.1" 200 27
114.83.222.235 - - [11/May/2022:10:18:22 +0800] "GET /xingrg/all/function/internal_message.html?_=1652235499150&CODE_STATE=getMsg HTTP/1.1" 200 27
116.235.92.88 - - [11/May/2022:10:18:32 +0800] "GET /xingrg/all/function/internal_message.html?_=1652235681912&CODE_STATE=getMsg HTTP/1.1" 200 27
58.39.61.91 - - [11/May/2022:10:18:32 +0800] "GET /xingrg/all/function/internal_message.html?_=1652235471232&CODE_STATE=getMsg HTTP/1.1" 200 27
58.39.61.91 - - [11/May/2022:10:18:49 +0800] "GET /xingrg/all/function/internal_message.html?_=1652235528601&CODE_STATE=getMsg HTTP/1.1" 200 27
120.253.135.82 - - [11/May/2022:10:19:05 +0800] "GET /xingrg/kc/pszx/mdps_order_operate.html?command=get_materiel&pszx_code=00101&rest_code=00142&base_code=0010851&code=00102002204 HTTP/1.1" 200 458
120.253.135.82 - - [11/May/2022:10:19:06 +0800] "GET /xingrg/all/function/internal_message.html?_=1652235355215&CODE_STATE=getMsg HTTP/1.1" 200 27
120.253.135.82 - - [11/May/2022:10:19:12 +0800] "POST /xingrg/kc/pszx/mdps_order_operate.html HTTP/1.1" 200 37
120.253.135.82 - - [11/May/2022:10:19:13 +0800] "GET /xingrg/kc/pszx/mdps_order_info.html?code=312022051100263 HTTP/1.1" 200 23980
120.253.135.82 - - [11/May/2022:10:19:14 +0800] "POST /xingrg/kc/pszx/mdps_order_operate.html HTTP/1.1" 200 2799
120.253.135.82 - - [11/May/2022:10:19:14 +0800] "GET /xingrg/javascript/easyui/themes/default/validatebox.css HTTP/1.1" 404 1104
120.253.135.82 - - [11/May/2022:10:19:20 +0800] "POST /xingrg/kc/pszx/mdps_list_operate.html HTTP/1.1" 200 2065
180.175.103.167 - - [11/May/2022:10:19:20 +0800] "GET /xingrg/all/function/internal_message.html?_=1652235559412&CODE_STATE=getMsg HTTP/1.1" 200 27
120.253.135.82 - - [11/May/2022:10:19:21 +0800] "POST /xingrg/kc/pszx/mdps_list_operate.html HTTP/1.1" 200 291
114.83.222.235 - - [11/May/2022:10:19:22 +0800] "GET /xingrg/all/function/internal_message.html?_=1652235559152&CODE_STATE=getMsg HTTP/1.1" 200 27
120.253.135.82 - - [11/May/2022:10:19:22 +0800] "GET /xingrg/kc/pszx/mdps_order_info.html?code=312022051100263 HTTP/1.1" 200 23980
120.253.135.82 - - [11/May/2022:10:19:23 +0800] "POST /xingrg/kc/pszx/mdps_order_operate.html HTTP/1.1" 200 2799
120.253.135.82 - - [11/May/2022:10:19:23 +0800] "GET /xingrg/javascript/easyui/themes/default/validatebox.css HTTP/1.1" 404 1104
58.39.61.91 - - [11/May/2022:10:19:31 +0800] "GET /xingrg/check_reg.html?_=1652235530002 HTTP/1.1" 200 22
116.235.92.88 - - [11/May/2022:10:19:32 +0800] "GET /xingrg/all/function/internal_message.html?_=1652235741883&CODE_STATE=getMsg HTTP/1.1" 200 27
58.39.61.91 - - [11/May/2022:10:19:32 +0800] "GET /xingrg/all/function/internal_message.html?_=1652235531246&CODE_STATE=getMsg HTTP/1.1" 200 27
222.70.180.114 - - [11/May/2022:10:19:41 +0800] "GET /xingrg/check_reg.html?_=1652235579982 HTTP/1.1" 200 22
58.39.61.91 - - [11/May/2022:10:19:49 +0800] "GET /xingrg/all/function/internal_message.html?_=1652235588599&CODE_STATE=getMsg HTTP/1.1" 200 27
120.253.135.82 - - [11/May/2022:10:19:52 +0800] "POST /xingrg/kc/pszx/mdps_order_operate.html HTTP/1.1" 200 37
120.253.135.82 - - [11/May/2022:10:19:52 +0800] "GET /xingrg/kc/pszx/mdps_order_info.html?code=312022051100263 HTTP/1.1" 200 23980
120.253.135.82 - - [11/May/2022:10:19:53 +0800] "POST /xingrg/kc/pszx/mdps_order_operate.html HTTP/1.1" 200 2799
120.253.135.82 - - [11/May/2022:10:19:53 +0800] "GET /xingrg/javascript/easyui/themes/default/validatebox.css HTTP/1.1" 404 1104
120.253.135.82 - - [11/May/2022:10:19:59 +0800] "POST /xingrg/kc/pszx/mdps_list_operate.html HTTP/1.1" 200 2065
120.253.135.82 - - [11/May/2022:10:20:01 +0800] "POST /xingrg/kc/pszx/mdps_list_operate.html HTTP/1.1" 200 292
120.253.135.82 - - [11/May/2022:10:20:03 +0800] "POST /xingrg/kc/pszx/mdps_list_operate.html HTTP/1.1" 200 291
120.253.135.82 - - [11/May/2022:10:20:05 +0800] "GET /xingrg/kc/pszx/mdps_order_add.html HTTP/1.1" 200 29035
120.253.135.82 - - [11/May/2022:10:20:06 +0800] "POST /xingrg/kc/pszx/mdps_order_operate.html HTTP/1.1" 200 7126
120.253.135.82 - - [11/May/2022:10:20:06 +0800] "GET /xingrg/javascript/easyui/themes/default/validatebox.css HTTP/1.1" 404 1104
120.253.135.82 - - [11/May/2022:10:20:07 +0800] "GET /xingrg/all/function/internal_message.html?_=1652235415302&CODE_STATE=getMsg HTTP/1.1" 200 27
180.175.103.167 - - [11/May/2022:10:20:20 +0800] "GET /xingrg/all/function/internal_message.html?_=1652235619411&CODE_STATE=getMsg HTTP/1.1" 200 27
120.253.135.82 - - [11/May/2022:10:20:20 +0800] "POST /xingrg/all/common/load_combo.html?type=base HTTP/1.1" 200 1169
180.175.103.167 - - [11/May/2022:10:20:20 +0800] "GET /xingrg/check_reg.html?_=1652235619415 HTTP/1.1" 200 22
