120.253.135.82 - - [11/May/2022:11:57:00 +0800] "GET /xingrg/javascript/pic_change.js HTTP/1.1" 304 -
120.253.135.82 - - [11/May/2022:11:57:00 +0800] "GET /xingrg/css/blue.css HTTP/1.1" 304 -
120.253.135.82 - - [11/May/2022:11:57:00 +0800] "GET /xingrg/dwr/util.js HTTP/1.1" 304 -
120.253.135.82 - - [11/May/2022:11:57:00 +0800] "GET /xingrg/javascript/myfunction.js HTTP/1.1" 304 -
120.253.135.82 - - [11/May/2022:11:57:00 +0800] "GET /xingrg/javascript/Calendar.js HTTP/1.1" 304 -
120.253.135.82 - - [11/May/2022:11:57:00 +0800] "GET /xingrg/dwr/interface/AjaxReportQueryService.js HTTP/1.1" 200 13203
120.253.135.82 - - [11/May/2022:11:57:00 +0800] "GET /xingrg/dwr/engine.js HTTP/1.1" 200 43631
120.253.135.82 - - [11/May/2022:11:57:00 +0800] "GET /xingrg/dwr/interface/AjaxQqpsService.js HTTP/1.1" 200 16326
120.253.135.82 - - [11/May/2022:11:57:01 +0800] "GET /xingrg/javascript/jquery_easy_ui/themes/icons/check_new.png HTTP/1.1" 304 -
120.253.135.82 - - [11/May/2022:11:57:01 +0800] "GET /xingrg/javascript/jquery_easy_ui/themes/icons/uncheck_new.png HTTP/1.1" 304 -
120.253.135.82 - - [11/May/2022:11:57:01 +0800] "GET /xingrg/javascript/jquery_easy_ui/themes/icons/back_new.png HTTP/1.1" 304 -
120.253.135.82 - - [11/May/2022:11:57:03 +0800] "GET /xingrg/kc/pszx/mdps_order_list.html?orderType=0 HTTP/1.1" 200 20966
120.253.135.82 - - [11/May/2022:11:57:03 +0800] "GET /xingrg/css/base.css HTTP/1.1" 304 -
120.253.135.82 - - [11/May/2022:11:57:03 +0800] "GET /xingrg/css/site.css HTTP/1.1" 304 -
120.253.135.82 - - [11/May/2022:11:57:03 +0800] "GET /xingrg/javascript/jquery_tools/datebox.css HTTP/1.1" 304 -
120.253.135.82 - - [11/May/2022:11:57:03 +0800] "GET /xingrg/javascript/easyui/themes/default/easyui.css HTTP/1.1" 304 -
120.253.135.82 - - [11/May/2022:11:57:03 +0800] "GET /xingrg/javascript/auto/jquery.autocomplete.css HTTP/1.1" 304 -
120.253.135.82 - - [11/May/2022:11:57:03 +0800] "GET /xingrg/javascript/jquery_tools/table.css HTTP/1.1" 304 -
120.253.135.82 - - [11/May/2022:11:57:03 +0800] "GET /xingrg/javascript/easyui/themes/icon.css HTTP/1.1" 304 -
120.253.135.82 - - [11/May/2022:11:57:03 +0800] "GET /xingrg/javascript/jquery_tools/jquery.tools.extend.js HTTP/1.1" 304 -
120.253.135.82 - - [11/May/2022:11:57:03 +0800] "GET /xingrg/javascript/jquery_tools/jquery.tools.min.js HTTP/1.1" 304 -
120.253.135.82 - - [11/May/2022:11:57:03 +0800] "GET /xingrg/javascript/jquery_tools/fix.css HTTP/1.1" 304 -
120.253.135.82 - - [11/May/2022:11:57:03 +0800] "GET /xingrg/javascript/auto/jquery.autocomplete.js HTTP/1.1" 304 -
120.253.135.82 - - [11/May/2022:11:57:03 +0800] "GET /xingrg/javascript/easyui/easyloader.js HTTP/1.1" 304 -
120.253.135.82 - - [11/May/2022:11:57:03 +0800] "GET /xingrg/javascript/jquery_tools/jquery.tools.hotkey.js HTTP/1.1" 304 -
120.253.135.82 - - [11/May/2022:11:57:03 +0800] "GET /xingrg/javascript/jquery_tools/jquery.tools.table.js HTTP/1.1" 304 -
120.253.135.82 - - [11/May/2022:11:57:03 +0800] "GET /xingrg/javascript/jquery_tools/list_manager.js HTTP/1.1" 304 -
120.253.135.82 - - [11/May/2022:11:57:03 +0800] "GET /xingrg/javascript/jquery.cookie.js HTTP/1.1" 304 -
120.253.135.82 - - [11/May/2022:11:57:03 +0800] "GET /xingrg/javascript/print/LodopFuncs.js HTTP/1.1" 304 -
120.253.135.82 - - [11/May/2022:11:57:03 +0800] "GET /xingrg/javascript/easyui/themes/icons/uncheck_new.png HTTP/1.1" 304 -
120.253.135.82 - - [11/May/2022:11:57:03 +0800] "GET /xingrg/javascript/easyui/themes/icons/edit_add_new.png HTTP/1.1" 304 -
120.253.135.82 - - [11/May/2022:11:57:03 +0800] "GET /xingrg/javascript/easyui/themes/icons/cance_new.png HTTP/1.1" 304 -
120.253.135.82 - - [11/May/2022:11:57:03 +0800] "GET /xingrg/javascript/easyui/themes/icons/field_new.png HTTP/1.1" 304 -
120.253.135.82 - - [11/May/2022:11:57:03 +0800] "GET /xingrg/javascript/easyui/themes/icons/check_new.png HTTP/1.1" 304 -
120.253.135.82 - - [11/May/2022:11:57:03 +0800] "GET /xingrg/javascript/easyui/themes/icons/import_new.png HTTP/1.1" 304 -
120.253.135.82 - - [11/May/2022:11:57:03 +0800] "GET /xingrg/javascript/easyui/plugins/jquery.parser.js HTTP/1.1" 304 -
120.253.135.82 - - [11/May/2022:11:57:03 +0800] "GET /xingrg/images/control/ajaxLoader.gif HTTP/1.1" 304 -
120.253.135.82 - - [11/May/2022:11:57:03 +0800] "POST /xingrg/kc/pszx/mdps_list_operate.html HTTP/1.1" 200 5199
58.39.61.91 - - [11/May/2022:11:57:04 +0800] "GET /xingrg/all/function/internal_message.html?_=1652241422875&CODE_STATE=getMsg HTTP/1.1" 200 27
116.235.92.88 - - [11/May/2022:11:57:29 +0800] "GET /xingrg/all/function/internal_message.html?_=1652241619536&CODE_STATE=getMsg HTTP/1.1" 200 27
58.39.61.91 - - [11/May/2022:11:57:34 +0800] "GET /xingrg/all/function/internal_message.html?_=1652241412582&CODE_STATE=getMsg HTTP/1.1" 200 27
120.253.135.82 - - [11/May/2022:11:57:55 +0800] "GET /xingrg/all/function/internal_message.html?_=1652241283565&CODE_STATE=getMsg HTTP/1.1" 200 27
58.39.61.91 - - [11/May/2022:11:58:04 +0800] "GET /xingrg/all/function/internal_message.html?_=1652241482873&CODE_STATE=getMsg HTTP/1.1" 200 27
116.235.92.88 - - [11/May/2022:11:58:29 +0800] "GET /xingrg/all/function/internal_message.html?_=1652241679507&CODE_STATE=getMsg HTTP/1.1" 200 27
58.39.61.91 - - [11/May/2022:11:58:34 +0800] "GET /xingrg/all/function/internal_message.html?_=1652241472592&CODE_STATE=getMsg HTTP/1.1" 200 27
120.253.135.82 - - [11/May/2022:11:58:55 +0800] "GET /xingrg/all/function/internal_message.html?_=1652241343579&CODE_STATE=getMsg HTTP/1.1" 200 27
58.39.61.91 - - [11/May/2022:11:59:04 +0800] "GET /xingrg/all/function/internal_message.html?_=1652241542872&CODE_STATE=getMsg HTTP/1.1" 200 27
116.235.92.88 - - [11/May/2022:11:59:29 +0800] "GET /xingrg/all/function/internal_message.html?_=1652241739482&CODE_STATE=getMsg HTTP/1.1" 200 27
58.39.61.91 - - [11/May/2022:11:59:31 +0800] "GET /xingrg/check_reg.html?_=1652241530118 HTTP/1.1" 200 22
58.39.61.91 - - [11/May/2022:11:59:34 +0800] "GET /xingrg/all/function/internal_message.html?_=1652241532604&CODE_STATE=getMsg HTTP/1.1" 200 27
222.70.180.114 - - [11/May/2022:11:59:41 +0800] "GET /xingrg/check_reg.html?_=1652241579685 HTTP/1.1" 200 22
120.253.135.82 - - [11/May/2022:11:59:55 +0800] "GET /xingrg/all/function/internal_message.html?_=1652241403594&CODE_STATE=getMsg HTTP/1.1" 200 27
58.39.61.91 - - [11/May/2022:12:00:04 +0800] "GET /xingrg/all/function/internal_message.html?_=1652241602887&CODE_STATE=getMsg HTTP/1.1" 200 27
58.39.61.91 - - [11/May/2022:12:00:04 +0800] "GET /xingrg/check_reg.html?_=1652241602888 HTTP/1.1" 200 22
116.235.92.88 - - [11/May/2022:12:00:29 +0800] "GET /xingrg/all/function/internal_message.html?_=1652241799452&CODE_STATE=getMsg HTTP/1.1" 200 27
58.39.61.91 - - [11/May/2022:12:00:34 +0800] "GET /xingrg/all/function/internal_message.html?_=1652241592618&CODE_STATE=getMsg HTTP/1.1" 200 27
116.235.92.88 - - [11/May/2022:12:00:40 +0800] "POST /xingrg/kc/buy/cgsh_list_operate.html HTTP/1.1" 200 3492
120.253.135.82 - - [11/May/2022:12:00:55 +0800] "GET /xingrg/all/function/internal_message.html?_=1652241463606&CODE_STATE=getMsg HTTP/1.1" 200 27
58.39.61.91 - - [11/May/2022:12:01:04 +0800] "GET /xingrg/all/function/internal_message.html?_=1652241662887&CODE_STATE=getMsg HTTP/1.1" 200 27
116.235.92.88 - - [11/May/2022:12:01:29 +0800] "GET /xingrg/all/function/internal_message.html?_=1652241859424&CODE_STATE=getMsg HTTP/1.1" 200 27
116.235.92.88 - - [11/May/2022:12:01:29 +0800] "POST /xingrg/kc/buy/cgsh_list_operate.html HTTP/1.1" 200 4
58.39.61.91 - - [11/May/2022:12:01:34 +0800] "GET /xingrg/all/function/internal_message.html?_=1652241652632&CODE_STATE=getMsg HTTP/1.1" 200 27
116.235.92.88 - - [11/May/2022:12:01:37 +0800] "POST /xingrg/kc/buy/cgsh_list_operate.html HTTP/1.1" 200 876
116.235.92.88 - - [11/May/2022:12:01:53 +0800] "GET /xingrg/check_reg.html?_=1652241883221 HTTP/1.1" 200 22
120.253.135.82 - - [11/May/2022:12:01:55 +0800] "GET /xingrg/check_reg.html?_=1652241523561 HTTP/1.1" 200 22
120.253.135.82 - - [11/May/2022:12:01:55 +0800] "GET /xingrg/all/function/internal_message.html?_=1652241523697&CODE_STATE=getMsg HTTP/1.1" 200 27
58.39.61.91 - - [11/May/2022:12:02:04 +0800] "GET /xingrg/all/function/internal_message.html?_=1652241722891&CODE_STATE=getMsg HTTP/1.1" 200 27
116.235.92.88 - - [11/May/2022:12:02:29 +0800] "GET /xingrg/all/function/internal_message.html?_=1652241919404&CODE_STATE=getMsg HTTP/1.1" 200 27
58.39.61.91 - - [11/May/2022:12:02:34 +0800] "GET /xingrg/all/function/internal_message.html?_=1652241712648&CODE_STATE=getMsg HTTP/1.1" 200 27
120.253.135.82 - - [11/May/2022:12:02:55 +0800] "GET /xingrg/all/function/internal_message.html?_=1652241583710&CODE_STATE=getMsg HTTP/1.1" 200 27
58.39.61.91 - - [11/May/2022:12:03:04 +0800] "GET /xingrg/all/function/internal_message.html?_=1652241782892&CODE_STATE=getMsg HTTP/1.1" 200 27
116.235.92.88 - - [11/May/2022:12:03:29 +0800] "GET /xingrg/all/function/internal_message.html?_=1652241979379&CODE_STATE=getMsg HTTP/1.1" 200 27
58.39.61.91 - - [11/May/2022:12:03:34 +0800] "GET /xingrg/all/function/internal_message.html?_=1652241772659&CODE_STATE=getMsg HTTP/1.1" 200 27
120.253.135.82 - - [11/May/2022:12:03:55 +0800] "GET /xingrg/all/function/internal_message.html?_=1652241643724&CODE_STATE=getMsg HTTP/1.1" 200 27
58.39.61.91 - - [11/May/2022:12:04:04 +0800] "GET /xingrg/all/function/internal_message.html?_=1652241842893&CODE_STATE=getMsg HTTP/1.1" 200 27
116.235.92.88 - - [11/May/2022:12:04:29 +0800] "GET /xingrg/all/function/internal_message.html?_=1652242039348&CODE_STATE=getMsg HTTP/1.1" 200 27
58.39.61.91 - - [11/May/2022:12:04:31 +0800] "GET /xingrg/check_reg.html?_=1652241830118 HTTP/1.1" 200 22
58.39.61.91 - - [11/May/2022:12:04:34 +0800] "GET /xingrg/all/function/internal_message.html?_=1652241832673&CODE_STATE=getMsg HTTP/1.1" 200 27
222.70.180.114 - - [11/May/2022:12:04:41 +0800] "GET /xingrg/check_reg.html?_=1652241879662 HTTP/1.1" 200 22
120.253.135.82 - - [11/May/2022:12:04:55 +0800] "GET /xingrg/all/function/internal_message.html?_=1652241703741&CODE_STATE=getMsg HTTP/1.1" 200 27
58.39.61.91 - - [11/May/2022:12:05:04 +0800] "GET /xingrg/all/function/internal_message.html?_=1652241902892&CODE_STATE=getMsg HTTP/1.1" 200 27
58.39.61.91 - - [11/May/2022:12:05:04 +0800] "GET /xingrg/check_reg.html?_=1652241902893 HTTP/1.1" 200 22
116.235.92.88 - - [11/May/2022:12:05:29 +0800] "GET /xingrg/all/function/internal_message.html?_=1652242099330&CODE_STATE=getMsg HTTP/1.1" 200 27
58.39.61.91 - - [11/May/2022:12:05:34 +0800] "GET /xingrg/all/function/internal_message.html?_=1652241892688&CODE_STATE=getMsg HTTP/1.1" 200 27
120.253.135.82 - - [11/May/2022:12:05:55 +0800] "GET /xingrg/all/function/internal_message.html?_=1652241763752&CODE_STATE=getMsg HTTP/1.1" 200 27
58.39.61.91 - - [11/May/2022:12:06:04 +0800] "GET /xingrg/all/function/internal_message.html?_=1652241962892&CODE_STATE=getMsg HTTP/1.1" 200 27
116.235.92.88 - - [11/May/2022:12:06:29 +0800] "GET /xingrg/all/function/internal_message.html?_=1652242159298&CODE_STATE=getMsg HTTP/1.1" 200 27
58.39.61.91 - - [11/May/2022:12:06:34 +0800] "GET /xingrg/all/function/internal_message.html?_=1652241952699&CODE_STATE=getMsg HTTP/1.1" 200 27
116.235.92.88 - - [11/May/2022:12:06:53 +0800] "GET /xingrg/check_reg.html?_=1652242183213 HTTP/1.1" 200 22
120.253.135.82 - - [11/May/2022:12:06:55 +0800] "GET /xingrg/check_reg.html?_=1652241823675 HTTP/1.1" 200 22
120.253.135.82 - - [11/May/2022:12:06:55 +0800] "GET /xingrg/all/function/internal_message.html?_=1652241823766&CODE_STATE=getMsg HTTP/1.1" 200 27
58.39.61.91 - - [11/May/2022:12:07:04 +0800] "GET /xingrg/all/function/internal_message.html?_=1652242022911&CODE_STATE=getMsg HTTP/1.1" 200 27
116.235.92.88 - - [11/May/2022:12:07:29 +0800] "GET /xingrg/all/function/internal_message.html?_=1652242219276&CODE_STATE=getMsg HTTP/1.1" 200 27
58.39.61.91 - - [11/May/2022:12:07:34 +0800] "GET /xingrg/all/function/internal_message.html?_=1652242012716&CODE_STATE=getMsg HTTP/1.1" 200 27
120.253.135.82 - - [11/May/2022:12:07:55 +0800] "GET /xingrg/all/function/internal_message.html?_=1652241883779&CODE_STATE=getMsg HTTP/1.1" 200 27
58.39.61.91 - - [11/May/2022:12:08:04 +0800] "GET /xingrg/all/function/internal_message.html?_=1652242082896&CODE_STATE=getMsg HTTP/1.1" 200 27
116.230.110.173 - - [11/May/2022:12:08:19 +0800] "POST /xingrg/services/DataTransmitService HTTP/1.1" 200 524
116.235.92.88 - - [11/May/2022:12:08:29 +0800] "GET /xingrg/all/function/internal_message.html?_=1652242279247&CODE_STATE=getMsg HTTP/1.1" 200 27
58.39.61.91 - - [11/May/2022:12:08:34 +0800] "GET /xingrg/all/function/internal_message.html?_=1652242072727&CODE_STATE=getMsg HTTP/1.1" 200 27
120.253.135.82 - - [11/May/2022:12:08:55 +0800] "GET /xingrg/all/function/internal_message.html?_=1652241943793&CODE_STATE=getMsg HTTP/1.1" 200 27
58.39.61.91 - - [11/May/2022:12:09:04 +0800] "GET /xingrg/all/function/internal_message.html?_=1652242142908&CODE_STATE=getMsg HTTP/1.1" 200 27
116.235.92.88 - - [11/May/2022:12:09:29 +0800] "GET /xingrg/all/function/internal_message.html?_=1652242339224&CODE_STATE=getMsg HTTP/1.1" 200 27
58.39.61.91 - - [11/May/2022:12:09:31 +0800] "GET /xingrg/check_reg.html?_=1652242130121 HTTP/1.1" 200 22
58.39.61.91 - - [11/May/2022:12:09:34 +0800] "GET /xingrg/all/function/internal_message.html?_=1652242132740&CODE_STATE=getMsg HTTP/1.1" 200 27
222.70.180.114 - - [11/May/2022:12:09:41 +0800] "GET /xingrg/check_reg.html?_=1652242179639 HTTP/1.1" 200 22
120.253.135.82 - - [11/May/2022:12:09:55 +0800] "GET /xingrg/all/function/internal_message.html?_=1652242003807&CODE_STATE=getMsg HTTP/1.1" 200 27
58.39.61.91 - - [11/May/2022:12:10:04 +0800] "GET /xingrg/check_reg.html?_=1652242202906 HTTP/1.1" 200 22
58.39.61.91 - - [11/May/2022:12:10:04 +0800] "GET /xingrg/all/function/internal_message.html?_=1652242202908&CODE_STATE=getMsg HTTP/1.1" 200 27
180.162.5.100 - - [11/May/2022:12:10:05 +0800] "GET /favicon.ico HTTP/1.1" 404 -
116.235.92.88 - - [11/May/2022:12:10:29 +0800] "GET /xingrg/all/function/internal_message.html?_=1652242399199&CODE_STATE=getMsg HTTP/1.1" 200 27
58.39.61.91 - - [11/May/2022:12:10:34 +0800] "GET /xingrg/all/function/internal_message.html?_=1652242192754&CODE_STATE=getMsg HTTP/1.1" 200 27
120.253.135.82 - - [11/May/2022:12:10:55 +0800] "GET /xingrg/all/function/internal_message.html?_=1652242063929&CODE_STATE=getMsg HTTP/1.1" 200 27
58.39.61.91 - - [11/May/2022:12:11:04 +0800] "GET /xingrg/all/function/internal_message.html?_=1652242262914&CODE_STATE=getMsg HTTP/1.1" 200 27
116.235.92.88 - - [11/May/2022:12:11:29 +0800] "GET /xingrg/all/function/internal_message.html?_=1652242459202&CODE_STATE=getMsg HTTP/1.1" 200 27
58.39.61.91 - - [11/May/2022:12:11:34 +0800] "GET /xingrg/all/function/internal_message.html?_=1652242252768&CODE_STATE=getMsg HTTP/1.1" 200 27
116.235.92.88 - - [11/May/2022:12:11:53 +0800] "GET /xingrg/check_reg.html?_=1652242483241 HTTP/1.1" 200 22
120.253.135.82 - - [11/May/2022:12:11:55 +0800] "GET /xingrg/check_reg.html?_=1652242123681 HTTP/1.1" 200 22
120.253.135.82 - - [11/May/2022:12:11:55 +0800] "GET /xingrg/all/function/internal_message.html?_=1652242123942&CODE_STATE=getMsg HTTP/1.1" 200 27
58.39.61.91 - - [11/May/2022:12:12:04 +0800] "GET /xingrg/all/function/internal_message.html?_=1652242322913&CODE_STATE=getMsg HTTP/1.1" 200 27
116.235.92.88 - - [11/May/2022:12:12:29 +0800] "GET /xingrg/all/function/internal_message.html?_=1652242519169&CODE_STATE=getMsg HTTP/1.1" 200 27
180.175.103.167 - - [11/May/2022:12:12:29 +0800] "POST /xingrg/services/DataTransmitService HTTP/1.1" 200 524
58.39.61.91 - - [11/May/2022:12:12:34 +0800] "GET /xingrg/all/function/internal_message.html?_=1652242312783&CODE_STATE=getMsg HTTP/1.1" 200 27
120.253.135.82 - - [11/May/2022:12:12:55 +0800] "GET /xingrg/all/function/internal_message.html?_=1652242183956&CODE_STATE=getMsg HTTP/1.1" 200 27
58.39.61.91 - - [11/May/2022:12:13:04 +0800] "GET /xingrg/all/function/internal_message.html?_=1652242382912&CODE_STATE=getMsg HTTP/1.1" 200 27
116.235.92.88 - - [11/May/2022:12:13:29 +0800] "GET /xingrg/all/function/internal_message.html?_=1652242579150&CODE_STATE=getMsg HTTP/1.1" 200 27
58.39.61.91 - - [11/May/2022:12:13:34 +0800] "GET /xingrg/all/function/internal_message.html?_=1652242372796&CODE_STATE=getMsg HTTP/1.1" 200 27
120.253.135.82 - - [11/May/2022:12:13:55 +0800] "GET /xingrg/all/function/internal_message.html?_=1652242243969&CODE_STATE=getMsg HTTP/1.1" 200 27
58.39.61.91 - - [11/May/2022:12:14:04 +0800] "GET /xingrg/all/function/internal_message.html?_=1652242442933&CODE_STATE=getMsg HTTP/1.1" 200 27
116.235.92.88 - - [11/May/2022:12:14:29 +0800] "GET /xingrg/all/function/internal_message.html?_=1652242639120&CODE_STATE=getMsg HTTP/1.1" 200 27
58.39.61.91 - - [11/May/2022:12:14:31 +0800] "GET /xingrg/check_reg.html?_=1652242430129 HTTP/1.1" 200 22
58.39.61.91 - - [11/May/2022:12:14:34 +0800] "GET /xingrg/all/function/internal_message.html?_=1652242432808&CODE_STATE=getMsg HTTP/1.1" 200 27
222.70.180.114 - - [11/May/2022:12:14:41 +0800] "GET /xingrg/check_reg.html?_=1652242479644 HTTP/1.1" 200 22
120.253.135.82 - - [11/May/2022:12:14:55 +0800] "GET /xingrg/all/function/internal_message.html?_=1652242303985&CODE_STATE=getMsg HTTP/1.1" 200 27
58.39.61.91 - - [11/May/2022:12:15:04 +0800] "GET /xingrg/check_reg.html?_=1652242502933 HTTP/1.1" 200 22
58.39.61.91 - - [11/May/2022:12:15:04 +0800] "GET /xingrg/all/function/internal_message.html?_=1652242502934&CODE_STATE=getMsg HTTP/1.1" 200 27
116.235.92.88 - - [11/May/2022:12:15:29 +0800] "GET /xingrg/all/function/internal_message.html?_=1652242699101&CODE_STATE=getMsg HTTP/1.1" 200 27
58.39.61.91 - - [11/May/2022:12:15:34 +0800] "GET /xingrg/all/function/internal_message.html?_=1652242492822&CODE_STATE=getMsg HTTP/1.1" 200 27
120.253.135.82 - - [11/May/2022:12:15:55 +0800] "GET /xingrg/all/function/internal_message.html?_=1652242363997&CODE_STATE=getMsg HTTP/1.1" 200 27
58.39.61.91 - - [11/May/2022:12:16:04 +0800] "GET /xingrg/all/function/internal_message.html?_=1652242562932&CODE_STATE=getMsg HTTP/1.1" 200 27
116.235.92.88 - - [11/May/2022:12:16:29 +0800] "GET /xingrg/all/function/internal_message.html?_=1652242759078&CODE_STATE=getMsg HTTP/1.1" 200 27
58.39.61.91 - - [11/May/2022:12:16:34 +0800] "GET /xingrg/all/function/internal_message.html?_=1652242552835&CODE_STATE=getMsg HTTP/1.1" 200 27
116.235.92.88 - - [11/May/2022:12:16:53 +0800] "GET /xingrg/check_reg.html?_=1652242783243 HTTP/1.1" 200 22
120.253.135.82 - - [11/May/2022:12:16:55 +0800] "GET /xingrg/check_reg.html?_=1652242423687 HTTP/1.1" 200 22
120.253.135.82 - - [11/May/2022:12:16:55 +0800] "GET /xingrg/all/function/internal_message.html?_=1652242424011&CODE_STATE=getMsg HTTP/1.1" 200 27
58.39.61.91 - - [11/May/2022:12:17:04 +0800] "GET /xingrg/all/function/internal_message.html?_=1652242622930&CODE_STATE=getMsg HTTP/1.1" 200 27
116.235.92.88 - - [11/May/2022:12:17:29 +0800] "GET /xingrg/all/function/internal_message.html?_=1652242819046&CODE_STATE=getMsg HTTP/1.1" 200 27
58.39.61.91 - - [11/May/2022:12:17:34 +0800] "GET /xingrg/all/function/internal_message.html?_=1652242612851&CODE_STATE=getMsg HTTP/1.1" 200 27
116.233.76.207 - - [11/May/2022:12:17:35 +0800] "POST /xingrg/services/DataTransmitService HTTP/1.1" 200 524
120.253.135.82 - - [11/May/2022:12:17:55 +0800] "GET /xingrg/all/function/internal_message.html?_=1652242484024&CODE_STATE=getMsg HTTP/1.1" 200 27
58.39.61.91 - - [11/May/2022:12:18:04 +0800] "GET /xingrg/all/function/internal_message.html?_=1652242682930&CODE_STATE=getMsg HTTP/1.1" 200 27
116.235.92.88 - - [11/May/2022:12:18:29 +0800] "GET /xingrg/all/function/internal_message.html?_=1652242879023&CODE_STATE=getMsg HTTP/1.1" 200 27
58.39.61.91 - - [11/May/2022:12:18:34 +0800] "GET /xingrg/all/function/internal_message.html?_=1652242672862&CODE_STATE=getMsg HTTP/1.1" 200 27
120.253.135.82 - - [11/May/2022:12:18:55 +0800] "GET /xingrg/all/function/internal_message.html?_=1652242544037&CODE_STATE=getMsg HTTP/1.1" 200 27
58.39.61.91 - - [11/May/2022:12:19:04 +0800] "GET /xingrg/all/function/internal_message.html?_=1652242742929&CODE_STATE=getMsg HTTP/1.1" 200 27
116.235.92.88 - - [11/May/2022:12:19:29 +0800] "GET /xingrg/all/function/internal_message.html?_=1652242938993&CODE_STATE=getMsg HTTP/1.1" 200 27
58.39.61.91 - - [11/May/2022:12:19:31 +0800] "GET /xingrg/check_reg.html?_=1652242730133 HTTP/1.1" 200 22
58.39.61.91 - - [11/May/2022:12:19:34 +0800] "GET /xingrg/all/function/internal_message.html?_=1652242732876&CODE_STATE=getMsg HTTP/1.1" 200 27
222.70.180.114 - - [11/May/2022:12:19:41 +0800] "GET /xingrg/check_reg.html?_=1652242779623 HTTP/1.1" 200 22
120.253.135.82 - - [11/May/2022:12:19:55 +0800] "GET /xingrg/all/function/internal_message.html?_=1652242604055&CODE_STATE=getMsg HTTP/1.1" 200 27
58.39.61.91 - - [11/May/2022:12:20:04 +0800] "GET /xingrg/all/function/internal_message.html?_=1652242802928&CODE_STATE=getMsg HTTP/1.1" 200 27
58.39.61.91 - - [11/May/2022:12:20:04 +0800] "GET /xingrg/check_reg.html?_=1652242802948 HTTP/1.1" 200 22
116.235.92.88 - - [11/May/2022:12:20:29 +0800] "GET /xingrg/all/function/internal_message.html?_=1652242998961&CODE_STATE=getMsg HTTP/1.1" 200 27
58.39.61.91 - - [11/May/2022:12:20:34 +0800] "GET /xingrg/all/function/internal_message.html?_=1652242792890&CODE_STATE=getMsg HTTP/1.1" 200 27
120.253.135.82 - - [11/May/2022:12:20:55 +0800] "GET /xingrg/all/function/internal_message.html?_=1652242664065&CODE_STATE=getMsg HTTP/1.1" 200 27
58.39.61.91 - - [11/May/2022:12:21:04 +0800] "GET /xingrg/all/function/internal_message.html?_=1652242862946&CODE_STATE=getMsg HTTP/1.1" 200 27
180.157.251.97 - - [11/May/2022:12:21:26 +0800] "POST /xingrg/services/DataTransmitService HTTP/1.1" 200 524
180.157.251.97 - - [11/May/2022:12:21:27 +0800] "POST /xingrg/services/DataTransmitService HTTP/1.1" 200 412
116.235.92.88 - - [11/May/2022:12:21:29 +0800] "GET /xingrg/all/function/internal_message.html?_=1652243058939&CODE_STATE=getMsg HTTP/1.1" 200 27
58.39.61.91 - - [11/May/2022:12:21:34 +0800] "GET /xingrg/all/function/internal_message.html?_=1652242852904&CODE_STATE=getMsg HTTP/1.1" 200 27
116.235.92.88 - - [11/May/2022:12:21:53 +0800] "GET /xingrg/check_reg.html?_=1652243083245 HTTP/1.1" 200 22
120.253.135.82 - - [11/May/2022:12:21:55 +0800] "GET /xingrg/check_reg.html?_=1652242723692 HTTP/1.1" 200 22
120.253.135.82 - - [11/May/2022:12:21:55 +0800] "GET /xingrg/all/function/internal_message.html?_=1652242724078&CODE_STATE=getMsg HTTP/1.1" 200 27
58.39.61.91 - - [11/May/2022:12:22:04 +0800] "GET /xingrg/all/function/internal_message.html?_=1652242922944&CODE_STATE=getMsg HTTP/1.1" 200 27
116.235.92.88 - - [11/May/2022:12:22:29 +0800] "GET /xingrg/all/function/internal_message.html?_=1652243118915&CODE_STATE=getMsg HTTP/1.1" 200 27
58.39.61.91 - - [11/May/2022:12:22:34 +0800] "GET /xingrg/all/function/internal_message.html?_=1652242912919&CODE_STATE=getMsg HTTP/1.1" 200 27
120.253.135.82 - - [11/May/2022:12:22:55 +0800] "GET /xingrg/all/function/internal_message.html?_=1652242784092&CODE_STATE=getMsg HTTP/1.1" 200 27
58.39.61.91 - - [11/May/2022:12:23:04 +0800] "GET /xingrg/all/function/internal_message.html?_=1652242982948&CODE_STATE=getMsg HTTP/1.1" 200 27
116.235.92.88 - - [11/May/2022:12:23:29 +0800] "GET /xingrg/all/function/internal_message.html?_=1652243178883&CODE_STATE=getMsg HTTP/1.1" 200 27
58.39.61.91 - - [11/May/2022:12:23:34 +0800] "GET /xingrg/all/function/internal_message.html?_=1652242972930&CODE_STATE=getMsg HTTP/1.1" 200 27
120.253.135.82 - - [11/May/2022:12:23:55 +0800] "GET /xingrg/all/function/internal_message.html?_=1652242844106&CODE_STATE=getMsg HTTP/1.1" 200 27
58.39.61.91 - - [11/May/2022:12:24:04 +0800] "GET /xingrg/all/function/internal_message.html?_=1652243042949&CODE_STATE=getMsg HTTP/1.1" 200 27
116.235.92.88 - - [11/May/2022:12:24:29 +0800] "GET /xingrg/all/function/internal_message.html?_=1652243238863&CODE_STATE=getMsg HTTP/1.1" 200 27
58.39.61.91 - - [11/May/2022:12:24:31 +0800] "GET /xingrg/check_reg.html?_=1652243030139 HTTP/1.1" 200 22
58.39.61.91 - - [11/May/2022:12:24:34 +0800] "GET /xingrg/all/function/internal_message.html?_=1652243032944&CODE_STATE=getMsg HTTP/1.1" 200 27
222.70.180.114 - - [11/May/2022:12:24:41 +0800] "GET /xingrg/check_reg.html?_=1652243079599 HTTP/1.1" 200 22
120.253.135.82 - - [11/May/2022:12:24:55 +0800] "GET /xingrg/all/function/internal_message.html?_=1652242904122&CODE_STATE=getMsg HTTP/1.1" 200 27
58.39.61.91 - - [11/May/2022:12:25:04 +0800] "GET /xingrg/check_reg.html?_=1652243102948 HTTP/1.1" 200 22
58.39.61.91 - - [11/May/2022:12:25:04 +0800] "GET /xingrg/all/function/internal_message.html?_=1652243102961&CODE_STATE=getMsg HTTP/1.1" 200 27
116.235.92.88 - - [11/May/2022:12:25:29 +0800] "GET /xingrg/all/function/internal_message.html?_=1652243298833&CODE_STATE=getMsg HTTP/1.1" 200 27
58.39.61.91 - - [11/May/2022:12:25:34 +0800] "GET /xingrg/all/function/internal_message.html?_=1652243092959&CODE_STATE=getMsg HTTP/1.1" 200 27
116.233.76.207 - - [11/May/2022:12:25:55 +0800] "POST /xingrg/services/DataTransmitService HTTP/1.1" 200 524
120.253.135.82 - - [11/May/2022:12:25:55 +0800] "GET /xingrg/all/function/internal_message.html?_=1652242964132&CODE_STATE=getMsg HTTP/1.1" 200 27
58.39.61.91 - - [11/May/2022:12:26:04 +0800] "GET /xingrg/all/function/internal_message.html?_=1652243162961&CODE_STATE=getMsg HTTP/1.1" 200 27
116.235.92.88 - - [11/May/2022:12:26:29 +0800] "GET /xingrg/all/function/internal_message.html?_=1652243358813&CODE_STATE=getMsg HTTP/1.1" 200 27
116.233.76.207 - - [11/May/2022:12:26:33 +0800] "POST /xingrg/services/DataTransmitService HTTP/1.1" 200 501
116.233.76.207 - - [11/May/2022:12:26:33 +0800] "POST /xingrg/services/DataTransmitService HTTP/1.1" 200 501
116.233.76.207 - - [11/May/2022:12:26:34 +0800] "POST /xingrg/services/DataTransmitService HTTP/1.1" 200 501
116.233.76.207 - - [11/May/2022:12:26:34 +0800] "POST /xingrg/services/DataTransmitService HTTP/1.1" 200 501
58.39.61.91 - - [11/May/2022:12:26:34 +0800] "GET /xingrg/all/function/internal_message.html?_=1652243152971&CODE_STATE=getMsg HTTP/1.1" 200 27
116.233.76.207 - - [11/May/2022:12:26:35 +0800] "POST /xingrg/services/DataTransmitService HTTP/1.1" 200 501
116.233.76.207 - - [11/May/2022:12:26:35 +0800] "POST /xingrg/services/DataTransmitService HTTP/1.1" 200 501
116.233.76.207 - - [11/May/2022:12:26:36 +0800] "POST /xingrg/services/DataTransmitService HTTP/1.1" 200 501
116.233.76.207 - - [11/May/2022:12:26:36 +0800] "POST /xingrg/services/DataTransmitService HTTP/1.1" 200 501
116.233.76.207 - - [11/May/2022:12:26:36 +0800] "POST /xingrg/services/DataTransmitService HTTP/1.1" 200 412
116.235.92.88 - - [11/May/2022:12:26:53 +0800] "GET /xingrg/check_reg.html?_=1652243383242 HTTP/1.1" 200 22
120.253.135.82 - - [11/May/2022:12:26:55 +0800] "GET /xingrg/check_reg.html?_=1652243023696 HTTP/1.1" 200 22
120.253.135.82 - - [11/May/2022:12:26:55 +0800] "GET /xingrg/all/function/internal_message.html?_=1652243024146&CODE_STATE=getMsg HTTP/1.1" 200 27
58.39.61.91 - - [11/May/2022:12:27:04 +0800] "GET /xingrg/all/function/internal_message.html?_=1652243222958&CODE_STATE=getMsg HTTP/1.1" 200 27
116.235.92.88 - - [11/May/2022:12:27:29 +0800] "GET /xingrg/all/function/internal_message.html?_=1652243418792&CODE_STATE=getMsg HTTP/1.1" 200 27
58.39.61.91 - - [11/May/2022:12:27:34 +0800] "GET /xingrg/all/function/internal_message.html?_=1652243212988&CODE_STATE=getMsg HTTP/1.1" 200 27
120.253.135.82 - - [11/May/2022:12:27:55 +0800] "GET /xingrg/all/function/internal_message.html?_=1652243084160&CODE_STATE=getMsg HTTP/1.1" 200 27
58.39.61.91 - - [11/May/2022:12:28:04 +0800] "GET /xingrg/all/function/internal_message.html?_=1652243282956&CODE_STATE=getMsg HTTP/1.1" 200 27
116.235.92.88 - - [11/May/2022:12:28:29 +0800] "GET /xingrg/all/function/internal_message.html?_=1652243478764&CODE_STATE=getMsg HTTP/1.1" 200 27
58.39.61.91 - - [11/May/2022:12:28:34 +0800] "GET /xingrg/all/function/internal_message.html?_=1652243272998&CODE_STATE=getMsg HTTP/1.1" 200 27
120.253.135.82 - - [11/May/2022:12:28:55 +0800] "GET /xingrg/all/function/internal_message.html?_=1652243144174&CODE_STATE=getMsg HTTP/1.1" 200 27
58.39.61.91 - - [11/May/2022:12:29:04 +0800] "GET /xingrg/all/function/internal_message.html?_=1652243342955&CODE_STATE=getMsg HTTP/1.1" 200 27
116.235.92.88 - - [11/May/2022:12:29:29 +0800] "GET /xingrg/all/function/internal_message.html?_=1652243538736&CODE_STATE=getMsg HTTP/1.1" 200 27
58.39.61.91 - - [11/May/2022:12:29:31 +0800] "GET /xingrg/check_reg.html?_=1652243330148 HTTP/1.1" 200 22
58.39.61.91 - - [11/May/2022:12:29:34 +0800] "GET /xingrg/all/function/internal_message.html?_=1652243333013&CODE_STATE=getMsg HTTP/1.1" 200 27
222.70.180.114 - - [11/May/2022:12:29:41 +0800] "GET /xingrg/check_reg.html?_=1652243379574 HTTP/1.1" 200 22
120.253.135.82 - - [11/May/2022:12:29:55 +0800] "GET /xingrg/all/function/internal_message.html?_=1652243204189&CODE_STATE=getMsg HTTP/1.1" 200 27
58.39.61.91 - - [11/May/2022:12:30:04 +0800] "GET /xingrg/all/function/internal_message.html?_=1652243402965&CODE_STATE=getMsg HTTP/1.1" 200 27
58.39.61.91 - - [11/May/2022:12:30:04 +0800] "GET /xingrg/check_reg.html?_=1652243402970 HTTP/1.1" 200 22
116.235.92.88 - - [11/May/2022:12:30:29 +0800] "GET /xingrg/all/function/internal_message.html?_=1652243598734&CODE_STATE=getMsg HTTP/1.1" 200 27
58.39.61.91 - - [11/May/2022:12:30:34 +0800] "GET /xingrg/all/function/internal_message.html?_=1652243393025&CODE_STATE=getMsg HTTP/1.1" 200 27
120.253.135.82 - - [11/May/2022:12:30:55 +0800] "GET /xingrg/all/function/internal_message.html?_=1652243264202&CODE_STATE=getMsg HTTP/1.1" 200 27
58.39.61.91 - - [11/May/2022:12:31:04 +0800] "GET /xingrg/all/function/internal_message.html?_=1652243462966&CODE_STATE=getMsg HTTP/1.1" 200 27
101.85.120.86 - - [11/May/2022:12:31:27 +0800] "GET /favicon.ico HTTP/1.1" 404 -
101.85.120.86 - - [11/May/2022:12:31:27 +0800] "GET /xingrg/login.html HTTP/1.1" 200 7641
101.85.120.86 - - [11/May/2022:12:31:27 +0800] "GET /xingrg/images/blue/jxLogo.png HTTP/1.1" 304 -
101.85.120.86 - - [11/May/2022:12:31:28 +0800] "GET /xingrg/images/blue/login_bg.png HTTP/1.1" 304 -
101.85.120.86 - - [11/May/2022:12:31:28 +0800] "GET /favicon.ico HTTP/1.1" 404 -
101.85.120.86 - - [11/May/2022:12:31:28 +0800] "GET /xingrg/images/blue/hj.png HTTP/1.1" 304 -
101.85.120.86 - - [11/May/2022:12:31:28 +0800] "GET /xingrg/images/blue/srbg.png HTTP/1.1" 304 -
116.235.92.88 - - [11/May/2022:12:31:29 +0800] "GET /xingrg/all/function/internal_message.html?_=1652243658715&CODE_STATE=getMsg HTTP/1.1" 200 27
58.39.61.91 - - [11/May/2022:12:31:34 +0800] "GET /xingrg/all/function/internal_message.html?_=1652243453040&CODE_STATE=getMsg HTTP/1.1" 200 27
58.39.61.91 - - [11/May/2022:12:31:42 +0800] "GET /xingrg/kc/base/wldb_order_list.html HTTP/1.1" 200 19107
58.39.61.91 - - [11/May/2022:12:31:42 +0800] "POST /xingrg/kc/base/wldb_list_operate.html HTTP/1.1" 200 928
58.39.61.91 - - [11/May/2022:12:31:46 +0800] "GET /xingrg/kc/base/yddb_order_list.html HTTP/1.1" 200 16713
58.39.61.91 - - [11/May/2022:12:31:47 +0800] "POST /xingrg/kc/base/yddb_list_operate.html HTTP/1.1" 200 1336
116.235.92.88 - - [11/May/2022:12:31:53 +0800] "GET /xingrg/check_reg.html?_=1652243683270 HTTP/1.1" 200 22
120.253.135.82 - - [11/May/2022:12:31:55 +0800] "GET /xingrg/check_reg.html?_=1652243323709 HTTP/1.1" 200 22
120.253.135.82 - - [11/May/2022:12:31:55 +0800] "GET /xingrg/all/function/internal_message.html?_=1652243324214&CODE_STATE=getMsg HTTP/1.1" 200 27
58.39.61.91 - - [11/May/2022:12:32:00 +0800] "POST /xingrg/kc/base/yddb_list_operate.html HTTP/1.1" 200 4015
58.39.61.91 - - [11/May/2022:12:32:04 +0800] "GET /xingrg/all/function/internal_message.html?_=1652243522984&CODE_STATE=getMsg HTTP/1.1" 200 27
58.39.61.91 - - [11/May/2022:12:32:05 +0800] "POST /xingrg/kc/base/yddb_list_operate.html HTTP/1.1" 200 4179
58.39.61.91 - - [11/May/2022:12:32:13 +0800] "POST /xingrg/kc/base/yddb_list_operate.html HTTP/1.1" 200 3462
58.39.61.91 - - [11/May/2022:12:32:22 +0800] "POST /xingrg/kc/base/yddb_list_operate.html HTTP/1.1" 200 4179
58.39.61.91 - - [11/May/2022:12:32:26 +0800] "POST /xingrg/kc/base/yddb_list_operate.html HTTP/1.1" 200 4015
116.235.92.88 - - [11/May/2022:12:32:29 +0800] "GET /xingrg/all/function/internal_message.html?_=1652243718683&CODE_STATE=getMsg HTTP/1.1" 200 27
58.39.61.91 - - [11/May/2022:12:32:34 +0800] "GET /xingrg/all/function/internal_message.html?_=1652243513056&CODE_STATE=getMsg HTTP/1.1" 200 27
120.253.135.82 - - [11/May/2022:12:32:56 +0800] "GET /xingrg/all/function/internal_message.html?_=1652243384227&CODE_STATE=getMsg HTTP/1.1" 200 27
58.39.61.91 - - [11/May/2022:12:33:04 +0800] "GET /xingrg/all/function/internal_message.html?_=1652243582977&CODE_STATE=getMsg HTTP/1.1" 200 27
116.235.92.88 - - [11/May/2022:12:33:29 +0800] "GET /xingrg/all/function/internal_message.html?_=1652243778655&CODE_STATE=getMsg HTTP/1.1" 200 27
58.39.61.91 - - [11/May/2022:12:33:34 +0800] "GET /xingrg/all/function/internal_message.html?_=1652243573067&CODE_STATE=getMsg HTTP/1.1" 200 27
120.253.135.82 - - [11/May/2022:12:33:56 +0800] "GET /xingrg/all/function/internal_message.html?_=1652243444242&CODE_STATE=getMsg HTTP/1.1" 200 27
58.39.61.91 - - [11/May/2022:12:33:56 +0800] "POST /xingrg/all/user/operate.html HTTP/1.1" 200 36
58.39.61.91 - - [11/May/2022:12:33:56 +0800] "GET /xingrg/index.html?sysBaseUrl=http%3A%2F%2F180.169.147.146%3A18081%2Fxingrg%2F&costTime=46×tamp=1652091703161 HTTP/1.1" 200 17177
58.39.61.91 - - [11/May/2022:12:33:56 +0800] "GET /xingrg/javascript/jquery_easy_ui/themes/default/easyui.css HTTP/1.1" 304 -
58.39.61.91 - - [11/May/2022:12:33:56 +0800] "GET /xingrg/javascript/jquery_easy_ui/themes/icon.css HTTP/1.1" 304 -
58.39.61.91 - - [11/May/2022:12:33:56 +0800] "GET /xingrg/css/form.css HTTP/1.1" 304 -
58.39.61.91 - - [11/May/2022:12:33:56 +0800] "GET /xingrg/javascript/jquery-1.4.2.min.js HTTP/1.1" 304 -
58.39.61.91 - - [11/May/2022:12:33:56 +0800] "GET /xingrg/javascript/jquery_easy_ui/jquery.easyui.min.js HTTP/1.1" 304 -
58.39.61.91 - - [11/May/2022:12:33:56 +0800] "GET /xingrg/javascript/jquery_easy_ui/easyui-lang-zh_CN.js HTTP/1.1" 304 -
58.39.61.91 - - [11/May/2022:12:33:56 +0800] "GET /xingrg/javascript/jquery.form.js HTTP/1.1" 304 -
58.39.61.91 - - [11/May/2022:12:33:56 +0800] "GET /xingrg/javascript/jquery.utils.js HTTP/1.1" 304 -
58.39.61.91 - - [11/May/2022:12:33:56 +0800] "GET /xingrg/javascript/jquery.timers.js HTTP/1.1" 304 -
58.39.61.91 - - [11/May/2022:12:33:56 +0800] "GET /xingrg/images/blue/jxLogo.png HTTP/1.1" 304 -
58.39.61.91 - - [11/May/2022:12:33:56 +0800] "GET /xingrg/images/blue/navBackgound.jpg HTTP/1.1" 304 -
58.39.61.91 - - [11/May/2022:12:33:56 +0800] "POST /xingrg/all/common/load_tree.html?tree=area_rest_tree_json&manage=1 HTTP/1.1" 200 476
58.39.61.91 - - [11/May/2022:12:33:56 +0800] "GET /xingrg/javascript/jquery_easy_ui/themes/icons/settle_new.png HTTP/1.1" 304 -
58.39.61.91 - - [11/May/2022:12:33:56 +0800] "GET /xingrg/all/function/internal_message.html?_=1652243635381&CODE_STATE=count HTTP/1.1" 200 11
58.39.61.91 - - [11/May/2022:12:33:56 +0800] "GET /xingrg/check_reg.html?_=1652243635383 HTTP/1.1" 200 22
58.39.61.91 - - [11/May/2022:12:33:56 +0800] "POST /xingrg/load_menu.html HTTP/1.1" 200 5138
58.39.61.91 - - [11/May/2022:12:33:56 +0800] "GET /xingrg/javascript/jquery_easy_ui/themes/default/images/tabs_rightarrow.png HTTP/1.1" 304 -
58.39.61.91 - - [11/May/2022:12:33:56 +0800] "GET /xingrg/javascript/jquery_easy_ui/themes/default/images/panel_tool_collapse.gif HTTP/1.1" 304 -
58.39.61.91 - - [11/May/2022:12:33:56 +0800] "GET /xingrg/images/blue/pingpu.png HTTP/1.1" 304 -
58.39.61.91 - - [11/May/2022:12:33:56 +0800] "GET /xingrg/javascript/jquery_easy_ui/themes/icons/forms_new.png HTTP/1.1" 304 -
58.39.61.91 - - [11/May/2022:12:33:56 +0800] "GET /xingrg/javascript/jquery_easy_ui/themes/default/images/tree_folder.gif HTTP/1.1" 304 -
58.39.61.91 - - [11/May/2022:12:33:56 +0800] "GET /xingrg/javascript/jquery_easy_ui/themes/default/images/tree_folder_open.gif HTTP/1.1" 304 -
58.39.61.91 - - [11/May/2022:12:33:56 +0800] "GET /xingrg/javascript/jquery_easy_ui/themes/default/images/tree_file.gif HTTP/1.1" 304 -
58.39.61.91 - - [11/May/2022:12:33:56 +0800] "GET /xingrg/javascript/jquery_easy_ui/themes/icons/storage_new.png HTTP/1.1" 304 -
58.39.61.91 - - [11/May/2022:12:33:57 +0800] "GET /xingrg/javascript/jquery_easy_ui/themes/default/images/tree_arrows.gif HTTP/1.1" 304 -
58.39.61.91 - - [11/May/2022:12:33:57 +0800] "GET /xingrg/javascript/jquery_easy_ui/themes/icons/search_new.png HTTP/1.1" 304 -
58.39.61.91 - - [11/May/2022:12:33:57 +0800] "GET /xingrg/javascript/jquery_easy_ui/themes/default/images/tabs_leftarrow.png HTTP/1.1" 304 -
58.39.61.91 - - [11/May/2022:12:33:58 +0800] "GET /xingrg/kc/buy/cgsh_order_list.html HTTP/1.1" 200 51506
58.39.61.91 - - [11/May/2022:12:33:59 +0800] "POST /xingrg/kc/buy/cgsh_list_operate.html HTTP/1.1" 200 876
58.39.61.91 - - [11/May/2022:12:34:01 +0800] "GET /xingrg/javascript/jquery_tools/images/prev.gif HTTP/1.1" 404 1086
58.39.61.91 - - [11/May/2022:12:34:01 +0800] "GET /xingrg/javascript/jquery_tools/images/next.gif HTTP/1.1" 404 1086
58.39.61.91 - - [11/May/2022:12:34:09 +0800] "GET /xingrg/javascript/auto/indicator.gif HTTP/1.1" 404 1066
58.39.61.91 - - [11/May/2022:12:34:14 +0800] "POST /xingrg/kc/buy/cgsh_list_operate.html HTTP/1.1" 200 1742
58.39.61.91 - - [11/May/2022:12:34:22 +0800] "POST /xingrg/kc/buy/cgsh_list_operate.html HTTP/1.1" 200 2132
116.235.92.88 - - [11/May/2022:12:34:29 +0800] "GET /xingrg/all/function/internal_message.html?_=1652243838635&CODE_STATE=getMsg HTTP/1.1" 200 27
58.39.61.91 - - [11/May/2022:12:34:32 +0800] "GET /xingrg/check_reg.html?_=1652243630154 HTTP/1.1" 200 22
58.39.61.91 - - [11/May/2022:12:34:34 +0800] "GET /xingrg/all/function/internal_message.html?_=1652243633081&CODE_STATE=getMsg HTTP/1.1" 200 27
222.70.180.114 - - [11/May/2022:12:34:41 +0800] "GET /xingrg/check_reg.html?_=1652243679583 HTTP/1.1" 200 22
120.253.135.82 - - [11/May/2022:12:34:56 +0800] "GET /xingrg/all/function/internal_message.html?_=1652243504257&CODE_STATE=getMsg HTTP/1.1" 200 27
58.39.61.91 - - [11/May/2022:12:34:56 +0800] "GET /xingrg/all/function/internal_message.html?_=1652243695385&CODE_STATE=getMsg HTTP/1.1" 200 27
116.235.92.88 - - [11/May/2022:12:35:29 +0800] "GET /xingrg/all/function/internal_message.html?_=1652243898617&CODE_STATE=getMsg HTTP/1.1" 200 27
58.39.61.91 - - [11/May/2022:12:35:34 +0800] "GET /xingrg/all/function/internal_message.html?_=1652243693093&CODE_STATE=getMsg HTTP/1.1" 200 27
58.221.95.50 - - [11/May/2022:12:35:47 +0800] "GET /xingrg/check_reg.html?_=1652243747540 HTTP/1.1" 302 -
120.253.135.82 - - [11/May/2022:12:35:56 +0800] "GET /xingrg/all/function/internal_message.html?_=1652243564270&CODE_STATE=getMsg HTTP/1.1" 200 27
58.39.61.91 - - [11/May/2022:12:35:56 +0800] "GET /xingrg/all/function/internal_message.html?_=1652243755397&CODE_STATE=getMsg HTTP/1.1" 200 27
120.253.135.82 - - [11/May/2022:12:36:02 +0800] "GET /xingrg/javascript/jquery_easy_ui/themes/icons/manage.png HTTP/1.1" 304 -
120.253.135.82 - - [11/May/2022:12:36:03 +0800] "GET /xingrg/javascript/jquery_easy_ui/themes/icons/area.png HTTP/1.1" 304 -
120.253.135.82 - - [11/May/2022:12:36:05 +0800] "GET /xingrg/javascript/easyui/themes/default/images/button_plain_hover.png HTTP/1.1" 304 -
120.253.135.82 - - [11/May/2022:12:36:09 +0800] "POST /xingrg/kc/pszx/mdps_list_operate.html HTTP/1.1" 200 621
120.253.135.82 - - [11/May/2022:12:36:10 +0800] "GET /xingrg/javascript/json2.js HTTP/1.1" 304 -
120.253.135.82 - - [11/May/2022:12:36:10 +0800] "GET /xingrg/kc/pszx/mdps_order_info.html?code=312022051100261 HTTP/1.1" 200 23978
120.253.135.82 - - [11/May/2022:12:36:10 +0800] "GET /xingrg/javascript/jquery_tools/order_manager.js HTTP/1.1" 304 -
120.253.135.82 - - [11/May/2022:12:36:10 +0800] "GET /xingrg/javascript/convert.js HTTP/1.1" 304 -
120.253.135.82 - - [11/May/2022:12:36:10 +0800] "GET /xingrg/javascript/print/kc_print.js HTTP/1.1" 304 -
120.253.135.82 - - [11/May/2022:12:36:10 +0800] "GET /xingrg/words/20220510102851_words.js HTTP/1.1" 304 -
120.253.135.82 - - [11/May/2022:12:36:10 +0800] "GET /xingrg/javascript/easyui/themes/icons/print.png HTTP/1.1" 304 -
120.253.135.82 - - [11/May/2022:12:36:10 +0800] "GET /xingrg/javascript/easyui/themes/default/images/menu_downarrow.png HTTP/1.1" 304 -
120.253.135.82 - - [11/May/2022:12:36:10 +0800] "GET /xingrg/javascript/easyui/themes/icons/copy_new.png HTTP/1.1" 304 -
120.253.135.82 - - [11/May/2022:12:36:10 +0800] "GET /xingrg/javascript/easyui/themes/icons/cancel.png HTTP/1.1" 304 -
120.253.135.82 - - [11/May/2022:12:36:10 +0800] "GET /xingrg/javascript/easyui/themes/icons/ok.png HTTP/1.1" 304 -
120.253.135.82 - - [11/May/2022:12:36:10 +0800] "GET /xingrg/all/common/auto_word.html?type=base&rest_code=00101 HTTP/1.1" 200 671
120.253.135.82 - - [11/May/2022:12:36:10 +0800] "POST /xingrg/kc/pszx/mdps_order_operate.html HTTP/1.1" 200 9932
120.253.135.82 - - [11/May/2022:12:36:10 +0800] "GET /xingrg/javascript/easyui/themes/default/validatebox.css HTTP/1.1" 404 1104
120.253.135.82 - - [11/May/2022:12:36:10 +0800] "GET /xingrg/javascript/easyui/plugins/jquery.validatebox.js HTTP/1.1" 304 -
120.253.135.82 - - [11/May/2022:12:36:11 +0800] "GET /xingrg/javascript/easyui/plugins/jquery.numberbox.js HTTP/1.1" 304 -
120.253.135.82 - - [11/May/2022:12:36:11 +0800] "GET /xingrg/javascript/easyui/themes/icons/edit_remove.png HTTP/1.1" 304 -
116.235.92.88 - - [11/May/2022:12:36:29 +0800] "GET /xingrg/all/function/internal_message.html?_=1652243958593&CODE_STATE=getMsg HTTP/1.1" 200 27
58.39.61.91 - - [11/May/2022:12:36:34 +0800] "GET /xingrg/all/function/internal_message.html?_=1652243753107&CODE_STATE=getMsg HTTP/1.1" 200 27
116.235.92.88 - - [11/May/2022:12:36:53 +0800] "GET /xingrg/check_reg.html?_=1652243983273 HTTP/1.1" 200 22
120.253.135.82 - - [11/May/2022:12:36:55 +0800] "GET /xingrg/check_reg.html?_=1652243623807 HTTP/1.1" 200 22
120.253.135.82 - - [11/May/2022:12:36:56 +0800] "GET /xingrg/all/function/internal_message.html?_=1652243624282&CODE_STATE=getMsg HTTP/1.1" 200 27
58.39.61.91 - - [11/May/2022:12:36:56 +0800] "GET /xingrg/all/function/internal_message.html?_=1652243815396&CODE_STATE=getMsg HTTP/1.1" 200 27
116.235.92.88 - - [11/May/2022:12:37:29 +0800] "GET /xingrg/all/function/internal_message.html?_=1652244018567&CODE_STATE=getMsg HTTP/1.1" 200 27
58.39.61.91 - - [11/May/2022:12:37:34 +0800] "GET /xingrg/all/function/internal_message.html?_=1652243813125&CODE_STATE=getMsg HTTP/1.1" 200 27
120.253.135.82 - - [11/May/2022:12:37:56 +0800] "GET /xingrg/all/function/internal_message.html?_=1652243684302&CODE_STATE=getMsg HTTP/1.1" 200 27
58.39.61.91 - - [11/May/2022:12:37:56 +0800] "GET /xingrg/all/function/internal_message.html?_=1652243875393&CODE_STATE=getMsg HTTP/1.1" 200 27
116.235.92.88 - - [11/May/2022:12:38:29 +0800] "GET /xingrg/all/function/internal_message.html?_=1652244078541&CODE_STATE=getMsg HTTP/1.1" 200 27
58.39.61.91 - - [11/May/2022:12:38:34 +0800] "GET /xingrg/all/function/internal_message.html?_=1652243873135&CODE_STATE=getMsg HTTP/1.1" 200 27
120.253.135.82 - - [11/May/2022:12:38:56 +0800] "GET /xingrg/all/function/internal_message.html?_=1652243744309&CODE_STATE=getMsg HTTP/1.1" 200 27
58.39.61.91 - - [11/May/2022:12:38:56 +0800] "GET /xingrg/check_reg.html?_=1652243935408 HTTP/1.1" 200 22
58.39.61.91 - - [11/May/2022:12:38:56 +0800] "GET /xingrg/all/function/internal_message.html?_=1652243935409&CODE_STATE=getMsg HTTP/1.1" 200 27
116.235.92.88 - - [11/May/2022:12:39:28 +0800] "GET /xingrg/all/function/internal_message.html?_=1652244138520&CODE_STATE=getMsg HTTP/1.1" 200 27
58.39.61.91 - - [11/May/2022:12:39:32 +0800] "GET /xingrg/check_reg.html?_=1652243930156 HTTP/1.1" 200 22
58.39.61.91 - - [11/May/2022:12:39:34 +0800] "GET /xingrg/all/function/internal_message.html?_=1652243933148&CODE_STATE=getMsg HTTP/1.1" 200 27
120.253.135.82 - - [11/May/2022:12:39:38 +0800] "GET /xingrg/kc/pszx/mdps_order_list.html?orderType=0 HTTP/1.1" 200 20966
120.253.135.82 - - [11/May/2022:12:39:38 +0800] "POST /xingrg/kc/pszx/mdps_list_operate.html HTTP/1.1" 200 5199
120.253.135.82 - - [11/May/2022:12:39:40 +0800] "GET /xingrg/javascript/auto/indicator.gif HTTP/1.1" 404 1066
222.70.180.114 - - [11/May/2022:12:39:41 +0800] "GET /xingrg/check_reg.html?_=1652243979555 HTTP/1.1" 200 22
120.253.135.82 - - [11/May/2022:12:39:51 +0800] "POST /xingrg/kc/pszx/mdps_list_operate.html HTTP/1.1" 200 868
120.253.135.82 - - [11/May/2022:12:39:56 +0800] "GET /xingrg/all/function/internal_message.html?_=1652243804323&CODE_STATE=getMsg HTTP/1.1" 200 27
58.39.61.91 - - [11/May/2022:12:39:56 +0800] "GET /xingrg/all/function/internal_message.html?_=1652243995406&CODE_STATE=getMsg HTTP/1.1" 200 27
120.253.135.82 - - [11/May/2022:12:40:03 +0800] "GET /xingrg/kc/pszx/mdps_order_add.html HTTP/1.1" 200 29035
120.253.135.82 - - [11/May/2022:12:40:04 +0800] "POST /xingrg/kc/pszx/mdps_order_operate.html HTTP/1.1" 200 7126
120.253.135.82 - - [11/May/2022:12:40:04 +0800] "GET /xingrg/javascript/easyui/themes/default/validatebox.css HTTP/1.1" 404 1104
120.253.135.82 - - [11/May/2022:12:40:22 +0800] "GET /xingrg/css/images/panel_loading.gif HTTP/1.1" 304 -
120.253.135.82 - - [11/May/2022:12:40:22 +0800] "POST /xingrg/all/common/load_combo.html?type=base HTTP/1.1" 200 1169
116.235.92.88 - - [11/May/2022:12:40:28 +0800] "GET /xingrg/all/function/internal_message.html?_=1652244198500&CODE_STATE=getMsg HTTP/1.1" 200 27
58.39.61.91 - - [11/May/2022:12:40:35 +0800] "GET /xingrg/all/function/internal_message.html?_=1652243993161&CODE_STATE=getMsg HTTP/1.1" 200 27
58.221.95.50 - - [11/May/2022:12:40:47 +0800] "GET /xingrg/check_reg.html?_=1652244047565 HTTP/1.1" 302 -
120.253.135.82 - - [11/May/2022:12:40:56 +0800] "GET /xingrg/all/function/internal_message.html?_=1652243864337&CODE_STATE=getMsg HTTP/1.1" 200 27
58.39.61.91 - - [11/May/2022:12:40:56 +0800] "GET /xingrg/all/function/internal_message.html?_=1652244055402&CODE_STATE=getMsg HTTP/1.1" 200 27
120.253.135.82 - - [11/May/2022:12:41:08 +0800] "GET /xingrg/kc/pszx/mdps_order_operate.html?command=get_materiel&pszx_code=00101&rest_code=00156&base_code=0010246&code=00101020161 HTTP/1.1" 200 422
120.253.135.82 - - [11/May/2022:12:41:19 +0800] "POST /xingrg/kc/pszx/mdps_order_operate.html HTTP/1.1" 200 37
120.253.135.82 - - [11/May/2022:12:41:20 +0800] "GET /xingrg/kc/pszx/mdps_order_info.html?code=312022051100265 HTTP/1.1" 200 23978
120.253.135.82 - - [11/May/2022:12:41:20 +0800] "GET /xingrg/javascript/easyui/themes/default/validatebox.css HTTP/1.1" 404 1104
120.253.135.82 - - [11/May/2022:12:41:20 +0800] "POST /xingrg/kc/pszx/mdps_order_operate.html HTTP/1.1" 200 2274
120.253.135.82 - - [11/May/2022:12:41:25 +0800] "POST /xingrg/kc/pszx/mdps_list_operate.html HTTP/1.1" 200 1686
116.235.92.88 - - [11/May/2022:12:41:28 +0800] "GET /xingrg/all/function/internal_message.html?_=1652244258478&CODE_STATE=getMsg HTTP/1.1" 200 27
120.253.135.82 - - [11/May/2022:12:41:30 +0800] "GET /xingrg/kc/pszx/ps_main.html HTTP/1.1" 200 13401
120.253.135.82 - - [11/May/2022:12:41:30 +0800] "GET /xingrg/javascript/ToolTips.js HTTP/1.1" 304 -
120.253.135.82 - - [11/May/2022:12:41:30 +0800] "GET /xingrg/images/blue/button/fdqpd.gif HTTP/1.1" 304 -
120.253.135.82 - - [11/May/2022:12:41:30 +0800] "GET /xingrg/images/blue/button/ckpd.gif HTTP/1.1" 304 -
120.253.135.82 - - [11/May/2022:12:41:30 +0800] "GET /xingrg/images/blue/button/line.jpg HTTP/1.1" 304 -
120.253.135.82 - - [11/May/2022:12:41:30 +0800] "GET /xingrg/images/blue/button/left_down_ah.jpg HTTP/1.1" 304 -
120.253.135.82 - - [11/May/2022:12:41:30 +0800] "GET /xingrg/images/blue/button/right_down_ah.jpg HTTP/1.1" 304 -
120.253.135.82 - - [11/May/2022:12:41:30 +0800] "GET /xingrg/images/blue/button/pszx.gif HTTP/1.1" 304 -
120.253.135.82 - - [11/May/2022:12:41:30 +0800] "GET /xingrg/images/blue/button/yddb.gif HTTP/1.1" 304 -
120.253.135.82 - - [11/May/2022:12:41:30 +0800] "GET /xingrg/images/blue/button/jzcgd.gif HTTP/1.1" 304 -
120.253.135.82 - - [11/May/2022:12:41:30 +0800] "GET /xingrg/images/blue/button/fdps2.gif HTTP/1.1" 304 -
120.253.135.82 - - [11/May/2022:12:41:30 +0800] "GET /xingrg/images/blue/pic_form2.gif HTTP/1.1" 304 -
120.253.135.82 - - [11/May/2022:12:41:30 +0800] "GET /xingrg/images/blue/button/cgydd.gif HTTP/1.1" 304 -
120.253.135.82 - - [11/May/2022:12:41:30 +0800] "GET /xingrg/images/blue/button/down_ah.jpg HTTP/1.1" 304 -
120.253.135.82 - - [11/May/2022:12:41:30 +0800] "GET /xingrg/images/blue/bg_dotted.jpg HTTP/1.1" 304 -
120.253.135.82 - - [11/May/2022:12:41:31 +0800] "GET /xingrg/images/yd/bt.gif HTTP/1.1" 404 1040
120.253.135.82 - - [11/May/2022:12:41:32 +0800] "GET /xingrg/kc/pszx/mdqp_order_list.html HTTP/1.1" 200 54465
120.253.135.82 - - [11/May/2022:12:41:32 +0800] "GET /xingrg/dwr/interface/AjaxReportQueryService.js HTTP/1.1" 200 13203
120.253.135.82 - - [11/May/2022:12:41:32 +0800] "GET /xingrg/dwr/interface/AjaxQqpsService.js HTTP/1.1" 200 16326
120.253.135.82 - - [11/May/2022:12:41:32 +0800] "GET /xingrg/dwr/engine.js HTTP/1.1" 200 43631
58.39.61.91 - - [11/May/2022:12:41:35 +0800] "GET /xingrg/all/function/internal_message.html?_=1652244053175&CODE_STATE=getMsg HTTP/1.1" 200 27
120.253.135.82 - - [11/May/2022:12:41:43 +0800] "GET /xingrg/kc/pszx/mdqp_order_info.html?code=302022051000056 HTTP/1.1" 200 12913
120.253.135.82 - - [11/May/2022:12:41:43 +0800] "GET /xingrg/javascript/tools/jquery.qtip-1.0.0-rc3.min.js HTTP/1.1" 304 -
120.253.135.82 - - [11/May/2022:12:41:43 +0800] "GET /xingrg/javascript/checkform.js HTTP/1.1" 304 -
120.253.135.82 - - [11/May/2022:12:41:43 +0800] "GET /xingrg/javascript/AjaxInfoList.js HTTP/1.1" 304 -
120.253.135.82 - - [11/May/2022:12:41:43 +0800] "GET /xingrg/javascript/Grid.js HTTP/1.1" 304 -
120.253.135.82 - - [11/May/2022:12:41:43 +0800] "GET /xingrg/dwr/interface/AjaxComOrderService.js HTTP/1.1" 200 18264
