218.81.223.53 - - [10/May/2022:10:56:28 +0800] "GET /xingrg/check_reg.html?_=1652151393080 HTTP/1.1" 200 22
114.83.218.142 - - [10/May/2022:10:56:30 +0800] "GET /xingrg/kc/mdqp/pssh_order_list.html?isBack=1 HTTP/1.1" 200 17862
114.83.218.142 - - [10/May/2022:10:56:30 +0800] "POST /xingrg/kc/mdqp/pssh_list_operate.html HTTP/1.1" 200 5332
114.83.218.142 - - [10/May/2022:10:56:32 +0800] "POST /xingrg/kc/mdqp/pssh_list_operate.html HTTP/1.1" 200 820
114.83.218.142 - - [10/May/2022:10:56:32 +0800] "POST /xingrg/kc/mdqp/pssh_list_operate.html HTTP/1.1" 200 1574
114.83.218.142 - - [10/May/2022:10:56:32 +0800] "GET /xingrg/kc/mdqp/pssh_order_info.html?code=312022050700174 HTTP/1.1" 200 17303
114.83.218.142 - - [10/May/2022:10:56:32 +0800] "GET /xingrg/javascript/jquery_tools/jquery-1.4.2.min.js HTTP/1.1" 404 1094
114.83.218.142 - - [10/May/2022:10:56:32 +0800] "POST /xingrg/kc/mdqp/pssh_order_operate.html HTTP/1.1" 200 8542
114.83.218.142 - - [10/May/2022:10:56:32 +0800] "GET /xingrg/javascript/easyui/themes/default/validatebox.css HTTP/1.1" 404 1104
218.81.223.53 - - [10/May/2022:10:56:40 +0800] "GET /xingrg/all/function/internal_message.html?_=1652151405607&CODE_STATE=getMsg HTTP/1.1" 200 27
222.70.180.114 - - [10/May/2022:10:56:42 +0800] "GET /xingrg/all/function/internal_message.html?_=1652151396305&CODE_STATE=getMsg HTTP/1.1" 200 27
116.235.92.88 - - [10/May/2022:10:56:50 +0800] "GET /xingrg/all/function/internal_message.html?_=1652151581208&CODE_STATE=getMsg HTTP/1.1" 200 27
116.235.92.88 - - [10/May/2022:10:56:50 +0800] "GET /xingrg/check_reg.html?_=1652151581209 HTTP/1.1" 200 22
114.83.218.142 - - [10/May/2022:10:56:51 +0800] "POST /xingrg/all/common/load_combo.html?type=employee HTTP/1.1" 200 359
117.143.50.163 - - [10/May/2022:10:56:58 +0800] "GET /xingrg/all/function/internal_message.html?_=1652151417285&CODE_STATE=getMsg HTTP/1.1" 200 27
114.83.218.142 - - [10/May/2022:10:57:04 +0800] "POST /xingrg/kc/mdqp/pssh_order_operate.html HTTP/1.1" 200 37
114.83.218.142 - - [10/May/2022:10:57:05 +0800] "POST /xingrg/kc/mdqp/pssh_order_operate.html HTTP/1.1" 200 12
114.83.218.142 - - [10/May/2022:10:57:06 +0800] "GET /xingrg/kc/mdqp/pssh_order_info.html?code=312022050700174 HTTP/1.1" 200 14392
114.83.218.142 - - [10/May/2022:10:57:06 +0800] "GET /xingrg/javascript/jquery_tools/jquery-1.4.2.min.js HTTP/1.1" 404 1094
114.83.218.142 - - [10/May/2022:10:57:06 +0800] "POST /xingrg/kc/mdqp/pssh_order_operate.html HTTP/1.1" 200 8542
114.83.218.142 - - [10/May/2022:10:57:06 +0800] "GET /xingrg/javascript/easyui/themes/default/validatebox.css HTTP/1.1" 404 1104
114.83.218.142 - - [10/May/2022:10:57:08 +0800] "GET /xingrg/all/function/internal_message.html?_=1652151426200&CODE_STATE=getMsg HTTP/1.1" 200 27
58.39.61.91 - - [10/May/2022:10:57:08 +0800] "GET /xingrg/all/function/internal_message.html?_=1652151427750&CODE_STATE=getMsg HTTP/1.1" 200 27
58.39.61.91 - - [10/May/2022:10:57:08 +0800] "GET /xingrg/check_reg.html?_=1652151427748 HTTP/1.1" 200 22
58.39.201.47 - - [10/May/2022:10:57:09 +0800] "GET /xingrg/all/function/internal_message.html?_=1652151434386&CODE_STATE=getMsg HTTP/1.1" 200 27
114.83.218.142 - - [10/May/2022:10:57:10 +0800] "GET /xingrg/kc/mdqp/pssh_order_list.html?isBack=1 HTTP/1.1" 200 17862
114.83.218.142 - - [10/May/2022:10:57:10 +0800] "POST /xingrg/kc/mdqp/pssh_list_operate.html HTTP/1.1" 200 5357
114.86.229.216 - - [10/May/2022:10:57:10 +0800] "GET /xingrg/all/function/internal_message.html?_=1652151432485&CODE_STATE=getMsg HTTP/1.1" 200 27
114.86.229.216 - - [10/May/2022:10:57:10 +0800] "GET /xingrg/check_reg.html?_=1652151432486 HTTP/1.1" 200 22
114.83.218.142 - - [10/May/2022:10:57:13 +0800] "POST /xingrg/kc/mdqp/pssh_list_operate.html HTTP/1.1" 200 742
114.83.218.142 - - [10/May/2022:10:57:14 +0800] "POST /xingrg/kc/mdqp/pssh_list_operate.html HTTP/1.1" 200 1574
114.83.218.142 - - [10/May/2022:10:57:14 +0800] "GET /xingrg/kc/mdqp/pssh_order_info.html?code=312022050800192 HTTP/1.1" 200 17272
114.83.218.142 - - [10/May/2022:10:57:14 +0800] "GET /xingrg/javascript/jquery_tools/jquery-1.4.2.min.js HTTP/1.1" 404 1094
114.83.218.142 - - [10/May/2022:10:57:14 +0800] "POST /xingrg/kc/mdqp/pssh_order_operate.html HTTP/1.1" 200 5132
114.83.218.142 - - [10/May/2022:10:57:14 +0800] "GET /xingrg/javascript/easyui/themes/default/validatebox.css HTTP/1.1" 404 1104
114.83.218.142 - - [10/May/2022:10:57:17 +0800] "GET /xingrg/kc/mdqp/pssh_order_list.html?isBack=1 HTTP/1.1" 200 17862
114.83.218.142 - - [10/May/2022:10:57:17 +0800] "POST /xingrg/kc/mdqp/pssh_list_operate.html HTTP/1.1" 200 5357
58.39.201.47 - - [10/May/2022:10:57:22 +0800] "GET /xingrg/all/function/internal_message.html?_=1652151372766&CODE_STATE=getMsg HTTP/1.1" 200 27
58.39.61.91 - - [10/May/2022:10:57:26 +0800] "GET /xingrg/all/function/internal_message.html?_=1652151406569&CODE_STATE=getMsg HTTP/1.1" 200 27
218.81.223.53 - - [10/May/2022:10:57:40 +0800] "GET /xingrg/all/function/internal_message.html?_=1652151465620&CODE_STATE=getMsg HTTP/1.1" 200 27
222.70.180.114 - - [10/May/2022:10:57:42 +0800] "GET /xingrg/all/function/internal_message.html?_=1652151456289&CODE_STATE=getMsg HTTP/1.1" 200 27
116.235.92.88 - - [10/May/2022:10:57:50 +0800] "GET /xingrg/all/function/internal_message.html?_=1652151641207&CODE_STATE=getMsg HTTP/1.1" 200 27
114.83.218.142 - - [10/May/2022:10:57:54 +0800] "POST /xingrg/kc/mdqp/pssh_list_operate.html HTTP/1.1" 200 742
114.83.218.142 - - [10/May/2022:10:57:55 +0800] "POST /xingrg/kc/mdqp/pssh_list_operate.html HTTP/1.1" 200 1574
114.83.218.142 - - [10/May/2022:10:57:55 +0800] "GET /xingrg/kc/mdqp/pssh_order_info.html?code=312022050800192 HTTP/1.1" 200 17272
114.83.218.142 - - [10/May/2022:10:57:55 +0800] "GET /xingrg/javascript/jquery_tools/jquery-1.4.2.min.js HTTP/1.1" 404 1094
114.83.218.142 - - [10/May/2022:10:57:55 +0800] "POST /xingrg/kc/mdqp/pssh_order_operate.html HTTP/1.1" 200 5132
114.83.218.142 - - [10/May/2022:10:57:55 +0800] "GET /xingrg/javascript/easyui/themes/default/validatebox.css HTTP/1.1" 404 1104
117.143.50.163 - - [10/May/2022:10:57:58 +0800] "GET /xingrg/all/function/internal_message.html?_=1652151477292&CODE_STATE=getMsg HTTP/1.1" 200 27
114.83.218.142 - - [10/May/2022:10:57:59 +0800] "GET /xingrg/kc/mdqp/pssh_order_list.html?isBack=1 HTTP/1.1" 200 17862
114.83.218.142 - - [10/May/2022:10:57:59 +0800] "POST /xingrg/kc/mdqp/pssh_list_operate.html HTTP/1.1" 200 5357
58.40.7.146 - - [10/May/2022:10:58:04 +0800] "POST /xingrg/services/DataTransmitService HTTP/1.1" 200 524
114.83.218.142 - - [10/May/2022:10:58:08 +0800] "GET /xingrg/all/function/internal_message.html?_=1652151486173&CODE_STATE=getMsg HTTP/1.1" 200 27
58.39.61.91 - - [10/May/2022:10:58:08 +0800] "GET /xingrg/all/function/internal_message.html?_=1652151487748&CODE_STATE=getMsg HTTP/1.1" 200 27
58.39.201.47 - - [10/May/2022:10:58:09 +0800] "GET /xingrg/all/function/internal_message.html?_=1652151494387&CODE_STATE=getMsg HTTP/1.1" 200 27
114.86.229.216 - - [10/May/2022:10:58:10 +0800] "GET /xingrg/all/function/internal_message.html?_=1652151492487&CODE_STATE=getMsg HTTP/1.1" 200 27
114.83.218.142 - - [10/May/2022:10:58:12 +0800] "POST /xingrg/kc/mdqp/pssh_list_operate.html HTTP/1.1" 200 5357
114.83.218.142 - - [10/May/2022:10:58:21 +0800] "POST /xingrg/kc/mdqp/pssh_list_operate.html HTTP/1.1" 200 710
58.39.201.47 - - [10/May/2022:10:58:22 +0800] "GET /xingrg/all/function/internal_message.html?_=1652151432736&CODE_STATE=getMsg HTTP/1.1" 200 27
114.83.218.142 - - [10/May/2022:10:58:23 +0800] "POST /xingrg/kc/mdqp/pssh_list_operate.html HTTP/1.1" 200 742
58.39.61.91 - - [10/May/2022:10:58:26 +0800] "GET /xingrg/all/function/internal_message.html?_=1652151466614&CODE_STATE=getMsg HTTP/1.1" 200 27
114.83.218.142 - - [10/May/2022:10:58:30 +0800] "POST /xingrg/kc/mdqp/pssh_list_operate.html HTTP/1.1" 200 5632
114.83.218.142 - - [10/May/2022:10:58:34 +0800] "POST /xingrg/kc/mdqp/pssh_list_operate.html HTTP/1.1" 200 5657
114.83.218.142 - - [10/May/2022:10:58:40 +0800] "POST /xingrg/kc/mdqp/pssh_list_operate.html HTTP/1.1" 200 354
218.81.223.53 - - [10/May/2022:10:58:41 +0800] "GET /xingrg/all/function/internal_message.html?_=1652151525814&CODE_STATE=getMsg HTTP/1.1" 200 27
222.70.180.114 - - [10/May/2022:10:58:42 +0800] "GET /xingrg/all/function/internal_message.html?_=1652151516274&CODE_STATE=getMsg HTTP/1.1" 200 27
114.83.218.142 - - [10/May/2022:10:58:43 +0800] "POST /xingrg/kc/mdqp/pssh_list_operate.html HTTP/1.1" 200 286
114.83.218.142 - - [10/May/2022:10:58:46 +0800] "POST /xingrg/kc/mdqp/pssh_list_operate.html HTTP/1.1" 200 5632
114.83.218.142 - - [10/May/2022:10:58:49 +0800] "POST /xingrg/kc/mdqp/pssh_list_operate.html HTTP/1.1" 200 5357
116.235.92.88 - - [10/May/2022:10:58:50 +0800] "GET /xingrg/all/function/internal_message.html?_=1652151701205&CODE_STATE=getMsg HTTP/1.1" 200 27
114.83.218.142 - - [10/May/2022:10:59:08 +0800] "GET /xingrg/all/function/internal_message.html?_=1652151546160&CODE_STATE=getMsg HTTP/1.1" 200 27
58.39.61.91 - - [10/May/2022:10:59:08 +0800] "GET /xingrg/all/function/internal_message.html?_=1652151547766&CODE_STATE=getMsg HTTP/1.1" 200 27
114.83.218.142 - - [10/May/2022:10:59:08 +0800] "GET /xingrg/check_reg.html?_=1652151546352 HTTP/1.1" 200 22
58.39.201.47 - - [10/May/2022:10:59:09 +0800] "GET /xingrg/all/function/internal_message.html?_=1652151554387&CODE_STATE=getMsg HTTP/1.1" 200 27
114.86.229.216 - - [10/May/2022:10:59:10 +0800] "GET /xingrg/all/function/internal_message.html?_=1652151552490&CODE_STATE=getMsg HTTP/1.1" 200 27
114.83.218.142 - - [10/May/2022:10:59:18 +0800] "POST /xingrg/kc/mdqp/pssh_list_operate.html HTTP/1.1" 200 828
114.83.218.142 - - [10/May/2022:10:59:19 +0800] "POST /xingrg/kc/mdqp/pssh_list_operate.html HTTP/1.1" 200 820
114.83.218.142 - - [10/May/2022:10:59:21 +0800] "POST /xingrg/kc/mdqp/pssh_list_operate.html HTTP/1.1" 200 607
58.39.201.47 - - [10/May/2022:10:59:22 +0800] "GET /xingrg/all/function/internal_message.html?_=1652151492706&CODE_STATE=getMsg HTTP/1.1" 200 27
114.83.218.142 - - [10/May/2022:10:59:24 +0800] "POST /xingrg/kc/mdqp/pssh_list_operate.html HTTP/1.1" 200 1574
114.83.218.142 - - [10/May/2022:10:59:24 +0800] "GET /xingrg/kc/mdqp/pssh_order_info.html?code=312022050400102 HTTP/1.1" 200 17272
114.83.218.142 - - [10/May/2022:10:59:24 +0800] "GET /xingrg/javascript/jquery_tools/jquery-1.4.2.min.js HTTP/1.1" 404 1094
114.83.218.142 - - [10/May/2022:10:59:24 +0800] "GET /xingrg/words/20220510102851_words.js HTTP/1.1" 304 -
114.83.218.142 - - [10/May/2022:10:59:24 +0800] "POST /xingrg/kc/mdqp/pssh_order_operate.html HTTP/1.1" 200 2124
114.83.218.142 - - [10/May/2022:10:59:24 +0800] "GET /xingrg/javascript/easyui/themes/default/validatebox.css HTTP/1.1" 404 1104
58.39.61.91 - - [10/May/2022:10:59:26 +0800] "GET /xingrg/all/function/internal_message.html?_=1652151526626&CODE_STATE=getMsg HTTP/1.1" 200 27
114.83.218.142 - - [10/May/2022:10:59:28 +0800] "GET /xingrg/kc/mdqp/pssh_order_list.html?isBack=1 HTTP/1.1" 200 17862
114.83.218.142 - - [10/May/2022:10:59:28 +0800] "POST /xingrg/kc/mdqp/pssh_list_operate.html HTTP/1.1" 200 5357
114.83.218.142 - - [10/May/2022:10:59:38 +0800] "POST /xingrg/kc/mdqp/pssh_list_operate.html HTTP/1.1" 200 742
114.83.218.142 - - [10/May/2022:10:59:38 +0800] "POST /xingrg/kc/mdqp/pssh_list_operate.html HTTP/1.1" 200 1574
114.83.218.142 - - [10/May/2022:10:59:38 +0800] "GET /xingrg/kc/mdqp/pssh_order_info.html?code=312022050800192 HTTP/1.1" 200 17272
114.83.218.142 - - [10/May/2022:10:59:38 +0800] "GET /xingrg/javascript/jquery_tools/jquery-1.4.2.min.js HTTP/1.1" 404 1094
114.83.218.142 - - [10/May/2022:10:59:38 +0800] "POST /xingrg/kc/mdqp/pssh_order_operate.html HTTP/1.1" 200 5132
114.83.218.142 - - [10/May/2022:10:59:38 +0800] "GET /xingrg/javascript/easyui/themes/default/validatebox.css HTTP/1.1" 404 1104
114.83.218.142 - - [10/May/2022:10:59:40 +0800] "POST /xingrg/all/common/load_combo.html?type=employee HTTP/1.1" 200 359
218.81.223.53 - - [10/May/2022:10:59:40 +0800] "GET /xingrg/all/function/internal_message.html?_=1652151585819&CODE_STATE=getMsg HTTP/1.1" 200 27
222.70.180.114 - - [10/May/2022:10:59:42 +0800] "GET /xingrg/all/function/internal_message.html?_=1652151576254&CODE_STATE=getMsg HTTP/1.1" 200 27
58.39.201.47 - - [10/May/2022:10:59:42 +0800] "GET /xingrg/check_reg.html?_=1652151513067 HTTP/1.1" 200 22
222.70.180.114 - - [10/May/2022:10:59:42 +0800] "GET /xingrg/check_reg.html?_=1652151576740 HTTP/1.1" 200 22
114.83.218.142 - - [10/May/2022:10:59:43 +0800] "POST /xingrg/all/common/load_combo.html?type=base&rest_code=00149 HTTP/1.1" 200 3409
116.235.92.88 - - [10/May/2022:10:59:50 +0800] "GET /xingrg/all/function/internal_message.html?_=1652151761203&CODE_STATE=getMsg HTTP/1.1" 200 27
114.83.218.142 - - [10/May/2022:10:59:51 +0800] "POST /xingrg/kc/mdqp/pssh_order_operate.html HTTP/1.1" 200 37
114.83.218.142 - - [10/May/2022:10:59:51 +0800] "POST /xingrg/kc/mdqp/pssh_order_operate.html HTTP/1.1" 200 12
114.83.218.142 - - [10/May/2022:10:59:54 +0800] "GET /xingrg/kc/mdqp/pssh_order_info.html?code=312022050800192 HTTP/1.1" 200 14388
114.83.218.142 - - [10/May/2022:10:59:54 +0800] "GET /xingrg/javascript/jquery_tools/jquery-1.4.2.min.js HTTP/1.1" 404 1094
114.83.218.142 - - [10/May/2022:10:59:55 +0800] "POST /xingrg/kc/mdqp/pssh_order_operate.html HTTP/1.1" 200 5132
114.83.218.142 - - [10/May/2022:10:59:55 +0800] "GET /xingrg/javascript/easyui/themes/default/validatebox.css HTTP/1.1" 404 1104
117.143.50.163 - - [10/May/2022:10:59:57 +0800] "GET /xingrg/all/function/internal_message.html?_=1652151595475&CODE_STATE=getMsg HTTP/1.1" 200 27
58.221.95.50 - - [10/May/2022:10:59:59 +0800] "GET /xingrg/check_reg.html?_=1652151599787 HTTP/1.1" 302 -
114.83.218.142 - - [10/May/2022:11:00:08 +0800] "GET /xingrg/all/function/internal_message.html?_=1652151606151&CODE_STATE=getMsg HTTP/1.1" 200 27
58.39.61.91 - - [10/May/2022:11:00:08 +0800] "GET /xingrg/all/function/internal_message.html?_=1652151607766&CODE_STATE=getMsg HTTP/1.1" 200 27
58.39.201.47 - - [10/May/2022:11:00:09 +0800] "GET /xingrg/check_reg.html?_=1652151614387 HTTP/1.1" 200 22
58.39.201.47 - - [10/May/2022:11:00:09 +0800] "GET /xingrg/all/function/internal_message.html?_=1652151614391&CODE_STATE=getMsg HTTP/1.1" 200 27
114.86.229.216 - - [10/May/2022:11:00:10 +0800] "GET /xingrg/all/function/internal_message.html?_=1652151612492&CODE_STATE=getMsg HTTP/1.1" 200 27
114.83.218.142 - - [10/May/2022:11:00:15 +0800] "GET /xingrg/kc/mdqp/pssh_order_list.html?isBack=1 HTTP/1.1" 200 17862
114.83.218.142 - - [10/May/2022:11:00:15 +0800] "POST /xingrg/kc/mdqp/pssh_list_operate.html HTTP/1.1" 200 5388
114.83.218.142 - - [10/May/2022:11:00:18 +0800] "POST /xingrg/kc/mdqp/pssh_list_operate.html HTTP/1.1" 200 710
114.83.218.142 - - [10/May/2022:11:00:18 +0800] "POST /xingrg/kc/mdqp/pssh_list_operate.html HTTP/1.1" 200 1574
114.83.218.142 - - [10/May/2022:11:00:18 +0800] "GET /xingrg/kc/mdqp/pssh_order_info.html?code=312022050300054 HTTP/1.1" 200 17278
114.83.218.142 - - [10/May/2022:11:00:18 +0800] "GET /xingrg/javascript/jquery_tools/jquery-1.4.2.min.js HTTP/1.1" 404 1094
114.83.218.142 - - [10/May/2022:11:00:18 +0800] "POST /xingrg/kc/mdqp/pssh_order_operate.html HTTP/1.1" 200 2663
114.83.218.142 - - [10/May/2022:11:00:18 +0800] "GET /xingrg/javascript/easyui/themes/default/validatebox.css HTTP/1.1" 404 1104
58.39.201.47 - - [10/May/2022:11:00:22 +0800] "GET /xingrg/all/function/internal_message.html?_=1652151552678&CODE_STATE=getMsg HTTP/1.1" 200 27
58.39.61.91 - - [10/May/2022:11:00:26 +0800] "GET /xingrg/all/function/internal_message.html?_=1652151586676&CODE_STATE=getMsg HTTP/1.1" 200 27
218.81.223.53 - - [10/May/2022:11:00:41 +0800] "GET /xingrg/all/function/internal_message.html?_=1652151646031&CODE_STATE=getMsg HTTP/1.1" 200 27
222.70.180.114 - - [10/May/2022:11:00:42 +0800] "GET /xingrg/all/function/internal_message.html?_=1652151636232&CODE_STATE=getMsg HTTP/1.1" 200 27
116.235.92.88 - - [10/May/2022:11:00:50 +0800] "GET /xingrg/all/function/internal_message.html?_=1652151821218&CODE_STATE=getMsg HTTP/1.1" 200 27
114.83.218.142 - - [10/May/2022:11:00:54 +0800] "POST /xingrg/all/common/load_combo.html?type=base&rest_code=00149 HTTP/1.1" 200 3409
114.83.218.142 - - [10/May/2022:11:01:01 +0800] "POST /xingrg/all/common/load_combo.html?type=employee HTTP/1.1" 200 359
114.83.218.142 - - [10/May/2022:11:01:04 +0800] "POST /xingrg/kc/mdqp/pssh_order_operate.html HTTP/1.1" 200 37
114.83.218.142 - - [10/May/2022:11:01:04 +0800] "POST /xingrg/kc/mdqp/pssh_order_operate.html HTTP/1.1" 200 12
114.83.218.142 - - [10/May/2022:11:01:06 +0800] "GET /xingrg/kc/mdqp/pssh_order_info.html?code=312022050300054 HTTP/1.1" 200 14398
114.83.218.142 - - [10/May/2022:11:01:06 +0800] "GET /xingrg/javascript/jquery_tools/jquery-1.4.2.min.js HTTP/1.1" 404 1094
114.83.218.142 - - [10/May/2022:11:01:06 +0800] "POST /xingrg/kc/mdqp/pssh_order_operate.html HTTP/1.1" 200 2663
114.83.218.142 - - [10/May/2022:11:01:06 +0800] "GET /xingrg/javascript/easyui/themes/default/validatebox.css HTTP/1.1" 404 1104
114.83.218.142 - - [10/May/2022:11:01:08 +0800] "GET /xingrg/all/function/internal_message.html?_=1652151666133&CODE_STATE=getMsg HTTP/1.1" 200 27
58.39.61.91 - - [10/May/2022:11:01:08 +0800] "GET /xingrg/all/function/internal_message.html?_=1652151667768&CODE_STATE=getMsg HTTP/1.1" 200 27
58.39.201.47 - - [10/May/2022:11:01:09 +0800] "GET /xingrg/all/function/internal_message.html?_=1652151674391&CODE_STATE=getMsg HTTP/1.1" 200 27
58.39.61.91 - - [10/May/2022:11:01:10 +0800] "GET /xingrg/check_reg.html?_=1652151629932 HTTP/1.1" 200 22
114.86.229.216 - - [10/May/2022:11:01:10 +0800] "GET /xingrg/all/function/internal_message.html?_=1652151672493&CODE_STATE=getMsg HTTP/1.1" 200 27
58.39.201.47 - - [10/May/2022:11:01:22 +0800] "GET /xingrg/all/function/internal_message.html?_=1652151612663&CODE_STATE=getMsg HTTP/1.1" 200 27
58.39.61.91 - - [10/May/2022:11:01:26 +0800] "GET /xingrg/all/function/internal_message.html?_=1652151646685&CODE_STATE=getMsg HTTP/1.1" 200 27
218.81.223.53 - - [10/May/2022:11:01:28 +0800] "GET /xingrg/check_reg.html?_=1652151693089 HTTP/1.1" 200 22
58.39.201.47 - - [10/May/2022:11:01:32 +0800] "GET /xingrg/kc/base/base_main.html HTTP/1.1" 200 12142
58.39.201.47 - - [10/May/2022:11:01:34 +0800] "GET /xingrg/kc/base/wldb_order_list.html HTTP/1.1" 200 19101
58.39.201.47 - - [10/May/2022:11:01:34 +0800] "POST /xingrg/kc/base/wldb_list_operate.html HTTP/1.1" 200 2178
58.39.201.47 - - [10/May/2022:11:01:37 +0800] "GET /xingrg/kc/base/wldb_order_add.html HTTP/1.1" 200 30315
58.39.201.47 - - [10/May/2022:11:01:38 +0800] "GET /xingrg/words/20220510102851_words.js HTTP/1.1" 200 896087
58.39.201.47 - - [10/May/2022:11:01:38 +0800] "POST /xingrg/kc/base/wldb_order_operate.html HTTP/1.1" 200 6806
58.39.201.47 - - [10/May/2022:11:01:38 +0800] "GET /xingrg/javascript/easyui/themes/default/validatebox.css HTTP/1.1" 404 1104
218.81.223.53 - - [10/May/2022:11:01:41 +0800] "GET /xingrg/all/function/internal_message.html?_=1652151706033&CODE_STATE=getMsg HTTP/1.1" 200 27
222.70.180.114 - - [10/May/2022:11:01:41 +0800] "GET /xingrg/all/function/internal_message.html?_=1652151696217&CODE_STATE=getMsg HTTP/1.1" 200 27
116.235.92.88 - - [10/May/2022:11:01:50 +0800] "GET /xingrg/check_reg.html?_=1652151881217 HTTP/1.1" 200 22
116.235.92.88 - - [10/May/2022:11:01:50 +0800] "GET /xingrg/all/function/internal_message.html?_=1652151881219&CODE_STATE=getMsg HTTP/1.1" 200 27
114.83.218.142 - - [10/May/2022:11:02:08 +0800] "GET /xingrg/all/function/internal_message.html?_=1652151726116&CODE_STATE=getMsg HTTP/1.1" 200 27
58.39.61.91 - - [10/May/2022:11:02:08 +0800] "GET /xingrg/check_reg.html?_=1652151727769 HTTP/1.1" 200 22
58.39.61.91 - - [10/May/2022:11:02:08 +0800] "GET /xingrg/all/function/internal_message.html?_=1652151727768&CODE_STATE=getMsg HTTP/1.1" 200 27
58.39.201.47 - - [10/May/2022:11:02:09 +0800] "GET /xingrg/all/function/internal_message.html?_=1652151734391&CODE_STATE=getMsg HTTP/1.1" 200 27
114.86.229.216 - - [10/May/2022:11:02:10 +0800] "GET /xingrg/all/function/internal_message.html?_=1652151732498&CODE_STATE=getMsg HTTP/1.1" 200 27
114.86.229.216 - - [10/May/2022:11:02:10 +0800] "GET /xingrg/check_reg.html?_=1652151732499 HTTP/1.1" 200 22
58.39.201.47 - - [10/May/2022:11:02:19 +0800] "GET /xingrg/kc/base/wldb_order_operate.html?command=get_materiel&rest_code=00105&base_code=0010507&code=00101016020 HTTP/1.1" 200 447
58.39.201.47 - - [10/May/2022:11:02:22 +0800] "GET /xingrg/all/function/internal_message.html?_=1652151672645&CODE_STATE=getMsg HTTP/1.1" 200 27
58.39.61.91 - - [10/May/2022:11:02:26 +0800] "GET /xingrg/all/function/internal_message.html?_=1652151706698&CODE_STATE=getMsg HTTP/1.1" 200 27
58.39.201.47 - - [10/May/2022:11:02:28 +0800] "POST /xingrg/kc/base/wldb_order_operate.html HTTP/1.1" 200 37
58.39.201.47 - - [10/May/2022:11:02:28 +0800] "POST /xingrg/kc/base/wldb_order_operate.html HTTP/1.1" 200 2190
58.39.201.47 - - [10/May/2022:11:02:29 +0800] "GET /xingrg/kc/base/wldb_order_info.html?code=422022051000092 HTTP/1.1" 200 30330
58.39.201.47 - - [10/May/2022:11:02:29 +0800] "GET /xingrg/javascript/easyui/themes/default/validatebox.css HTTP/1.1" 404 1104
58.39.201.47 - - [10/May/2022:11:02:30 +0800] "POST /xingrg/kc/base/wldb_order_operate.html HTTP/1.1" 200 2190
218.81.223.53 - - [10/May/2022:11:02:41 +0800] "GET /xingrg/all/function/internal_message.html?_=1652151766048&CODE_STATE=getMsg HTTP/1.1" 200 27
222.70.180.114 - - [10/May/2022:11:02:41 +0800] "GET /xingrg/all/function/internal_message.html?_=1652151756202&CODE_STATE=getMsg HTTP/1.1" 200 27
116.235.92.88 - - [10/May/2022:11:02:50 +0800] "GET /xingrg/all/function/internal_message.html?_=1652151941216&CODE_STATE=getMsg HTTP/1.1" 200 27
114.83.218.142 - - [10/May/2022:11:03:08 +0800] "GET /xingrg/all/function/internal_message.html?_=1652151786103&CODE_STATE=getMsg HTTP/1.1" 200 27
58.39.61.91 - - [10/May/2022:11:03:08 +0800] "GET /xingrg/all/function/internal_message.html?_=1652151787767&CODE_STATE=getMsg HTTP/1.1" 200 27
58.39.201.47 - - [10/May/2022:11:03:09 +0800] "GET /xingrg/all/function/internal_message.html?_=1652151794391&CODE_STATE=getMsg HTTP/1.1" 200 27
114.86.229.216 - - [10/May/2022:11:03:10 +0800] "GET /xingrg/all/function/internal_message.html?_=1652151792501&CODE_STATE=getMsg HTTP/1.1" 200 27
58.39.201.47 - - [10/May/2022:11:03:22 +0800] "GET /xingrg/all/function/internal_message.html?_=1652151732622&CODE_STATE=getMsg HTTP/1.1" 200 27
58.39.61.91 - - [10/May/2022:11:03:26 +0800] "GET /xingrg/all/function/internal_message.html?_=1652151766753&CODE_STATE=getMsg HTTP/1.1" 200 27
218.81.223.53 - - [10/May/2022:11:03:41 +0800] "GET /xingrg/all/function/internal_message.html?_=1652151826245&CODE_STATE=getMsg HTTP/1.1" 200 27
222.70.180.114 - - [10/May/2022:11:03:41 +0800] "GET /xingrg/all/function/internal_message.html?_=1652151816186&CODE_STATE=getMsg HTTP/1.1" 200 27
116.235.92.88 - - [10/May/2022:11:03:50 +0800] "GET /xingrg/all/function/internal_message.html?_=1652152001215&CODE_STATE=getMsg HTTP/1.1" 200 27
114.83.218.142 - - [10/May/2022:11:04:08 +0800] "GET /xingrg/all/function/internal_message.html?_=1652151846078&CODE_STATE=getMsg HTTP/1.1" 200 27
58.39.61.91 - - [10/May/2022:11:04:08 +0800] "GET /xingrg/all/function/internal_message.html?_=1652151847771&CODE_STATE=getMsg HTTP/1.1" 200 27
114.83.218.142 - - [10/May/2022:11:04:08 +0800] "GET /xingrg/check_reg.html?_=1652151846371 HTTP/1.1" 200 22
58.39.201.47 - - [10/May/2022:11:04:09 +0800] "GET /xingrg/all/function/internal_message.html?_=1652151854392&CODE_STATE=getMsg HTTP/1.1" 200 27
114.86.229.216 - - [10/May/2022:11:04:10 +0800] "GET /xingrg/all/function/internal_message.html?_=1652151852501&CODE_STATE=getMsg HTTP/1.1" 200 27
58.39.201.47 - - [10/May/2022:11:04:21 +0800] "GET /xingrg/all/function/internal_message.html?_=1652151792592&CODE_STATE=getMsg HTTP/1.1" 200 27
58.39.61.91 - - [10/May/2022:11:04:26 +0800] "GET /xingrg/all/function/internal_message.html?_=1652151826758&CODE_STATE=getMsg HTTP/1.1" 200 27
218.81.223.53 - - [10/May/2022:11:04:41 +0800] "GET /xingrg/all/function/internal_message.html?_=1652151886245&CODE_STATE=getMsg HTTP/1.1" 200 27
222.70.180.114 - - [10/May/2022:11:04:41 +0800] "GET /xingrg/all/function/internal_message.html?_=1652151876171&CODE_STATE=getMsg HTTP/1.1" 200 27
58.39.201.47 - - [10/May/2022:11:04:42 +0800] "GET /xingrg/check_reg.html?_=1652151813077 HTTP/1.1" 200 22
222.70.180.114 - - [10/May/2022:11:04:42 +0800] "GET /xingrg/check_reg.html?_=1652151876734 HTTP/1.1" 200 22
116.235.92.88 - - [10/May/2022:11:04:50 +0800] "GET /xingrg/all/function/internal_message.html?_=1652152061213&CODE_STATE=getMsg HTTP/1.1" 200 27
117.143.50.163 - - [10/May/2022:11:04:51 +0800] "GET /xingrg/all/function/internal_message.html?_=1652151889771&CODE_STATE=getMsg HTTP/1.1" 200 27
117.143.50.163 - - [10/May/2022:11:04:51 +0800] "GET /xingrg/check_reg.html?_=1652151889778 HTTP/1.1" 200 22
58.221.95.50 - - [10/May/2022:11:04:59 +0800] "GET /xingrg/check_reg.html?_=1652151899814 HTTP/1.1" 302 -
114.83.218.142 - - [10/May/2022:11:05:08 +0800] "GET /xingrg/all/function/internal_message.html?_=1652151906059&CODE_STATE=getMsg HTTP/1.1" 200 27
58.39.61.91 - - [10/May/2022:11:05:08 +0800] "GET /xingrg/all/function/internal_message.html?_=1652151907789&CODE_STATE=getMsg HTTP/1.1" 200 27
58.39.201.47 - - [10/May/2022:11:05:09 +0800] "GET /xingrg/check_reg.html?_=1652151914391 HTTP/1.1" 200 22
58.39.201.47 - - [10/May/2022:11:05:09 +0800] "GET /xingrg/all/function/internal_message.html?_=1652151914394&CODE_STATE=getMsg HTTP/1.1" 200 27
114.86.229.216 - - [10/May/2022:11:05:10 +0800] "GET /xingrg/all/function/internal_message.html?_=1652151912502&CODE_STATE=getMsg HTTP/1.1" 200 27
58.39.201.47 - - [10/May/2022:11:05:21 +0800] "GET /xingrg/all/function/internal_message.html?_=1652151852564&CODE_STATE=getMsg HTTP/1.1" 200 27
58.39.61.91 - - [10/May/2022:11:05:26 +0800] "GET /xingrg/all/function/internal_message.html?_=1652151886807&CODE_STATE=getMsg HTTP/1.1" 200 27
120.253.135.82 - - [10/May/2022:11:05:38 +0800] "GET /xingrg/all/function/internal_message.html?_=1652151743562&CODE_STATE=getMsg HTTP/1.1" 200 27
120.253.135.82 - - [10/May/2022:11:05:38 +0800] "GET /xingrg/check_reg.html?_=1652151743746 HTTP/1.1" 200 22
218.81.223.53 - - [10/May/2022:11:05:41 +0800] "GET /xingrg/all/function/internal_message.html?_=1652151946440&CODE_STATE=getMsg HTTP/1.1" 200 27
222.70.180.114 - - [10/May/2022:11:05:41 +0800] "GET /xingrg/all/function/internal_message.html?_=1652151936156&CODE_STATE=getMsg HTTP/1.1" 200 27
116.235.92.88 - - [10/May/2022:11:05:50 +0800] "GET /xingrg/all/function/internal_message.html?_=1652152121211&CODE_STATE=getMsg HTTP/1.1" 200 27
117.143.50.163 - - [10/May/2022:11:05:51 +0800] "GET /xingrg/all/function/internal_message.html?_=1652151949763&CODE_STATE=getMsg HTTP/1.1" 200 27
120.253.135.82 - - [10/May/2022:11:05:57 +0800] "GET /xingrg/kc/pszx/mdqp_order_list.html?state=10 HTTP/1.1" 200 10657
120.253.135.82 - - [10/May/2022:11:06:02 +0800] "GET /xingrg/dwr/interface/AjaxReportQueryService.js HTTP/1.1" 200 13203
120.253.135.82 - - [10/May/2022:11:06:02 +0800] "GET /xingrg/dwr/engine.js HTTP/1.1" 200 43631
120.253.135.82 - - [10/May/2022:11:06:02 +0800] "GET /xingrg/kc/pszx/mdqp_order_list.html?state=10 HTTP/1.1" 200 10657
120.253.135.82 - - [10/May/2022:11:06:02 +0800] "GET /xingrg/dwr/interface/AjaxQqpsService.js HTTP/1.1" 200 16326
120.253.135.82 - - [10/May/2022:11:06:07 +0800] "GET /xingrg/kc/pszx/mdqp_order_info.html?code=302022051000055 HTTP/1.1" 200 13350
120.253.135.82 - - [10/May/2022:11:06:07 +0800] "GET /xingrg/dwr/interface/AjaxComOrderService.js HTTP/1.1" 200 18264
120.253.135.82 - - [10/May/2022:11:06:07 +0800] "GET /xingrg/dwr/interface/AjaxQqpsService.js HTTP/1.1" 200 16326
120.253.135.82 - - [10/May/2022:11:06:07 +0800] "GET /xingrg/javascript/tools/jquery.qtip-1.0.0-rc3.min.js HTTP/1.1" 200 38404
120.253.135.82 - - [10/May/2022:11:06:07 +0800] "GET /xingrg/javascript/ToolTips.js HTTP/1.1" 200 5615
120.253.135.82 - - [10/May/2022:11:06:07 +0800] "GET /xingrg/dwr/engine.js HTTP/1.1" 200 43631
120.253.135.82 - - [10/May/2022:11:06:07 +0800] "GET /xingrg/javascript/checkform.js HTTP/1.1" 200 18351
120.253.135.82 - - [10/May/2022:11:06:07 +0800] "GET /xingrg/javascript/Grid.js HTTP/1.1" 200 58908
120.253.135.82 - - [10/May/2022:11:06:07 +0800] "GET /xingrg/javascript/AjaxInfoList.js HTTP/1.1" 200 3774
120.253.135.82 - - [10/May/2022:11:06:07 +0800] "GET /xingrg/javascript/jquery_easy_ui/themes/icons/print.png HTTP/1.1" 200 1057
120.253.135.82 - - [10/May/2022:11:06:07 +0800] "GET /xingrg/javascript/jquery_easy_ui/themes/default/images/menu_downarrow.png HTTP/1.1" 200 173
120.253.135.82 - - [10/May/2022:11:06:07 +0800] "GET /xingrg/images/blue/button/kc_tab_save.gif HTTP/1.1" 200 777
120.253.135.82 - - [10/May/2022:11:06:07 +0800] "GET /xingrg/images/blue/button/kc_tab_edit.gif HTTP/1.1" 200 551
120.253.135.82 - - [10/May/2022:11:06:07 +0800] "GET /xingrg/images/blue/kc_tab_left.gif HTTP/1.1" 200 188
120.253.135.82 - - [10/May/2022:11:06:07 +0800] "GET /xingrg/images/blue/kc_tab_mid.gif HTTP/1.1" 200 44
120.253.135.82 - - [10/May/2022:11:06:07 +0800] "GET /xingrg/images/blue/kc_tab2_right.gif HTTP/1.1" 200 192
120.253.135.82 - - [10/May/2022:11:06:07 +0800] "GET /xingrg/images/blue/kc_tab_right.gif HTTP/1.1" 200 643
120.253.135.82 - - [10/May/2022:11:06:07 +0800] "GET /xingrg/images/blue/kc_tab2_left.gif HTTP/1.1" 200 625
120.253.135.82 - - [10/May/2022:11:06:08 +0800] "GET /xingrg/images/blue/wait.gif HTTP/1.1" 200 1100
120.253.135.82 - - [10/May/2022:11:06:08 +0800] "POST /xingrg/dwr/call/plaincall/AjaxQqpsService.loadMaterielItems.dwr HTTP/1.1" 200 630
114.83.218.142 - - [10/May/2022:11:06:08 +0800] "GET /xingrg/all/function/internal_message.html?_=1652151966042&CODE_STATE=getMsg HTTP/1.1" 200 27
58.39.61.91 - - [10/May/2022:11:06:08 +0800] "GET /xingrg/all/function/internal_message.html?_=1652151967787&CODE_STATE=getMsg HTTP/1.1" 200 27
58.39.201.47 - - [10/May/2022:11:06:09 +0800] "GET /xingrg/all/function/internal_message.html?_=1652151974419&CODE_STATE=getMsg HTTP/1.1" 200 27
114.86.229.216 - - [10/May/2022:11:06:09 +0800] "GET /xingrg/all/function/internal_message.html?_=1652151971912&CODE_STATE=getMsg HTTP/1.1" 200 27
58.39.61.91 - - [10/May/2022:11:06:10 +0800] "GET /xingrg/check_reg.html?_=1652151929939 HTTP/1.1" 200 22
120.253.135.82 - - [10/May/2022:11:06:16 +0800] "GET /xingrg/kc/pszx/jzcl_ps.html HTTP/1.1" 200 7683
120.253.135.82 - - [10/May/2022:11:06:16 +0800] "GET /xingrg/javascript/step/step.css HTTP/1.1" 200 999
120.253.135.82 - - [10/May/2022:11:06:16 +0800] "GET /xingrg/css/table.css HTTP/1.1" 200 3684
120.253.135.82 - - [10/May/2022:11:06:16 +0800] "GET /xingrg/javascript/step/images/navCurrentBtn.gif HTTP/1.1" 200 557
120.253.135.82 - - [10/May/2022:11:06:16 +0800] "GET /xingrg/javascript/jquery_easy_ui/themes/default/images/button_a_bg.gif HTTP/1.1" 200 1194
120.253.135.82 - - [10/May/2022:11:06:16 +0800] "GET /xingrg/javascript/jquery_easy_ui/themes/default/images/button_span_bg.gif HTTP/1.1" 200 2061
120.253.135.82 - - [10/May/2022:11:06:16 +0800] "GET /xingrg/javascript/jquery_easy_ui/themes/icons/search.png HTTP/1.1" 200 813
120.253.135.82 - - [10/May/2022:11:06:16 +0800] "GET /xingrg/javascript/jquery_easy_ui/themes/default/images/combo_arrow_dot.gif HTTP/1.1" 200 79
120.253.135.82 - - [10/May/2022:11:06:16 +0800] "GET /xingrg/javascript/jquery_easy_ui/themes/default/images/calendar_prevmonth.gif HTTP/1.1" 200 66
120.253.135.82 - - [10/May/2022:11:06:16 +0800] "POST /xingrg/all/common/load_tree.html?tree=area_rest_tree_json HTTP/1.1" 200 3472
120.253.135.82 - - [10/May/2022:11:06:16 +0800] "GET /xingrg/javascript/jquery_easy_ui/themes/default/images/calendar_prevyear.gif HTTP/1.1" 200 76
120.253.135.82 - - [10/May/2022:11:06:16 +0800] "GET /xingrg/javascript/jquery_easy_ui/themes/default/images/calendar_nextmonth.gif HTTP/1.1" 200 64
120.253.135.82 - - [10/May/2022:11:06:16 +0800] "GET /xingrg/javascript/jquery_easy_ui/themes/default/images/calendar_nextyear.gif HTTP/1.1" 200 75
120.253.135.82 - - [10/May/2022:11:06:16 +0800] "GET /xingrg/javascript/jquery_easy_ui/themes/default/images/datagrid_header_bg.gif HTTP/1.1" 200 97
120.253.135.82 - - [10/May/2022:11:06:16 +0800] "GET /xingrg/javascript/jquery_easy_ui/themes/default/images/pagination_loading.gif HTTP/1.1" 200 1737
120.253.135.82 - - [10/May/2022:11:06:16 +0800] "GET /xingrg/javascript/jquery_easy_ui/themes/default/images/tree_checkbox_0.gif HTTP/1.1" 200 168
120.253.135.82 - - [10/May/2022:11:06:16 +0800] "POST /xingrg/kc/pszx/jzcl_ps_operate.html HTTP/1.1" 200 425
120.253.135.82 - - [10/May/2022:11:06:16 +0800] "POST /xingrg/kc/pszx/jzcl_ps_operate.html HTTP/1.1" 200 425
120.253.135.82 - - [10/May/2022:11:06:17 +0800] "GET /xingrg/javascript/jquery_easy_ui/themes/icons/rest.png HTTP/1.1" 200 695
120.253.135.82 - - [10/May/2022:11:06:20 +0800] "POST /xingrg/kc/pszx/jzcl_ps_operate.html HTTP/1.1" 200 4
120.253.135.82 - - [10/May/2022:11:06:20 +0800] "GET /xingrg/javascript/step/images/navLastDoneBtn.gif HTTP/1.1" 200 552
120.253.135.82 - - [10/May/2022:11:06:20 +0800] "GET /xingrg/javascript/step/images/navDoneBtn.gif HTTP/1.1" 200 394
58.39.201.47 - - [10/May/2022:11:06:21 +0800] "GET /xingrg/all/function/internal_message.html?_=1652151912549&CODE_STATE=getMsg HTTP/1.1" 200 27
120.253.135.82 - - [10/May/2022:11:06:22 +0800] "GET /xingrg/kc/pszx/mdps_order_list.html HTTP/1.1" 200 20966
120.253.135.82 - - [10/May/2022:11:06:22 +0800] "POST /xingrg/kc/pszx/mdps_list_operate.html HTTP/1.1" 200 5281
58.39.61.91 - - [10/May/2022:11:06:26 +0800] "GET /xingrg/all/function/internal_message.html?_=1652151946815&CODE_STATE=getMsg HTTP/1.1" 200 27
218.81.223.53 - - [10/May/2022:11:06:28 +0800] "GET /xingrg/check_reg.html?_=1652151993091 HTTP/1.1" 200 22
120.253.135.82 - - [10/May/2022:11:06:34 +0800] "GET /xingrg/all/function/internal_message.html?_=1652151803585&CODE_STATE=getMsg HTTP/1.1" 200 27
120.253.135.82 - - [10/May/2022:11:06:38 +0800] "POST /xingrg/kc/pszx/mdps_list_operate.html HTTP/1.1" 200 2062
120.253.135.82 - - [10/May/2022:11:06:40 +0800] "POST /xingrg/kc/pszx/mdps_list_operate.html HTTP/1.1" 200 289
120.253.135.82 - - [10/May/2022:11:06:41 +0800] "GET /xingrg/kc/pszx/mdps_order_info.html?code=312022051000251 HTTP/1.1" 200 23978
120.253.135.82 - - [10/May/2022:11:06:41 +0800] "GET /xingrg/words/20220510102851_words.js HTTP/1.1" 200 896087
218.81.223.53 - - [10/May/2022:11:06:41 +0800] "GET /xingrg/all/function/internal_message.html?_=1652152006445&CODE_STATE=getMsg HTTP/1.1" 200 27
222.70.180.114 - - [10/May/2022:11:06:41 +0800] "GET /xingrg/all/function/internal_message.html?_=1652151996140&CODE_STATE=getMsg HTTP/1.1" 200 27
120.253.135.82 - - [10/May/2022:11:06:42 +0800] "POST /xingrg/kc/pszx/mdps_order_operate.html HTTP/1.1" 200 2756
120.253.135.82 - - [10/May/2022:11:06:42 +0800] "GET /xingrg/javascript/easyui/themes/default/validatebox.css HTTP/1.1" 404 1104
120.253.135.82 - - [10/May/2022:11:06:44 +0800] "POST /xingrg/all/common/load_combo.html?type=base HTTP/1.1" 200 1169
120.253.135.82 - - [10/May/2022:11:06:49 +0800] "POST /xingrg/kc/pszx/mdps_order_operate.html HTTP/1.1" 200 37
120.253.135.82 - - [10/May/2022:11:06:49 +0800] "GET /xingrg/kc/pszx/mdps_order_info.html?code=312022051000251 HTTP/1.1" 200 23980
120.253.135.82 - - [10/May/2022:11:06:50 +0800] "GET /xingrg/javascript/easyui/themes/default/validatebox.css HTTP/1.1" 404 1104
120.253.135.82 - - [10/May/2022:11:06:50 +0800] "POST /xingrg/kc/pszx/mdps_order_operate.html HTTP/1.1" 200 2770
116.235.92.88 - - [10/May/2022:11:06:50 +0800] "GET /xingrg/all/function/internal_message.html?_=1652152181209&CODE_STATE=getMsg HTTP/1.1" 200 27
116.235.92.88 - - [10/May/2022:11:06:50 +0800] "GET /xingrg/check_reg.html?_=1652152181210 HTTP/1.1" 200 22
117.143.50.163 - - [10/May/2022:11:06:51 +0800] "GET /xingrg/all/function/internal_message.html?_=1652152009753&CODE_STATE=getMsg HTTP/1.1" 200 27
114.83.218.142 - - [10/May/2022:11:07:08 +0800] "GET /xingrg/all/function/internal_message.html?_=1652152026025&CODE_STATE=getMsg HTTP/1.1" 200 27
58.39.61.91 - - [10/May/2022:11:07:08 +0800] "GET /xingrg/check_reg.html?_=1652152027790 HTTP/1.1" 200 22
58.39.61.91 - - [10/May/2022:11:07:08 +0800] "GET /xingrg/all/function/internal_message.html?_=1652152027791&CODE_STATE=getMsg HTTP/1.1" 200 27
58.39.201.47 - - [10/May/2022:11:07:09 +0800] "GET /xingrg/all/function/internal_message.html?_=1652152034419&CODE_STATE=getMsg HTTP/1.1" 200 27
114.86.229.216 - - [10/May/2022:11:07:09 +0800] "GET /xingrg/all/function/internal_message.html?_=1652152031913&CODE_STATE=getMsg HTTP/1.1" 200 27
114.86.229.216 - - [10/May/2022:11:07:09 +0800] "GET /xingrg/check_reg.html?_=1652152031915 HTTP/1.1" 200 22
120.253.135.82 - - [10/May/2022:11:07:15 +0800] "POST /xingrg/kc/pszx/mdps_order_operate.html HTTP/1.1" 200 37
120.253.135.82 - - [10/May/2022:11:07:16 +0800] "GET /xingrg/kc/pszx/mdps_order_info.html?code=312022051000251 HTTP/1.1" 200 23980
120.253.135.82 - - [10/May/2022:11:07:17 +0800] "GET /xingrg/javascript/easyui/themes/default/validatebox.css HTTP/1.1" 404 1104
120.253.135.82 - - [10/May/2022:11:07:17 +0800] "POST /xingrg/kc/pszx/mdps_order_operate.html HTTP/1.1" 200 2778
58.39.201.47 - - [10/May/2022:11:07:21 +0800] "GET /xingrg/all/function/internal_message.html?_=1652151972534&CODE_STATE=getMsg HTTP/1.1" 200 27
120.253.135.82 - - [10/May/2022:11:07:23 +0800] "POST /xingrg/kc/pszx/mdps_list_operate.html HTTP/1.1" 200 210
120.253.135.82 - - [10/May/2022:11:07:23 +0800] "GET /xingrg/kc/pszx/mdps_order_info.html?code=312022051000248 HTTP/1.1" 200 23980
120.253.135.82 - - [10/May/2022:11:07:24 +0800] "GET /xingrg/javascript/easyui/themes/default/validatebox.css HTTP/1.1" 404 1104
120.253.135.82 - - [10/May/2022:11:07:24 +0800] "POST /xingrg/kc/pszx/mdps_order_operate.html HTTP/1.1" 200 2289
120.253.135.82 - - [10/May/2022:11:07:25 +0800] "GET /xingrg/kc/print/load_data.html?order_code=312022051000248&kc_code=mdps&condition= HTTP/1.1" 200 690
58.39.61.91 - - [10/May/2022:11:07:26 +0800] "GET /xingrg/all/function/internal_message.html?_=1652152006829&CODE_STATE=getMsg HTTP/1.1" 200 27
120.253.135.82 - - [10/May/2022:11:07:30 +0800] "POST /xingrg/kc/pszx/mdps_list_operate.html HTTP/1.1" 200 2067
120.253.135.82 - - [10/May/2022:11:07:31 +0800] "POST /xingrg/kc/pszx/mdps_list_operate.html HTTP/1.1" 200 293
120.253.135.82 - - [10/May/2022:11:07:33 +0800] "GET /xingrg/kc/pszx/mdps_order_info.html?code=312022051000251 HTTP/1.1" 200 23980
120.253.135.82 - - [10/May/2022:11:07:33 +0800] "GET /xingrg/javascript/easyui/themes/default/validatebox.css HTTP/1.1" 404 1104
120.253.135.82 - - [10/May/2022:11:07:33 +0800] "POST /xingrg/kc/pszx/mdps_order_operate.html HTTP/1.1" 200 2778
120.253.135.82 - - [10/May/2022:11:07:34 +0800] "GET /xingrg/all/function/internal_message.html?_=1652151863615&CODE_STATE=getMsg HTTP/1.1" 200 27
120.253.135.82 - - [10/May/2022:11:07:35 +0800] "GET /xingrg/kc/print/load_data.html?order_code=312022051000251&kc_code=mdps&condition= HTTP/1.1" 200 921
218.81.223.53 - - [10/May/2022:11:07:41 +0800] "GET /xingrg/all/function/internal_message.html?_=1652152066457&CODE_STATE=getMsg HTTP/1.1" 200 27
222.70.180.114 - - [10/May/2022:11:07:41 +0800] "GET /xingrg/all/function/internal_message.html?_=1652152056124&CODE_STATE=getMsg HTTP/1.1" 200 27
116.235.92.88 - - [10/May/2022:11:07:50 +0800] "GET /xingrg/all/function/internal_message.html?_=1652152241208&CODE_STATE=getMsg HTTP/1.1" 200 27
117.143.50.163 - - [10/May/2022:11:07:50 +0800] "GET /xingrg/all/function/internal_message.html?_=1652152069735&CODE_STATE=getMsg HTTP/1.1" 200 27
114.83.218.142 - - [10/May/2022:11:08:08 +0800] "GET /xingrg/all/function/internal_message.html?_=1652152086009&CODE_STATE=getMsg HTTP/1.1" 200 27
58.39.61.91 - - [10/May/2022:11:08:08 +0800] "GET /xingrg/all/function/internal_message.html?_=1652152087790&CODE_STATE=getMsg HTTP/1.1" 200 27
58.39.201.47 - - [10/May/2022:11:08:09 +0800] "GET /xingrg/all/function/internal_message.html?_=1652152094421&CODE_STATE=getMsg HTTP/1.1" 200 27
114.86.229.216 - - [10/May/2022:11:08:09 +0800] "GET /xingrg/all/function/internal_message.html?_=1652152091915&CODE_STATE=getMsg HTTP/1.1" 200 27
58.39.201.47 - - [10/May/2022:11:08:21 +0800] "GET /xingrg/all/function/internal_message.html?_=1652152032520&CODE_STATE=getMsg HTTP/1.1" 200 27
58.39.61.91 - - [10/May/2022:11:08:27 +0800] "GET /xingrg/all/function/internal_message.html?_=1652152066882&CODE_STATE=getMsg HTTP/1.1" 200 27
120.253.135.82 - - [10/May/2022:11:08:34 +0800] "GET /xingrg/all/function/internal_message.html?_=1652151923627&CODE_STATE=getMsg HTTP/1.1" 200 27
218.81.223.53 - - [10/May/2022:11:08:41 +0800] "GET /xingrg/all/function/internal_message.html?_=1652152126659&CODE_STATE=getMsg HTTP/1.1" 200 27
222.70.180.114 - - [10/May/2022:11:08:41 +0800] "GET /xingrg/all/function/internal_message.html?_=1652152116094&CODE_STATE=getMsg HTTP/1.1" 200 27
116.235.92.88 - - [10/May/2022:11:08:50 +0800] "GET /xingrg/all/function/internal_message.html?_=1652152301206&CODE_STATE=getMsg HTTP/1.1" 200 27
117.143.50.163 - - [10/May/2022:11:08:58 +0800] "GET /xingrg/index.html?sysBaseUrl=http%3A%2F%2F180.169.147.146%3A18081%2Fxingrg%2F&costTime=39×tamp=1592034574635 HTTP/1.1" 302 -
117.143.50.163 - - [10/May/2022:11:08:58 +0800] "GET /xingrg/login.html HTTP/1.1" 200 7641
117.143.50.163 - - [10/May/2022:11:08:58 +0800] "GET /favicon.ico HTTP/1.1" 404 -
114.83.218.142 - - [10/May/2022:11:09:08 +0800] "GET /xingrg/all/function/internal_message.html?_=1652152145992&CODE_STATE=getMsg HTTP/1.1" 200 27
58.39.61.91 - - [10/May/2022:11:09:08 +0800] "GET /xingrg/all/function/internal_message.html?_=1652152147789&CODE_STATE=getMsg HTTP/1.1" 200 27
114.83.218.142 - - [10/May/2022:11:09:08 +0800] "GET /xingrg/check_reg.html?_=1652152146369 HTTP/1.1" 200 22
58.39.201.47 - - [10/May/2022:11:09:09 +0800] "GET /xingrg/all/function/internal_message.html?_=1652152154420&CODE_STATE=getMsg HTTP/1.1" 200 27
114.86.229.216 - - [10/May/2022:11:09:09 +0800] "GET /xingrg/all/function/internal_message.html?_=1652152151917&CODE_STATE=getMsg HTTP/1.1" 200 27
58.39.201.47 - - [10/May/2022:11:09:21 +0800] "GET /xingrg/all/function/internal_message.html?_=1652152092506&CODE_STATE=getMsg HTTP/1.1" 200 27
58.39.61.91 - - [10/May/2022:11:09:27 +0800] "GET /xingrg/all/function/internal_message.html?_=1652152126887&CODE_STATE=getMsg HTTP/1.1" 200 27
120.253.135.82 - - [10/May/2022:11:09:34 +0800] "GET /xingrg/all/function/internal_message.html?_=1652151983641&CODE_STATE=getMsg HTTP/1.1" 200 27
218.81.223.53 - - [10/May/2022:11:09:41 +0800] "GET /xingrg/all/function/internal_message.html?_=1652152186673&CODE_STATE=getMsg HTTP/1.1" 200 27
222.70.180.114 - - [10/May/2022:11:09:41 +0800] "GET /xingrg/all/function/internal_message.html?_=1652152176105&CODE_STATE=getMsg HTTP/1.1" 200 27
58.39.201.47 - - [10/May/2022:11:09:42 +0800] "GET /xingrg/check_reg.html?_=1652152113086 HTTP/1.1" 200 22
222.70.180.114 - - [10/May/2022:11:09:42 +0800] "GET /xingrg/check_reg.html?_=1652152176763 HTTP/1.1" 200 22
117.143.50.163 - - [10/May/2022:11:09:44 +0800] "POST /xingrg/login.do HTTP/1.1" 302 -
117.143.50.163 - - [10/May/2022:11:09:44 +0800] "GET /xingrg/index.html?sysBaseUrl=http%3A%2F%2F180.169.147.146%3A18081%2Fxingrg%2F&costTime=41×tamp=1652152184325 HTTP/1.1" 200 17503
117.143.50.163 - - [10/May/2022:11:09:44 +0800] "GET /favicon.ico HTTP/1.1" 404 -
117.143.50.163 - - [10/May/2022:11:09:44 +0800] "POST /xingrg/all/common/load_tree.html?tree=area_rest_tree_json&manage=1 HTTP/1.1" 200 3472
117.143.50.163 - - [10/May/2022:11:09:44 +0800] "GET /xingrg/all/function/internal_message.html?_=1652152183239&CODE_STATE=count HTTP/1.1" 200 11
117.143.50.163 - - [10/May/2022:11:09:44 +0800] "GET /xingrg/check_reg.html?_=1652152183240 HTTP/1.1" 200 22
117.143.50.163 - - [10/May/2022:11:09:44 +0800] "POST /xingrg/load_menu.html HTTP/1.1" 200 11564
116.235.92.88 - - [10/May/2022:11:09:50 +0800] "GET /xingrg/all/function/internal_message.html?_=1652152361205&CODE_STATE=getMsg HTTP/1.1" 200 27
58.221.95.50 - - [10/May/2022:11:09:59 +0800] "GET /xingrg/check_reg.html?_=1652152199800 HTTP/1.1" 302 -
114.83.218.142 - - [10/May/2022:11:10:08 +0800] "GET /xingrg/all/function/internal_message.html?_=1652152205965&CODE_STATE=getMsg HTTP/1.1" 200 27
58.39.61.91 - - [10/May/2022:11:10:08 +0800] "GET /xingrg/all/function/internal_message.html?_=1652152207796&CODE_STATE=getMsg HTTP/1.1" 200 27
58.39.201.47 - - [10/May/2022:11:10:09 +0800] "GET /xingrg/check_reg.html?_=1652152214421 HTTP/1.1" 200 22
58.39.201.47 - - [10/May/2022:11:10:09 +0800] "GET /xingrg/all/function/internal_message.html?_=1652152214424&CODE_STATE=getMsg HTTP/1.1" 200 27
114.86.229.216 - - [10/May/2022:11:10:09 +0800] "GET /xingrg/all/function/internal_message.html?_=1652152211920&CODE_STATE=getMsg HTTP/1.1" 200 27
58.39.201.47 - - [10/May/2022:11:10:21 +0800] "GET /xingrg/all/function/internal_message.html?_=1652152152479&CODE_STATE=getMsg HTTP/1.1" 200 27
58.39.61.91 - - [10/May/2022:11:10:27 +0800] "GET /xingrg/all/function/internal_message.html?_=1652152186937&CODE_STATE=getMsg HTTP/1.1" 200 27
120.253.135.82 - - [10/May/2022:11:10:34 +0800] "GET /xingrg/all/function/internal_message.html?_=1652152043654&CODE_STATE=getMsg HTTP/1.1" 200 27
120.253.135.82 - - [10/May/2022:11:10:34 +0800] "GET /xingrg/check_reg.html?_=1652152043840 HTTP/1.1" 200 22
222.70.180.114 - - [10/May/2022:11:10:41 +0800] "GET /xingrg/all/function/internal_message.html?_=1652152236077&CODE_STATE=getMsg HTTP/1.1" 200 27
218.81.223.53 - - [10/May/2022:11:10:42 +0800] "GET /xingrg/all/function/internal_message.html?_=1652152246867&CODE_STATE=getMsg HTTP/1.1" 200 27
117.143.50.163 - - [10/May/2022:11:10:44 +0800] "GET /xingrg/all/function/internal_message.html?_=1652152243254&CODE_STATE=getMsg HTTP/1.1" 200 27
116.235.92.88 - - [10/May/2022:11:10:50 +0800] "GET /xingrg/all/function/internal_message.html?_=1652152421230&CODE_STATE=getMsg HTTP/1.1" 200 27
114.83.218.142 - - [10/May/2022:11:11:08 +0800] "GET /xingrg/all/function/internal_message.html?_=1652152265957&CODE_STATE=getMsg HTTP/1.1" 200 27
58.39.61.91 - - [10/May/2022:11:11:08 +0800] "GET /xingrg/all/function/internal_message.html?_=1652152267798&CODE_STATE=getMsg HTTP/1.1" 200 27
58.39.201.47 - - [10/May/2022:11:11:09 +0800] "GET /xingrg/all/function/internal_message.html?_=1652152274409&CODE_STATE=getMsg HTTP/1.1" 200 27
114.86.229.216 - - [10/May/2022:11:11:09 +0800] "GET /xingrg/all/function/internal_message.html?_=1652152271921&CODE_STATE=getMsg HTTP/1.1" 200 27
58.39.61.91 - - [10/May/2022:11:11:10 +0800] "GET /xingrg/check_reg.html?_=1652152229950 HTTP/1.1" 200 22
58.39.201.47 - - [10/May/2022:11:11:21 +0800] "GET /xingrg/all/function/internal_message.html?_=1652152212464&CODE_STATE=getMsg HTTP/1.1" 200 27
58.39.61.91 - - [10/May/2022:11:11:27 +0800] "GET /xingrg/all/function/internal_message.html?_=1652152246946&CODE_STATE=getMsg HTTP/1.1" 200 27
218.81.223.53 - - [10/May/2022:11:11:28 +0800] "GET /xingrg/check_reg.html?_=1652152293098 HTTP/1.1" 200 22
120.253.135.82 - - [10/May/2022:11:11:34 +0800] "GET /xingrg/all/function/internal_message.html?_=1652152103667&CODE_STATE=getMsg HTTP/1.1" 200 27
222.70.180.114 - - [10/May/2022:11:11:41 +0800] "GET /xingrg/all/function/internal_message.html?_=1652152296062&CODE_STATE=getMsg HTTP/1.1" 200 27
218.81.223.53 - - [10/May/2022:11:11:42 +0800] "GET /xingrg/all/function/internal_message.html?_=1652152306871&CODE_STATE=getMsg HTTP/1.1" 200 27
117.143.50.163 - - [10/May/2022:11:11:44 +0800] "GET /xingrg/all/function/internal_message.html?_=1652152303259&CODE_STATE=getMsg HTTP/1.1" 200 27
116.235.92.88 - - [10/May/2022:11:11:50 +0800] "GET /xingrg/all/function/internal_message.html?_=1652152481229&CODE_STATE=getMsg HTTP/1.1" 200 27
116.235.92.88 - - [10/May/2022:11:11:50 +0800] "GET /xingrg/check_reg.html?_=1652152481230 HTTP/1.1" 200 22
114.83.218.142 - - [10/May/2022:11:12:08 +0800] "GET /xingrg/all/function/internal_message.html?_=1652152325929&CODE_STATE=getMsg HTTP/1.1" 200 27
58.39.61.91 - - [10/May/2022:11:12:08 +0800] "GET /xingrg/all/function/internal_message.html?_=1652152327797&CODE_STATE=getMsg HTTP/1.1" 200 27
58.39.61.91 - - [10/May/2022:11:12:08 +0800] "GET /xingrg/check_reg.html?_=1652152327799 HTTP/1.1" 200 22
58.39.201.47 - - [10/May/2022:11:12:09 +0800] "GET /xingrg/all/function/internal_message.html?_=1652152334409&CODE_STATE=getMsg HTTP/1.1" 200 27
114.86.229.216 - - [10/May/2022:11:12:09 +0800] "GET /xingrg/all/function/internal_message.html?_=1652152331923&CODE_STATE=getMsg HTTP/1.1" 200 27
114.86.229.216 - - [10/May/2022:11:12:09 +0800] "GET /xingrg/check_reg.html?_=1652152331924 HTTP/1.1" 200 22
58.39.201.47 - - [10/May/2022:11:12:21 +0800] "GET /xingrg/all/function/internal_message.html?_=1652152272449&CODE_STATE=getMsg HTTP/1.1" 200 27
180.157.251.97 - - [10/May/2022:11:12:23 +0800] "POST /xingrg/services/DataTransmitService HTTP/1.1" 200 524
58.39.61.91 - - [10/May/2022:11:12:27 +0800] "GET /xingrg/all/function/internal_message.html?_=1652152306959&CODE_STATE=getMsg HTTP/1.1" 200 27
120.253.135.82 - - [10/May/2022:11:12:34 +0800] "GET /xingrg/all/function/internal_message.html?_=1652152163681&CODE_STATE=getMsg HTTP/1.1" 200 27
222.70.180.114 - - [10/May/2022:11:12:41 +0800] "GET /xingrg/all/function/internal_message.html?_=1652152356047&CODE_STATE=getMsg HTTP/1.1" 200 27
218.81.223.53 - - [10/May/2022:11:12:42 +0800] "GET /xingrg/all/function/internal_message.html?_=1652152366885&CODE_STATE=getMsg HTTP/1.1" 200 27
117.143.50.163 - - [10/May/2022:11:12:44 +0800] "GET /xingrg/all/function/internal_message.html?_=1652152363258&CODE_STATE=getMsg HTTP/1.1" 200 27
116.235.92.88 - - [10/May/2022:11:12:50 +0800] "GET /xingrg/all/function/internal_message.html?_=1652152541244&CODE_STATE=getMsg HTTP/1.1" 200 27
