116.235.92.88 - - [10/May/2022:13:41:50 +0800] "GET /xingrg/check_reg.html?_=1652161481411 HTTP/1.1" 200 22
120.253.135.82 - - [10/May/2022:13:41:51 +0800] "GET /xingrg/javascript/easyui/themes/default/validatebox.css HTTP/1.1" 404 1104
120.253.135.82 - - [10/May/2022:13:41:51 +0800] "POST /xingrg/kc/buy/cgsh_order_operate.html HTTP/1.1" 200 3293
120.253.135.82 - - [10/May/2022:13:41:56 +0800] "POST /xingrg/kc/buy/cgsh_list_operate.html HTTP/1.1" 200 216
120.253.135.82 - - [10/May/2022:13:41:56 +0800] "GET /xingrg/kc/buy/cgsh_order_info.html?code=212022051000606 HTTP/1.1" 200 66361
120.253.135.82 - - [10/May/2022:13:41:57 +0800] "GET /xingrg/javascript/easyui/themes/default/validatebox.css HTTP/1.1" 404 1104
120.253.135.82 - - [10/May/2022:13:41:57 +0800] "POST /xingrg/kc/buy/cgsh_order_operate.html HTTP/1.1" 200 2696
218.81.223.53 - - [10/May/2022:13:42:05 +0800] "GET /xingrg/all/function/internal_message.html?_=1652161330375&CODE_STATE=getMsg HTTP/1.1" 200 27
114.83.218.142 - - [10/May/2022:13:42:05 +0800] "GET /xingrg/all/function/internal_message.html?_=1652161323236&CODE_STATE=getMsg HTTP/1.1" 200 27
218.81.223.53 - - [10/May/2022:13:42:07 +0800] "GET /xingrg/kc/buy/cgsh_order_operate.html?command=get_materiel&rest_code=00146&code=00101010847&supplier_code=00100151&order_time=2022-05-10 HTTP/1.1" 200 396
58.39.201.47 - - [10/May/2022:13:42:09 +0800] "GET /xingrg/all/function/internal_message.html?_=1652161334681&CODE_STATE=getMsg HTTP/1.1" 200 27
120.253.135.82 - - [10/May/2022:13:42:16 +0800] "GET /xingrg/check_reg.html?_=1652161145127 HTTP/1.1" 200 22
58.39.201.47 - - [10/May/2022:13:42:19 +0800] "GET /xingrg/all/function/internal_message.html?_=1652161269925&CODE_STATE=getMsg HTTP/1.1" 200 27
120.253.135.82 - - [10/May/2022:13:42:20 +0800] "POST /xingrg/kc/buy/cgsh_list_operate.html HTTP/1.1" 200 2051
218.81.223.53 - - [10/May/2022:13:42:24 +0800] "GET /xingrg/kc/buy/cgsh_order_operate.html?command=get_materiel&rest_code=00146&code=00101010839&supplier_code=00100151&order_time=2022-05-10 HTTP/1.1" 200 397
120.253.135.82 - - [10/May/2022:13:42:24 +0800] "GET /xingrg/all/function/internal_message.html?_=1652161153457&CODE_STATE=getMsg HTTP/1.1" 200 27
58.39.61.91 - - [10/May/2022:13:42:30 +0800] "GET /xingrg/all/function/internal_message.html?_=1652161310650&CODE_STATE=getMsg HTTP/1.1" 200 27
222.70.180.114 - - [10/May/2022:13:42:39 +0800] "GET /xingrg/all/function/internal_message.html?_=1652161353528&CODE_STATE=getMsg HTTP/1.1" 200 27
58.39.61.91 - - [10/May/2022:13:42:39 +0800] "GET /xingrg/all/function/internal_message.html?_=1652161358676&CODE_STATE=getMsg HTTP/1.1" 200 27
218.81.223.53 - - [10/May/2022:13:42:40 +0800] "GET /xingrg/kc/buy/cgsh_order_operate.html?command=get_materiel&rest_code=00146&code=00101007051&supplier_code=00100151&order_time=2022-05-10 HTTP/1.1" 200 413
101.85.120.86 - - [10/May/2022:13:42:48 +0800] "GET /xingrg/all/function/internal_message.html?_=1652161367756&CODE_STATE=getMsg HTTP/1.1" 200 27
101.85.120.86 - - [10/May/2022:13:42:48 +0800] "GET /xingrg/check_reg.html?_=1652161367752 HTTP/1.1" 200 22
116.235.92.88 - - [10/May/2022:13:42:50 +0800] "GET /xingrg/all/function/internal_message.html?_=1652161541435&CODE_STATE=getMsg HTTP/1.1" 200 27
218.81.223.53 - - [10/May/2022:13:43:05 +0800] "GET /xingrg/all/function/internal_message.html?_=1652161390389&CODE_STATE=getMsg HTTP/1.1" 200 27
114.83.218.142 - - [10/May/2022:13:43:05 +0800] "GET /xingrg/all/function/internal_message.html?_=1652161383218&CODE_STATE=getMsg HTTP/1.1" 200 27
58.39.201.47 - - [10/May/2022:13:43:09 +0800] "GET /xingrg/all/function/internal_message.html?_=1652161394680&CODE_STATE=getMsg HTTP/1.1" 200 27
58.39.201.47 - - [10/May/2022:13:43:19 +0800] "GET /xingrg/all/function/internal_message.html?_=1652161329908&CODE_STATE=getMsg HTTP/1.1" 200 27
120.253.135.82 - - [10/May/2022:13:43:24 +0800] "GET /xingrg/all/function/internal_message.html?_=1652161213471&CODE_STATE=getMsg HTTP/1.1" 200 27
114.86.229.216 - - [10/May/2022:13:43:25 +0800] "POST /xingrg/services/DataTransmitService HTTP/1.1" 200 524
114.86.229.216 - - [10/May/2022:13:43:25 +0800] "POST /xingrg/services/DataTransmitService HTTP/1.1" 200 501
58.39.61.91 - - [10/May/2022:13:43:30 +0800] "GET /xingrg/all/function/internal_message.html?_=1652161370679&CODE_STATE=getMsg HTTP/1.1" 200 27
120.253.135.82 - - [10/May/2022:13:43:31 +0800] "GET /xingrg/kc/pszx/mdps_order_list.html?orderType=0 HTTP/1.1" 200 20966
120.253.135.82 - - [10/May/2022:13:43:31 +0800] "POST /xingrg/kc/pszx/mdps_list_operate.html HTTP/1.1" 200 5280
222.70.180.114 - - [10/May/2022:13:43:39 +0800] "GET /xingrg/all/function/internal_message.html?_=1652161413514&CODE_STATE=getMsg HTTP/1.1" 200 27
58.39.61.91 - - [10/May/2022:13:43:39 +0800] "GET /xingrg/all/function/internal_message.html?_=1652161418683&CODE_STATE=getMsg HTTP/1.1" 200 27
101.85.120.86 - - [10/May/2022:13:43:48 +0800] "GET /xingrg/all/function/internal_message.html?_=1652161427741&CODE_STATE=getMsg HTTP/1.1" 200 27
116.235.92.88 - - [10/May/2022:13:43:50 +0800] "GET /xingrg/all/function/internal_message.html?_=1652161601438&CODE_STATE=getMsg HTTP/1.1" 200 27
120.253.135.82 - - [10/May/2022:13:43:58 +0800] "POST /xingrg/kc/pszx/mdps_list_operate.html HTTP/1.1" 200 2075
120.253.135.82 - - [10/May/2022:13:44:00 +0800] "POST /xingrg/kc/pszx/mdps_list_operate.html HTTP/1.1" 200 357
120.253.135.82 - - [10/May/2022:13:44:01 +0800] "POST /xingrg/kc/pszx/mdps_list_operate.html HTTP/1.1" 200 283
120.253.135.82 - - [10/May/2022:13:44:03 +0800] "GET /xingrg/kc/pszx/mdps_order_info.html?code=312022050900230 HTTP/1.1" 200 23986
120.253.135.82 - - [10/May/2022:13:44:03 +0800] "POST /xingrg/kc/pszx/mdps_order_operate.html HTTP/1.1" 200 2775
120.253.135.82 - - [10/May/2022:13:44:03 +0800] "GET /xingrg/javascript/easyui/themes/default/validatebox.css HTTP/1.1" 404 1104
218.81.223.53 - - [10/May/2022:13:44:05 +0800] "GET /xingrg/all/function/internal_message.html?_=1652161450402&CODE_STATE=getMsg HTTP/1.1" 200 27
114.83.218.142 - - [10/May/2022:13:44:05 +0800] "GET /xingrg/all/function/internal_message.html?_=1652161443220&CODE_STATE=getMsg HTTP/1.1" 200 27
120.253.135.82 - - [10/May/2022:13:44:06 +0800] "GET /xingrg/kc/print/load_config.html?kc_code=mdps HTTP/1.1" 200 2390
120.253.135.82 - - [10/May/2022:13:44:06 +0800] "GET /xingrg/kc/print/load_data.html?order_code=312022050900230&kc_code=mdps&condition= HTTP/1.1" 200 928
114.83.218.142 - - [10/May/2022:13:44:09 +0800] "GET /xingrg/check_reg.html?_=1652161446960 HTTP/1.1" 200 22
58.39.201.47 - - [10/May/2022:13:44:09 +0800] "GET /xingrg/all/function/internal_message.html?_=1652161454680&CODE_STATE=getMsg HTTP/1.1" 200 27
120.253.135.82 - - [10/May/2022:13:44:13 +0800] "GET /xingrg/kc/pszx/mdps_order_info.html?code=312022050900238 HTTP/1.1" 200 23978
120.253.135.82 - - [10/May/2022:13:44:14 +0800] "POST /xingrg/kc/pszx/mdps_order_operate.html HTTP/1.1" 200 3262
120.253.135.82 - - [10/May/2022:13:44:14 +0800] "GET /xingrg/javascript/easyui/themes/default/validatebox.css HTTP/1.1" 404 1104
120.253.135.82 - - [10/May/2022:13:44:16 +0800] "GET /xingrg/kc/print/load_data.html?order_code=312022050900238&kc_code=mdps&condition= HTTP/1.1" 200 1130
58.39.201.47 - - [10/May/2022:13:44:19 +0800] "GET /xingrg/all/function/internal_message.html?_=1652161389892&CODE_STATE=getMsg HTTP/1.1" 200 27
120.253.135.82 - - [10/May/2022:13:44:24 +0800] "GET /xingrg/all/function/internal_message.html?_=1652161273484&CODE_STATE=getMsg HTTP/1.1" 200 27
58.39.61.91 - - [10/May/2022:13:44:30 +0800] "GET /xingrg/all/function/internal_message.html?_=1652161430696&CODE_STATE=getMsg HTTP/1.1" 200 27
218.81.223.53 - - [10/May/2022:13:44:31 +0800] "GET /xingrg/kc/buy/cgsh_order_operate.html?command=get_materiel&rest_code=00146&code=00101010184&supplier_code=00100151&order_time=2022-05-10 HTTP/1.1" 200 432
222.70.180.114 - - [10/May/2022:13:44:39 +0800] "GET /xingrg/all/function/internal_message.html?_=1652161473498&CODE_STATE=getMsg HTTP/1.1" 200 27
58.39.61.91 - - [10/May/2022:13:44:39 +0800] "GET /xingrg/all/function/internal_message.html?_=1652161478681&CODE_STATE=getMsg HTTP/1.1" 200 27
58.39.61.91 - - [10/May/2022:13:44:39 +0800] "GET /xingrg/check_reg.html?_=1652161478683 HTTP/1.1" 200 22
58.39.201.47 - - [10/May/2022:13:44:42 +0800] "GET /xingrg/check_reg.html?_=1652161413307 HTTP/1.1" 200 22
222.70.180.114 - - [10/May/2022:13:44:42 +0800] "GET /xingrg/check_reg.html?_=1652161476948 HTTP/1.1" 200 22
101.85.120.86 - - [10/May/2022:13:44:48 +0800] "GET /xingrg/all/function/internal_message.html?_=1652161487743&CODE_STATE=getMsg HTTP/1.1" 200 27
116.235.92.88 - - [10/May/2022:13:44:50 +0800] "GET /xingrg/all/function/internal_message.html?_=1652161661438&CODE_STATE=getMsg HTTP/1.1" 200 27
218.81.223.53 - - [10/May/2022:13:45:05 +0800] "GET /xingrg/all/function/internal_message.html?_=1652161510415&CODE_STATE=getMsg HTTP/1.1" 200 27
114.83.218.142 - - [10/May/2022:13:45:05 +0800] "GET /xingrg/all/function/internal_message.html?_=1652161503203&CODE_STATE=getMsg HTTP/1.1" 200 27
58.39.201.47 - - [10/May/2022:13:45:09 +0800] "GET /xingrg/check_reg.html?_=1652161514680 HTTP/1.1" 200 22
58.39.201.47 - - [10/May/2022:13:45:09 +0800] "GET /xingrg/all/function/internal_message.html?_=1652161514683&CODE_STATE=getMsg HTTP/1.1" 200 27
58.39.201.47 - - [10/May/2022:13:45:19 +0800] "GET /xingrg/all/function/internal_message.html?_=1652161449875&CODE_STATE=getMsg HTTP/1.1" 200 27
120.253.135.82 - - [10/May/2022:13:45:24 +0800] "GET /xingrg/all/function/internal_message.html?_=1652161333563&CODE_STATE=getMsg HTTP/1.1" 200 27
58.39.61.91 - - [10/May/2022:13:45:30 +0800] "GET /xingrg/all/function/internal_message.html?_=1652161490708&CODE_STATE=getMsg HTTP/1.1" 200 27
222.70.180.114 - - [10/May/2022:13:45:39 +0800] "GET /xingrg/all/function/internal_message.html?_=1652161533469&CODE_STATE=getMsg HTTP/1.1" 200 27
58.39.61.91 - - [10/May/2022:13:45:39 +0800] "GET /xingrg/all/function/internal_message.html?_=1652161538686&CODE_STATE=getMsg HTTP/1.1" 200 27
218.81.223.53 - - [10/May/2022:13:45:41 +0800] "GET /xingrg/kc/buy/cgsh_order_operate.html?command=get_materiel&rest_code=00146&code=00101006318&supplier_code=00100151&order_time=2022-05-10 HTTP/1.1" 200 442
101.85.120.86 - - [10/May/2022:13:45:48 +0800] "GET /xingrg/all/function/internal_message.html?_=1652161547745&CODE_STATE=getMsg HTTP/1.1" 200 27
116.235.92.88 - - [10/May/2022:13:45:50 +0800] "GET /xingrg/all/function/internal_message.html?_=1652161721436&CODE_STATE=getMsg HTTP/1.1" 200 27
180.157.251.97 - - [10/May/2022:13:45:54 +0800] "GET /xingrg/login.html HTTP/1.1" 200 7641
218.81.223.53 - - [10/May/2022:13:45:55 +0800] "GET /xingrg/kc/buy/cgsh_order_operate.html?command=get_materiel&rest_code=00146&code=00101010194&supplier_code=00100151&order_time=2022-05-10 HTTP/1.1" 200 417
180.157.251.97 - - [10/May/2022:13:45:55 +0800] "GET /favicon.ico HTTP/1.1" 404 -
114.83.218.142 - - [10/May/2022:13:46:05 +0800] "GET /xingrg/all/function/internal_message.html?_=1652161563186&CODE_STATE=getMsg HTTP/1.1" 200 27
218.81.223.53 - - [10/May/2022:13:46:05 +0800] "GET /xingrg/all/function/internal_message.html?_=1652161570628&CODE_STATE=getMsg HTTP/1.1" 200 27
58.39.201.47 - - [10/May/2022:13:46:09 +0800] "GET /xingrg/all/function/internal_message.html?_=1652161574683&CODE_STATE=getMsg HTTP/1.1" 200 27
58.39.61.91 - - [10/May/2022:13:46:10 +0800] "GET /xingrg/check_reg.html?_=1652161530130 HTTP/1.1" 200 22
180.157.251.97 - - [10/May/2022:13:46:14 +0800] "POST /xingrg/login.do HTTP/1.1" 302 -
180.157.251.97 - - [10/May/2022:13:46:14 +0800] "GET /xingrg/index.html?sysBaseUrl=http%3A%2F%2F180.169.147.146%3A18081%2Fxingrg%2F&costTime=39×tamp=1652161574399 HTTP/1.1" 200 17179
180.157.251.97 - - [10/May/2022:13:46:14 +0800] "GET /favicon.ico HTTP/1.1" 404 -
180.157.251.97 - - [10/May/2022:13:46:14 +0800] "POST /xingrg/all/common/load_tree.html?tree=area_rest_tree_json&manage=1 HTTP/1.1" 200 351
180.157.251.97 - - [10/May/2022:13:46:14 +0800] "GET /xingrg/all/function/internal_message.html?_=1652161575068&CODE_STATE=count HTTP/1.1" 200 11
180.157.251.97 - - [10/May/2022:13:46:14 +0800] "POST /xingrg/load_menu.html HTTP/1.1" 200 5138
180.157.251.97 - - [10/May/2022:13:46:14 +0800] "GET /xingrg/check_reg.html?_=1652161575070 HTTP/1.1" 200 22
58.39.201.47 - - [10/May/2022:13:46:19 +0800] "GET /xingrg/all/function/internal_message.html?_=1652161509858&CODE_STATE=getMsg HTTP/1.1" 200 27
180.157.251.97 - - [10/May/2022:13:46:24 +0800] "GET /xingrg/kc/buy/cgsh_order_list.html HTTP/1.1" 200 51508
120.253.135.82 - - [10/May/2022:13:46:24 +0800] "GET /xingrg/all/function/internal_message.html?_=1652161393574&CODE_STATE=getMsg HTTP/1.1" 200 27
180.157.251.97 - - [10/May/2022:13:46:26 +0800] "POST /xingrg/kc/buy/cgsh_list_operate.html HTTP/1.1" 200 3491
218.81.223.53 - - [10/May/2022:13:46:28 +0800] "GET /xingrg/check_reg.html?_=1652161593626 HTTP/1.1" 200 22
58.39.61.91 - - [10/May/2022:13:46:30 +0800] "GET /xingrg/all/function/internal_message.html?_=1652161550720&CODE_STATE=getMsg HTTP/1.1" 200 27
180.157.251.97 - - [10/May/2022:13:46:39 +0800] "POST /xingrg/kc/buy/cgsh_list_operate.html HTTP/1.1" 200 572
222.70.180.114 - - [10/May/2022:13:46:39 +0800] "GET /xingrg/all/function/internal_message.html?_=1652161593453&CODE_STATE=getMsg HTTP/1.1" 200 27
58.39.61.91 - - [10/May/2022:13:46:39 +0800] "GET /xingrg/all/function/internal_message.html?_=1652161598693&CODE_STATE=getMsg HTTP/1.1" 200 27
180.157.251.97 - - [10/May/2022:13:46:40 +0800] "POST /xingrg/kc/buy/cgsh_list_operate.html HTTP/1.1" 200 471
180.157.251.97 - - [10/May/2022:13:46:42 +0800] "POST /xingrg/kc/buy/cgsh_list_operate.html HTTP/1.1" 200 203
180.157.251.97 - - [10/May/2022:13:46:44 +0800] "POST /xingrg/kc/buy/cgsh_list_operate.html HTTP/1.1" 200 283
180.157.251.97 - - [10/May/2022:13:46:45 +0800] "POST /xingrg/kc/buy/cgsh_list_operate.html HTTP/1.1" 200 202
180.157.251.97 - - [10/May/2022:13:46:46 +0800] "POST /xingrg/kc/buy/cgsh_list_operate.html HTTP/1.1" 200 581
101.85.120.86 - - [10/May/2022:13:46:48 +0800] "GET /xingrg/all/function/internal_message.html?_=1652161607746&CODE_STATE=getMsg HTTP/1.1" 200 27
116.235.92.88 - - [10/May/2022:13:46:50 +0800] "GET /xingrg/check_reg.html?_=1652161781435 HTTP/1.1" 200 22
116.235.92.88 - - [10/May/2022:13:46:50 +0800] "GET /xingrg/all/function/internal_message.html?_=1652161781434&CODE_STATE=getMsg HTTP/1.1" 200 27
218.81.223.53 - - [10/May/2022:13:46:57 +0800] "GET /xingrg/kc/buy/cgsh_order_operate.html?command=get_materiel&rest_code=00146&code=00101007043&supplier_code=00100151&order_time=2022-05-10 HTTP/1.1" 200 429
180.157.251.97 - - [10/May/2022:13:47:03 +0800] "POST /xingrg/kc/buy/cgsh_list_operate.html HTTP/1.1" 200 4
114.83.218.142 - - [10/May/2022:13:47:05 +0800] "GET /xingrg/all/function/internal_message.html?_=1652161623178&CODE_STATE=getMsg HTTP/1.1" 200 27
218.81.223.53 - - [10/May/2022:13:47:05 +0800] "GET /xingrg/all/function/internal_message.html?_=1652161630630&CODE_STATE=getMsg HTTP/1.1" 200 27
180.157.251.97 - - [10/May/2022:13:47:06 +0800] "POST /xingrg/kc/buy/cgsh_list_operate.html HTTP/1.1" 200 876
58.39.201.47 - - [10/May/2022:13:47:09 +0800] "GET /xingrg/all/function/internal_message.html?_=1652161634683&CODE_STATE=getMsg HTTP/1.1" 200 27
180.157.251.97 - - [10/May/2022:13:47:14 +0800] "GET /xingrg/all/function/internal_message.html?_=1652161635097&CODE_STATE=getMsg HTTP/1.1" 200 27
120.253.135.82 - - [10/May/2022:13:47:16 +0800] "GET /xingrg/check_reg.html?_=1652161445196 HTTP/1.1" 200 22
58.39.201.47 - - [10/May/2022:13:47:19 +0800] "GET /xingrg/all/function/internal_message.html?_=1652161569841&CODE_STATE=getMsg HTTP/1.1" 200 27
120.253.135.82 - - [10/May/2022:13:47:24 +0800] "GET /xingrg/all/function/internal_message.html?_=1652161453588&CODE_STATE=getMsg HTTP/1.1" 200 27
218.81.223.53 - - [10/May/2022:13:47:29 +0800] "POST /xingrg/kc/buy/cgsh_order_operate.html HTTP/1.1" 200 37
58.39.61.91 - - [10/May/2022:13:47:31 +0800] "GET /xingrg/all/function/internal_message.html?_=1652161610734&CODE_STATE=getMsg HTTP/1.1" 200 27
218.81.223.53 - - [10/May/2022:13:47:33 +0800] "POST /xingrg/kc/buy/cgsh_order_operate.html HTTP/1.1" 200 12
218.81.223.53 - - [10/May/2022:13:47:34 +0800] "GET /xingrg/kc/buy/cgsh_order_info.html?code=212022051000610 HTTP/1.1" 200 62177
218.81.223.53 - - [10/May/2022:13:47:35 +0800] "GET /xingrg/javascript/easyui/themes/default/validatebox.css HTTP/1.1" 404 1104
218.81.223.53 - - [10/May/2022:13:47:35 +0800] "POST /xingrg/kc/buy/cgsh_order_operate.html HTTP/1.1" 200 3611
222.70.180.114 - - [10/May/2022:13:47:39 +0800] "GET /xingrg/all/function/internal_message.html?_=1652161653438&CODE_STATE=getMsg HTTP/1.1" 200 27
58.39.61.91 - - [10/May/2022:13:47:39 +0800] "GET /xingrg/all/function/internal_message.html?_=1652161658678&CODE_STATE=getMsg HTTP/1.1" 200 27
218.81.223.53 - - [10/May/2022:13:47:43 +0800] "GET /xingrg/kc/print/load_data.html?order_code=212022051000610&kc_code=cgsh&condition= HTTP/1.1" 200 1868
101.85.120.86 - - [10/May/2022:13:47:48 +0800] "GET /xingrg/all/function/internal_message.html?_=1652161667773&CODE_STATE=getMsg HTTP/1.1" 200 27
101.85.120.86 - - [10/May/2022:13:47:48 +0800] "GET /xingrg/check_reg.html?_=1652161667777 HTTP/1.1" 200 22
180.157.251.97 - - [10/May/2022:13:47:49 +0800] "GET /xingrg/kc/mdqp/pssh_order_list.html HTTP/1.1" 200 17778
180.157.251.97 - - [10/May/2022:13:47:49 +0800] "POST /xingrg/kc/mdqp/pssh_list_operate.html HTTP/1.1" 200 5316
116.235.92.88 - - [10/May/2022:13:47:50 +0800] "GET /xingrg/all/function/internal_message.html?_=1652161841433&CODE_STATE=getMsg HTTP/1.1" 200 27
218.81.223.53 - - [10/May/2022:13:47:54 +0800] "GET /xingrg/kc/mdqp/pssh_order_list.html HTTP/1.1" 200 17778
218.81.223.53 - - [10/May/2022:13:47:54 +0800] "POST /xingrg/kc/mdqp/pssh_list_operate.html HTTP/1.1" 200 5387
218.81.223.53 - - [10/May/2022:13:47:56 +0800] "POST /xingrg/kc/mdqp/pssh_list_operate.html HTTP/1.1" 200 451
180.157.251.97 - - [10/May/2022:13:48:00 +0800] "POST /xingrg/kc/mdqp/pssh_list_operate.html HTTP/1.1" 200 584
180.157.251.97 - - [10/May/2022:13:48:00 +0800] "GET /xingrg/kc/mdqp/pssh_order_info.html?code=312022051000239 HTTP/1.1" 200 17272
180.157.251.97 - - [10/May/2022:13:48:00 +0800] "GET /xingrg/javascript/jquery_tools/jquery-1.4.2.min.js HTTP/1.1" 404 1094
180.157.251.97 - - [10/May/2022:13:48:00 +0800] "GET /xingrg/words/20220510102851_words.js HTTP/1.1" 200 896087
180.157.251.97 - - [10/May/2022:13:48:01 +0800] "POST /xingrg/kc/mdqp/pssh_order_operate.html HTTP/1.1" 200 2111
218.81.223.53 - - [10/May/2022:13:48:01 +0800] "POST /xingrg/kc/mdqp/pssh_list_operate.html HTTP/1.1" 200 475
180.157.251.97 - - [10/May/2022:13:48:01 +0800] "GET /xingrg/all/common/auto_word.html?type=base&rest_code=00148&rest_code=00148 HTTP/1.1" 200 1799
180.157.251.97 - - [10/May/2022:13:48:01 +0800] "GET /xingrg/javascript/easyui/themes/default/validatebox.css HTTP/1.1" 404 1104
218.81.223.53 - - [10/May/2022:13:48:01 +0800] "GET /xingrg/kc/mdqp/pssh_order_info.html?code=312022051000244 HTTP/1.1" 200 17281
180.157.251.97 - - [10/May/2022:13:48:01 +0800] "GET /xingrg/all/common/auto_word.html?type=employee&rest_code=00148 HTTP/1.1" 200 243
218.81.223.53 - - [10/May/2022:13:48:01 +0800] "GET /xingrg/javascript/jquery_tools/jquery-1.4.2.min.js HTTP/1.1" 404 1094
218.81.223.53 - - [10/May/2022:13:48:01 +0800] "POST /xingrg/kc/mdqp/pssh_order_operate.html HTTP/1.1" 200 1596
218.81.223.53 - - [10/May/2022:13:48:01 +0800] "GET /xingrg/javascript/easyui/themes/default/validatebox.css HTTP/1.1" 404 1104
114.83.218.142 - - [10/May/2022:13:48:05 +0800] "GET /xingrg/all/function/internal_message.html?_=1652161683166&CODE_STATE=getMsg HTTP/1.1" 200 27
218.81.223.53 - - [10/May/2022:13:48:05 +0800] "GET /xingrg/all/function/internal_message.html?_=1652161690643&CODE_STATE=getMsg HTTP/1.1" 200 27
58.39.201.47 - - [10/May/2022:13:48:09 +0800] "GET /xingrg/all/function/internal_message.html?_=1652161694684&CODE_STATE=getMsg HTTP/1.1" 200 27
180.157.251.97 - - [10/May/2022:13:48:12 +0800] "GET /xingrg/kc/print/load_config.html?kc_code=pssh HTTP/1.1" 200 2291
180.157.251.97 - - [10/May/2022:13:48:12 +0800] "GET /xingrg/kc/print/load_data.html?order_code=312022051000239&kc_code=pssh&condition= HTTP/1.1" 200 1064
180.157.251.97 - - [10/May/2022:13:48:14 +0800] "GET /xingrg/all/function/internal_message.html?_=1652161695114&CODE_STATE=getMsg HTTP/1.1" 200 27
58.39.201.47 - - [10/May/2022:13:48:19 +0800] "GET /xingrg/all/function/internal_message.html?_=1652161629824&CODE_STATE=getMsg HTTP/1.1" 200 27
120.253.135.82 - - [10/May/2022:13:48:24 +0800] "GET /xingrg/all/function/internal_message.html?_=1652161513602&CODE_STATE=getMsg HTTP/1.1" 200 27
58.39.61.91 - - [10/May/2022:13:48:31 +0800] "GET /xingrg/all/function/internal_message.html?_=1652161670774&CODE_STATE=getMsg HTTP/1.1" 200 27
222.70.180.114 - - [10/May/2022:13:48:39 +0800] "GET /xingrg/all/function/internal_message.html?_=1652161713423&CODE_STATE=getMsg HTTP/1.1" 200 27
58.39.61.91 - - [10/May/2022:13:48:39 +0800] "GET /xingrg/all/function/internal_message.html?_=1652161718699&CODE_STATE=getMsg HTTP/1.1" 200 27
101.85.120.86 - - [10/May/2022:13:48:48 +0800] "GET /xingrg/all/function/internal_message.html?_=1652161727776&CODE_STATE=getMsg HTTP/1.1" 200 27
116.235.92.88 - - [10/May/2022:13:48:50 +0800] "GET /xingrg/all/function/internal_message.html?_=1652161901447&CODE_STATE=getMsg HTTP/1.1" 200 27
180.157.251.97 - - [10/May/2022:13:48:57 +0800] "POST /xingrg/all/common/load_combo.html?type=employee HTTP/1.1" 200 444
114.83.218.142 - - [10/May/2022:13:49:05 +0800] "GET /xingrg/all/function/internal_message.html?_=1652161743140&CODE_STATE=getMsg HTTP/1.1" 200 27
218.81.223.53 - - [10/May/2022:13:49:05 +0800] "GET /xingrg/all/function/internal_message.html?_=1652161750861&CODE_STATE=getMsg HTTP/1.1" 200 27
114.83.218.142 - - [10/May/2022:13:49:09 +0800] "GET /xingrg/check_reg.html?_=1652161746978 HTTP/1.1" 200 22
58.39.201.47 - - [10/May/2022:13:49:09 +0800] "GET /xingrg/all/function/internal_message.html?_=1652161754684&CODE_STATE=getMsg HTTP/1.1" 200 27
180.157.251.97 - - [10/May/2022:13:49:14 +0800] "GET /xingrg/all/function/internal_message.html?_=1652161755097&CODE_STATE=getMsg HTTP/1.1" 200 27
180.157.251.97 - - [10/May/2022:13:49:15 +0800] "GET /xingrg/javascript/auto/indicator.gif HTTP/1.1" 404 1066
180.157.251.97 - - [10/May/2022:13:49:16 +0800] "POST /xingrg/all/common/load_combo.html?type=base&rest_code=00148 HTTP/1.1" 200 3227
58.39.201.47 - - [10/May/2022:13:49:19 +0800] "GET /xingrg/all/function/internal_message.html?_=1652161689807&CODE_STATE=getMsg HTTP/1.1" 200 27
218.81.223.53 - - [10/May/2022:13:49:24 +0800] "GET /xingrg/kc/buy/cgsh_order_list.html HTTP/1.1" 200 51508
120.253.135.82 - - [10/May/2022:13:49:24 +0800] "GET /xingrg/all/function/internal_message.html?_=1652161573614&CODE_STATE=getMsg HTTP/1.1" 200 27
218.81.223.53 - - [10/May/2022:13:49:26 +0800] "POST /xingrg/kc/buy/cgsh_list_operate.html HTTP/1.1" 200 1690
120.253.135.82 - - [10/May/2022:13:49:28 +0800] "POST /xingrg/kc/pszx/mdps_order_operate.html HTTP/1.1" 200 37
218.81.223.53 - - [10/May/2022:13:49:29 +0800] "POST /xingrg/kc/buy/cgsh_list_operate.html HTTP/1.1" 200 578
120.253.135.82 - - [10/May/2022:13:49:30 +0800] "POST /xingrg/kc/pszx/mdps_order_operate.html HTTP/1.1" 200 12
218.81.223.53 - - [10/May/2022:13:49:30 +0800] "GET /xingrg/kc/buy/cgsh_order_info.html?code=212022051000594 HTTP/1.1" 200 67293
218.81.223.53 - - [10/May/2022:13:49:30 +0800] "GET /xingrg/javascript/easyui/themes/default/validatebox.css HTTP/1.1" 404 1104
58.39.61.91 - - [10/May/2022:13:49:31 +0800] "GET /xingrg/all/function/internal_message.html?_=1652161730776&CODE_STATE=getMsg HTTP/1.1" 200 27
218.81.223.53 - - [10/May/2022:13:49:31 +0800] "POST /xingrg/kc/buy/cgsh_order_operate.html HTTP/1.1" 200 6210
120.253.135.82 - - [10/May/2022:13:49:31 +0800] "GET /xingrg/kc/pszx/mdps_order_info.html?code=312022050900238 HTTP/1.1" 200 19638
120.253.135.82 - - [10/May/2022:13:49:32 +0800] "POST /xingrg/kc/pszx/mdps_order_operate.html HTTP/1.1" 200 1476
120.253.135.82 - - [10/May/2022:13:49:32 +0800] "GET /xingrg/javascript/easyui/themes/default/validatebox.css HTTP/1.1" 404 1104
120.253.135.82 - - [10/May/2022:13:49:34 +0800] "POST /xingrg/kc/pszx/mdps_list_operate.html HTTP/1.1" 200 1704
58.39.61.91 - - [10/May/2022:13:49:35 +0800] "GET /xingrg/javascript/jquery_easy_ui/themes/default/images/button_a_bg.gif HTTP/1.1" 304 -
58.39.61.91 - - [10/May/2022:13:49:35 +0800] "GET /xingrg/javascript/jquery_easy_ui/themes/default/images/button_span_bg.gif HTTP/1.1" 304 -
58.39.61.91 - - [10/May/2022:13:49:35 +0800] "GET /xingrg/javascript/jquery_easy_ui/themes/default/images/panel_tools.gif HTTP/1.1" 304 -
58.39.61.91 - - [10/May/2022:13:49:35 +0800] "GET /xingrg/javascript/jquery_easy_ui/themes/icons/ok.png HTTP/1.1" 304 -
58.39.61.91 - - [10/May/2022:13:49:35 +0800] "GET /xingrg/javascript/jquery_easy_ui/themes/default/images/panel_title.png HTTP/1.1" 304 -
120.253.135.82 - - [10/May/2022:13:49:35 +0800] "POST /xingrg/kc/pszx/mdps_list_operate.html HTTP/1.1" 200 283
120.253.135.82 - - [10/May/2022:13:49:36 +0800] "GET /xingrg/kc/pszx/mdps_order_info.html?code=312022050900230 HTTP/1.1" 200 23986
120.253.135.82 - - [10/May/2022:13:49:37 +0800] "POST /xingrg/kc/pszx/mdps_order_operate.html HTTP/1.1" 200 2775
120.253.135.82 - - [10/May/2022:13:49:37 +0800] "GET /xingrg/javascript/easyui/themes/default/validatebox.css HTTP/1.1" 404 1104
58.39.61.91 - - [10/May/2022:13:49:38 +0800] "POST /xingrg/all/user/operate.html HTTP/1.1" 200 36
58.39.61.91 - - [10/May/2022:13:49:38 +0800] "GET /xingrg/javascript/jquery_easy_ui/themes/default/easyui.css HTTP/1.1" 304 -
58.39.61.91 - - [10/May/2022:13:49:38 +0800] "GET /xingrg/index.html?sysBaseUrl=http%3A%2F%2F180.169.147.146%3A18081%2Fxingrg%2F&costTime=40×tamp=1652055339067 HTTP/1.1" 200 17179
58.39.61.91 - - [10/May/2022:13:49:38 +0800] "GET /xingrg/javascript/jquery_easy_ui/themes/icon.css HTTP/1.1" 304 -
58.39.61.91 - - [10/May/2022:13:49:38 +0800] "GET /xingrg/css/form.css HTTP/1.1" 304 -
58.39.61.91 - - [10/May/2022:13:49:38 +0800] "GET /xingrg/javascript/jquery-1.4.2.min.js HTTP/1.1" 304 -
58.39.61.91 - - [10/May/2022:13:49:38 +0800] "GET /xingrg/javascript/jquery_easy_ui/jquery.easyui.min.js HTTP/1.1" 304 -
58.39.61.91 - - [10/May/2022:13:49:38 +0800] "GET /xingrg/javascript/jquery_easy_ui/easyui-lang-zh_CN.js HTTP/1.1" 304 -
58.39.61.91 - - [10/May/2022:13:49:38 +0800] "GET /xingrg/javascript/jquery.form.js HTTP/1.1" 304 -
58.39.61.91 - - [10/May/2022:13:49:38 +0800] "GET /xingrg/javascript/jquery.utils.js HTTP/1.1" 304 -
58.39.61.91 - - [10/May/2022:13:49:38 +0800] "GET /xingrg/javascript/jquery.timers.js HTTP/1.1" 304 -
58.39.61.91 - - [10/May/2022:13:49:38 +0800] "GET /xingrg/images/blue/jxLogo.png HTTP/1.1" 304 -
58.39.61.91 - - [10/May/2022:13:49:38 +0800] "GET /xingrg/javascript/jquery_easy_ui/themes/icons/settle_new.png HTTP/1.1" 304 -
58.39.61.91 - - [10/May/2022:13:49:38 +0800] "GET /xingrg/images/blue/navBackgound.jpg HTTP/1.1" 304 -
58.39.61.91 - - [10/May/2022:13:49:39 +0800] "POST /xingrg/all/common/load_tree.html?tree=area_rest_tree_json&manage=1 HTTP/1.1" 200 476
58.39.61.91 - - [10/May/2022:13:49:39 +0800] "GET /xingrg/images/blue/pingpu.png HTTP/1.1" 304 -
58.39.61.91 - - [10/May/2022:13:49:39 +0800] "GET /xingrg/javascript/jquery_easy_ui/themes/default/images/tabs_leftarrow.png HTTP/1.1" 304 -
58.39.61.91 - - [10/May/2022:13:49:39 +0800] "GET /xingrg/javascript/jquery_easy_ui/themes/default/images/panel_tool_collapse.gif HTTP/1.1" 304 -
58.39.61.91 - - [10/May/2022:13:49:39 +0800] "GET /xingrg/check_reg.html?_=1652161738814 HTTP/1.1" 200 22
58.39.61.91 - - [10/May/2022:13:49:39 +0800] "GET /xingrg/all/function/internal_message.html?_=1652161738813&CODE_STATE=count HTTP/1.1" 200 11
58.39.61.91 - - [10/May/2022:13:49:39 +0800] "GET /xingrg/javascript/jquery_easy_ui/themes/default/images/tabs_rightarrow.png HTTP/1.1" 304 -
58.39.61.91 - - [10/May/2022:13:49:39 +0800] "POST /xingrg/load_menu.html HTTP/1.1" 200 5138
58.39.61.91 - - [10/May/2022:13:49:39 +0800] "GET /xingrg/javascript/jquery_easy_ui/themes/default/images/tree_arrows.gif HTTP/1.1" 304 -
58.39.61.91 - - [10/May/2022:13:49:39 +0800] "GET /xingrg/javascript/jquery_easy_ui/themes/default/images/tree_folder_open.gif HTTP/1.1" 304 -
58.39.61.91 - - [10/May/2022:13:49:39 +0800] "GET /xingrg/javascript/jquery_easy_ui/themes/icons/search_new.png HTTP/1.1" 304 -
58.39.61.91 - - [10/May/2022:13:49:39 +0800] "GET /xingrg/javascript/jquery_easy_ui/themes/default/images/tree_folder.gif HTTP/1.1" 304 -
58.39.61.91 - - [10/May/2022:13:49:39 +0800] "GET /xingrg/javascript/jquery_easy_ui/themes/icons/storage_new.png HTTP/1.1" 304 -
58.39.61.91 - - [10/May/2022:13:49:39 +0800] "GET /xingrg/javascript/jquery_easy_ui/themes/default/images/tree_file.gif HTTP/1.1" 304 -
58.39.61.91 - - [10/May/2022:13:49:39 +0800] "GET /xingrg/javascript/jquery_easy_ui/themes/icons/forms_new.png HTTP/1.1" 304 -
222.70.180.114 - - [10/May/2022:13:49:39 +0800] "GET /xingrg/all/function/internal_message.html?_=1652161773407&CODE_STATE=getMsg HTTP/1.1" 200 27
58.39.61.91 - - [10/May/2022:13:49:39 +0800] "GET /xingrg/check_reg.html?_=1652161778701 HTTP/1.1" 200 22
58.39.61.91 - - [10/May/2022:13:49:39 +0800] "GET /xingrg/javascript/jquery_easy_ui/themes/default/images/tabs_active.png HTTP/1.1" 304 -
58.39.61.91 - - [10/May/2022:13:49:39 +0800] "GET /xingrg/all/function/internal_message.html?_=1652161778707&CODE_STATE=getMsg HTTP/1.1" 200 27
120.253.135.82 - - [10/May/2022:13:49:42 +0800] "POST /xingrg/kc/pszx/mdps_order_operate.html HTTP/1.1" 200 37
58.39.201.47 - - [10/May/2022:13:49:42 +0800] "GET /xingrg/check_reg.html?_=1652161713302 HTTP/1.1" 200 22
222.70.180.114 - - [10/May/2022:13:49:42 +0800] "GET /xingrg/check_reg.html?_=1652161776950 HTTP/1.1" 200 22
120.253.135.82 - - [10/May/2022:13:49:44 +0800] "POST /xingrg/kc/pszx/mdps_order_operate.html HTTP/1.1" 200 12
58.39.61.91 - - [10/May/2022:13:49:44 +0800] "GET /xingrg/javascript/jquery_easy_ui/themes/default/images/tabs_close.gif HTTP/1.1" 304 -
58.39.61.91 - - [10/May/2022:13:49:44 +0800] "GET /xingrg/kc/base/yddb_order_list.html HTTP/1.1" 200 16713
58.39.61.91 - - [10/May/2022:13:49:44 +0800] "GET /xingrg/javascript/jquery_tools/list_manager.js HTTP/1.1" 304 -
180.157.251.97 - - [10/May/2022:13:49:44 +0800] "POST /xingrg/kc/mdqp/pssh_order_operate.html HTTP/1.1" 200 37
58.39.61.91 - - [10/May/2022:13:49:44 +0800] "GET /xingrg/javascript/easyui/themes/icons/edit_add_new.png HTTP/1.1" 304 -
58.39.61.91 - - [10/May/2022:13:49:44 +0800] "GET /xingrg/javascript/easyui/themes/icons/import_new.png HTTP/1.1" 304 -
58.39.61.91 - - [10/May/2022:13:49:44 +0800] "GET /xingrg/javascript/easyui/themes/icons/field_new.png HTTP/1.1" 304 -
58.39.61.91 - - [10/May/2022:13:49:44 +0800] "GET /xingrg/images/control/ajaxLoader.gif HTTP/1.1" 304 -
58.39.61.91 - - [10/May/2022:13:49:44 +0800] "POST /xingrg/kc/base/yddb_list_operate.html HTTP/1.1" 200 1336
120.253.135.82 - - [10/May/2022:13:49:45 +0800] "GET /xingrg/kc/pszx/mdps_order_info.html?code=312022050900230 HTTP/1.1" 200 19646
120.253.135.82 - - [10/May/2022:13:49:46 +0800] "POST /xingrg/kc/pszx/mdps_order_operate.html HTTP/1.1" 200 989
120.253.135.82 - - [10/May/2022:13:49:46 +0800] "GET /xingrg/javascript/easyui/themes/default/validatebox.css HTTP/1.1" 404 1104
120.253.135.82 - - [10/May/2022:13:49:48 +0800] "POST /xingrg/kc/pszx/mdps_list_operate.html HTTP/1.1" 200 868
58.39.61.91 - - [10/May/2022:13:49:48 +0800] "POST /xingrg/kc/base/yddb_list_operate.html HTTP/1.1" 200 1342
101.85.120.86 - - [10/May/2022:13:49:48 +0800] "GET /xingrg/all/function/internal_message.html?_=1652161787777&CODE_STATE=getMsg HTTP/1.1" 200 27
180.157.251.97 - - [10/May/2022:13:49:49 +0800] "POST /xingrg/kc/mdqp/pssh_order_operate.html HTTP/1.1" 200 2111
116.235.92.88 - - [10/May/2022:13:49:50 +0800] "GET /xingrg/all/function/internal_message.html?_=1652161961433&CODE_STATE=getMsg HTTP/1.1" 200 27
58.39.61.91 - - [10/May/2022:13:49:50 +0800] "POST /xingrg/kc/base/yddb_list_operate.html HTTP/1.1" 200 209
114.83.218.142 - - [10/May/2022:13:50:05 +0800] "GET /xingrg/all/function/internal_message.html?_=1652161803123&CODE_STATE=getMsg HTTP/1.1" 200 27
218.81.223.53 - - [10/May/2022:13:50:05 +0800] "GET /xingrg/all/function/internal_message.html?_=1652161810875&CODE_STATE=getMsg HTTP/1.1" 200 27
58.39.201.47 - - [10/May/2022:13:50:09 +0800] "GET /xingrg/check_reg.html?_=1652161814684 HTTP/1.1" 200 22
58.39.201.47 - - [10/May/2022:13:50:09 +0800] "GET /xingrg/all/function/internal_message.html?_=1652161814688&CODE_STATE=getMsg HTTP/1.1" 200 27
218.81.223.53 - - [10/May/2022:13:50:13 +0800] "POST /xingrg/kc/buy/cgsh_order_operate.html HTTP/1.1" 200 37
180.157.251.97 - - [10/May/2022:13:50:14 +0800] "GET /xingrg/all/function/internal_message.html?_=1652161815079&CODE_STATE=getMsg HTTP/1.1" 200 27
180.157.251.97 - - [10/May/2022:13:50:16 +0800] "GET /xingrg/kc/mdqp/pssh_order_list.html?isBack=1 HTTP/1.1" 200 17778
180.157.251.97 - - [10/May/2022:13:50:16 +0800] "POST /xingrg/kc/mdqp/pssh_list_operate.html HTTP/1.1" 200 5338
218.81.223.53 - - [10/May/2022:13:50:17 +0800] "POST /xingrg/kc/buy/cgsh_order_operate.html HTTP/1.1" 200 12
58.39.201.47 - - [10/May/2022:13:50:19 +0800] "GET /xingrg/all/function/internal_message.html?_=1652161749818&CODE_STATE=getMsg HTTP/1.1" 200 27
218.81.223.53 - - [10/May/2022:13:50:19 +0800] "GET /xingrg/kc/buy/cgsh_order_info.html?code=212022051000594 HTTP/1.1" 200 62187
218.81.223.53 - - [10/May/2022:13:50:20 +0800] "GET /xingrg/javascript/easyui/themes/default/validatebox.css HTTP/1.1" 404 1104
218.81.223.53 - - [10/May/2022:13:50:20 +0800] "POST /xingrg/kc/buy/cgsh_order_operate.html HTTP/1.1" 200 4157
120.253.135.82 - - [10/May/2022:13:50:24 +0800] "GET /xingrg/all/function/internal_message.html?_=1652161633678&CODE_STATE=getMsg HTTP/1.1" 200 27
180.157.251.97 - - [10/May/2022:13:50:30 +0800] "POST /xingrg/kc/mdqp/pssh_list_operate.html HTTP/1.1" 200 370
180.157.251.97 - - [10/May/2022:13:50:30 +0800] "GET /xingrg/kc/mdqp/pssh_order_info.html?code=312022050800211 HTTP/1.1" 200 17303
180.157.251.97 - - [10/May/2022:13:50:30 +0800] "GET /xingrg/javascript/jquery_tools/jquery-1.4.2.min.js HTTP/1.1" 404 1094
180.157.251.97 - - [10/May/2022:13:50:31 +0800] "POST /xingrg/kc/mdqp/pssh_order_operate.html HTTP/1.1" 200 1072
180.157.251.97 - - [10/May/2022:13:50:31 +0800] "GET /xingrg/javascript/easyui/themes/default/validatebox.css HTTP/1.1" 404 1104
58.39.61.91 - - [10/May/2022:13:50:39 +0800] "GET /xingrg/all/function/internal_message.html?_=1652161798824&CODE_STATE=getMsg HTTP/1.1" 200 27
222.70.180.114 - - [10/May/2022:13:50:39 +0800] "GET /xingrg/all/function/internal_message.html?_=1652161833377&CODE_STATE=getMsg HTTP/1.1" 200 27
58.39.61.91 - - [10/May/2022:13:50:39 +0800] "GET /xingrg/all/function/internal_message.html?_=1652161838706&CODE_STATE=getMsg HTTP/1.1" 200 27
218.81.223.53 - - [10/May/2022:13:50:40 +0800] "GET /favicon.ico HTTP/1.1" 404 -
218.81.223.53 - - [10/May/2022:13:50:41 +0800] "GET /xingrg/login.html HTTP/1.1" 200 7641
218.81.223.53 - - [10/May/2022:13:50:41 +0800] "GET /favicon.ico HTTP/1.1" 404 -
218.81.223.53 - - [10/May/2022:13:50:43 +0800] "POST /xingrg/login.do HTTP/1.1" 302 -
218.81.223.53 - - [10/May/2022:13:50:43 +0800] "GET /xingrg/index.html?sysBaseUrl=http%3A%2F%2F180.169.147.146%3A18081%2Fxingrg%2F&costTime=45×tamp=1652161843149 HTTP/1.1" 200 17179
218.81.223.53 - - [10/May/2022:13:50:43 +0800] "GET /xingrg/javascript/jquery_easy_ui/easyui-lang-zh_CN.js HTTP/1.1" 304 -
218.81.223.53 - - [10/May/2022:13:50:43 +0800] "GET /xingrg/javascript/jquery_easy_ui/themes/default/easyui.css HTTP/1.1" 304 -
218.81.223.53 - - [10/May/2022:13:50:43 +0800] "GET /favicon.ico HTTP/1.1" 404 -
218.81.223.53 - - [10/May/2022:13:50:43 +0800] "GET /xingrg/javascript/jquery_easy_ui/themes/icon.css HTTP/1.1" 304 -
218.81.223.53 - - [10/May/2022:13:50:43 +0800] "GET /xingrg/css/form.css HTTP/1.1" 304 -
218.81.223.53 - - [10/May/2022:13:50:43 +0800] "GET /xingrg/javascript/jquery-1.4.2.min.js HTTP/1.1" 304 -
218.81.223.53 - - [10/May/2022:13:50:43 +0800] "GET /xingrg/javascript/jquery_easy_ui/jquery.easyui.min.js HTTP/1.1" 304 -
218.81.223.53 - - [10/May/2022:13:50:43 +0800] "GET /xingrg/javascript/jquery.form.js HTTP/1.1" 304 -
218.81.223.53 - - [10/May/2022:13:50:43 +0800] "GET /xingrg/javascript/jquery.utils.js HTTP/1.1" 304 -
218.81.223.53 - - [10/May/2022:13:50:43 +0800] "GET /xingrg/javascript/jquery.timers.js HTTP/1.1" 304 -
218.81.223.53 - - [10/May/2022:13:50:43 +0800] "GET /xingrg/images/blue/navBackgound.jpg HTTP/1.1" 304 -
218.81.223.53 - - [10/May/2022:13:50:43 +0800] "GET /xingrg/javascript/jquery_easy_ui/themes/icons/settle_new.png HTTP/1.1" 304 -
218.81.223.53 - - [10/May/2022:13:50:43 +0800] "GET /xingrg/images/blue/pingpu.png HTTP/1.1" 304 -
218.81.223.53 - - [10/May/2022:13:50:43 +0800] "POST /xingrg/all/common/load_tree.html?tree=area_rest_tree_json&manage=1 HTTP/1.1" 200 479
218.81.223.53 - - [10/May/2022:13:50:43 +0800] "GET /xingrg/javascript/jquery_easy_ui/themes/default/images/tabs_leftarrow.png HTTP/1.1" 304 -
218.81.223.53 - - [10/May/2022:13:50:43 +0800] "GET /xingrg/javascript/jquery_easy_ui/themes/default/images/tabs_rightarrow.png HTTP/1.1" 304 -
218.81.223.53 - - [10/May/2022:13:50:43 +0800] "GET /xingrg/javascript/jquery_easy_ui/themes/default/images/panel_tool_collapse.gif HTTP/1.1" 304 -
218.81.223.53 - - [10/May/2022:13:50:43 +0800] "GET /xingrg/all/function/internal_message.html?_=1652161848765&CODE_STATE=count HTTP/1.1" 200 11
218.81.223.53 - - [10/May/2022:13:50:43 +0800] "GET /xingrg/check_reg.html?_=1652161848766 HTTP/1.1" 200 22
218.81.223.53 - - [10/May/2022:13:50:43 +0800] "GET /xingrg/javascript/jquery_easy_ui/themes/default/images/tree_arrows.gif HTTP/1.1" 304 -
218.81.223.53 - - [10/May/2022:13:50:43 +0800] "POST /xingrg/load_menu.html HTTP/1.1" 200 5138
218.81.223.53 - - [10/May/2022:13:50:43 +0800] "GET /xingrg/javascript/jquery_easy_ui/themes/default/images/tree_folder_open.gif HTTP/1.1" 304 -
218.81.223.53 - - [10/May/2022:13:50:43 +0800] "GET /xingrg/javascript/jquery_easy_ui/themes/icons/search_new.png HTTP/1.1" 304 -
218.81.223.53 - - [10/May/2022:13:50:43 +0800] "GET /xingrg/javascript/jquery_easy_ui/themes/default/images/tree_folder.gif HTTP/1.1" 304 -
218.81.223.53 - - [10/May/2022:13:50:43 +0800] "GET /xingrg/javascript/jquery_easy_ui/themes/icons/storage_new.png HTTP/1.1" 304 -
218.81.223.53 - - [10/May/2022:13:50:43 +0800] "GET /xingrg/javascript/jquery_easy_ui/themes/icons/forms_new.png HTTP/1.1" 304 -
218.81.223.53 - - [10/May/2022:13:50:43 +0800] "GET /xingrg/javascript/jquery_easy_ui/themes/default/images/tree_file.gif HTTP/1.1" 304 -
180.157.251.97 - - [10/May/2022:13:50:45 +0800] "GET /xingrg/kc/mdqp/pssh_order_list.html?isBack=1 HTTP/1.1" 200 17778
180.157.251.97 - - [10/May/2022:13:50:45 +0800] "POST /xingrg/kc/mdqp/pssh_list_operate.html HTTP/1.1" 200 5338
218.81.223.53 - - [10/May/2022:13:50:46 +0800] "GET /xingrg/javascript/jquery_easy_ui/themes/default/images/tabs_close.gif HTTP/1.1" 304 -
218.81.223.53 - - [10/May/2022:13:50:46 +0800] "GET /xingrg/css/base.css HTTP/1.1" 304 -
218.81.223.53 - - [10/May/2022:13:50:46 +0800] "GET /xingrg/css/site.css HTTP/1.1" 304 -
218.81.223.53 - - [10/May/2022:13:50:46 +0800] "GET /xingrg/javascript/jquery_tools/datebox.css HTTP/1.1" 304 -
218.81.223.53 - - [10/May/2022:13:50:46 +0800] "GET /xingrg/javascript/easyui/themes/default/easyui.css HTTP/1.1" 304 -
218.81.223.53 - - [10/May/2022:13:50:46 +0800] "GET /xingrg/javascript/jquery_tools/fix.css HTTP/1.1" 304 -
218.81.223.53 - - [10/May/2022:13:50:46 +0800] "GET /xingrg/javascript/easyui/themes/icon.css HTTP/1.1" 304 -
218.81.223.53 - - [10/May/2022:13:50:46 +0800] "GET /xingrg/javascript/auto/jquery.autocomplete.css HTTP/1.1" 304 -
218.81.223.53 - - [10/May/2022:13:50:46 +0800] "GET /xingrg/javascript/jquery_tools/table.css HTTP/1.1" 304 -
218.81.223.53 - - [10/May/2022:13:50:46 +0800] "GET /xingrg/javascript/jquery_tools/jquery.tools.extend.js HTTP/1.1" 304 -
218.81.223.53 - - [10/May/2022:13:50:46 +0800] "GET /xingrg/javascript/jquery_tools/jquery.tools.hotkey.js HTTP/1.1" 304 -
218.81.223.53 - - [10/May/2022:13:50:46 +0800] "GET /xingrg/javascript/jquery_tools/jquery.tools.table.js HTTP/1.1" 304 -
218.81.223.53 - - [10/May/2022:13:50:46 +0800] "GET /xingrg/javascript/jquery_tools/list_manager.js HTTP/1.1" 304 -
218.81.223.53 - - [10/May/2022:13:50:46 +0800] "GET /xingrg/javascript/auto/jquery.autocomplete.js HTTP/1.1" 304 -
218.81.223.53 - - [10/May/2022:13:50:46 +0800] "GET /xingrg/javascript/easyui/easyloader.js HTTP/1.1" 304 -
218.81.223.53 - - [10/May/2022:13:50:46 +0800] "GET /xingrg/javascript/print/LodopFuncs.js HTTP/1.1" 304 -
218.81.223.53 - - [10/May/2022:13:50:46 +0800] "GET /xingrg/javascript/jquery.cookie.js HTTP/1.1" 304 -
218.81.223.53 - - [10/May/2022:13:50:46 +0800] "GET /xingrg/kc/buy/cgsh_order_list.html HTTP/1.1" 200 51508
218.81.223.53 - - [10/May/2022:13:50:46 +0800] "GET /xingrg/javascript/jquery_tools/jquery.tools.min.js HTTP/1.1" 304 -
218.81.223.53 - - [10/May/2022:13:50:47 +0800] "GET /xingrg/javascript/easyui/themes/icons/field_new.png HTTP/1.1" 304 -
218.81.223.53 - - [10/May/2022:13:50:47 +0800] "GET /xingrg/javascript/easyui/plugins/jquery.parser.js HTTP/1.1" 304 -
218.81.223.53 - - [10/May/2022:13:50:47 +0800] "GET /xingrg/images/control/ajaxLoader.gif HTTP/1.1" 304 -
218.81.223.53 - - [10/May/2022:13:50:48 +0800] "POST /xingrg/kc/buy/cgsh_list_operate.html HTTP/1.1" 200 876
101.85.120.86 - - [10/May/2022:13:50:48 +0800] "GET /xingrg/all/function/internal_message.html?_=1652161847764&CODE_STATE=getMsg HTTP/1.1" 200 27
116.235.92.88 - - [10/May/2022:13:50:50 +0800] "GET /xingrg/all/function/internal_message.html?_=1652162021431&CODE_STATE=getMsg HTTP/1.1" 200 27
180.157.251.97 - - [10/May/2022:13:50:51 +0800] "POST /xingrg/kc/mdqp/pssh_list_operate.html HTTP/1.1" 200 451
180.157.251.97 - - [10/May/2022:13:50:51 +0800] "GET /xingrg/kc/mdqp/pssh_order_info.html?code=312022050900237 HTTP/1.1" 200 17272
180.157.251.97 - - [10/May/2022:13:50:51 +0800] "GET /xingrg/javascript/jquery_tools/jquery-1.4.2.min.js HTTP/1.1" 404 1094
180.157.251.97 - - [10/May/2022:13:50:51 +0800] "POST /xingrg/kc/mdqp/pssh_list_operate.html HTTP/1.1" 200 2545
180.157.251.97 - - [10/May/2022:13:50:52 +0800] "POST /xingrg/kc/mdqp/pssh_order_operate.html HTTP/1.1" 200 1561
180.157.251.97 - - [10/May/2022:13:50:52 +0800] "GET /xingrg/javascript/easyui/themes/default/validatebox.css HTTP/1.1" 404 1104
218.81.223.53 - - [10/May/2022:13:50:52 +0800] "GET /xingrg/javascript/jquery_tools/images/next.gif HTTP/1.1" 404 1086
218.81.223.53 - - [10/May/2022:13:50:52 +0800] "GET /xingrg/javascript/jquery_tools/images/prev.gif HTTP/1.1" 404 1086
180.157.251.97 - - [10/May/2022:13:50:56 +0800] "GET /xingrg/kc/mdqp/pssh_order_list.html?isBack=1 HTTP/1.1" 200 17778
180.157.251.97 - - [10/May/2022:13:50:57 +0800] "POST /xingrg/kc/mdqp/pssh_list_operate.html HTTP/1.1" 200 5338
218.81.223.53 - - [10/May/2022:13:51:00 +0800] "POST /xingrg/kc/buy/cgsh_list_operate.html HTTP/1.1" 200 3224
218.81.223.53 - - [10/May/2022:13:51:03 +0800] "POST /xingrg/kc/buy/cgsh_list_operate.html HTTP/1.1" 200 578
180.157.251.97 - - [10/May/2022:13:51:03 +0800] "POST /xingrg/kc/mdqp/pssh_list_operate.html HTTP/1.1" 200 742
180.157.251.97 - - [10/May/2022:13:51:04 +0800] "GET /xingrg/kc/mdqp/pssh_order_info.html?code=312022050800188 HTTP/1.1" 200 17272
180.157.251.97 - - [10/May/2022:13:51:04 +0800] "POST /xingrg/kc/mdqp/pssh_list_operate.html HTTP/1.1" 200 2545
180.157.251.97 - - [10/May/2022:13:51:04 +0800] "GET /xingrg/javascript/jquery_tools/jquery-1.4.2.min.js HTTP/1.1" 404 1094
180.157.251.97 - - [10/May/2022:13:51:04 +0800] "POST /xingrg/kc/mdqp/pssh_order_operate.html HTTP/1.1" 200 5131
180.157.251.97 - - [10/May/2022:13:51:05 +0800] "GET /xingrg/javascript/easyui/themes/default/validatebox.css HTTP/1.1" 404 1104
114.83.218.142 - - [10/May/2022:13:51:05 +0800] "GET /xingrg/all/function/internal_message.html?_=1652161863114&CODE_STATE=getMsg HTTP/1.1" 200 27
218.81.223.53 - - [10/May/2022:13:51:06 +0800] "GET /xingrg/javascript/pic_change.js HTTP/1.1" 304 -
218.81.223.53 - - [10/May/2022:13:51:06 +0800] "GET /xingrg/kc/buy/cgsh_order_info.html?code=212022051000594 HTTP/1.1" 200 62187
218.81.223.53 - - [10/May/2022:13:51:06 +0800] "GET /xingrg/javascript/jquery_tools/order_manager.js HTTP/1.1" 304 -
218.81.223.53 - - [10/May/2022:13:51:06 +0800] "GET /xingrg/javascript/convert.js HTTP/1.1" 304 -
218.81.223.53 - - [10/May/2022:13:51:06 +0800] "GET /xingrg/javascript/json2.js HTTP/1.1" 304 -
218.81.223.53 - - [10/May/2022:13:51:06 +0800] "GET /xingrg/javascript/print/kc_print.js HTTP/1.1" 304 -
218.81.223.53 - - [10/May/2022:13:51:06 +0800] "GET /xingrg/words/20220510102851_words.js HTTP/1.1" 304 -
218.81.223.53 - - [10/May/2022:13:51:06 +0800] "GET /xingrg/javascript/easyui/themes/default/validatebox.css HTTP/1.1" 404 1104
218.81.223.53 - - [10/May/2022:13:51:06 +0800] "GET /xingrg/javascript/easyui/plugins/jquery.validatebox.js HTTP/1.1" 304 -
218.81.223.53 - - [10/May/2022:13:51:06 +0800] "GET /xingrg/javascript/easyui/plugins/jquery.numberbox.js HTTP/1.1" 304 -
218.81.223.53 - - [10/May/2022:13:51:07 +0800] "POST /xingrg/kc/buy/cgsh_order_operate.html HTTP/1.1" 200 4157
218.81.223.53 - - [10/May/2022:13:51:08 +0800] "GET /xingrg/kc/print/load_config.html?kc_code=cgsh HTTP/1.1" 200 1943
218.81.223.53 - - [10/May/2022:13:51:08 +0800] "GET /xingrg/kc/print/load_data.html?order_code=212022051000594&kc_code=cgsh&condition= HTTP/1.1" 200 2124
58.39.201.47 - - [10/May/2022:13:51:09 +0800] "GET /xingrg/all/function/internal_message.html?_=1652161874688&CODE_STATE=getMsg HTTP/1.1" 200 27
180.157.251.97 - - [10/May/2022:13:51:10 +0800] "GET /xingrg/kc/mdqp/pssh_order_list.html?isBack=1 HTTP/1.1" 200 17778
180.157.251.97 - - [10/May/2022:13:51:10 +0800] "POST /xingrg/kc/mdqp/pssh_list_operate.html HTTP/1.1" 200 5338
180.157.251.97 - - [10/May/2022:13:51:14 +0800] "GET /xingrg/check_reg.html?_=1652161875073 HTTP/1.1" 200 22
180.157.251.97 - - [10/May/2022:13:51:14 +0800] "GET /xingrg/all/function/internal_message.html?_=1652161875075&CODE_STATE=getMsg HTTP/1.1" 200 27
180.157.251.97 - - [10/May/2022:13:51:16 +0800] "POST /xingrg/services/DataTransmitService HTTP/1.1" 200 524
180.157.251.97 - - [10/May/2022:13:51:17 +0800] "POST /xingrg/services/DataTransmitService HTTP/1.1" 200 412
58.39.201.47 - - [10/May/2022:13:51:19 +0800] "GET /xingrg/all/function/internal_message.html?_=1652161809801&CODE_STATE=getMsg HTTP/1.1" 200 27
120.253.135.82 - - [10/May/2022:13:51:24 +0800] "GET /xingrg/all/function/internal_message.html?_=1652161693688&CODE_STATE=getMsg HTTP/1.1" 200 27
58.39.61.91 - - [10/May/2022:13:51:39 +0800] "GET /xingrg/all/function/internal_message.html?_=1652161858838&CODE_STATE=getMsg HTTP/1.1" 200 27
222.70.180.114 - - [10/May/2022:13:51:39 +0800] "GET /xingrg/all/function/internal_message.html?_=1652161893361&CODE_STATE=getMsg HTTP/1.1" 200 27
58.39.61.91 - - [10/May/2022:13:51:39 +0800] "GET /xingrg/all/function/internal_message.html?_=1652161898705&CODE_STATE=getMsg HTTP/1.1" 200 27
218.81.223.53 - - [10/May/2022:13:51:43 +0800] "GET /xingrg/all/function/internal_message.html?_=1652161908788&CODE_STATE=getMsg HTTP/1.1" 200 27
101.85.120.86 - - [10/May/2022:13:51:48 +0800] "GET /xingrg/all/function/internal_message.html?_=1652161907766&CODE_STATE=getMsg HTTP/1.1" 200 27
116.235.92.88 - - [10/May/2022:13:51:50 +0800] "GET /xingrg/check_reg.html?_=1652162081447 HTTP/1.1" 200 22
116.235.92.88 - - [10/May/2022:13:51:50 +0800] "GET /xingrg/all/function/internal_message.html?_=1652162081445&CODE_STATE=getMsg HTTP/1.1" 200 27
114.83.218.142 - - [10/May/2022:13:52:05 +0800] "GET /xingrg/all/function/internal_message.html?_=1652161923097&CODE_STATE=getMsg HTTP/1.1" 200 27
58.39.201.47 - - [10/May/2022:13:52:09 +0800] "GET /xingrg/all/function/internal_message.html?_=1652161934687&CODE_STATE=getMsg HTTP/1.1" 200 27
120.253.135.82 - - [10/May/2022:13:52:16 +0800] "GET /xingrg/check_reg.html?_=1652161745270 HTTP/1.1" 200 22
58.39.201.47 - - [10/May/2022:13:52:19 +0800] "GET /xingrg/all/function/internal_message.html?_=1652161869785&CODE_STATE=getMsg HTTP/1.1" 200 27
120.253.135.82 - - [10/May/2022:13:52:24 +0800] "GET /xingrg/all/function/internal_message.html?_=1652161753703&CODE_STATE=getMsg HTTP/1.1" 200 27
58.39.61.91 - - [10/May/2022:13:52:39 +0800] "GET /xingrg/all/function/internal_message.html?_=1652161918853&CODE_STATE=getMsg HTTP/1.1" 200 27
222.70.180.114 - - [10/May/2022:13:52:39 +0800] "GET /xingrg/all/function/internal_message.html?_=1652161953346&CODE_STATE=getMsg HTTP/1.1" 200 27
58.39.61.91 - - [10/May/2022:13:52:39 +0800] "GET /xingrg/all/function/internal_message.html?_=1652161958703&CODE_STATE=getMsg HTTP/1.1" 200 27
218.81.223.53 - - [10/May/2022:13:52:43 +0800] "GET /xingrg/all/function/internal_message.html?_=1652161968792&CODE_STATE=getMsg HTTP/1.1" 200 27
101.85.120.86 - - [10/May/2022:13:52:48 +0800] "GET /xingrg/check_reg.html?_=1652161967771 HTTP/1.1" 200 22
101.85.120.86 - - [10/May/2022:13:52:48 +0800] "GET /xingrg/all/function/internal_message.html?_=1652161967767&CODE_STATE=getMsg HTTP/1.1" 200 27
116.235.92.88 - - [10/May/2022:13:52:50 +0800] "GET /xingrg/all/function/internal_message.html?_=1652162141444&CODE_STATE=getMsg HTTP/1.1" 200 27
116.238.189.203 - - [10/May/2022:13:53:04 +0800] "GET /favicon.ico HTTP/1.1" 404 -
114.83.218.142 - - [10/May/2022:13:53:05 +0800] "GET /xingrg/all/function/internal_message.html?_=1652161983080&CODE_STATE=getMsg HTTP/1.1" 200 27
58.39.201.47 - - [10/May/2022:13:53:09 +0800] "GET /xingrg/all/function/internal_message.html?_=1652161994673&CODE_STATE=getMsg HTTP/1.1" 200 27
