180.157.251.97 - - [09/May/2022:08:34:59 +0800] "GET /xingrg/all/function/internal_message.html?_=1652056500417&CODE_STATE=count HTTP/1.1" 200 11
180.157.251.97 - - [09/May/2022:08:34:59 +0800] "POST /xingrg/load_menu.html HTTP/1.1" 200 5138
180.157.251.97 - - [09/May/2022:08:34:59 +0800] "GET /xingrg/check_reg.html?_=1652056500419 HTTP/1.1" 200 22
58.39.61.91 - - [09/May/2022:08:34:59 +0800] "GET /xingrg/all/function/internal_message.html?_=1652056499753&CODE_STATE=getMsg HTTP/1.1" 200 27
218.81.223.53 - - [09/May/2022:08:35:05 +0800] "GET /xingrg/all/function/internal_message.html?_=1652056506657&CODE_STATE=getMsg HTTP/1.1" 200 27
180.157.251.97 - - [09/May/2022:08:35:13 +0800] "GET /xingrg/kc/base/yddb_order_list.html HTTP/1.1" 200 16713
180.157.251.97 - - [09/May/2022:08:35:14 +0800] "POST /xingrg/kc/base/yddb_list_operate.html HTTP/1.1" 200 636
101.87.191.251 - - [09/May/2022:08:35:18 +0800] "GET /xingrg/all/function/internal_message.html?_=1652056519151&CODE_STATE=getMsg HTTP/1.1" 302 -
180.157.251.97 - - [09/May/2022:08:35:18 +0800] "GET /xingrg/javascript/jquery_tools/images/next.gif HTTP/1.1" 404 1086
180.157.251.97 - - [09/May/2022:08:35:18 +0800] "GET /xingrg/javascript/jquery_tools/images/prev.gif HTTP/1.1" 404 1086
180.157.251.97 - - [09/May/2022:08:35:29 +0800] "POST /xingrg/kc/base/yddb_list_operate.html HTTP/1.1" 200 636
180.162.5.100 - - [09/May/2022:08:35:36 +0800] "GET /xingrg/all/function/internal_message.html?_=1652056537474&CODE_STATE=getMsg HTTP/1.1" 200 27
180.162.5.100 - - [09/May/2022:08:35:36 +0800] "GET /xingrg/check_reg.html?_=1652056537475 HTTP/1.1" 200 22
180.157.251.97 - - [09/May/2022:08:35:36 +0800] "POST /xingrg/kc/base/yddb_list_operate.html HTTP/1.1" 200 3862
58.39.61.91 - - [09/May/2022:08:35:40 +0800] "GET /xingrg/check_reg.html?_=1652056501736 HTTP/1.1" 200 22
58.39.61.91 - - [09/May/2022:08:35:40 +0800] "GET /xingrg/all/function/internal_message.html?_=1652056501987&CODE_STATE=getMsg HTTP/1.1" 200 27
116.232.53.15 - - [09/May/2022:08:35:41 +0800] "GET /xingrg/all/function/internal_message.html?_=1652056546302&CODE_STATE=getMsg HTTP/1.1" 200 27
180.157.251.97 - - [09/May/2022:08:35:41 +0800] "POST /xingrg/kc/base/yddb_list_operate.html HTTP/1.1" 200 3905
180.157.251.97 - - [09/May/2022:08:35:59 +0800] "GET /xingrg/all/function/internal_message.html?_=1652056560431&CODE_STATE=getMsg HTTP/1.1" 200 27
58.39.61.91 - - [09/May/2022:08:35:59 +0800] "GET /xingrg/all/function/internal_message.html?_=1652056559754&CODE_STATE=getMsg HTTP/1.1" 200 27
218.81.223.53 - - [09/May/2022:08:36:04 +0800] "GET /xingrg/check_reg.html?_=1652056565336 HTTP/1.1" 200 22
218.81.223.53 - - [09/May/2022:08:36:05 +0800] "GET /xingrg/all/function/internal_message.html?_=1652056566672&CODE_STATE=getMsg HTTP/1.1" 200 27
180.157.251.97 - - [09/May/2022:08:36:16 +0800] "POST /xingrg/kc/base/yddb_list_operate.html HTTP/1.1" 200 3862
101.87.191.251 - - [09/May/2022:08:36:18 +0800] "GET /xingrg/all/function/internal_message.html?_=1652056579158&CODE_STATE=getMsg HTTP/1.1" 302 -
180.157.251.97 - - [09/May/2022:08:36:35 +0800] "POST /xingrg/kc/base/yddb_list_operate.html HTTP/1.1" 200 3905
180.162.5.100 - - [09/May/2022:08:36:36 +0800] "GET /xingrg/all/function/internal_message.html?_=1652056597473&CODE_STATE=getMsg HTTP/1.1" 200 27
180.157.251.97 - - [09/May/2022:08:36:38 +0800] "POST /xingrg/kc/base/yddb_list_operate.html HTTP/1.1" 200 204
180.157.251.97 - - [09/May/2022:08:36:38 +0800] "GET /xingrg/kc/base/yddb_order_info.html?code=482022043000054 HTTP/1.1" 200 29582
180.157.251.97 - - [09/May/2022:08:36:38 +0800] "GET /xingrg/dwr/interface/AjaxComOrderService.js HTTP/1.1" 200 18264
180.157.251.97 - - [09/May/2022:08:36:38 +0800] "GET /xingrg/dwr/interface/AjaxYddbService.js HTTP/1.1" 200 13201
180.157.251.97 - - [09/May/2022:08:36:39 +0800] "GET /xingrg/dwr/engine.js HTTP/1.1" 200 43631
180.157.251.97 - - [09/May/2022:08:36:39 +0800] "POST /xingrg/dwr/call/plaincall/AjaxYddbService.loadMaterielItems.dwr HTTP/1.1" 200 396
58.39.61.91 - - [09/May/2022:08:36:40 +0800] "GET /xingrg/all/function/internal_message.html?_=1652056562000&CODE_STATE=getMsg HTTP/1.1" 200 27
116.232.53.15 - - [09/May/2022:08:36:41 +0800] "GET /xingrg/all/function/internal_message.html?_=1652056606304&CODE_STATE=getMsg HTTP/1.1" 200 27
180.157.251.97 - - [09/May/2022:08:36:59 +0800] "GET /xingrg/all/function/internal_message.html?_=1652056620433&CODE_STATE=getMsg HTTP/1.1" 200 27
58.39.61.91 - - [09/May/2022:08:36:59 +0800] "GET /xingrg/all/function/internal_message.html?_=1652056619760&CODE_STATE=getMsg HTTP/1.1" 200 27
218.81.223.53 - - [09/May/2022:08:37:05 +0800] "GET /xingrg/all/function/internal_message.html?_=1652056626685&CODE_STATE=getMsg HTTP/1.1" 200 27
101.87.191.251 - - [09/May/2022:08:37:18 +0800] "GET /xingrg/all/function/internal_message.html?_=1652056639159&CODE_STATE=getMsg HTTP/1.1" 302 -
180.162.5.100 - - [09/May/2022:08:37:36 +0800] "GET /xingrg/all/function/internal_message.html?_=1652056657476&CODE_STATE=getMsg HTTP/1.1" 200 27
58.39.61.91 - - [09/May/2022:08:37:40 +0800] "GET /xingrg/all/function/internal_message.html?_=1652056622015&CODE_STATE=getMsg HTTP/1.1" 200 27
116.232.53.15 - - [09/May/2022:08:37:41 +0800] "GET /xingrg/all/function/internal_message.html?_=1652056666303&CODE_STATE=getMsg HTTP/1.1" 200 27
180.157.251.97 - - [09/May/2022:08:37:59 +0800] "GET /xingrg/all/function/internal_message.html?_=1652056680436&CODE_STATE=getMsg HTTP/1.1" 200 27
58.39.61.91 - - [09/May/2022:08:37:59 +0800] "GET /xingrg/check_reg.html?_=1652056679754 HTTP/1.1" 200 22
58.39.61.91 - - [09/May/2022:08:37:59 +0800] "GET /xingrg/all/function/internal_message.html?_=1652056679757&CODE_STATE=getMsg HTTP/1.1" 200 27
218.81.223.53 - - [09/May/2022:08:38:05 +0800] "GET /xingrg/all/function/internal_message.html?_=1652056686699&CODE_STATE=getMsg HTTP/1.1" 200 27
183.192.100.5 - - [09/May/2022:08:38:15 +0800] "GET /favicon.ico HTTP/1.1" 404 -
101.87.191.251 - - [09/May/2022:08:38:18 +0800] "GET /xingrg/all/function/internal_message.html?_=1652056699153&CODE_STATE=getMsg HTTP/1.1" 302 -
101.87.191.251 - - [09/May/2022:08:38:18 +0800] "GET /xingrg/check_reg.html?_=1652056699162 HTTP/1.1" 302 -
180.162.5.100 - - [09/May/2022:08:38:36 +0800] "GET /xingrg/all/function/internal_message.html?_=1652056717470&CODE_STATE=getMsg HTTP/1.1" 200 27
180.157.251.97 - - [09/May/2022:08:38:37 +0800] "POST /xingrg/kc/base/yddb_list_operate.html HTTP/1.1" 200 204
180.157.251.97 - - [09/May/2022:08:38:37 +0800] "GET /xingrg/kc/base/yddb_order_info.html?code=482022043000055 HTTP/1.1" 200 29582
180.157.251.97 - - [09/May/2022:08:38:37 +0800] "GET /xingrg/dwr/interface/AjaxComOrderService.js HTTP/1.1" 200 18264
180.157.251.97 - - [09/May/2022:08:38:37 +0800] "GET /xingrg/dwr/engine.js HTTP/1.1" 200 43631
180.157.251.97 - - [09/May/2022:08:38:37 +0800] "GET /xingrg/dwr/interface/AjaxYddbService.js HTTP/1.1" 200 13201
180.157.251.97 - - [09/May/2022:08:38:37 +0800] "POST /xingrg/dwr/call/plaincall/AjaxYddbService.loadMaterielItems.dwr HTTP/1.1" 200 396
120.253.135.82 - - [09/May/2022:08:38:38 +0800] "GET /xingrg/check_reg.html?_=1652056528235 HTTP/1.1" 200 22
58.39.61.91 - - [09/May/2022:08:38:40 +0800] "GET /xingrg/all/function/internal_message.html?_=1652056682037&CODE_STATE=getMsg HTTP/1.1" 200 27
116.232.53.15 - - [09/May/2022:08:38:41 +0800] "GET /xingrg/all/function/internal_message.html?_=1652056726305&CODE_STATE=getMsg HTTP/1.1" 200 27
116.232.53.15 - - [09/May/2022:08:38:41 +0800] "GET /xingrg/check_reg.html?_=1652056726308 HTTP/1.1" 200 22
180.157.251.97 - - [09/May/2022:08:38:59 +0800] "GET /xingrg/all/function/internal_message.html?_=1652056740423&CODE_STATE=getMsg HTTP/1.1" 200 27
58.39.61.91 - - [09/May/2022:08:38:59 +0800] "GET /xingrg/all/function/internal_message.html?_=1652056739757&CODE_STATE=getMsg HTTP/1.1" 200 27
218.81.223.53 - - [09/May/2022:08:39:05 +0800] "GET /xingrg/all/function/internal_message.html?_=1652056746830&CODE_STATE=getMsg HTTP/1.1" 200 27
101.87.191.251 - - [09/May/2022:08:39:18 +0800] "GET /xingrg/all/function/internal_message.html?_=1652056759153&CODE_STATE=getMsg HTTP/1.1" 302 -
180.162.5.100 - - [09/May/2022:08:39:36 +0800] "GET /xingrg/all/function/internal_message.html?_=1652056777465&CODE_STATE=getMsg HTTP/1.1" 200 27
58.39.61.91 - - [09/May/2022:08:39:40 +0800] "GET /xingrg/all/function/internal_message.html?_=1652056742042&CODE_STATE=getMsg HTTP/1.1" 200 27
116.232.53.15 - - [09/May/2022:08:39:41 +0800] "GET /xingrg/all/function/internal_message.html?_=1652056786307&CODE_STATE=getMsg HTTP/1.1" 200 27
180.157.251.97 - - [09/May/2022:08:39:59 +0800] "GET /xingrg/check_reg.html?_=1652056800424 HTTP/1.1" 200 22
180.157.251.97 - - [09/May/2022:08:39:59 +0800] "GET /xingrg/all/function/internal_message.html?_=1652056800428&CODE_STATE=getMsg HTTP/1.1" 200 27
58.39.61.91 - - [09/May/2022:08:39:59 +0800] "GET /xingrg/all/function/internal_message.html?_=1652056799757&CODE_STATE=getMsg HTTP/1.1" 200 27
218.81.223.53 - - [09/May/2022:08:40:05 +0800] "GET /xingrg/all/function/internal_message.html?_=1652056806834&CODE_STATE=getMsg HTTP/1.1" 200 27
101.87.191.251 - - [09/May/2022:08:40:18 +0800] "GET /xingrg/all/function/internal_message.html?_=1652056819157&CODE_STATE=getMsg HTTP/1.1" 302 -
180.162.5.100 - - [09/May/2022:08:40:36 +0800] "GET /xingrg/all/function/internal_message.html?_=1652056837477&CODE_STATE=getMsg HTTP/1.1" 200 27
180.162.5.100 - - [09/May/2022:08:40:36 +0800] "GET /xingrg/check_reg.html?_=1652056837477 HTTP/1.1" 200 22
58.39.61.91 - - [09/May/2022:08:40:40 +0800] "GET /xingrg/check_reg.html?_=1652056801752 HTTP/1.1" 200 22
58.39.61.91 - - [09/May/2022:08:40:40 +0800] "GET /xingrg/all/function/internal_message.html?_=1652056802055&CODE_STATE=getMsg HTTP/1.1" 200 27
116.232.53.15 - - [09/May/2022:08:40:41 +0800] "GET /xingrg/all/function/internal_message.html?_=1652056846309&CODE_STATE=getMsg HTTP/1.1" 200 27
180.157.251.97 - - [09/May/2022:08:40:59 +0800] "GET /xingrg/all/function/internal_message.html?_=1652056860429&CODE_STATE=getMsg HTTP/1.1" 200 27
58.39.61.91 - - [09/May/2022:08:40:59 +0800] "GET /xingrg/all/function/internal_message.html?_=1652056859757&CODE_STATE=getMsg HTTP/1.1" 200 27
218.81.223.53 - - [09/May/2022:08:41:04 +0800] "GET /xingrg/check_reg.html?_=1652056865467 HTTP/1.1" 200 22
218.81.223.53 - - [09/May/2022:08:41:05 +0800] "GET /xingrg/all/function/internal_message.html?_=1652056866848&CODE_STATE=getMsg HTTP/1.1" 200 27
58.39.61.91 - - [09/May/2022:08:41:06 +0800] "POST /xingrg/all/user/operate.html HTTP/1.1" 200 36
58.39.61.91 - - [09/May/2022:08:41:06 +0800] "GET /xingrg/index.html?sysBaseUrl=http%3A%2F%2F180.169.147.146%3A18081%2Fxingrg%2F&costTime=41×tamp=1651981263357 HTTP/1.1" 200 17177
58.39.61.91 - - [09/May/2022:08:41:06 +0800] "GET /xingrg/javascript/jquery_easy_ui/themes/default/easyui.css HTTP/1.1" 304 -
58.39.61.91 - - [09/May/2022:08:41:06 +0800] "GET /xingrg/javascript/jquery_easy_ui/themes/icon.css HTTP/1.1" 304 -
58.39.61.91 - - [09/May/2022:08:41:06 +0800] "GET /xingrg/css/form.css HTTP/1.1" 304 -
58.39.61.91 - - [09/May/2022:08:41:06 +0800] "GET /xingrg/javascript/jquery-1.4.2.min.js HTTP/1.1" 304 -
58.39.61.91 - - [09/May/2022:08:41:06 +0800] "GET /xingrg/javascript/jquery_easy_ui/jquery.easyui.min.js HTTP/1.1" 304 -
58.39.61.91 - - [09/May/2022:08:41:06 +0800] "GET /xingrg/javascript/jquery_easy_ui/easyui-lang-zh_CN.js HTTP/1.1" 304 -
58.39.61.91 - - [09/May/2022:08:41:06 +0800] "GET /xingrg/javascript/jquery.form.js HTTP/1.1" 304 -
58.39.61.91 - - [09/May/2022:08:41:06 +0800] "GET /xingrg/javascript/jquery.utils.js HTTP/1.1" 304 -
58.39.61.91 - - [09/May/2022:08:41:06 +0800] "GET /xingrg/javascript/jquery.timers.js HTTP/1.1" 304 -
58.39.61.91 - - [09/May/2022:08:41:06 +0800] "GET /xingrg/images/blue/jxLogo.png HTTP/1.1" 304 -
58.39.61.91 - - [09/May/2022:08:41:06 +0800] "GET /xingrg/javascript/jquery_easy_ui/themes/icons/settle_new.png HTTP/1.1" 304 -
58.39.61.91 - - [09/May/2022:08:41:06 +0800] "GET /xingrg/images/blue/navBackgound.jpg HTTP/1.1" 304 -
58.39.61.91 - - [09/May/2022:08:41:06 +0800] "POST /xingrg/all/common/load_tree.html?tree=area_rest_tree_json&manage=1 HTTP/1.1" 200 476
58.39.61.91 - - [09/May/2022:08:41:07 +0800] "GET /xingrg/all/function/internal_message.html?_=1652056866992&CODE_STATE=count HTTP/1.1" 200 11
58.39.61.91 - - [09/May/2022:08:41:07 +0800] "GET /xingrg/check_reg.html?_=1652056866993 HTTP/1.1" 200 22
58.39.61.91 - - [09/May/2022:08:41:07 +0800] "GET /xingrg/javascript/jquery_easy_ui/themes/default/images/tabs_leftarrow.png HTTP/1.1" 304 -
58.39.61.91 - - [09/May/2022:08:41:07 +0800] "GET /xingrg/images/blue/pingpu.png HTTP/1.1" 304 -
58.39.61.91 - - [09/May/2022:08:41:07 +0800] "POST /xingrg/load_menu.html HTTP/1.1" 200 5138
58.39.61.91 - - [09/May/2022:08:41:07 +0800] "GET /xingrg/javascript/jquery_easy_ui/themes/default/images/panel_tool_collapse.gif HTTP/1.1" 304 -
114.88.156.203 - - [09/May/2022:08:41:07 +0800] "POST /xingrg/services/DataTransmitService HTTP/1.1" 200 524
58.39.61.91 - - [09/May/2022:08:41:07 +0800] "GET /xingrg/javascript/jquery_easy_ui/themes/default/images/tabs_rightarrow.png HTTP/1.1" 304 -
58.39.61.91 - - [09/May/2022:08:41:07 +0800] "GET /xingrg/javascript/jquery_easy_ui/themes/default/images/tree_file.gif HTTP/1.1" 304 -
58.39.61.91 - - [09/May/2022:08:41:07 +0800] "GET /xingrg/javascript/jquery_easy_ui/themes/icons/search_new.png HTTP/1.1" 304 -
58.39.61.91 - - [09/May/2022:08:41:07 +0800] "GET /xingrg/javascript/jquery_easy_ui/themes/icons/forms_new.png HTTP/1.1" 304 -
58.39.61.91 - - [09/May/2022:08:41:07 +0800] "GET /xingrg/javascript/jquery_easy_ui/themes/icons/storage_new.png HTTP/1.1" 304 -
58.39.61.91 - - [09/May/2022:08:41:07 +0800] "GET /xingrg/javascript/jquery_easy_ui/themes/default/images/tree_arrows.gif HTTP/1.1" 304 -
58.39.61.91 - - [09/May/2022:08:41:07 +0800] "GET /xingrg/javascript/jquery_easy_ui/themes/default/images/tree_folder.gif HTTP/1.1" 304 -
58.39.61.91 - - [09/May/2022:08:41:07 +0800] "GET /xingrg/javascript/jquery_easy_ui/themes/default/images/tree_folder_open.gif HTTP/1.1" 304 -
58.39.61.91 - - [09/May/2022:08:41:10 +0800] "GET /xingrg/kc/mdqp/pssh_order_list.html HTTP/1.1" 200 17371
58.39.61.91 - - [09/May/2022:08:41:10 +0800] "POST /xingrg/kc/mdqp/pssh_list_operate.html HTTP/1.1" 200 5474
180.156.212.250 - - [09/May/2022:08:41:13 +0800] "POST /xingrg/services/DataTransmitService HTTP/1.1" 200 524
58.39.61.91 - - [09/May/2022:08:41:14 +0800] "POST /xingrg/kc/mdqp/pssh_list_operate.html HTTP/1.1" 200 566
101.87.191.251 - - [09/May/2022:08:41:18 +0800] "GET /xingrg/all/function/internal_message.html?_=1652056879154&CODE_STATE=getMsg HTTP/1.1" 302 -
58.39.61.91 - - [09/May/2022:08:41:18 +0800] "POST /xingrg/kc/mdqp/pssh_list_operate.html HTTP/1.1" 200 266
58.39.61.91 - - [09/May/2022:08:41:20 +0800] "GET /xingrg/kc/mdqp/pssh_order_info.html?code=312022050800213 HTTP/1.1" 200 17270
58.39.61.91 - - [09/May/2022:08:41:20 +0800] "GET /xingrg/javascript/jquery_tools/jquery-1.4.2.min.js HTTP/1.1" 404 1094
58.39.61.91 - - [09/May/2022:08:41:20 +0800] "POST /xingrg/kc/mdqp/pssh_order_operate.html HTTP/1.1" 200 548
58.39.61.91 - - [09/May/2022:08:41:20 +0800] "GET /xingrg/all/common/auto_word.html?type=base&rest_code=00151&rest_code=00151 HTTP/1.1" 200 1315
58.39.61.91 - - [09/May/2022:08:41:20 +0800] "GET /xingrg/javascript/easyui/themes/default/validatebox.css HTTP/1.1" 404 1104
58.39.61.91 - - [09/May/2022:08:41:20 +0800] "GET /xingrg/all/common/auto_word.html?type=employee&rest_code=00151 HTTP/1.1" 200 293
58.39.61.91 - - [09/May/2022:08:41:23 +0800] "GET /xingrg/javascript/auto/indicator.gif HTTP/1.1" 404 1066
58.39.61.91 - - [09/May/2022:08:41:25 +0800] "POST /xingrg/all/common/load_combo.html?type=employee HTTP/1.1" 200 532
58.39.61.91 - - [09/May/2022:08:41:28 +0800] "POST /xingrg/kc/mdqp/pssh_order_operate.html HTTP/1.1" 200 37
58.39.61.91 - - [09/May/2022:08:41:28 +0800] "POST /xingrg/kc/mdqp/pssh_order_operate.html HTTP/1.1" 200 12
58.39.61.91 - - [09/May/2022:08:41:29 +0800] "GET /xingrg/kc/mdqp/pssh_order_info.html?code=312022050800213 HTTP/1.1" 200 14392
58.39.61.91 - - [09/May/2022:08:41:29 +0800] "GET /xingrg/javascript/jquery_tools/jquery-1.4.2.min.js HTTP/1.1" 404 1094
58.39.61.91 - - [09/May/2022:08:41:29 +0800] "POST /xingrg/kc/mdqp/pssh_order_operate.html HTTP/1.1" 200 548
58.39.61.91 - - [09/May/2022:08:41:29 +0800] "GET /xingrg/javascript/easyui/themes/default/validatebox.css HTTP/1.1" 404 1104
58.39.61.91 - - [09/May/2022:08:41:31 +0800] "GET /xingrg/kc/print/load_config.html?kc_code=pssh HTTP/1.1" 200 2291
58.39.61.91 - - [09/May/2022:08:41:31 +0800] "GET /xingrg/kc/print/load_data.html?order_code=312022050800213&kc_code=pssh&condition= HTTP/1.1" 200 688
180.162.5.100 - - [09/May/2022:08:41:36 +0800] "GET /xingrg/all/function/internal_message.html?_=1652056897469&CODE_STATE=getMsg HTTP/1.1" 200 27
58.39.61.91 - - [09/May/2022:08:41:40 +0800] "GET /xingrg/all/function/internal_message.html?_=1652056862068&CODE_STATE=getMsg HTTP/1.1" 200 27
116.232.53.15 - - [09/May/2022:08:41:41 +0800] "GET /xingrg/all/function/internal_message.html?_=1652056906311&CODE_STATE=getMsg HTTP/1.1" 200 27
180.157.251.97 - - [09/May/2022:08:41:59 +0800] "GET /xingrg/all/function/internal_message.html?_=1652056920433&CODE_STATE=getMsg HTTP/1.1" 200 27
218.81.223.53 - - [09/May/2022:08:42:05 +0800] "GET /xingrg/all/function/internal_message.html?_=1652056926862&CODE_STATE=getMsg HTTP/1.1" 200 27
58.39.61.91 - - [09/May/2022:08:42:07 +0800] "GET /xingrg/all/function/internal_message.html?_=1652056927009&CODE_STATE=getMsg HTTP/1.1" 200 27
101.87.191.251 - - [09/May/2022:08:42:18 +0800] "GET /xingrg/all/function/internal_message.html?_=1652056939159&CODE_STATE=getMsg HTTP/1.1" 302 -
180.157.251.97 - - [09/May/2022:08:42:24 +0800] "GET /xingrg/kc/buy/cgsh_order_list.html HTTP/1.1" 200 51508
180.157.251.97 - - [09/May/2022:08:42:25 +0800] "POST /xingrg/kc/buy/cgsh_list_operate.html HTTP/1.1" 200 876
180.157.251.97 - - [09/May/2022:08:42:28 +0800] "GET /xingrg/kc/buy/cgsh_order_add.html HTTP/1.1" 200 67284
180.157.251.97 - - [09/May/2022:08:42:28 +0800] "GET /xingrg/words/20220508163644_words.js HTTP/1.1" 304 -
180.157.251.97 - - [09/May/2022:08:42:28 +0800] "POST /xingrg/kc/buy/cgsh_order_operate.html HTTP/1.1" 200 8245
180.157.251.97 - - [09/May/2022:08:42:28 +0800] "GET /xingrg/all/common/auto_word.html?type=employee&rest_code=00148 HTTP/1.1" 200 243
180.157.251.97 - - [09/May/2022:08:42:28 +0800] "GET /xingrg/all/common/auto_word.html?type=employee&rest_code=00148 HTTP/1.1" 200 243
180.157.251.97 - - [09/May/2022:08:42:28 +0800] "GET /xingrg/javascript/easyui/themes/default/validatebox.css HTTP/1.1" 404 1104
180.157.251.97 - - [09/May/2022:08:42:30 +0800] "GET /xingrg/javascript/auto/indicator.gif HTTP/1.1" 404 1066
180.162.5.100 - - [09/May/2022:08:42:36 +0800] "GET /xingrg/all/function/internal_message.html?_=1652056957454&CODE_STATE=getMsg HTTP/1.1" 200 27
58.39.61.91 - - [09/May/2022:08:42:40 +0800] "GET /xingrg/all/function/internal_message.html?_=1652056922082&CODE_STATE=getMsg HTTP/1.1" 200 27
116.232.53.15 - - [09/May/2022:08:42:41 +0800] "GET /xingrg/all/function/internal_message.html?_=1652056966313&CODE_STATE=getMsg HTTP/1.1" 200 27
180.157.251.97 - - [09/May/2022:08:42:45 +0800] "GET /xingrg/kc/buy/cgsh_order_operate.html?command=get_materiel&rest_code=00148&code=00101008201&supplier_code=00100007&order_time=2022-05-09 HTTP/1.1" 200 412
180.157.251.97 - - [09/May/2022:08:42:59 +0800] "GET /xingrg/all/function/internal_message.html?_=1652056980432&CODE_STATE=getMsg HTTP/1.1" 200 27
218.81.223.53 - - [09/May/2022:08:43:05 +0800] "GET /xingrg/all/function/internal_message.html?_=1652056986875&CODE_STATE=getMsg HTTP/1.1" 200 27
58.39.61.91 - - [09/May/2022:08:43:07 +0800] "GET /xingrg/all/function/internal_message.html?_=1652056987011&CODE_STATE=getMsg HTTP/1.1" 200 27
101.87.191.251 - - [09/May/2022:08:43:18 +0800] "GET /xingrg/check_reg.html?_=1652056999157 HTTP/1.1" 302 -
101.87.191.251 - - [09/May/2022:08:43:18 +0800] "GET /xingrg/all/function/internal_message.html?_=1652056999151&CODE_STATE=getMsg HTTP/1.1" 302 -
180.157.251.97 - - [09/May/2022:08:43:24 +0800] "GET /xingrg/kc/buy/cgsh_order_operate.html?command=get_materiel&rest_code=00148&code=00101008350&supplier_code=00100007&order_time=2022-05-09 HTTP/1.1" 200 408
180.162.5.100 - - [09/May/2022:08:43:36 +0800] "GET /xingrg/all/function/internal_message.html?_=1652057017461&CODE_STATE=getMsg HTTP/1.1" 200 27
180.157.251.97 - - [09/May/2022:08:43:40 +0800] "GET /xingrg/kc/buy/cgsh_order_operate.html?command=get_materiel&rest_code=00148&code=00101008353&supplier_code=00100007&order_time=2022-05-09 HTTP/1.1" 200 408
120.253.135.82 - - [09/May/2022:08:43:40 +0800] "GET /xingrg/check_reg.html?_=1652056828335 HTTP/1.1" 200 22
58.39.61.91 - - [09/May/2022:08:43:40 +0800] "GET /xingrg/all/function/internal_message.html?_=1652056982106&CODE_STATE=getMsg HTTP/1.1" 200 27
116.232.53.15 - - [09/May/2022:08:43:41 +0800] "GET /xingrg/all/function/internal_message.html?_=1652057026319&CODE_STATE=getMsg HTTP/1.1" 200 27
116.232.53.15 - - [09/May/2022:08:43:41 +0800] "GET /xingrg/check_reg.html?_=1652057026319 HTTP/1.1" 200 22
116.235.92.88 - - [09/May/2022:08:43:41 +0800] "POST /xingrg/services/DataTransmitService HTTP/1.1" 200 524
116.235.92.88 - - [09/May/2022:08:43:41 +0800] "POST /xingrg/services/DataTransmitService HTTP/1.1" 200 501
180.157.251.97 - - [09/May/2022:08:43:59 +0800] "GET /xingrg/all/function/internal_message.html?_=1652057040424&CODE_STATE=getMsg HTTP/1.1" 200 27
218.81.223.53 - - [09/May/2022:08:44:05 +0800] "GET /xingrg/all/function/internal_message.html?_=1652057047016&CODE_STATE=getMsg HTTP/1.1" 200 27
58.39.61.91 - - [09/May/2022:08:44:07 +0800] "GET /xingrg/all/function/internal_message.html?_=1652057047015&CODE_STATE=getMsg HTTP/1.1" 200 27
180.157.251.97 - - [09/May/2022:08:44:13 +0800] "GET /xingrg/kc/buy/cgsh_order_operate.html?command=get_materiel&rest_code=00148&code=00101008372&supplier_code=00100007&order_time=2022-05-09 HTTP/1.1" 200 408
101.87.191.251 - - [09/May/2022:08:44:18 +0800] "GET /xingrg/all/function/internal_message.html?_=1652057059160&CODE_STATE=getMsg HTTP/1.1" 302 -
58.221.95.50 - - [09/May/2022:08:44:28 +0800] "GET /xingrg/check_reg.html?_=1652057070476 HTTP/1.1" 302 -
58.221.95.50 - - [09/May/2022:08:44:28 +0800] "GET /xingrg/login.html HTTP/1.1" 200 7641
180.162.5.100 - - [09/May/2022:08:44:36 +0800] "GET /xingrg/all/function/internal_message.html?_=1652057077464&CODE_STATE=getMsg HTTP/1.1" 200 27
58.39.61.91 - - [09/May/2022:08:44:40 +0800] "GET /xingrg/all/function/internal_message.html?_=1652057042125&CODE_STATE=getMsg HTTP/1.1" 200 27
116.232.53.15 - - [09/May/2022:08:44:41 +0800] "GET /xingrg/all/function/internal_message.html?_=1652057086318&CODE_STATE=getMsg HTTP/1.1" 200 27
180.157.251.97 - - [09/May/2022:08:44:59 +0800] "GET /xingrg/all/function/internal_message.html?_=1652057100428&CODE_STATE=getMsg HTTP/1.1" 200 27
180.157.251.97 - - [09/May/2022:08:44:59 +0800] "GET /xingrg/check_reg.html?_=1652057100433 HTTP/1.1" 200 22
218.81.223.53 - - [09/May/2022:08:45:05 +0800] "GET /xingrg/all/function/internal_message.html?_=1652057107027&CODE_STATE=getMsg HTTP/1.1" 200 27
58.39.61.91 - - [09/May/2022:08:45:07 +0800] "GET /xingrg/all/function/internal_message.html?_=1652057107001&CODE_STATE=getMsg HTTP/1.1" 200 27
101.87.191.251 - - [09/May/2022:08:45:18 +0800] "GET /xingrg/all/function/internal_message.html?_=1652057119151&CODE_STATE=getMsg HTTP/1.1" 302 -
180.162.5.100 - - [09/May/2022:08:45:36 +0800] "GET /xingrg/all/function/internal_message.html?_=1652057137473&CODE_STATE=getMsg HTTP/1.1" 200 27
180.162.5.100 - - [09/May/2022:08:45:36 +0800] "GET /xingrg/check_reg.html?_=1652057137473 HTTP/1.1" 200 22
58.39.61.91 - - [09/May/2022:08:45:40 +0800] "GET /xingrg/check_reg.html?_=1652057101758 HTTP/1.1" 200 22
58.39.61.91 - - [09/May/2022:08:45:40 +0800] "GET /xingrg/all/function/internal_message.html?_=1652057102139&CODE_STATE=getMsg HTTP/1.1" 200 27
116.232.53.15 - - [09/May/2022:08:45:41 +0800] "GET /xingrg/all/function/internal_message.html?_=1652057146320&CODE_STATE=getMsg HTTP/1.1" 200 27
120.253.135.82 - - [09/May/2022:08:45:45 +0800] "POST /xingrg/kc/pszx/mdps_list_operate.html HTTP/1.1" 200 3509
120.253.135.82 - - [09/May/2022:08:45:47 +0800] "POST /xingrg/kc/pszx/mdps_list_operate.html HTTP/1.1" 200 615
120.253.135.82 - - [09/May/2022:08:45:51 +0800] "POST /xingrg/kc/pszx/mdps_list_operate.html HTTP/1.1" 200 567
120.253.135.82 - - [09/May/2022:08:45:52 +0800] "POST /xingrg/kc/pszx/mdps_list_operate.html HTTP/1.1" 200 582
120.253.135.82 - - [09/May/2022:08:45:55 +0800] "GET /xingrg/kc/pszx/mdps_order_info.html?code=312022050800187 HTTP/1.1" 200 23972
120.253.135.82 - - [09/May/2022:08:45:56 +0800] "POST /xingrg/kc/pszx/mdps_order_operate.html HTTP/1.1" 200 6663
120.253.135.82 - - [09/May/2022:08:45:56 +0800] "GET /xingrg/javascript/easyui/themes/default/validatebox.css HTTP/1.1" 404 1104
180.157.251.97 - - [09/May/2022:08:45:59 +0800] "GET /xingrg/all/function/internal_message.html?_=1652057160423&CODE_STATE=getMsg HTTP/1.1" 200 27
218.81.223.53 - - [09/May/2022:08:46:04 +0800] "GET /xingrg/check_reg.html?_=1652057165598 HTTP/1.1" 200 22
218.81.223.53 - - [09/May/2022:08:46:05 +0800] "GET /xingrg/all/function/internal_message.html?_=1652057167041&CODE_STATE=getMsg HTTP/1.1" 200 27
58.39.61.91 - - [09/May/2022:08:46:07 +0800] "GET /xingrg/check_reg.html?_=1652057167002 HTTP/1.1" 200 22
58.39.61.91 - - [09/May/2022:08:46:07 +0800] "GET /xingrg/all/function/internal_message.html?_=1652057167006&CODE_STATE=getMsg HTTP/1.1" 200 27
120.253.135.82 - - [09/May/2022:08:46:17 +0800] "POST /xingrg/kc/pszx/mdps_list_operate.html HTTP/1.1" 200 3509
101.87.191.251 - - [09/May/2022:08:46:18 +0800] "GET /xingrg/all/function/internal_message.html?_=1652057179154&CODE_STATE=getMsg HTTP/1.1" 302 -
180.157.251.97 - - [09/May/2022:08:46:24 +0800] "GET /xingrg/kc/buy/cgsh_order_operate.html?command=get_materiel&rest_code=00148&code=00101008521&supplier_code=00100007&order_time=2022-05-09 HTTP/1.1" 200 409
180.162.5.100 - - [09/May/2022:08:46:36 +0800] "GET /xingrg/all/function/internal_message.html?_=1652057197473&CODE_STATE=getMsg HTTP/1.1" 200 27
58.39.61.91 - - [09/May/2022:08:46:37 +0800] "POST /xingrg/all/user/operate.html HTTP/1.1" 200 36
58.39.61.91 - - [09/May/2022:08:46:37 +0800] "GET /xingrg/javascript/jquery_easy_ui/themes/default/easyui.css HTTP/1.1" 304 -
58.39.61.91 - - [09/May/2022:08:46:37 +0800] "GET /xingrg/index.html?sysBaseUrl=http%3A%2F%2F180.169.147.146%3A18081%2Fxingrg%2F&costTime=41×tamp=1651981263357 HTTP/1.1" 200 17179
58.39.61.91 - - [09/May/2022:08:46:37 +0800] "GET /xingrg/javascript/jquery_easy_ui/themes/icon.css HTTP/1.1" 304 -
58.39.61.91 - - [09/May/2022:08:46:37 +0800] "GET /xingrg/css/form.css HTTP/1.1" 304 -
58.39.61.91 - - [09/May/2022:08:46:37 +0800] "GET /xingrg/javascript/jquery-1.4.2.min.js HTTP/1.1" 304 -
58.39.61.91 - - [09/May/2022:08:46:37 +0800] "GET /xingrg/javascript/jquery_easy_ui/jquery.easyui.min.js HTTP/1.1" 304 -
58.39.61.91 - - [09/May/2022:08:46:37 +0800] "GET /xingrg/javascript/jquery_easy_ui/easyui-lang-zh_CN.js HTTP/1.1" 304 -
58.39.61.91 - - [09/May/2022:08:46:37 +0800] "GET /xingrg/javascript/jquery.form.js HTTP/1.1" 304 -
58.39.61.91 - - [09/May/2022:08:46:37 +0800] "GET /xingrg/javascript/jquery.utils.js HTTP/1.1" 304 -
58.39.61.91 - - [09/May/2022:08:46:37 +0800] "GET /xingrg/javascript/jquery.timers.js HTTP/1.1" 304 -
58.39.61.91 - - [09/May/2022:08:46:37 +0800] "GET /xingrg/images/blue/jxLogo.png HTTP/1.1" 304 -
58.39.61.91 - - [09/May/2022:08:46:37 +0800] "GET /xingrg/images/blue/navBackgound.jpg HTTP/1.1" 304 -
58.39.61.91 - - [09/May/2022:08:46:37 +0800] "GET /xingrg/javascript/jquery_easy_ui/themes/icons/settle_new.png HTTP/1.1" 304 -
58.39.61.91 - - [09/May/2022:08:46:38 +0800] "POST /xingrg/all/common/load_tree.html?tree=area_rest_tree_json&manage=1 HTTP/1.1" 200 476
58.39.61.91 - - [09/May/2022:08:46:38 +0800] "GET /xingrg/all/function/internal_message.html?_=1652057198032&CODE_STATE=count HTTP/1.1" 200 11
58.39.61.91 - - [09/May/2022:08:46:38 +0800] "GET /xingrg/check_reg.html?_=1652057198032 HTTP/1.1" 200 22
58.39.61.91 - - [09/May/2022:08:46:38 +0800] "GET /xingrg/javascript/jquery_easy_ui/themes/default/images/tabs_rightarrow.png HTTP/1.1" 304 -
58.39.61.91 - - [09/May/2022:08:46:38 +0800] "POST /xingrg/load_menu.html HTTP/1.1" 200 5138
58.39.61.91 - - [09/May/2022:08:46:38 +0800] "GET /xingrg/images/blue/pingpu.png HTTP/1.1" 304 -
58.39.61.91 - - [09/May/2022:08:46:38 +0800] "GET /xingrg/javascript/jquery_easy_ui/themes/default/images/tabs_leftarrow.png HTTP/1.1" 304 -
58.39.61.91 - - [09/May/2022:08:46:38 +0800] "GET /xingrg/javascript/jquery_easy_ui/themes/default/images/panel_tool_collapse.gif HTTP/1.1" 304 -
58.39.61.91 - - [09/May/2022:08:46:38 +0800] "GET /xingrg/javascript/jquery_easy_ui/themes/default/images/tree_file.gif HTTP/1.1" 304 -
58.39.61.91 - - [09/May/2022:08:46:38 +0800] "GET /xingrg/javascript/jquery_easy_ui/themes/icons/storage_new.png HTTP/1.1" 304 -
58.39.61.91 - - [09/May/2022:08:46:38 +0800] "GET /xingrg/javascript/jquery_easy_ui/themes/icons/search_new.png HTTP/1.1" 304 -
58.39.61.91 - - [09/May/2022:08:46:38 +0800] "GET /xingrg/javascript/jquery_easy_ui/themes/default/images/tree_folder.gif HTTP/1.1" 304 -
58.39.61.91 - - [09/May/2022:08:46:38 +0800] "GET /xingrg/javascript/jquery_easy_ui/themes/default/images/tree_arrows.gif HTTP/1.1" 304 -
58.39.61.91 - - [09/May/2022:08:46:38 +0800] "GET /xingrg/javascript/jquery_easy_ui/themes/icons/forms_new.png HTTP/1.1" 304 -
58.39.61.91 - - [09/May/2022:08:46:38 +0800] "GET /xingrg/javascript/jquery_easy_ui/themes/default/images/tree_folder_open.gif HTTP/1.1" 304 -
58.39.61.91 - - [09/May/2022:08:46:40 +0800] "GET /xingrg/kc/base/wldb_order_list.html HTTP/1.1" 200 19107
58.39.61.91 - - [09/May/2022:08:46:40 +0800] "GET /xingrg/all/function/internal_message.html?_=1652057162152&CODE_STATE=getMsg HTTP/1.1" 200 27
58.39.61.91 - - [09/May/2022:08:46:40 +0800] "POST /xingrg/kc/base/wldb_list_operate.html HTTP/1.1" 200 928
116.232.53.15 - - [09/May/2022:08:46:41 +0800] "GET /xingrg/all/function/internal_message.html?_=1652057206322&CODE_STATE=getMsg HTTP/1.1" 200 27
58.39.61.91 - - [09/May/2022:08:46:41 +0800] "GET /xingrg/kc/base/wldb_order_add.html HTTP/1.1" 200 30321
58.39.61.91 - - [09/May/2022:08:46:42 +0800] "POST /xingrg/kc/base/wldb_order_operate.html HTTP/1.1" 200 6806
58.39.61.91 - - [09/May/2022:08:46:42 +0800] "GET /xingrg/all/common/auto_word.html?type=base&rest_code=00150 HTTP/1.1" 200 1699
58.39.61.91 - - [09/May/2022:08:46:42 +0800] "GET /xingrg/all/common/auto_word.html?type=base&rest_code=00150 HTTP/1.1" 200 1699
58.39.61.91 - - [09/May/2022:08:46:42 +0800] "GET /xingrg/javascript/easyui/themes/default/validatebox.css HTTP/1.1" 404 1104
58.39.61.91 - - [09/May/2022:08:46:44 +0800] "GET /xingrg/javascript/auto/indicator.gif HTTP/1.1" 404 1066
180.157.251.97 - - [09/May/2022:08:46:50 +0800] "GET /xingrg/kc/buy/cgsh_order_operate.html?command=get_materiel&rest_code=00148&code=00101008210&supplier_code=00100007&order_time=2022-05-09 HTTP/1.1" 200 408
58.39.61.91 - - [09/May/2022:08:46:51 +0800] "GET /xingrg/kc/base/wldb_order_operate.html?command=get_materiel&rest_code=00150&base_code=0010445&code=00101018012 HTTP/1.1" 200 461
180.157.251.97 - - [09/May/2022:08:46:59 +0800] "GET /xingrg/all/function/internal_message.html?_=1652057220477&CODE_STATE=getMsg HTTP/1.1" 200 27
218.81.223.53 - - [09/May/2022:08:47:05 +0800] "GET /xingrg/all/function/internal_message.html?_=1652057227054&CODE_STATE=getMsg HTTP/1.1" 200 27
180.157.251.97 - - [09/May/2022:08:47:08 +0800] "GET /xingrg/kc/buy/cgsh_order_operate.html?command=get_materiel&rest_code=00148&code=00101008370&supplier_code=00100007&order_time=2022-05-09 HTTP/1.1" 200 412
58.39.61.91 - - [09/May/2022:08:47:08 +0800] "GET /xingrg/kc/base/wldb_order_operate.html?command=get_materiel&rest_code=00150&base_code=0010445&code=00101019063 HTTP/1.1" 200 462
58.39.61.91 - - [09/May/2022:08:47:17 +0800] "GET /xingrg/kc/base/wldb_order_operate.html?command=get_materiel&rest_code=00150&base_code=0010445&code=00101019086 HTTP/1.1" 200 430
101.87.191.251 - - [09/May/2022:08:47:18 +0800] "GET /xingrg/all/function/internal_message.html?_=1652057239157&CODE_STATE=getMsg HTTP/1.1" 302 -
58.39.61.91 - - [09/May/2022:08:47:29 +0800] "GET /xingrg/kc/base/wldb_order_operate.html?command=get_materiel&rest_code=00150&base_code=0010445&code=00101019398 HTTP/1.1" 200 482
180.162.5.100 - - [09/May/2022:08:47:36 +0800] "GET /xingrg/all/function/internal_message.html?_=1652057257469&CODE_STATE=getMsg HTTP/1.1" 200 27
58.39.61.91 - - [09/May/2022:08:47:38 +0800] "GET /xingrg/all/function/internal_message.html?_=1652057258050&CODE_STATE=getMsg HTTP/1.1" 200 27
180.157.251.97 - - [09/May/2022:08:47:39 +0800] "GET /xingrg/kc/buy/cgsh_order_operate.html?command=get_materiel&rest_code=00148&code=00101008300&supplier_code=00100007&order_time=2022-05-09 HTTP/1.1" 200 412
58.39.61.91 - - [09/May/2022:08:47:40 +0800] "GET /xingrg/all/function/internal_message.html?_=1652057222166&CODE_STATE=getMsg HTTP/1.1" 200 27
116.232.53.15 - - [09/May/2022:08:47:41 +0800] "GET /xingrg/all/function/internal_message.html?_=1652057266324&CODE_STATE=getMsg HTTP/1.1" 200 27
58.39.61.91 - - [09/May/2022:08:47:48 +0800] "GET /xingrg/kc/base/wldb_order_operate.html?command=get_materiel&rest_code=00150&base_code=0010445&code=00101019427 HTTP/1.1" 200 444
58.39.61.91 - - [09/May/2022:08:47:57 +0800] "GET /xingrg/kc/base/wldb_order_operate.html?command=get_materiel&rest_code=00150&base_code=0010445&code=00101019164 HTTP/1.1" 200 466
180.157.251.97 - - [09/May/2022:08:47:59 +0800] "GET /xingrg/all/function/internal_message.html?_=1652057280454&CODE_STATE=getMsg HTTP/1.1" 200 27
58.39.61.91 - - [09/May/2022:08:48:03 +0800] "GET /xingrg/kc/base/wldb_order_operate.html?command=get_materiel&rest_code=00150&base_code=0010445&code=00101019079 HTTP/1.1" 200 479
218.81.223.53 - - [09/May/2022:08:48:05 +0800] "GET /xingrg/all/function/internal_message.html?_=1652057287068&CODE_STATE=getMsg HTTP/1.1" 200 27
180.157.251.97 - - [09/May/2022:08:48:09 +0800] "GET /xingrg/kc/buy/cgsh_order_operate.html?command=get_materiel&rest_code=00148&code=00101008274&supplier_code=00100007&order_time=2022-05-09 HTTP/1.1" 200 412
101.87.191.251 - - [09/May/2022:08:48:18 +0800] "GET /xingrg/check_reg.html?_=1652057299160 HTTP/1.1" 302 -
101.87.191.251 - - [09/May/2022:08:48:18 +0800] "GET /xingrg/all/function/internal_message.html?_=1652057299166&CODE_STATE=getMsg HTTP/1.1" 302 -
180.157.251.97 - - [09/May/2022:08:48:29 +0800] "GET /xingrg/kc/buy/cgsh_order_operate.html?command=get_materiel&rest_code=00148&code=00101008354&supplier_code=00100007&order_time=2022-05-09 HTTP/1.1" 200 412
58.39.61.91 - - [09/May/2022:08:48:32 +0800] "POST /xingrg/kc/base/wldb_order_operate.html HTTP/1.1" 200 37
58.39.61.91 - - [09/May/2022:08:48:34 +0800] "POST /xingrg/kc/base/wldb_order_operate.html HTTP/1.1" 200 12
58.39.61.91 - - [09/May/2022:08:48:34 +0800] "POST /xingrg/kc/base/wldb_order_operate.html HTTP/1.1" 200 4197
180.162.5.100 - - [09/May/2022:08:48:36 +0800] "GET /xingrg/all/function/internal_message.html?_=1652057317462&CODE_STATE=getMsg HTTP/1.1" 200 27
120.253.135.82 - - [09/May/2022:08:48:40 +0800] "GET /xingrg/check_reg.html?_=1652057129796 HTTP/1.1" 200 22
58.39.61.91 - - [09/May/2022:08:48:40 +0800] "GET /xingrg/all/function/internal_message.html?_=1652057282185&CODE_STATE=getMsg HTTP/1.1" 200 27
116.232.53.15 - - [09/May/2022:08:48:41 +0800] "GET /xingrg/all/function/internal_message.html?_=1652057326329&CODE_STATE=getMsg HTTP/1.1" 200 27
116.232.53.15 - - [09/May/2022:08:48:41 +0800] "GET /xingrg/check_reg.html?_=1652057326329 HTTP/1.1" 200 22
58.39.61.91 - - [09/May/2022:08:48:42 +0800] "GET /xingrg/kc/base/wldb_order_info.html?code=422022050900073 HTTP/1.1" 200 26204
58.39.61.91 - - [09/May/2022:08:48:43 +0800] "GET /xingrg/javascript/easyui/themes/default/validatebox.css HTTP/1.1" 404 1104
58.39.61.91 - - [09/May/2022:08:48:43 +0800] "POST /xingrg/kc/base/wldb_order_operate.html HTTP/1.1" 200 2449
180.157.251.97 - - [09/May/2022:08:48:47 +0800] "GET /xingrg/kc/buy/cgsh_order_operate.html?command=get_materiel&rest_code=00148&code=00101008286&supplier_code=00100007&order_time=2022-05-09 HTTP/1.1" 200 408
180.157.251.97 - - [09/May/2022:08:48:58 +0800] "GET /xingrg/kc/buy/cgsh_order_operate.html?command=get_materiel&rest_code=00148&code=00101008144&supplier_code=00100007&order_time=2022-05-09 HTTP/1.1" 200 412
180.157.251.97 - - [09/May/2022:08:48:59 +0800] "GET /xingrg/all/function/internal_message.html?_=1652057340434&CODE_STATE=getMsg HTTP/1.1" 200 27
58.39.61.91 - - [09/May/2022:08:49:00 +0800] "GET /xingrg/kc/base/yddb_order_list.html HTTP/1.1" 200 16713
58.39.61.91 - - [09/May/2022:08:49:01 +0800] "POST /xingrg/kc/base/yddb_list_operate.html HTTP/1.1" 200 1591
58.39.61.91 - - [09/May/2022:08:49:03 +0800] "GET /xingrg/kc/base/yddb_order_add.html HTTP/1.1" 200 29837
58.39.61.91 - - [09/May/2022:08:49:03 +0800] "GET /xingrg/dwr/interface/AjaxComOrderService.js HTTP/1.1" 200 18264
58.39.61.91 - - [09/May/2022:08:49:03 +0800] "GET /xingrg/dwr/interface/AjaxYddbService.js HTTP/1.1" 200 13201
58.39.61.91 - - [09/May/2022:08:49:03 +0800] "GET /xingrg/javascript/checkform.js HTTP/1.1" 304 -
58.39.61.91 - - [09/May/2022:08:49:03 +0800] "GET /xingrg/dwr/engine.js HTTP/1.1" 200 43631
58.39.61.91 - - [09/May/2022:08:49:06 +0800] "POST /xingrg/dwr/call/plaincall/AjaxYddbService.getRestBases.dwr HTTP/1.1" 200 1562
218.81.223.53 - - [09/May/2022:08:49:06 +0800] "GET /xingrg/all/function/internal_message.html?_=1652057347206&CODE_STATE=getMsg HTTP/1.1" 200 27
180.157.251.97 - - [09/May/2022:08:49:10 +0800] "GET /xingrg/kc/buy/cgsh_order_operate.html?command=get_materiel&rest_code=00148&code=00101008087&supplier_code=00100007&order_time=2022-05-09 HTTP/1.1" 200 412
58.39.61.91 - - [09/May/2022:08:49:11 +0800] "POST /xingrg/dwr/call/plaincall/AjaxYddbService.saveOrder.dwr HTTP/1.1" 200 78
58.39.61.91 - - [09/May/2022:08:49:12 +0800] "GET /xingrg/images/yd/bt.gif HTTP/1.1" 404 1040
58.39.61.91 - - [09/May/2022:08:49:14 +0800] "POST /xingrg/dwr/call/plaincall/AjaxComOrderService.getMaterielSearchList.dwr HTTP/1.1" 200 3145
58.39.61.91 - - [09/May/2022:08:49:15 +0800] "POST /xingrg/dwr/call/plaincall/AjaxComOrderService.getMaterielSearchList.dwr HTTP/1.1" 200 3145
58.39.61.91 - - [09/May/2022:08:49:16 +0800] "POST /xingrg/dwr/call/plaincall/AjaxYddbService.getMaterielByMap.dwr HTTP/1.1" 200 3824
58.39.61.91 - - [09/May/2022:08:49:18 +0800] "POST /xingrg/dwr/call/plaincall/AjaxYddbService.getUnitPrice.dwr HTTP/1.1" 200 86
101.87.191.251 - - [09/May/2022:08:49:18 +0800] "GET /xingrg/all/function/internal_message.html?_=1652057359154&CODE_STATE=getMsg HTTP/1.1" 302 -
58.39.61.91 - - [09/May/2022:08:49:20 +0800] "POST /xingrg/dwr/call/plaincall/AjaxYddbService.saveMaterielItem.dwr HTTP/1.1" 200 78
58.39.61.91 - - [09/May/2022:08:49:23 +0800] "POST /xingrg/dwr/call/plaincall/AjaxComOrderService.getMaterielSearchList.dwr HTTP/1.1" 200 25030
58.39.61.91 - - [09/May/2022:08:49:24 +0800] "POST /xingrg/dwr/call/plaincall/AjaxComOrderService.getMaterielSearchList.dwr HTTP/1.1" 200 2808
58.39.61.91 - - [09/May/2022:08:49:26 +0800] "POST /xingrg/dwr/call/plaincall/AjaxYddbService.getMaterielByMap.dwr HTTP/1.1" 200 3868
180.157.251.97 - - [09/May/2022:08:49:27 +0800] "GET /xingrg/kc/buy/cgsh_order_operate.html?command=get_materiel&rest_code=00148&code=00101008355&supplier_code=00100007&order_time=2022-05-09 HTTP/1.1" 200 408
58.39.61.91 - - [09/May/2022:08:49:28 +0800] "POST /xingrg/dwr/call/plaincall/AjaxYddbService.saveMaterielItem.dwr HTTP/1.1" 200 79
58.221.95.50 - - [09/May/2022:08:49:28 +0800] "GET /xingrg/check_reg.html?_=1652057370505 HTTP/1.1" 302 -
180.162.5.100 - - [09/May/2022:08:49:36 +0800] "GET /xingrg/all/function/internal_message.html?_=1652057377469&CODE_STATE=getMsg HTTP/1.1" 200 27
58.39.61.91 - - [09/May/2022:08:49:37 +0800] "POST /xingrg/dwr/call/plaincall/AjaxComOrderService.getMaterielSearchList.dwr HTTP/1.1" 200 25141
58.39.61.91 - - [09/May/2022:08:49:37 +0800] "POST /xingrg/dwr/call/plaincall/AjaxComOrderService.getMaterielSearchList.dwr HTTP/1.1" 200 592
58.39.61.91 - - [09/May/2022:08:49:38 +0800] "GET /xingrg/all/function/internal_message.html?_=1652057378053&CODE_STATE=getMsg HTTP/1.1" 200 27
58.39.61.91 - - [09/May/2022:08:49:39 +0800] "POST /xingrg/dwr/call/plaincall/AjaxYddbService.getMaterielByMap.dwr HTTP/1.1" 200 3850
58.39.61.91 - - [09/May/2022:08:49:40 +0800] "GET /xingrg/all/function/internal_message.html?_=1652057342192&CODE_STATE=getMsg HTTP/1.1" 200 27
116.232.53.15 - - [09/May/2022:08:49:41 +0800] "GET /xingrg/all/function/internal_message.html?_=1652057386328&CODE_STATE=getMsg HTTP/1.1" 200 27
58.39.61.91 - - [09/May/2022:08:49:41 +0800] "POST /xingrg/dwr/call/plaincall/AjaxYddbService.getUnitPrice.dwr HTTP/1.1" 200 87
58.39.61.91 - - [09/May/2022:08:49:42 +0800] "GET /xingrg/images/yd/bt2.gif HTTP/1.1" 404 1042
58.39.61.91 - - [09/May/2022:08:49:43 +0800] "POST /xingrg/dwr/call/plaincall/AjaxYddbService.saveMaterielItem.dwr HTTP/1.1" 200 79
58.39.61.91 - - [09/May/2022:08:49:46 +0800] "POST /xingrg/dwr/call/plaincall/AjaxComOrderService.getMaterielSearchList.dwr HTTP/1.1" 200 1840
58.39.61.91 - - [09/May/2022:08:49:46 +0800] "POST /xingrg/dwr/call/plaincall/AjaxComOrderService.getMaterielSearchList.dwr HTTP/1.1" 200 1840
58.39.61.91 - - [09/May/2022:08:49:48 +0800] "POST /xingrg/dwr/call/plaincall/AjaxYddbService.getMaterielByMap.dwr HTTP/1.1" 200 3833
58.39.61.91 - - [09/May/2022:08:49:49 +0800] "POST /xingrg/dwr/call/plaincall/AjaxYddbService.getUnitPrice.dwr HTTP/1.1" 200 86
58.39.61.91 - - [09/May/2022:08:49:52 +0800] "POST /xingrg/dwr/call/plaincall/AjaxYddbService.saveMaterielItem.dwr HTTP/1.1" 200 79
58.39.61.91 - - [09/May/2022:08:49:56 +0800] "POST /xingrg/dwr/call/plaincall/AjaxComOrderService.getMaterielSearchList.dwr HTTP/1.1" 200 1890
58.39.61.91 - - [09/May/2022:08:49:56 +0800] "POST /xingrg/dwr/call/plaincall/AjaxComOrderService.getMaterielSearchList.dwr HTTP/1.1" 200 1890
114.88.156.203 - - [09/May/2022:08:49:58 +0800] "GET /xingrg/kc/mdqp/qp_main.html HTTP/1.1" 302 -
58.39.61.91 - - [09/May/2022:08:49:58 +0800] "POST /xingrg/dwr/call/plaincall/AjaxYddbService.getMaterielByMap.dwr HTTP/1.1" 200 3836
114.88.156.203 - - [09/May/2022:08:49:58 +0800] "GET /xingrg/login.html HTTP/1.1" 200 7641
114.88.156.203 - - [09/May/2022:08:49:58 +0800] "GET /xingrg/login.html HTTP/1.1" 200 7641
114.88.156.203 - - [09/May/2022:08:49:59 +0800] "GET /favicon.ico HTTP/1.1" 404 -
180.157.251.97 - - [09/May/2022:08:49:59 +0800] "GET /xingrg/check_reg.html?_=1652057400439 HTTP/1.1" 200 22
180.157.251.97 - - [09/May/2022:08:49:59 +0800] "GET /xingrg/all/function/internal_message.html?_=1652057400443&CODE_STATE=getMsg HTTP/1.1" 200 27
114.88.156.203 - - [09/May/2022:08:49:59 +0800] "POST /xingrg/login.do HTTP/1.1" 302 -
114.88.156.203 - - [09/May/2022:08:49:59 +0800] "GET /xingrg/index.html?sysBaseUrl=http%3A%2F%2F180.169.147.146%3A18081%2Fxingrg%2F&costTime=40×tamp=1652057399930 HTTP/1.1" 200 17179
114.88.156.203 - - [09/May/2022:08:50:00 +0800] "POST /xingrg/all/common/load_tree.html?tree=area_rest_tree_json&manage=1 HTTP/1.1" 200 351
114.88.156.203 - - [09/May/2022:08:50:00 +0800] "POST /xingrg/load_menu.html HTTP/1.1" 200 5138
114.88.156.203 - - [09/May/2022:08:50:00 +0800] "GET /xingrg/check_reg.html?_=1652057142731 HTTP/1.1" 200 22
114.88.156.203 - - [09/May/2022:08:50:00 +0800] "GET /favicon.ico HTTP/1.1" 404 -
114.88.156.203 - - [09/May/2022:08:50:00 +0800] "GET /xingrg/all/function/internal_message.html?_=1652057142731&CODE_STATE=count HTTP/1.1" 200 11
58.39.61.91 - - [09/May/2022:08:50:00 +0800] "POST /xingrg/dwr/call/plaincall/AjaxYddbService.getUnitPrice.dwr HTTP/1.1" 200 87
114.88.156.203 - - [09/May/2022:08:50:01 +0800] "GET /xingrg/kc/mdqp/qp_main.html HTTP/1.1" 200 10633
114.88.156.203 - - [09/May/2022:08:50:01 +0800] "GET /xingrg/images/yd/bt.gif HTTP/1.1" 404 1040
58.39.61.91 - - [09/May/2022:08:50:02 +0800] "POST /xingrg/dwr/call/plaincall/AjaxYddbService.saveMaterielItem.dwr HTTP/1.1" 200 79
114.88.156.203 - - [09/May/2022:08:50:03 +0800] "GET /xingrg/kc/mdqp/pssh_order_list.html HTTP/1.1" 200 17818
114.88.156.203 - - [09/May/2022:08:50:03 +0800] "POST /xingrg/kc/mdqp/pssh_list_operate.html HTTP/1.1" 200 5386
114.88.156.203 - - [09/May/2022:08:50:04 +0800] "POST /xingrg/kc/mdqp/pssh_list_operate.html HTTP/1.1" 200 710
58.39.61.91 - - [09/May/2022:08:50:05 +0800] "POST /xingrg/dwr/call/plaincall/AjaxComOrderService.getMaterielSearchList.dwr HTTP/1.1" 200 13028
58.39.61.91 - - [09/May/2022:08:50:05 +0800] "POST /xingrg/dwr/call/plaincall/AjaxComOrderService.getMaterielSearchList.dwr HTTP/1.1" 200 1150
218.81.223.53 - - [09/May/2022:08:50:06 +0800] "GET /xingrg/all/function/internal_message.html?_=1652057407221&CODE_STATE=getMsg HTTP/1.1" 200 27
58.39.61.91 - - [09/May/2022:08:50:07 +0800] "POST /xingrg/dwr/call/plaincall/AjaxYddbService.getMaterielByMap.dwr HTTP/1.1" 200 3837
114.88.156.203 - - [09/May/2022:08:50:08 +0800] "GET /xingrg/kc/mdqp/pssh_order_info.html?code=312022050300050 HTTP/1.1" 200 17256
114.88.156.203 - - [09/May/2022:08:50:08 +0800] "GET /xingrg/javascript/jquery_tools/jquery-1.4.2.min.js HTTP/1.1" 404 1094
114.88.156.203 - - [09/May/2022:08:50:08 +0800] "GET /xingrg/words/20220508163644_words.js HTTP/1.1" 304 -
114.88.156.203 - - [09/May/2022:08:50:08 +0800] "POST /xingrg/kc/mdqp/pssh_order_operate.html HTTP/1.1" 200 2663
114.88.156.203 - - [09/May/2022:08:50:08 +0800] "GET /xingrg/all/common/auto_word.html?type=base&rest_code=00141&rest_code=00141 HTTP/1.1" 200 1849
114.88.156.203 - - [09/May/2022:08:50:08 +0800] "GET /xingrg/all/common/auto_word.html?type=employee&rest_code=00141 HTTP/1.1" 200 201
114.88.156.203 - - [09/May/2022:08:50:08 +0800] "GET /xingrg/javascript/easyui/themes/default/validatebox.css HTTP/1.1" 404 1104
58.39.61.91 - - [09/May/2022:08:50:10 +0800] "POST /xingrg/dwr/call/plaincall/AjaxYddbService.saveMaterielItem.dwr HTTP/1.1" 200 79
114.88.156.203 - - [09/May/2022:08:50:12 +0800] "POST /xingrg/kc/mdqp/pssh_list_operate.html HTTP/1.1" 200 762
58.39.61.91 - - [09/May/2022:08:50:14 +0800] "POST /xingrg/dwr/call/plaincall/AjaxComOrderService.getMaterielSearchList.dwr HTTP/1.1" 200 18389
114.88.156.203 - - [09/May/2022:08:50:14 +0800] "GET /xingrg/kc/mdqp/pssh_order_info.html?code=312022050800182 HTTP/1.1" 200 17281
114.88.156.203 - - [09/May/2022:08:50:14 +0800] "GET /xingrg/javascript/jquery_tools/jquery-1.4.2.min.js HTTP/1.1" 404 1094
114.88.156.203 - - [09/May/2022:08:50:14 +0800] "POST /xingrg/kc/mdqp/pssh_order_operate.html HTTP/1.1" 200 10439
114.88.156.203 - - [09/May/2022:08:50:14 +0800] "GET /xingrg/javascript/easyui/themes/default/validatebox.css HTTP/1.1" 404 1104
114.88.156.203 - - [09/May/2022:08:50:16 +0800] "POST /xingrg/kc/mdqp/pssh_list_operate.html HTTP/1.1" 200 2849
114.88.156.203 - - [09/May/2022:08:50:17 +0800] "GET /xingrg/kc/mdqp/qp_main.html HTTP/1.1" 200 10633
114.88.156.203 - - [09/May/2022:08:50:18 +0800] "GET /xingrg/images/yd/bt.gif HTTP/1.1" 404 1040
101.87.191.251 - - [09/May/2022:08:50:18 +0800] "GET /xingrg/all/function/internal_message.html?_=1652057419158&CODE_STATE=getMsg HTTP/1.1" 302 -
114.88.156.203 - - [09/May/2022:08:50:18 +0800] "GET /xingrg/kc/mdqp/pssh_order_list.html HTTP/1.1" 200 17818
114.88.156.203 - - [09/May/2022:08:50:19 +0800] "POST /xingrg/kc/mdqp/pssh_list_operate.html HTTP/1.1" 200 5386
114.88.156.203 - - [09/May/2022:08:50:19 +0800] "POST /xingrg/kc/mdqp/pssh_list_operate.html HTTP/1.1" 200 742
58.39.61.91 - - [09/May/2022:08:50:20 +0800] "POST /xingrg/dwr/call/plaincall/AjaxYddbService.getMaterielByMap.dwr HTTP/1.1" 200 3806
114.88.156.203 - - [09/May/2022:08:50:21 +0800] "GET /xingrg/kc/mdqp/pssh_order_info.html?code=312022050800189 HTTP/1.1" 200 17250
114.88.156.203 - - [09/May/2022:08:50:21 +0800] "GET /xingrg/javascript/jquery_tools/jquery-1.4.2.min.js HTTP/1.1" 404 1094
114.88.156.203 - - [09/May/2022:08:50:21 +0800] "POST /xingrg/kc/mdqp/pssh_order_operate.html HTTP/1.1" 200 5132
114.88.156.203 - - [09/May/2022:08:50:22 +0800] "GET /xingrg/javascript/easyui/themes/default/validatebox.css HTTP/1.1" 404 1104
58.39.61.91 - - [09/May/2022:08:50:22 +0800] "POST /xingrg/dwr/call/plaincall/AjaxYddbService.getUnitPrice.dwr HTTP/1.1" 200 87
58.39.61.91 - - [09/May/2022:08:50:26 +0800] "POST /xingrg/dwr/call/plaincall/AjaxYddbService.saveMaterielItem.dwr HTTP/1.1" 200 79
58.39.61.91 - - [09/May/2022:08:50:33 +0800] "POST /xingrg/dwr/call/plaincall/AjaxYddbService.checkOrder.dwr HTTP/1.1" 200 79
58.39.61.91 - - [09/May/2022:08:50:35 +0800] "GET /xingrg/kc/base/yddb_order_info.html?code=482022050900050 HTTP/1.1" 200 29505
58.39.61.91 - - [09/May/2022:08:50:35 +0800] "GET /xingrg/dwr/interface/AjaxYddbService.js HTTP/1.1" 200 13201
58.39.61.91 - - [09/May/2022:08:50:35 +0800] "GET /xingrg/dwr/engine.js HTTP/1.1" 200 43631
58.39.61.91 - - [09/May/2022:08:50:35 +0800] "GET /xingrg/dwr/interface/AjaxComOrderService.js HTTP/1.1" 200 18264
58.39.61.91 - - [09/May/2022:08:50:35 +0800] "POST /xingrg/dwr/call/plaincall/AjaxYddbService.loadMaterielItems.dwr HTTP/1.1" 200 2650
180.162.5.100 - - [09/May/2022:08:50:36 +0800] "GET /xingrg/all/function/internal_message.html?_=1652057437457&CODE_STATE=getMsg HTTP/1.1" 200 27
180.162.5.100 - - [09/May/2022:08:50:36 +0800] "GET /xingrg/check_reg.html?_=1652057437458 HTTP/1.1" 200 22
58.39.61.91 - - [09/May/2022:08:50:38 +0800] "GET /xingrg/all/function/internal_message.html?_=1652057438034&CODE_STATE=getMsg HTTP/1.1" 200 27
58.39.61.91 - - [09/May/2022:08:50:40 +0800] "GET /xingrg/check_reg.html?_=1652057401763 HTTP/1.1" 200 22
