58.39.61.91 - - [09/May/2022:11:18:35 +0800] "GET /xingrg/all/function/internal_message.html?_=1652066315353&CODE_STATE=getMsg HTTP/1.1" 200 27
58.39.61.91 - - [09/May/2022:11:18:38 +0800] "GET /xingrg/check_reg.html?_=1652066317966 HTTP/1.1" 200 22
116.235.92.88 - - [09/May/2022:11:18:47 +0800] "GET /xingrg/all/function/internal_message.html?_=1652066499308&CODE_STATE=getMsg HTTP/1.1" 200 27
58.39.61.91 - - [09/May/2022:11:18:51 +0800] "GET /xingrg/all/function/internal_message.html?_=1652066292984&CODE_STATE=getMsg HTTP/1.1" 200 27
58.39.61.91 - - [09/May/2022:11:19:01 +0800] "GET /xingrg/kc/buy/cgsh_order_list.html HTTP/1.1" 200 51508
101.85.120.86 - - [09/May/2022:11:19:02 +0800] "GET /xingrg/all/function/internal_message.html?_=1652066340413&CODE_STATE=getMsg HTTP/1.1" 200 27
120.253.135.82 - - [09/May/2022:11:19:03 +0800] "POST /xingrg/kc/pszx/mdps_order_operate.html HTTP/1.1" 200 37
58.39.61.91 - - [09/May/2022:11:19:04 +0800] "POST /xingrg/kc/buy/cgsh_list_operate.html HTTP/1.1" 200 2088
120.253.135.82 - - [09/May/2022:11:19:05 +0800] "GET /xingrg/kc/pszx/mdps_order_info.html?code=312022050800212 HTTP/1.1" 200 23978
120.253.135.82 - - [09/May/2022:11:19:06 +0800] "POST /xingrg/kc/pszx/mdps_order_operate.html HTTP/1.1" 200 9988
120.253.135.82 - - [09/May/2022:11:19:06 +0800] "GET /xingrg/javascript/easyui/themes/default/validatebox.css HTTP/1.1" 404 1104
58.39.201.47 - - [09/May/2022:11:19:07 +0800] "GET /xingrg/all/function/internal_message.html?_=1652066279246&CODE_STATE=getMsg HTTP/1.1" 200 27
120.253.135.82 - - [09/May/2022:11:19:07 +0800] "POST /xingrg/kc/pszx/mdps_list_operate.html HTTP/1.1" 200 5093
120.253.135.82 - - [09/May/2022:11:19:10 +0800] "POST /xingrg/kc/pszx/mdps_list_operate.html HTTP/1.1" 200 216
218.81.223.53 - - [09/May/2022:11:19:11 +0800] "GET /xingrg/all/function/internal_message.html?_=1652066353441&CODE_STATE=getMsg HTTP/1.1" 200 27
120.253.135.82 - - [09/May/2022:11:19:12 +0800] "POST /xingrg/kc/pszx/mdps_list_operate.html HTTP/1.1" 200 632
120.253.135.82 - - [09/May/2022:11:19:16 +0800] "POST /xingrg/kc/pszx/mdps_list_operate.html HTTP/1.1" 200 199
120.253.135.82 - - [09/May/2022:11:19:17 +0800] "POST /xingrg/kc/pszx/mdps_list_operate.html HTTP/1.1" 200 388
101.87.191.251 - - [09/May/2022:11:19:18 +0800] "GET /xingrg/all/function/internal_message.html?_=1652066359157&CODE_STATE=getMsg HTTP/1.1" 302 -
120.253.135.82 - - [09/May/2022:11:19:19 +0800] "GET /xingrg/kc/pszx/mdps_order_info.html?code=312022050800218 HTTP/1.1" 200 23978
120.253.135.82 - - [09/May/2022:11:19:20 +0800] "POST /xingrg/kc/pszx/mdps_order_operate.html HTTP/1.1" 200 3311
120.253.135.82 - - [09/May/2022:11:19:20 +0800] "GET /xingrg/javascript/easyui/themes/default/validatebox.css HTTP/1.1" 404 1104
114.83.216.15 - - [09/May/2022:11:19:22 +0800] "GET /xingrg/all/function/internal_message.html?_=1652066362876&CODE_STATE=getMsg HTTP/1.1" 200 27
58.39.61.91 - - [09/May/2022:11:19:26 +0800] "GET /xingrg/kc/report/report_main.html HTTP/1.1" 200 7340
58.39.61.91 - - [09/May/2022:11:19:26 +0800] "GET /xingrg/javascript/jquery_ui/themes/humanity/humanity.css HTTP/1.1" 304 -
120.253.135.82 - - [09/May/2022:11:19:26 +0800] "GET /xingrg/all/function/internal_message.html?_=1652066176242&CODE_STATE=getMsg HTTP/1.1" 200 27
120.253.135.82 - - [09/May/2022:11:19:28 +0800] "POST /xingrg/kc/pszx/mdps_list_operate.html HTTP/1.1" 200 5093
58.221.95.50 - - [09/May/2022:11:19:28 +0800] "GET /xingrg/check_reg.html?_=1652066368430 HTTP/1.1" 302 -
58.39.61.91 - - [09/May/2022:11:19:29 +0800] "GET /xingrg/all/report/report_query.html?fileName=kc/buy/gys_amount.xml&rh=99999 HTTP/1.1" 200 52006
58.39.61.91 - - [09/May/2022:11:19:29 +0800] "GET /xingrg/javascript/multi_select/jqueryMultiSelect.css HTTP/1.1" 304 -
120.253.135.82 - - [09/May/2022:11:19:29 +0800] "POST /xingrg/kc/pszx/mdps_list_operate.html HTTP/1.1" 200 648
58.39.61.91 - - [09/May/2022:11:19:29 +0800] "GET /xingrg/javascript/calendar/timePicker.css HTTP/1.1" 304 -
58.39.61.91 - - [09/May/2022:11:19:29 +0800] "GET /xingrg/dwr/interface/AjaxReportQueryService.js HTTP/1.1" 200 13203
58.39.61.91 - - [09/May/2022:11:19:29 +0800] "GET /xingrg/javascript/calendar/jquery.timePicker.min.js HTTP/1.1" 304 -
58.39.61.91 - - [09/May/2022:11:19:29 +0800] "GET /xingrg/javascript/bigrid/fix.css HTTP/1.1" 304 -
58.39.61.91 - - [09/May/2022:11:19:29 +0800] "GET /xingrg/dwr/util.js HTTP/1.1" 304 -
58.39.61.91 - - [09/May/2022:11:19:29 +0800] "GET /xingrg/dwr/engine.js HTTP/1.1" 200 43631
58.39.61.91 - - [09/May/2022:11:19:29 +0800] "GET /xingrg/javascript/jqueryMultiSelect.js HTTP/1.1" 304 -
58.39.61.91 - - [09/May/2022:11:19:29 +0800] "GET /xingrg/javascript/bigrid/fix.js HTTP/1.1" 304 -
58.39.61.91 - - [09/May/2022:11:19:30 +0800] "POST /xingrg/dwr/call/plaincall/AjaxReportQueryService.getFixDate.dwr HTTP/1.1" 200 111
58.39.61.91 - - [09/May/2022:11:19:30 +0800] "POST /xingrg/all/common/load_tree.html?tree=supplier_tree_json&manage=1 HTTP/1.1" 200 66871
58.39.61.91 - - [09/May/2022:11:19:30 +0800] "POST /xingrg/all/common/load_tree.html?tree=materiel_sort_tree_json HTTP/1.1" 200 9388
120.253.135.82 - - [09/May/2022:11:19:30 +0800] "GET /xingrg/kc/pszx/mdps_order_info.html?code=312022050800212 HTTP/1.1" 200 23978
120.253.135.82 - - [09/May/2022:11:19:31 +0800] "POST /xingrg/kc/pszx/mdps_order_operate.html HTTP/1.1" 200 9988
120.253.135.82 - - [09/May/2022:11:19:31 +0800] "GET /xingrg/javascript/easyui/themes/default/validatebox.css HTTP/1.1" 404 1104
58.39.61.91 - - [09/May/2022:11:19:31 +0800] "GET /xingrg/javascript/jquery_easy_ui/themes/default/images/tree_checkbox_0.gif HTTP/1.1" 304 -
58.39.61.91 - - [09/May/2022:11:19:31 +0800] "POST /xingrg/dwr/call/plaincall/AjaxReportQueryService.getInitString.dwr HTTP/1.1" 200 1530
58.39.61.91 - - [09/May/2022:11:19:35 +0800] "GET /xingrg/all/function/internal_message.html?_=1652066375359&CODE_STATE=getMsg HTTP/1.1" 200 27
120.253.135.82 - - [09/May/2022:11:19:40 +0800] "POST /xingrg/kc/pszx/mdps_list_operate.html HTTP/1.1" 200 5093
120.253.135.82 - - [09/May/2022:11:19:41 +0800] "POST /xingrg/kc/pszx/mdps_list_operate.html HTTP/1.1" 200 388
120.253.135.82 - - [09/May/2022:11:19:43 +0800] "GET /xingrg/kc/pszx/mdps_order_info.html?code=312022050800218 HTTP/1.1" 200 23978
58.39.61.91 - - [09/May/2022:11:19:43 +0800] "POST /xingrg/dwr/call/plaincall/AjaxReportQueryService.refreshCache.dwr HTTP/1.1" 200 78
120.253.135.82 - - [09/May/2022:11:19:43 +0800] "POST /xingrg/kc/pszx/mdps_order_operate.html HTTP/1.1" 200 3311
120.253.135.82 - - [09/May/2022:11:19:44 +0800] "GET /xingrg/javascript/easyui/themes/default/validatebox.css HTTP/1.1" 404 1104
58.39.61.91 - - [09/May/2022:11:19:46 +0800] "POST /xingrg/all/report/load_report_page.html HTTP/1.1" 200 126173
58.39.61.91 - - [09/May/2022:11:19:46 +0800] "GET /xingrg/servlets/image?cache=0.4453407405645573&image=px HTTP/1.1" 200 807
120.253.135.82 - - [09/May/2022:11:19:46 +0800] "POST /xingrg/kc/pszx/mdps_order_operate.html HTTP/1.1" 200 37
116.235.92.88 - - [09/May/2022:11:19:47 +0800] "GET /xingrg/all/function/internal_message.html?_=1652066559306&CODE_STATE=getMsg HTTP/1.1" 200 27
120.253.135.82 - - [09/May/2022:11:19:47 +0800] "GET /xingrg/kc/pszx/mdps_order_info.html?code=312022050800218 HTTP/1.1" 200 23978
120.253.135.82 - - [09/May/2022:11:19:48 +0800] "POST /xingrg/kc/pszx/mdps_order_operate.html HTTP/1.1" 200 3334
120.253.135.82 - - [09/May/2022:11:19:48 +0800] "GET /xingrg/javascript/easyui/themes/default/validatebox.css HTTP/1.1" 404 1104
58.39.61.91 - - [09/May/2022:11:19:51 +0800] "GET /xingrg/all/function/internal_message.html?_=1652066352997&CODE_STATE=getMsg HTTP/1.1" 200 27
120.253.135.82 - - [09/May/2022:11:19:55 +0800] "POST /xingrg/kc/pszx/mdps_order_operate.html HTTP/1.1" 200 37
120.253.135.82 - - [09/May/2022:11:19:56 +0800] "GET /xingrg/kc/pszx/mdps_order_info.html?code=312022050800218 HTTP/1.1" 200 23978
120.253.135.82 - - [09/May/2022:11:19:56 +0800] "POST /xingrg/kc/pszx/mdps_order_operate.html HTTP/1.1" 200 2839
120.253.135.82 - - [09/May/2022:11:19:56 +0800] "GET /xingrg/javascript/easyui/themes/default/validatebox.css HTTP/1.1" 404 1104
120.253.135.82 - - [09/May/2022:11:19:58 +0800] "POST /xingrg/kc/pszx/mdps_list_operate.html HTTP/1.1" 200 5092
58.39.61.91 - - [09/May/2022:11:19:58 +0800] "GET /xingrg/all/report/report_query.html?isQuery=1&fileName=kc/buy/wlcg_cate_hz.xml&queryString=(CONVERT(char(10)%252Ca.order_time%252C%2520120)%253E%253D'2022-03-01')%2520and%2520(CONVERT(char(10)%252Ca.order_time%252C%2520120)%253C%253D'2022-03-31')%2520and%2520(a.number%253E0%2520and%2520a.supplier_code%253D'00100007')&queryText=%25E3%2580%2590%25E9%2587%2587%25E8%25B4%25AD%25E6%2597%25A5%25E6%259C%259F%253A2022-03-01%2520%25E8%2587%25B3%25202022-03-31%25E3%2580%2591%2520%25E5%25B9%25B6%25E4%25B8%2594%2520%25E3%2580%2590%25E4%25BE%259B%25E5%25BA%2594%25E5%2595%2586%253D%25E8%2594%25AC%25E8%258F%259C%25EF%25BC%2588%25E6%25AD%25A6%25E9%2587%2591%25E7%25BA%25A2%25EF%25BC%2589%25E3%2580%2591 HTTP/1.1" 200 54374
58.39.61.91 - - [09/May/2022:11:19:58 +0800] "GET /xingrg/dwr/interface/AjaxReportQueryService.js HTTP/1.1" 200 13203
58.39.61.91 - - [09/May/2022:11:19:58 +0800] "GET /xingrg/dwr/engine.js HTTP/1.1" 200 43631
114.83.216.15 - - [09/May/2022:11:20:00 +0800] "GET /xingrg/kc/buy/cgsh_order_operate.html?command=get_materiel&rest_code=00149&code=00101001140&supplier_code=00100090&order_time=2022-05-09 HTTP/1.1" 200 415
120.253.135.82 - - [09/May/2022:11:20:01 +0800] "POST /xingrg/kc/pszx/mdps_list_operate.html HTTP/1.1" 200 199
58.39.61.91 - - [09/May/2022:11:20:01 +0800] "POST /xingrg/all/report/load_report_page.html HTTP/1.1" 200 8716
58.39.61.91 - - [09/May/2022:11:20:01 +0800] "GET /xingrg/servlets/image?cache=0.4339608645688249&image=px HTTP/1.1" 200 807
101.85.120.86 - - [09/May/2022:11:20:02 +0800] "GET /xingrg/all/function/internal_message.html?_=1652066400412&CODE_STATE=getMsg HTTP/1.1" 200 27
120.253.135.82 - - [09/May/2022:11:20:03 +0800] "POST /xingrg/kc/pszx/mdps_list_operate.html HTTP/1.1" 200 216
58.39.61.91 - - [09/May/2022:11:20:03 +0800] "POST /xingrg/all/report/load_report_page.html HTTP/1.1" 200 83274
58.39.61.91 - - [09/May/2022:11:20:03 +0800] "GET /xingrg/servlets/image?cache=0.771683502908734&image=px HTTP/1.1" 200 807
120.253.135.82 - - [09/May/2022:11:20:05 +0800] "POST /xingrg/kc/pszx/mdps_list_operate.html HTTP/1.1" 200 632
58.39.201.47 - - [09/May/2022:11:20:07 +0800] "GET /xingrg/all/function/internal_message.html?_=1652066339231&CODE_STATE=getMsg HTTP/1.1" 200 27
120.253.135.82 - - [09/May/2022:11:20:07 +0800] "POST /xingrg/kc/pszx/mdps_list_operate.html HTTP/1.1" 200 582
58.39.201.47 - - [09/May/2022:11:20:07 +0800] "GET /xingrg/check_reg.html?_=1652066339327 HTTP/1.1" 200 22
58.39.61.91 - - [09/May/2022:11:20:07 +0800] "POST /xingrg/all/report/report_print.html HTTP/1.1" 302 -
58.39.61.91 - - [09/May/2022:11:20:07 +0800] "GET /xingrg/servlets/image?image=px HTTP/1.1" 200 807
58.39.61.91 - - [09/May/2022:11:20:07 +0800] "GET /xingrg/servlets/html?sysBaseUrl=http%3A%2F%2F180.169.147.146%3A18081%2Fxingrg%2F&costTime=517×tamp=1652066407611 HTTP/1.1" 200 328050
58.39.61.91 - - [09/May/2022:11:20:07 +0800] "GET /favicon.ico HTTP/1.1" 404 -
120.253.135.82 - - [09/May/2022:11:20:08 +0800] "GET /xingrg/kc/pszx/mdps_order_info.html?code=312022050800188 HTTP/1.1" 200 23978
120.253.135.82 - - [09/May/2022:11:20:08 +0800] "POST /xingrg/kc/pszx/mdps_order_operate.html HTTP/1.1" 200 6661
120.253.135.82 - - [09/May/2022:11:20:08 +0800] "GET /xingrg/javascript/easyui/themes/default/validatebox.css HTTP/1.1" 404 1104
114.83.216.15 - - [09/May/2022:11:20:11 +0800] "GET /xingrg/kc/buy/cgsh_order_operate.html?command=get_materiel&rest_code=00149&code=00101001125&supplier_code=00100090&order_time=2022-05-09 HTTP/1.1" 200 432
218.81.223.53 - - [09/May/2022:11:20:12 +0800] "GET /xingrg/all/function/internal_message.html?_=1652066413588&CODE_STATE=getMsg HTTP/1.1" 200 27
120.253.135.82 - - [09/May/2022:11:20:15 +0800] "POST /xingrg/kc/pszx/mdps_list_operate.html HTTP/1.1" 200 5092
120.253.135.82 - - [09/May/2022:11:20:16 +0800] "POST /xingrg/kc/pszx/mdps_list_operate.html HTTP/1.1" 200 296
120.253.135.82 - - [09/May/2022:11:20:18 +0800] "POST /xingrg/kc/pszx/mdps_list_operate.html HTTP/1.1" 200 648
120.253.135.82 - - [09/May/2022:11:20:19 +0800] "GET /xingrg/kc/pszx/mdps_order_info.html?code=312022050800212 HTTP/1.1" 200 23978
120.253.135.82 - - [09/May/2022:11:20:20 +0800] "POST /xingrg/kc/pszx/mdps_order_operate.html HTTP/1.1" 200 9988
120.253.135.82 - - [09/May/2022:11:20:20 +0800] "GET /xingrg/javascript/easyui/themes/default/validatebox.css HTTP/1.1" 404 1104
120.253.135.82 - - [09/May/2022:11:20:22 +0800] "GET /xingrg/kc/print/load_data.html?order_code=312022050800212&kc_code=mdps&condition= HTTP/1.1" 200 4309
114.83.216.15 - - [09/May/2022:11:20:22 +0800] "GET /xingrg/all/function/internal_message.html?_=1652066422865&CODE_STATE=getMsg HTTP/1.1" 200 27
101.87.191.251 - - [09/May/2022:11:20:23 +0800] "GET /xingrg/all/function/internal_message.html?_=1652066419147&CODE_STATE=getMsg HTTP/1.1" 302 -
120.253.135.82 - - [09/May/2022:11:20:26 +0800] "GET /xingrg/all/function/internal_message.html?_=1652066236255&CODE_STATE=getMsg HTTP/1.1" 200 27
114.83.216.15 - - [09/May/2022:11:20:29 +0800] "GET /xingrg/kc/buy/cgsh_order_operate.html?command=get_materiel&rest_code=00149&code=00101001052&supplier_code=00100090&order_time=2022-05-09 HTTP/1.1" 200 409
120.253.135.82 - - [09/May/2022:11:20:31 +0800] "POST /xingrg/kc/pszx/mdps_list_operate.html HTTP/1.1" 200 5092
120.253.135.82 - - [09/May/2022:11:20:33 +0800] "POST /xingrg/kc/pszx/mdps_list_operate.html HTTP/1.1" 200 309
120.253.135.82 - - [09/May/2022:11:20:33 +0800] "GET /xingrg/kc/pszx/mdps_order_info.html?code=312022050800218 HTTP/1.1" 200 23978
120.253.135.82 - - [09/May/2022:11:20:34 +0800] "POST /xingrg/kc/pszx/mdps_order_operate.html HTTP/1.1" 200 2839
120.253.135.82 - - [09/May/2022:11:20:34 +0800] "GET /xingrg/javascript/easyui/themes/default/validatebox.css HTTP/1.1" 404 1104
58.39.61.91 - - [09/May/2022:11:20:35 +0800] "GET /xingrg/all/function/internal_message.html?_=1652066435340&CODE_STATE=getMsg HTTP/1.1" 200 27
120.253.135.82 - - [09/May/2022:11:20:36 +0800] "GET /xingrg/kc/print/load_data.html?order_code=312022050800218&kc_code=mdps&condition= HTTP/1.1" 200 972
120.253.135.82 - - [09/May/2022:11:20:41 +0800] "POST /xingrg/kc/pszx/mdps_list_operate.html HTTP/1.1" 200 5092
114.83.216.15 - - [09/May/2022:11:20:41 +0800] "GET /xingrg/kc/buy/cgsh_order_operate.html?command=get_materiel&rest_code=00149&code=00102026001&supplier_code=00100090&order_time=2022-05-09 HTTP/1.1" 200 410
120.253.135.82 - - [09/May/2022:11:20:42 +0800] "POST /xingrg/kc/pszx/mdps_list_operate.html HTTP/1.1" 200 199
120.253.135.82 - - [09/May/2022:11:20:43 +0800] "GET /xingrg/kc/pszx/mdps_order_info.html?code=312022050900223 HTTP/1.1" 200 23986
120.253.135.82 - - [09/May/2022:11:20:44 +0800] "POST /xingrg/kc/pszx/mdps_order_operate.html HTTP/1.1" 200 2276
120.253.135.82 - - [09/May/2022:11:20:44 +0800] "GET /xingrg/javascript/easyui/themes/default/validatebox.css HTTP/1.1" 404 1104
120.253.135.82 - - [09/May/2022:11:20:45 +0800] "GET /xingrg/kc/print/load_data.html?order_code=312022050900223&kc_code=mdps&condition= HTTP/1.1" 200 699
116.235.92.88 - - [09/May/2022:11:20:47 +0800] "GET /xingrg/all/function/internal_message.html?_=1652066619321&CODE_STATE=getMsg HTTP/1.1" 200 27
120.253.135.82 - - [09/May/2022:11:20:50 +0800] "POST /xingrg/kc/pszx/mdps_list_operate.html HTTP/1.1" 200 5092
58.39.61.91 - - [09/May/2022:11:20:51 +0800] "GET /xingrg/all/function/internal_message.html?_=1652066413011&CODE_STATE=getMsg HTTP/1.1" 200 27
120.253.135.82 - - [09/May/2022:11:20:52 +0800] "POST /xingrg/kc/pszx/mdps_list_operate.html HTTP/1.1" 200 216
120.253.135.82 - - [09/May/2022:11:20:53 +0800] "POST /xingrg/kc/pszx/mdps_list_operate.html HTTP/1.1" 200 632
114.83.216.15 - - [09/May/2022:11:20:56 +0800] "POST /xingrg/kc/buy/cgsh_order_operate.html HTTP/1.1" 200 37
101.85.120.86 - - [09/May/2022:11:21:02 +0800] "GET /xingrg/all/function/internal_message.html?_=1652066460427&CODE_STATE=getMsg HTTP/1.1" 200 27
114.83.216.15 - - [09/May/2022:11:21:04 +0800] "POST /xingrg/kc/buy/cgsh_order_operate.html HTTP/1.1" 200 12
114.83.216.15 - - [09/May/2022:11:21:05 +0800] "GET /xingrg/kc/buy/cgsh_order_info.html?code=212022050900541 HTTP/1.1" 200 62279
114.83.216.15 - - [09/May/2022:11:21:06 +0800] "GET /xingrg/javascript/easyui/themes/default/validatebox.css HTTP/1.1" 404 1104
114.83.216.15 - - [09/May/2022:11:21:06 +0800] "POST /xingrg/kc/buy/cgsh_order_operate.html HTTP/1.1" 200 2412
58.39.201.47 - - [09/May/2022:11:21:07 +0800] "GET /xingrg/all/function/internal_message.html?_=1652066399202&CODE_STATE=getMsg HTTP/1.1" 200 27
218.81.223.53 - - [09/May/2022:11:21:07 +0800] "GET /xingrg/check_reg.html?_=1652066468979 HTTP/1.1" 200 22
114.83.216.15 - - [09/May/2022:11:21:07 +0800] "GET /xingrg/kc/print/load_data.html?order_code=212022050900541&kc_code=cgsh&condition= HTTP/1.1" 200 1484
218.81.223.53 - - [09/May/2022:11:21:12 +0800] "GET /xingrg/all/function/internal_message.html?_=1652066473593&CODE_STATE=getMsg HTTP/1.1" 200 27
101.87.191.251 - - [09/May/2022:11:21:18 +0800] "GET /xingrg/all/function/internal_message.html?_=1652066479151&CODE_STATE=getMsg HTTP/1.1" 302 -
114.83.216.15 - - [09/May/2022:11:21:18 +0800] "GET /xingrg/check_reg.html?_=1652066478869 HTTP/1.1" 200 22
114.83.216.15 - - [09/May/2022:11:21:22 +0800] "GET /xingrg/all/function/internal_message.html?_=1652066482849&CODE_STATE=getMsg HTTP/1.1" 200 27
120.253.135.82 - - [09/May/2022:11:21:27 +0800] "GET /xingrg/all/function/internal_message.html?_=1652066296403&CODE_STATE=getMsg HTTP/1.1" 200 27
58.39.61.91 - - [09/May/2022:11:21:35 +0800] "GET /xingrg/all/function/internal_message.html?_=1652066495324&CODE_STATE=getMsg HTTP/1.1" 200 27
114.83.216.15 - - [09/May/2022:11:21:37 +0800] "POST /xingrg/services/DataTransmitService HTTP/1.1" 200 524
116.235.92.88 - - [09/May/2022:11:21:47 +0800] "GET /xingrg/check_reg.html?_=1652066679320 HTTP/1.1" 200 22
116.235.92.88 - - [09/May/2022:11:21:47 +0800] "GET /xingrg/all/function/internal_message.html?_=1652066679321&CODE_STATE=getMsg HTTP/1.1" 200 27
58.39.61.91 - - [09/May/2022:11:21:50 +0800] "GET /xingrg/check_reg.html?_=1652066472074 HTTP/1.1" 200 22
58.39.61.91 - - [09/May/2022:11:21:51 +0800] "GET /xingrg/all/function/internal_message.html?_=1652066473025&CODE_STATE=getMsg HTTP/1.1" 200 27
101.85.120.86 - - [09/May/2022:11:22:02 +0800] "GET /xingrg/check_reg.html?_=1652066520425 HTTP/1.1" 200 22
101.85.120.86 - - [09/May/2022:11:22:02 +0800] "GET /xingrg/all/function/internal_message.html?_=1652066520426&CODE_STATE=getMsg HTTP/1.1" 200 27
58.39.201.47 - - [09/May/2022:11:22:07 +0800] "GET /xingrg/all/function/internal_message.html?_=1652066459187&CODE_STATE=getMsg HTTP/1.1" 200 27
218.81.223.53 - - [09/May/2022:11:22:12 +0800] "GET /xingrg/all/function/internal_message.html?_=1652066533605&CODE_STATE=getMsg HTTP/1.1" 200 27
101.87.191.251 - - [09/May/2022:11:22:18 +0800] "GET /xingrg/all/function/internal_message.html?_=1652066539159&CODE_STATE=getMsg HTTP/1.1" 302 -
114.83.216.15 - - [09/May/2022:11:22:22 +0800] "GET /xingrg/all/function/internal_message.html?_=1652066542833&CODE_STATE=getMsg HTTP/1.1" 200 27
120.253.135.82 - - [09/May/2022:11:22:27 +0800] "GET /xingrg/all/function/internal_message.html?_=1652066356407&CODE_STATE=getMsg HTTP/1.1" 200 27
58.39.61.91 - - [09/May/2022:11:22:35 +0800] "GET /xingrg/all/function/internal_message.html?_=1652066555304&CODE_STATE=getMsg HTTP/1.1" 200 27
116.235.92.88 - - [09/May/2022:11:22:47 +0800] "GET /xingrg/all/function/internal_message.html?_=1652066739320&CODE_STATE=getMsg HTTP/1.1" 200 27
58.39.61.91 - - [09/May/2022:11:22:51 +0800] "GET /xingrg/all/function/internal_message.html?_=1652066533039&CODE_STATE=getMsg HTTP/1.1" 200 27
116.235.92.88 - - [09/May/2022:11:22:55 +0800] "POST /xingrg/services/DataTransmitService HTTP/1.1" 200 524
101.85.120.86 - - [09/May/2022:11:23:02 +0800] "GET /xingrg/all/function/internal_message.html?_=1652066580425&CODE_STATE=getMsg HTTP/1.1" 200 27
58.39.201.47 - - [09/May/2022:11:23:07 +0800] "GET /xingrg/all/function/internal_message.html?_=1652066519157&CODE_STATE=getMsg HTTP/1.1" 200 27
218.81.223.53 - - [09/May/2022:11:23:12 +0800] "GET /xingrg/all/function/internal_message.html?_=1652066593748&CODE_STATE=getMsg HTTP/1.1" 200 27
101.87.191.251 - - [09/May/2022:11:23:18 +0800] "GET /xingrg/all/function/internal_message.html?_=1652066599160&CODE_STATE=getMsg HTTP/1.1" 302 -
101.87.191.251 - - [09/May/2022:11:23:18 +0800] "GET /xingrg/check_reg.html?_=1652066599227 HTTP/1.1" 302 -
114.83.216.15 - - [09/May/2022:11:23:22 +0800] "GET /xingrg/all/function/internal_message.html?_=1652066602808&CODE_STATE=getMsg HTTP/1.1" 200 27
120.253.135.82 - - [09/May/2022:11:23:26 +0800] "GET /xingrg/check_reg.html?_=1652066415670 HTTP/1.1" 200 22
120.253.135.82 - - [09/May/2022:11:23:27 +0800] "GET /xingrg/all/function/internal_message.html?_=1652066416421&CODE_STATE=getMsg HTTP/1.1" 200 27
58.39.61.91 - - [09/May/2022:11:23:35 +0800] "GET /xingrg/all/function/internal_message.html?_=1652066615283&CODE_STATE=getMsg HTTP/1.1" 200 27
58.39.61.91 - - [09/May/2022:11:23:38 +0800] "GET /xingrg/check_reg.html?_=1652066617974 HTTP/1.1" 200 22
116.235.92.88 - - [09/May/2022:11:23:47 +0800] "GET /xingrg/all/function/internal_message.html?_=1652066799318&CODE_STATE=getMsg HTTP/1.1" 200 27
58.39.61.91 - - [09/May/2022:11:23:51 +0800] "GET /xingrg/all/function/internal_message.html?_=1652066593053&CODE_STATE=getMsg HTTP/1.1" 200 27
101.85.120.86 - - [09/May/2022:11:24:02 +0800] "GET /xingrg/all/function/internal_message.html?_=1652066640423&CODE_STATE=getMsg HTTP/1.1" 200 27
58.39.201.47 - - [09/May/2022:11:24:07 +0800] "GET /xingrg/all/function/internal_message.html?_=1652066579142&CODE_STATE=getMsg HTTP/1.1" 200 27
218.81.223.53 - - [09/May/2022:11:24:12 +0800] "GET /xingrg/all/function/internal_message.html?_=1652066653758&CODE_STATE=getMsg HTTP/1.1" 200 27
101.87.191.251 - - [09/May/2022:11:24:18 +0800] "GET /xingrg/all/function/internal_message.html?_=1652066659152&CODE_STATE=getMsg HTTP/1.1" 302 -
114.83.216.15 - - [09/May/2022:11:24:22 +0800] "GET /xingrg/all/function/internal_message.html?_=1652066662797&CODE_STATE=getMsg HTTP/1.1" 200 27
120.253.135.82 - - [09/May/2022:11:24:27 +0800] "GET /xingrg/all/function/internal_message.html?_=1652066476435&CODE_STATE=getMsg HTTP/1.1" 200 27
58.221.95.50 - - [09/May/2022:11:24:28 +0800] "GET /xingrg/check_reg.html?_=1652066668449 HTTP/1.1" 302 -
58.39.61.91 - - [09/May/2022:11:24:35 +0800] "GET /xingrg/all/function/internal_message.html?_=1652066675272&CODE_STATE=getMsg HTTP/1.1" 200 27
116.235.92.88 - - [09/May/2022:11:24:47 +0800] "GET /xingrg/all/function/internal_message.html?_=1652066859316&CODE_STATE=getMsg HTTP/1.1" 200 27
58.39.61.91 - - [09/May/2022:11:24:51 +0800] "GET /xingrg/all/function/internal_message.html?_=1652066653075&CODE_STATE=getMsg HTTP/1.1" 200 27
101.85.120.86 - - [09/May/2022:11:25:02 +0800] "GET /xingrg/all/function/internal_message.html?_=1652066700422&CODE_STATE=getMsg HTTP/1.1" 200 27
58.39.201.47 - - [09/May/2022:11:25:07 +0800] "GET /xingrg/all/function/internal_message.html?_=1652066639126&CODE_STATE=getMsg HTTP/1.1" 200 27
58.39.201.47 - - [09/May/2022:11:25:07 +0800] "GET /xingrg/check_reg.html?_=1652066639332 HTTP/1.1" 200 22
218.81.223.53 - - [09/May/2022:11:25:12 +0800] "GET /xingrg/all/function/internal_message.html?_=1652066713897&CODE_STATE=getMsg HTTP/1.1" 200 27
101.87.191.251 - - [09/May/2022:11:25:18 +0800] "GET /xingrg/all/function/internal_message.html?_=1652066719155&CODE_STATE=getMsg HTTP/1.1" 302 -
114.83.216.15 - - [09/May/2022:11:25:22 +0800] "GET /xingrg/all/function/internal_message.html?_=1652066722780&CODE_STATE=getMsg HTTP/1.1" 200 27
120.253.135.82 - - [09/May/2022:11:25:27 +0800] "GET /xingrg/all/function/internal_message.html?_=1652066536573&CODE_STATE=getMsg HTTP/1.1" 200 27
58.39.61.91 - - [09/May/2022:11:25:35 +0800] "GET /xingrg/all/function/internal_message.html?_=1652066735254&CODE_STATE=getMsg HTTP/1.1" 200 27
116.235.92.88 - - [09/May/2022:11:25:47 +0800] "GET /xingrg/all/function/internal_message.html?_=1652066919314&CODE_STATE=getMsg HTTP/1.1" 200 27
58.39.61.91 - - [09/May/2022:11:25:51 +0800] "GET /xingrg/all/function/internal_message.html?_=1652066713080&CODE_STATE=getMsg HTTP/1.1" 200 27
101.85.120.86 - - [09/May/2022:11:26:02 +0800] "GET /xingrg/all/function/internal_message.html?_=1652066760420&CODE_STATE=getMsg HTTP/1.1" 200 27
58.39.201.47 - - [09/May/2022:11:26:07 +0800] "GET /xingrg/all/function/internal_message.html?_=1652066699097&CODE_STATE=getMsg HTTP/1.1" 200 27
218.81.223.53 - - [09/May/2022:11:26:07 +0800] "GET /xingrg/check_reg.html?_=1652066768984 HTTP/1.1" 200 22
218.81.223.53 - - [09/May/2022:11:26:12 +0800] "GET /xingrg/all/function/internal_message.html?_=1652066773909&CODE_STATE=getMsg HTTP/1.1" 200 27
101.87.191.251 - - [09/May/2022:11:26:18 +0800] "GET /xingrg/all/function/internal_message.html?_=1652066779146&CODE_STATE=getMsg HTTP/1.1" 302 -
114.83.216.15 - - [09/May/2022:11:26:18 +0800] "GET /xingrg/check_reg.html?_=1652066778886 HTTP/1.1" 200 22
114.83.216.15 - - [09/May/2022:11:26:22 +0800] "GET /xingrg/all/function/internal_message.html?_=1652066782774&CODE_STATE=getMsg HTTP/1.1" 200 27
120.253.135.82 - - [09/May/2022:11:26:27 +0800] "GET /xingrg/all/function/internal_message.html?_=1652066596587&CODE_STATE=getMsg HTTP/1.1" 200 27
58.39.61.91 - - [09/May/2022:11:26:35 +0800] "GET /xingrg/all/function/internal_message.html?_=1652066795226&CODE_STATE=getMsg HTTP/1.1" 200 27
116.235.92.88 - - [09/May/2022:11:26:47 +0800] "GET /xingrg/all/function/internal_message.html?_=1652066979312&CODE_STATE=getMsg HTTP/1.1" 200 27
116.235.92.88 - - [09/May/2022:11:26:47 +0800] "GET /xingrg/check_reg.html?_=1652066979313 HTTP/1.1" 200 22
58.39.61.91 - - [09/May/2022:11:26:50 +0800] "GET /xingrg/check_reg.html?_=1652066772090 HTTP/1.1" 200 22
58.39.61.91 - - [09/May/2022:11:26:51 +0800] "GET /xingrg/all/function/internal_message.html?_=1652066773094&CODE_STATE=getMsg HTTP/1.1" 200 27
101.85.120.86 - - [09/May/2022:11:27:02 +0800] "GET /xingrg/all/function/internal_message.html?_=1652066820418&CODE_STATE=getMsg HTTP/1.1" 200 27
101.85.120.86 - - [09/May/2022:11:27:02 +0800] "GET /xingrg/check_reg.html?_=1652066820418 HTTP/1.1" 200 22
58.39.201.47 - - [09/May/2022:11:27:07 +0800] "GET /xingrg/all/function/internal_message.html?_=1652066759067&CODE_STATE=getMsg HTTP/1.1" 200 27
218.81.223.53 - - [09/May/2022:11:27:12 +0800] "GET /xingrg/all/function/internal_message.html?_=1652066833923&CODE_STATE=getMsg HTTP/1.1" 200 27
101.87.191.251 - - [09/May/2022:11:27:18 +0800] "GET /xingrg/all/function/internal_message.html?_=1652066839151&CODE_STATE=getMsg HTTP/1.1" 302 -
114.83.216.15 - - [09/May/2022:11:27:22 +0800] "GET /xingrg/all/function/internal_message.html?_=1652066842757&CODE_STATE=getMsg HTTP/1.1" 200 27
120.253.135.82 - - [09/May/2022:11:27:27 +0800] "GET /xingrg/all/function/internal_message.html?_=1652066656740&CODE_STATE=getMsg HTTP/1.1" 200 27
140.206.179.42 - - [09/May/2022:11:27:35 +0800] "GET /xingrg/login.html HTTP/1.1" 200 7641
58.39.61.91 - - [09/May/2022:11:27:35 +0800] "GET /xingrg/all/function/internal_message.html?_=1652066855216&CODE_STATE=getMsg HTTP/1.1" 200 27
140.206.179.42 - - [09/May/2022:11:27:36 +0800] "GET /favicon.ico HTTP/1.1" 404 -
140.206.179.42 - - [09/May/2022:11:27:37 +0800] "POST /xingrg/login.do HTTP/1.1" 302 -
140.206.179.42 - - [09/May/2022:11:27:37 +0800] "GET /xingrg/index.html?sysBaseUrl=http%3A%2F%2F180.169.147.146%3A18081%2Fxingrg%2F&costTime=40×tamp=1652066857352 HTTP/1.1" 200 17503
140.206.179.42 - - [09/May/2022:11:27:37 +0800] "GET /favicon.ico HTTP/1.1" 404 -
140.206.179.42 - - [09/May/2022:11:27:37 +0800] "POST /xingrg/all/common/load_tree.html?tree=area_rest_tree_json&manage=1 HTTP/1.1" 200 3472
140.206.179.42 - - [09/May/2022:11:27:37 +0800] "GET /xingrg/check_reg.html?_=1652066857340 HTTP/1.1" 200 22
140.206.179.42 - - [09/May/2022:11:27:37 +0800] "GET /xingrg/all/function/internal_message.html?_=1652066857339&CODE_STATE=count HTTP/1.1" 200 11
140.206.179.42 - - [09/May/2022:11:27:37 +0800] "POST /xingrg/load_menu.html HTTP/1.1" 200 11564
140.206.179.42 - - [09/May/2022:11:27:41 +0800] "POST /xingrg/all/user/operate.html HTTP/1.1" 200 36
140.206.179.42 - - [09/May/2022:11:27:41 +0800] "GET /xingrg/javascript/jquery_easy_ui/themes/default/easyui.css HTTP/1.1" 304 -
140.206.179.42 - - [09/May/2022:11:27:41 +0800] "GET /xingrg/index.html?sysBaseUrl=http%3A%2F%2F180.169.147.146%3A18081%2Fxingrg%2F&costTime=40×tamp=1652066857352 HTTP/1.1" 200 17509
140.206.179.42 - - [09/May/2022:11:27:41 +0800] "GET /xingrg/javascript/jquery_easy_ui/themes/icon.css HTTP/1.1" 304 -
140.206.179.42 - - [09/May/2022:11:27:41 +0800] "GET /xingrg/css/form.css HTTP/1.1" 304 -
140.206.179.42 - - [09/May/2022:11:27:41 +0800] "GET /xingrg/javascript/jquery-1.4.2.min.js HTTP/1.1" 304 -
140.206.179.42 - - [09/May/2022:11:27:41 +0800] "GET /xingrg/javascript/jquery_easy_ui/jquery.easyui.min.js HTTP/1.1" 304 -
140.206.179.42 - - [09/May/2022:11:27:41 +0800] "GET /xingrg/javascript/jquery_easy_ui/easyui-lang-zh_CN.js HTTP/1.1" 304 -
140.206.179.42 - - [09/May/2022:11:27:41 +0800] "GET /xingrg/javascript/jquery.form.js HTTP/1.1" 304 -
140.206.179.42 - - [09/May/2022:11:27:41 +0800] "GET /xingrg/javascript/jquery.utils.js HTTP/1.1" 304 -
140.206.179.42 - - [09/May/2022:11:27:41 +0800] "GET /xingrg/javascript/jquery.timers.js HTTP/1.1" 304 -
140.206.179.42 - - [09/May/2022:11:27:41 +0800] "GET /xingrg/images/blue/jxLogo.png HTTP/1.1" 304 -
140.206.179.42 - - [09/May/2022:11:27:41 +0800] "GET /xingrg/javascript/jquery_easy_ui/themes/icons/settle_new.png HTTP/1.1" 304 -
140.206.179.42 - - [09/May/2022:11:27:41 +0800] "GET /xingrg/images/blue/navBackgound.jpg HTTP/1.1" 304 -
140.206.179.42 - - [09/May/2022:11:27:41 +0800] "POST /xingrg/all/common/load_tree.html?tree=area_rest_tree_json&manage=1 HTTP/1.1" 200 3472
140.206.179.42 - - [09/May/2022:11:27:41 +0800] "GET /xingrg/all/function/internal_message.html?_=1652066861395&CODE_STATE=count HTTP/1.1" 200 11
140.206.179.42 - - [09/May/2022:11:27:41 +0800] "GET /xingrg/javascript/jquery_easy_ui/themes/default/images/tabs_rightarrow.png HTTP/1.1" 304 -
140.206.179.42 - - [09/May/2022:11:27:41 +0800] "GET /xingrg/images/blue/pingpu.png HTTP/1.1" 304 -
140.206.179.42 - - [09/May/2022:11:27:41 +0800] "GET /xingrg/javascript/jquery_easy_ui/themes/default/images/tabs_leftarrow.png HTTP/1.1" 304 -
140.206.179.42 - - [09/May/2022:11:27:41 +0800] "GET /xingrg/check_reg.html?_=1652066861396 HTTP/1.1" 200 22
140.206.179.42 - - [09/May/2022:11:27:41 +0800] "GET /xingrg/javascript/jquery_easy_ui/themes/default/images/panel_tool_collapse.gif HTTP/1.1" 304 -
140.206.179.42 - - [09/May/2022:11:27:41 +0800] "POST /xingrg/load_menu.html HTTP/1.1" 200 9959
140.206.179.42 - - [09/May/2022:11:27:41 +0800] "GET /xingrg/javascript/jquery_easy_ui/themes/default/images/panel_tool_expand.gif HTTP/1.1" 304 -
140.206.179.42 - - [09/May/2022:11:27:41 +0800] "GET /xingrg/javascript/jquery_easy_ui/themes/icons/forms_new.png HTTP/1.1" 304 -
140.206.179.42 - - [09/May/2022:11:27:41 +0800] "GET /xingrg/javascript/jquery_easy_ui/themes/icons/checkout_new.png HTTP/1.1" 304 -
140.206.179.42 - - [09/May/2022:11:27:41 +0800] "GET /xingrg/javascript/jquery_easy_ui/themes/default/images/tree_folder_open.gif HTTP/1.1" 304 -
140.206.179.42 - - [09/May/2022:11:27:41 +0800] "GET /xingrg/javascript/jquery_easy_ui/themes/default/images/tree_arrows.gif HTTP/1.1" 304 -
140.206.179.42 - - [09/May/2022:11:27:41 +0800] "GET /xingrg/javascript/jquery_easy_ui/themes/icons/storage_new.png HTTP/1.1" 304 -
140.206.179.42 - - [09/May/2022:11:27:41 +0800] "GET /xingrg/javascript/jquery_easy_ui/themes/icons/search_new.png HTTP/1.1" 304 -
140.206.179.42 - - [09/May/2022:11:27:41 +0800] "GET /xingrg/javascript/jquery_easy_ui/themes/default/images/tree_folder.gif HTTP/1.1" 304 -
140.206.179.42 - - [09/May/2022:11:27:41 +0800] "GET /xingrg/javascript/jquery_easy_ui/themes/icons/setting_new.png HTTP/1.1" 304 -
140.206.179.42 - - [09/May/2022:11:27:41 +0800] "GET /xingrg/javascript/jquery_easy_ui/themes/default/images/tree_file.gif HTTP/1.1" 304 -
140.206.179.42 - - [09/May/2022:11:27:41 +0800] "GET /xingrg/javascript/jquery_easy_ui/themes/icons/systemset_new.png HTTP/1.1" 304 -
140.206.179.42 - - [09/May/2022:11:27:45 +0800] "GET /xingrg/kc/report/report_main.html HTTP/1.1" 200 7340
140.206.179.42 - - [09/May/2022:11:27:45 +0800] "GET /xingrg/javascript/json2.js HTTP/1.1" 200 11259
140.206.179.42 - - [09/May/2022:11:27:45 +0800] "GET /xingrg/javascript/jquery_ui/themes/humanity/humanity.css HTTP/1.1" 200 27801
140.206.179.42 - - [09/May/2022:11:27:45 +0800] "GET /xingrg/javascript/jquery_easy_ui/themes/icons/back_new.png HTTP/1.1" 200 3414
140.206.179.42 - - [09/May/2022:11:27:47 +0800] "POST /xingrg/load_menu.html HTTP/1.1" 200 10797
116.235.92.88 - - [09/May/2022:11:27:47 +0800] "GET /xingrg/all/function/internal_message.html?_=1652067039311&CODE_STATE=getMsg HTTP/1.1" 200 27
140.206.179.42 - - [09/May/2022:11:27:48 +0800] "GET /xingrg/all/report/report_query.html?fileName=dma/new_5.0/yingye/order_list.xml HTTP/1.1" 200 55281
140.206.179.42 - - [09/May/2022:11:27:48 +0800] "GET /xingrg/dwr/interface/AjaxReportQueryService.js HTTP/1.1" 200 13203
140.206.179.42 - - [09/May/2022:11:27:48 +0800] "GET /xingrg/dwr/engine.js HTTP/1.1" 200 43631
140.206.179.42 - - [09/May/2022:11:27:48 +0800] "POST /xingrg/dwr/call/plaincall/AjaxReportQueryService.getFixDate.dwr HTTP/1.1" 200 111
140.206.179.42 - - [09/May/2022:11:27:48 +0800] "POST /xingrg/all/common/load_tree.html?tree=area_station_tree_json&manage=1 HTTP/1.1" 200 3364
140.206.179.42 - - [09/May/2022:11:27:48 +0800] "POST /xingrg/dwr/call/plaincall/AjaxReportQueryService.getInitString.dwr HTTP/1.1" 200 76
140.206.179.42 - - [09/May/2022:11:27:50 +0800] "POST /xingrg/dwr/call/plaincall/AjaxReportQueryService.getFixDate.dwr HTTP/1.1" 200 111
58.39.61.91 - - [09/May/2022:11:27:51 +0800] "GET /xingrg/all/function/internal_message.html?_=1652066833107&CODE_STATE=getMsg HTTP/1.1" 200 27
140.206.179.42 - - [09/May/2022:11:27:56 +0800] "POST /xingrg/dwr/call/plaincall/AjaxReportQueryService.queryInitializeString.dwr HTTP/1.1" 200 76
140.206.179.42 - - [09/May/2022:11:27:57 +0800] "POST /xingrg/dwr/call/plaincall/AjaxReportQueryService.refreshCache.dwr HTTP/1.1" 200 78
140.206.179.42 - - [09/May/2022:11:27:58 +0800] "POST /xingrg/all/report/load_report_page.html HTTP/1.1" 200 89
101.85.120.86 - - [09/May/2022:11:28:02 +0800] "GET /xingrg/all/function/internal_message.html?_=1652066880417&CODE_STATE=getMsg HTTP/1.1" 200 27
58.39.201.47 - - [09/May/2022:11:28:07 +0800] "GET /xingrg/all/function/internal_message.html?_=1652066819053&CODE_STATE=getMsg HTTP/1.1" 200 27
218.81.223.53 - - [09/May/2022:11:28:12 +0800] "GET /xingrg/all/function/internal_message.html?_=1652066894075&CODE_STATE=getMsg HTTP/1.1" 200 27
101.87.191.251 - - [09/May/2022:11:28:18 +0800] "GET /xingrg/all/function/internal_message.html?_=1652066899155&CODE_STATE=getMsg HTTP/1.1" 302 -
101.87.191.251 - - [09/May/2022:11:28:18 +0800] "GET /xingrg/check_reg.html?_=1652066899200 HTTP/1.1" 302 -
114.83.216.15 - - [09/May/2022:11:28:22 +0800] "GET /xingrg/all/function/internal_message.html?_=1652066902740&CODE_STATE=getMsg HTTP/1.1" 200 27
120.253.135.82 - - [09/May/2022:11:28:26 +0800] "GET /xingrg/check_reg.html?_=1652066715667 HTTP/1.1" 200 22
120.253.135.82 - - [09/May/2022:11:28:27 +0800] "GET /xingrg/all/function/internal_message.html?_=1652066716754&CODE_STATE=getMsg HTTP/1.1" 200 27
58.39.61.91 - - [09/May/2022:11:28:35 +0800] "GET /xingrg/all/function/internal_message.html?_=1652066915201&CODE_STATE=getMsg HTTP/1.1" 200 27
58.39.61.91 - - [09/May/2022:11:28:38 +0800] "GET /xingrg/check_reg.html?_=1652066917978 HTTP/1.1" 200 22
116.235.92.88 - - [09/May/2022:11:28:47 +0800] "GET /xingrg/all/function/internal_message.html?_=1652067099318&CODE_STATE=getMsg HTTP/1.1" 200 27
58.39.61.91 - - [09/May/2022:11:28:51 +0800] "GET /xingrg/all/function/internal_message.html?_=1652066893120&CODE_STATE=getMsg HTTP/1.1" 200 27
101.85.120.86 - - [09/May/2022:11:29:02 +0800] "GET /xingrg/all/function/internal_message.html?_=1652066940442&CODE_STATE=getMsg HTTP/1.1" 200 27
58.39.201.47 - - [09/May/2022:11:29:07 +0800] "GET /xingrg/all/function/internal_message.html?_=1652066879037&CODE_STATE=getMsg HTTP/1.1" 200 27
218.81.223.53 - - [09/May/2022:11:29:07 +0800] "POST /xingrg/services/DataTransmitService HTTP/1.1" 200 524
218.81.223.53 - - [09/May/2022:11:29:08 +0800] "POST /xingrg/services/DataTransmitService HTTP/1.1" 200 412
218.81.223.53 - - [09/May/2022:11:29:12 +0800] "GET /xingrg/all/function/internal_message.html?_=1652066954077&CODE_STATE=getMsg HTTP/1.1" 200 27
101.87.191.251 - - [09/May/2022:11:29:18 +0800] "GET /xingrg/all/function/internal_message.html?_=1652066959147&CODE_STATE=getMsg HTTP/1.1" 302 -
114.83.216.15 - - [09/May/2022:11:29:22 +0800] "GET /xingrg/all/function/internal_message.html?_=1652066962734&CODE_STATE=getMsg HTTP/1.1" 200 27
120.253.135.82 - - [09/May/2022:11:29:27 +0800] "GET /xingrg/all/function/internal_message.html?_=1652066776769&CODE_STATE=getMsg HTTP/1.1" 200 27
58.221.95.50 - - [09/May/2022:11:29:28 +0800] "GET /xingrg/check_reg.html?_=1652066968419 HTTP/1.1" 302 -
58.39.61.91 - - [09/May/2022:11:29:35 +0800] "GET /xingrg/all/function/internal_message.html?_=1652066975174&CODE_STATE=getMsg HTTP/1.1" 200 27
116.235.92.88 - - [09/May/2022:11:29:47 +0800] "GET /xingrg/all/function/internal_message.html?_=1652067159316&CODE_STATE=getMsg HTTP/1.1" 200 27
58.39.61.91 - - [09/May/2022:11:29:51 +0800] "GET /xingrg/all/function/internal_message.html?_=1652066953143&CODE_STATE=getMsg HTTP/1.1" 200 27
101.85.120.86 - - [09/May/2022:11:30:02 +0800] "GET /xingrg/all/function/internal_message.html?_=1652067000439&CODE_STATE=getMsg HTTP/1.1" 200 27
58.39.201.47 - - [09/May/2022:11:30:07 +0800] "GET /xingrg/all/function/internal_message.html?_=1652066939046&CODE_STATE=getMsg HTTP/1.1" 200 27
58.39.201.47 - - [09/May/2022:11:30:07 +0800] "GET /xingrg/check_reg.html?_=1652066939362 HTTP/1.1" 200 22
218.81.223.53 - - [09/May/2022:11:30:12 +0800] "GET /xingrg/all/function/internal_message.html?_=1652067014206&CODE_STATE=getMsg HTTP/1.1" 200 27
101.87.191.251 - - [09/May/2022:11:30:18 +0800] "GET /xingrg/all/function/internal_message.html?_=1652067019149&CODE_STATE=getMsg HTTP/1.1" 302 -
114.83.216.15 - - [09/May/2022:11:30:22 +0800] "GET /xingrg/all/function/internal_message.html?_=1652067022716&CODE_STATE=getMsg HTTP/1.1" 200 27
120.253.135.82 - - [09/May/2022:11:30:27 +0800] "GET /xingrg/all/function/internal_message.html?_=1652066836781&CODE_STATE=getMsg HTTP/1.1" 200 27
58.39.61.91 - - [09/May/2022:11:30:35 +0800] "GET /xingrg/all/function/internal_message.html?_=1652067035146&CODE_STATE=getMsg HTTP/1.1" 200 27
116.235.92.88 - - [09/May/2022:11:30:47 +0800] "GET /xingrg/all/function/internal_message.html?_=1652067219315&CODE_STATE=getMsg HTTP/1.1" 200 27
58.39.61.91 - - [09/May/2022:11:30:51 +0800] "GET /xingrg/all/function/internal_message.html?_=1652067013148&CODE_STATE=getMsg HTTP/1.1" 200 27
101.85.120.86 - - [09/May/2022:11:31:02 +0800] "GET /xingrg/all/function/internal_message.html?_=1652067060437&CODE_STATE=getMsg HTTP/1.1" 200 27
58.39.201.47 - - [09/May/2022:11:31:07 +0800] "GET /xingrg/all/function/internal_message.html?_=1652066999018&CODE_STATE=getMsg HTTP/1.1" 200 27
218.81.223.53 - - [09/May/2022:11:31:07 +0800] "GET /xingrg/check_reg.html?_=1652067068986 HTTP/1.1" 200 22
218.81.223.53 - - [09/May/2022:11:31:12 +0800] "GET /xingrg/all/function/internal_message.html?_=1652067074212&CODE_STATE=getMsg HTTP/1.1" 200 27
101.87.191.251 - - [09/May/2022:11:31:18 +0800] "GET /xingrg/all/function/internal_message.html?_=1652067079152&CODE_STATE=getMsg HTTP/1.1" 302 -
114.83.216.15 - - [09/May/2022:11:31:19 +0800] "GET /xingrg/check_reg.html?_=1652067078893 HTTP/1.1" 200 22
114.83.216.15 - - [09/May/2022:11:31:22 +0800] "GET /xingrg/all/function/internal_message.html?_=1652067082697&CODE_STATE=getMsg HTTP/1.1" 200 27
120.253.135.82 - - [09/May/2022:11:31:27 +0800] "GET /xingrg/all/function/internal_message.html?_=1652066896928&CODE_STATE=getMsg HTTP/1.1" 200 27
117.143.50.163 - - [09/May/2022:11:31:33 +0800] "GET /xingrg/login.html HTTP/1.1" 200 7641
117.143.50.163 - - [09/May/2022:11:31:34 +0800] "GET /favicon.ico HTTP/1.1" 404 -
58.39.61.91 - - [09/May/2022:11:31:35 +0800] "GET /xingrg/all/function/internal_message.html?_=1652067095141&CODE_STATE=getMsg HTTP/1.1" 200 27
117.143.50.163 - - [09/May/2022:11:31:40 +0800] "POST /xingrg/login.do HTTP/1.1" 302 -
117.143.50.163 - - [09/May/2022:11:31:40 +0800] "GET /xingrg/index.html?sysBaseUrl=http%3A%2F%2F180.169.147.146%3A18081%2Fxingrg%2F&costTime=42×tamp=1652067100537 HTTP/1.1" 200 17503
117.143.50.163 - - [09/May/2022:11:31:40 +0800] "POST /xingrg/all/common/load_tree.html?tree=area_rest_tree_json&manage=1 HTTP/1.1" 200 3472
117.143.50.163 - - [09/May/2022:11:31:40 +0800] "GET /favicon.ico HTTP/1.1" 404 -
117.143.50.163 - - [09/May/2022:11:31:40 +0800] "GET /xingrg/all/function/internal_message.html?_=1652067101424&CODE_STATE=count HTTP/1.1" 200 11
117.143.50.163 - - [09/May/2022:11:31:40 +0800] "GET /xingrg/check_reg.html?_=1652067101425 HTTP/1.1" 200 22
117.143.50.163 - - [09/May/2022:11:31:40 +0800] "POST /xingrg/load_menu.html HTTP/1.1" 200 11443
117.143.50.163 - - [09/May/2022:11:31:43 +0800] "POST /xingrg/load_menu.html HTTP/1.1" 200 9695
117.143.50.163 - - [09/May/2022:11:31:45 +0800] "GET /xingrg/all/report/report_query.html?fileName=dma/new_5.0/yingye/order_list.xml HTTP/1.1" 200 55281
117.143.50.163 - - [09/May/2022:11:31:45 +0800] "GET /xingrg/dwr/util.js HTTP/1.1" 304 -
117.143.50.163 - - [09/May/2022:11:31:45 +0800] "GET /xingrg/dwr/interface/AjaxReportQueryService.js HTTP/1.1" 200 13203
117.143.50.163 - - [09/May/2022:11:31:45 +0800] "GET /xingrg/dwr/engine.js HTTP/1.1" 200 43631
117.143.50.163 - - [09/May/2022:11:31:45 +0800] "POST /xingrg/dwr/call/plaincall/AjaxReportQueryService.getFixDate.dwr HTTP/1.1" 200 111
117.143.50.163 - - [09/May/2022:11:31:45 +0800] "POST /xingrg/all/common/load_tree.html?tree=area_station_tree_json&manage=1 HTTP/1.1" 200 3364
117.143.50.163 - - [09/May/2022:11:31:45 +0800] "POST /xingrg/dwr/call/plaincall/AjaxReportQueryService.getInitString.dwr HTTP/1.1" 200 76
116.235.92.88 - - [09/May/2022:11:31:47 +0800] "GET /xingrg/check_reg.html?_=1652067279314 HTTP/1.1" 200 22
116.235.92.88 - - [09/May/2022:11:31:47 +0800] "GET /xingrg/all/function/internal_message.html?_=1652067279315&CODE_STATE=getMsg HTTP/1.1" 200 27
117.143.50.163 - - [09/May/2022:11:31:47 +0800] "POST /xingrg/dwr/call/plaincall/AjaxReportQueryService.getFixDate.dwr HTTP/1.1" 200 111
58.39.61.91 - - [09/May/2022:11:31:50 +0800] "GET /xingrg/check_reg.html?_=1652067072092 HTTP/1.1" 200 22
58.39.61.91 - - [09/May/2022:11:31:51 +0800] "GET /xingrg/all/function/internal_message.html?_=1652067073160&CODE_STATE=getMsg HTTP/1.1" 200 27
117.143.50.163 - - [09/May/2022:11:31:53 +0800] "POST /xingrg/dwr/call/plaincall/AjaxReportQueryService.queryInitializeString.dwr HTTP/1.1" 200 101
117.143.50.163 - - [09/May/2022:11:31:54 +0800] "POST /xingrg/dwr/call/plaincall/AjaxReportQueryService.refreshCache.dwr HTTP/1.1" 200 78
117.143.50.163 - - [09/May/2022:11:31:55 +0800] "POST /xingrg/all/report/load_report_page.html HTTP/1.1" 200 23378
117.143.50.163 - - [09/May/2022:11:31:55 +0800] "GET /xingrg/servlets/image?cache=0.015347729584418657&image=px HTTP/1.1" 200 807
101.85.120.86 - - [09/May/2022:11:32:02 +0800] "GET /xingrg/all/function/internal_message.html?_=1652067120451&CODE_STATE=getMsg HTTP/1.1" 200 27
101.85.120.86 - - [09/May/2022:11:32:02 +0800] "GET /xingrg/check_reg.html?_=1652067120452 HTTP/1.1" 200 22
58.39.201.47 - - [09/May/2022:11:32:07 +0800] "GET /xingrg/all/function/internal_message.html?_=1652067058988&CODE_STATE=getMsg HTTP/1.1" 200 27
218.81.223.53 - - [09/May/2022:11:32:12 +0800] "GET /xingrg/all/function/internal_message.html?_=1652067134225&CODE_STATE=getMsg HTTP/1.1" 200 27
101.87.191.251 - - [09/May/2022:11:32:19 +0800] "GET /xingrg/all/function/internal_message.html?_=1652067139155&CODE_STATE=getMsg HTTP/1.1" 302 -
114.83.216.15 - - [09/May/2022:11:32:22 +0800] "GET /xingrg/all/function/internal_message.html?_=1652067142668&CODE_STATE=getMsg HTTP/1.1" 200 27
120.253.135.82 - - [09/May/2022:11:32:27 +0800] "GET /xingrg/all/function/internal_message.html?_=1652066956933&CODE_STATE=getMsg HTTP/1.1" 200 27
58.39.61.91 - - [09/May/2022:11:32:35 +0800] "GET /xingrg/all/function/internal_message.html?_=1652067155129&CODE_STATE=getMsg HTTP/1.1" 200 27
117.143.50.163 - - [09/May/2022:11:32:40 +0800] "GET /xingrg/all/function/internal_message.html?_=1652067161452&CODE_STATE=getMsg HTTP/1.1" 200 27
116.235.92.88 - - [09/May/2022:11:32:47 +0800] "GET /xingrg/all/function/internal_message.html?_=1652067339314&CODE_STATE=getMsg HTTP/1.1" 200 27
58.39.61.91 - - [09/May/2022:11:32:51 +0800] "GET /xingrg/all/function/internal_message.html?_=1652067133174&CODE_STATE=getMsg HTTP/1.1" 200 27
114.88.156.203 - - [09/May/2022:11:33:00 +0800] "POST /xingrg/services/DataTransmitService HTTP/1.1" 200 524
114.88.156.203 - - [09/May/2022:11:33:00 +0800] "POST /xingrg/services/DataTransmitService HTTP/1.1" 200 412
101.85.120.86 - - [09/May/2022:11:33:02 +0800] "GET /xingrg/all/function/internal_message.html?_=1652067180451&CODE_STATE=getMsg HTTP/1.1" 200 27
58.39.201.47 - - [09/May/2022:11:33:07 +0800] "GET /xingrg/all/function/internal_message.html?_=1652067118972&CODE_STATE=getMsg HTTP/1.1" 200 27
58.39.61.91 - - [09/May/2022:11:33:11 +0800] "POST /xingrg/services/DataTransmitService HTTP/1.1" 200 524
58.39.61.91 - - [09/May/2022:11:33:12 +0800] "POST /xingrg/services/DataTransmitService HTTP/1.1" 200 501
58.39.61.91 - - [09/May/2022:11:33:12 +0800] "POST /xingrg/services/DataTransmitService HTTP/1.1" 200 501
58.39.61.91 - - [09/May/2022:11:33:12 +0800] "POST /xingrg/services/DataTransmitService HTTP/1.1" 200 501
58.39.61.91 - - [09/May/2022:11:33:12 +0800] "POST /xingrg/services/DataTransmitService HTTP/1.1" 200 501
218.81.223.53 - - [09/May/2022:11:33:12 +0800] "GET /xingrg/all/function/internal_message.html?_=1652067194362&CODE_STATE=getMsg HTTP/1.1" 200 27
58.39.61.91 - - [09/May/2022:11:33:12 +0800] "POST /xingrg/services/DataTransmitService HTTP/1.1" 200 501
58.39.61.91 - - [09/May/2022:11:33:13 +0800] "POST /xingrg/services/DataTransmitService HTTP/1.1" 200 412
101.87.191.251 - - [09/May/2022:11:33:21 +0800] "GET /xingrg/check_reg.html?_=1652067199181 HTTP/1.1" 302 -
101.87.191.251 - - [09/May/2022:11:33:21 +0800] "GET /xingrg/all/function/internal_message.html?_=1652067199156&CODE_STATE=getMsg HTTP/1.1" 302 -
114.83.216.15 - - [09/May/2022:11:33:22 +0800] "GET /xingrg/all/function/internal_message.html?_=1652067202641&CODE_STATE=getMsg HTTP/1.1" 200 27
120.253.135.82 - - [09/May/2022:11:33:26 +0800] "GET /xingrg/check_reg.html?_=1652067015804 HTTP/1.1" 200 22
120.253.135.82 - - [09/May/2022:11:33:27 +0800] "GET /xingrg/all/function/internal_message.html?_=1652067016947&CODE_STATE=getMsg HTTP/1.1" 200 27
58.39.61.91 - - [09/May/2022:11:33:35 +0800] "GET /xingrg/all/function/internal_message.html?_=1652067215101&CODE_STATE=getMsg HTTP/1.1" 200 27
58.39.61.91 - - [09/May/2022:11:33:38 +0800] "GET /xingrg/check_reg.html?_=1652067218006 HTTP/1.1" 200 22
117.143.50.163 - - [09/May/2022:11:33:40 +0800] "GET /xingrg/all/function/internal_message.html?_=1652067221433&CODE_STATE=getMsg HTTP/1.1" 200 27
116.235.92.88 - - [09/May/2022:11:33:47 +0800] "GET /xingrg/all/function/internal_message.html?_=1652067399312&CODE_STATE=getMsg HTTP/1.1" 200 27
58.39.61.91 - - [09/May/2022:11:33:51 +0800] "GET /xingrg/all/function/internal_message.html?_=1652067193188&CODE_STATE=getMsg HTTP/1.1" 200 27
101.85.120.86 - - [09/May/2022:11:34:02 +0800] "GET /xingrg/all/function/internal_message.html?_=1652067240450&CODE_STATE=getMsg HTTP/1.1" 200 27
58.39.201.47 - - [09/May/2022:11:34:07 +0800] "GET /xingrg/all/function/internal_message.html?_=1652067178957&CODE_STATE=getMsg HTTP/1.1" 200 27
218.81.223.53 - - [09/May/2022:11:34:12 +0800] "GET /xingrg/all/function/internal_message.html?_=1652067254377&CODE_STATE=getMsg HTTP/1.1" 200 27
101.87.191.251 - - [09/May/2022:11:34:19 +0800] "GET /xingrg/all/function/internal_message.html?_=1652067259153&CODE_STATE=getMsg HTTP/1.1" 302 -
114.83.216.15 - - [09/May/2022:11:34:22 +0800] "GET /xingrg/all/function/internal_message.html?_=1652067262624&CODE_STATE=getMsg HTTP/1.1" 200 27
120.253.135.82 - - [09/May/2022:11:34:27 +0800] "GET /xingrg/all/function/internal_message.html?_=1652067076960&CODE_STATE=getMsg HTTP/1.1" 200 27
58.221.95.50 - - [09/May/2022:11:34:28 +0800] "GET /xingrg/check_reg.html?_=1652067268447 HTTP/1.1" 302 -
58.39.61.91 - - [09/May/2022:11:34:35 +0800] "GET /xingrg/all/function/internal_message.html?_=1652067275075&CODE_STATE=getMsg HTTP/1.1" 200 27
117.143.50.163 - - [09/May/2022:11:34:40 +0800] "GET /xingrg/all/function/internal_message.html?_=1652067281449&CODE_STATE=getMsg HTTP/1.1" 200 27
116.235.92.88 - - [09/May/2022:11:34:47 +0800] "GET /xingrg/all/function/internal_message.html?_=1652067459310&CODE_STATE=getMsg HTTP/1.1" 200 27
58.39.61.91 - - [09/May/2022:11:34:51 +0800] "GET /xingrg/all/function/internal_message.html?_=1652067253214&CODE_STATE=getMsg HTTP/1.1" 200 27
101.85.120.86 - - [09/May/2022:11:35:02 +0800] "GET /xingrg/all/function/internal_message.html?_=1652067300450&CODE_STATE=getMsg HTTP/1.1" 200 27
58.39.201.47 - - [09/May/2022:11:35:07 +0800] "GET /xingrg/all/function/internal_message.html?_=1652067238941&CODE_STATE=getMsg HTTP/1.1" 200 27
