58.39.201.47 - - [09/May/2022:10:35:34 +0800] "POST /xingrg/dwr/call/plaincall/AjaxYddbService.getMaterielByMap.dwr HTTP/1.1" 200 2843
58.39.61.91 - - [09/May/2022:10:35:36 +0800] "GET /xingrg/all/function/internal_message.html?_=1652063736103&CODE_STATE=getMsg HTTP/1.1" 200 27
180.162.5.100 - - [09/May/2022:10:35:36 +0800] "GET /xingrg/check_reg.html?_=1652063737474 HTTP/1.1" 200 22
180.162.5.100 - - [09/May/2022:10:35:36 +0800] "GET /xingrg/all/function/internal_message.html?_=1652063737475&CODE_STATE=getMsg HTTP/1.1" 200 27
58.39.201.47 - - [09/May/2022:10:35:38 +0800] "POST /xingrg/kc/buy/cgsh_list_operate.html HTTP/1.1" 200 5043
58.39.201.47 - - [09/May/2022:10:35:42 +0800] "GET /xingrg/all/function/internal_message.html?_=1652063747936&CODE_STATE=getMsg HTTP/1.1" 200 27
58.39.201.47 - - [09/May/2022:10:35:47 +0800] "POST /xingrg/kc/buy/cgsh_list_operate.html HTTP/1.1" 200 284
116.235.92.88 - - [09/May/2022:10:35:47 +0800] "GET /xingrg/all/function/internal_message.html?_=1652063919241&CODE_STATE=getMsg HTTP/1.1" 200 27
58.39.61.91 - - [09/May/2022:10:35:50 +0800] "GET /xingrg/all/function/internal_message.html?_=1652063712291&CODE_STATE=getMsg HTTP/1.1" 200 27
58.39.201.47 - - [09/May/2022:10:35:51 +0800] "POST /xingrg/kc/buy/cgsh_list_operate.html HTTP/1.1" 200 5526
58.39.201.47 - - [09/May/2022:10:35:55 +0800] "POST /xingrg/kc/buy/cgsh_list_operate.html HTTP/1.1" 200 276
120.253.135.82 - - [09/May/2022:10:35:56 +0800] "POST /xingrg/kc/pszx/mdps_list_operate.html HTTP/1.1" 200 3557
120.253.135.82 - - [09/May/2022:10:35:57 +0800] "POST /xingrg/kc/pszx/mdps_list_operate.html HTTP/1.1" 200 199
120.253.135.82 - - [09/May/2022:10:35:58 +0800] "GET /xingrg/kc/pszx/mdps_order_info.html?code=312022050900222 HTTP/1.1" 200 23984
120.253.135.82 - - [09/May/2022:10:35:59 +0800] "POST /xingrg/kc/pszx/mdps_order_operate.html HTTP/1.1" 200 2276
120.253.135.82 - - [09/May/2022:10:35:59 +0800] "GET /xingrg/javascript/easyui/themes/default/validatebox.css HTTP/1.1" 404 1104
58.39.201.47 - - [09/May/2022:10:36:06 +0800] "POST /xingrg/kc/buy/cgsh_list_operate.html HTTP/1.1" 200 5448
218.81.223.53 - - [09/May/2022:10:36:07 +0800] "GET /xingrg/check_reg.html?_=1652063768473 HTTP/1.1" 200 22
58.39.201.47 - - [09/May/2022:10:36:07 +0800] "GET /xingrg/all/function/internal_message.html?_=1652063699292&CODE_STATE=getMsg HTTP/1.1" 200 27
120.253.135.82 - - [09/May/2022:10:36:08 +0800] "POST /xingrg/kc/pszx/mdps_order_operate.html HTTP/1.1" 200 37
120.253.135.82 - - [09/May/2022:10:36:09 +0800] "GET /xingrg/kc/pszx/mdps_order_info.html?code=312022050900222 HTTP/1.1" 200 23980
218.81.223.53 - - [09/May/2022:10:36:09 +0800] "GET /xingrg/all/function/internal_message.html?_=1652063771217&CODE_STATE=getMsg HTTP/1.1" 200 27
120.253.135.82 - - [09/May/2022:10:36:10 +0800] "POST /xingrg/kc/pszx/mdps_order_operate.html HTTP/1.1" 200 2276
120.253.135.82 - - [09/May/2022:10:36:10 +0800] "GET /xingrg/javascript/easyui/themes/default/validatebox.css HTTP/1.1" 404 1104
101.87.191.251 - - [09/May/2022:10:36:18 +0800] "GET /xingrg/all/function/internal_message.html?_=1652063779146&CODE_STATE=getMsg HTTP/1.1" 302 -
58.39.201.47 - - [09/May/2022:10:36:18 +0800] "POST /xingrg/kc/buy/cgsh_list_operate.html HTTP/1.1" 200 5598
114.83.216.15 - - [09/May/2022:10:36:18 +0800] "GET /xingrg/check_reg.html?_=1652063778689 HTTP/1.1" 200 22
120.253.135.82 - - [09/May/2022:10:36:20 +0800] "POST /xingrg/kc/pszx/mdps_list_operate.html HTTP/1.1" 200 3553
58.39.201.47 - - [09/May/2022:10:36:22 +0800] "POST /xingrg/kc/buy/cgsh_list_operate.html HTTP/1.1" 200 286
120.253.135.82 - - [09/May/2022:10:36:22 +0800] "POST /xingrg/kc/pszx/mdps_list_operate.html HTTP/1.1" 200 199
114.83.216.15 - - [09/May/2022:10:36:23 +0800] "GET /xingrg/all/function/internal_message.html?_=1652063783435&CODE_STATE=getMsg HTTP/1.1" 200 27
120.253.135.82 - - [09/May/2022:10:36:25 +0800] "GET /xingrg/all/function/internal_message.html?_=1652063595105&CODE_STATE=getMsg HTTP/1.1" 200 27
58.39.201.47 - - [09/May/2022:10:36:25 +0800] "POST /xingrg/kc/buy/cgsh_list_operate.html HTTP/1.1" 200 631
120.253.135.82 - - [09/May/2022:10:36:27 +0800] "POST /xingrg/kc/pszx/mdps_list_operate.html HTTP/1.1" 200 614
58.39.201.47 - - [09/May/2022:10:36:27 +0800] "GET /xingrg/kc/buy/cgsh_order_info.html?code=212022050200101 HTTP/1.1" 200 62265
58.39.201.47 - - [09/May/2022:10:36:28 +0800] "GET /xingrg/javascript/easyui/themes/default/validatebox.css HTTP/1.1" 404 1104
58.39.201.47 - - [09/May/2022:10:36:28 +0800] "POST /xingrg/kc/buy/cgsh_order_operate.html HTTP/1.1" 200 12429
120.253.135.82 - - [09/May/2022:10:36:29 +0800] "GET /xingrg/kc/pszx/mdps_order_info.html?code=312022050900224 HTTP/1.1" 200 23978
120.253.135.82 - - [09/May/2022:10:36:29 +0800] "POST /xingrg/kc/pszx/mdps_order_operate.html HTTP/1.1" 200 4787
120.253.135.82 - - [09/May/2022:10:36:29 +0800] "GET /xingrg/javascript/easyui/themes/default/validatebox.css HTTP/1.1" 404 1104
120.253.135.82 - - [09/May/2022:10:36:32 +0800] "POST /xingrg/kc/pszx/mdps_order_operate.html HTTP/1.1" 200 37
120.253.135.82 - - [09/May/2022:10:36:33 +0800] "GET /xingrg/kc/pszx/mdps_order_info.html?code=312022050900224 HTTP/1.1" 200 23978
120.253.135.82 - - [09/May/2022:10:36:34 +0800] "POST /xingrg/kc/pszx/mdps_order_operate.html HTTP/1.1" 200 4833
120.253.135.82 - - [09/May/2022:10:36:34 +0800] "GET /xingrg/javascript/easyui/themes/default/validatebox.css HTTP/1.1" 404 1104
58.39.61.91 - - [09/May/2022:10:36:36 +0800] "GET /xingrg/all/function/internal_message.html?_=1652063796091&CODE_STATE=getMsg HTTP/1.1" 200 27
180.162.5.100 - - [09/May/2022:10:36:36 +0800] "GET /xingrg/all/function/internal_message.html?_=1652063797472&CODE_STATE=getMsg HTTP/1.1" 200 27
58.39.201.47 - - [09/May/2022:10:36:42 +0800] "GET /xingrg/check_reg.html?_=1652063807931 HTTP/1.1" 200 22
58.39.201.47 - - [09/May/2022:10:36:42 +0800] "GET /xingrg/all/function/internal_message.html?_=1652063807934&CODE_STATE=getMsg HTTP/1.1" 200 27
116.235.92.88 - - [09/May/2022:10:36:47 +0800] "GET /xingrg/check_reg.html?_=1652063979239 HTTP/1.1" 200 22
116.235.92.88 - - [09/May/2022:10:36:47 +0800] "GET /xingrg/all/function/internal_message.html?_=1652063979240&CODE_STATE=getMsg HTTP/1.1" 200 27
120.253.135.82 - - [09/May/2022:10:36:48 +0800] "POST /xingrg/kc/pszx/mdps_order_operate.html HTTP/1.1" 200 37
120.253.135.82 - - [09/May/2022:10:36:49 +0800] "GET /xingrg/kc/pszx/mdps_order_info.html?code=312022050900224 HTTP/1.1" 200 23978
120.253.135.82 - - [09/May/2022:10:36:50 +0800] "POST /xingrg/kc/pszx/mdps_order_operate.html HTTP/1.1" 200 4833
120.253.135.82 - - [09/May/2022:10:36:50 +0800] "GET /xingrg/javascript/easyui/themes/default/validatebox.css HTTP/1.1" 404 1104
58.39.61.91 - - [09/May/2022:10:36:50 +0800] "GET /xingrg/check_reg.html?_=1652063771945 HTTP/1.1" 200 22
58.39.61.91 - - [09/May/2022:10:36:50 +0800] "GET /xingrg/all/function/internal_message.html?_=1652063772304&CODE_STATE=getMsg HTTP/1.1" 200 27
101.85.120.86 - - [09/May/2022:10:36:52 +0800] "GET /xingrg/login.html HTTP/1.1" 200 7641
101.85.120.86 - - [09/May/2022:10:36:52 +0800] "GET /xingrg/images/blue/jxLogo.png HTTP/1.1" 304 -
101.85.120.86 - - [09/May/2022:10:36:52 +0800] "GET /xingrg/images/blue/login_bg.png HTTP/1.1" 304 -
101.85.120.86 - - [09/May/2022:10:36:52 +0800] "GET /favicon.ico HTTP/1.1" 404 -
101.85.120.86 - - [09/May/2022:10:36:52 +0800] "GET /xingrg/images/blue/srbg.png HTTP/1.1" 304 -
101.85.120.86 - - [09/May/2022:10:36:52 +0800] "GET /xingrg/images/blue/hj.png HTTP/1.1" 304 -
58.39.201.47 - - [09/May/2022:10:36:56 +0800] "POST /xingrg/kc/buy/cgsh_list_operate.html HTTP/1.1" 200 5068
101.85.120.86 - - [09/May/2022:10:37:01 +0800] "POST /xingrg/login.do HTTP/1.1" 302 -
101.85.120.86 - - [09/May/2022:10:37:01 +0800] "GET /xingrg/javascript/jquery_easy_ui/themes/default/easyui.css HTTP/1.1" 304 -
101.85.120.86 - - [09/May/2022:10:37:01 +0800] "GET /xingrg/css/form.css HTTP/1.1" 304 -
101.85.120.86 - - [09/May/2022:10:37:01 +0800] "GET /xingrg/javascript/jquery_easy_ui/themes/icon.css HTTP/1.1" 304 -
101.85.120.86 - - [09/May/2022:10:37:01 +0800] "GET /xingrg/index.html?sysBaseUrl=http%3A%2F%2F180.169.147.146%3A18081%2Fxingrg%2F&costTime=40×tamp=1652063821454 HTTP/1.1" 200 17179
101.85.120.86 - - [09/May/2022:10:37:01 +0800] "GET /xingrg/javascript/jquery.form.js HTTP/1.1" 304 -
101.85.120.86 - - [09/May/2022:10:37:01 +0800] "GET /xingrg/javascript/jquery_easy_ui/easyui-lang-zh_CN.js HTTP/1.1" 304 -
101.85.120.86 - - [09/May/2022:10:37:01 +0800] "GET /xingrg/javascript/jquery.utils.js HTTP/1.1" 304 -
101.85.120.86 - - [09/May/2022:10:37:01 +0800] "GET /xingrg/javascript/jquery.timers.js HTTP/1.1" 304 -
101.85.120.86 - - [09/May/2022:10:37:01 +0800] "GET /favicon.ico HTTP/1.1" 404 -
101.85.120.86 - - [09/May/2022:10:37:01 +0800] "GET /xingrg/javascript/jquery-1.4.2.min.js HTTP/1.1" 304 -
101.85.120.86 - - [09/May/2022:10:37:01 +0800] "GET /xingrg/javascript/jquery_easy_ui/jquery.easyui.min.js HTTP/1.1" 304 -
101.85.120.86 - - [09/May/2022:10:37:01 +0800] "GET /xingrg/images/blue/navBackgound.jpg HTTP/1.1" 304 -
101.85.120.86 - - [09/May/2022:10:37:01 +0800] "GET /xingrg/javascript/jquery_easy_ui/themes/icons/settle_new.png HTTP/1.1" 304 -
101.85.120.86 - - [09/May/2022:10:37:01 +0800] "POST /xingrg/all/common/load_tree.html?tree=area_rest_tree_json&manage=1 HTTP/1.1" 200 351
101.85.120.86 - - [09/May/2022:10:37:01 +0800] "GET /xingrg/all/function/internal_message.html?_=1652063820356&CODE_STATE=count HTTP/1.1" 200 11
101.85.120.86 - - [09/May/2022:10:37:01 +0800] "GET /xingrg/check_reg.html?_=1652063820358 HTTP/1.1" 200 22
101.85.120.86 - - [09/May/2022:10:37:01 +0800] "GET /xingrg/images/blue/pingpu.png HTTP/1.1" 304 -
101.85.120.86 - - [09/May/2022:10:37:01 +0800] "GET /xingrg/javascript/jquery_easy_ui/themes/default/images/tabs_leftarrow.png HTTP/1.1" 304 -
101.85.120.86 - - [09/May/2022:10:37:01 +0800] "GET /xingrg/javascript/jquery_easy_ui/themes/default/images/tabs_rightarrow.png HTTP/1.1" 304 -
101.85.120.86 - - [09/May/2022:10:37:01 +0800] "GET /xingrg/javascript/jquery_easy_ui/themes/default/images/panel_tool_collapse.gif HTTP/1.1" 304 -
101.85.120.86 - - [09/May/2022:10:37:01 +0800] "POST /xingrg/load_menu.html HTTP/1.1" 200 5138
101.85.120.86 - - [09/May/2022:10:37:02 +0800] "GET /xingrg/javascript/jquery_easy_ui/themes/default/images/tree_arrows.gif HTTP/1.1" 304 -
101.85.120.86 - - [09/May/2022:10:37:02 +0800] "GET /xingrg/javascript/jquery_easy_ui/themes/default/images/tree_folder_open.gif HTTP/1.1" 304 -
101.85.120.86 - - [09/May/2022:10:37:02 +0800] "GET /xingrg/javascript/jquery_easy_ui/themes/icons/search_new.png HTTP/1.1" 304 -
101.85.120.86 - - [09/May/2022:10:37:02 +0800] "GET /xingrg/javascript/jquery_easy_ui/themes/default/images/tree_folder.gif HTTP/1.1" 304 -
101.85.120.86 - - [09/May/2022:10:37:02 +0800] "GET /xingrg/javascript/jquery_easy_ui/themes/icons/storage_new.png HTTP/1.1" 304 -
101.85.120.86 - - [09/May/2022:10:37:02 +0800] "GET /xingrg/javascript/jquery_easy_ui/themes/icons/forms_new.png HTTP/1.1" 304 -
101.85.120.86 - - [09/May/2022:10:37:02 +0800] "GET /xingrg/javascript/jquery_easy_ui/themes/default/images/tree_file.gif HTTP/1.1" 304 -
58.39.201.47 - - [09/May/2022:10:37:07 +0800] "GET /xingrg/all/function/internal_message.html?_=1652063759292&CODE_STATE=getMsg HTTP/1.1" 200 27
218.81.223.53 - - [09/May/2022:10:37:09 +0800] "GET /xingrg/all/function/internal_message.html?_=1652063831231&CODE_STATE=getMsg HTTP/1.1" 200 27
101.85.120.86 - - [09/May/2022:10:37:11 +0800] "GET /xingrg/javascript/jquery_easy_ui/themes/icons/area.png HTTP/1.1" 304 -
101.85.120.86 - - [09/May/2022:10:37:11 +0800] "GET /xingrg/javascript/jquery_easy_ui/themes/icons/rest.png HTTP/1.1" 304 -
120.253.135.82 - - [09/May/2022:10:37:14 +0800] "POST /xingrg/kc/pszx/mdps_order_operate.html HTTP/1.1" 200 37
120.253.135.82 - - [09/May/2022:10:37:15 +0800] "GET /xingrg/kc/pszx/mdps_order_info.html?code=312022050900224 HTTP/1.1" 200 23978
120.253.135.82 - - [09/May/2022:10:37:15 +0800] "POST /xingrg/kc/pszx/mdps_order_operate.html HTTP/1.1" 200 4833
120.253.135.82 - - [09/May/2022:10:37:15 +0800] "GET /xingrg/javascript/easyui/themes/default/validatebox.css HTTP/1.1" 404 1104
101.87.191.251 - - [09/May/2022:10:37:18 +0800] "GET /xingrg/all/function/internal_message.html?_=1652063839153&CODE_STATE=getMsg HTTP/1.1" 302 -
101.85.120.86 - - [09/May/2022:10:37:18 +0800] "GET /xingrg/javascript/jquery_easy_ui/themes/default/images/tabs_close.gif HTTP/1.1" 304 -
101.85.120.86 - - [09/May/2022:10:37:18 +0800] "GET /xingrg/css/base.css HTTP/1.1" 304 -
101.85.120.86 - - [09/May/2022:10:37:18 +0800] "GET /xingrg/css/site.css HTTP/1.1" 304 -
101.85.120.86 - - [09/May/2022:10:37:18 +0800] "GET /xingrg/javascript/jquery_tools/datebox.css HTTP/1.1" 304 -
101.85.120.86 - - [09/May/2022:10:37:18 +0800] "GET /xingrg/javascript/easyui/themes/icon.css HTTP/1.1" 304 -
101.85.120.86 - - [09/May/2022:10:37:18 +0800] "GET /xingrg/javascript/easyui/themes/default/easyui.css HTTP/1.1" 304 -
101.85.120.86 - - [09/May/2022:10:37:18 +0800] "GET /xingrg/javascript/auto/jquery.autocomplete.css HTTP/1.1" 304 -
101.85.120.86 - - [09/May/2022:10:37:18 +0800] "GET /xingrg/javascript/jquery_tools/table.css HTTP/1.1" 304 -
101.85.120.86 - - [09/May/2022:10:37:18 +0800] "GET /xingrg/javascript/jquery_tools/fix.css HTTP/1.1" 304 -
101.85.120.86 - - [09/May/2022:10:37:18 +0800] "GET /xingrg/javascript/jquery_tools/jquery.tools.min.js HTTP/1.1" 304 -
101.85.120.86 - - [09/May/2022:10:37:18 +0800] "GET /xingrg/javascript/jquery_tools/jquery.tools.extend.js HTTP/1.1" 304 -
101.85.120.86 - - [09/May/2022:10:37:18 +0800] "GET /xingrg/kc/mdqp/pssh_order_list.html HTTP/1.1" 200 16908
101.85.120.86 - - [09/May/2022:10:37:18 +0800] "GET /xingrg/javascript/jquery_tools/jquery.tools.hotkey.js HTTP/1.1" 304 -
101.85.120.86 - - [09/May/2022:10:37:18 +0800] "GET /xingrg/javascript/jquery_tools/jquery.tools.table.js HTTP/1.1" 304 -
101.85.120.86 - - [09/May/2022:10:37:18 +0800] "GET /xingrg/javascript/auto/jquery.autocomplete.js HTTP/1.1" 304 -
101.85.120.86 - - [09/May/2022:10:37:18 +0800] "GET /xingrg/javascript/jquery_tools/list_manager.js HTTP/1.1" 304 -
101.85.120.86 - - [09/May/2022:10:37:18 +0800] "GET /xingrg/javascript/easyui/easyloader.js HTTP/1.1" 304 -
101.85.120.86 - - [09/May/2022:10:37:18 +0800] "GET /xingrg/javascript/jquery.cookie.js HTTP/1.1" 304 -
101.85.120.86 - - [09/May/2022:10:37:19 +0800] "GET /xingrg/javascript/easyui/themes/icons/field_new.png HTTP/1.1" 304 -
101.85.120.86 - - [09/May/2022:10:37:19 +0800] "GET /xingrg/javascript/easyui/plugins/jquery.parser.js HTTP/1.1" 304 -
101.85.120.86 - - [09/May/2022:10:37:19 +0800] "GET /xingrg/images/control/ajaxLoader.gif HTTP/1.1" 304 -
101.85.120.86 - - [09/May/2022:10:37:19 +0800] "POST /xingrg/kc/mdqp/pssh_list_operate.html HTTP/1.1" 200 5448
101.85.120.86 - - [09/May/2022:10:37:22 +0800] "POST /xingrg/kc/mdqp/pssh_list_operate.html HTTP/1.1" 200 732
101.85.120.86 - - [09/May/2022:10:37:22 +0800] "GET /xingrg/kc/mdqp/pssh_order_info.html?code=312022050800199 HTTP/1.1" 200 17250
101.85.120.86 - - [09/May/2022:10:37:22 +0800] "GET /xingrg/javascript/pic_change.js HTTP/1.1" 304 -
101.85.120.86 - - [09/May/2022:10:37:22 +0800] "GET /xingrg/javascript/jquery_tools/jquery-1.4.2.min.js HTTP/1.1" 404 1094
101.85.120.86 - - [09/May/2022:10:37:22 +0800] "GET /xingrg/javascript/jquery_tools/order_manager.js HTTP/1.1" 304 -
101.85.120.86 - - [09/May/2022:10:37:22 +0800] "GET /xingrg/javascript/convert.js HTTP/1.1" 304 -
101.85.120.86 - - [09/May/2022:10:37:22 +0800] "GET /xingrg/javascript/json2.js HTTP/1.1" 304 -
101.85.120.86 - - [09/May/2022:10:37:22 +0800] "GET /xingrg/javascript/print/LodopFuncs.js HTTP/1.1" 304 -
101.85.120.86 - - [09/May/2022:10:37:22 +0800] "GET /xingrg/javascript/print/kc_print.js HTTP/1.1" 304 -
101.85.120.86 - - [09/May/2022:10:37:22 +0800] "GET /xingrg/words/20220508163644_words.js HTTP/1.1" 200 895965
101.85.120.86 - - [09/May/2022:10:37:22 +0800] "GET /xingrg/javascript/easyui/themes/icons/cance_new.png HTTP/1.1" 304 -
101.85.120.86 - - [09/May/2022:10:37:22 +0800] "GET /xingrg/javascript/easyui/themes/icons/ok.png HTTP/1.1" 304 -
101.85.120.86 - - [09/May/2022:10:37:22 +0800] "GET /xingrg/javascript/easyui/themes/icons/check_new.png HTTP/1.1" 304 -
101.85.120.86 - - [09/May/2022:10:37:22 +0800] "GET /xingrg/javascript/easyui/themes/icons/print.png HTTP/1.1" 304 -
101.85.120.86 - - [09/May/2022:10:37:22 +0800] "GET /xingrg/javascript/easyui/themes/icons/back_new.png HTTP/1.1" 304 -
101.85.120.86 - - [09/May/2022:10:37:22 +0800] "GET /xingrg/javascript/easyui/themes/default/images/menu_downarrow.png HTTP/1.1" 304 -
101.85.120.86 - - [09/May/2022:10:37:23 +0800] "POST /xingrg/kc/mdqp/pssh_order_operate.html HTTP/1.1" 200 5106
101.85.120.86 - - [09/May/2022:10:37:23 +0800] "GET /xingrg/all/common/auto_word.html?type=base&rest_code=00142&rest_code=00142 HTTP/1.1" 200 719
101.85.120.86 - - [09/May/2022:10:37:23 +0800] "GET /xingrg/javascript/easyui/themes/default/validatebox.css HTTP/1.1" 404 1104
101.85.120.86 - - [09/May/2022:10:37:23 +0800] "GET /xingrg/all/common/auto_word.html?type=employee&rest_code=00142 HTTP/1.1" 200 105
101.85.120.86 - - [09/May/2022:10:37:23 +0800] "GET /xingrg/javascript/easyui/plugins/jquery.validatebox.js HTTP/1.1" 304 -
101.85.120.86 - - [09/May/2022:10:37:23 +0800] "GET /xingrg/javascript/easyui/plugins/jquery.numberbox.js HTTP/1.1" 304 -
114.83.216.15 - - [09/May/2022:10:37:23 +0800] "GET /xingrg/all/function/internal_message.html?_=1652063843431&CODE_STATE=getMsg HTTP/1.1" 200 27
120.253.135.82 - - [09/May/2022:10:37:24 +0800] "POST /xingrg/kc/pszx/mdps_list_operate.html HTTP/1.1" 200 3553
120.253.135.82 - - [09/May/2022:10:37:25 +0800] "GET /xingrg/all/function/internal_message.html?_=1652063655109&CODE_STATE=getMsg HTTP/1.1" 200 27
120.253.135.82 - - [09/May/2022:10:37:28 +0800] "POST /xingrg/kc/pszx/mdps_list_operate.html HTTP/1.1" 200 582
120.253.135.82 - - [09/May/2022:10:37:30 +0800] "GET /xingrg/kc/pszx/mdps_order_info.html?code=312022050800193 HTTP/1.1" 200 23978
120.253.135.82 - - [09/May/2022:10:37:30 +0800] "POST /xingrg/kc/pszx/mdps_order_operate.html HTTP/1.1" 200 6662
120.253.135.82 - - [09/May/2022:10:37:30 +0800] "GET /xingrg/javascript/easyui/themes/default/validatebox.css HTTP/1.1" 404 1104
120.253.135.82 - - [09/May/2022:10:37:33 +0800] "GET /xingrg/javascript/jquery_tools/images/prev.gif HTTP/1.1" 404 1086
120.253.135.82 - - [09/May/2022:10:37:33 +0800] "GET /xingrg/javascript/jquery_tools/images/next.gif HTTP/1.1" 404 1086
58.39.61.91 - - [09/May/2022:10:37:36 +0800] "GET /xingrg/all/function/internal_message.html?_=1652063856076&CODE_STATE=getMsg HTTP/1.1" 200 27
180.162.5.100 - - [09/May/2022:10:37:36 +0800] "GET /xingrg/all/function/internal_message.html?_=1652063857463&CODE_STATE=getMsg HTTP/1.1" 200 27
120.253.135.82 - - [09/May/2022:10:37:37 +0800] "POST /xingrg/kc/pszx/mdps_order_operate.html HTTP/1.1" 200 37
120.253.135.82 - - [09/May/2022:10:37:38 +0800] "GET /xingrg/kc/pszx/mdps_order_info.html?code=312022050800193 HTTP/1.1" 200 23978
120.253.135.82 - - [09/May/2022:10:37:38 +0800] "GET /xingrg/javascript/easyui/themes/default/validatebox.css HTTP/1.1" 404 1104
120.253.135.82 - - [09/May/2022:10:37:38 +0800] "POST /xingrg/kc/pszx/mdps_order_operate.html HTTP/1.1" 200 6662
120.253.135.82 - - [09/May/2022:10:37:41 +0800] "POST /xingrg/kc/pszx/mdps_list_operate.html HTTP/1.1" 200 3553
58.39.201.47 - - [09/May/2022:10:37:42 +0800] "GET /xingrg/all/function/internal_message.html?_=1652063867935&CODE_STATE=getMsg HTTP/1.1" 200 27
116.235.92.88 - - [09/May/2022:10:37:47 +0800] "GET /xingrg/all/function/internal_message.html?_=1652064039238&CODE_STATE=getMsg HTTP/1.1" 200 27
58.39.201.47 - - [09/May/2022:10:37:48 +0800] "GET /xingrg/kc/mdqp/pssh_order_list.html HTTP/1.1" 200 17862
58.39.201.47 - - [09/May/2022:10:37:48 +0800] "POST /xingrg/kc/mdqp/pssh_list_operate.html HTTP/1.1" 200 5246
120.253.135.82 - - [09/May/2022:10:37:50 +0800] "POST /xingrg/kc/pszx/mdps_list_operate.html HTTP/1.1" 200 371
58.39.61.91 - - [09/May/2022:10:37:50 +0800] "GET /xingrg/all/function/internal_message.html?_=1652063832319&CODE_STATE=getMsg HTTP/1.1" 200 27
58.39.201.47 - - [09/May/2022:10:37:50 +0800] "POST /xingrg/kc/buy/cgsh_list_operate.html HTTP/1.1" 200 5068
58.39.201.47 - - [09/May/2022:10:37:51 +0800] "POST /xingrg/kc/mdqp/pssh_list_operate.html HTTP/1.1" 200 3173
120.253.135.82 - - [09/May/2022:10:37:53 +0800] "POST /xingrg/kc/pszx/mdps_list_operate.html HTTP/1.1" 200 635
58.39.201.47 - - [09/May/2022:10:37:54 +0800] "POST /xingrg/kc/mdqp/pssh_list_operate.html HTTP/1.1" 200 5246
58.39.201.47 - - [09/May/2022:10:37:56 +0800] "POST /xingrg/kc/mdqp/pssh_list_operate.html HTTP/1.1" 200 5629
58.39.201.47 - - [09/May/2022:10:37:57 +0800] "POST /xingrg/kc/mdqp/pssh_list_operate.html HTTP/1.1" 200 692
58.39.201.47 - - [09/May/2022:10:38:00 +0800] "GET /xingrg/kc/mdqp/pssh_order_info.html?code=312022041800082 HTTP/1.1" 200 14386
58.39.201.47 - - [09/May/2022:10:38:00 +0800] "GET /xingrg/javascript/jquery_tools/jquery-1.4.2.min.js HTTP/1.1" 404 1094
58.39.201.47 - - [09/May/2022:10:38:01 +0800] "POST /xingrg/kc/mdqp/pssh_order_operate.html HTTP/1.1" 200 2630
58.39.201.47 - - [09/May/2022:10:38:01 +0800] "GET /xingrg/javascript/easyui/themes/default/validatebox.css HTTP/1.1" 404 1104
101.85.120.86 - - [09/May/2022:10:38:01 +0800] "GET /xingrg/all/function/internal_message.html?_=1652063880360&CODE_STATE=getMsg HTTP/1.1" 200 27
120.253.135.82 - - [09/May/2022:10:38:05 +0800] "POST /xingrg/kc/pszx/mdps_list_operate.html HTTP/1.1" 200 614
120.253.135.82 - - [09/May/2022:10:38:06 +0800] "GET /xingrg/kc/pszx/mdps_order_info.html?code=312022050900224 HTTP/1.1" 200 23978
120.253.135.82 - - [09/May/2022:10:38:07 +0800] "POST /xingrg/kc/pszx/mdps_order_operate.html HTTP/1.1" 200 4833
120.253.135.82 - - [09/May/2022:10:38:07 +0800] "GET /xingrg/javascript/easyui/themes/default/validatebox.css HTTP/1.1" 404 1104
58.39.201.47 - - [09/May/2022:10:38:07 +0800] "GET /xingrg/all/function/internal_message.html?_=1652063819290&CODE_STATE=getMsg HTTP/1.1" 200 27
58.39.201.47 - - [09/May/2022:10:38:08 +0800] "POST /xingrg/kc/mdqp/pssh_list_operate.html HTTP/1.1" 200 263
218.81.223.53 - - [09/May/2022:10:38:09 +0800] "GET /xingrg/all/function/internal_message.html?_=1652063891246&CODE_STATE=getMsg HTTP/1.1" 200 27
120.253.135.82 - - [09/May/2022:10:38:13 +0800] "POST /xingrg/kc/pszx/mdps_list_operate.html HTTP/1.1" 200 3553
120.253.135.82 - - [09/May/2022:10:38:14 +0800] "POST /xingrg/kc/pszx/mdps_list_operate.html HTTP/1.1" 200 371
116.230.110.173 - - [09/May/2022:10:38:15 +0800] "POST /xingrg/services/DataTransmitService HTTP/1.1" 200 524
120.253.135.82 - - [09/May/2022:10:38:17 +0800] "GET /xingrg/kc/pszx/mdps_order_info.html?code=312022050800205 HTTP/1.1" 200 23978
120.253.135.82 - - [09/May/2022:10:38:17 +0800] "POST /xingrg/kc/pszx/mdps_order_operate.html HTTP/1.1" 200 3290
120.253.135.82 - - [09/May/2022:10:38:17 +0800] "GET /xingrg/javascript/easyui/themes/default/validatebox.css HTTP/1.1" 404 1104
101.87.191.251 - - [09/May/2022:10:38:18 +0800] "GET /xingrg/all/function/internal_message.html?_=1652063899160&CODE_STATE=getMsg HTTP/1.1" 302 -
101.87.191.251 - - [09/May/2022:10:38:18 +0800] "GET /xingrg/check_reg.html?_=1652063899165 HTTP/1.1" 302 -
58.39.201.47 - - [09/May/2022:10:38:21 +0800] "POST /xingrg/kc/mdqp/pssh_list_operate.html HTTP/1.1" 200 263
114.83.216.15 - - [09/May/2022:10:38:23 +0800] "GET /xingrg/all/function/internal_message.html?_=1652063903419&CODE_STATE=getMsg HTTP/1.1" 200 27
58.39.201.47 - - [09/May/2022:10:38:24 +0800] "POST /xingrg/kc/mdqp/pssh_list_operate.html HTTP/1.1" 200 268
120.253.135.82 - - [09/May/2022:10:38:25 +0800] "GET /xingrg/check_reg.html?_=1652063715048 HTTP/1.1" 200 22
120.253.135.82 - - [09/May/2022:10:38:25 +0800] "GET /xingrg/all/function/internal_message.html?_=1652063715124&CODE_STATE=getMsg HTTP/1.1" 200 27
58.39.201.47 - - [09/May/2022:10:38:26 +0800] "POST /xingrg/kc/mdqp/pssh_list_operate.html HTTP/1.1" 200 475
58.39.201.47 - - [09/May/2022:10:38:29 +0800] "GET /xingrg/kc/mdqp/pssh_order_info.html?code=312022041500058 HTTP/1.1" 200 14386
58.39.201.47 - - [09/May/2022:10:38:29 +0800] "GET /xingrg/javascript/jquery_tools/jquery-1.4.2.min.js HTTP/1.1" 404 1094
58.39.201.47 - - [09/May/2022:10:38:29 +0800] "POST /xingrg/kc/mdqp/pssh_order_operate.html HTTP/1.1" 200 1593
58.39.201.47 - - [09/May/2022:10:38:29 +0800] "GET /xingrg/javascript/easyui/themes/default/validatebox.css HTTP/1.1" 404 1104
116.228.172.94 - - [09/May/2022:10:38:30 +0800] "GET /favicon.ico HTTP/1.1" 404 -
58.39.201.47 - - [09/May/2022:10:38:33 +0800] "POST /xingrg/kc/mdqp/pssh_list_operate.html HTTP/1.1" 200 5629
58.39.201.47 - - [09/May/2022:10:38:34 +0800] "POST /xingrg/kc/mdqp/pssh_list_operate.html HTTP/1.1" 200 480
58.39.201.47 - - [09/May/2022:10:38:35 +0800] "GET /xingrg/kc/mdqp/pssh_order_info.html?code=312022041400032 HTTP/1.1" 200 14386
58.39.201.47 - - [09/May/2022:10:38:35 +0800] "GET /xingrg/javascript/jquery_tools/jquery-1.4.2.min.js HTTP/1.1" 404 1094
58.39.201.47 - - [09/May/2022:10:38:35 +0800] "POST /xingrg/kc/mdqp/pssh_order_operate.html HTTP/1.1" 200 1586
58.39.201.47 - - [09/May/2022:10:38:35 +0800] "GET /xingrg/javascript/easyui/themes/default/validatebox.css HTTP/1.1" 404 1104
58.39.61.91 - - [09/May/2022:10:38:36 +0800] "GET /xingrg/all/function/internal_message.html?_=1652063916061&CODE_STATE=getMsg HTTP/1.1" 200 27
180.162.5.100 - - [09/May/2022:10:38:36 +0800] "GET /xingrg/all/function/internal_message.html?_=1652063917472&CODE_STATE=getMsg HTTP/1.1" 200 27
58.39.61.91 - - [09/May/2022:10:38:37 +0800] "GET /xingrg/check_reg.html?_=1652063917843 HTTP/1.1" 200 22
58.39.201.47 - - [09/May/2022:10:38:42 +0800] "GET /xingrg/all/function/internal_message.html?_=1652063927960&CODE_STATE=getMsg HTTP/1.1" 200 27
120.253.135.82 - - [09/May/2022:10:38:44 +0800] "POST /xingrg/kc/pszx/mdps_order_operate.html HTTP/1.1" 200 37
120.253.135.82 - - [09/May/2022:10:38:44 +0800] "GET /xingrg/kc/pszx/mdps_order_info.html?code=312022050800205 HTTP/1.1" 200 23978
120.253.135.82 - - [09/May/2022:10:38:45 +0800] "POST /xingrg/kc/pszx/mdps_order_operate.html HTTP/1.1" 200 3290
120.253.135.82 - - [09/May/2022:10:38:45 +0800] "GET /xingrg/javascript/easyui/themes/default/validatebox.css HTTP/1.1" 404 1104
120.253.135.82 - - [09/May/2022:10:38:46 +0800] "POST /xingrg/kc/pszx/mdps_list_operate.html HTTP/1.1" 200 3553
116.235.92.88 - - [09/May/2022:10:38:47 +0800] "GET /xingrg/all/function/internal_message.html?_=1652064099236&CODE_STATE=getMsg HTTP/1.1" 200 27
120.253.135.82 - - [09/May/2022:10:38:48 +0800] "POST /xingrg/kc/pszx/mdps_list_operate.html HTTP/1.1" 200 614
120.253.135.82 - - [09/May/2022:10:38:50 +0800] "POST /xingrg/kc/pszx/mdps_list_operate.html HTTP/1.1" 200 635
58.39.61.91 - - [09/May/2022:10:38:50 +0800] "GET /xingrg/all/function/internal_message.html?_=1652063892332&CODE_STATE=getMsg HTTP/1.1" 200 27
120.253.135.82 - - [09/May/2022:10:38:53 +0800] "GET /xingrg/kc/pszx/mdps_order_info.html?code=312022042500227 HTTP/1.1" 200 23978
120.253.135.82 - - [09/May/2022:10:38:53 +0800] "POST /xingrg/kc/pszx/mdps_order_operate.html HTTP/1.1" 200 5805
120.253.135.82 - - [09/May/2022:10:38:53 +0800] "GET /xingrg/javascript/easyui/themes/default/validatebox.css HTTP/1.1" 404 1104
101.85.120.86 - - [09/May/2022:10:39:01 +0800] "GET /xingrg/all/function/internal_message.html?_=1652063940366&CODE_STATE=getMsg HTTP/1.1" 200 27
58.39.201.47 - - [09/May/2022:10:39:07 +0800] "GET /xingrg/all/function/internal_message.html?_=1652063879288&CODE_STATE=getMsg HTTP/1.1" 200 27
120.253.135.82 - - [09/May/2022:10:39:08 +0800] "POST /xingrg/kc/pszx/mdps_order_operate.html HTTP/1.1" 200 12
120.253.135.82 - - [09/May/2022:10:39:09 +0800] "POST /xingrg/kc/pszx/mdps_list_operate.html HTTP/1.1" 200 3181
218.81.223.53 - - [09/May/2022:10:39:10 +0800] "GET /xingrg/all/function/internal_message.html?_=1652063951387&CODE_STATE=getMsg HTTP/1.1" 200 27
120.253.135.82 - - [09/May/2022:10:39:11 +0800] "POST /xingrg/kc/pszx/mdps_list_operate.html HTTP/1.1" 200 433
120.253.135.82 - - [09/May/2022:10:39:16 +0800] "GET /xingrg/kc/pszx/mdps_order_info.html?code=312022042500228 HTTP/1.1" 200 23978
120.253.135.82 - - [09/May/2022:10:39:17 +0800] "POST /xingrg/kc/pszx/mdps_order_operate.html HTTP/1.1" 200 3719
120.253.135.82 - - [09/May/2022:10:39:17 +0800] "GET /xingrg/javascript/easyui/themes/default/validatebox.css HTTP/1.1" 404 1104
101.87.191.251 - - [09/May/2022:10:39:18 +0800] "GET /xingrg/all/function/internal_message.html?_=1652063959153&CODE_STATE=getMsg HTTP/1.1" 302 -
120.253.135.82 - - [09/May/2022:10:39:20 +0800] "POST /xingrg/kc/pszx/mdps_order_operate.html HTTP/1.1" 200 12
120.253.135.82 - - [09/May/2022:10:39:20 +0800] "POST /xingrg/kc/pszx/mdps_list_operate.html HTTP/1.1" 200 2811
58.39.201.47 - - [09/May/2022:10:39:22 +0800] "POST /xingrg/kc/mdqp/pssh_list_operate.html HTTP/1.1" 200 5629
120.253.135.82 - - [09/May/2022:10:39:22 +0800] "POST /xingrg/kc/pszx/mdps_list_operate.html HTTP/1.1" 200 582
114.83.216.15 - - [09/May/2022:10:39:23 +0800] "GET /xingrg/all/function/internal_message.html?_=1652063963402&CODE_STATE=getMsg HTTP/1.1" 200 27
58.39.201.47 - - [09/May/2022:10:39:25 +0800] "POST /xingrg/kc/buy/cgsh_list_operate.html HTTP/1.1" 200 5068
120.253.135.82 - - [09/May/2022:10:39:25 +0800] "GET /xingrg/all/function/internal_message.html?_=1652063775137&CODE_STATE=getMsg HTTP/1.1" 200 27
120.253.135.82 - - [09/May/2022:10:39:26 +0800] "POST /xingrg/kc/pszx/mdps_list_operate.html HTTP/1.1" 200 614
58.221.95.50 - - [09/May/2022:10:39:28 +0800] "GET /xingrg/check_reg.html?_=1652063968419 HTTP/1.1" 302 -
120.253.135.82 - - [09/May/2022:10:39:28 +0800] "GET /xingrg/kc/pszx/mdps_order_info.html?code=312022050900224 HTTP/1.1" 200 23978
120.253.135.82 - - [09/May/2022:10:39:29 +0800] "POST /xingrg/kc/pszx/mdps_order_operate.html HTTP/1.1" 200 4833
120.253.135.82 - - [09/May/2022:10:39:29 +0800] "GET /xingrg/javascript/easyui/themes/default/validatebox.css HTTP/1.1" 404 1104
120.253.135.82 - - [09/May/2022:10:39:31 +0800] "POST /xingrg/kc/pszx/mdps_list_operate.html HTTP/1.1" 200 2811
120.253.135.82 - - [09/May/2022:10:39:33 +0800] "GET /xingrg/kc/pszx/mdps_order_add.html HTTP/1.1" 200 29035
120.253.135.82 - - [09/May/2022:10:39:34 +0800] "POST /xingrg/kc/pszx/mdps_order_operate.html HTTP/1.1" 200 7126
120.253.135.82 - - [09/May/2022:10:39:34 +0800] "GET /xingrg/javascript/easyui/themes/default/validatebox.css HTTP/1.1" 404 1104
58.39.61.91 - - [09/May/2022:10:39:36 +0800] "GET /xingrg/all/function/internal_message.html?_=1652063976034&CODE_STATE=getMsg HTTP/1.1" 200 27
180.162.5.100 - - [09/May/2022:10:39:36 +0800] "GET /xingrg/all/function/internal_message.html?_=1652063977462&CODE_STATE=getMsg HTTP/1.1" 200 27
58.39.201.47 - - [09/May/2022:10:39:42 +0800] "GET /xingrg/all/function/internal_message.html?_=1652063987937&CODE_STATE=getMsg HTTP/1.1" 200 27
120.253.135.82 - - [09/May/2022:10:39:46 +0800] "GET /xingrg/css/images/panel_loading.gif HTTP/1.1" 200 1737
120.253.135.82 - - [09/May/2022:10:39:46 +0800] "POST /xingrg/all/common/load_combo.html?type=base HTTP/1.1" 200 1169
116.235.92.88 - - [09/May/2022:10:39:47 +0800] "GET /xingrg/all/function/internal_message.html?_=1652064159234&CODE_STATE=getMsg HTTP/1.1" 200 27
58.39.201.47 - - [09/May/2022:10:39:47 +0800] "POST /xingrg/dwr/call/plaincall/AjaxYddbService.saveMaterielItem.dwr HTTP/1.1" 200 79
58.39.61.91 - - [09/May/2022:10:39:50 +0800] "GET /xingrg/all/function/internal_message.html?_=1652063952359&CODE_STATE=getMsg HTTP/1.1" 200 27
120.253.135.82 - - [09/May/2022:10:39:57 +0800] "GET /xingrg/kc/pszx/mdps_order_operate.html?command=get_materiel&pszx_code=00101&rest_code=00104&base_code=0010253&code=00101036002 HTTP/1.1" 200 439
120.253.135.82 - - [09/May/2022:10:39:58 +0800] "POST /xingrg/all/common/load_select.html HTTP/1.1" 200 25
120.253.135.82 - - [09/May/2022:10:40:00 +0800] "GET /xingrg/kc/pszx/mdps_order_operate.html?command=get_materiel_price&pszx_code=00101&rest_code=00104&base_code=0010253&code=00101036002&unit_code=00100317&order_time=2022-05-09 HTTP/1.1" 200 35
101.85.120.86 - - [09/May/2022:10:40:01 +0800] "GET /xingrg/all/function/internal_message.html?_=1652064000368&CODE_STATE=getMsg HTTP/1.1" 200 27
58.39.201.47 - - [09/May/2022:10:40:07 +0800] "GET /xingrg/check_reg.html?_=1652063939284 HTTP/1.1" 200 22
58.39.201.47 - - [09/May/2022:10:40:07 +0800] "GET /xingrg/all/function/internal_message.html?_=1652063939287&CODE_STATE=getMsg HTTP/1.1" 200 27
218.81.223.53 - - [09/May/2022:10:40:10 +0800] "GET /xingrg/all/function/internal_message.html?_=1652064011398&CODE_STATE=getMsg HTTP/1.1" 200 27
120.253.135.82 - - [09/May/2022:10:40:13 +0800] "GET /xingrg/kc/pszx/mdps_order_operate.html?command=get_materiel&pszx_code=00101&rest_code=00104&base_code=0010253&code=00101036003 HTTP/1.1" 200 439
120.253.135.82 - - [09/May/2022:10:40:15 +0800] "POST /xingrg/all/common/load_select.html HTTP/1.1" 200 25
120.253.135.82 - - [09/May/2022:10:40:16 +0800] "GET /xingrg/kc/pszx/mdps_order_operate.html?command=get_materiel_price&pszx_code=00101&rest_code=00104&base_code=0010253&code=00101036003&unit_code=00100317&order_time=2022-05-09 HTTP/1.1" 200 35
101.87.191.251 - - [09/May/2022:10:40:18 +0800] "GET /xingrg/all/function/internal_message.html?_=1652064019157&CODE_STATE=getMsg HTTP/1.1" 302 -
114.83.216.15 - - [09/May/2022:10:40:23 +0800] "GET /xingrg/all/function/internal_message.html?_=1652064023386&CODE_STATE=getMsg HTTP/1.1" 200 27
120.253.135.82 - - [09/May/2022:10:40:25 +0800] "GET /xingrg/all/function/internal_message.html?_=1652063835151&CODE_STATE=getMsg HTTP/1.1" 200 27
58.39.201.47 - - [09/May/2022:10:40:26 +0800] "POST /xingrg/dwr/call/plaincall/AjaxYddbService.checkOrder.dwr HTTP/1.1" 200 79
58.39.201.47 - - [09/May/2022:10:40:27 +0800] "GET /xingrg/kc/base/yddb_order_info.html?code=482022050900051 HTTP/1.1" 200 29669
58.39.201.47 - - [09/May/2022:10:40:27 +0800] "GET /xingrg/dwr/interface/AjaxComOrderService.js HTTP/1.1" 200 18264
58.39.201.47 - - [09/May/2022:10:40:27 +0800] "GET /xingrg/dwr/interface/AjaxYddbService.js HTTP/1.1" 200 13201
58.39.201.47 - - [09/May/2022:10:40:27 +0800] "GET /xingrg/dwr/engine.js HTTP/1.1" 200 43631
58.39.201.47 - - [09/May/2022:10:40:27 +0800] "POST /xingrg/dwr/call/plaincall/AjaxYddbService.loadMaterielItems.dwr HTTP/1.1" 200 409
58.39.201.47 - - [09/May/2022:10:40:29 +0800] "GET /xingrg/kc/base/yddb_order_report.html?fileType=servlets/rtf&code=482022050900051&reportName=ck_order_report&subName=yddb HTTP/1.1" 302 -
58.39.201.47 - - [09/May/2022:10:40:29 +0800] "GET /xingrg/servlets/rtf?sysBaseUrl=http%3A%2F%2F180.169.147.146%3A18081%2Fxingrg%2F&costTime=81×tamp=1652064029766 HTTP/1.1" 200 18070
58.39.201.47 - - [09/May/2022:10:40:29 +0800] "GET /favicon.ico HTTP/1.1" 404 -
120.253.135.82 - - [09/May/2022:10:40:32 +0800] "POST /xingrg/kc/pszx/mdps_order_operate.html HTTP/1.1" 200 37
120.253.135.82 - - [09/May/2022:10:40:33 +0800] "GET /xingrg/kc/pszx/mdps_order_info.html?code=312022050900225 HTTP/1.1" 200 23976
120.253.135.82 - - [09/May/2022:10:40:33 +0800] "GET /xingrg/javascript/easyui/themes/default/validatebox.css HTTP/1.1" 404 1104
120.253.135.82 - - [09/May/2022:10:40:33 +0800] "POST /xingrg/kc/pszx/mdps_order_operate.html HTTP/1.1" 200 2773
120.253.135.82 - - [09/May/2022:10:40:35 +0800] "POST /xingrg/kc/pszx/mdps_list_operate.html HTTP/1.1" 200 3180
58.39.61.91 - - [09/May/2022:10:40:36 +0800] "GET /xingrg/all/function/internal_message.html?_=1652064036030&CODE_STATE=getMsg HTTP/1.1" 200 27
180.162.5.100 - - [09/May/2022:10:40:36 +0800] "GET /xingrg/all/function/internal_message.html?_=1652064037472&CODE_STATE=getMsg HTTP/1.1" 200 27
180.162.5.100 - - [09/May/2022:10:40:36 +0800] "GET /xingrg/check_reg.html?_=1652064037474 HTTP/1.1" 200 22
58.39.201.47 - - [09/May/2022:10:40:37 +0800] "GET /xingrg/kc/base/yddb_order_report.html?fileType=servlets/rtf&code=482022050900051&reportName=ck_order_report&subName=yddb HTTP/1.1" 302 -
58.39.201.47 - - [09/May/2022:10:40:37 +0800] "GET /xingrg/servlets/rtf?sysBaseUrl=http%3A%2F%2F180.169.147.146%3A18081%2Fxingrg%2F&costTime=65×tamp=1652064037720 HTTP/1.1" 200 18070
120.253.135.82 - - [09/May/2022:10:40:38 +0800] "POST /xingrg/kc/pszx/mdps_list_operate.html HTTP/1.1" 200 199
58.39.201.47 - - [09/May/2022:10:40:38 +0800] "GET /favicon.ico HTTP/1.1" 404 -
120.253.135.82 - - [09/May/2022:10:40:40 +0800] "POST /xingrg/kc/pszx/mdps_list_operate.html HTTP/1.1" 200 614
58.39.201.47 - - [09/May/2022:10:40:42 +0800] "GET /xingrg/all/function/internal_message.html?_=1652064047936&CODE_STATE=getMsg HTTP/1.1" 200 27
120.253.135.82 - - [09/May/2022:10:40:42 +0800] "GET /xingrg/kc/pszx/mdps_order_info.html?code=312022050900224 HTTP/1.1" 200 23978
120.253.135.82 - - [09/May/2022:10:40:43 +0800] "POST /xingrg/kc/pszx/mdps_order_operate.html HTTP/1.1" 200 4833
120.253.135.82 - - [09/May/2022:10:40:43 +0800] "GET /xingrg/javascript/easyui/themes/default/validatebox.css HTTP/1.1" 404 1104
116.235.92.88 - - [09/May/2022:10:40:47 +0800] "GET /xingrg/all/function/internal_message.html?_=1652064219258&CODE_STATE=getMsg HTTP/1.1" 200 27
120.253.135.82 - - [09/May/2022:10:40:47 +0800] "POST /xingrg/kc/pszx/mdps_list_operate.html HTTP/1.1" 200 3180
120.253.135.82 - - [09/May/2022:10:40:49 +0800] "POST /xingrg/kc/pszx/mdps_list_operate.html HTTP/1.1" 200 278
120.253.135.82 - - [09/May/2022:10:40:49 +0800] "GET /xingrg/kc/pszx/mdps_order_info.html?code=312022050900225 HTTP/1.1" 200 23976
120.253.135.82 - - [09/May/2022:10:40:50 +0800] "POST /xingrg/kc/pszx/mdps_order_operate.html HTTP/1.1" 200 2773
120.253.135.82 - - [09/May/2022:10:40:50 +0800] "GET /xingrg/javascript/easyui/themes/default/validatebox.css HTTP/1.1" 404 1104
58.39.61.91 - - [09/May/2022:10:40:50 +0800] "GET /xingrg/all/function/internal_message.html?_=1652064012374&CODE_STATE=getMsg HTTP/1.1" 200 27
58.39.201.47 - - [09/May/2022:10:40:55 +0800] "GET /xingrg/kc/base/yddb_order_report.html?fileType=servlets/rtf&code=482022050900051&reportName=ck_order_report&subName=yddb HTTP/1.1" 302 -
58.39.201.47 - - [09/May/2022:10:40:55 +0800] "GET /xingrg/servlets/rtf?sysBaseUrl=http%3A%2F%2F180.169.147.146%3A18081%2Fxingrg%2F&costTime=57×tamp=1652064055174 HTTP/1.1" 200 18070
58.39.201.47 - - [09/May/2022:10:40:55 +0800] "GET /favicon.ico HTTP/1.1" 404 -
120.253.135.82 - - [09/May/2022:10:40:55 +0800] "POST /xingrg/kc/pszx/mdps_order_operate.html HTTP/1.1" 200 37
120.253.135.82 - - [09/May/2022:10:40:56 +0800] "GET /xingrg/kc/pszx/mdps_order_info.html?code=312022050900225 HTTP/1.1" 200 23976
120.253.135.82 - - [09/May/2022:10:40:57 +0800] "POST /xingrg/kc/pszx/mdps_order_operate.html HTTP/1.1" 200 2774
120.253.135.82 - - [09/May/2022:10:40:57 +0800] "GET /xingrg/javascript/easyui/themes/default/validatebox.css HTTP/1.1" 404 1104
120.253.135.82 - - [09/May/2022:10:40:59 +0800] "POST /xingrg/kc/pszx/mdps_list_operate.html HTTP/1.1" 200 3180
120.253.135.82 - - [09/May/2022:10:41:01 +0800] "POST /xingrg/kc/pszx/mdps_list_operate.html HTTP/1.1" 200 614
101.85.120.86 - - [09/May/2022:10:41:01 +0800] "GET /xingrg/all/function/internal_message.html?_=1652064060366&CODE_STATE=getMsg HTTP/1.1" 200 27
120.253.135.82 - - [09/May/2022:10:41:02 +0800] "GET /xingrg/kc/pszx/mdps_order_info.html?code=312022050900224 HTTP/1.1" 200 23978
120.253.135.82 - - [09/May/2022:10:41:02 +0800] "POST /xingrg/kc/pszx/mdps_order_operate.html HTTP/1.1" 200 4833
120.253.135.82 - - [09/May/2022:10:41:02 +0800] "GET /xingrg/javascript/easyui/themes/default/validatebox.css HTTP/1.1" 404 1104
218.81.223.53 - - [09/May/2022:10:41:07 +0800] "GET /xingrg/check_reg.html?_=1652064068599 HTTP/1.1" 200 22
58.39.201.47 - - [09/May/2022:10:41:07 +0800] "GET /xingrg/all/function/internal_message.html?_=1652063999296&CODE_STATE=getMsg HTTP/1.1" 200 27
58.39.201.47 - - [09/May/2022:10:41:08 +0800] "GET /xingrg/kc/base/yddb_order_report.html?fileType=servlets/rtf&code=482022050900051&reportName=ck_order_report&subName=yddb HTTP/1.1" 302 -
58.39.201.47 - - [09/May/2022:10:41:08 +0800] "GET /xingrg/servlets/rtf?sysBaseUrl=http%3A%2F%2F180.169.147.146%3A18081%2Fxingrg%2F&costTime=83×tamp=1652064068848 HTTP/1.1" 200 18070
58.39.201.47 - - [09/May/2022:10:41:08 +0800] "GET /favicon.ico HTTP/1.1" 404 -
218.81.223.53 - - [09/May/2022:10:41:10 +0800] "GET /xingrg/all/function/internal_message.html?_=1652064071411&CODE_STATE=getMsg HTTP/1.1" 200 27
120.253.135.82 - - [09/May/2022:10:41:15 +0800] "POST /xingrg/kc/pszx/mdps_order_operate.html HTTP/1.1" 200 37
120.253.135.82 - - [09/May/2022:10:41:16 +0800] "GET /xingrg/kc/pszx/mdps_order_info.html?code=312022050900224 HTTP/1.1" 200 23978
120.253.135.82 - - [09/May/2022:10:41:17 +0800] "GET /xingrg/javascript/easyui/themes/default/validatebox.css HTTP/1.1" 404 1104
120.253.135.82 - - [09/May/2022:10:41:17 +0800] "POST /xingrg/kc/pszx/mdps_order_operate.html HTTP/1.1" 200 3841
101.87.191.251 - - [09/May/2022:10:41:18 +0800] "GET /xingrg/all/function/internal_message.html?_=1652064079161&CODE_STATE=getMsg HTTP/1.1" 302 -
114.83.216.15 - - [09/May/2022:10:41:18 +0800] "GET /xingrg/check_reg.html?_=1652064078715 HTTP/1.1" 200 22
114.83.216.15 - - [09/May/2022:10:41:23 +0800] "GET /xingrg/all/function/internal_message.html?_=1652064083380&CODE_STATE=getMsg HTTP/1.1" 200 27
58.39.201.47 - - [09/May/2022:10:41:24 +0800] "GET /xingrg/kc/base/yddb_order_list.html HTTP/1.1" 200 16707
58.39.201.47 - - [09/May/2022:10:41:24 +0800] "POST /xingrg/kc/base/yddb_list_operate.html HTTP/1.1" 200 1336
120.253.135.82 - - [09/May/2022:10:41:25 +0800] "GET /xingrg/all/function/internal_message.html?_=1652063895164&CODE_STATE=getMsg HTTP/1.1" 200 27
120.253.135.82 - - [09/May/2022:10:41:28 +0800] "POST /xingrg/kc/pszx/mdps_list_operate.html HTTP/1.1" 200 3179
58.39.201.47 - - [09/May/2022:10:41:29 +0800] "POST /xingrg/kc/base/yddb_list_operate.html HTTP/1.1" 200 3942
120.253.135.82 - - [09/May/2022:10:41:30 +0800] "POST /xingrg/kc/pszx/mdps_list_operate.html HTTP/1.1" 200 278
58.39.201.47 - - [09/May/2022:10:41:30 +0800] "POST /xingrg/kc/base/yddb_list_operate.html HTTP/1.1" 200 209
58.39.201.47 - - [09/May/2022:10:41:31 +0800] "GET /xingrg/kc/base/yddb_order_info.html?code=482022050900051 HTTP/1.1" 200 29669
58.39.201.47 - - [09/May/2022:10:41:31 +0800] "GET /xingrg/dwr/interface/AjaxYddbService.js HTTP/1.1" 200 13201
58.39.201.47 - - [09/May/2022:10:41:31 +0800] "GET /xingrg/dwr/interface/AjaxComOrderService.js HTTP/1.1" 200 18264
58.39.201.47 - - [09/May/2022:10:41:31 +0800] "GET /xingrg/dwr/engine.js HTTP/1.1" 200 43631
58.39.201.47 - - [09/May/2022:10:41:31 +0800] "POST /xingrg/dwr/call/plaincall/AjaxYddbService.loadMaterielItems.dwr HTTP/1.1" 200 409
58.39.201.47 - - [09/May/2022:10:41:33 +0800] "GET /xingrg/kc/base/yddb_order_report.html?fileType=servlets/rtf&code=482022050900051&reportName=ck_order_report&subName=yddb HTTP/1.1" 302 -
58.39.201.47 - - [09/May/2022:10:41:33 +0800] "GET /xingrg/servlets/rtf?sysBaseUrl=http%3A%2F%2F180.169.147.146%3A18081%2Fxingrg%2F&costTime=58×tamp=1652064093583 HTTP/1.1" 200 18070
58.39.201.47 - - [09/May/2022:10:41:33 +0800] "GET /favicon.ico HTTP/1.1" 404 -
120.253.135.82 - - [09/May/2022:10:41:35 +0800] "POST /xingrg/kc/pszx/mdps_list_operate.html HTTP/1.1" 200 582
58.39.61.91 - - [09/May/2022:10:41:36 +0800] "GET /xingrg/all/function/internal_message.html?_=1652064096017&CODE_STATE=getMsg HTTP/1.1" 200 27
180.162.5.100 - - [09/May/2022:10:41:36 +0800] "GET /xingrg/all/function/internal_message.html?_=1652064097464&CODE_STATE=getMsg HTTP/1.1" 200 27
58.39.201.47 - - [09/May/2022:10:41:36 +0800] "GET /xingrg/kc/base/yddb_order_report.html?fileType=printView.do&code=482022050900051&reportName=ck_order_report&subName=yddb HTTP/1.1" 302 -
58.39.201.47 - - [09/May/2022:10:41:37 +0800] "GET /xingrg/printView.do?sysBaseUrl=http%3A%2F%2F180.169.147.146%3A18081%2Fxingrg%2F&costTime=57×tamp=1652064096991 HTTP/1.1" 200 1153
58.39.201.47 - - [09/May/2022:10:41:37 +0800] "GET /favicon.ico HTTP/1.1" 404 -
58.39.201.47 - - [09/May/2022:10:41:40 +0800] "GET /xingrg/applets HTTP/1.1" 302 -
58.39.201.47 - - [09/May/2022:10:41:40 +0800] "GET /xingrg/applets/ HTTP/1.1" 404 992
120.253.135.82 - - [09/May/2022:10:41:40 +0800] "GET /xingrg/kc/pszx/mdps_order_info.html?code=312022050800193 HTTP/1.1" 200 23978
120.253.135.82 - - [09/May/2022:10:41:41 +0800] "POST /xingrg/kc/pszx/mdps_order_operate.html HTTP/1.1" 200 6662
120.253.135.82 - - [09/May/2022:10:41:41 +0800] "GET /xingrg/javascript/easyui/themes/default/validatebox.css HTTP/1.1" 404 1104
58.39.201.47 - - [09/May/2022:10:41:42 +0800] "GET /xingrg/check_reg.html?_=1652064107950 HTTP/1.1" 200 22
58.39.201.47 - - [09/May/2022:10:41:42 +0800] "GET /xingrg/all/function/internal_message.html?_=1652064107951&CODE_STATE=getMsg HTTP/1.1" 200 27
120.253.135.82 - - [09/May/2022:10:41:43 +0800] "GET /xingrg/kc/print/load_data.html?order_code=312022050800193&kc_code=mdps&condition= HTTP/1.1" 200 2668
116.235.92.88 - - [09/May/2022:10:41:47 +0800] "GET /xingrg/all/function/internal_message.html?_=1652064279256&CODE_STATE=getMsg HTTP/1.1" 200 27
116.235.92.88 - - [09/May/2022:10:41:47 +0800] "GET /xingrg/check_reg.html?_=1652064279257 HTTP/1.1" 200 22
120.253.135.82 - - [09/May/2022:10:41:49 +0800] "POST /xingrg/kc/pszx/mdps_list_operate.html HTTP/1.1" 200 3179
58.39.61.91 - - [09/May/2022:10:41:50 +0800] "GET /xingrg/check_reg.html?_=1652064071965 HTTP/1.1" 200 22
58.39.61.91 - - [09/May/2022:10:41:50 +0800] "GET /xingrg/all/function/internal_message.html?_=1652064072389&CODE_STATE=getMsg HTTP/1.1" 200 27
120.253.135.82 - - [09/May/2022:10:41:51 +0800] "POST /xingrg/kc/pszx/mdps_list_operate.html HTTP/1.1" 200 371
120.253.135.82 - - [09/May/2022:10:41:51 +0800] "GET /xingrg/kc/pszx/mdps_order_info.html?code=312022050800205 HTTP/1.1" 200 23978
120.253.135.82 - - [09/May/2022:10:41:52 +0800] "POST /xingrg/kc/pszx/mdps_order_operate.html HTTP/1.1" 200 3290
120.253.135.82 - - [09/May/2022:10:41:52 +0800] "GET /xingrg/javascript/easyui/themes/default/validatebox.css HTTP/1.1" 404 1104
120.253.135.82 - - [09/May/2022:10:41:56 +0800] "GET /xingrg/kc/print/load_data.html?order_code=312022050800205&kc_code=mdps&condition= HTTP/1.1" 200 1152
120.253.135.82 - - [09/May/2022:10:42:01 +0800] "POST /xingrg/kc/pszx/mdps_list_operate.html HTTP/1.1" 200 3179
101.85.120.86 - - [09/May/2022:10:42:01 +0800] "GET /xingrg/check_reg.html?_=1652064120369 HTTP/1.1" 200 22
101.85.120.86 - - [09/May/2022:10:42:02 +0800] "GET /xingrg/all/function/internal_message.html?_=1652064120370&CODE_STATE=getMsg HTTP/1.1" 200 27
120.253.135.82 - - [09/May/2022:10:42:03 +0800] "POST /xingrg/kc/pszx/mdps_list_operate.html HTTP/1.1" 200 199
120.253.135.82 - - [09/May/2022:10:42:04 +0800] "GET /xingrg/kc/pszx/mdps_order_info.html?code=312022050900222 HTTP/1.1" 200 23980
120.253.135.82 - - [09/May/2022:10:42:04 +0800] "POST /xingrg/kc/pszx/mdps_order_operate.html HTTP/1.1" 200 2276
120.253.135.82 - - [09/May/2022:10:42:04 +0800] "GET /xingrg/javascript/easyui/themes/default/validatebox.css HTTP/1.1" 404 1104
120.253.135.82 - - [09/May/2022:10:42:06 +0800] "GET /xingrg/kc/print/load_data.html?order_code=312022050900222&kc_code=mdps&condition= HTTP/1.1" 200 690
58.39.201.47 - - [09/May/2022:10:42:07 +0800] "GET /xingrg/all/function/internal_message.html?_=1652064059304&CODE_STATE=getMsg HTTP/1.1" 200 27
218.81.223.53 - - [09/May/2022:10:42:10 +0800] "GET /xingrg/all/function/internal_message.html?_=1652064131425&CODE_STATE=getMsg HTTP/1.1" 200 27
120.253.135.82 - - [09/May/2022:10:42:12 +0800] "POST /xingrg/kc/pszx/mdps_list_operate.html HTTP/1.1" 200 3179
120.253.135.82 - - [09/May/2022:10:42:14 +0800] "POST /xingrg/kc/pszx/mdps_list_operate.html HTTP/1.1" 200 462
120.253.135.82 - - [09/May/2022:10:42:15 +0800] "GET /xingrg/kc/pszx/mdps_order_info.html?code=312022050900224 HTTP/1.1" 200 23978
120.253.135.82 - - [09/May/2022:10:42:15 +0800] "POST /xingrg/kc/pszx/mdps_order_operate.html HTTP/1.1" 200 3841
120.253.135.82 - - [09/May/2022:10:42:15 +0800] "GET /xingrg/javascript/easyui/themes/default/validatebox.css HTTP/1.1" 404 1104
120.253.135.82 - - [09/May/2022:10:42:18 +0800] "GET /xingrg/kc/print/load_data.html?order_code=312022050900224&kc_code=mdps&condition= HTTP/1.1" 200 1432
101.87.191.251 - - [09/May/2022:10:42:18 +0800] "GET /xingrg/all/function/internal_message.html?_=1652064139161&CODE_STATE=getMsg HTTP/1.1" 302 -
114.83.216.15 - - [09/May/2022:10:42:23 +0800] "GET /xingrg/all/function/internal_message.html?_=1652064143369&CODE_STATE=getMsg HTTP/1.1" 200 27
120.253.135.82 - - [09/May/2022:10:42:24 +0800] "POST /xingrg/kc/pszx/mdps_list_operate.html HTTP/1.1" 200 3179
120.253.135.82 - - [09/May/2022:10:42:25 +0800] "POST /xingrg/kc/pszx/mdps_list_operate.html HTTP/1.1" 200 278
120.253.135.82 - - [09/May/2022:10:42:25 +0800] "GET /xingrg/all/function/internal_message.html?_=1652063955177&CODE_STATE=getMsg HTTP/1.1" 200 27
120.253.135.82 - - [09/May/2022:10:42:26 +0800] "GET /xingrg/kc/pszx/mdps_order_info.html?code=312022050900225 HTTP/1.1" 200 23976
120.253.135.82 - - [09/May/2022:10:42:26 +0800] "POST /xingrg/kc/pszx/mdps_order_operate.html HTTP/1.1" 200 2774
120.253.135.82 - - [09/May/2022:10:42:26 +0800] "GET /xingrg/javascript/easyui/themes/default/validatebox.css HTTP/1.1" 404 1104
120.253.135.82 - - [09/May/2022:10:42:29 +0800] "GET /xingrg/kc/print/load_data.html?order_code=312022050900225&kc_code=mdps&condition= HTTP/1.1" 200 911
58.39.201.47 - - [09/May/2022:10:42:29 +0800] "GET /xingrg/kc/base/yddb_order_report.html?fileType=printReport.do&code=482022050900051&reportName=ck_order_report&subName=yddb HTTP/1.1" 302 -
58.39.201.47 - - [09/May/2022:10:42:29 +0800] "GET /xingrg/printReport.do?sysBaseUrl=http%3A%2F%2F180.169.147.146%3A18081%2Fxingrg%2F&costTime=81×tamp=1652064149952 HTTP/1.1" 200 1138
58.39.201.47 - - [09/May/2022:10:42:30 +0800] "GET /favicon.ico HTTP/1.1" 404 -
