183.192.90.64 - - [06/May/2022:17:01:11 +0800] "POST /xingrg/all/common/load_combo.html?type=base&rest_code=00147 HTTP/1.1" 200 3230
180.157.251.97 - - [06/May/2022:17:01:17 +0800] "POST /xingrg/kc/pszx/mdps_list_operate.html HTTP/1.1" 200 5470
183.192.90.64 - - [06/May/2022:17:01:18 +0800] "POST /xingrg/all/common/load_combo.html?type=employee HTTP/1.1" 200 186
180.157.251.97 - - [06/May/2022:17:01:20 +0800] "POST /xingrg/kc/pszx/mdps_list_operate.html HTTP/1.1" 200 561
180.157.251.97 - - [06/May/2022:17:01:21 +0800] "GET /xingrg/kc/pszx/mdps_order_info.html?code=312022050300050 HTTP/1.1" 200 23978
180.157.251.97 - - [06/May/2022:17:01:21 +0800] "GET /xingrg/javascript/easyui/themes/default/validatebox.css HTTP/1.1" 404 1104
180.157.251.97 - - [06/May/2022:17:01:21 +0800] "POST /xingrg/kc/pszx/mdps_order_operate.html HTTP/1.1" 200 4311
183.192.90.64 - - [06/May/2022:17:01:22 +0800] "GET /xingrg/javascript/jquery_tools/images/prev.gif HTTP/1.1" 404 1086
183.192.90.64 - - [06/May/2022:17:01:22 +0800] "GET /xingrg/javascript/jquery_tools/images/next.gif HTTP/1.1" 404 1086
180.162.25.135 - - [06/May/2022:17:01:24 +0800] "GET /xingrg/check_reg.html?_=1651827681417 HTTP/1.1" 200 22
180.162.25.135 - - [06/May/2022:17:01:24 +0800] "GET /xingrg/all/function/internal_message.html?_=1651827681418&CODE_STATE=getMsg HTTP/1.1" 200 27
183.192.90.64 - - [06/May/2022:17:01:26 +0800] "GET /xingrg/javascript/jquery_easy_ui/themes/default/images/tabs_active.png HTTP/1.1" 304 -
183.192.90.64 - - [06/May/2022:17:01:31 +0800] "GET /xingrg/kc/report/report_main.html HTTP/1.1" 200 7340
183.192.90.64 - - [06/May/2022:17:01:31 +0800] "GET /xingrg/javascript/jquery_easy_ui/themes/icons/back_new.png HTTP/1.1" 304 -
183.192.90.64 - - [06/May/2022:17:01:32 +0800] "GET /xingrg/kc/mdqp/qp_main.html HTTP/1.1" 200 10633
183.192.90.64 - - [06/May/2022:17:01:33 +0800] "GET /xingrg/images/yd/bt.gif HTTP/1.1" 404 1040
183.192.90.64 - - [06/May/2022:17:01:34 +0800] "GET /xingrg/kc/mdqp/pssh_order_list.html HTTP/1.1" 200 17780
183.192.90.64 - - [06/May/2022:17:01:35 +0800] "POST /xingrg/kc/mdqp/pssh_list_operate.html HTTP/1.1" 200 5451
117.143.50.163 - - [06/May/2022:17:01:37 +0800] "GET /xingrg/all/function/internal_message.html?_=1651827692998&CODE_STATE=getMsg HTTP/1.1" 200 27
180.157.251.97 - - [06/May/2022:17:01:38 +0800] "GET /xingrg/all/function/internal_message.html?_=1651827372189&CODE_STATE=getMsg HTTP/1.1" 200 27
58.39.201.47 - - [06/May/2022:17:01:39 +0800] "GET /xingrg/all/function/internal_message.html?_=1651827624451&CODE_STATE=getMsg HTTP/1.1" 200 27
183.192.90.64 - - [06/May/2022:17:01:41 +0800] "POST /xingrg/kc/mdqp/pssh_list_operate.html HTTP/1.1" 200 256
180.157.251.97 - - [06/May/2022:17:01:42 +0800] "POST /xingrg/kc/pszx/mdps_order_operate.html HTTP/1.1" 200 37
180.157.251.97 - - [06/May/2022:17:01:43 +0800] "GET /xingrg/kc/pszx/mdps_order_info.html?code=312022050300050 HTTP/1.1" 200 23978
180.157.251.97 - - [06/May/2022:17:01:43 +0800] "GET /xingrg/javascript/easyui/themes/default/validatebox.css HTTP/1.1" 404 1104
180.157.251.97 - - [06/May/2022:17:01:43 +0800] "POST /xingrg/kc/pszx/mdps_order_operate.html HTTP/1.1" 200 4313
116.235.92.88 - - [06/May/2022:17:01:44 +0800] "GET /xingrg/all/function/internal_message.html?_=1651827874563&CODE_STATE=getMsg HTTP/1.1" 200 27
116.235.92.88 - - [06/May/2022:17:01:44 +0800] "GET /xingrg/check_reg.html?_=1651827874564 HTTP/1.1" 200 22
101.85.120.86 - - [06/May/2022:17:01:45 +0800] "GET /xingrg/all/function/internal_message.html?_=1651827700360&CODE_STATE=getMsg HTTP/1.1" 200 27
58.39.61.91 - - [06/May/2022:17:01:46 +0800] "GET /xingrg/all/function/internal_message.html?_=1651827668070&CODE_STATE=getMsg HTTP/1.1" 200 27
183.192.90.64 - - [06/May/2022:17:01:46 +0800] "GET /xingrg/kc/mdqp/pssh_order_info.html?code=312022041800085 HTTP/1.1" 200 17256
183.192.90.64 - - [06/May/2022:17:01:46 +0800] "GET /xingrg/javascript/jquery_tools/jquery-1.4.2.min.js HTTP/1.1" 404 1094
183.192.90.64 - - [06/May/2022:17:01:47 +0800] "POST /xingrg/kc/mdqp/pssh_order_operate.html HTTP/1.1" 200 526
42.236.10.114 - - [06/May/2022:17:01:47 +0800] "GET /xingrg/servlets/html HTTP/1.1" 200 2933
183.192.90.64 - - [06/May/2022:17:01:48 +0800] "GET /xingrg/javascript/easyui/themes/default/validatebox.css HTTP/1.1" 404 1104
101.87.185.179 - - [06/May/2022:17:01:49 +0800] "GET /xingrg/all/function/internal_message.html?_=1651827707052&CODE_STATE=getMsg HTTP/1.1" 200 27
222.70.180.114 - - [06/May/2022:17:01:50 +0800] "GET /xingrg/all/function/internal_message.html?_=1651827704554&CODE_STATE=getMsg HTTP/1.1" 200 27
183.192.90.64 - - [06/May/2022:17:01:50 +0800] "GET /xingrg/all/function/internal_message.html?_=1651827714720&CODE_STATE=getMsg HTTP/1.1" 200 27
42.236.10.114 - - [06/May/2022:17:01:50 +0800] "GET /xingrg/stylesheet.css HTTP/1.1" 404 1036
42.236.10.114 - - [06/May/2022:17:01:52 +0800] "GET /xingrg/servlets/html HTTP/1.1" 200 2933
42.236.10.114 - - [06/May/2022:17:01:54 +0800] "GET /xingrg/stylesheet.css HTTP/1.1" 404 1036
58.39.201.47 - - [06/May/2022:17:01:59 +0800] "GET /xingrg/all/function/internal_message.html?_=1651827720213&CODE_STATE=getMsg HTTP/1.1" 200 27
183.192.90.64 - - [06/May/2022:17:02:00 +0800] "POST /xingrg/all/common/load_combo.html?type=employee HTTP/1.1" 200 186
183.192.90.64 - - [06/May/2022:17:02:02 +0800] "GET /xingrg/javascript/easyui/themes/default/images/button_plain_hover.png HTTP/1.1" 304 -
183.192.90.64 - - [06/May/2022:17:02:02 +0800] "GET /xingrg/javascript/easyui/themes/default/images/button_plain_hover.png HTTP/1.1" 304 -
183.192.90.64 - - [06/May/2022:17:02:02 +0800] "GET /xingrg/javascript/easyui/themes/default/images/button_plain_hover.png HTTP/1.1" 304 -
183.192.90.64 - - [06/May/2022:17:02:04 +0800] "POST /xingrg/all/common/load_combo.html?type=base&rest_code=00147 HTTP/1.1" 200 3230
218.81.223.53 - - [06/May/2022:17:02:04 +0800] "GET /xingrg/all/function/internal_message.html?_=1651827703354&CODE_STATE=getMsg HTTP/1.1" 200 27
116.233.73.235 - - [06/May/2022:17:02:07 +0800] "GET /xingrg/check_reg.html?_=1651827737925 HTTP/1.1" 200 22
116.233.73.235 - - [06/May/2022:17:02:07 +0800] "GET /xingrg/all/function/internal_message.html?_=1651827737933&CODE_STATE=getMsg HTTP/1.1" 200 27
180.157.251.97 - - [06/May/2022:17:02:10 +0800] "POST /xingrg/kc/pszx/mdps_order_operate.html HTTP/1.1" 200 37
180.157.251.97 - - [06/May/2022:17:02:11 +0800] "GET /xingrg/kc/pszx/mdps_order_info.html?code=312022050300050 HTTP/1.1" 200 23978
183.192.90.64 - - [06/May/2022:17:02:11 +0800] "POST /xingrg/kc/mdqp/pssh_order_operate.html HTTP/1.1" 200 37
180.157.251.97 - - [06/May/2022:17:02:11 +0800] "GET /xingrg/javascript/easyui/themes/default/validatebox.css HTTP/1.1" 404 1104
180.157.251.97 - - [06/May/2022:17:02:11 +0800] "POST /xingrg/kc/pszx/mdps_order_operate.html HTTP/1.1" 200 4313
183.192.90.64 - - [06/May/2022:17:02:11 +0800] "POST /xingrg/kc/mdqp/pssh_order_operate.html HTTP/1.1" 200 104
180.157.251.97 - - [06/May/2022:17:02:22 +0800] "POST /xingrg/kc/pszx/mdps_list_operate.html HTTP/1.1" 200 5470
180.162.25.135 - - [06/May/2022:17:02:24 +0800] "GET /xingrg/all/function/internal_message.html?_=1651827741408&CODE_STATE=getMsg HTTP/1.1" 200 27
180.157.251.97 - - [06/May/2022:17:02:28 +0800] "POST /xingrg/kc/pszx/mdps_list_operate.html HTTP/1.1" 200 562
180.157.251.97 - - [06/May/2022:17:02:28 +0800] "GET /xingrg/kc/pszx/mdps_order_info.html?code=312022050300052 HTTP/1.1" 200 23972
180.157.251.97 - - [06/May/2022:17:02:28 +0800] "GET /xingrg/javascript/easyui/themes/default/validatebox.css HTTP/1.1" 404 1104
180.157.251.97 - - [06/May/2022:17:02:29 +0800] "POST /xingrg/kc/pszx/mdps_order_operate.html HTTP/1.1" 200 4313
183.192.90.64 - - [06/May/2022:17:02:30 +0800] "GET /xingrg/kc/mdqp/pssh_order_info.html?code=312022041800085 HTTP/1.1" 200 17316
183.192.90.64 - - [06/May/2022:17:02:30 +0800] "GET /xingrg/javascript/jquery_tools/jquery-1.4.2.min.js HTTP/1.1" 404 1094
183.192.90.64 - - [06/May/2022:17:02:31 +0800] "POST /xingrg/kc/mdqp/pssh_order_operate.html HTTP/1.1" 200 526
183.192.90.64 - - [06/May/2022:17:02:32 +0800] "GET /xingrg/javascript/easyui/themes/default/validatebox.css HTTP/1.1" 404 1104
117.143.50.163 - - [06/May/2022:17:02:37 +0800] "GET /xingrg/all/function/internal_message.html?_=1651827753012&CODE_STATE=getMsg HTTP/1.1" 200 27
183.192.90.64 - - [06/May/2022:17:02:37 +0800] "POST /xingrg/kc/mdqp/pssh_order_operate.html HTTP/1.1" 200 37
183.192.90.64 - - [06/May/2022:17:02:37 +0800] "POST /xingrg/kc/mdqp/pssh_order_operate.html HTTP/1.1" 200 104
58.39.61.91 - - [06/May/2022:17:02:38 +0800] "GET /xingrg/check_reg.html?_=1651827720456 HTTP/1.1" 200 22
180.157.251.97 - - [06/May/2022:17:02:38 +0800] "GET /xingrg/all/function/internal_message.html?_=1651827432195&CODE_STATE=getMsg HTTP/1.1" 200 27
58.39.201.47 - - [06/May/2022:17:02:39 +0800] "GET /xingrg/all/function/internal_message.html?_=1651827684451&CODE_STATE=getMsg HTTP/1.1" 200 27
183.192.90.64 - - [06/May/2022:17:02:40 +0800] "POST /xingrg/kc/mdqp/pssh_list_operate.html HTTP/1.1" 200 1616
116.235.92.88 - - [06/May/2022:17:02:44 +0800] "GET /xingrg/all/function/internal_message.html?_=1651827934578&CODE_STATE=getMsg HTTP/1.1" 200 27
101.85.120.86 - - [06/May/2022:17:02:45 +0800] "GET /xingrg/all/function/internal_message.html?_=1651827760352&CODE_STATE=getMsg HTTP/1.1" 200 27
58.39.61.91 - - [06/May/2022:17:02:46 +0800] "GET /xingrg/all/function/internal_message.html?_=1651827728081&CODE_STATE=getMsg HTTP/1.1" 200 27
180.157.251.97 - - [06/May/2022:17:02:48 +0800] "POST /xingrg/kc/pszx/mdps_order_operate.html HTTP/1.1" 200 37
180.157.251.97 - - [06/May/2022:17:02:49 +0800] "GET /xingrg/kc/pszx/mdps_order_info.html?code=312022050300052 HTTP/1.1" 200 23972
180.157.251.97 - - [06/May/2022:17:02:49 +0800] "GET /xingrg/javascript/easyui/themes/default/validatebox.css HTTP/1.1" 404 1104
180.157.251.97 - - [06/May/2022:17:02:49 +0800] "POST /xingrg/kc/pszx/mdps_order_operate.html HTTP/1.1" 200 4315
101.87.185.179 - - [06/May/2022:17:02:49 +0800] "GET /xingrg/all/function/internal_message.html?_=1651827767056&CODE_STATE=getMsg HTTP/1.1" 200 27
222.70.180.114 - - [06/May/2022:17:02:50 +0800] "GET /xingrg/all/function/internal_message.html?_=1651827764538&CODE_STATE=getMsg HTTP/1.1" 200 27
180.157.251.97 - - [06/May/2022:17:02:51 +0800] "POST /xingrg/kc/pszx/mdps_list_operate.html HTTP/1.1" 200 5470
180.157.251.97 - - [06/May/2022:17:02:56 +0800] "POST /xingrg/kc/pszx/mdps_list_operate.html HTTP/1.1" 200 559
180.157.251.97 - - [06/May/2022:17:02:56 +0800] "GET /xingrg/kc/pszx/mdps_order_info.html?code=312022050300053 HTTP/1.1" 200 23972
180.157.251.97 - - [06/May/2022:17:02:56 +0800] "GET /xingrg/javascript/easyui/themes/default/validatebox.css HTTP/1.1" 404 1104
180.157.251.97 - - [06/May/2022:17:02:57 +0800] "POST /xingrg/kc/pszx/mdps_order_operate.html HTTP/1.1" 200 4309
58.39.201.47 - - [06/May/2022:17:02:59 +0800] "GET /xingrg/check_reg.html?_=1651827780213 HTTP/1.1" 200 22
58.39.201.47 - - [06/May/2022:17:02:59 +0800] "GET /xingrg/all/function/internal_message.html?_=1651827780216&CODE_STATE=getMsg HTTP/1.1" 200 27
218.81.223.53 - - [06/May/2022:17:03:05 +0800] "GET /xingrg/all/function/internal_message.html?_=1651827763568&CODE_STATE=getMsg HTTP/1.1" 200 27
58.221.95.50 - - [06/May/2022:17:03:05 +0800] "GET /xingrg/check_reg.html?_=1651827782484 HTTP/1.1" 302 -
116.233.73.235 - - [06/May/2022:17:03:07 +0800] "GET /xingrg/all/function/internal_message.html?_=1651827797917&CODE_STATE=getMsg HTTP/1.1" 200 27
180.157.251.97 - - [06/May/2022:17:03:09 +0800] "POST /xingrg/kc/pszx/mdps_order_operate.html HTTP/1.1" 200 37
180.157.251.97 - - [06/May/2022:17:03:10 +0800] "GET /xingrg/kc/pszx/mdps_order_info.html?code=312022050300053 HTTP/1.1" 200 23972
180.157.251.97 - - [06/May/2022:17:03:10 +0800] "GET /xingrg/javascript/easyui/themes/default/validatebox.css HTTP/1.1" 404 1104
180.157.251.97 - - [06/May/2022:17:03:10 +0800] "POST /xingrg/kc/pszx/mdps_order_operate.html HTTP/1.1" 200 4311
180.157.251.97 - - [06/May/2022:17:03:15 +0800] "POST /xingrg/kc/pszx/mdps_order_operate.html HTTP/1.1" 200 37
180.157.251.97 - - [06/May/2022:17:03:16 +0800] "GET /xingrg/kc/pszx/mdps_order_info.html?code=312022050300053 HTTP/1.1" 200 23972
180.157.251.97 - - [06/May/2022:17:03:16 +0800] "GET /xingrg/javascript/easyui/themes/default/validatebox.css HTTP/1.1" 404 1104
180.157.251.97 - - [06/May/2022:17:03:16 +0800] "POST /xingrg/kc/pszx/mdps_order_operate.html HTTP/1.1" 200 4311
180.157.251.97 - - [06/May/2022:17:03:22 +0800] "POST /xingrg/kc/pszx/mdps_list_operate.html HTTP/1.1" 200 5470
180.162.25.135 - - [06/May/2022:17:03:24 +0800] "GET /xingrg/all/function/internal_message.html?_=1651827801411&CODE_STATE=getMsg HTTP/1.1" 200 27
180.157.251.97 - - [06/May/2022:17:03:24 +0800] "POST /xingrg/kc/pszx/mdps_list_operate.html HTTP/1.1" 200 560
180.157.251.97 - - [06/May/2022:17:03:25 +0800] "GET /xingrg/kc/pszx/mdps_order_info.html?code=312022050300054 HTTP/1.1" 200 23978
180.157.251.97 - - [06/May/2022:17:03:25 +0800] "GET /xingrg/javascript/easyui/themes/default/validatebox.css HTTP/1.1" 404 1104
180.157.251.97 - - [06/May/2022:17:03:25 +0800] "POST /xingrg/kc/pszx/mdps_order_operate.html HTTP/1.1" 200 4310
180.156.212.250 - - [06/May/2022:17:03:26 +0800] "GET /xingrg/check_reg.html?_=1651827869927 HTTP/1.1" 200 22
180.157.251.97 - - [06/May/2022:17:03:35 +0800] "POST /xingrg/kc/pszx/mdps_order_operate.html HTTP/1.1" 200 37
180.157.251.97 - - [06/May/2022:17:03:36 +0800] "GET /xingrg/kc/pszx/mdps_order_info.html?code=312022050300054 HTTP/1.1" 200 23978
180.157.251.97 - - [06/May/2022:17:03:36 +0800] "GET /xingrg/javascript/easyui/themes/default/validatebox.css HTTP/1.1" 404 1104
180.157.251.97 - - [06/May/2022:17:03:36 +0800] "POST /xingrg/kc/pszx/mdps_order_operate.html HTTP/1.1" 200 4312
117.143.50.163 - - [06/May/2022:17:03:37 +0800] "GET /xingrg/all/function/internal_message.html?_=1651827813010&CODE_STATE=getMsg HTTP/1.1" 200 27
180.157.251.97 - - [06/May/2022:17:03:38 +0800] "GET /xingrg/all/function/internal_message.html?_=1651827492166&CODE_STATE=getMsg HTTP/1.1" 200 27
180.157.251.97 - - [06/May/2022:17:03:38 +0800] "POST /xingrg/kc/pszx/mdps_list_operate.html HTTP/1.1" 200 5470
58.39.201.47 - - [06/May/2022:17:03:39 +0800] "GET /xingrg/check_reg.html?_=1651827744479 HTTP/1.1" 200 22
58.39.201.47 - - [06/May/2022:17:03:39 +0800] "GET /xingrg/all/function/internal_message.html?_=1651827744482&CODE_STATE=getMsg HTTP/1.1" 200 27
116.235.92.88 - - [06/May/2022:17:03:44 +0800] "GET /xingrg/all/function/internal_message.html?_=1651827994576&CODE_STATE=getMsg HTTP/1.1" 200 27
101.85.120.86 - - [06/May/2022:17:03:45 +0800] "GET /xingrg/all/function/internal_message.html?_=1651827820362&CODE_STATE=getMsg HTTP/1.1" 200 27
180.157.251.97 - - [06/May/2022:17:03:45 +0800] "POST /xingrg/kc/pszx/mdps_list_operate.html HTTP/1.1" 200 561
180.157.251.97 - - [06/May/2022:17:03:45 +0800] "GET /xingrg/kc/pszx/mdps_order_info.html?code=312022050300056 HTTP/1.1" 200 23978
180.157.251.97 - - [06/May/2022:17:03:46 +0800] "GET /xingrg/javascript/easyui/themes/default/validatebox.css HTTP/1.1" 404 1104
180.157.251.97 - - [06/May/2022:17:03:46 +0800] "POST /xingrg/kc/pszx/mdps_order_operate.html HTTP/1.1" 200 4311
58.39.61.91 - - [06/May/2022:17:03:46 +0800] "GET /xingrg/all/function/internal_message.html?_=1651827788094&CODE_STATE=getMsg HTTP/1.1" 200 27
101.87.185.179 - - [06/May/2022:17:03:49 +0800] "GET /xingrg/all/function/internal_message.html?_=1651827827058&CODE_STATE=getMsg HTTP/1.1" 200 27
222.70.180.114 - - [06/May/2022:17:03:50 +0800] "GET /xingrg/all/function/internal_message.html?_=1651827824524&CODE_STATE=getMsg HTTP/1.1" 200 27
222.70.180.114 - - [06/May/2022:17:03:54 +0800] "GET /xingrg/check_reg.html?_=1651827828926 HTTP/1.1" 200 22
180.157.251.97 - - [06/May/2022:17:03:54 +0800] "POST /xingrg/kc/pszx/mdps_order_operate.html HTTP/1.1" 200 37
180.157.251.97 - - [06/May/2022:17:03:55 +0800] "GET /xingrg/kc/pszx/mdps_order_info.html?code=312022050300056 HTTP/1.1" 200 23978
180.157.251.97 - - [06/May/2022:17:03:56 +0800] "GET /xingrg/javascript/easyui/themes/default/validatebox.css HTTP/1.1" 404 1104
180.157.251.97 - - [06/May/2022:17:03:56 +0800] "POST /xingrg/kc/pszx/mdps_order_operate.html HTTP/1.1" 200 4313
58.39.201.47 - - [06/May/2022:17:03:59 +0800] "GET /xingrg/all/function/internal_message.html?_=1651827840243&CODE_STATE=getMsg HTTP/1.1" 200 27
180.157.251.97 - - [06/May/2022:17:04:04 +0800] "POST /xingrg/kc/pszx/mdps_order_operate.html HTTP/1.1" 200 37
218.81.223.53 - - [06/May/2022:17:04:05 +0800] "GET /xingrg/all/function/internal_message.html?_=1651827823569&CODE_STATE=getMsg HTTP/1.1" 200 27
180.157.251.97 - - [06/May/2022:17:04:05 +0800] "GET /xingrg/kc/pszx/mdps_order_info.html?code=312022050300056 HTTP/1.1" 200 23978
180.157.251.97 - - [06/May/2022:17:04:05 +0800] "GET /xingrg/javascript/easyui/themes/default/validatebox.css HTTP/1.1" 404 1104
180.157.251.97 - - [06/May/2022:17:04:05 +0800] "POST /xingrg/kc/pszx/mdps_order_operate.html HTTP/1.1" 200 4313
116.233.73.235 - - [06/May/2022:17:04:07 +0800] "GET /xingrg/all/function/internal_message.html?_=1651827857924&CODE_STATE=getMsg HTTP/1.1" 200 27
180.157.251.97 - - [06/May/2022:17:04:10 +0800] "POST /xingrg/kc/pszx/mdps_list_operate.html HTTP/1.1" 200 5470
180.157.251.97 - - [06/May/2022:17:04:12 +0800] "POST /xingrg/kc/pszx/mdps_list_operate.html HTTP/1.1" 200 560
180.157.251.97 - - [06/May/2022:17:04:13 +0800] "GET /xingrg/kc/pszx/mdps_order_info.html?code=312022050300057 HTTP/1.1" 200 23978
180.157.251.97 - - [06/May/2022:17:04:13 +0800] "GET /xingrg/javascript/easyui/themes/default/validatebox.css HTTP/1.1" 404 1104
180.157.251.97 - - [06/May/2022:17:04:13 +0800] "POST /xingrg/kc/pszx/mdps_order_operate.html HTTP/1.1" 200 4310
180.157.251.97 - - [06/May/2022:17:04:22 +0800] "POST /xingrg/kc/pszx/mdps_order_operate.html HTTP/1.1" 200 37
180.157.251.97 - - [06/May/2022:17:04:23 +0800] "GET /xingrg/kc/pszx/mdps_order_info.html?code=312022050300057 HTTP/1.1" 200 23978
180.157.251.97 - - [06/May/2022:17:04:24 +0800] "GET /xingrg/javascript/easyui/themes/default/validatebox.css HTTP/1.1" 404 1104
180.157.251.97 - - [06/May/2022:17:04:24 +0800] "POST /xingrg/kc/pszx/mdps_order_operate.html HTTP/1.1" 200 4312
180.162.25.135 - - [06/May/2022:17:04:24 +0800] "GET /xingrg/all/function/internal_message.html?_=1651827861400&CODE_STATE=getMsg HTTP/1.1" 200 27
180.157.251.97 - - [06/May/2022:17:04:29 +0800] "POST /xingrg/kc/pszx/mdps_list_operate.html HTTP/1.1" 200 5470
180.157.251.97 - - [06/May/2022:17:04:35 +0800] "POST /xingrg/kc/pszx/mdps_list_operate.html HTTP/1.1" 200 5474
117.143.50.163 - - [06/May/2022:17:04:37 +0800] "GET /xingrg/all/function/internal_message.html?_=1651827872993&CODE_STATE=getMsg HTTP/1.1" 200 27
180.157.251.97 - - [06/May/2022:17:04:38 +0800] "GET /xingrg/all/function/internal_message.html?_=1651827552182&CODE_STATE=getMsg HTTP/1.1" 200 27
58.39.201.47 - - [06/May/2022:17:04:39 +0800] "GET /xingrg/all/function/internal_message.html?_=1651827804481&CODE_STATE=getMsg HTTP/1.1" 200 27
180.157.251.97 - - [06/May/2022:17:04:39 +0800] "POST /xingrg/kc/pszx/mdps_list_operate.html HTTP/1.1" 200 559
180.157.251.97 - - [06/May/2022:17:04:40 +0800] "GET /xingrg/kc/pszx/mdps_order_info.html?code=312022050300058 HTTP/1.1" 200 23978
180.157.251.97 - - [06/May/2022:17:04:40 +0800] "GET /xingrg/javascript/easyui/themes/default/validatebox.css HTTP/1.1" 404 1104
180.157.251.97 - - [06/May/2022:17:04:40 +0800] "POST /xingrg/kc/pszx/mdps_order_operate.html HTTP/1.1" 200 4308
180.157.251.97 - - [06/May/2022:17:04:42 +0800] "GET /xingrg/check_reg.html?_=1651827556077 HTTP/1.1" 200 22
116.235.92.88 - - [06/May/2022:17:04:44 +0800] "GET /xingrg/all/function/internal_message.html?_=1651828054600&CODE_STATE=getMsg HTTP/1.1" 200 27
101.85.120.86 - - [06/May/2022:17:04:45 +0800] "GET /xingrg/check_reg.html?_=1651827880358 HTTP/1.1" 200 22
101.85.120.86 - - [06/May/2022:17:04:45 +0800] "GET /xingrg/all/function/internal_message.html?_=1651827880361&CODE_STATE=getMsg HTTP/1.1" 200 27
58.39.61.91 - - [06/May/2022:17:04:46 +0800] "GET /xingrg/all/function/internal_message.html?_=1651827848158&CODE_STATE=getMsg HTTP/1.1" 200 27
101.87.185.179 - - [06/May/2022:17:04:49 +0800] "GET /xingrg/all/function/internal_message.html?_=1651827887060&CODE_STATE=getMsg HTTP/1.1" 200 27
101.87.185.179 - - [06/May/2022:17:04:49 +0800] "GET /xingrg/check_reg.html?_=1651827887067 HTTP/1.1" 200 22
222.70.180.114 - - [06/May/2022:17:04:50 +0800] "GET /xingrg/all/function/internal_message.html?_=1651827884496&CODE_STATE=getMsg HTTP/1.1" 200 27
180.157.251.97 - - [06/May/2022:17:04:51 +0800] "POST /xingrg/kc/pszx/mdps_order_operate.html HTTP/1.1" 200 37
180.157.251.97 - - [06/May/2022:17:04:52 +0800] "GET /xingrg/kc/pszx/mdps_order_info.html?code=312022050300058 HTTP/1.1" 200 23978
180.157.251.97 - - [06/May/2022:17:04:53 +0800] "GET /xingrg/javascript/easyui/themes/default/validatebox.css HTTP/1.1" 404 1104
180.157.251.97 - - [06/May/2022:17:04:53 +0800] "POST /xingrg/kc/pszx/mdps_order_operate.html HTTP/1.1" 200 4310
180.157.251.97 - - [06/May/2022:17:04:56 +0800] "POST /xingrg/kc/pszx/mdps_list_operate.html HTTP/1.1" 200 5474
58.39.201.47 - - [06/May/2022:17:04:59 +0800] "GET /xingrg/all/function/internal_message.html?_=1651827900243&CODE_STATE=getMsg HTTP/1.1" 200 27
218.81.223.53 - - [06/May/2022:17:05:05 +0800] "GET /xingrg/all/function/internal_message.html?_=1651827883762&CODE_STATE=getMsg HTTP/1.1" 200 27
116.233.73.235 - - [06/May/2022:17:05:07 +0800] "GET /xingrg/all/function/internal_message.html?_=1651827917924&CODE_STATE=getMsg HTTP/1.1" 200 27
180.162.25.135 - - [06/May/2022:17:05:24 +0800] "GET /xingrg/all/function/internal_message.html?_=1651827921407&CODE_STATE=getMsg HTTP/1.1" 200 27
180.157.251.97 - - [06/May/2022:17:05:30 +0800] "POST /xingrg/kc/pszx/mdps_list_operate.html HTTP/1.1" 200 5470
218.81.223.53 - - [06/May/2022:17:05:31 +0800] "GET /xingrg/check_reg.html?_=1651827910258 HTTP/1.1" 200 22
180.157.251.97 - - [06/May/2022:17:05:32 +0800] "POST /xingrg/kc/pszx/mdps_list_operate.html HTTP/1.1" 200 561
180.157.251.97 - - [06/May/2022:17:05:32 +0800] "GET /xingrg/kc/pszx/mdps_order_info.html?code=312022050300056 HTTP/1.1" 200 23978
180.157.251.97 - - [06/May/2022:17:05:33 +0800] "GET /xingrg/javascript/easyui/themes/default/validatebox.css HTTP/1.1" 404 1104
180.157.251.97 - - [06/May/2022:17:05:33 +0800] "POST /xingrg/kc/pszx/mdps_order_operate.html HTTP/1.1" 200 4313
117.143.50.163 - - [06/May/2022:17:05:37 +0800] "GET /xingrg/all/function/internal_message.html?_=1651827932994&CODE_STATE=getMsg HTTP/1.1" 200 27
117.143.50.163 - - [06/May/2022:17:05:37 +0800] "GET /xingrg/check_reg.html?_=1651827932995 HTTP/1.1" 200 22
180.157.251.97 - - [06/May/2022:17:05:38 +0800] "GET /xingrg/all/function/internal_message.html?_=1651827612164&CODE_STATE=getMsg HTTP/1.1" 200 27
58.39.201.47 - - [06/May/2022:17:05:39 +0800] "GET /xingrg/all/function/internal_message.html?_=1651827864481&CODE_STATE=getMsg HTTP/1.1" 200 27
180.157.251.97 - - [06/May/2022:17:05:42 +0800] "POST /xingrg/kc/pszx/mdps_list_operate.html HTTP/1.1" 200 5470
116.235.92.88 - - [06/May/2022:17:05:44 +0800] "GET /xingrg/all/function/internal_message.html?_=1651828114598&CODE_STATE=getMsg HTTP/1.1" 200 27
101.85.120.86 - - [06/May/2022:17:05:45 +0800] "GET /xingrg/all/function/internal_message.html?_=1651827940363&CODE_STATE=getMsg HTTP/1.1" 200 27
180.157.251.97 - - [06/May/2022:17:05:45 +0800] "GET /xingrg/kc/pszx/mdqp_order_list.html?state=10 HTTP/1.1" 200 10217
180.157.251.97 - - [06/May/2022:17:05:45 +0800] "GET /xingrg/dwr/interface/AjaxReportQueryService.js HTTP/1.1" 200 13203
180.157.251.97 - - [06/May/2022:17:05:45 +0800] "GET /xingrg/dwr/engine.js HTTP/1.1" 200 43631
180.157.251.97 - - [06/May/2022:17:05:45 +0800] "GET /xingrg/dwr/interface/AjaxQqpsService.js HTTP/1.1" 200 16326
58.39.61.91 - - [06/May/2022:17:05:46 +0800] "GET /xingrg/all/function/internal_message.html?_=1651827908169&CODE_STATE=getMsg HTTP/1.1" 200 27
180.157.251.97 - - [06/May/2022:17:05:46 +0800] "GET /xingrg/kc/pszx/mdqp_order_list.html?state=10 HTTP/1.1" 200 10217
180.157.251.97 - - [06/May/2022:17:05:46 +0800] "GET /xingrg/dwr/interface/AjaxQqpsService.js HTTP/1.1" 200 16326
180.157.251.97 - - [06/May/2022:17:05:46 +0800] "GET /xingrg/dwr/interface/AjaxReportQueryService.js HTTP/1.1" 200 13203
180.157.251.97 - - [06/May/2022:17:05:46 +0800] "GET /xingrg/dwr/engine.js HTTP/1.1" 200 43631
101.87.185.179 - - [06/May/2022:17:05:49 +0800] "GET /xingrg/all/function/internal_message.html?_=1651827947053&CODE_STATE=getMsg HTTP/1.1" 200 27
222.70.180.114 - - [06/May/2022:17:05:50 +0800] "GET /xingrg/all/function/internal_message.html?_=1651827944481&CODE_STATE=getMsg HTTP/1.1" 200 27
58.39.201.47 - - [06/May/2022:17:05:59 +0800] "GET /xingrg/all/function/internal_message.html?_=1651827960243&CODE_STATE=getMsg HTTP/1.1" 200 27
218.81.223.53 - - [06/May/2022:17:06:05 +0800] "GET /xingrg/all/function/internal_message.html?_=1651827943766&CODE_STATE=getMsg HTTP/1.1" 200 27
58.39.201.47 - - [06/May/2022:17:06:07 +0800] "POST /xingrg/services/DataTransmitService HTTP/1.1" 200 524
116.233.73.235 - - [06/May/2022:17:06:07 +0800] "GET /xingrg/all/function/internal_message.html?_=1651827977932&CODE_STATE=getMsg HTTP/1.1" 200 27
58.39.201.47 - - [06/May/2022:17:06:08 +0800] "POST /xingrg/services/DataTransmitService HTTP/1.1" 200 501
58.39.201.47 - - [06/May/2022:17:06:08 +0800] "POST /xingrg/services/DataTransmitService HTTP/1.1" 200 501
58.39.201.47 - - [06/May/2022:17:06:08 +0800] "POST /xingrg/services/DataTransmitService HTTP/1.1" 200 501
58.39.201.47 - - [06/May/2022:17:06:09 +0800] "POST /xingrg/services/DataTransmitService HTTP/1.1" 200 501
58.39.201.47 - - [06/May/2022:17:06:09 +0800] "POST /xingrg/services/DataTransmitService HTTP/1.1" 200 501
58.39.201.47 - - [06/May/2022:17:06:09 +0800] "POST /xingrg/services/DataTransmitService HTTP/1.1" 200 412
180.162.25.135 - - [06/May/2022:17:06:24 +0800] "GET /xingrg/all/function/internal_message.html?_=1651827981422&CODE_STATE=getMsg HTTP/1.1" 200 27
180.162.25.135 - - [06/May/2022:17:06:24 +0800] "GET /xingrg/check_reg.html?_=1651827981423 HTTP/1.1" 200 22
117.143.50.163 - - [06/May/2022:17:06:37 +0800] "GET /xingrg/all/function/internal_message.html?_=1651827993005&CODE_STATE=getMsg HTTP/1.1" 200 27
180.157.251.97 - - [06/May/2022:17:06:38 +0800] "GET /xingrg/all/function/internal_message.html?_=1651827672164&CODE_STATE=getMsg HTTP/1.1" 200 27
58.39.201.47 - - [06/May/2022:17:06:39 +0800] "GET /xingrg/all/function/internal_message.html?_=1651827924481&CODE_STATE=getMsg HTTP/1.1" 200 27
116.235.92.88 - - [06/May/2022:17:06:44 +0800] "GET /xingrg/check_reg.html?_=1651828174598 HTTP/1.1" 200 22
116.235.92.88 - - [06/May/2022:17:06:44 +0800] "GET /xingrg/all/function/internal_message.html?_=1651828174599&CODE_STATE=getMsg HTTP/1.1" 200 27
101.85.120.86 - - [06/May/2022:17:06:45 +0800] "GET /xingrg/all/function/internal_message.html?_=1651828000352&CODE_STATE=getMsg HTTP/1.1" 200 27
58.39.61.91 - - [06/May/2022:17:06:46 +0800] "GET /xingrg/all/function/internal_message.html?_=1651827968231&CODE_STATE=getMsg HTTP/1.1" 200 27
101.87.185.179 - - [06/May/2022:17:06:49 +0800] "GET /xingrg/all/function/internal_message.html?_=1651828007064&CODE_STATE=getMsg HTTP/1.1" 200 27
222.70.180.114 - - [06/May/2022:17:06:50 +0800] "GET /xingrg/all/function/internal_message.html?_=1651828004466&CODE_STATE=getMsg HTTP/1.1" 200 27
58.39.201.47 - - [06/May/2022:17:06:59 +0800] "GET /xingrg/all/function/internal_message.html?_=1651828020242&CODE_STATE=getMsg HTTP/1.1" 200 27
180.157.251.97 - - [06/May/2022:17:07:00 +0800] "GET /xingrg/kc/pszx/mdps_order_list.html?orderType=0 HTTP/1.1" 200 20966
180.157.251.97 - - [06/May/2022:17:07:00 +0800] "POST /xingrg/kc/pszx/mdps_list_operate.html HTTP/1.1" 200 5356
218.81.223.53 - - [06/May/2022:17:07:05 +0800] "GET /xingrg/all/function/internal_message.html?_=1651828003780&CODE_STATE=getMsg HTTP/1.1" 200 27
116.233.73.235 - - [06/May/2022:17:07:07 +0800] "GET /xingrg/check_reg.html?_=1651828037931 HTTP/1.1" 200 22
116.233.73.235 - - [06/May/2022:17:07:07 +0800] "GET /xingrg/all/function/internal_message.html?_=1651828037941&CODE_STATE=getMsg HTTP/1.1" 200 27
180.157.251.97 - - [06/May/2022:17:07:10 +0800] "GET /xingrg/kc/pszx/mdps_order_add.html HTTP/1.1" 200 29035
180.157.251.97 - - [06/May/2022:17:07:10 +0800] "POST /xingrg/kc/pszx/mdps_order_operate.html HTTP/1.1" 200 7126
180.157.251.97 - - [06/May/2022:17:07:10 +0800] "GET /xingrg/javascript/easyui/themes/default/validatebox.css HTTP/1.1" 404 1104
180.157.251.97 - - [06/May/2022:17:07:12 +0800] "POST /xingrg/all/common/load_combo.html?type=base HTTP/1.1" 200 1169
180.157.251.97 - - [06/May/2022:17:07:15 +0800] "GET /xingrg/javascript/easyui/themes/default/tree.css HTTP/1.1" 404 1090
180.157.251.97 - - [06/May/2022:17:07:15 +0800] "POST /xingrg/all/common/load_tree.html?tree=area_rest_tree_json&only_rest=1 HTTP/1.1" 200 3351
180.162.25.135 - - [06/May/2022:17:07:24 +0800] "GET /xingrg/all/function/internal_message.html?_=1651828041410&CODE_STATE=getMsg HTTP/1.1" 200 27
180.157.251.97 - - [06/May/2022:17:07:25 +0800] "GET /xingrg/javascript/auto/indicator.gif HTTP/1.1" 404 1066
180.157.251.97 - - [06/May/2022:17:07:30 +0800] "GET /xingrg/kc/pszx/mdps_order_operate.html?command=get_materiel&pszx_code=00101&rest_code=00106&base_code=0010246&code=00101008022 HTTP/1.1" 200 439
117.143.50.163 - - [06/May/2022:17:07:37 +0800] "GET /xingrg/all/function/internal_message.html?_=1651828053009&CODE_STATE=getMsg HTTP/1.1" 200 27
180.157.251.97 - - [06/May/2022:17:07:38 +0800] "GET /xingrg/all/function/internal_message.html?_=1651827732132&CODE_STATE=getMsg HTTP/1.1" 200 27
58.39.61.91 - - [06/May/2022:17:07:38 +0800] "GET /xingrg/check_reg.html?_=1651828020463 HTTP/1.1" 200 22
58.39.201.47 - - [06/May/2022:17:07:39 +0800] "GET /xingrg/all/function/internal_message.html?_=1651827984481&CODE_STATE=getMsg HTTP/1.1" 200 27
116.235.92.88 - - [06/May/2022:17:07:44 +0800] "GET /xingrg/all/function/internal_message.html?_=1651828234597&CODE_STATE=getMsg HTTP/1.1" 200 27
101.85.120.86 - - [06/May/2022:17:07:45 +0800] "GET /xingrg/all/function/internal_message.html?_=1651828060352&CODE_STATE=getMsg HTTP/1.1" 200 27
180.157.251.97 - - [06/May/2022:17:07:46 +0800] "POST /xingrg/kc/pszx/mdps_order_operate.html HTTP/1.1" 200 37
58.39.61.91 - - [06/May/2022:17:07:46 +0800] "GET /xingrg/all/function/internal_message.html?_=1651828028242&CODE_STATE=getMsg HTTP/1.1" 200 27
180.157.251.97 - - [06/May/2022:17:07:47 +0800] "GET /xingrg/kc/pszx/mdps_order_info.html?code=312022050600159 HTTP/1.1" 200 23970
180.157.251.97 - - [06/May/2022:17:07:48 +0800] "GET /xingrg/javascript/easyui/themes/default/validatebox.css HTTP/1.1" 404 1104
180.157.251.97 - - [06/May/2022:17:07:48 +0800] "POST /xingrg/kc/pszx/mdps_order_operate.html HTTP/1.1" 200 2289
101.87.185.179 - - [06/May/2022:17:07:49 +0800] "GET /xingrg/all/function/internal_message.html?_=1651828067073&CODE_STATE=getMsg HTTP/1.1" 200 27
222.70.180.114 - - [06/May/2022:17:07:50 +0800] "GET /xingrg/all/function/internal_message.html?_=1651828064451&CODE_STATE=getMsg HTTP/1.1" 200 27
58.39.201.47 - - [06/May/2022:17:07:59 +0800] "GET /xingrg/check_reg.html?_=1651828080243 HTTP/1.1" 200 22
58.39.201.47 - - [06/May/2022:17:07:59 +0800] "GET /xingrg/all/function/internal_message.html?_=1651828080246&CODE_STATE=getMsg HTTP/1.1" 200 27
218.81.223.53 - - [06/May/2022:17:08:05 +0800] "GET /xingrg/all/function/internal_message.html?_=1651828063966&CODE_STATE=getMsg HTTP/1.1" 200 27
58.221.95.50 - - [06/May/2022:17:08:05 +0800] "GET /xingrg/check_reg.html?_=1651828082465 HTTP/1.1" 302 -
116.233.73.235 - - [06/May/2022:17:08:07 +0800] "GET /xingrg/all/function/internal_message.html?_=1651828097926&CODE_STATE=getMsg HTTP/1.1" 200 27
180.162.25.135 - - [06/May/2022:17:08:24 +0800] "GET /xingrg/all/function/internal_message.html?_=1651828101426&CODE_STATE=getMsg HTTP/1.1" 200 27
117.143.50.163 - - [06/May/2022:17:08:37 +0800] "GET /xingrg/all/function/internal_message.html?_=1651828113010&CODE_STATE=getMsg HTTP/1.1" 200 27
180.157.251.97 - - [06/May/2022:17:08:38 +0800] "GET /xingrg/all/function/internal_message.html?_=1651827792120&CODE_STATE=getMsg HTTP/1.1" 200 27
58.39.201.47 - - [06/May/2022:17:08:39 +0800] "GET /xingrg/check_reg.html?_=1651828044482 HTTP/1.1" 200 22
58.39.201.47 - - [06/May/2022:17:08:39 +0800] "GET /xingrg/all/function/internal_message.html?_=1651828044485&CODE_STATE=getMsg HTTP/1.1" 200 27
116.235.92.88 - - [06/May/2022:17:08:44 +0800] "GET /xingrg/all/function/internal_message.html?_=1651828294595&CODE_STATE=getMsg HTTP/1.1" 200 27
101.85.120.86 - - [06/May/2022:17:08:45 +0800] "GET /xingrg/all/function/internal_message.html?_=1651828120364&CODE_STATE=getMsg HTTP/1.1" 200 27
58.39.61.91 - - [06/May/2022:17:08:46 +0800] "GET /xingrg/all/function/internal_message.html?_=1651828088256&CODE_STATE=getMsg HTTP/1.1" 200 27
101.87.185.179 - - [06/May/2022:17:08:49 +0800] "GET /xingrg/all/function/internal_message.html?_=1651828127061&CODE_STATE=getMsg HTTP/1.1" 200 27
222.70.180.114 - - [06/May/2022:17:08:50 +0800] "GET /xingrg/all/function/internal_message.html?_=1651828124436&CODE_STATE=getMsg HTTP/1.1" 200 27
222.70.180.114 - - [06/May/2022:17:08:54 +0800] "GET /xingrg/check_reg.html?_=1651828128898 HTTP/1.1" 200 22
58.39.201.47 - - [06/May/2022:17:08:59 +0800] "GET /xingrg/all/function/internal_message.html?_=1651828140246&CODE_STATE=getMsg HTTP/1.1" 200 27
218.81.223.53 - - [06/May/2022:17:09:05 +0800] "GET /xingrg/all/function/internal_message.html?_=1651828123980&CODE_STATE=getMsg HTTP/1.1" 200 27
116.233.73.235 - - [06/May/2022:17:09:07 +0800] "GET /xingrg/all/function/internal_message.html?_=1651828157919&CODE_STATE=getMsg HTTP/1.1" 200 27
180.162.25.135 - - [06/May/2022:17:09:24 +0800] "GET /xingrg/all/function/internal_message.html?_=1651828161416&CODE_STATE=getMsg HTTP/1.1" 200 27
117.143.50.163 - - [06/May/2022:17:09:37 +0800] "GET /xingrg/all/function/internal_message.html?_=1651828173011&CODE_STATE=getMsg HTTP/1.1" 200 27
180.157.251.97 - - [06/May/2022:17:09:38 +0800] "GET /xingrg/all/function/internal_message.html?_=1651827852080&CODE_STATE=getMsg HTTP/1.1" 200 27
58.39.201.47 - - [06/May/2022:17:09:39 +0800] "GET /xingrg/all/function/internal_message.html?_=1651828104485&CODE_STATE=getMsg HTTP/1.1" 200 27
180.157.251.97 - - [06/May/2022:17:09:42 +0800] "GET /xingrg/check_reg.html?_=1651827856093 HTTP/1.1" 200 22
116.235.92.88 - - [06/May/2022:17:09:44 +0800] "GET /xingrg/all/function/internal_message.html?_=1651828354593&CODE_STATE=getMsg HTTP/1.1" 200 27
101.85.120.86 - - [06/May/2022:17:09:45 +0800] "GET /xingrg/check_reg.html?_=1651828180361 HTTP/1.1" 200 22
101.85.120.86 - - [06/May/2022:17:09:45 +0800] "GET /xingrg/all/function/internal_message.html?_=1651828180364&CODE_STATE=getMsg HTTP/1.1" 200 27
58.39.61.91 - - [06/May/2022:17:09:46 +0800] "GET /xingrg/all/function/internal_message.html?_=1651828148328&CODE_STATE=getMsg HTTP/1.1" 200 27
101.87.185.179 - - [06/May/2022:17:09:49 +0800] "GET /xingrg/all/function/internal_message.html?_=1651828187066&CODE_STATE=getMsg HTTP/1.1" 200 27
101.87.185.179 - - [06/May/2022:17:09:49 +0800] "GET /xingrg/check_reg.html?_=1651828187071 HTTP/1.1" 200 22
222.70.180.114 - - [06/May/2022:17:09:50 +0800] "GET /xingrg/all/function/internal_message.html?_=1651828184419&CODE_STATE=getMsg HTTP/1.1" 200 27
58.39.201.47 - - [06/May/2022:17:09:59 +0800] "GET /xingrg/all/function/internal_message.html?_=1651828200246&CODE_STATE=getMsg HTTP/1.1" 200 27
218.81.223.53 - - [06/May/2022:17:10:05 +0800] "GET /xingrg/all/function/internal_message.html?_=1651828184174&CODE_STATE=getMsg HTTP/1.1" 200 27
116.233.73.235 - - [06/May/2022:17:10:07 +0800] "GET /xingrg/all/function/internal_message.html?_=1651828217949&CODE_STATE=getMsg HTTP/1.1" 200 27
180.162.25.135 - - [06/May/2022:17:10:24 +0800] "GET /xingrg/all/function/internal_message.html?_=1651828221405&CODE_STATE=getMsg HTTP/1.1" 200 27
218.81.223.53 - - [06/May/2022:17:10:31 +0800] "GET /xingrg/check_reg.html?_=1651828210270 HTTP/1.1" 200 22
117.143.50.163 - - [06/May/2022:17:10:37 +0800] "GET /xingrg/check_reg.html?_=1651828233008 HTTP/1.1" 200 22
117.143.50.163 - - [06/May/2022:17:10:37 +0800] "GET /xingrg/all/function/internal_message.html?_=1651828233010&CODE_STATE=getMsg HTTP/1.1" 200 27
180.157.251.97 - - [06/May/2022:17:10:38 +0800] "GET /xingrg/all/function/internal_message.html?_=1651827912049&CODE_STATE=getMsg HTTP/1.1" 200 27
58.39.201.47 - - [06/May/2022:17:10:39 +0800] "GET /xingrg/all/function/internal_message.html?_=1651828164485&CODE_STATE=getMsg HTTP/1.1" 200 27
116.235.92.88 - - [06/May/2022:17:10:44 +0800] "GET /xingrg/all/function/internal_message.html?_=1651828414591&CODE_STATE=getMsg HTTP/1.1" 200 27
101.85.120.86 - - [06/May/2022:17:10:45 +0800] "GET /xingrg/all/function/internal_message.html?_=1651828240356&CODE_STATE=getMsg HTTP/1.1" 200 27
58.39.61.91 - - [06/May/2022:17:10:46 +0800] "GET /xingrg/all/function/internal_message.html?_=1651828208329&CODE_STATE=getMsg HTTP/1.1" 200 27
101.87.185.179 - - [06/May/2022:17:10:49 +0800] "GET /xingrg/all/function/internal_message.html?_=1651828247057&CODE_STATE=getMsg HTTP/1.1" 200 27
222.70.180.114 - - [06/May/2022:17:10:50 +0800] "GET /xingrg/all/function/internal_message.html?_=1651828244427&CODE_STATE=getMsg HTTP/1.1" 200 27
58.39.201.47 - - [06/May/2022:17:10:59 +0800] "GET /xingrg/all/function/internal_message.html?_=1651828260247&CODE_STATE=getMsg HTTP/1.1" 200 27
218.81.223.53 - - [06/May/2022:17:11:05 +0800] "GET /xingrg/all/function/internal_message.html?_=1651828244178&CODE_STATE=getMsg HTTP/1.1" 200 27
116.233.73.235 - - [06/May/2022:17:11:07 +0800] "GET /xingrg/all/function/internal_message.html?_=1651828277949&CODE_STATE=getMsg HTTP/1.1" 200 27
180.162.25.135 - - [06/May/2022:17:11:24 +0800] "GET /xingrg/all/function/internal_message.html?_=1651828281421&CODE_STATE=getMsg HTTP/1.1" 200 27
180.162.25.135 - - [06/May/2022:17:11:24 +0800] "GET /xingrg/check_reg.html?_=1651828281422 HTTP/1.1" 200 22
117.143.50.163 - - [06/May/2022:17:11:37 +0800] "GET /xingrg/all/function/internal_message.html?_=1651828293004&CODE_STATE=getMsg HTTP/1.1" 200 27
180.157.251.97 - - [06/May/2022:17:11:38 +0800] "GET /xingrg/all/function/internal_message.html?_=1651827972018&CODE_STATE=getMsg HTTP/1.1" 200 27
58.39.201.47 - - [06/May/2022:17:11:39 +0800] "GET /xingrg/all/function/internal_message.html?_=1651828224485&CODE_STATE=getMsg HTTP/1.1" 200 27
116.235.92.88 - - [06/May/2022:17:11:44 +0800] "GET /xingrg/all/function/internal_message.html?_=1651828474589&CODE_STATE=getMsg HTTP/1.1" 200 27
116.235.92.88 - - [06/May/2022:17:11:44 +0800] "GET /xingrg/check_reg.html?_=1651828474590 HTTP/1.1" 200 22
101.85.120.86 - - [06/May/2022:17:11:45 +0800] "GET /xingrg/all/function/internal_message.html?_=1651828300352&CODE_STATE=getMsg HTTP/1.1" 200 27
58.39.61.91 - - [06/May/2022:17:11:46 +0800] "GET /xingrg/all/function/internal_message.html?_=1651828268344&CODE_STATE=getMsg HTTP/1.1" 200 27
101.87.185.179 - - [06/May/2022:17:11:49 +0800] "GET /xingrg/all/function/internal_message.html?_=1651828307060&CODE_STATE=getMsg HTTP/1.1" 200 27
222.70.180.114 - - [06/May/2022:17:11:49 +0800] "GET /xingrg/all/function/internal_message.html?_=1651828304411&CODE_STATE=getMsg HTTP/1.1" 200 27
58.39.201.47 - - [06/May/2022:17:11:59 +0800] "GET /xingrg/all/function/internal_message.html?_=1651828320248&CODE_STATE=getMsg HTTP/1.1" 200 27
218.81.223.53 - - [06/May/2022:17:12:05 +0800] "GET /xingrg/all/function/internal_message.html?_=1651828304193&CODE_STATE=getMsg HTTP/1.1" 200 27
116.233.73.235 - - [06/May/2022:17:12:07 +0800] "GET /xingrg/all/function/internal_message.html?_=1651828337953&CODE_STATE=getMsg HTTP/1.1" 200 27
116.233.73.235 - - [06/May/2022:17:12:07 +0800] "GET /xingrg/check_reg.html?_=1651828337956 HTTP/1.1" 200 22
180.162.25.135 - - [06/May/2022:17:12:24 +0800] "GET /xingrg/all/function/internal_message.html?_=1651828341410&CODE_STATE=getMsg HTTP/1.1" 200 27
117.143.50.163 - - [06/May/2022:17:12:37 +0800] "GET /xingrg/all/function/internal_message.html?_=1651828352995&CODE_STATE=getMsg HTTP/1.1" 200 27
180.157.251.97 - - [06/May/2022:17:12:38 +0800] "GET /xingrg/all/function/internal_message.html?_=1651828031998&CODE_STATE=getMsg HTTP/1.1" 200 27
58.39.61.91 - - [06/May/2022:17:12:38 +0800] "GET /xingrg/check_reg.html?_=1651828320468 HTTP/1.1" 200 22
58.39.201.47 - - [06/May/2022:17:12:39 +0800] "GET /xingrg/all/function/internal_message.html?_=1651828284485&CODE_STATE=getMsg HTTP/1.1" 200 27
116.235.92.88 - - [06/May/2022:17:12:44 +0800] "GET /xingrg/all/function/internal_message.html?_=1651828534588&CODE_STATE=getMsg HTTP/1.1" 200 27
101.85.120.86 - - [06/May/2022:17:12:45 +0800] "GET /xingrg/all/function/internal_message.html?_=1651828360365&CODE_STATE=getMsg HTTP/1.1" 200 27
58.39.61.91 - - [06/May/2022:17:12:46 +0800] "GET /xingrg/all/function/internal_message.html?_=1651828328356&CODE_STATE=getMsg HTTP/1.1" 200 27
101.87.185.179 - - [06/May/2022:17:12:49 +0800] "GET /xingrg/all/function/internal_message.html?_=1651828367068&CODE_STATE=getMsg HTTP/1.1" 200 27
222.70.180.114 - - [06/May/2022:17:12:49 +0800] "GET /xingrg/all/function/internal_message.html?_=1651828364395&CODE_STATE=getMsg HTTP/1.1" 200 27
58.39.201.47 - - [06/May/2022:17:12:59 +0800] "GET /xingrg/check_reg.html?_=1651828380248 HTTP/1.1" 200 22
58.39.201.47 - - [06/May/2022:17:12:59 +0800] "GET /xingrg/all/function/internal_message.html?_=1651828380250&CODE_STATE=getMsg HTTP/1.1" 200 27
58.221.95.50 - - [06/May/2022:17:13:05 +0800] "GET /xingrg/check_reg.html?_=1651828382482 HTTP/1.1" 302 -
218.81.223.53 - - [06/May/2022:17:13:05 +0800] "GET /xingrg/all/function/internal_message.html?_=1651828364391&CODE_STATE=getMsg HTTP/1.1" 200 27
116.233.73.235 - - [06/May/2022:17:13:07 +0800] "GET /xingrg/all/function/internal_message.html?_=1651828397955&CODE_STATE=getMsg HTTP/1.1" 200 27
180.162.25.135 - - [06/May/2022:17:13:24 +0800] "GET /xingrg/all/function/internal_message.html?_=1651828401413&CODE_STATE=getMsg HTTP/1.1" 200 27
117.143.50.163 - - [06/May/2022:17:13:37 +0800] "GET /xingrg/all/function/internal_message.html?_=1651828413004&CODE_STATE=getMsg HTTP/1.1" 200 27
180.157.251.97 - - [06/May/2022:17:13:38 +0800] "GET /xingrg/all/function/internal_message.html?_=1651828092009&CODE_STATE=getMsg HTTP/1.1" 200 27
58.39.201.47 - - [06/May/2022:17:13:39 +0800] "GET /xingrg/check_reg.html?_=1651828344485 HTTP/1.1" 200 22
58.39.201.47 - - [06/May/2022:17:13:39 +0800] "GET /xingrg/all/function/internal_message.html?_=1651828344488&CODE_STATE=getMsg HTTP/1.1" 200 27
116.235.92.88 - - [06/May/2022:17:13:44 +0800] "GET /xingrg/all/function/internal_message.html?_=1651828594602&CODE_STATE=getMsg HTTP/1.1" 200 27
101.85.120.86 - - [06/May/2022:17:13:45 +0800] "GET /xingrg/all/function/internal_message.html?_=1651828420357&CODE_STATE=getMsg HTTP/1.1" 200 27
58.39.61.91 - - [06/May/2022:17:13:46 +0800] "GET /xingrg/all/function/internal_message.html?_=1651828388372&CODE_STATE=getMsg HTTP/1.1" 200 27
101.87.185.179 - - [06/May/2022:17:13:49 +0800] "GET /xingrg/all/function/internal_message.html?_=1651828427057&CODE_STATE=getMsg HTTP/1.1" 200 27
222.70.180.114 - - [06/May/2022:17:13:49 +0800] "GET /xingrg/all/function/internal_message.html?_=1651828424379&CODE_STATE=getMsg HTTP/1.1" 200 27
222.70.180.114 - - [06/May/2022:17:13:54 +0800] "GET /xingrg/check_reg.html?_=1651828428906 HTTP/1.1" 200 22
58.39.201.47 - - [06/May/2022:17:13:59 +0800] "GET /xingrg/all/function/internal_message.html?_=1651828440235&CODE_STATE=getMsg HTTP/1.1" 200 27
218.81.223.53 - - [06/May/2022:17:14:05 +0800] "GET /xingrg/all/function/internal_message.html?_=1651828424406&CODE_STATE=getMsg HTTP/1.1" 200 27
116.233.73.235 - - [06/May/2022:17:14:07 +0800] "GET /xingrg/all/function/internal_message.html?_=1651828457958&CODE_STATE=getMsg HTTP/1.1" 200 27
180.162.25.135 - - [06/May/2022:17:14:24 +0800] "GET /xingrg/all/function/internal_message.html?_=1651828461414&CODE_STATE=getMsg HTTP/1.1" 200 27
117.143.50.163 - - [06/May/2022:17:14:37 +0800] "GET /xingrg/all/function/internal_message.html?_=1651828472996&CODE_STATE=getMsg HTTP/1.1" 200 27
180.157.251.97 - - [06/May/2022:17:14:38 +0800] "GET /xingrg/all/function/internal_message.html?_=1651828151984&CODE_STATE=getMsg HTTP/1.1" 200 27
58.39.201.47 - - [06/May/2022:17:14:39 +0800] "GET /xingrg/all/function/internal_message.html?_=1651828404474&CODE_STATE=getMsg HTTP/1.1" 200 27
180.157.251.97 - - [06/May/2022:17:14:42 +0800] "GET /xingrg/check_reg.html?_=1651828156121 HTTP/1.1" 200 22
116.235.92.88 - - [06/May/2022:17:14:44 +0800] "GET /xingrg/all/function/internal_message.html?_=1651828654600&CODE_STATE=getMsg HTTP/1.1" 200 27
101.85.120.86 - - [06/May/2022:17:14:45 +0800] "GET /xingrg/all/function/internal_message.html?_=1651828480379&CODE_STATE=getMsg HTTP/1.1" 200 27
101.85.120.86 - - [06/May/2022:17:14:45 +0800] "GET /xingrg/check_reg.html?_=1651828480381 HTTP/1.1" 200 22
58.39.61.91 - - [06/May/2022:17:14:46 +0800] "GET /xingrg/all/function/internal_message.html?_=1651828448433&CODE_STATE=getMsg HTTP/1.1" 200 27
101.87.185.179 - - [06/May/2022:17:14:49 +0800] "GET /xingrg/all/function/internal_message.html?_=1651828487060&CODE_STATE=getMsg HTTP/1.1" 200 27
101.87.185.179 - - [06/May/2022:17:14:49 +0800] "GET /xingrg/check_reg.html?_=1651828487066 HTTP/1.1" 200 22
222.70.180.114 - - [06/May/2022:17:14:49 +0800] "GET /xingrg/all/function/internal_message.html?_=1651828484351&CODE_STATE=getMsg HTTP/1.1" 200 27
58.39.201.47 - - [06/May/2022:17:14:59 +0800] "GET /xingrg/all/function/internal_message.html?_=1651828500236&CODE_STATE=getMsg HTTP/1.1" 200 27
218.81.223.53 - - [06/May/2022:17:15:06 +0800] "GET /xingrg/all/function/internal_message.html?_=1651828484598&CODE_STATE=getMsg HTTP/1.1" 200 27
116.233.73.235 - - [06/May/2022:17:15:07 +0800] "GET /xingrg/all/function/internal_message.html?_=1651828517959&CODE_STATE=getMsg HTTP/1.1" 200 27
180.162.25.135 - - [06/May/2022:17:15:24 +0800] "GET /xingrg/all/function/internal_message.html?_=1651828521415&CODE_STATE=getMsg HTTP/1.1" 200 27
218.81.223.53 - - [06/May/2022:17:15:31 +0800] "GET /xingrg/check_reg.html?_=1651828510272 HTTP/1.1" 200 22
117.143.50.163 - - [06/May/2022:17:15:37 +0800] "GET /xingrg/all/function/internal_message.html?_=1651828533006&CODE_STATE=getMsg HTTP/1.1" 200 27
117.143.50.163 - - [06/May/2022:17:15:37 +0800] "GET /xingrg/check_reg.html?_=1651828533007 HTTP/1.1" 200 22
180.157.251.97 - - [06/May/2022:17:15:38 +0800] "GET /xingrg/all/function/internal_message.html?_=1651828211957&CODE_STATE=getMsg HTTP/1.1" 200 27
180.171.130.251 - - [06/May/2022:17:15:39 +0800] "POST /xingrg/services/DataTransmitService HTTP/1.1" 200 524
58.39.201.47 - - [06/May/2022:17:15:39 +0800] "GET /xingrg/all/function/internal_message.html?_=1651828464474&CODE_STATE=getMsg HTTP/1.1" 200 27
116.235.92.88 - - [06/May/2022:17:15:44 +0800] "GET /xingrg/all/function/internal_message.html?_=1651828714599&CODE_STATE=getMsg HTTP/1.1" 200 27
101.85.120.86 - - [06/May/2022:17:15:45 +0800] "GET /xingrg/all/function/internal_message.html?_=1651828540389&CODE_STATE=getMsg HTTP/1.1" 200 27
58.39.61.91 - - [06/May/2022:17:15:46 +0800] "GET /xingrg/all/function/internal_message.html?_=1651828508445&CODE_STATE=getMsg HTTP/1.1" 200 27
101.87.185.179 - - [06/May/2022:17:15:49 +0800] "GET /xingrg/all/function/internal_message.html?_=1651828547068&CODE_STATE=getMsg HTTP/1.1" 200 27
222.70.180.114 - - [06/May/2022:17:15:49 +0800] "GET /xingrg/all/function/internal_message.html?_=1651828544335&CODE_STATE=getMsg HTTP/1.1" 200 27
58.39.201.47 - - [06/May/2022:17:15:59 +0800] "GET /xingrg/all/function/internal_message.html?_=1651828560237&CODE_STATE=getMsg HTTP/1.1" 200 27
218.81.223.53 - - [06/May/2022:17:16:06 +0800] "GET /xingrg/all/function/internal_message.html?_=1651828544605&CODE_STATE=getMsg HTTP/1.1" 200 27
116.233.73.235 - - [06/May/2022:17:16:07 +0800] "GET /xingrg/all/function/internal_message.html?_=1651828577948&CODE_STATE=getMsg HTTP/1.1" 200 27
180.162.25.135 - - [06/May/2022:17:16:24 +0800] "GET /xingrg/all/function/internal_message.html?_=1651828581412&CODE_STATE=getMsg HTTP/1.1" 200 27
180.162.25.135 - - [06/May/2022:17:16:24 +0800] "GET /xingrg/check_reg.html?_=1651828581413 HTTP/1.1" 200 22
117.143.50.163 - - [06/May/2022:17:16:37 +0800] "GET /xingrg/all/function/internal_message.html?_=1651828593008&CODE_STATE=getMsg HTTP/1.1" 200 27
180.157.251.97 - - [06/May/2022:17:16:38 +0800] "GET /xingrg/all/function/internal_message.html?_=1651828271937&CODE_STATE=getMsg HTTP/1.1" 200 27
58.39.201.47 - - [06/May/2022:17:16:39 +0800] "GET /xingrg/all/function/internal_message.html?_=1651828524474&CODE_STATE=getMsg HTTP/1.1" 200 27
116.235.92.88 - - [06/May/2022:17:16:44 +0800] "GET /xingrg/check_reg.html?_=1651828774597 HTTP/1.1" 200 22
116.235.92.88 - - [06/May/2022:17:16:44 +0800] "GET /xingrg/all/function/internal_message.html?_=1651828774599&CODE_STATE=getMsg HTTP/1.1" 200 27
101.85.120.86 - - [06/May/2022:17:16:45 +0800] "GET /xingrg/all/function/internal_message.html?_=1651828600388&CODE_STATE=getMsg HTTP/1.1" 200 27
58.39.61.91 - - [06/May/2022:17:16:46 +0800] "GET /xingrg/all/function/internal_message.html?_=1651828568522&CODE_STATE=getMsg HTTP/1.1" 200 27
101.87.185.179 - - [06/May/2022:17:16:49 +0800] "GET /xingrg/all/function/internal_message.html?_=1651828607058&CODE_STATE=getMsg HTTP/1.1" 200 27
222.70.180.114 - - [06/May/2022:17:16:49 +0800] "GET /xingrg/all/function/internal_message.html?_=1651828604320&CODE_STATE=getMsg HTTP/1.1" 200 27
58.39.201.47 - - [06/May/2022:17:16:59 +0800] "GET /xingrg/all/function/internal_message.html?_=1651828620238&CODE_STATE=getMsg HTTP/1.1" 200 27
