116.233.73.235 - - [06/May/2022:17:33:40 +0800] "GET /xingrg/dwr/interface/AjaxComOrderService.js HTTP/1.1" 200 18264
116.233.73.235 - - [06/May/2022:17:33:40 +0800] "GET /xingrg/dwr/interface/AjaxCheckService.js HTTP/1.1" 200 14003
116.233.73.235 - - [06/May/2022:17:33:40 +0800] "GET /xingrg/dwr/engine.js HTTP/1.1" 200 43631
116.233.73.235 - - [06/May/2022:17:33:41 +0800] "POST /xingrg/dwr/call/plaincall/AjaxCheckService.loadOrderItems.dwr HTTP/1.1" 200 101812
116.235.92.88 - - [06/May/2022:17:33:44 +0800] "GET /xingrg/all/function/internal_message.html?_=1651829794626&CODE_STATE=getMsg HTTP/1.1" 200 27
101.85.120.86 - - [06/May/2022:17:33:45 +0800] "GET /xingrg/all/function/internal_message.html?_=1651829620388&CODE_STATE=getMsg HTTP/1.1" 200 27
58.39.61.91 - - [06/May/2022:17:33:47 +0800] "GET /xingrg/all/function/internal_message.html?_=1651829589063&CODE_STATE=getMsg HTTP/1.1" 200 27
222.70.180.114 - - [06/May/2022:17:33:49 +0800] "GET /xingrg/all/function/internal_message.html?_=1651829624044&CODE_STATE=getMsg HTTP/1.1" 200 27
101.87.185.179 - - [06/May/2022:17:33:49 +0800] "GET /xingrg/all/function/internal_message.html?_=1651829627052&CODE_STATE=getMsg HTTP/1.1" 302 -
116.233.73.235 - - [06/May/2022:17:33:49 +0800] "POST /xingrg/dwr/call/plaincall/AjaxCheckService.setItemNumber.dwr HTTP/1.1" 200 76
116.233.73.235 - - [06/May/2022:17:33:50 +0800] "POST /xingrg/dwr/call/plaincall/AjaxCheckService.setItemNumber.dwr HTTP/1.1" 200 76
116.233.73.235 - - [06/May/2022:17:33:51 +0800] "POST /xingrg/dwr/call/plaincall/AjaxCheckService.setItemNumber.dwr HTTP/1.1" 200 76
116.233.73.235 - - [06/May/2022:17:33:52 +0800] "POST /xingrg/dwr/call/plaincall/AjaxCheckService.setItemNumber.dwr HTTP/1.1" 200 76
116.233.73.235 - - [06/May/2022:17:33:53 +0800] "POST /xingrg/dwr/call/plaincall/AjaxCheckService.setItemNumber.dwr HTTP/1.1" 200 76
116.233.73.235 - - [06/May/2022:17:33:53 +0800] "POST /xingrg/dwr/call/plaincall/AjaxCheckService.setItemNumber.dwr HTTP/1.1" 200 76
222.70.180.114 - - [06/May/2022:17:33:54 +0800] "GET /xingrg/check_reg.html?_=1651829628836 HTTP/1.1" 200 22
116.233.73.235 - - [06/May/2022:17:33:54 +0800] "POST /xingrg/dwr/call/plaincall/AjaxCheckService.setItemNumber.dwr HTTP/1.1" 200 76
116.233.73.235 - - [06/May/2022:17:33:55 +0800] "POST /xingrg/dwr/call/plaincall/AjaxCheckService.setItemNumber.dwr HTTP/1.1" 200 76
116.233.73.235 - - [06/May/2022:17:33:56 +0800] "POST /xingrg/dwr/call/plaincall/AjaxCheckService.setItemNumber.dwr HTTP/1.1" 200 76
116.233.73.235 - - [06/May/2022:17:33:56 +0800] "POST /xingrg/dwr/call/plaincall/AjaxCheckService.setItemNumber.dwr HTTP/1.1" 200 77
116.233.73.235 - - [06/May/2022:17:33:57 +0800] "POST /xingrg/dwr/call/plaincall/AjaxCheckService.setItemNumber.dwr HTTP/1.1" 200 77
116.233.73.235 - - [06/May/2022:17:33:58 +0800] "POST /xingrg/dwr/call/plaincall/AjaxCheckService.setItemNumber.dwr HTTP/1.1" 200 77
58.39.201.47 - - [06/May/2022:17:33:59 +0800] "GET /xingrg/all/function/internal_message.html?_=1651829640291&CODE_STATE=getMsg HTTP/1.1" 200 27
116.233.73.235 - - [06/May/2022:17:33:59 +0800] "POST /xingrg/dwr/call/plaincall/AjaxCheckService.setItemNumber.dwr HTTP/1.1" 200 77
116.233.73.235 - - [06/May/2022:17:33:59 +0800] "POST /xingrg/dwr/call/plaincall/AjaxCheckService.setItemNumber.dwr HTTP/1.1" 200 77
116.233.73.235 - - [06/May/2022:17:34:00 +0800] "POST /xingrg/dwr/call/plaincall/AjaxCheckService.setItemNumber.dwr HTTP/1.1" 200 77
116.233.73.235 - - [06/May/2022:17:34:00 +0800] "POST /xingrg/dwr/call/plaincall/AjaxCheckService.setItemNumber.dwr HTTP/1.1" 200 77
116.233.73.235 - - [06/May/2022:17:34:01 +0800] "POST /xingrg/dwr/call/plaincall/AjaxCheckService.setItemNumber.dwr HTTP/1.1" 200 77
116.233.73.235 - - [06/May/2022:17:34:02 +0800] "POST /xingrg/dwr/call/plaincall/AjaxCheckService.setItemNumber.dwr HTTP/1.1" 200 77
116.233.73.235 - - [06/May/2022:17:34:03 +0800] "GET /xingrg/all/function/internal_message.html?_=1651829653495&CODE_STATE=getMsg HTTP/1.1" 200 27
116.233.73.235 - - [06/May/2022:17:34:03 +0800] "POST /xingrg/dwr/call/plaincall/AjaxCheckService.setItemNumber.dwr HTTP/1.1" 200 77
116.233.73.235 - - [06/May/2022:17:34:03 +0800] "POST /xingrg/dwr/call/plaincall/AjaxCheckService.setItemNumber.dwr HTTP/1.1" 200 77
116.233.73.235 - - [06/May/2022:17:34:04 +0800] "POST /xingrg/dwr/call/plaincall/AjaxCheckService.setItemNumber.dwr HTTP/1.1" 200 77
116.233.73.235 - - [06/May/2022:17:34:06 +0800] "POST /xingrg/dwr/call/plaincall/AjaxCheckService.setItemNumber.dwr HTTP/1.1" 200 77
116.233.73.235 - - [06/May/2022:17:34:07 +0800] "POST /xingrg/dwr/call/plaincall/AjaxCheckService.setItemNumber.dwr HTTP/1.1" 200 77
218.81.223.53 - - [06/May/2022:17:34:07 +0800] "GET /xingrg/all/function/internal_message.html?_=1651829626082&CODE_STATE=getMsg HTTP/1.1" 200 27
116.233.73.235 - - [06/May/2022:17:34:08 +0800] "POST /xingrg/dwr/call/plaincall/AjaxCheckService.setItemNumber.dwr HTTP/1.1" 200 77
116.233.73.235 - - [06/May/2022:17:34:08 +0800] "POST /xingrg/dwr/call/plaincall/AjaxCheckService.setItemNumber.dwr HTTP/1.1" 200 77
116.233.73.235 - - [06/May/2022:17:34:09 +0800] "POST /xingrg/dwr/call/plaincall/AjaxCheckService.setItemNumber.dwr HTTP/1.1" 200 77
116.233.73.235 - - [06/May/2022:17:34:10 +0800] "POST /xingrg/dwr/call/plaincall/AjaxCheckService.setItemNumber.dwr HTTP/1.1" 200 77
116.233.73.235 - - [06/May/2022:17:34:10 +0800] "POST /xingrg/dwr/call/plaincall/AjaxCheckService.setItemNumber.dwr HTTP/1.1" 200 77
116.233.73.235 - - [06/May/2022:17:34:11 +0800] "POST /xingrg/dwr/call/plaincall/AjaxCheckService.setItemNumber.dwr HTTP/1.1" 200 77
116.233.73.235 - - [06/May/2022:17:34:11 +0800] "POST /xingrg/dwr/call/plaincall/AjaxCheckService.setItemNumber.dwr HTTP/1.1" 200 77
116.233.73.235 - - [06/May/2022:17:34:12 +0800] "POST /xingrg/dwr/call/plaincall/AjaxCheckService.setItemNumber.dwr HTTP/1.1" 200 77
116.233.73.235 - - [06/May/2022:17:34:13 +0800] "POST /xingrg/dwr/call/plaincall/AjaxCheckService.setItemNumber.dwr HTTP/1.1" 200 77
116.233.73.235 - - [06/May/2022:17:34:14 +0800] "POST /xingrg/dwr/call/plaincall/AjaxCheckService.setItemNumber.dwr HTTP/1.1" 200 77
116.233.73.235 - - [06/May/2022:17:34:16 +0800] "POST /xingrg/dwr/call/plaincall/AjaxCheckService.setItemNumber.dwr HTTP/1.1" 200 77
116.233.73.235 - - [06/May/2022:17:34:17 +0800] "POST /xingrg/dwr/call/plaincall/AjaxCheckService.setItemNumber.dwr HTTP/1.1" 200 77
116.233.73.235 - - [06/May/2022:17:34:17 +0800] "POST /xingrg/dwr/call/plaincall/AjaxCheckService.setItemNumber.dwr HTTP/1.1" 200 77
116.233.73.235 - - [06/May/2022:17:34:18 +0800] "POST /xingrg/dwr/call/plaincall/AjaxCheckService.setItemNumber.dwr HTTP/1.1" 200 77
116.233.73.235 - - [06/May/2022:17:34:18 +0800] "POST /xingrg/dwr/call/plaincall/AjaxCheckService.setItemNumber.dwr HTTP/1.1" 200 77
116.233.73.235 - - [06/May/2022:17:34:19 +0800] "POST /xingrg/dwr/call/plaincall/AjaxCheckService.setItemNumber.dwr HTTP/1.1" 200 77
116.233.73.235 - - [06/May/2022:17:34:20 +0800] "POST /xingrg/dwr/call/plaincall/AjaxCheckService.setItemNumber.dwr HTTP/1.1" 200 77
116.233.73.235 - - [06/May/2022:17:34:20 +0800] "POST /xingrg/dwr/call/plaincall/AjaxCheckService.setItemNumber.dwr HTTP/1.1" 200 77
116.233.73.235 - - [06/May/2022:17:34:21 +0800] "POST /xingrg/dwr/call/plaincall/AjaxCheckService.setItemNumber.dwr HTTP/1.1" 200 77
116.233.73.235 - - [06/May/2022:17:34:21 +0800] "POST /xingrg/dwr/call/plaincall/AjaxCheckService.setItemNumber.dwr HTTP/1.1" 200 77
116.233.73.235 - - [06/May/2022:17:34:23 +0800] "POST /xingrg/dwr/call/plaincall/AjaxCheckService.setItemNumber.dwr HTTP/1.1" 200 77
116.233.73.235 - - [06/May/2022:17:34:24 +0800] "POST /xingrg/dwr/call/plaincall/AjaxCheckService.setItemNumber.dwr HTTP/1.1" 200 77
116.233.73.235 - - [06/May/2022:17:34:31 +0800] "POST /xingrg/dwr/call/plaincall/AjaxCheckService.setItemNumber.dwr HTTP/1.1" 200 77
117.143.50.163 - - [06/May/2022:17:34:37 +0800] "GET /xingrg/all/function/internal_message.html?_=1651829672998&CODE_STATE=getMsg HTTP/1.1" 200 27
180.157.251.97 - - [06/May/2022:17:34:38 +0800] "GET /xingrg/all/function/internal_message.html?_=1651829351524&CODE_STATE=getMsg HTTP/1.1" 200 27
58.39.201.47 - - [06/May/2022:17:34:39 +0800] "GET /xingrg/all/function/internal_message.html?_=1651829604524&CODE_STATE=getMsg HTTP/1.1" 200 27
180.157.251.97 - - [06/May/2022:17:34:42 +0800] "GET /xingrg/check_reg.html?_=1651829356221 HTTP/1.1" 200 22
116.235.92.88 - - [06/May/2022:17:34:44 +0800] "GET /xingrg/all/function/internal_message.html?_=1651829854624&CODE_STATE=getMsg HTTP/1.1" 200 27
101.85.120.86 - - [06/May/2022:17:34:45 +0800] "GET /xingrg/check_reg.html?_=1651829680381 HTTP/1.1" 200 22
101.85.120.86 - - [06/May/2022:17:34:45 +0800] "GET /xingrg/all/function/internal_message.html?_=1651829680384&CODE_STATE=getMsg HTTP/1.1" 200 27
58.39.61.91 - - [06/May/2022:17:34:47 +0800] "GET /xingrg/all/function/internal_message.html?_=1651829649123&CODE_STATE=getMsg HTTP/1.1" 200 27
222.70.180.114 - - [06/May/2022:17:34:49 +0800] "GET /xingrg/all/function/internal_message.html?_=1651829684016&CODE_STATE=getMsg HTTP/1.1" 200 27
101.87.185.179 - - [06/May/2022:17:34:49 +0800] "GET /xingrg/all/function/internal_message.html?_=1651829687056&CODE_STATE=getMsg HTTP/1.1" 302 -
101.87.185.179 - - [06/May/2022:17:34:49 +0800] "GET /xingrg/check_reg.html?_=1651829687094 HTTP/1.1" 302 -
116.233.73.235 - - [06/May/2022:17:34:55 +0800] "GET /xingrg/kc/base/check_order_list.html?isBack=1 HTTP/1.1" 200 16220
116.233.73.235 - - [06/May/2022:17:34:55 +0800] "POST /xingrg/kc/base/check_list_operate.html HTTP/1.1" 200 5449
116.233.73.235 - - [06/May/2022:17:34:57 +0800] "GET /xingrg/kc/base/base_main.html HTTP/1.1" 200 12142
116.233.73.235 - - [06/May/2022:17:34:58 +0800] "GET /xingrg/kc/base/wldb_order_list.html HTTP/1.1" 200 19101
116.233.73.235 - - [06/May/2022:17:34:58 +0800] "POST /xingrg/kc/base/wldb_list_operate.html HTTP/1.1" 200 928
58.39.201.47 - - [06/May/2022:17:34:59 +0800] "GET /xingrg/all/function/internal_message.html?_=1651829700290&CODE_STATE=getMsg HTTP/1.1" 200 27
116.233.73.235 - - [06/May/2022:17:35:03 +0800] "GET /xingrg/all/function/internal_message.html?_=1651829713511&CODE_STATE=getMsg HTTP/1.1" 200 27
116.233.73.235 - - [06/May/2022:17:35:03 +0800] "GET /xingrg/kc/base/wldb_order_add.html HTTP/1.1" 200 30311
116.233.73.235 - - [06/May/2022:17:35:03 +0800] "GET /xingrg/javascript/jquery_tools/order_manager.js HTTP/1.1" 200 11183
116.233.73.235 - - [06/May/2022:17:35:03 +0800] "GET /xingrg/javascript/json2.js HTTP/1.1" 200 11259
116.233.73.235 - - [06/May/2022:17:35:03 +0800] "GET /xingrg/words/20220506123000_words.js HTTP/1.1" 200 895494
116.233.73.235 - - [06/May/2022:17:35:03 +0800] "GET /xingrg/javascript/easyui/themes/default/images/menu_downarrow.png HTTP/1.1" 200 173
116.233.73.235 - - [06/May/2022:17:35:03 +0800] "GET /xingrg/javascript/easyui/themes/icons/ok.png HTTP/1.1" 200 883
116.233.73.235 - - [06/May/2022:17:35:03 +0800] "GET /xingrg/javascript/easyui/themes/icons/template_new.png HTTP/1.1" 200 3956
116.233.73.235 - - [06/May/2022:17:35:03 +0800] "GET /xingrg/javascript/easyui/themes/icons/print.png HTTP/1.1" 200 1057
116.233.73.235 - - [06/May/2022:17:35:03 +0800] "GET /xingrg/javascript/easyui/themes/icons/cancel.png HTTP/1.1" 200 1133
116.233.73.235 - - [06/May/2022:17:35:03 +0800] "POST /xingrg/kc/base/wldb_order_operate.html HTTP/1.1" 200 6806
116.233.73.235 - - [06/May/2022:17:35:03 +0800] "GET /xingrg/all/common/auto_word.html?type=base&rest_code=00109 HTTP/1.1" 200 1907
116.233.73.235 - - [06/May/2022:17:35:03 +0800] "GET /xingrg/all/common/auto_word.html?type=base&rest_code=00109 HTTP/1.1" 200 1907
116.233.73.235 - - [06/May/2022:17:35:03 +0800] "GET /xingrg/javascript/easyui/themes/default/validatebox.css HTTP/1.1" 404 1104
116.233.73.235 - - [06/May/2022:17:35:03 +0800] "GET /xingrg/javascript/easyui/plugins/jquery.validatebox.js HTTP/1.1" 200 6103
116.233.73.235 - - [06/May/2022:17:35:04 +0800] "GET /xingrg/javascript/easyui/themes/icons/edit_remove.png HTTP/1.1" 200 625
116.233.73.235 - - [06/May/2022:17:35:04 +0800] "GET /xingrg/javascript/easyui/plugins/jquery.numberbox.js HTTP/1.1" 200 5213
116.233.73.235 - - [06/May/2022:17:35:06 +0800] "GET /xingrg/javascript/auto/indicator.gif HTTP/1.1" 404 1066
218.81.223.53 - - [06/May/2022:17:35:07 +0800] "GET /xingrg/all/function/internal_message.html?_=1651829686283&CODE_STATE=getMsg HTTP/1.1" 200 27
116.233.73.235 - - [06/May/2022:17:35:07 +0800] "GET /xingrg/javascript/jquery_tools/images/prev.gif HTTP/1.1" 404 1086
116.233.73.235 - - [06/May/2022:17:35:07 +0800] "GET /xingrg/javascript/jquery_tools/images/next.gif HTTP/1.1" 404 1086
116.233.73.235 - - [06/May/2022:17:35:14 +0800] "GET /xingrg/kc/base/wldb_order_operate.html?command=get_materiel&rest_code=00109&base_code=0010094&code=00101018006 HTTP/1.1" 200 443
116.233.73.235 - - [06/May/2022:17:35:20 +0800] "GET /xingrg/kc/base/wldb_order_operate.html?command=get_materiel&rest_code=00109&base_code=0010094&code=00101018012 HTTP/1.1" 200 463
218.81.223.53 - - [06/May/2022:17:35:23 +0800] "GET /xingrg/kc/buy/cgsh_order_add.html HTTP/1.1" 200 67225
218.81.223.53 - - [06/May/2022:17:35:24 +0800] "POST /xingrg/kc/buy/cgsh_order_operate.html HTTP/1.1" 200 8245
218.81.223.53 - - [06/May/2022:17:35:24 +0800] "GET /xingrg/javascript/easyui/themes/default/validatebox.css HTTP/1.1" 404 1104
218.81.223.53 - - [06/May/2022:17:35:31 +0800] "GET /xingrg/check_reg.html?_=1651829710306 HTTP/1.1" 200 22
117.143.50.163 - - [06/May/2022:17:35:37 +0800] "GET /xingrg/all/function/internal_message.html?_=1651829733002&CODE_STATE=getMsg HTTP/1.1" 200 27
117.143.50.163 - - [06/May/2022:17:35:37 +0800] "GET /xingrg/check_reg.html?_=1651829733004 HTTP/1.1" 200 22
116.233.73.235 - - [06/May/2022:17:35:37 +0800] "POST /xingrg/kc/base/wldb_order_operate.html HTTP/1.1" 200 37
180.157.251.97 - - [06/May/2022:17:35:38 +0800] "GET /xingrg/all/function/internal_message.html?_=1651829411494&CODE_STATE=getMsg HTTP/1.1" 200 27
116.233.73.235 - - [06/May/2022:17:35:39 +0800] "POST /xingrg/kc/base/wldb_order_operate.html HTTP/1.1" 200 12
116.233.73.235 - - [06/May/2022:17:35:39 +0800] "POST /xingrg/kc/base/wldb_order_operate.html HTTP/1.1" 200 2187
58.39.201.47 - - [06/May/2022:17:35:39 +0800] "GET /xingrg/all/function/internal_message.html?_=1651829664524&CODE_STATE=getMsg HTTP/1.1" 200 27
116.233.73.235 - - [06/May/2022:17:35:40 +0800] "GET /xingrg/kc/base/wldb_order_info.html?code=422022050600048 HTTP/1.1" 200 26185
116.233.73.235 - - [06/May/2022:17:35:40 +0800] "GET /xingrg/javascript/easyui/themes/default/validatebox.css HTTP/1.1" 404 1104
116.233.73.235 - - [06/May/2022:17:35:40 +0800] "POST /xingrg/kc/base/wldb_order_operate.html HTTP/1.1" 200 482
116.233.73.235 - - [06/May/2022:17:35:43 +0800] "GET /xingrg/kc/base/wldb_order_add.html HTTP/1.1" 200 30311
116.233.73.235 - - [06/May/2022:17:35:43 +0800] "POST /xingrg/kc/base/wldb_order_operate.html HTTP/1.1" 200 6806
116.233.73.235 - - [06/May/2022:17:35:43 +0800] "GET /xingrg/javascript/easyui/themes/default/validatebox.css HTTP/1.1" 404 1104
116.235.92.88 - - [06/May/2022:17:35:44 +0800] "GET /xingrg/all/function/internal_message.html?_=1651829914623&CODE_STATE=getMsg HTTP/1.1" 200 27
218.81.223.53 - - [06/May/2022:17:35:44 +0800] "GET /xingrg/kc/buy/cgsh_order_operate.html?command=get_materiel&rest_code=00146&code=00101001138&supplier_code=00100313&order_time=2022-05-05 HTTP/1.1" 200 413
101.85.120.86 - - [06/May/2022:17:35:45 +0800] "GET /xingrg/all/function/internal_message.html?_=1651829740384&CODE_STATE=getMsg HTTP/1.1" 200 27
58.39.61.91 - - [06/May/2022:17:35:47 +0800] "GET /xingrg/all/function/internal_message.html?_=1651829709138&CODE_STATE=getMsg HTTP/1.1" 200 27
222.70.180.114 - - [06/May/2022:17:35:49 +0800] "GET /xingrg/all/function/internal_message.html?_=1651829744001&CODE_STATE=getMsg HTTP/1.1" 200 27
101.87.185.179 - - [06/May/2022:17:35:49 +0800] "GET /xingrg/all/function/internal_message.html?_=1651829747065&CODE_STATE=getMsg HTTP/1.1" 302 -
116.233.73.235 - - [06/May/2022:17:35:54 +0800] "GET /xingrg/kc/base/wldb_order_operate.html?command=get_materiel&rest_code=00109&base_code=0010104&code=00101018012 HTTP/1.1" 200 463
58.39.201.47 - - [06/May/2022:17:35:59 +0800] "GET /xingrg/all/function/internal_message.html?_=1651829760292&CODE_STATE=getMsg HTTP/1.1" 200 27
218.81.223.53 - - [06/May/2022:17:35:59 +0800] "GET /xingrg/kc/buy/cgsh_order_operate.html?command=get_materiel&rest_code=00146&code=00101002058&supplier_code=00100313&order_time=2022-05-05 HTTP/1.1" 200 427
116.233.73.235 - - [06/May/2022:17:36:03 +0800] "GET /xingrg/all/function/internal_message.html?_=1651829773506&CODE_STATE=getMsg HTTP/1.1" 200 27
116.233.73.235 - - [06/May/2022:17:36:06 +0800] "GET /xingrg/kc/base/base_main.html HTTP/1.1" 200 12142
116.233.73.235 - - [06/May/2022:17:36:07 +0800] "GET /xingrg/kc/base/check_order_list.html HTTP/1.1" 200 16220
116.233.73.235 - - [06/May/2022:17:36:07 +0800] "POST /xingrg/kc/base/check_list_operate.html HTTP/1.1" 200 5449
218.81.223.53 - - [06/May/2022:17:36:07 +0800] "GET /xingrg/all/function/internal_message.html?_=1651829746297&CODE_STATE=getMsg HTTP/1.1" 200 27
116.233.73.235 - - [06/May/2022:17:36:16 +0800] "POST /xingrg/kc/base/check_list_operate.html HTTP/1.1" 200 4
116.233.73.235 - - [06/May/2022:17:36:17 +0800] "POST /xingrg/kc/base/check_list_operate.html HTTP/1.1" 200 5122
116.233.73.235 - - [06/May/2022:17:36:18 +0800] "GET /xingrg/kc/base/check_order_add.html HTTP/1.1" 200 26562
116.233.73.235 - - [06/May/2022:17:36:18 +0800] "GET /xingrg/dwr/interface/AjaxComOrderService.js HTTP/1.1" 200 18264
116.233.73.235 - - [06/May/2022:17:36:18 +0800] "GET /xingrg/dwr/interface/AjaxCheckService.js HTTP/1.1" 200 14003
116.233.73.235 - - [06/May/2022:17:36:18 +0800] "GET /xingrg/dwr/engine.js HTTP/1.1" 200 43631
218.81.223.53 - - [06/May/2022:17:36:28 +0800] "GET /xingrg/kc/buy/cgsh_order_operate.html?command=get_materiel&rest_code=00146&code=00101001061&supplier_code=00100313&order_time=2022-05-05 HTTP/1.1" 200 419
116.233.73.235 - - [06/May/2022:17:36:34 +0800] "POST /xingrg/dwr/call/plaincall/AjaxCheckService.saveOrder.dwr HTTP/1.1" 200 78
116.233.73.235 - - [06/May/2022:17:36:35 +0800] "POST /xingrg/dwr/call/plaincall/AjaxCheckService.loadOrderItems.dwr HTTP/1.1" 200 367
117.143.50.163 - - [06/May/2022:17:36:37 +0800] "GET /xingrg/all/function/internal_message.html?_=1651829792997&CODE_STATE=getMsg HTTP/1.1" 200 27
180.157.251.97 - - [06/May/2022:17:36:38 +0800] "GET /xingrg/all/function/internal_message.html?_=1651829471474&CODE_STATE=getMsg HTTP/1.1" 200 27
58.39.201.47 - - [06/May/2022:17:36:39 +0800] "GET /xingrg/all/function/internal_message.html?_=1651829724524&CODE_STATE=getMsg HTTP/1.1" 200 27
116.233.73.235 - - [06/May/2022:17:36:41 +0800] "POST /xingrg/dwr/call/plaincall/AjaxCheckService.saveOrder.dwr HTTP/1.1" 200 78
116.233.73.235 - - [06/May/2022:17:36:42 +0800] "POST /xingrg/dwr/call/plaincall/AjaxCheckService.loadOrderItems.dwr HTTP/1.1" 200 367
116.235.92.88 - - [06/May/2022:17:36:44 +0800] "GET /xingrg/check_reg.html?_=1651829974622 HTTP/1.1" 200 22
116.235.92.88 - - [06/May/2022:17:36:44 +0800] "GET /xingrg/all/function/internal_message.html?_=1651829974624&CODE_STATE=getMsg HTTP/1.1" 200 27
101.85.120.86 - - [06/May/2022:17:36:45 +0800] "GET /xingrg/all/function/internal_message.html?_=1651829800385&CODE_STATE=getMsg HTTP/1.1" 200 27
116.233.73.235 - - [06/May/2022:17:36:46 +0800] "POST /xingrg/dwr/call/plaincall/AjaxCheckService.importOrderItems.dwr HTTP/1.1" 200 78
116.233.73.235 - - [06/May/2022:17:36:47 +0800] "POST /xingrg/dwr/call/plaincall/AjaxCheckService.loadOrderItems.dwr HTTP/1.1" 200 29417
58.39.61.91 - - [06/May/2022:17:36:47 +0800] "GET /xingrg/all/function/internal_message.html?_=1651829769213&CODE_STATE=getMsg HTTP/1.1" 200 27
222.70.180.114 - - [06/May/2022:17:36:49 +0800] "GET /xingrg/all/function/internal_message.html?_=1651829803985&CODE_STATE=getMsg HTTP/1.1" 200 27
101.87.185.179 - - [06/May/2022:17:36:49 +0800] "GET /xingrg/all/function/internal_message.html?_=1651829807055&CODE_STATE=getMsg HTTP/1.1" 302 -
116.233.73.235 - - [06/May/2022:17:36:49 +0800] "GET /xingrg/kc/base/check_order_list.html?isBack=1 HTTP/1.1" 200 16220
116.233.73.235 - - [06/May/2022:17:36:49 +0800] "POST /xingrg/kc/base/check_list_operate.html HTTP/1.1" 200 5449
116.233.73.235 - - [06/May/2022:17:36:52 +0800] "GET /xingrg/kc/base/check_order_info.html?code=452022050600007 HTTP/1.1" 200 26604
116.233.73.235 - - [06/May/2022:17:36:52 +0800] "GET /xingrg/dwr/interface/AjaxCheckService.js HTTP/1.1" 200 14003
116.233.73.235 - - [06/May/2022:17:36:52 +0800] "GET /xingrg/dwr/interface/AjaxComOrderService.js HTTP/1.1" 200 18264
116.233.73.235 - - [06/May/2022:17:36:52 +0800] "GET /xingrg/dwr/engine.js HTTP/1.1" 200 43631
116.233.73.235 - - [06/May/2022:17:36:53 +0800] "POST /xingrg/dwr/call/plaincall/AjaxCheckService.loadOrderItems.dwr HTTP/1.1" 200 29417
116.233.73.235 - - [06/May/2022:17:36:56 +0800] "POST /xingrg/dwr/call/plaincall/AjaxCheckService.setItemNumber.dwr HTTP/1.1" 200 76
116.233.73.235 - - [06/May/2022:17:36:57 +0800] "POST /xingrg/dwr/call/plaincall/AjaxCheckService.setItemNumber.dwr HTTP/1.1" 200 76
116.233.73.235 - - [06/May/2022:17:36:58 +0800] "POST /xingrg/dwr/call/plaincall/AjaxCheckService.setItemNumber.dwr HTTP/1.1" 200 76
58.39.201.47 - - [06/May/2022:17:36:59 +0800] "GET /xingrg/all/function/internal_message.html?_=1651829820291&CODE_STATE=getMsg HTTP/1.1" 200 27
116.233.73.235 - - [06/May/2022:17:36:59 +0800] "POST /xingrg/dwr/call/plaincall/AjaxCheckService.setItemNumber.dwr HTTP/1.1" 200 76
116.233.73.235 - - [06/May/2022:17:37:00 +0800] "POST /xingrg/dwr/call/plaincall/AjaxCheckService.setItemNumber.dwr HTTP/1.1" 200 76
116.233.73.235 - - [06/May/2022:17:37:00 +0800] "POST /xingrg/dwr/call/plaincall/AjaxCheckService.setItemNumber.dwr HTTP/1.1" 200 76
116.233.73.235 - - [06/May/2022:17:37:02 +0800] "POST /xingrg/dwr/call/plaincall/AjaxCheckService.setItemNumber.dwr HTTP/1.1" 200 76
116.233.73.235 - - [06/May/2022:17:37:03 +0800] "POST /xingrg/dwr/call/plaincall/AjaxCheckService.setItemNumber.dwr HTTP/1.1" 200 76
116.233.73.235 - - [06/May/2022:17:37:03 +0800] "GET /xingrg/all/function/internal_message.html?_=1651829833557&CODE_STATE=getMsg HTTP/1.1" 200 27
116.233.73.235 - - [06/May/2022:17:37:03 +0800] "POST /xingrg/dwr/call/plaincall/AjaxCheckService.setItemNumber.dwr HTTP/1.1" 200 76
218.81.223.53 - - [06/May/2022:17:37:04 +0800] "GET /xingrg/kc/buy/cgsh_order_operate.html?command=get_materiel&rest_code=00146&code=00102026001&supplier_code=00100313&order_time=2022-05-05 HTTP/1.1" 200 410
116.233.73.235 - - [06/May/2022:17:37:04 +0800] "POST /xingrg/dwr/call/plaincall/AjaxCheckService.setItemNumber.dwr HTTP/1.1" 200 77
116.233.73.235 - - [06/May/2022:17:37:04 +0800] "POST /xingrg/dwr/call/plaincall/AjaxCheckService.setItemNumber.dwr HTTP/1.1" 200 77
116.233.73.235 - - [06/May/2022:17:37:05 +0800] "POST /xingrg/dwr/call/plaincall/AjaxCheckService.setItemNumber.dwr HTTP/1.1" 200 77
116.233.73.235 - - [06/May/2022:17:37:06 +0800] "POST /xingrg/dwr/call/plaincall/AjaxCheckService.setItemNumber.dwr HTTP/1.1" 200 77
116.233.73.235 - - [06/May/2022:17:37:07 +0800] "POST /xingrg/dwr/call/plaincall/AjaxCheckService.setItemNumber.dwr HTTP/1.1" 200 77
218.81.223.53 - - [06/May/2022:17:37:07 +0800] "GET /xingrg/all/function/internal_message.html?_=1651829806309&CODE_STATE=getMsg HTTP/1.1" 200 27
116.233.73.235 - - [06/May/2022:17:37:08 +0800] "POST /xingrg/dwr/call/plaincall/AjaxCheckService.setItemNumber.dwr HTTP/1.1" 200 77
116.233.73.235 - - [06/May/2022:17:37:09 +0800] "POST /xingrg/dwr/call/plaincall/AjaxCheckService.setItemNumber.dwr HTTP/1.1" 200 77
116.233.73.235 - - [06/May/2022:17:37:11 +0800] "POST /xingrg/dwr/call/plaincall/AjaxCheckService.setItemNumber.dwr HTTP/1.1" 200 77
116.233.73.235 - - [06/May/2022:17:37:12 +0800] "POST /xingrg/dwr/call/plaincall/AjaxCheckService.setItemNumber.dwr HTTP/1.1" 200 77
116.233.73.235 - - [06/May/2022:17:37:13 +0800] "POST /xingrg/dwr/call/plaincall/AjaxCheckService.setItemNumber.dwr HTTP/1.1" 200 77
116.233.73.235 - - [06/May/2022:17:37:13 +0800] "POST /xingrg/dwr/call/plaincall/AjaxCheckService.setItemNumber.dwr HTTP/1.1" 200 77
116.233.73.235 - - [06/May/2022:17:37:14 +0800] "POST /xingrg/dwr/call/plaincall/AjaxCheckService.setItemNumber.dwr HTTP/1.1" 200 77
116.233.73.235 - - [06/May/2022:17:37:15 +0800] "POST /xingrg/dwr/call/plaincall/AjaxCheckService.setItemNumber.dwr HTTP/1.1" 200 77
116.233.73.235 - - [06/May/2022:17:37:16 +0800] "POST /xingrg/dwr/call/plaincall/AjaxCheckService.setItemNumber.dwr HTTP/1.1" 200 77
116.233.73.235 - - [06/May/2022:17:37:17 +0800] "POST /xingrg/dwr/call/plaincall/AjaxCheckService.setItemNumber.dwr HTTP/1.1" 200 77
116.233.73.235 - - [06/May/2022:17:37:18 +0800] "POST /xingrg/dwr/call/plaincall/AjaxCheckService.setItemNumber.dwr HTTP/1.1" 200 77
116.233.73.235 - - [06/May/2022:17:37:20 +0800] "POST /xingrg/dwr/call/plaincall/AjaxCheckService.setItemNumber.dwr HTTP/1.1" 200 77
116.233.73.235 - - [06/May/2022:17:37:21 +0800] "POST /xingrg/dwr/call/plaincall/AjaxCheckService.setItemNumber.dwr HTTP/1.1" 200 77
116.233.73.235 - - [06/May/2022:17:37:22 +0800] "POST /xingrg/dwr/call/plaincall/AjaxCheckService.setItemNumber.dwr HTTP/1.1" 200 77
116.233.73.235 - - [06/May/2022:17:37:22 +0800] "POST /xingrg/dwr/call/plaincall/AjaxCheckService.setItemNumber.dwr HTTP/1.1" 200 77
116.233.73.235 - - [06/May/2022:17:37:23 +0800] "POST /xingrg/dwr/call/plaincall/AjaxCheckService.setItemNumber.dwr HTTP/1.1" 200 77
116.233.73.235 - - [06/May/2022:17:37:24 +0800] "POST /xingrg/dwr/call/plaincall/AjaxCheckService.setItemNumber.dwr HTTP/1.1" 200 77
116.233.73.235 - - [06/May/2022:17:37:25 +0800] "POST /xingrg/dwr/call/plaincall/AjaxCheckService.setItemNumber.dwr HTTP/1.1" 200 77
116.233.73.235 - - [06/May/2022:17:37:26 +0800] "POST /xingrg/dwr/call/plaincall/AjaxCheckService.setItemNumber.dwr HTTP/1.1" 200 77
116.233.73.235 - - [06/May/2022:17:37:26 +0800] "POST /xingrg/dwr/call/plaincall/AjaxCheckService.setItemNumber.dwr HTTP/1.1" 200 77
116.233.73.235 - - [06/May/2022:17:37:27 +0800] "POST /xingrg/dwr/call/plaincall/AjaxCheckService.setItemNumber.dwr HTTP/1.1" 200 77
116.233.73.235 - - [06/May/2022:17:37:28 +0800] "POST /xingrg/dwr/call/plaincall/AjaxCheckService.setItemNumber.dwr HTTP/1.1" 200 77
116.233.73.235 - - [06/May/2022:17:37:29 +0800] "POST /xingrg/dwr/call/plaincall/AjaxCheckService.setItemNumber.dwr HTTP/1.1" 200 77
116.233.73.235 - - [06/May/2022:17:37:31 +0800] "POST /xingrg/dwr/call/plaincall/AjaxCheckService.setItemNumber.dwr HTTP/1.1" 200 77
116.233.73.235 - - [06/May/2022:17:37:33 +0800] "POST /xingrg/dwr/call/plaincall/AjaxCheckService.setItemNumber.dwr HTTP/1.1" 200 77
116.233.73.235 - - [06/May/2022:17:37:33 +0800] "POST /xingrg/dwr/call/plaincall/AjaxCheckService.setItemNumber.dwr HTTP/1.1" 200 77
116.233.73.235 - - [06/May/2022:17:37:34 +0800] "POST /xingrg/dwr/call/plaincall/AjaxCheckService.setItemNumber.dwr HTTP/1.1" 200 77
116.233.73.235 - - [06/May/2022:17:37:34 +0800] "POST /xingrg/dwr/call/plaincall/AjaxCheckService.setItemNumber.dwr HTTP/1.1" 200 77
218.81.223.53 - - [06/May/2022:17:37:35 +0800] "POST /xingrg/kc/buy/cgsh_order_operate.html HTTP/1.1" 200 37
116.233.73.235 - - [06/May/2022:17:37:35 +0800] "POST /xingrg/dwr/call/plaincall/AjaxCheckService.setItemNumber.dwr HTTP/1.1" 200 77
117.143.50.163 - - [06/May/2022:17:37:37 +0800] "GET /xingrg/all/function/internal_message.html?_=1651829852991&CODE_STATE=getMsg HTTP/1.1" 200 27
116.233.73.235 - - [06/May/2022:17:37:37 +0800] "POST /xingrg/dwr/call/plaincall/AjaxCheckService.setItemNumber.dwr HTTP/1.1" 200 77
180.157.251.97 - - [06/May/2022:17:37:38 +0800] "GET /xingrg/all/function/internal_message.html?_=1651829531471&CODE_STATE=getMsg HTTP/1.1" 200 27
58.39.61.91 - - [06/May/2022:17:37:38 +0800] "GET /xingrg/check_reg.html?_=1651829820498 HTTP/1.1" 200 22
58.39.201.47 - - [06/May/2022:17:37:39 +0800] "GET /xingrg/all/function/internal_message.html?_=1651829784524&CODE_STATE=getMsg HTTP/1.1" 200 27
218.81.223.53 - - [06/May/2022:17:37:42 +0800] "POST /xingrg/kc/buy/cgsh_order_operate.html HTTP/1.1" 200 12
116.235.92.88 - - [06/May/2022:17:37:44 +0800] "GET /xingrg/all/function/internal_message.html?_=1651830034622&CODE_STATE=getMsg HTTP/1.1" 200 27
101.85.120.86 - - [06/May/2022:17:37:45 +0800] "GET /xingrg/all/function/internal_message.html?_=1651829860386&CODE_STATE=getMsg HTTP/1.1" 200 27
218.81.223.53 - - [06/May/2022:17:37:45 +0800] "GET /xingrg/kc/buy/cgsh_order_info.html?code=212022050600386 HTTP/1.1" 200 62132
116.233.73.235 - - [06/May/2022:17:37:45 +0800] "GET /xingrg/kc/base/base_main.html HTTP/1.1" 200 12142
218.81.223.53 - - [06/May/2022:17:37:46 +0800] "GET /xingrg/javascript/easyui/themes/default/validatebox.css HTTP/1.1" 404 1104
218.81.223.53 - - [06/May/2022:17:37:46 +0800] "POST /xingrg/kc/buy/cgsh_order_operate.html HTTP/1.1" 200 2384
116.233.73.235 - - [06/May/2022:17:37:47 +0800] "GET /xingrg/kc/base/wldb_order_list.html HTTP/1.1" 200 19101
58.39.61.91 - - [06/May/2022:17:37:47 +0800] "GET /xingrg/all/function/internal_message.html?_=1651829829226&CODE_STATE=getMsg HTTP/1.1" 200 27
116.233.73.235 - - [06/May/2022:17:37:47 +0800] "POST /xingrg/kc/base/wldb_list_operate.html HTTP/1.1" 200 928
218.81.223.53 - - [06/May/2022:17:37:48 +0800] "GET /xingrg/kc/print/load_data.html?order_code=212022050600386&kc_code=cgsh&condition= HTTP/1.1" 200 1395
222.70.180.114 - - [06/May/2022:17:37:49 +0800] "GET /xingrg/all/function/internal_message.html?_=1651829863969&CODE_STATE=getMsg HTTP/1.1" 200 27
101.87.185.179 - - [06/May/2022:17:37:49 +0800] "GET /xingrg/all/function/internal_message.html?_=1651829867058&CODE_STATE=getMsg HTTP/1.1" 302 -
116.233.73.235 - - [06/May/2022:17:37:50 +0800] "POST /xingrg/kc/base/wldb_list_operate.html HTTP/1.1" 200 10195
116.233.73.235 - - [06/May/2022:17:37:51 +0800] "POST /xingrg/kc/base/wldb_list_operate.html HTTP/1.1" 200 202
116.233.73.235 - - [06/May/2022:17:37:52 +0800] "GET /xingrg/kc/base/wldb_order_info.html?code=422022050600048 HTTP/1.1" 200 26185
116.233.73.235 - - [06/May/2022:17:37:52 +0800] "GET /xingrg/javascript/easyui/themes/default/validatebox.css HTTP/1.1" 404 1104
116.233.73.235 - - [06/May/2022:17:37:52 +0800] "POST /xingrg/kc/base/wldb_order_operate.html HTTP/1.1" 200 482
116.233.73.235 - - [06/May/2022:17:37:55 +0800] "GET /xingrg/logout.do HTTP/1.1" 302 -
116.233.73.235 - - [06/May/2022:17:37:55 +0800] "GET /xingrg/login.html?sysBaseUrl=http%3A%2F%2F180.169.147.146%3A18081%2Fxingrg%2F&costTime=3×tamp=1651829875279 HTTP/1.1" 200 7641
116.233.73.235 - - [06/May/2022:17:37:55 +0800] "GET /favicon.ico HTTP/1.1" 404 -
58.39.201.47 - - [06/May/2022:17:37:59 +0800] "GET /xingrg/all/function/internal_message.html?_=1651829880293&CODE_STATE=getMsg HTTP/1.1" 200 27
58.39.201.47 - - [06/May/2022:17:37:59 +0800] "GET /xingrg/check_reg.html?_=1651829880295 HTTP/1.1" 200 22
116.233.73.235 - - [06/May/2022:17:38:05 +0800] "POST /xingrg/login.do HTTP/1.1" 302 -
116.233.73.235 - - [06/May/2022:17:38:05 +0800] "GET /xingrg/index.html?sysBaseUrl=http%3A%2F%2F180.169.147.146%3A18081%2Fxingrg%2F&costTime=42×tamp=1651829885081 HTTP/1.1" 200 17503
116.233.73.235 - - [06/May/2022:17:38:05 +0800] "GET /favicon.ico HTTP/1.1" 404 -
116.233.73.235 - - [06/May/2022:17:38:05 +0800] "POST /xingrg/all/common/load_tree.html?tree=area_rest_tree_json&manage=1 HTTP/1.1" 200 2091
116.233.73.235 - - [06/May/2022:17:38:05 +0800] "GET /xingrg/all/function/internal_message.html?_=1651829895573&CODE_STATE=count HTTP/1.1" 200 11
116.233.73.235 - - [06/May/2022:17:38:05 +0800] "GET /xingrg/check_reg.html?_=1651829895573 HTTP/1.1" 200 22
116.233.73.235 - - [06/May/2022:17:38:05 +0800] "POST /xingrg/load_menu.html HTTP/1.1" 200 11564
58.221.95.50 - - [06/May/2022:17:38:05 +0800] "GET /xingrg/check_reg.html?_=1651829882459 HTTP/1.1" 302 -
218.81.223.53 - - [06/May/2022:17:38:07 +0800] "GET /xingrg/all/function/internal_message.html?_=1651829866323&CODE_STATE=getMsg HTTP/1.1" 200 27
116.233.73.235 - - [06/May/2022:17:38:07 +0800] "POST /xingrg/all/user/operate.html HTTP/1.1" 200 36
116.233.73.235 - - [06/May/2022:17:38:08 +0800] "GET /xingrg/javascript/jquery_easy_ui/themes/icon.css HTTP/1.1" 304 -
116.233.73.235 - - [06/May/2022:17:38:08 +0800] "GET /xingrg/javascript/jquery_easy_ui/themes/default/easyui.css HTTP/1.1" 304 -
116.233.73.235 - - [06/May/2022:17:38:08 +0800] "GET /xingrg/css/form.css HTTP/1.1" 304 -
116.233.73.235 - - [06/May/2022:17:38:08 +0800] "GET /xingrg/index.html?sysBaseUrl=http%3A%2F%2F180.169.147.146%3A18081%2Fxingrg%2F&costTime=42×tamp=1651829885081 HTTP/1.1" 200 17503
116.233.73.235 - - [06/May/2022:17:38:08 +0800] "GET /xingrg/images/blue/jxLogo.png HTTP/1.1" 304 -
116.233.73.235 - - [06/May/2022:17:38:08 +0800] "GET /xingrg/javascript/jquery_easy_ui/jquery.easyui.min.js HTTP/1.1" 304 -
116.233.73.235 - - [06/May/2022:17:38:08 +0800] "GET /xingrg/javascript/jquery-1.4.2.min.js HTTP/1.1" 304 -
116.233.73.235 - - [06/May/2022:17:38:08 +0800] "GET /xingrg/javascript/jquery_easy_ui/easyui-lang-zh_CN.js HTTP/1.1" 304 -
116.233.73.235 - - [06/May/2022:17:38:08 +0800] "GET /xingrg/javascript/jquery.timers.js HTTP/1.1" 304 -
116.233.73.235 - - [06/May/2022:17:38:08 +0800] "GET /xingrg/javascript/jquery.form.js HTTP/1.1" 304 -
116.233.73.235 - - [06/May/2022:17:38:08 +0800] "GET /xingrg/javascript/jquery.utils.js HTTP/1.1" 304 -
116.233.73.235 - - [06/May/2022:17:38:08 +0800] "GET /xingrg/javascript/jquery_easy_ui/themes/icons/settle_new.png HTTP/1.1" 304 -
116.233.73.235 - - [06/May/2022:17:38:08 +0800] "GET /xingrg/images/blue/navBackgound.jpg HTTP/1.1" 304 -
116.233.73.235 - - [06/May/2022:17:38:08 +0800] "POST /xingrg/all/common/load_tree.html?tree=area_rest_tree_json&manage=1 HTTP/1.1" 200 2091
116.233.73.235 - - [06/May/2022:17:38:08 +0800] "GET /xingrg/all/function/internal_message.html?_=1651829898633&CODE_STATE=count HTTP/1.1" 200 11
116.233.73.235 - - [06/May/2022:17:38:08 +0800] "GET /xingrg/check_reg.html?_=1651829898634 HTTP/1.1" 200 22
116.233.73.235 - - [06/May/2022:17:38:08 +0800] "GET /xingrg/javascript/jquery_easy_ui/themes/default/images/tabs_leftarrow.png HTTP/1.1" 304 -
116.233.73.235 - - [06/May/2022:17:38:08 +0800] "GET /xingrg/images/blue/pingpu.png HTTP/1.1" 304 -
116.233.73.235 - - [06/May/2022:17:38:08 +0800] "GET /xingrg/javascript/jquery_easy_ui/themes/default/images/panel_tool_expand.gif HTTP/1.1" 304 -
116.233.73.235 - - [06/May/2022:17:38:08 +0800] "GET /xingrg/javascript/jquery_easy_ui/themes/default/images/tabs_rightarrow.png HTTP/1.1" 304 -
116.233.73.235 - - [06/May/2022:17:38:08 +0800] "GET /xingrg/javascript/jquery_easy_ui/themes/default/images/panel_tool_collapse.gif HTTP/1.1" 304 -
116.233.73.235 - - [06/May/2022:17:38:08 +0800] "POST /xingrg/load_menu.html HTTP/1.1" 200 9959
116.233.73.235 - - [06/May/2022:17:38:09 +0800] "GET /xingrg/kc/base/base_main.html HTTP/1.1" 200 12142
116.233.73.235 - - [06/May/2022:17:38:10 +0800] "GET /xingrg/kc/base/wldb_order_list.html HTTP/1.1" 200 19356
116.233.73.235 - - [06/May/2022:17:38:11 +0800] "POST /xingrg/kc/base/wldb_list_operate.html HTTP/1.1" 200 928
116.233.73.235 - - [06/May/2022:17:38:14 +0800] "POST /xingrg/kc/base/wldb_list_operate.html HTTP/1.1" 200 10195
116.233.73.235 - - [06/May/2022:17:38:15 +0800] "POST /xingrg/kc/base/wldb_list_operate.html HTTP/1.1" 200 202
116.233.73.235 - - [06/May/2022:17:38:15 +0800] "GET /xingrg/kc/base/wldb_order_info.html?code=422022050600048 HTTP/1.1" 200 26442
116.233.73.235 - - [06/May/2022:17:38:16 +0800] "GET /xingrg/javascript/easyui/themes/default/validatebox.css HTTP/1.1" 404 1104
116.233.73.235 - - [06/May/2022:17:38:16 +0800] "POST /xingrg/kc/base/wldb_order_operate.html HTTP/1.1" 200 482
116.233.73.235 - - [06/May/2022:17:38:20 +0800] "POST /xingrg/kc/base/wldb_order_operate.html HTTP/1.1" 200 12
116.233.73.235 - - [06/May/2022:17:38:20 +0800] "GET /xingrg/kc/base/wldb_order_info.html?code=422022050600048 HTTP/1.1" 200 30323
116.233.73.235 - - [06/May/2022:17:38:21 +0800] "GET /xingrg/javascript/easyui/themes/default/validatebox.css HTTP/1.1" 404 1104
116.233.73.235 - - [06/May/2022:17:38:21 +0800] "POST /xingrg/kc/base/wldb_order_operate.html HTTP/1.1" 200 2188
116.233.73.235 - - [06/May/2022:17:38:21 +0800] "GET /xingrg/javascript/jquery_tools/images/prev.gif HTTP/1.1" 404 1086
116.233.73.235 - - [06/May/2022:17:38:21 +0800] "GET /xingrg/javascript/jquery_tools/images/next.gif HTTP/1.1" 404 1086
116.233.73.235 - - [06/May/2022:17:38:29 +0800] "POST /xingrg/kc/base/wldb_order_operate.html HTTP/1.1" 200 37
116.233.73.235 - - [06/May/2022:17:38:29 +0800] "POST /xingrg/kc/base/wldb_order_operate.html HTTP/1.1" 200 2188
116.233.73.235 - - [06/May/2022:17:38:30 +0800] "GET /xingrg/kc/base/wldb_order_info.html?code=422022050600048 HTTP/1.1" 200 30323
116.233.73.235 - - [06/May/2022:17:38:30 +0800] "GET /xingrg/javascript/easyui/themes/default/validatebox.css HTTP/1.1" 404 1104
116.233.73.235 - - [06/May/2022:17:38:30 +0800] "POST /xingrg/kc/base/wldb_order_operate.html HTTP/1.1" 200 2188
116.233.73.235 - - [06/May/2022:17:38:32 +0800] "GET /xingrg/logout.do HTTP/1.1" 302 -
116.233.73.235 - - [06/May/2022:17:38:32 +0800] "GET /xingrg/login.html?sysBaseUrl=http%3A%2F%2F180.169.147.146%3A18081%2Fxingrg%2F&costTime=3×tamp=1651829912327 HTTP/1.1" 200 7641
116.233.73.235 - - [06/May/2022:17:38:32 +0800] "GET /favicon.ico HTTP/1.1" 404 -
116.233.73.235 - - [06/May/2022:17:38:36 +0800] "POST /xingrg/login.do HTTP/1.1" 302 -
116.233.73.235 - - [06/May/2022:17:38:36 +0800] "GET /xingrg/index.html?sysBaseUrl=http%3A%2F%2F180.169.147.146%3A18081%2Fxingrg%2F&costTime=53×tamp=1651829916841 HTTP/1.1" 200 17173
116.233.73.235 - - [06/May/2022:17:38:36 +0800] "GET /favicon.ico HTTP/1.1" 404 -
116.233.73.235 - - [06/May/2022:17:38:36 +0800] "POST /xingrg/all/common/load_tree.html?tree=area_rest_tree_json&manage=1 HTTP/1.1" 200 342
116.233.73.235 - - [06/May/2022:17:38:37 +0800] "GET /xingrg/all/function/internal_message.html?_=1651829927327&CODE_STATE=count HTTP/1.1" 200 11
116.233.73.235 - - [06/May/2022:17:38:37 +0800] "GET /xingrg/check_reg.html?_=1651829927327 HTTP/1.1" 200 22
117.143.50.163 - - [06/May/2022:17:38:37 +0800] "GET /xingrg/all/function/internal_message.html?_=1651829912997&CODE_STATE=getMsg HTTP/1.1" 200 27
116.233.73.235 - - [06/May/2022:17:38:37 +0800] "POST /xingrg/load_menu.html HTTP/1.1" 200 5138
180.157.251.97 - - [06/May/2022:17:38:38 +0800] "GET /xingrg/all/function/internal_message.html?_=1651829591440&CODE_STATE=getMsg HTTP/1.1" 200 27
116.233.73.235 - - [06/May/2022:17:38:38 +0800] "GET /xingrg/kc/base/base_main.html HTTP/1.1" 200 12142
116.233.73.235 - - [06/May/2022:17:38:39 +0800] "GET /xingrg/kc/base/wldb_order_list.html HTTP/1.1" 200 19101
116.233.73.235 - - [06/May/2022:17:38:39 +0800] "POST /xingrg/kc/base/wldb_list_operate.html HTTP/1.1" 200 1766
58.39.201.47 - - [06/May/2022:17:38:39 +0800] "GET /xingrg/all/function/internal_message.html?_=1651829844525&CODE_STATE=getMsg HTTP/1.1" 200 27
58.39.201.47 - - [06/May/2022:17:38:39 +0800] "GET /xingrg/check_reg.html?_=1651829844528 HTTP/1.1" 200 22
116.233.73.235 - - [06/May/2022:17:38:41 +0800] "POST /xingrg/kc/base/wldb_list_operate.html HTTP/1.1" 200 202
116.235.92.88 - - [06/May/2022:17:38:44 +0800] "GET /xingrg/all/function/internal_message.html?_=1651830094620&CODE_STATE=getMsg HTTP/1.1" 200 27
116.233.73.235 - - [06/May/2022:17:38:44 +0800] "POST /xingrg/kc/base/wldb_list_operate.html HTTP/1.1" 200 156
101.85.120.86 - - [06/May/2022:17:38:45 +0800] "GET /xingrg/all/function/internal_message.html?_=1651829920386&CODE_STATE=getMsg HTTP/1.1" 200 27
58.39.61.91 - - [06/May/2022:17:38:47 +0800] "GET /xingrg/all/function/internal_message.html?_=1651829889241&CODE_STATE=getMsg HTTP/1.1" 200 27
222.70.180.114 - - [06/May/2022:17:38:49 +0800] "GET /xingrg/all/function/internal_message.html?_=1651829923953&CODE_STATE=getMsg HTTP/1.1" 200 27
101.87.185.179 - - [06/May/2022:17:38:49 +0800] "GET /xingrg/all/function/internal_message.html?_=1651829927061&CODE_STATE=getMsg HTTP/1.1" 302 -
116.233.73.235 - - [06/May/2022:17:38:51 +0800] "GET /xingrg/kc/base/base_main.html HTTP/1.1" 200 12142
116.233.73.235 - - [06/May/2022:17:38:52 +0800] "GET /xingrg/kc/base/wldb_order_list.html HTTP/1.1" 200 19101
116.233.73.235 - - [06/May/2022:17:38:52 +0800] "POST /xingrg/kc/base/wldb_list_operate.html HTTP/1.1" 200 1766
180.157.251.97 - - [06/May/2022:17:38:54 +0800] "POST /xingrg/kc/pszx/mdps_list_operate.html HTTP/1.1" 200 206
222.70.180.114 - - [06/May/2022:17:38:54 +0800] "GET /xingrg/check_reg.html?_=1651829928821 HTTP/1.1" 200 22
116.233.73.235 - - [06/May/2022:17:38:56 +0800] "GET /xingrg/kc/base/base_main.html HTTP/1.1" 200 12142
180.157.251.97 - - [06/May/2022:17:38:56 +0800] "GET /xingrg/kc/pszx/mdps_order_info.html?code=312022050600155 HTTP/1.1" 200 23984
180.157.251.97 - - [06/May/2022:17:38:56 +0800] "GET /xingrg/javascript/easyui/themes/default/validatebox.css HTTP/1.1" 404 1104
180.157.251.97 - - [06/May/2022:17:38:56 +0800] "POST /xingrg/kc/pszx/mdps_order_operate.html HTTP/1.1" 200 2287
116.233.73.235 - - [06/May/2022:17:38:57 +0800] "GET /xingrg/kc/base/check_order_list.html HTTP/1.1" 200 16220
116.233.73.235 - - [06/May/2022:17:38:57 +0800] "POST /xingrg/kc/base/check_list_operate.html HTTP/1.1" 200 5449
58.39.201.47 - - [06/May/2022:17:38:59 +0800] "GET /xingrg/all/function/internal_message.html?_=1651829940294&CODE_STATE=getMsg HTTP/1.1" 200 27
116.233.73.235 - - [06/May/2022:17:39:02 +0800] "POST /xingrg/kc/base/check_list_operate.html HTTP/1.1" 200 4
116.233.73.235 - - [06/May/2022:17:39:02 +0800] "POST /xingrg/kc/base/check_list_operate.html HTTP/1.1" 200 5122
116.233.73.235 - - [06/May/2022:17:39:04 +0800] "GET /xingrg/kc/base/base_main.html HTTP/1.1" 200 12142
116.233.73.235 - - [06/May/2022:17:39:05 +0800] "GET /xingrg/kc/base/wldb_order_list.html HTTP/1.1" 200 19101
116.233.73.235 - - [06/May/2022:17:39:05 +0800] "POST /xingrg/kc/base/wldb_list_operate.html HTTP/1.1" 200 1766
116.233.73.235 - - [06/May/2022:17:39:07 +0800] "POST /xingrg/kc/base/wldb_list_operate.html HTTP/1.1" 200 202
116.233.73.235 - - [06/May/2022:17:39:07 +0800] "GET /xingrg/kc/base/wldb_order_info.html?code=422022050600048 HTTP/1.1" 200 30323
218.81.223.53 - - [06/May/2022:17:39:07 +0800] "GET /xingrg/all/function/internal_message.html?_=1651829926530&CODE_STATE=getMsg HTTP/1.1" 200 27
116.233.73.235 - - [06/May/2022:17:39:08 +0800] "GET /xingrg/javascript/easyui/themes/default/validatebox.css HTTP/1.1" 404 1104
116.233.73.235 - - [06/May/2022:17:39:08 +0800] "POST /xingrg/kc/base/wldb_order_operate.html HTTP/1.1" 200 2188
180.157.251.97 - - [06/May/2022:17:39:08 +0800] "POST /xingrg/kc/pszx/mdps_list_operate.html HTTP/1.1" 200 5327
116.233.73.235 - - [06/May/2022:17:39:11 +0800] "POST /xingrg/kc/base/wldb_order_operate.html HTTP/1.1" 200 37
116.233.73.235 - - [06/May/2022:17:39:12 +0800] "POST /xingrg/kc/base/wldb_order_operate.html HTTP/1.1" 200 200
116.233.73.235 - - [06/May/2022:17:39:12 +0800] "POST /xingrg/kc/base/wldb_order_operate.html HTTP/1.1" 200 2188
180.157.251.97 - - [06/May/2022:17:39:16 +0800] "POST /xingrg/kc/pszx/mdps_list_operate.html HTTP/1.1" 200 214
180.157.251.97 - - [06/May/2022:17:39:16 +0800] "GET /xingrg/kc/pszx/mdps_order_info.html?code=312022050600156 HTTP/1.1" 200 23986
180.157.251.97 - - [06/May/2022:17:39:17 +0800] "GET /xingrg/javascript/easyui/themes/default/validatebox.css HTTP/1.1" 404 1104
180.157.251.97 - - [06/May/2022:17:39:17 +0800] "POST /xingrg/kc/pszx/mdps_order_operate.html HTTP/1.1" 200 2295
116.233.73.235 - - [06/May/2022:17:39:22 +0800] "GET /xingrg/kc/base/base_main.html HTTP/1.1" 200 12142
180.157.251.97 - - [06/May/2022:17:39:22 +0800] "POST /xingrg/kc/pszx/mdps_list_operate.html HTTP/1.1" 200 5327
116.233.73.235 - - [06/May/2022:17:39:23 +0800] "GET /xingrg/kc/base/check_order_list.html HTTP/1.1" 200 16220
116.233.73.235 - - [06/May/2022:17:39:23 +0800] "POST /xingrg/kc/base/check_list_operate.html HTTP/1.1" 200 5122
180.157.251.97 - - [06/May/2022:17:39:27 +0800] "POST /xingrg/kc/pszx/mdps_list_operate.html HTTP/1.1" 200 207
180.157.251.97 - - [06/May/2022:17:39:27 +0800] "GET /xingrg/kc/pszx/mdps_order_info.html?code=312022050600159 HTTP/1.1" 200 23970
180.157.251.97 - - [06/May/2022:17:39:27 +0800] "GET /xingrg/javascript/easyui/themes/default/validatebox.css HTTP/1.1" 404 1104
180.157.251.97 - - [06/May/2022:17:39:27 +0800] "POST /xingrg/kc/pszx/mdps_order_operate.html HTTP/1.1" 200 2289
180.157.251.97 - - [06/May/2022:17:39:30 +0800] "POST /xingrg/kc/pszx/mdps_list_operate.html HTTP/1.1" 200 5327
116.233.73.235 - - [06/May/2022:17:39:34 +0800] "POST /xingrg/kc/base/check_list_operate.html HTTP/1.1" 200 8595
116.233.73.235 - - [06/May/2022:17:39:37 +0800] "GET /xingrg/all/function/internal_message.html?_=1651829987337&CODE_STATE=getMsg HTTP/1.1" 200 27
117.143.50.163 - - [06/May/2022:17:39:37 +0800] "GET /xingrg/all/function/internal_message.html?_=1651829973014&CODE_STATE=getMsg HTTP/1.1" 200 27
180.157.251.97 - - [06/May/2022:17:39:38 +0800] "GET /xingrg/all/function/internal_message.html?_=1651829651417&CODE_STATE=getMsg HTTP/1.1" 200 27
58.39.201.47 - - [06/May/2022:17:39:39 +0800] "GET /xingrg/all/function/internal_message.html?_=1651829904528&CODE_STATE=getMsg HTTP/1.1" 200 27
180.157.251.97 - - [06/May/2022:17:39:42 +0800] "GET /xingrg/check_reg.html?_=1651829656239 HTTP/1.1" 200 22
116.235.92.88 - - [06/May/2022:17:39:44 +0800] "GET /xingrg/all/function/internal_message.html?_=1651830154618&CODE_STATE=getMsg HTTP/1.1" 200 27
101.85.120.86 - - [06/May/2022:17:39:45 +0800] "GET /xingrg/check_reg.html?_=1651829980380 HTTP/1.1" 200 22
101.85.120.86 - - [06/May/2022:17:39:45 +0800] "GET /xingrg/all/function/internal_message.html?_=1651829980383&CODE_STATE=getMsg HTTP/1.1" 200 27
58.39.61.91 - - [06/May/2022:17:39:47 +0800] "GET /xingrg/all/function/internal_message.html?_=1651829949312&CODE_STATE=getMsg HTTP/1.1" 200 27
222.70.180.114 - - [06/May/2022:17:39:49 +0800] "GET /xingrg/all/function/internal_message.html?_=1651829983936&CODE_STATE=getMsg HTTP/1.1" 200 27
101.87.185.179 - - [06/May/2022:17:39:49 +0800] "GET /xingrg/all/function/internal_message.html?_=1651829987065&CODE_STATE=getMsg HTTP/1.1" 302 -
101.87.185.179 - - [06/May/2022:17:39:49 +0800] "GET /xingrg/check_reg.html?_=1651829987137 HTTP/1.1" 302 -
116.233.73.235 - - [06/May/2022:17:39:50 +0800] "GET /xingrg/kc/base/check_order_info.html?code=452022050600003 HTTP/1.1" 200 22862
116.233.73.235 - - [06/May/2022:17:39:50 +0800] "GET /xingrg/dwr/interface/AjaxComOrderService.js HTTP/1.1" 200 18264
116.233.73.235 - - [06/May/2022:17:39:50 +0800] "GET /xingrg/dwr/interface/AjaxCheckService.js HTTP/1.1" 200 14003
116.233.73.235 - - [06/May/2022:17:39:50 +0800] "GET /xingrg/dwr/engine.js HTTP/1.1" 200 43631
116.233.73.235 - - [06/May/2022:17:39:51 +0800] "POST /xingrg/dwr/call/plaincall/AjaxCheckService.loadOrderItems.dwr HTTP/1.1" 200 47334
180.157.251.97 - - [06/May/2022:17:39:58 +0800] "POST /xingrg/kc/pszx/mdps_list_operate.html HTTP/1.1" 200 5485
58.39.201.47 - - [06/May/2022:17:39:59 +0800] "GET /xingrg/all/function/internal_message.html?_=1651830000295&CODE_STATE=getMsg HTTP/1.1" 200 27
116.233.73.235 - - [06/May/2022:17:39:59 +0800] "GET /xingrg/kc/base/check_order_list.html?isBack=1 HTTP/1.1" 200 16220
116.233.73.235 - - [06/May/2022:17:39:59 +0800] "POST /xingrg/kc/base/check_list_operate.html HTTP/1.1" 200 5122
180.157.251.97 - - [06/May/2022:17:40:03 +0800] "POST /xingrg/kc/pszx/mdps_list_operate.html HTTP/1.1" 200 5466
218.81.223.53 - - [06/May/2022:17:40:07 +0800] "GET /xingrg/all/function/internal_message.html?_=1651829986537&CODE_STATE=getMsg HTTP/1.1" 200 27
180.157.251.97 - - [06/May/2022:17:40:09 +0800] "POST /xingrg/kc/pszx/mdps_list_operate.html HTTP/1.1" 200 2380
116.233.73.235 - - [06/May/2022:17:40:10 +0800] "POST /xingrg/kc/base/check_list_operate.html HTTP/1.1" 200 8595
218.81.223.53 - - [06/May/2022:17:40:31 +0800] "GET /xingrg/check_reg.html?_=1651830010501 HTTP/1.1" 200 22
116.233.73.235 - - [06/May/2022:17:40:37 +0800] "GET /xingrg/all/function/internal_message.html?_=1651830047338&CODE_STATE=getMsg HTTP/1.1" 200 27
117.143.50.163 - - [06/May/2022:17:40:37 +0800] "GET /xingrg/check_reg.html?_=1651830033007 HTTP/1.1" 200 22
117.143.50.163 - - [06/May/2022:17:40:37 +0800] "GET /xingrg/all/function/internal_message.html?_=1651830033009&CODE_STATE=getMsg HTTP/1.1" 200 27
180.157.251.97 - - [06/May/2022:17:40:38 +0800] "GET /xingrg/all/function/internal_message.html?_=1651829711378&CODE_STATE=getMsg HTTP/1.1" 200 27
58.39.201.47 - - [06/May/2022:17:40:39 +0800] "GET /xingrg/all/function/internal_message.html?_=1651829964528&CODE_STATE=getMsg HTTP/1.1" 200 27
116.233.73.235 - - [06/May/2022:17:40:41 +0800] "GET /xingrg/kc/base/check_order_info.html?code=452022050600003 HTTP/1.1" 200 22862
116.233.73.235 - - [06/May/2022:17:40:41 +0800] "GET /xingrg/dwr/interface/AjaxCheckService.js HTTP/1.1" 200 14003
116.233.73.235 - - [06/May/2022:17:40:41 +0800] "GET /xingrg/dwr/interface/AjaxComOrderService.js HTTP/1.1" 200 18264
116.233.73.235 - - [06/May/2022:17:40:41 +0800] "GET /xingrg/dwr/engine.js HTTP/1.1" 200 43631
183.192.90.64 - - [06/May/2022:17:40:41 +0800] "GET /xingrg/login.html HTTP/1.1" 200 7641
116.233.73.235 - - [06/May/2022:17:40:41 +0800] "POST /xingrg/dwr/call/plaincall/AjaxCheckService.loadOrderItems.dwr HTTP/1.1" 200 47334
183.192.90.64 - - [06/May/2022:17:40:43 +0800] "GET /xingrg/images/blue/jxLogo.png HTTP/1.1" 304 -
116.235.92.88 - - [06/May/2022:17:40:44 +0800] "GET /xingrg/all/function/internal_message.html?_=1651830214617&CODE_STATE=getMsg HTTP/1.1" 200 27
183.192.90.64 - - [06/May/2022:17:40:44 +0800] "GET /xingrg/images/blue/login_bg.png HTTP/1.1" 304 -
183.192.90.64 - - [06/May/2022:17:40:44 +0800] "GET /xingrg/images/blue/hj.png HTTP/1.1" 304 -
