58.39.61.91 - - [06/May/2022:10:03:36 +0800] "GET /xingrg/all/function/internal_message.html?_=1651802578333&CODE_STATE=getMsg HTTP/1.1" 200 27
58.39.61.91 - - [06/May/2022:10:03:37 +0800] "GET /xingrg/javascript/auto/indicator.gif HTTP/1.1" 404 1066
218.81.223.53 - - [06/May/2022:10:03:38 +0800] "GET /xingrg/all/function/internal_message.html?_=1651802596258&CODE_STATE=getMsg HTTP/1.1" 200 27
116.235.92.88 - - [06/May/2022:10:03:43 +0800] "GET /xingrg/all/function/internal_message.html?_=1651802794030&CODE_STATE=getMsg HTTP/1.1" 200 27
222.70.180.114 - - [06/May/2022:10:03:46 +0800] "GET /xingrg/all/function/internal_message.html?_=1651802621203&CODE_STATE=getMsg HTTP/1.1" 200 27
58.39.61.91 - - [06/May/2022:10:03:49 +0800] "GET /xingrg/kc/buy/cgsh_order_operate.html?command=get_materiel&rest_code=00151&code=00101016105&supplier_code=00100151&order_time=2022-05-06 HTTP/1.1" 200 409
180.157.251.97 - - [06/May/2022:10:03:52 +0800] "GET /xingrg/all/function/internal_message.html?_=1651802306234&CODE_STATE=getMsg HTTP/1.1" 200 27
180.157.251.97 - - [06/May/2022:10:03:52 +0800] "GET /xingrg/check_reg.html?_=1651802306236 HTTP/1.1" 200 22
58.39.61.91 - - [06/May/2022:10:04:18 +0800] "GET /xingrg/kc/buy/cgsh_order_operate.html?command=get_materiel&rest_code=00151&code=00101012039&supplier_code=00100151&order_time=2022-05-06 HTTP/1.1" 200 408
114.83.221.137 - - [06/May/2022:10:04:20 +0800] "GET /xingrg/all/function/internal_message.html?_=1651802656369&CODE_STATE=getMsg HTTP/1.1" 200 27
58.39.201.47 - - [06/May/2022:10:04:23 +0800] "GET /xingrg/all/function/internal_message.html?_=1651802665178&CODE_STATE=getMsg HTTP/1.1" 200 27
58.39.61.91 - - [06/May/2022:10:04:31 +0800] "GET /xingrg/kc/buy/cgsh_order_operate.html?command=get_materiel&rest_code=00151&code=00101008286&supplier_code=00100151&order_time=2022-05-06 HTTP/1.1" 200 408
58.39.61.91 - - [06/May/2022:10:04:36 +0800] "GET /xingrg/all/function/internal_message.html?_=1651802638346&CODE_STATE=getMsg HTTP/1.1" 200 27
218.81.223.53 - - [06/May/2022:10:04:38 +0800] "GET /xingrg/all/function/internal_message.html?_=1651802656394&CODE_STATE=getMsg HTTP/1.1" 200 27
116.235.92.88 - - [06/May/2022:10:04:43 +0800] "GET /xingrg/all/function/internal_message.html?_=1651802854028&CODE_STATE=getMsg HTTP/1.1" 200 27
222.70.180.114 - - [06/May/2022:10:04:46 +0800] "GET /xingrg/all/function/internal_message.html?_=1651802681202&CODE_STATE=getMsg HTTP/1.1" 200 27
58.39.61.91 - - [06/May/2022:10:04:49 +0800] "GET /xingrg/kc/buy/cgsh_order_operate.html?command=get_materiel&rest_code=00151&code=00101008356&supplier_code=00100151&order_time=2022-05-06 HTTP/1.1" 200 408
180.157.251.97 - - [06/May/2022:10:04:52 +0800] "GET /xingrg/all/function/internal_message.html?_=1651802366234&CODE_STATE=getMsg HTTP/1.1" 200 27
58.39.61.91 - - [06/May/2022:10:05:01 +0800] "GET /xingrg/kc/buy/cgsh_order_operate.html?command=get_materiel&rest_code=00151&code=00101008355&supplier_code=00100151&order_time=2022-05-06 HTTP/1.1" 200 409
114.83.221.137 - - [06/May/2022:10:05:20 +0800] "GET /xingrg/all/function/internal_message.html?_=1651802716374&CODE_STATE=getMsg HTTP/1.1" 200 27
58.39.61.91 - - [06/May/2022:10:05:22 +0800] "GET /xingrg/kc/buy/cgsh_order_operate.html?command=get_materiel&rest_code=00151&code=00101008152&supplier_code=00100151&order_time=2022-05-06 HTTP/1.1" 200 408
58.39.201.47 - - [06/May/2022:10:05:23 +0800] "GET /xingrg/all/function/internal_message.html?_=1651802725176&CODE_STATE=getMsg HTTP/1.1" 200 27
218.81.223.53 - - [06/May/2022:10:05:32 +0800] "GET /xingrg/check_reg.html?_=1651802709798 HTTP/1.1" 200 22
58.39.61.91 - - [06/May/2022:10:05:34 +0800] "GET /xingrg/kc/buy/cgsh_order_operate.html?command=get_materiel&rest_code=00151&code=00101008043&supplier_code=00100151&order_time=2022-05-06 HTTP/1.1" 200 416
58.39.61.91 - - [06/May/2022:10:05:36 +0800] "GET /xingrg/all/function/internal_message.html?_=1651802698360&CODE_STATE=getMsg HTTP/1.1" 200 27
218.81.223.53 - - [06/May/2022:10:05:38 +0800] "GET /xingrg/all/function/internal_message.html?_=1651802716409&CODE_STATE=getMsg HTTP/1.1" 200 27
116.235.92.88 - - [06/May/2022:10:05:43 +0800] "GET /xingrg/all/function/internal_message.html?_=1651802914026&CODE_STATE=getMsg HTTP/1.1" 200 27
222.70.180.114 - - [06/May/2022:10:05:46 +0800] "GET /xingrg/all/function/internal_message.html?_=1651802741217&CODE_STATE=getMsg HTTP/1.1" 200 27
180.157.251.97 - - [06/May/2022:10:05:52 +0800] "GET /xingrg/all/function/internal_message.html?_=1651802426246&CODE_STATE=getMsg HTTP/1.1" 200 27
58.39.61.91 - - [06/May/2022:10:06:09 +0800] "GET /xingrg/kc/buy/cgsh_order_operate.html?command=get_materiel&rest_code=00151&code=00101012051&supplier_code=00100151&order_time=2022-05-06 HTTP/1.1" 200 408
114.83.221.137 - - [06/May/2022:10:06:20 +0800] "GET /xingrg/all/function/internal_message.html?_=1651802776379&CODE_STATE=getMsg HTTP/1.1" 200 27
58.39.201.47 - - [06/May/2022:10:06:23 +0800] "GET /xingrg/all/function/internal_message.html?_=1651802785178&CODE_STATE=getMsg HTTP/1.1" 200 27
58.39.61.91 - - [06/May/2022:10:06:36 +0800] "GET /xingrg/all/function/internal_message.html?_=1651802758405&CODE_STATE=getMsg HTTP/1.1" 200 27
218.81.223.53 - - [06/May/2022:10:06:38 +0800] "GET /xingrg/all/function/internal_message.html?_=1651802776421&CODE_STATE=getMsg HTTP/1.1" 200 27
116.235.92.88 - - [06/May/2022:10:06:43 +0800] "GET /xingrg/all/function/internal_message.html?_=1651802974024&CODE_STATE=getMsg HTTP/1.1" 200 27
116.235.92.88 - - [06/May/2022:10:06:43 +0800] "GET /xingrg/check_reg.html?_=1651802974025 HTTP/1.1" 200 22
222.70.180.114 - - [06/May/2022:10:06:46 +0800] "GET /xingrg/all/function/internal_message.html?_=1651802801202&CODE_STATE=getMsg HTTP/1.1" 200 27
180.157.251.97 - - [06/May/2022:10:06:52 +0800] "GET /xingrg/all/function/internal_message.html?_=1651802486272&CODE_STATE=getMsg HTTP/1.1" 200 27
114.83.221.137 - - [06/May/2022:10:07:20 +0800] "GET /xingrg/check_reg.html?_=1651802836383 HTTP/1.1" 200 22
114.83.221.137 - - [06/May/2022:10:07:20 +0800] "GET /xingrg/all/function/internal_message.html?_=1651802836385&CODE_STATE=getMsg HTTP/1.1" 200 27
58.39.201.47 - - [06/May/2022:10:07:23 +0800] "GET /xingrg/all/function/internal_message.html?_=1651802845179&CODE_STATE=getMsg HTTP/1.1" 200 27
58.39.61.91 - - [06/May/2022:10:07:36 +0800] "GET /xingrg/check_reg.html?_=1651802818331 HTTP/1.1" 200 22
58.39.61.91 - - [06/May/2022:10:07:36 +0800] "GET /xingrg/all/function/internal_message.html?_=1651802818419&CODE_STATE=getMsg HTTP/1.1" 200 27
218.81.223.53 - - [06/May/2022:10:07:39 +0800] "GET /xingrg/all/function/internal_message.html?_=1651802836562&CODE_STATE=getMsg HTTP/1.1" 200 27
116.235.92.88 - - [06/May/2022:10:07:43 +0800] "GET /xingrg/all/function/internal_message.html?_=1651803034023&CODE_STATE=getMsg HTTP/1.1" 200 27
222.70.180.114 - - [06/May/2022:10:07:46 +0800] "GET /xingrg/all/function/internal_message.html?_=1651802861202&CODE_STATE=getMsg HTTP/1.1" 200 27
222.70.180.114 - - [06/May/2022:10:07:46 +0800] "GET /xingrg/check_reg.html?_=1651802861204 HTTP/1.1" 200 22
180.157.251.97 - - [06/May/2022:10:07:52 +0800] "GET /xingrg/all/function/internal_message.html?_=1651802546277&CODE_STATE=getMsg HTTP/1.1" 200 27
58.221.95.50 - - [06/May/2022:10:08:06 +0800] "GET /xingrg/check_reg.html?_=1651802882514 HTTP/1.1" 302 -
114.83.221.137 - - [06/May/2022:10:08:11 +0800] "GET /xingrg/kc/mdqp/pssh_order_list.html?isBack=1 HTTP/1.1" 200 17862
114.83.221.137 - - [06/May/2022:10:08:12 +0800] "POST /xingrg/kc/mdqp/pssh_list_operate.html HTTP/1.1" 200 5422
114.83.221.137 - - [06/May/2022:10:08:20 +0800] "GET /xingrg/all/function/internal_message.html?_=1651802896377&CODE_STATE=getMsg HTTP/1.1" 200 27
58.39.201.47 - - [06/May/2022:10:08:23 +0800] "GET /xingrg/all/function/internal_message.html?_=1651802905183&CODE_STATE=getMsg HTTP/1.1" 200 27
58.39.201.47 - - [06/May/2022:10:08:24 +0800] "GET /xingrg/check_reg.html?_=1651802905179 HTTP/1.1" 200 22
58.39.61.91 - - [06/May/2022:10:08:36 +0800] "GET /xingrg/all/function/internal_message.html?_=1651802878431&CODE_STATE=getMsg HTTP/1.1" 200 27
218.81.223.53 - - [06/May/2022:10:08:39 +0800] "GET /xingrg/all/function/internal_message.html?_=1651802896573&CODE_STATE=getMsg HTTP/1.1" 200 27
114.83.221.137 - - [06/May/2022:10:08:39 +0800] "GET /xingrg/kc/buy/cgsh_order_list.html HTTP/1.1" 200 51396
114.83.221.137 - - [06/May/2022:10:08:40 +0800] "POST /xingrg/kc/buy/cgsh_list_operate.html HTTP/1.1" 200 876
116.235.92.88 - - [06/May/2022:10:08:43 +0800] "GET /xingrg/all/function/internal_message.html?_=1651803094037&CODE_STATE=getMsg HTTP/1.1" 200 27
222.70.180.114 - - [06/May/2022:10:08:46 +0800] "GET /xingrg/all/function/internal_message.html?_=1651802921204&CODE_STATE=getMsg HTTP/1.1" 200 27
180.157.251.97 - - [06/May/2022:10:08:52 +0800] "GET /xingrg/check_reg.html?_=1651802606276 HTTP/1.1" 200 22
180.157.251.97 - - [06/May/2022:10:08:52 +0800] "GET /xingrg/all/function/internal_message.html?_=1651802606278&CODE_STATE=getMsg HTTP/1.1" 200 27
114.83.221.137 - - [06/May/2022:10:09:20 +0800] "GET /xingrg/all/function/internal_message.html?_=1651802956387&CODE_STATE=getMsg HTTP/1.1" 200 27
58.39.201.47 - - [06/May/2022:10:09:23 +0800] "GET /xingrg/all/function/internal_message.html?_=1651802965182&CODE_STATE=getMsg HTTP/1.1" 200 27
58.39.61.91 - - [06/May/2022:10:09:36 +0800] "GET /xingrg/all/function/internal_message.html?_=1651802938445&CODE_STATE=getMsg HTTP/1.1" 200 27
218.81.223.53 - - [06/May/2022:10:09:39 +0800] "GET /xingrg/all/function/internal_message.html?_=1651802956712&CODE_STATE=getMsg HTTP/1.1" 200 27
116.235.92.88 - - [06/May/2022:10:09:43 +0800] "GET /xingrg/all/function/internal_message.html?_=1651803154035&CODE_STATE=getMsg HTTP/1.1" 200 27
222.70.180.114 - - [06/May/2022:10:09:46 +0800] "GET /xingrg/all/function/internal_message.html?_=1651802981230&CODE_STATE=getMsg HTTP/1.1" 200 27
58.39.61.91 - - [06/May/2022:10:09:47 +0800] "POST /xingrg/kc/buy/cgsh_order_operate.html HTTP/1.1" 200 37
180.157.251.97 - - [06/May/2022:10:09:52 +0800] "GET /xingrg/all/function/internal_message.html?_=1651802666276&CODE_STATE=getMsg HTTP/1.1" 200 27
58.39.61.91 - - [06/May/2022:10:09:59 +0800] "POST /xingrg/kc/buy/cgsh_order_operate.html HTTP/1.1" 200 12
58.39.61.91 - - [06/May/2022:10:10:07 +0800] "GET /xingrg/kc/buy/cgsh_order_info.html?code=212022050600364 HTTP/1.1" 200 61679
58.39.61.91 - - [06/May/2022:10:10:08 +0800] "GET /xingrg/javascript/easyui/themes/default/validatebox.css HTTP/1.1" 404 1104
58.39.61.91 - - [06/May/2022:10:10:08 +0800] "POST /xingrg/kc/buy/cgsh_order_operate.html HTTP/1.1" 200 4744
114.83.221.137 - - [06/May/2022:10:10:20 +0800] "GET /xingrg/all/function/internal_message.html?_=1651803016389&CODE_STATE=getMsg HTTP/1.1" 200 27
58.39.201.47 - - [06/May/2022:10:10:23 +0800] "GET /xingrg/all/function/internal_message.html?_=1651803025184&CODE_STATE=getMsg HTTP/1.1" 200 27
218.81.223.53 - - [06/May/2022:10:10:32 +0800] "GET /xingrg/check_reg.html?_=1651803009803 HTTP/1.1" 200 22
58.39.61.91 - - [06/May/2022:10:10:36 +0800] "GET /xingrg/all/function/internal_message.html?_=1651802998459&CODE_STATE=getMsg HTTP/1.1" 200 27
218.81.223.53 - - [06/May/2022:10:10:39 +0800] "GET /xingrg/all/function/internal_message.html?_=1651803016725&CODE_STATE=getMsg HTTP/1.1" 200 27
180.157.251.97 - - [06/May/2022:10:10:40 +0800] "GET /xingrg/kc/print/report_design.html?orderType=mdps HTTP/1.1" 200 8625
180.157.251.97 - - [06/May/2022:10:10:40 +0800] "GET /xingrg/css/design.css HTTP/1.1" 200 2477
180.157.251.97 - - [06/May/2022:10:10:40 +0800] "GET /xingrg/javascript/easyui/jquery.easyui.min.js HTTP/1.1" 200 272531
180.157.251.97 - - [06/May/2022:10:10:40 +0800] "GET /xingrg/javascript/easyui/themes/sunny/easyui.css HTTP/1.1" 200 34304
180.157.251.97 - - [06/May/2022:10:10:40 +0800] "GET /xingrg/javascript/print/report.js HTTP/1.1" 200 10993
180.157.251.97 - - [06/May/2022:10:10:40 +0800] "GET /xingrg/javascript/print/report.helper.js HTTP/1.1" 200 7208
180.157.251.97 - - [06/May/2022:10:10:40 +0800] "GET /xingrg/javascript/easyui/themes/sunny/images/ui-bg_highlight-soft_100_feeebd_1x100.png HTTP/1.1" 200 108
180.157.251.97 - - [06/May/2022:10:10:40 +0800] "GET /xingrg/kc/print/design_operate.html?_=1651802714244&command=load_config&code=mdps HTTP/1.1" 200 3255
180.157.251.97 - - [06/May/2022:10:10:40 +0800] "GET /xingrg/javascript/easyui/themes/sunny/images/ui-bg_gloss-wave_45_817865_500x100.png HTTP/1.1" 200 3971
180.157.251.97 - - [06/May/2022:10:10:40 +0800] "GET /xingrg/javascript/easyui/themes/sunny/images/blank.gif HTTP/1.1" 200 43
180.157.251.97 - - [06/May/2022:10:10:40 +0800] "GET /xingrg/javascript/easyui/themes/sunny/images/ui-icons_fadc7a_256x240.png HTTP/1.1" 200 4369
180.157.251.97 - - [06/May/2022:10:10:40 +0800] "GET /favicon.ico HTTP/1.1" 404 -
180.157.251.97 - - [06/May/2022:10:10:40 +0800] "GET /xingrg/javascript/easyui/themes/sunny/images/ui-bg_gloss-wave_70_ffdd57_500x100.png HTTP/1.1" 200 3830
180.157.251.97 - - [06/May/2022:10:10:40 +0800] "GET /xingrg/css/images/background.png HTTP/1.1" 200 137
180.157.251.97 - - [06/May/2022:10:10:40 +0800] "GET /xingrg/javascript/easyui/themes/sunny/images/ui-icons_bd7b00_256x240.png HTTP/1.1" 200 4369
116.235.92.88 - - [06/May/2022:10:10:43 +0800] "GET /xingrg/all/function/internal_message.html?_=1651803214033&CODE_STATE=getMsg HTTP/1.1" 200 27
222.70.180.114 - - [06/May/2022:10:10:46 +0800] "GET /xingrg/all/function/internal_message.html?_=1651803041228&CODE_STATE=getMsg HTTP/1.1" 200 27
180.157.251.97 - - [06/May/2022:10:10:52 +0800] "GET /xingrg/all/function/internal_message.html?_=1651802726308&CODE_STATE=getMsg HTTP/1.1" 200 27
180.156.212.250 - - [06/May/2022:10:11:07 +0800] "POST /xingrg/services/DataTransmitService HTTP/1.1" 200 524
114.83.221.137 - - [06/May/2022:10:11:20 +0800] "GET /xingrg/all/function/internal_message.html?_=1651803076394&CODE_STATE=getMsg HTTP/1.1" 200 27
58.39.201.47 - - [06/May/2022:10:11:23 +0800] "GET /xingrg/all/function/internal_message.html?_=1651803085184&CODE_STATE=getMsg HTTP/1.1" 200 27
58.39.61.91 - - [06/May/2022:10:11:36 +0800] "GET /xingrg/all/function/internal_message.html?_=1651803058473&CODE_STATE=getMsg HTTP/1.1" 200 27
180.162.25.135 - - [06/May/2022:10:11:39 +0800] "GET /xingrg/login.html HTTP/1.1" 200 7641
218.81.223.53 - - [06/May/2022:10:11:39 +0800] "GET /xingrg/all/function/internal_message.html?_=1651803076740&CODE_STATE=getMsg HTTP/1.1" 200 27
180.162.25.135 - - [06/May/2022:10:11:39 +0800] "GET /favicon.ico HTTP/1.1" 404 -
180.162.25.135 - - [06/May/2022:10:11:41 +0800] "POST /xingrg/login.do HTTP/1.1" 302 -
180.162.25.135 - - [06/May/2022:10:11:41 +0800] "GET /xingrg/index.html?sysBaseUrl=http%3A%2F%2F180.169.147.146%3A18081%2Fxingrg%2F&costTime=40×tamp=1651803101026 HTTP/1.1" 200 17503
180.162.25.135 - - [06/May/2022:10:11:41 +0800] "GET /favicon.ico HTTP/1.1" 404 -
180.162.25.135 - - [06/May/2022:10:11:41 +0800] "POST /xingrg/all/common/load_tree.html?tree=area_rest_tree_json&manage=1 HTTP/1.1" 200 3472
180.162.25.135 - - [06/May/2022:10:11:41 +0800] "GET /xingrg/all/function/internal_message.html?_=1651803099794&CODE_STATE=count HTTP/1.1" 200 11
180.162.25.135 - - [06/May/2022:10:11:41 +0800] "GET /xingrg/check_reg.html?_=1651803099795 HTTP/1.1" 200 22
180.162.25.135 - - [06/May/2022:10:11:41 +0800] "POST /xingrg/load_menu.html HTTP/1.1" 200 11443
116.235.92.88 - - [06/May/2022:10:11:43 +0800] "GET /xingrg/check_reg.html?_=1651803274031 HTTP/1.1" 200 22
116.235.92.88 - - [06/May/2022:10:11:43 +0800] "GET /xingrg/all/function/internal_message.html?_=1651803274033&CODE_STATE=getMsg HTTP/1.1" 200 27
222.70.180.114 - - [06/May/2022:10:11:46 +0800] "GET /xingrg/all/function/internal_message.html?_=1651803101227&CODE_STATE=getMsg HTTP/1.1" 200 27
180.157.251.97 - - [06/May/2022:10:11:49 +0800] "GET /xingrg/javascript/easyui/themes/default/validatebox.css HTTP/1.1" 404 1104
180.157.251.97 - - [06/May/2022:10:11:52 +0800] "GET /xingrg/all/function/internal_message.html?_=1651802786289&CODE_STATE=getMsg HTTP/1.1" 200 27
180.162.25.135 - - [06/May/2022:10:11:53 +0800] "POST /xingrg/all/user/operate.html HTTP/1.1" 200 36
180.162.25.135 - - [06/May/2022:10:11:53 +0800] "GET /xingrg/index.html?sysBaseUrl=http%3A%2F%2F180.169.147.146%3A18081%2Fxingrg%2F&costTime=40×tamp=1651803101026 HTTP/1.1" 200 17509
180.162.25.135 - - [06/May/2022:10:11:53 +0800] "GET /xingrg/javascript/jquery_easy_ui/themes/default/easyui.css HTTP/1.1" 304 -
180.162.25.135 - - [06/May/2022:10:11:53 +0800] "GET /xingrg/javascript/jquery_easy_ui/themes/icon.css HTTP/1.1" 304 -
180.162.25.135 - - [06/May/2022:10:11:53 +0800] "GET /xingrg/css/form.css HTTP/1.1" 304 -
180.162.25.135 - - [06/May/2022:10:11:53 +0800] "GET /xingrg/javascript/jquery-1.4.2.min.js HTTP/1.1" 304 -
180.162.25.135 - - [06/May/2022:10:11:53 +0800] "GET /xingrg/javascript/jquery_easy_ui/jquery.easyui.min.js HTTP/1.1" 304 -
180.162.25.135 - - [06/May/2022:10:11:53 +0800] "GET /xingrg/javascript/jquery_easy_ui/easyui-lang-zh_CN.js HTTP/1.1" 304 -
180.162.25.135 - - [06/May/2022:10:11:53 +0800] "GET /xingrg/javascript/jquery.form.js HTTP/1.1" 304 -
180.162.25.135 - - [06/May/2022:10:11:53 +0800] "GET /xingrg/javascript/jquery.utils.js HTTP/1.1" 304 -
180.162.25.135 - - [06/May/2022:10:11:53 +0800] "GET /xingrg/javascript/jquery.timers.js HTTP/1.1" 304 -
180.162.25.135 - - [06/May/2022:10:11:53 +0800] "GET /xingrg/images/blue/jxLogo.png HTTP/1.1" 304 -
180.162.25.135 - - [06/May/2022:10:11:53 +0800] "GET /xingrg/images/blue/navBackgound.jpg HTTP/1.1" 304 -
180.162.25.135 - - [06/May/2022:10:11:53 +0800] "GET /xingrg/javascript/jquery_easy_ui/themes/icons/settle_new.png HTTP/1.1" 304 -
180.162.25.135 - - [06/May/2022:10:11:53 +0800] "POST /xingrg/all/common/load_tree.html?tree=area_rest_tree_json&manage=1 HTTP/1.1" 200 3472
180.162.25.135 - - [06/May/2022:10:11:53 +0800] "GET /xingrg/all/function/internal_message.html?_=1651803112323&CODE_STATE=count HTTP/1.1" 200 11
180.162.25.135 - - [06/May/2022:10:11:53 +0800] "GET /xingrg/check_reg.html?_=1651803112323 HTTP/1.1" 200 22
180.162.25.135 - - [06/May/2022:10:11:53 +0800] "POST /xingrg/load_menu.html HTTP/1.1" 200 9959
180.162.25.135 - - [06/May/2022:10:11:53 +0800] "GET /xingrg/images/blue/pingpu.png HTTP/1.1" 304 -
180.162.25.135 - - [06/May/2022:10:11:53 +0800] "GET /xingrg/javascript/jquery_easy_ui/themes/default/images/tabs_leftarrow.png HTTP/1.1" 304 -
180.162.25.135 - - [06/May/2022:10:11:53 +0800] "GET /xingrg/javascript/jquery_easy_ui/themes/default/images/tabs_rightarrow.png HTTP/1.1" 304 -
180.162.25.135 - - [06/May/2022:10:11:53 +0800] "GET /xingrg/javascript/jquery_easy_ui/themes/default/images/tree_folder_open.gif HTTP/1.1" 304 -
180.162.25.135 - - [06/May/2022:10:11:53 +0800] "GET /xingrg/javascript/jquery_easy_ui/themes/default/images/tree_file.gif HTTP/1.1" 304 -
180.162.25.135 - - [06/May/2022:10:11:53 +0800] "GET /xingrg/javascript/jquery_easy_ui/themes/default/images/tree_folder.gif HTTP/1.1" 304 -
180.162.25.135 - - [06/May/2022:10:11:53 +0800] "GET /xingrg/javascript/jquery_easy_ui/themes/icons/checkout_new.png HTTP/1.1" 304 -
180.162.25.135 - - [06/May/2022:10:11:53 +0800] "GET /xingrg/javascript/jquery_easy_ui/themes/icons/systemset_new.png HTTP/1.1" 304 -
180.162.25.135 - - [06/May/2022:10:11:53 +0800] "GET /xingrg/javascript/jquery_easy_ui/themes/icons/storage_new.png HTTP/1.1" 304 -
180.162.25.135 - - [06/May/2022:10:11:53 +0800] "GET /xingrg/javascript/jquery_easy_ui/themes/icons/forms_new.png HTTP/1.1" 304 -
180.162.25.135 - - [06/May/2022:10:11:53 +0800] "GET /xingrg/javascript/jquery_easy_ui/themes/icons/search_new.png HTTP/1.1" 304 -
180.162.25.135 - - [06/May/2022:10:11:53 +0800] "GET /xingrg/javascript/jquery_easy_ui/themes/default/images/tree_arrows.gif HTTP/1.1" 304 -
180.162.25.135 - - [06/May/2022:10:11:53 +0800] "GET /xingrg/javascript/jquery_easy_ui/themes/default/images/panel_tool_expand.gif HTTP/1.1" 304 -
180.162.25.135 - - [06/May/2022:10:11:53 +0800] "GET /xingrg/javascript/jquery_easy_ui/themes/default/images/panel_tool_collapse.gif HTTP/1.1" 304 -
180.162.25.135 - - [06/May/2022:10:11:54 +0800] "GET /xingrg/javascript/jquery_easy_ui/themes/icons/setting_new.png HTTP/1.1" 304 -
180.162.25.135 - - [06/May/2022:10:11:56 +0800] "GET /xingrg/kc/report/report_main.html HTTP/1.1" 200 7340
58.39.201.47 - - [06/May/2022:10:12:01 +0800] "GET /xingrg/index.html?sysBaseUrl=http%3A%2F%2F180.169.147.146%3A18081%2Fxingrg%2F&costTime=32×tamp=1585224308505 HTTP/1.1" 302 -
58.39.201.47 - - [06/May/2022:10:12:01 +0800] "GET /xingrg/login.html HTTP/1.1" 200 7641
58.39.201.47 - - [06/May/2022:10:12:03 +0800] "GET /favicon.ico HTTP/1.1" 404 -
180.157.251.97 - - [06/May/2022:10:12:05 +0800] "GET /xingrg/javascript/easyui/themes/default/validatebox.css HTTP/1.1" 404 1104
180.157.251.97 - - [06/May/2022:10:12:05 +0800] "GET /xingrg/javascript/easyui/themes/default/validatebox.css HTTP/1.1" 404 1104
180.157.251.97 - - [06/May/2022:10:12:06 +0800] "GET /xingrg/javascript/easyui/themes/default/validatebox.css HTTP/1.1" 404 1104
58.39.201.47 - - [06/May/2022:10:12:19 +0800] "POST /xingrg/login.do HTTP/1.1" 200 2421
58.39.201.47 - - [06/May/2022:10:12:19 +0800] "GET /xingrg/css/blue.css HTTP/1.1" 304 -
58.39.201.47 - - [06/May/2022:10:12:19 +0800] "GET /xingrg/javascript/myfunction.js HTTP/1.1" 304 -
58.39.201.47 - - [06/May/2022:10:12:19 +0800] "GET /xingrg/images/blue/error_buttom.gif HTTP/1.1" 200 1750
58.39.201.47 - - [06/May/2022:10:12:19 +0800] "GET /xingrg/images/blue/error_mid.gif HTTP/1.1" 200 215
58.39.201.47 - - [06/May/2022:10:12:19 +0800] "GET /xingrg/images/blue/pic_notice.jpg HTTP/1.1" 200 3583
58.39.201.47 - - [06/May/2022:10:12:19 +0800] "GET /xingrg/images/blue/pic_top.gif HTTP/1.1" 200 3656
58.39.201.47 - - [06/May/2022:10:12:19 +0800] "GET /xingrg/images/blue/error_top.gif HTTP/1.1" 200 1790
58.39.201.47 - - [06/May/2022:10:12:19 +0800] "GET /favicon.ico HTTP/1.1" 404 -
114.83.221.137 - - [06/May/2022:10:12:20 +0800] "GET /xingrg/all/function/internal_message.html?_=1651803136393&CODE_STATE=getMsg HTTP/1.1" 200 27
114.83.221.137 - - [06/May/2022:10:12:20 +0800] "GET /xingrg/check_reg.html?_=1651803136396 HTTP/1.1" 200 22
58.39.201.47 - - [06/May/2022:10:12:23 +0800] "GET /xingrg/all/function/internal_message.html?_=1651803145184&CODE_STATE=getMsg HTTP/1.1" 200 27
58.39.201.47 - - [06/May/2022:10:12:25 +0800] "GET /xingrg/login.html HTTP/1.1" 200 7641
58.39.201.47 - - [06/May/2022:10:12:25 +0800] "GET /favicon.ico HTTP/1.1" 404 -
58.39.201.47 - - [06/May/2022:10:12:35 +0800] "POST /xingrg/login.do HTTP/1.1" 302 -
58.39.201.47 - - [06/May/2022:10:12:35 +0800] "GET /xingrg/index.html?sysBaseUrl=http%3A%2F%2F180.169.147.146%3A18081%2Fxingrg%2F&costTime=40×tamp=1651803155721 HTTP/1.1" 200 17173
58.39.201.47 - - [06/May/2022:10:12:35 +0800] "GET /favicon.ico HTTP/1.1" 404 -
58.39.201.47 - - [06/May/2022:10:12:35 +0800] "POST /xingrg/all/common/load_tree.html?tree=area_rest_tree_json&manage=1 HTTP/1.1" 200 342
58.39.201.47 - - [06/May/2022:10:12:36 +0800] "GET /xingrg/check_reg.html?_=1651803081085 HTTP/1.1" 200 22
58.39.201.47 - - [06/May/2022:10:12:36 +0800] "GET /xingrg/all/function/internal_message.html?_=1651803081084&CODE_STATE=count HTTP/1.1" 200 11
58.39.201.47 - - [06/May/2022:10:12:36 +0800] "POST /xingrg/load_menu.html HTTP/1.1" 200 5138
58.39.61.91 - - [06/May/2022:10:12:36 +0800] "GET /xingrg/check_reg.html?_=1651803118366 HTTP/1.1" 200 22
58.39.61.91 - - [06/May/2022:10:12:36 +0800] "GET /xingrg/all/function/internal_message.html?_=1651803118486&CODE_STATE=getMsg HTTP/1.1" 200 27
218.81.223.53 - - [06/May/2022:10:12:39 +0800] "GET /xingrg/all/function/internal_message.html?_=1651803136889&CODE_STATE=getMsg HTTP/1.1" 200 27
58.39.201.47 - - [06/May/2022:10:12:40 +0800] "GET /xingrg/kc/buy/buy_main.html HTTP/1.1" 200 12412
58.39.201.47 - - [06/May/2022:10:12:40 +0800] "GET /xingrg/css/new_ie.css HTTP/1.1" 404 1036
58.39.201.47 - - [06/May/2022:10:12:40 +0800] "GET /xingrg/javascript/jquery_ui/themes/humanity/humanity.css HTTP/1.1" 304 -
58.39.201.47 - - [06/May/2022:10:12:40 +0800] "GET /xingrg/javascript/ToolTips.js HTTP/1.1" 304 -
58.39.201.47 - - [06/May/2022:10:12:40 +0800] "GET /xingrg/javascript/jquery_ui/jquery-ui.min.js HTTP/1.1" 304 -
58.39.201.47 - - [06/May/2022:10:12:40 +0800] "GET /xingrg/images/blue/button/cgxqd.gif HTTP/1.1" 304 -
58.39.201.47 - - [06/May/2022:10:12:40 +0800] "GET /xingrg/images/blue/button/cgydd.gif HTTP/1.1" 304 -
58.39.201.47 - - [06/May/2022:10:12:40 +0800] "GET /xingrg/images/blue/button/cgshd.gif HTTP/1.1" 304 -
58.39.201.47 - - [06/May/2022:10:12:40 +0800] "GET /xingrg/images/blue/button/cgfkd.gif HTTP/1.1" 304 -
58.39.201.47 - - [06/May/2022:10:12:40 +0800] "GET /xingrg/images/blue/button/ckthd.gif HTTP/1.1" 304 -
58.39.201.47 - - [06/May/2022:10:12:40 +0800] "GET /xingrg/images/blue/button/kc.gif HTTP/1.1" 304 -
58.39.201.47 - - [06/May/2022:10:12:40 +0800] "GET /xingrg/images/blue/pic_form2.gif HTTP/1.1" 304 -
58.39.201.47 - - [06/May/2022:10:12:40 +0800] "GET /xingrg/images/blue/bg_dotted.jpg HTTP/1.1" 304 -
58.39.201.47 - - [06/May/2022:10:12:40 +0800] "GET /xingrg/javascript/jquery_ui/themes/humanity/images/ui-bg_inset-soft_100_f4f0ec_1x100.png HTTP/1.1" 304 -
58.39.201.47 - - [06/May/2022:10:12:40 +0800] "GET /xingrg/images/blue/button/right_ah.jpg HTTP/1.1" 304 -
58.39.201.47 - - [06/May/2022:10:12:40 +0800] "GET /xingrg/images/blue/button/down_ah.jpg HTTP/1.1" 304 -
58.39.201.47 - - [06/May/2022:10:12:40 +0800] "GET /xingrg/javascript/jquery_ui/themes/humanity/images/ui-iconsnew.jpg HTTP/1.1" 304 -
58.39.201.47 - - [06/May/2022:10:12:40 +0800] "GET /xingrg/javascript/jquery_ui/themes/humanity/images/ui-icons_ffffff_256x240.png HTTP/1.1" 304 -
58.39.201.47 - - [06/May/2022:10:12:40 +0800] "GET /xingrg/javascript/jquery_ui/themes/humanity/images/ui-icons_c47a23_256x240.png HTTP/1.1" 304 -
58.39.201.47 - - [06/May/2022:10:12:40 +0800] "GET /xingrg/javascript/jquery_ui/themes/humanity/images/ui-bg_glass_70_ede4d4_1x400.png HTTP/1.1" 304 -
58.39.201.47 - - [06/May/2022:10:12:41 +0800] "GET /xingrg/images/yd/bt.gif HTTP/1.1" 404 1040
116.235.92.88 - - [06/May/2022:10:12:43 +0800] "GET /xingrg/all/function/internal_message.html?_=1651803334028&CODE_STATE=getMsg HTTP/1.1" 200 27
58.39.201.47 - - [06/May/2022:10:12:44 +0800] "GET /xingrg/kc/buy/cgsh_order_list.html HTTP/1.1" 200 51390
222.70.180.114 - - [06/May/2022:10:12:46 +0800] "GET /xingrg/all/function/internal_message.html?_=1651803161242&CODE_STATE=getMsg HTTP/1.1" 200 27
222.70.180.114 - - [06/May/2022:10:12:46 +0800] "GET /xingrg/check_reg.html?_=1651803161244 HTTP/1.1" 200 22
58.39.201.47 - - [06/May/2022:10:12:47 +0800] "POST /xingrg/kc/buy/cgsh_list_operate.html HTTP/1.1" 200 1696
180.157.251.97 - - [06/May/2022:10:12:52 +0800] "GET /xingrg/all/function/internal_message.html?_=1651802846290&CODE_STATE=getMsg HTTP/1.1" 200 27
58.39.201.47 - - [06/May/2022:10:12:53 +0800] "POST /xingrg/kc/buy/cgsh_list_operate.html HTTP/1.1" 200 588
180.162.25.135 - - [06/May/2022:10:12:53 +0800] "GET /xingrg/all/function/internal_message.html?_=1651803172335&CODE_STATE=getMsg HTTP/1.1" 200 27
58.221.95.50 - - [06/May/2022:10:13:07 +0800] "GET /xingrg/check_reg.html?_=1651803182495 HTTP/1.1" 302 -
116.235.92.88 - - [06/May/2022:10:13:14 +0800] "POST /xingrg/services/DataTransmitService HTTP/1.1" 200 524
116.235.92.88 - - [06/May/2022:10:13:15 +0800] "POST /xingrg/services/DataTransmitService HTTP/1.1" 200 412
180.157.251.97 - - [06/May/2022:10:13:19 +0800] "GET /xingrg/javascript/easyui/themes/default/validatebox.css HTTP/1.1" 404 1104
180.157.251.97 - - [06/May/2022:10:13:19 +0800] "GET /xingrg/javascript/easyui/themes/default/validatebox.css HTTP/1.1" 404 1104
114.83.221.137 - - [06/May/2022:10:13:20 +0800] "GET /xingrg/all/function/internal_message.html?_=1651803196389&CODE_STATE=getMsg HTTP/1.1" 200 27
58.39.201.47 - - [06/May/2022:10:13:21 +0800] "GET /xingrg/kc/buy/cgsh_order_info.html?code=212022050600363 HTTP/1.1" 200 67267
58.39.201.47 - - [06/May/2022:10:13:21 +0800] "GET /xingrg/words/20220505102901_words.js HTTP/1.1" 200 895190
58.39.201.47 - - [06/May/2022:10:13:21 +0800] "GET /xingrg/javascript/easyui/themes/icons/copy_new.png HTTP/1.1" 304 -
58.39.201.47 - - [06/May/2022:10:13:22 +0800] "GET /xingrg/all/common/auto_word.html?type=employee&rest_code=00105 HTTP/1.1" 200 193
58.39.201.47 - - [06/May/2022:10:13:22 +0800] "GET /xingrg/javascript/easyui/themes/default/validatebox.css HTTP/1.1" 404 1104
58.39.201.47 - - [06/May/2022:10:13:22 +0800] "GET /xingrg/all/common/auto_word.html?type=employee&rest_code=00105 HTTP/1.1" 200 193
58.39.201.47 - - [06/May/2022:10:13:22 +0800] "POST /xingrg/kc/buy/cgsh_order_operate.html HTTP/1.1" 200 5673
58.39.201.47 - - [06/May/2022:10:13:23 +0800] "GET /xingrg/check_reg.html?_=1651803205185 HTTP/1.1" 200 22
58.39.201.47 - - [06/May/2022:10:13:24 +0800] "GET /xingrg/all/function/internal_message.html?_=1651803205188&CODE_STATE=getMsg HTTP/1.1" 200 27
58.39.201.47 - - [06/May/2022:10:13:35 +0800] "GET /xingrg/javascript/jquery_easy_ui/themes/icons/rest.png HTTP/1.1" 304 -
58.39.201.47 - - [06/May/2022:10:13:35 +0800] "GET /xingrg/javascript/jquery_easy_ui/themes/icons/area.png HTTP/1.1" 304 -
58.39.201.47 - - [06/May/2022:10:13:36 +0800] "GET /xingrg/all/function/internal_message.html?_=1651803141091&CODE_STATE=getMsg HTTP/1.1" 200 27
58.39.61.91 - - [06/May/2022:10:13:36 +0800] "GET /xingrg/all/function/internal_message.html?_=1651803178499&CODE_STATE=getMsg HTTP/1.1" 200 27
218.81.223.53 - - [06/May/2022:10:13:39 +0800] "GET /xingrg/all/function/internal_message.html?_=1651803196893&CODE_STATE=getMsg HTTP/1.1" 200 27
116.235.92.88 - - [06/May/2022:10:13:43 +0800] "GET /xingrg/all/function/internal_message.html?_=1651803394026&CODE_STATE=getMsg HTTP/1.1" 200 27
222.70.180.114 - - [06/May/2022:10:13:46 +0800] "GET /xingrg/all/function/internal_message.html?_=1651803221228&CODE_STATE=getMsg HTTP/1.1" 200 27
180.157.251.97 - - [06/May/2022:10:13:52 +0800] "GET /xingrg/all/function/internal_message.html?_=1651802906290&CODE_STATE=getMsg HTTP/1.1" 200 27
180.157.251.97 - - [06/May/2022:10:13:52 +0800] "GET /xingrg/check_reg.html?_=1651802906292 HTTP/1.1" 200 22
180.162.25.135 - - [06/May/2022:10:13:53 +0800] "GET /xingrg/all/function/internal_message.html?_=1651803232331&CODE_STATE=getMsg HTTP/1.1" 200 27
114.83.221.137 - - [06/May/2022:10:14:20 +0800] "GET /xingrg/all/function/internal_message.html?_=1651803256401&CODE_STATE=getMsg HTTP/1.1" 200 27
58.39.201.47 - - [06/May/2022:10:14:24 +0800] "GET /xingrg/all/function/internal_message.html?_=1651803265188&CODE_STATE=getMsg HTTP/1.1" 200 27
58.39.201.47 - - [06/May/2022:10:14:36 +0800] "GET /xingrg/all/function/internal_message.html?_=1651803201096&CODE_STATE=getMsg HTTP/1.1" 200 27
58.39.61.91 - - [06/May/2022:10:14:36 +0800] "GET /xingrg/all/function/internal_message.html?_=1651803238513&CODE_STATE=getMsg HTTP/1.1" 200 27
218.81.223.53 - - [06/May/2022:10:14:39 +0800] "GET /xingrg/all/function/internal_message.html?_=1651803257032&CODE_STATE=getMsg HTTP/1.1" 200 27
116.235.92.88 - - [06/May/2022:10:14:43 +0800] "GET /xingrg/all/function/internal_message.html?_=1651803454026&CODE_STATE=getMsg HTTP/1.1" 200 27
222.70.180.114 - - [06/May/2022:10:14:46 +0800] "GET /xingrg/all/function/internal_message.html?_=1651803281227&CODE_STATE=getMsg HTTP/1.1" 200 27
180.157.251.97 - - [06/May/2022:10:14:52 +0800] "GET /xingrg/all/function/internal_message.html?_=1651802966290&CODE_STATE=getMsg HTTP/1.1" 200 27
180.162.25.135 - - [06/May/2022:10:14:53 +0800] "GET /xingrg/all/function/internal_message.html?_=1651803292341&CODE_STATE=getMsg HTTP/1.1" 200 27
180.157.251.97 - - [06/May/2022:10:14:54 +0800] "POST /xingrg/kc/pszx/mdps_list_operate.html HTTP/1.1" 200 5293
114.83.221.137 - - [06/May/2022:10:15:20 +0800] "GET /xingrg/all/function/internal_message.html?_=1651803316412&CODE_STATE=getMsg HTTP/1.1" 200 27
58.39.201.47 - - [06/May/2022:10:15:24 +0800] "GET /xingrg/all/function/internal_message.html?_=1651803325188&CODE_STATE=getMsg HTTP/1.1" 200 27
218.81.223.53 - - [06/May/2022:10:15:32 +0800] "GET /xingrg/check_reg.html?_=1651803309812 HTTP/1.1" 200 22
58.39.201.47 - - [06/May/2022:10:15:36 +0800] "GET /xingrg/all/function/internal_message.html?_=1651803261096&CODE_STATE=getMsg HTTP/1.1" 200 27
58.39.61.91 - - [06/May/2022:10:15:36 +0800] "GET /xingrg/all/function/internal_message.html?_=1651803298559&CODE_STATE=getMsg HTTP/1.1" 200 27
218.81.223.53 - - [06/May/2022:10:15:39 +0800] "GET /xingrg/all/function/internal_message.html?_=1651803317043&CODE_STATE=getMsg HTTP/1.1" 200 27
116.235.92.88 - - [06/May/2022:10:15:43 +0800] "GET /xingrg/all/function/internal_message.html?_=1651803514024&CODE_STATE=getMsg HTTP/1.1" 200 27
222.70.180.114 - - [06/May/2022:10:15:46 +0800] "GET /xingrg/all/function/internal_message.html?_=1651803341243&CODE_STATE=getMsg HTTP/1.1" 200 27
180.157.251.97 - - [06/May/2022:10:15:52 +0800] "GET /xingrg/all/function/internal_message.html?_=1651803026304&CODE_STATE=getMsg HTTP/1.1" 200 27
180.162.25.135 - - [06/May/2022:10:15:53 +0800] "GET /xingrg/all/function/internal_message.html?_=1651803352341&CODE_STATE=getMsg HTTP/1.1" 200 27
114.83.221.137 - - [06/May/2022:10:16:20 +0800] "GET /xingrg/all/function/internal_message.html?_=1651803376402&CODE_STATE=getMsg HTTP/1.1" 200 27
58.39.201.47 - - [06/May/2022:10:16:23 +0800] "GET /xingrg/all/function/internal_message.html?_=1651803385174&CODE_STATE=getMsg HTTP/1.1" 200 27
58.39.201.47 - - [06/May/2022:10:16:36 +0800] "GET /xingrg/all/function/internal_message.html?_=1651803321097&CODE_STATE=getMsg HTTP/1.1" 200 27
58.39.61.91 - - [06/May/2022:10:16:36 +0800] "GET /xingrg/all/function/internal_message.html?_=1651803358572&CODE_STATE=getMsg HTTP/1.1" 200 27
218.81.223.53 - - [06/May/2022:10:16:39 +0800] "GET /xingrg/all/function/internal_message.html?_=1651803377057&CODE_STATE=getMsg HTTP/1.1" 200 27
116.235.92.88 - - [06/May/2022:10:16:43 +0800] "GET /xingrg/check_reg.html?_=1651803574039 HTTP/1.1" 200 22
116.235.92.88 - - [06/May/2022:10:16:43 +0800] "GET /xingrg/all/function/internal_message.html?_=1651803574038&CODE_STATE=getMsg HTTP/1.1" 200 27
222.70.180.114 - - [06/May/2022:10:16:46 +0800] "GET /xingrg/all/function/internal_message.html?_=1651803401227&CODE_STATE=getMsg HTTP/1.1" 200 27
180.157.251.97 - - [06/May/2022:10:16:52 +0800] "GET /xingrg/all/function/internal_message.html?_=1651803086303&CODE_STATE=getMsg HTTP/1.1" 200 27
180.162.25.135 - - [06/May/2022:10:16:53 +0800] "GET /xingrg/check_reg.html?_=1651803412332 HTTP/1.1" 200 22
180.162.25.135 - - [06/May/2022:10:16:53 +0800] "GET /xingrg/all/function/internal_message.html?_=1651803412335&CODE_STATE=getMsg HTTP/1.1" 200 27
114.83.221.137 - - [06/May/2022:10:17:20 +0800] "GET /xingrg/all/function/internal_message.html?_=1651803436420&CODE_STATE=getMsg HTTP/1.1" 200 27
114.83.221.137 - - [06/May/2022:10:17:20 +0800] "GET /xingrg/check_reg.html?_=1651803436424 HTTP/1.1" 200 22
58.39.201.47 - - [06/May/2022:10:17:23 +0800] "GET /xingrg/all/function/internal_message.html?_=1651803445200&CODE_STATE=getMsg HTTP/1.1" 200 27
58.39.201.47 - - [06/May/2022:10:17:36 +0800] "GET /xingrg/check_reg.html?_=1651803381098 HTTP/1.1" 200 22
58.39.201.47 - - [06/May/2022:10:17:36 +0800] "GET /xingrg/all/function/internal_message.html?_=1651803381101&CODE_STATE=getMsg HTTP/1.1" 200 27
58.39.61.91 - - [06/May/2022:10:17:36 +0800] "GET /xingrg/check_reg.html?_=1651803418402 HTTP/1.1" 200 22
58.39.61.91 - - [06/May/2022:10:17:36 +0800] "GET /xingrg/all/function/internal_message.html?_=1651803418586&CODE_STATE=getMsg HTTP/1.1" 200 27
218.81.223.53 - - [06/May/2022:10:17:39 +0800] "GET /xingrg/all/function/internal_message.html?_=1651803437227&CODE_STATE=getMsg HTTP/1.1" 200 27
116.235.92.88 - - [06/May/2022:10:17:43 +0800] "GET /xingrg/all/function/internal_message.html?_=1651803634037&CODE_STATE=getMsg HTTP/1.1" 200 27
222.70.180.114 - - [06/May/2022:10:17:46 +0800] "GET /xingrg/all/function/internal_message.html?_=1651803461242&CODE_STATE=getMsg HTTP/1.1" 200 27
222.70.180.114 - - [06/May/2022:10:17:46 +0800] "GET /xingrg/check_reg.html?_=1651803461244 HTTP/1.1" 200 22
180.157.251.97 - - [06/May/2022:10:17:52 +0800] "GET /xingrg/all/function/internal_message.html?_=1651803146303&CODE_STATE=getMsg HTTP/1.1" 200 27
180.162.25.135 - - [06/May/2022:10:17:53 +0800] "GET /xingrg/all/function/internal_message.html?_=1651803472345&CODE_STATE=getMsg HTTP/1.1" 200 27
58.221.95.50 - - [06/May/2022:10:18:05 +0800] "GET /xingrg/check_reg.html?_=1651803482514 HTTP/1.1" 302 -
114.83.221.137 - - [06/May/2022:10:18:20 +0800] "GET /xingrg/all/function/internal_message.html?_=1651803496411&CODE_STATE=getMsg HTTP/1.1" 200 27
58.39.201.47 - - [06/May/2022:10:18:24 +0800] "GET /xingrg/check_reg.html?_=1651803505216 HTTP/1.1" 200 22
58.39.201.47 - - [06/May/2022:10:18:24 +0800] "GET /xingrg/all/function/internal_message.html?_=1651803505214&CODE_STATE=getMsg HTTP/1.1" 200 27
58.39.201.47 - - [06/May/2022:10:18:27 +0800] "GET /xingrg/kc/buy/buy_main.html HTTP/1.1" 200 12412
58.39.201.47 - - [06/May/2022:10:18:27 +0800] "GET /xingrg/css/new_ie.css HTTP/1.1" 404 1036
58.39.201.47 - - [06/May/2022:10:18:28 +0800] "GET /xingrg/images/yd/bt.gif HTTP/1.1" 404 1040
58.39.201.47 - - [06/May/2022:10:18:28 +0800] "GET /xingrg/kc/buy/cgsh_order_list.html HTTP/1.1" 200 51390
58.39.201.47 - - [06/May/2022:10:18:31 +0800] "POST /xingrg/kc/buy/cgsh_list_operate.html HTTP/1.1" 200 1696
58.39.201.47 - - [06/May/2022:10:18:36 +0800] "GET /xingrg/all/function/internal_message.html?_=1651803441107&CODE_STATE=getMsg HTTP/1.1" 200 27
58.39.61.91 - - [06/May/2022:10:18:36 +0800] "GET /xingrg/all/function/internal_message.html?_=1651803478599&CODE_STATE=getMsg HTTP/1.1" 200 27
218.81.223.53 - - [06/May/2022:10:18:39 +0800] "GET /xingrg/all/function/internal_message.html?_=1651803497240&CODE_STATE=getMsg HTTP/1.1" 200 27
58.39.201.47 - - [06/May/2022:10:18:40 +0800] "GET /xingrg/javascript/jquery_tools/images/next.gif HTTP/1.1" 404 1086
58.39.201.47 - - [06/May/2022:10:18:40 +0800] "GET /xingrg/javascript/jquery_tools/images/prev.gif HTTP/1.1" 404 1086
116.235.92.88 - - [06/May/2022:10:18:43 +0800] "GET /xingrg/all/function/internal_message.html?_=1651803694035&CODE_STATE=getMsg HTTP/1.1" 200 27
222.70.180.114 - - [06/May/2022:10:18:46 +0800] "GET /xingrg/all/function/internal_message.html?_=1651803521229&CODE_STATE=getMsg HTTP/1.1" 200 27
180.157.251.97 - - [06/May/2022:10:18:52 +0800] "GET /xingrg/check_reg.html?_=1651803206303 HTTP/1.1" 200 22
180.157.251.97 - - [06/May/2022:10:18:52 +0800] "GET /xingrg/all/function/internal_message.html?_=1651803206305&CODE_STATE=getMsg HTTP/1.1" 200 27
180.162.25.135 - - [06/May/2022:10:18:53 +0800] "GET /xingrg/all/function/internal_message.html?_=1651803532340&CODE_STATE=getMsg HTTP/1.1" 200 27
58.39.201.47 - - [06/May/2022:10:18:55 +0800] "POST /xingrg/kc/buy/cgsh_list_operate.html HTTP/1.1" 200 876
58.39.201.47 - - [06/May/2022:10:18:58 +0800] "POST /xingrg/kc/buy/cgsh_list_operate.html HTTP/1.1" 200 876
58.39.201.47 - - [06/May/2022:10:19:07 +0800] "POST /xingrg/kc/buy/cgsh_list_operate.html HTTP/1.1" 200 876
114.83.221.137 - - [06/May/2022:10:19:20 +0800] "GET /xingrg/all/function/internal_message.html?_=1651803556419&CODE_STATE=getMsg HTTP/1.1" 200 27
58.39.201.47 - - [06/May/2022:10:19:21 +0800] "POST /xingrg/kc/buy/cgsh_list_operate.html HTTP/1.1" 200 1696
58.39.201.47 - - [06/May/2022:10:19:23 +0800] "GET /xingrg/all/function/internal_message.html?_=1651803565200&CODE_STATE=getMsg HTTP/1.1" 200 27
58.39.201.47 - - [06/May/2022:10:19:36 +0800] "GET /xingrg/all/function/internal_message.html?_=1651803501099&CODE_STATE=getMsg HTTP/1.1" 200 27
58.39.201.47 - - [06/May/2022:10:19:36 +0800] "GET /xingrg/kc/base/base_main.html HTTP/1.1" 200 12142
58.39.201.47 - - [06/May/2022:10:19:36 +0800] "GET /xingrg/images/blue/button/wlsy.gif HTTP/1.1" 304 -
58.39.201.47 - - [06/May/2022:10:19:36 +0800] "GET /xingrg/images/blue/button/ckpd.gif HTTP/1.1" 304 -
58.39.201.47 - - [06/May/2022:10:19:36 +0800] "GET /xingrg/images/blue/button/top_right.jpg HTTP/1.1" 304 -
58.39.201.47 - - [06/May/2022:10:19:36 +0800] "GET /xingrg/images/blue/button/top_left.jpg HTTP/1.1" 304 -
58.39.201.47 - - [06/May/2022:10:19:36 +0800] "GET /xingrg/images/blue/button/ckdb.gif HTTP/1.1" 304 -
58.39.201.47 - - [06/May/2022:10:19:36 +0800] "GET /xingrg/images/blue/button/down.jpg HTTP/1.1" 304 -
58.39.201.47 - - [06/May/2022:10:19:36 +0800] "GET /xingrg/images/blue/button/left_ah.jpg HTTP/1.1" 304 -
58.39.201.47 - - [06/May/2022:10:19:36 +0800] "GET /xingrg/images/blue/button/bottom_left.jpg HTTP/1.1" 304 -
58.39.201.47 - - [06/May/2022:10:19:36 +0800] "GET /xingrg/images/blue/button/yddb.gif HTTP/1.1" 304 -
58.39.61.91 - - [06/May/2022:10:19:36 +0800] "GET /xingrg/all/function/internal_message.html?_=1651803538613&CODE_STATE=getMsg HTTP/1.1" 200 27
58.39.201.47 - - [06/May/2022:10:19:36 +0800] "GET /xingrg/images/blue/button/bottom_right.jpg HTTP/1.1" 304 -
58.39.201.47 - - [06/May/2022:10:19:37 +0800] "GET /xingrg/kc/base/wldb_order_list.html HTTP/1.1" 200 19101
58.39.201.47 - - [06/May/2022:10:19:38 +0800] "POST /xingrg/kc/base/wldb_list_operate.html HTTP/1.1" 200 928
218.81.223.53 - - [06/May/2022:10:19:39 +0800] "GET /xingrg/all/function/internal_message.html?_=1651803557397&CODE_STATE=getMsg HTTP/1.1" 200 27
116.235.92.88 - - [06/May/2022:10:19:43 +0800] "GET /xingrg/all/function/internal_message.html?_=1651803754033&CODE_STATE=getMsg HTTP/1.1" 200 27
222.70.180.114 - - [06/May/2022:10:19:46 +0800] "GET /xingrg/all/function/internal_message.html?_=1651803581229&CODE_STATE=getMsg HTTP/1.1" 200 27
58.39.201.47 - - [06/May/2022:10:19:48 +0800] "POST /xingrg/kc/base/wldb_list_operate.html HTTP/1.1" 200 6199
180.157.251.97 - - [06/May/2022:10:19:52 +0800] "GET /xingrg/all/function/internal_message.html?_=1651803266304&CODE_STATE=getMsg HTTP/1.1" 200 27
58.39.201.47 - - [06/May/2022:10:20:07 +0800] "POST /xingrg/kc/base/wldb_list_operate.html HTTP/1.1" 200 6315
114.83.221.137 - - [06/May/2022:10:20:20 +0800] "GET /xingrg/all/function/internal_message.html?_=1651803616419&CODE_STATE=getMsg HTTP/1.1" 200 27
58.39.201.47 - - [06/May/2022:10:20:23 +0800] "GET /xingrg/all/function/internal_message.html?_=1651803625201&CODE_STATE=getMsg HTTP/1.1" 200 27
58.39.201.47 - - [06/May/2022:10:20:26 +0800] "POST /xingrg/kc/base/wldb_list_operate.html HTTP/1.1" 200 5818
218.81.223.53 - - [06/May/2022:10:20:32 +0800] "GET /xingrg/check_reg.html?_=1651803609813 HTTP/1.1" 200 22
58.39.201.47 - - [06/May/2022:10:20:36 +0800] "GET /xingrg/all/function/internal_message.html?_=1651803561108&CODE_STATE=getMsg HTTP/1.1" 200 27
58.39.61.91 - - [06/May/2022:10:20:36 +0800] "GET /xingrg/all/function/internal_message.html?_=1651803598664&CODE_STATE=getMsg HTTP/1.1" 200 27
58.39.201.47 - - [06/May/2022:10:20:36 +0800] "POST /xingrg/kc/base/wldb_list_operate.html HTTP/1.1" 200 5945
218.81.223.53 - - [06/May/2022:10:20:39 +0800] "GET /xingrg/all/function/internal_message.html?_=1651803617410&CODE_STATE=getMsg HTTP/1.1" 200 27
116.235.92.88 - - [06/May/2022:10:20:43 +0800] "GET /xingrg/all/function/internal_message.html?_=1651803814031&CODE_STATE=getMsg HTTP/1.1" 200 27
222.70.180.114 - - [06/May/2022:10:20:46 +0800] "GET /xingrg/all/function/internal_message.html?_=1651803641229&CODE_STATE=getMsg HTTP/1.1" 200 27
58.39.201.47 - - [06/May/2022:10:20:49 +0800] "POST /xingrg/kc/base/wldb_list_operate.html HTTP/1.1" 200 202
58.39.201.47 - - [06/May/2022:10:20:52 +0800] "GET /xingrg/kc/base/wldb_order_info.html?code=422022042200064 HTTP/1.1" 200 26189
58.39.201.47 - - [06/May/2022:10:20:52 +0800] "GET /xingrg/javascript/easyui/themes/default/validatebox.css HTTP/1.1" 404 1104
180.157.251.97 - - [06/May/2022:10:20:52 +0800] "GET /xingrg/all/function/internal_message.html?_=1651803326331&CODE_STATE=getMsg HTTP/1.1" 200 27
58.39.201.47 - - [06/May/2022:10:20:52 +0800] "POST /xingrg/kc/base/wldb_order_operate.html HTTP/1.1" 200 483
116.233.73.235 - - [06/May/2022:10:21:04 +0800] "POST /xingrg/services/DataTransmitService HTTP/1.1" 200 524
116.233.73.235 - - [06/May/2022:10:21:04 +0800] "POST /xingrg/services/DataTransmitService HTTP/1.1" 200 501
58.39.201.47 - - [06/May/2022:10:21:11 +0800] "POST /xingrg/kc/base/wldb_list_operate.html HTTP/1.1" 200 5937
58.39.201.47 - - [06/May/2022:10:21:19 +0800] "POST /xingrg/kc/base/wldb_list_operate.html HTTP/1.1" 200 202
114.83.221.137 - - [06/May/2022:10:21:20 +0800] "GET /xingrg/all/function/internal_message.html?_=1651803676418&CODE_STATE=getMsg HTTP/1.1" 200 27
58.39.201.47 - - [06/May/2022:10:21:23 +0800] "GET /xingrg/all/function/internal_message.html?_=1651803685199&CODE_STATE=getMsg HTTP/1.1" 200 27
58.39.201.47 - - [06/May/2022:10:21:27 +0800] "GET /xingrg/kc/base/wldb_order_info.html?code=422022042000060 HTTP/1.1" 200 26191
58.39.201.47 - - [06/May/2022:10:21:27 +0800] "GET /xingrg/javascript/easyui/themes/default/validatebox.css HTTP/1.1" 404 1104
58.39.201.47 - - [06/May/2022:10:21:27 +0800] "POST /xingrg/kc/base/wldb_order_operate.html HTTP/1.1" 200 484
58.39.201.47 - - [06/May/2022:10:21:36 +0800] "GET /xingrg/all/function/internal_message.html?_=1651803621100&CODE_STATE=getMsg HTTP/1.1" 200 27
58.39.61.91 - - [06/May/2022:10:21:36 +0800] "GET /xingrg/all/function/internal_message.html?_=1651803658670&CODE_STATE=getMsg HTTP/1.1" 200 27
218.81.223.53 - - [06/May/2022:10:21:39 +0800] "GET /xingrg/all/function/internal_message.html?_=1651803677421&CODE_STATE=getMsg HTTP/1.1" 200 27
116.235.92.88 - - [06/May/2022:10:21:43 +0800] "GET /xingrg/all/function/internal_message.html?_=1651803874030&CODE_STATE=getMsg HTTP/1.1" 200 27
116.235.92.88 - - [06/May/2022:10:21:43 +0800] "GET /xingrg/check_reg.html?_=1651803874031 HTTP/1.1" 200 22
222.70.180.114 - - [06/May/2022:10:21:46 +0800] "GET /xingrg/all/function/internal_message.html?_=1651803701229&CODE_STATE=getMsg HTTP/1.1" 200 27
180.157.251.97 - - [06/May/2022:10:21:52 +0800] "GET /xingrg/all/function/internal_message.html?_=1651803386330&CODE_STATE=getMsg HTTP/1.1" 200 27
58.39.201.47 - - [06/May/2022:10:22:16 +0800] "POST /xingrg/kc/base/wldb_list_operate.html HTTP/1.1" 200 539
114.83.221.137 - - [06/May/2022:10:22:20 +0800] "GET /xingrg/all/function/internal_message.html?_=1651803736427&CODE_STATE=getMsg HTTP/1.1" 200 27
114.83.221.137 - - [06/May/2022:10:22:20 +0800] "GET /xingrg/check_reg.html?_=1651803736432 HTTP/1.1" 200 22
58.39.201.47 - - [06/May/2022:10:22:23 +0800] "GET /xingrg/all/function/internal_message.html?_=1651803745200&CODE_STATE=getMsg HTTP/1.1" 200 27
58.39.201.47 - - [06/May/2022:10:22:25 +0800] "GET /xingrg/kc/base/wldb_order_info.html?code=422022041900053 HTTP/1.1" 200 26194
58.39.201.47 - - [06/May/2022:10:22:26 +0800] "POST /xingrg/kc/base/wldb_order_operate.html HTTP/1.1" 200 2404
58.39.201.47 - - [06/May/2022:10:22:26 +0800] "GET /xingrg/javascript/easyui/themes/default/validatebox.css HTTP/1.1" 404 1104
58.39.201.47 - - [06/May/2022:10:22:36 +0800] "GET /xingrg/all/function/internal_message.html?_=1651803681108&CODE_STATE=getMsg HTTP/1.1" 200 27
58.39.201.47 - - [06/May/2022:10:22:36 +0800] "GET /xingrg/check_reg.html?_=1651803681112 HTTP/1.1" 200 22
58.39.61.91 - - [06/May/2022:10:22:36 +0800] "GET /xingrg/check_reg.html?_=1651803718440 HTTP/1.1" 200 22
58.39.61.91 - - [06/May/2022:10:22:36 +0800] "GET /xingrg/all/function/internal_message.html?_=1651803718684&CODE_STATE=getMsg HTTP/1.1" 200 27
218.81.223.53 - - [06/May/2022:10:22:40 +0800] "GET /xingrg/all/function/internal_message.html?_=1651803737561&CODE_STATE=getMsg HTTP/1.1" 200 27
116.235.92.88 - - [06/May/2022:10:22:43 +0800] "GET /xingrg/all/function/internal_message.html?_=1651803934056&CODE_STATE=getMsg HTTP/1.1" 200 27
222.70.180.114 - - [06/May/2022:10:22:46 +0800] "GET /xingrg/all/function/internal_message.html?_=1651803761229&CODE_STATE=getMsg HTTP/1.1" 200 27
222.70.180.114 - - [06/May/2022:10:22:46 +0800] "GET /xingrg/check_reg.html?_=1651803761232 HTTP/1.1" 200 22
180.157.251.97 - - [06/May/2022:10:22:52 +0800] "GET /xingrg/all/function/internal_message.html?_=1651803446330&CODE_STATE=getMsg HTTP/1.1" 200 27
58.39.201.47 - - [06/May/2022:10:22:59 +0800] "POST /xingrg/kc/base/wldb_list_operate.html HTTP/1.1" 200 5795
58.221.95.50 - - [06/May/2022:10:23:05 +0800] "GET /xingrg/check_reg.html?_=1651803782487 HTTP/1.1" 302 -
58.39.201.47 - - [06/May/2022:10:23:09 +0800] "POST /xingrg/kc/base/wldb_list_operate.html HTTP/1.1" 200 202
58.39.201.47 - - [06/May/2022:10:23:12 +0800] "GET /xingrg/kc/base/wldb_order_info.html?code=422022041500033 HTTP/1.1" 200 26191
58.39.201.47 - - [06/May/2022:10:23:12 +0800] "GET /xingrg/javascript/easyui/themes/default/validatebox.css HTTP/1.1" 404 1104
58.39.201.47 - - [06/May/2022:10:23:12 +0800] "POST /xingrg/kc/base/wldb_order_operate.html HTTP/1.1" 200 484
114.83.221.137 - - [06/May/2022:10:23:20 +0800] "GET /xingrg/all/function/internal_message.html?_=1651803796435&CODE_STATE=getMsg HTTP/1.1" 200 27
58.39.201.47 - - [06/May/2022:10:23:23 +0800] "GET /xingrg/check_reg.html?_=1651803805201 HTTP/1.1" 200 22
58.39.201.47 - - [06/May/2022:10:23:24 +0800] "GET /xingrg/all/function/internal_message.html?_=1651803805200&CODE_STATE=getMsg HTTP/1.1" 200 27
58.39.201.47 - - [06/May/2022:10:23:36 +0800] "GET /xingrg/all/function/internal_message.html?_=1651803741115&CODE_STATE=getMsg HTTP/1.1" 200 27
58.39.61.91 - - [06/May/2022:10:23:36 +0800] "GET /xingrg/all/function/internal_message.html?_=1651803778698&CODE_STATE=getMsg HTTP/1.1" 200 27
218.81.223.53 - - [06/May/2022:10:23:40 +0800] "GET /xingrg/all/function/internal_message.html?_=1651803797574&CODE_STATE=getMsg HTTP/1.1" 200 27
116.235.92.88 - - [06/May/2022:10:23:43 +0800] "GET /xingrg/all/function/internal_message.html?_=1651803994055&CODE_STATE=getMsg HTTP/1.1" 200 27
222.70.180.114 - - [06/May/2022:10:23:46 +0800] "GET /xingrg/all/function/internal_message.html?_=1651803821231&CODE_STATE=getMsg HTTP/1.1" 200 27
