116.235.92.88 - - [06/May/2022:09:33:43 +0800] "GET /xingrg/all/function/internal_message.html?_=1651800993979&CODE_STATE=getMsg HTTP/1.1" 200 27
222.70.180.114 - - [06/May/2022:09:33:46 +0800] "GET /xingrg/all/function/internal_message.html?_=1651800821183&CODE_STATE=getMsg HTTP/1.1" 200 27
180.157.251.97 - - [06/May/2022:09:33:52 +0800] "GET /xingrg/all/function/internal_message.html?_=1651800506122&CODE_STATE=getMsg HTTP/1.1" 200 27
180.157.251.97 - - [06/May/2022:09:33:52 +0800] "GET /xingrg/check_reg.html?_=1651800506120 HTTP/1.1" 200 22
218.81.223.53 - - [06/May/2022:09:34:37 +0800] "GET /xingrg/all/function/internal_message.html?_=1651800854410&CODE_STATE=getMsg HTTP/1.1" 200 27
116.235.92.88 - - [06/May/2022:09:34:43 +0800] "GET /xingrg/all/function/internal_message.html?_=1651801053977&CODE_STATE=getMsg HTTP/1.1" 200 27
222.70.180.114 - - [06/May/2022:09:34:46 +0800] "GET /xingrg/all/function/internal_message.html?_=1651800881182&CODE_STATE=getMsg HTTP/1.1" 200 27
180.157.251.97 - - [06/May/2022:09:34:52 +0800] "GET /xingrg/all/function/internal_message.html?_=1651800566121&CODE_STATE=getMsg HTTP/1.1" 200 27
218.81.223.53 - - [06/May/2022:09:35:32 +0800] "GET /xingrg/check_reg.html?_=1651800909761 HTTP/1.1" 200 22
218.81.223.53 - - [06/May/2022:09:35:36 +0800] "GET /xingrg/all/function/internal_message.html?_=1651800914426&CODE_STATE=getMsg HTTP/1.1" 200 27
116.235.92.88 - - [06/May/2022:09:35:43 +0800] "GET /xingrg/all/function/internal_message.html?_=1651801113976&CODE_STATE=getMsg HTTP/1.1" 200 27
222.70.180.114 - - [06/May/2022:09:35:46 +0800] "GET /xingrg/all/function/internal_message.html?_=1651800941181&CODE_STATE=getMsg HTTP/1.1" 200 27
180.157.251.97 - - [06/May/2022:09:35:52 +0800] "GET /xingrg/all/function/internal_message.html?_=1651800626149&CODE_STATE=getMsg HTTP/1.1" 200 27
58.39.201.47 - - [06/May/2022:09:36:04 +0800] "POST /xingrg/services/DataTransmitService HTTP/1.1" 200 524
58.39.201.47 - - [06/May/2022:09:36:04 +0800] "POST /xingrg/services/DataTransmitService HTTP/1.1" 200 501
218.81.223.53 - - [06/May/2022:09:36:36 +0800] "GET /xingrg/all/function/internal_message.html?_=1651800974438&CODE_STATE=getMsg HTTP/1.1" 200 27
116.235.92.88 - - [06/May/2022:09:36:43 +0800] "GET /xingrg/all/function/internal_message.html?_=1651801173975&CODE_STATE=getMsg HTTP/1.1" 200 27
116.235.92.88 - - [06/May/2022:09:36:43 +0800] "GET /xingrg/check_reg.html?_=1651801173975 HTTP/1.1" 200 22
222.70.180.114 - - [06/May/2022:09:36:46 +0800] "GET /xingrg/all/function/internal_message.html?_=1651801001181&CODE_STATE=getMsg HTTP/1.1" 200 27
180.157.251.97 - - [06/May/2022:09:36:52 +0800] "GET /xingrg/all/function/internal_message.html?_=1651800686148&CODE_STATE=getMsg HTTP/1.1" 200 27
218.81.223.53 - - [06/May/2022:09:37:37 +0800] "GET /xingrg/all/function/internal_message.html?_=1651801034594&CODE_STATE=getMsg HTTP/1.1" 200 27
116.235.92.88 - - [06/May/2022:09:37:43 +0800] "GET /xingrg/all/function/internal_message.html?_=1651801233974&CODE_STATE=getMsg HTTP/1.1" 200 27
222.70.180.114 - - [06/May/2022:09:37:46 +0800] "GET /xingrg/all/function/internal_message.html?_=1651801061180&CODE_STATE=getMsg HTTP/1.1" 200 27
222.70.180.114 - - [06/May/2022:09:37:46 +0800] "GET /xingrg/check_reg.html?_=1651801061182 HTTP/1.1" 200 22
180.157.251.97 - - [06/May/2022:09:37:52 +0800] "GET /xingrg/all/function/internal_message.html?_=1651800746148&CODE_STATE=getMsg HTTP/1.1" 200 27
58.221.95.50 - - [06/May/2022:09:38:07 +0800] "GET /xingrg/check_reg.html?_=1651801082489 HTTP/1.1" 302 -
218.81.223.53 - - [06/May/2022:09:38:37 +0800] "GET /xingrg/all/function/internal_message.html?_=1651801094607&CODE_STATE=getMsg HTTP/1.1" 200 27
116.235.92.88 - - [06/May/2022:09:38:43 +0800] "GET /xingrg/all/function/internal_message.html?_=1651801293988&CODE_STATE=getMsg HTTP/1.1" 200 27
222.70.180.114 - - [06/May/2022:09:38:46 +0800] "GET /xingrg/all/function/internal_message.html?_=1651801121182&CODE_STATE=getMsg HTTP/1.1" 200 27
180.157.251.97 - - [06/May/2022:09:38:52 +0800] "GET /xingrg/check_reg.html?_=1651800806147 HTTP/1.1" 200 22
180.157.251.97 - - [06/May/2022:09:38:52 +0800] "GET /xingrg/all/function/internal_message.html?_=1651800806148&CODE_STATE=getMsg HTTP/1.1" 200 27
218.81.223.53 - - [06/May/2022:09:39:37 +0800] "GET /xingrg/all/function/internal_message.html?_=1651801154753&CODE_STATE=getMsg HTTP/1.1" 200 27
116.235.92.88 - - [06/May/2022:09:39:43 +0800] "GET /xingrg/all/function/internal_message.html?_=1651801353986&CODE_STATE=getMsg HTTP/1.1" 200 27
222.70.180.114 - - [06/May/2022:09:39:46 +0800] "GET /xingrg/all/function/internal_message.html?_=1651801181182&CODE_STATE=getMsg HTTP/1.1" 200 27
180.157.251.97 - - [06/May/2022:09:39:52 +0800] "GET /xingrg/all/function/internal_message.html?_=1651800866147&CODE_STATE=getMsg HTTP/1.1" 200 27
218.81.223.53 - - [06/May/2022:09:40:32 +0800] "GET /xingrg/check_reg.html?_=1651801209767 HTTP/1.1" 200 22
218.81.223.53 - - [06/May/2022:09:40:37 +0800] "GET /xingrg/all/function/internal_message.html?_=1651801214758&CODE_STATE=getMsg HTTP/1.1" 200 27
116.235.92.88 - - [06/May/2022:09:40:43 +0800] "GET /xingrg/all/function/internal_message.html?_=1651801413985&CODE_STATE=getMsg HTTP/1.1" 200 27
222.70.180.114 - - [06/May/2022:09:40:46 +0800] "GET /xingrg/all/function/internal_message.html?_=1651801241182&CODE_STATE=getMsg HTTP/1.1" 200 27
180.157.251.97 - - [06/May/2022:09:40:52 +0800] "GET /xingrg/all/function/internal_message.html?_=1651800926146&CODE_STATE=getMsg HTTP/1.1" 200 27
218.81.223.53 - - [06/May/2022:09:41:37 +0800] "GET /xingrg/all/function/internal_message.html?_=1651801274773&CODE_STATE=getMsg HTTP/1.1" 200 27
116.235.92.88 - - [06/May/2022:09:41:43 +0800] "GET /xingrg/check_reg.html?_=1651801473983 HTTP/1.1" 200 22
116.235.92.88 - - [06/May/2022:09:41:43 +0800] "GET /xingrg/all/function/internal_message.html?_=1651801473998&CODE_STATE=getMsg HTTP/1.1" 200 27
222.70.180.114 - - [06/May/2022:09:41:46 +0800] "GET /xingrg/all/function/internal_message.html?_=1651801301182&CODE_STATE=getMsg HTTP/1.1" 200 27
180.157.251.97 - - [06/May/2022:09:41:52 +0800] "GET /xingrg/all/function/internal_message.html?_=1651800986145&CODE_STATE=getMsg HTTP/1.1" 200 27
218.81.223.53 - - [06/May/2022:09:42:37 +0800] "GET /xingrg/all/function/internal_message.html?_=1651801334923&CODE_STATE=getMsg HTTP/1.1" 200 27
116.235.92.88 - - [06/May/2022:09:42:43 +0800] "GET /xingrg/all/function/internal_message.html?_=1651801533981&CODE_STATE=getMsg HTTP/1.1" 200 27
222.70.180.114 - - [06/May/2022:09:42:46 +0800] "GET /xingrg/check_reg.html?_=1651801361181 HTTP/1.1" 200 22
222.70.180.114 - - [06/May/2022:09:42:46 +0800] "GET /xingrg/all/function/internal_message.html?_=1651801361183&CODE_STATE=getMsg HTTP/1.1" 200 27
180.157.251.97 - - [06/May/2022:09:42:52 +0800] "GET /xingrg/all/function/internal_message.html?_=1651801046172&CODE_STATE=getMsg HTTP/1.1" 200 27
58.221.95.50 - - [06/May/2022:09:43:05 +0800] "GET /xingrg/check_reg.html?_=1651801382514 HTTP/1.1" 302 -
218.81.223.53 - - [06/May/2022:09:43:37 +0800] "GET /xingrg/all/function/internal_message.html?_=1651801394925&CODE_STATE=getMsg HTTP/1.1" 200 27
116.235.92.88 - - [06/May/2022:09:43:43 +0800] "GET /xingrg/all/function/internal_message.html?_=1651801593979&CODE_STATE=getMsg HTTP/1.1" 200 27
222.70.180.114 - - [06/May/2022:09:43:46 +0800] "GET /xingrg/all/function/internal_message.html?_=1651801421182&CODE_STATE=getMsg HTTP/1.1" 200 27
180.157.251.97 - - [06/May/2022:09:43:52 +0800] "GET /xingrg/all/function/internal_message.html?_=1651801106177&CODE_STATE=getMsg HTTP/1.1" 200 27
180.157.251.97 - - [06/May/2022:09:43:52 +0800] "GET /xingrg/check_reg.html?_=1651801106179 HTTP/1.1" 200 22
218.81.223.53 - - [06/May/2022:09:44:37 +0800] "GET /xingrg/all/function/internal_message.html?_=1651801455072&CODE_STATE=getMsg HTTP/1.1" 200 27
116.235.92.88 - - [06/May/2022:09:44:43 +0800] "GET /xingrg/all/function/internal_message.html?_=1651801654003&CODE_STATE=getMsg HTTP/1.1" 200 27
222.70.180.114 - - [06/May/2022:09:44:46 +0800] "GET /xingrg/all/function/internal_message.html?_=1651801481182&CODE_STATE=getMsg HTTP/1.1" 200 27
180.157.251.97 - - [06/May/2022:09:44:52 +0800] "GET /xingrg/all/function/internal_message.html?_=1651801166178&CODE_STATE=getMsg HTTP/1.1" 200 27
218.81.223.53 - - [06/May/2022:09:45:32 +0800] "GET /xingrg/check_reg.html?_=1651801509775 HTTP/1.1" 200 22
218.81.223.53 - - [06/May/2022:09:45:37 +0800] "GET /xingrg/all/function/internal_message.html?_=1651801515076&CODE_STATE=getMsg HTTP/1.1" 200 27
180.171.130.251 - - [06/May/2022:09:45:38 +0800] "POST /xingrg/services/DataTransmitService HTTP/1.1" 200 524
116.235.92.88 - - [06/May/2022:09:45:43 +0800] "GET /xingrg/all/function/internal_message.html?_=1651801714001&CODE_STATE=getMsg HTTP/1.1" 200 27
222.70.180.114 - - [06/May/2022:09:45:46 +0800] "GET /xingrg/all/function/internal_message.html?_=1651801541181&CODE_STATE=getMsg HTTP/1.1" 200 27
180.157.251.97 - - [06/May/2022:09:45:52 +0800] "GET /xingrg/all/function/internal_message.html?_=1651801226177&CODE_STATE=getMsg HTTP/1.1" 200 27
218.81.223.53 - - [06/May/2022:09:46:37 +0800] "GET /xingrg/all/function/internal_message.html?_=1651801575091&CODE_STATE=getMsg HTTP/1.1" 200 27
116.235.92.88 - - [06/May/2022:09:46:43 +0800] "GET /xingrg/all/function/internal_message.html?_=1651801773999&CODE_STATE=getMsg HTTP/1.1" 200 27
116.235.92.88 - - [06/May/2022:09:46:43 +0800] "GET /xingrg/check_reg.html?_=1651801774000 HTTP/1.1" 200 22
222.70.180.114 - - [06/May/2022:09:46:46 +0800] "GET /xingrg/all/function/internal_message.html?_=1651801601180&CODE_STATE=getMsg HTTP/1.1" 200 27
180.157.251.97 - - [06/May/2022:09:46:52 +0800] "GET /xingrg/all/function/internal_message.html?_=1651801286178&CODE_STATE=getMsg HTTP/1.1" 200 27
218.81.223.53 - - [06/May/2022:09:47:37 +0800] "GET /xingrg/all/function/internal_message.html?_=1651801635248&CODE_STATE=getMsg HTTP/1.1" 200 27
116.235.92.88 - - [06/May/2022:09:47:43 +0800] "GET /xingrg/all/function/internal_message.html?_=1651801833998&CODE_STATE=getMsg HTTP/1.1" 200 27
222.70.180.114 - - [06/May/2022:09:47:46 +0800] "GET /xingrg/all/function/internal_message.html?_=1651801661179&CODE_STATE=getMsg HTTP/1.1" 200 27
222.70.180.114 - - [06/May/2022:09:47:46 +0800] "GET /xingrg/check_reg.html?_=1651801661181 HTTP/1.1" 200 22
180.157.251.97 - - [06/May/2022:09:47:52 +0800] "GET /xingrg/all/function/internal_message.html?_=1651801346178&CODE_STATE=getMsg HTTP/1.1" 200 27
58.39.201.47 - - [06/May/2022:09:48:05 +0800] "GET /favicon.ico HTTP/1.1" 404 -
218.81.223.53 - - [06/May/2022:09:48:37 +0800] "GET /xingrg/all/function/internal_message.html?_=1651801695258&CODE_STATE=getMsg HTTP/1.1" 200 27
116.235.92.88 - - [06/May/2022:09:48:43 +0800] "GET /xingrg/all/function/internal_message.html?_=1651801894012&CODE_STATE=getMsg HTTP/1.1" 200 27
222.70.180.114 - - [06/May/2022:09:48:46 +0800] "GET /xingrg/all/function/internal_message.html?_=1651801721181&CODE_STATE=getMsg HTTP/1.1" 200 27
180.157.251.97 - - [06/May/2022:09:48:52 +0800] "GET /xingrg/check_reg.html?_=1651801406178 HTTP/1.1" 200 22
180.157.251.97 - - [06/May/2022:09:48:52 +0800] "GET /xingrg/all/function/internal_message.html?_=1651801406176&CODE_STATE=getMsg HTTP/1.1" 200 27
218.81.223.53 - - [06/May/2022:09:49:37 +0800] "GET /xingrg/all/function/internal_message.html?_=1651801755404&CODE_STATE=getMsg HTTP/1.1" 200 27
116.235.92.88 - - [06/May/2022:09:49:43 +0800] "GET /xingrg/all/function/internal_message.html?_=1651801954011&CODE_STATE=getMsg HTTP/1.1" 200 27
222.70.180.114 - - [06/May/2022:09:49:46 +0800] "GET /xingrg/all/function/internal_message.html?_=1651801781180&CODE_STATE=getMsg HTTP/1.1" 200 27
180.157.251.97 - - [06/May/2022:09:49:52 +0800] "GET /xingrg/all/function/internal_message.html?_=1651801466205&CODE_STATE=getMsg HTTP/1.1" 200 27
58.221.95.50 - - [06/May/2022:09:50:02 +0800] "GET /xingrg/check_reg.html?_=1651801682500 HTTP/1.1" 302 -
218.81.223.53 - - [06/May/2022:09:50:32 +0800] "GET /xingrg/check_reg.html?_=1651801809777 HTTP/1.1" 200 22
218.81.223.53 - - [06/May/2022:09:50:37 +0800] "GET /xingrg/all/function/internal_message.html?_=1651801815409&CODE_STATE=getMsg HTTP/1.1" 200 27
116.235.92.88 - - [06/May/2022:09:50:43 +0800] "GET /xingrg/all/function/internal_message.html?_=1651802014010&CODE_STATE=getMsg HTTP/1.1" 200 27
222.70.180.114 - - [06/May/2022:09:50:46 +0800] "GET /xingrg/all/function/internal_message.html?_=1651801841205&CODE_STATE=getMsg HTTP/1.1" 200 27
180.157.251.97 - - [06/May/2022:09:50:52 +0800] "GET /xingrg/all/function/internal_message.html?_=1651801526204&CODE_STATE=getMsg HTTP/1.1" 200 27
180.157.251.97 - - [06/May/2022:09:50:58 +0800] "POST /xingrg/kc/pszx/mdps_order_operate.html HTTP/1.1" 200 37
180.157.251.97 - - [06/May/2022:09:51:00 +0800] "GET /xingrg/kc/pszx/mdps_order_info.html?code=312022050300060 HTTP/1.1" 200 23972
180.157.251.97 - - [06/May/2022:09:51:01 +0800] "GET /xingrg/javascript/easyui/themes/default/validatebox.css HTTP/1.1" 404 1104
180.157.251.97 - - [06/May/2022:09:51:01 +0800] "POST /xingrg/kc/pszx/mdps_order_operate.html HTTP/1.1" 200 3300
180.157.251.97 - - [06/May/2022:09:51:05 +0800] "POST /xingrg/kc/pszx/mdps_list_operate.html HTTP/1.1" 200 5379
180.157.251.97 - - [06/May/2022:09:51:08 +0800] "POST /xingrg/kc/pszx/mdps_list_operate.html HTTP/1.1" 200 5293
180.157.251.97 - - [06/May/2022:09:51:11 +0800] "POST /xingrg/kc/pszx/mdps_list_operate.html HTTP/1.1" 200 282
180.157.251.97 - - [06/May/2022:09:51:11 +0800] "GET /xingrg/kc/pszx/mdps_order_info.html?code=312022050500139 HTTP/1.1" 200 23972
180.157.251.97 - - [06/May/2022:09:51:11 +0800] "GET /xingrg/javascript/easyui/themes/default/validatebox.css HTTP/1.1" 404 1104
180.157.251.97 - - [06/May/2022:09:51:11 +0800] "POST /xingrg/kc/pszx/mdps_order_operate.html HTTP/1.1" 200 2774
114.83.221.137 - - [06/May/2022:09:51:17 +0800] "POST /xingrg/services/DataTransmitService HTTP/1.1" 200 524
218.81.223.53 - - [06/May/2022:09:51:37 +0800] "GET /xingrg/all/function/internal_message.html?_=1651801875422&CODE_STATE=getMsg HTTP/1.1" 200 27
180.157.251.97 - - [06/May/2022:09:51:42 +0800] "GET /xingrg/kc/print/load_config.html?kc_code=mdps HTTP/1.1" 200 2390
180.157.251.97 - - [06/May/2022:09:51:42 +0800] "GET /xingrg/kc/print/load_data.html?order_code=312022050500139&kc_code=mdps&condition= HTTP/1.1" 200 895
116.235.92.88 - - [06/May/2022:09:51:43 +0800] "GET /xingrg/check_reg.html?_=1651802074008 HTTP/1.1" 200 22
116.235.92.88 - - [06/May/2022:09:51:43 +0800] "GET /xingrg/all/function/internal_message.html?_=1651802074009&CODE_STATE=getMsg HTTP/1.1" 200 27
222.70.180.114 - - [06/May/2022:09:51:46 +0800] "GET /xingrg/all/function/internal_message.html?_=1651801901202&CODE_STATE=getMsg HTTP/1.1" 200 27
180.157.251.97 - - [06/May/2022:09:51:52 +0800] "GET /xingrg/all/function/internal_message.html?_=1651801586237&CODE_STATE=getMsg HTTP/1.1" 200 27
218.81.223.53 - - [06/May/2022:09:52:38 +0800] "GET /xingrg/all/function/internal_message.html?_=1651801935571&CODE_STATE=getMsg HTTP/1.1" 200 27
116.235.92.88 - - [06/May/2022:09:52:43 +0800] "GET /xingrg/all/function/internal_message.html?_=1651802134006&CODE_STATE=getMsg HTTP/1.1" 200 27
222.70.180.114 - - [06/May/2022:09:52:46 +0800] "GET /xingrg/all/function/internal_message.html?_=1651801961217&CODE_STATE=getMsg HTTP/1.1" 200 27
222.70.180.114 - - [06/May/2022:09:52:46 +0800] "GET /xingrg/check_reg.html?_=1651801961221 HTTP/1.1" 200 22
180.157.251.97 - - [06/May/2022:09:52:52 +0800] "GET /xingrg/all/function/internal_message.html?_=1651801646246&CODE_STATE=getMsg HTTP/1.1" 200 27
58.221.95.50 - - [06/May/2022:09:53:07 +0800] "GET /xingrg/check_reg.html?_=1651801982503 HTTP/1.1" 302 -
218.81.223.53 - - [06/May/2022:09:53:38 +0800] "GET /xingrg/all/function/internal_message.html?_=1651801995574&CODE_STATE=getMsg HTTP/1.1" 200 27
116.235.92.88 - - [06/May/2022:09:53:43 +0800] "GET /xingrg/all/function/internal_message.html?_=1651802194004&CODE_STATE=getMsg HTTP/1.1" 200 27
222.70.180.114 - - [06/May/2022:09:53:46 +0800] "GET /xingrg/all/function/internal_message.html?_=1651802021205&CODE_STATE=getMsg HTTP/1.1" 200 27
180.157.251.97 - - [06/May/2022:09:53:52 +0800] "GET /xingrg/all/function/internal_message.html?_=1651801706214&CODE_STATE=getMsg HTTP/1.1" 200 27
180.157.251.97 - - [06/May/2022:09:53:52 +0800] "GET /xingrg/check_reg.html?_=1651801706213 HTTP/1.1" 200 22
218.81.223.53 - - [06/May/2022:09:54:38 +0800] "GET /xingrg/all/function/internal_message.html?_=1651802055721&CODE_STATE=getMsg HTTP/1.1" 200 27
116.235.92.88 - - [06/May/2022:09:54:43 +0800] "GET /xingrg/all/function/internal_message.html?_=1651802254002&CODE_STATE=getMsg HTTP/1.1" 200 27
222.70.180.114 - - [06/May/2022:09:54:46 +0800] "GET /xingrg/all/function/internal_message.html?_=1651802081205&CODE_STATE=getMsg HTTP/1.1" 200 27
180.157.251.97 - - [06/May/2022:09:54:52 +0800] "GET /xingrg/all/function/internal_message.html?_=1651801766213&CODE_STATE=getMsg HTTP/1.1" 200 27
218.81.223.53 - - [06/May/2022:09:55:32 +0800] "GET /xingrg/check_reg.html?_=1651802109783 HTTP/1.1" 200 22
218.81.223.53 - - [06/May/2022:09:55:38 +0800] "GET /xingrg/all/function/internal_message.html?_=1651802115727&CODE_STATE=getMsg HTTP/1.1" 200 27
116.235.92.88 - - [06/May/2022:09:55:43 +0800] "GET /xingrg/all/function/internal_message.html?_=1651802314000&CODE_STATE=getMsg HTTP/1.1" 200 27
222.70.180.114 - - [06/May/2022:09:55:46 +0800] "GET /xingrg/all/function/internal_message.html?_=1651802141205&CODE_STATE=getMsg HTTP/1.1" 200 27
180.157.251.97 - - [06/May/2022:09:55:52 +0800] "GET /xingrg/all/function/internal_message.html?_=1651801826213&CODE_STATE=getMsg HTTP/1.1" 200 27
218.81.223.53 - - [06/May/2022:09:56:38 +0800] "GET /xingrg/all/function/internal_message.html?_=1651802175741&CODE_STATE=getMsg HTTP/1.1" 200 27
116.235.92.88 - - [06/May/2022:09:56:43 +0800] "GET /xingrg/all/function/internal_message.html?_=1651802373999&CODE_STATE=getMsg HTTP/1.1" 200 27
116.235.92.88 - - [06/May/2022:09:56:43 +0800] "GET /xingrg/check_reg.html?_=1651802374000 HTTP/1.1" 200 22
222.70.180.114 - - [06/May/2022:09:56:46 +0800] "GET /xingrg/all/function/internal_message.html?_=1651802201205&CODE_STATE=getMsg HTTP/1.1" 200 27
180.157.251.97 - - [06/May/2022:09:56:52 +0800] "GET /xingrg/all/function/internal_message.html?_=1651801886212&CODE_STATE=getMsg HTTP/1.1" 200 27
218.81.223.53 - - [06/May/2022:09:57:38 +0800] "GET /xingrg/all/function/internal_message.html?_=1651802235882&CODE_STATE=getMsg HTTP/1.1" 200 27
116.235.92.88 - - [06/May/2022:09:57:43 +0800] "GET /xingrg/all/function/internal_message.html?_=1651802433998&CODE_STATE=getMsg HTTP/1.1" 200 27
222.70.180.114 - - [06/May/2022:09:57:46 +0800] "GET /xingrg/all/function/internal_message.html?_=1651802261204&CODE_STATE=getMsg HTTP/1.1" 200 27
222.70.180.114 - - [06/May/2022:09:57:46 +0800] "GET /xingrg/check_reg.html?_=1651802261206 HTTP/1.1" 200 22
180.157.251.97 - - [06/May/2022:09:57:52 +0800] "GET /xingrg/all/function/internal_message.html?_=1651801946211&CODE_STATE=getMsg HTTP/1.1" 200 27
58.221.95.50 - - [06/May/2022:09:58:06 +0800] "GET /xingrg/check_reg.html?_=1651802282524 HTTP/1.1" 302 -
218.81.223.53 - - [06/May/2022:09:58:31 +0800] "POST /xingrg/services/DataTransmitService HTTP/1.1" 200 524
218.81.223.53 - - [06/May/2022:09:58:32 +0800] "POST /xingrg/services/DataTransmitService HTTP/1.1" 200 412
218.81.223.53 - - [06/May/2022:09:58:38 +0800] "GET /xingrg/all/function/internal_message.html?_=1651802295894&CODE_STATE=getMsg HTTP/1.1" 200 27
116.235.92.88 - - [06/May/2022:09:58:43 +0800] "GET /xingrg/all/function/internal_message.html?_=1651802494012&CODE_STATE=getMsg HTTP/1.1" 200 27
222.70.180.114 - - [06/May/2022:09:58:46 +0800] "GET /xingrg/all/function/internal_message.html?_=1651802321205&CODE_STATE=getMsg HTTP/1.1" 200 27
180.157.251.97 - - [06/May/2022:09:58:52 +0800] "GET /xingrg/all/function/internal_message.html?_=1651802006210&CODE_STATE=getMsg HTTP/1.1" 200 27
180.157.251.97 - - [06/May/2022:09:58:52 +0800] "GET /xingrg/check_reg.html?_=1651802006212 HTTP/1.1" 200 22
218.81.223.53 - - [06/May/2022:09:59:38 +0800] "GET /xingrg/all/function/internal_message.html?_=1651802356049&CODE_STATE=getMsg HTTP/1.1" 200 27
116.235.92.88 - - [06/May/2022:09:59:43 +0800] "GET /xingrg/all/function/internal_message.html?_=1651802554010&CODE_STATE=getMsg HTTP/1.1" 200 27
222.70.180.114 - - [06/May/2022:09:59:46 +0800] "GET /xingrg/all/function/internal_message.html?_=1651802381205&CODE_STATE=getMsg HTTP/1.1" 200 27
180.157.251.97 - - [06/May/2022:09:59:52 +0800] "GET /xingrg/all/function/internal_message.html?_=1651802066240&CODE_STATE=getMsg HTTP/1.1" 200 27
58.39.201.47 - - [06/May/2022:10:00:08 +0800] "GET /xingrg/index.html?sysBaseUrl=http%3A%2F%2F180.169.147.146%3A18081%2Fxingrg%2F&costTime=36×tamp=1585223203754 HTTP/1.1" 302 -
58.39.201.47 - - [06/May/2022:10:00:08 +0800] "GET /xingrg/login.html HTTP/1.1" 200 7641
58.39.201.47 - - [06/May/2022:10:00:08 +0800] "GET /xingrg/index.html?sysBaseUrl=http%3A%2F%2F180.169.147.146%3A18081%2Fxingrg%2F&costTime=36×tamp=1585223203754 HTTP/1.1" 302 -
58.39.201.47 - - [06/May/2022:10:00:08 +0800] "GET /xingrg/login.html HTTP/1.1" 200 7641
58.39.201.47 - - [06/May/2022:10:00:08 +0800] "GET /favicon.ico HTTP/1.1" 404 -
58.39.201.47 - - [06/May/2022:10:00:08 +0800] "GET /favicon.ico HTTP/1.1" 404 -
58.39.201.47 - - [06/May/2022:10:00:11 +0800] "POST /xingrg/login.do HTTP/1.1" 200 2421
58.39.201.47 - - [06/May/2022:10:00:11 +0800] "GET /favicon.ico HTTP/1.1" 404 -
58.39.201.47 - - [06/May/2022:10:00:12 +0800] "GET /xingrg/login.html HTTP/1.1" 200 7641
58.39.201.47 - - [06/May/2022:10:00:12 +0800] "GET /favicon.ico HTTP/1.1" 404 -
58.39.201.47 - - [06/May/2022:10:00:13 +0800] "POST /xingrg/login.do HTTP/1.1" 302 -
58.39.201.47 - - [06/May/2022:10:00:13 +0800] "GET /xingrg/index.html?sysBaseUrl=http%3A%2F%2F180.169.147.146%3A18081%2Fxingrg%2F&costTime=46×tamp=1651802413777 HTTP/1.1" 200 17173
58.39.201.47 - - [06/May/2022:10:00:13 +0800] "GET /favicon.ico HTTP/1.1" 404 -
58.39.201.47 - - [06/May/2022:10:00:13 +0800] "POST /xingrg/all/common/load_tree.html?tree=area_rest_tree_json&manage=1 HTTP/1.1" 200 3472
58.39.201.47 - - [06/May/2022:10:00:13 +0800] "GET /xingrg/all/function/internal_message.html?_=1651802415161&CODE_STATE=count HTTP/1.1" 200 11
58.39.201.47 - - [06/May/2022:10:00:14 +0800] "GET /xingrg/check_reg.html?_=1651802415162 HTTP/1.1" 200 22
58.39.201.47 - - [06/May/2022:10:00:14 +0800] "POST /xingrg/load_menu.html HTTP/1.1" 200 5138
58.39.201.47 - - [06/May/2022:10:00:15 +0800] "GET /xingrg/kc/buy/cgsh_order_list.html HTTP/1.1" 200 51390
58.39.201.47 - - [06/May/2022:10:00:17 +0800] "POST /xingrg/kc/buy/cgsh_list_operate.html HTTP/1.1" 200 876
58.39.201.47 - - [06/May/2022:10:00:17 +0800] "GET /xingrg/kc/buy/cgsh_order_add.html HTTP/1.1" 200 67254
58.39.201.47 - - [06/May/2022:10:00:17 +0800] "GET /xingrg/words/20220505102901_words.js HTTP/1.1" 304 -
58.39.201.47 - - [06/May/2022:10:00:17 +0800] "POST /xingrg/kc/buy/cgsh_order_operate.html HTTP/1.1" 200 8245
58.39.201.47 - - [06/May/2022:10:00:18 +0800] "GET /xingrg/all/common/auto_word.html?type=employee&rest_code=00105 HTTP/1.1" 200 193
58.39.201.47 - - [06/May/2022:10:00:18 +0800] "GET /xingrg/all/common/auto_word.html?type=employee&rest_code=00105 HTTP/1.1" 200 193
58.39.201.47 - - [06/May/2022:10:00:18 +0800] "GET /xingrg/javascript/easyui/themes/default/validatebox.css HTTP/1.1" 404 1104
58.39.201.47 - - [06/May/2022:10:00:19 +0800] "GET /xingrg/javascript/auto/indicator.gif HTTP/1.1" 404 1066
58.39.201.47 - - [06/May/2022:10:00:32 +0800] "GET /xingrg/kc/buy/cgsh_order_operate.html?command=get_materiel&rest_code=00105&code=00101001096&supplier_code=00100313&order_time=2022-05-06 HTTP/1.1" 200 413
218.81.223.53 - - [06/May/2022:10:00:32 +0800] "GET /xingrg/check_reg.html?_=1651802409792 HTTP/1.1" 200 22
218.81.223.53 - - [06/May/2022:10:00:38 +0800] "GET /xingrg/all/function/internal_message.html?_=1651802416060&CODE_STATE=getMsg HTTP/1.1" 200 27
116.235.92.88 - - [06/May/2022:10:00:43 +0800] "GET /xingrg/all/function/internal_message.html?_=1651802614008&CODE_STATE=getMsg HTTP/1.1" 200 27
222.70.180.114 - - [06/May/2022:10:00:46 +0800] "GET /xingrg/all/function/internal_message.html?_=1651802441203&CODE_STATE=getMsg HTTP/1.1" 200 27
58.39.201.47 - - [06/May/2022:10:00:47 +0800] "GET /xingrg/kc/buy/cgsh_order_operate.html?command=get_materiel&rest_code=00105&code=00101003080&supplier_code=00100313&order_time=2022-05-06 HTTP/1.1" 200 404
180.157.251.97 - - [06/May/2022:10:00:52 +0800] "GET /xingrg/all/function/internal_message.html?_=1651802126238&CODE_STATE=getMsg HTTP/1.1" 200 27
58.39.201.47 - - [06/May/2022:10:01:04 +0800] "GET /xingrg/kc/buy/cgsh_order_operate.html?command=get_materiel&rest_code=00105&code=00101003035&supplier_code=00100313&order_time=2022-05-06 HTTP/1.1" 200 411
58.39.201.47 - - [06/May/2022:10:01:13 +0800] "GET /xingrg/all/function/internal_message.html?_=1651802475167&CODE_STATE=getMsg HTTP/1.1" 200 27
58.39.201.47 - - [06/May/2022:10:01:14 +0800] "GET /xingrg/kc/buy/cgsh_order_operate.html?command=get_materiel&rest_code=00105&code=00101010558&supplier_code=00100313&order_time=2022-05-06 HTTP/1.1" 200 409
218.81.223.53 - - [06/May/2022:10:01:38 +0800] "GET /xingrg/all/function/internal_message.html?_=1651802476073&CODE_STATE=getMsg HTTP/1.1" 200 27
116.235.92.88 - - [06/May/2022:10:01:43 +0800] "GET /xingrg/check_reg.html?_=1651802674007 HTTP/1.1" 200 22
116.235.92.88 - - [06/May/2022:10:01:43 +0800] "GET /xingrg/all/function/internal_message.html?_=1651802674008&CODE_STATE=getMsg HTTP/1.1" 200 27
222.70.180.114 - - [06/May/2022:10:01:46 +0800] "GET /xingrg/all/function/internal_message.html?_=1651802501202&CODE_STATE=getMsg HTTP/1.1" 200 27
58.39.61.91 - - [06/May/2022:10:01:51 +0800] "POST /xingrg/login.do HTTP/1.1" 302 -
58.39.61.91 - - [06/May/2022:10:01:51 +0800] "GET /xingrg/index.html?sysBaseUrl=http%3A%2F%2F180.169.147.146%3A18081%2Fxingrg%2F&costTime=44×tamp=1651802511370 HTTP/1.1" 200 17179
58.39.61.91 - - [06/May/2022:10:01:51 +0800] "GET /xingrg/css/form.css HTTP/1.1" 304 -
58.39.61.91 - - [06/May/2022:10:01:51 +0800] "GET /favicon.ico HTTP/1.1" 404 -
58.39.61.91 - - [06/May/2022:10:01:51 +0800] "GET /xingrg/javascript/jquery_easy_ui/themes/icon.css HTTP/1.1" 304 -
58.39.61.91 - - [06/May/2022:10:01:51 +0800] "GET /xingrg/javascript/jquery_easy_ui/themes/default/easyui.css HTTP/1.1" 304 -
58.39.61.91 - - [06/May/2022:10:01:51 +0800] "GET /xingrg/javascript/jquery-1.4.2.min.js HTTP/1.1" 304 -
58.39.61.91 - - [06/May/2022:10:01:51 +0800] "GET /xingrg/javascript/jquery.form.js HTTP/1.1" 304 -
58.39.61.91 - - [06/May/2022:10:01:51 +0800] "GET /xingrg/javascript/jquery_easy_ui/easyui-lang-zh_CN.js HTTP/1.1" 304 -
58.39.61.91 - - [06/May/2022:10:01:51 +0800] "GET /xingrg/javascript/jquery_easy_ui/jquery.easyui.min.js HTTP/1.1" 304 -
58.39.61.91 - - [06/May/2022:10:01:51 +0800] "GET /xingrg/javascript/jquery.utils.js HTTP/1.1" 304 -
58.39.61.91 - - [06/May/2022:10:01:51 +0800] "GET /xingrg/javascript/jquery.timers.js HTTP/1.1" 304 -
58.39.61.91 - - [06/May/2022:10:01:51 +0800] "GET /xingrg/images/blue/jxLogo.png HTTP/1.1" 304 -
58.39.61.91 - - [06/May/2022:10:01:51 +0800] "GET /xingrg/images/blue/navBackgound.jpg HTTP/1.1" 304 -
58.39.61.91 - - [06/May/2022:10:01:51 +0800] "GET /xingrg/javascript/jquery_easy_ui/themes/icons/settle_new.png HTTP/1.1" 304 -
58.39.61.91 - - [06/May/2022:10:01:51 +0800] "POST /xingrg/all/common/load_tree.html?tree=area_rest_tree_json&manage=1 HTTP/1.1" 200 476
58.39.61.91 - - [06/May/2022:10:01:51 +0800] "GET /xingrg/images/blue/pingpu.png HTTP/1.1" 304 -
58.39.61.91 - - [06/May/2022:10:01:51 +0800] "GET /xingrg/javascript/jquery_easy_ui/themes/default/images/tabs_rightarrow.png HTTP/1.1" 304 -
58.39.61.91 - - [06/May/2022:10:01:51 +0800] "GET /xingrg/javascript/jquery_easy_ui/themes/default/images/tabs_leftarrow.png HTTP/1.1" 304 -
58.39.61.91 - - [06/May/2022:10:01:51 +0800] "GET /xingrg/javascript/jquery_easy_ui/themes/default/images/panel_tool_collapse.gif HTTP/1.1" 304 -
58.39.61.91 - - [06/May/2022:10:01:52 +0800] "GET /xingrg/all/function/internal_message.html?_=1651802474341&CODE_STATE=count HTTP/1.1" 200 11
58.39.61.91 - - [06/May/2022:10:01:52 +0800] "GET /xingrg/check_reg.html?_=1651802474343 HTTP/1.1" 200 22
58.39.61.91 - - [06/May/2022:10:01:52 +0800] "GET /xingrg/javascript/jquery_easy_ui/themes/default/images/tree_arrows.gif HTTP/1.1" 304 -
58.39.61.91 - - [06/May/2022:10:01:52 +0800] "POST /xingrg/load_menu.html HTTP/1.1" 200 5138
58.39.61.91 - - [06/May/2022:10:01:52 +0800] "GET /xingrg/javascript/jquery_easy_ui/themes/default/images/tree_folder_open.gif HTTP/1.1" 304 -
58.39.61.91 - - [06/May/2022:10:01:52 +0800] "GET /xingrg/javascript/jquery_easy_ui/themes/icons/search_new.png HTTP/1.1" 304 -
58.39.61.91 - - [06/May/2022:10:01:52 +0800] "GET /xingrg/javascript/jquery_easy_ui/themes/icons/storage_new.png HTTP/1.1" 304 -
58.39.61.91 - - [06/May/2022:10:01:52 +0800] "GET /xingrg/javascript/jquery_easy_ui/themes/icons/forms_new.png HTTP/1.1" 304 -
58.39.61.91 - - [06/May/2022:10:01:52 +0800] "GET /xingrg/javascript/jquery_easy_ui/themes/default/images/tree_folder.gif HTTP/1.1" 304 -
58.39.61.91 - - [06/May/2022:10:01:52 +0800] "GET /xingrg/javascript/jquery_easy_ui/themes/default/images/tree_file.gif HTTP/1.1" 304 -
180.157.251.97 - - [06/May/2022:10:01:52 +0800] "GET /xingrg/all/function/internal_message.html?_=1651802186237&CODE_STATE=getMsg HTTP/1.1" 200 27
58.39.201.47 - - [06/May/2022:10:01:53 +0800] "GET /xingrg/kc/buy/cgsh_order_operate.html?command=get_materiel&rest_code=00105&code=00101020305&supplier_code=00100313&order_time=2022-05-06 HTTP/1.1" 200 416
58.39.201.47 - - [06/May/2022:10:02:12 +0800] "GET /xingrg/kc/buy/cgsh_order_operate.html?command=get_materiel&rest_code=00105&code=00101001179&supplier_code=00100313&order_time=2022-05-06 HTTP/1.1" 200 419
58.39.201.47 - - [06/May/2022:10:02:13 +0800] "GET /xingrg/all/function/internal_message.html?_=1651802535167&CODE_STATE=getMsg HTTP/1.1" 200 27
114.83.221.137 - - [06/May/2022:10:02:18 +0800] "GET /xingrg/login.html?sysBaseUrl=http%3A%2F%2F180.169.147.146%3A18081%2Fxingrg%2F&costTime=31×tamp=1615347190560 HTTP/1.1" 200 7641
114.83.221.137 - - [06/May/2022:10:02:18 +0800] "GET /favicon.ico HTTP/1.1" 404 -
114.83.221.137 - - [06/May/2022:10:02:19 +0800] "POST /xingrg/login.do HTTP/1.1" 302 -
114.83.221.137 - - [06/May/2022:10:02:19 +0800] "GET /xingrg/index.html?sysBaseUrl=http%3A%2F%2F180.169.147.146%3A18081%2Fxingrg%2F&costTime=54×tamp=1651802539721 HTTP/1.1" 200 17179
114.83.221.137 - - [06/May/2022:10:02:19 +0800] "GET /favicon.ico HTTP/1.1" 404 -
114.83.221.137 - - [06/May/2022:10:02:19 +0800] "POST /xingrg/all/common/load_tree.html?tree=area_rest_tree_json&manage=1 HTTP/1.1" 200 351
114.83.221.137 - - [06/May/2022:10:02:20 +0800] "POST /xingrg/load_menu.html HTTP/1.1" 200 5138
114.83.221.137 - - [06/May/2022:10:02:20 +0800] "GET /xingrg/all/function/internal_message.html?_=1651802536352&CODE_STATE=count HTTP/1.1" 200 11
58.39.201.47 - - [06/May/2022:10:02:20 +0800] "GET /xingrg/kc/buy/cgsh_order_operate.html?command=get_materiel&rest_code=00105&code=00101001060&supplier_code=00100313&order_time=2022-05-06 HTTP/1.1" 200 421
114.83.221.137 - - [06/May/2022:10:02:20 +0800] "GET /xingrg/check_reg.html?_=1651802536353 HTTP/1.1" 200 22
114.83.221.137 - - [06/May/2022:10:02:24 +0800] "GET /xingrg/kc/mdqp/pssh_order_list.html HTTP/1.1" 200 17862
114.83.221.137 - - [06/May/2022:10:02:25 +0800] "POST /xingrg/kc/mdqp/pssh_list_operate.html HTTP/1.1" 200 5397
114.83.221.137 - - [06/May/2022:10:02:27 +0800] "POST /xingrg/kc/mdqp/pssh_list_operate.html HTTP/1.1" 200 828
114.83.221.137 - - [06/May/2022:10:02:27 +0800] "GET /xingrg/kc/mdqp/pssh_order_info.html?code=312022050400118 HTTP/1.1" 200 17301
114.83.221.137 - - [06/May/2022:10:02:27 +0800] "GET /xingrg/javascript/jquery_tools/jquery-1.4.2.min.js HTTP/1.1" 404 1094
114.83.221.137 - - [06/May/2022:10:02:27 +0800] "GET /xingrg/words/20220505102901_words.js HTTP/1.1" 304 -
114.83.221.137 - - [06/May/2022:10:02:27 +0800] "POST /xingrg/kc/mdqp/pssh_order_operate.html HTTP/1.1" 200 5949
114.83.221.137 - - [06/May/2022:10:02:27 +0800] "GET /xingrg/all/common/auto_word.html?type=base&rest_code=00149&rest_code=00149 HTTP/1.1" 200 1907
114.83.221.137 - - [06/May/2022:10:02:27 +0800] "GET /xingrg/javascript/easyui/themes/default/validatebox.css HTTP/1.1" 404 1104
114.83.221.137 - - [06/May/2022:10:02:27 +0800] "GET /xingrg/all/common/auto_word.html?type=employee&rest_code=00149 HTTP/1.1" 200 197
114.83.221.137 - - [06/May/2022:10:02:29 +0800] "POST /xingrg/all/common/load_combo.html?type=base&rest_code=00149 HTTP/1.1" 200 3409
58.39.61.91 - - [06/May/2022:10:02:33 +0800] "GET /xingrg/javascript/jquery_easy_ui/themes/icons/rest.png HTTP/1.1" 304 -
58.39.61.91 - - [06/May/2022:10:02:33 +0800] "GET /xingrg/javascript/jquery_easy_ui/themes/icons/area.png HTTP/1.1" 304 -
58.39.61.91 - - [06/May/2022:10:02:33 +0800] "GET /xingrg/javascript/jquery_easy_ui/themes/default/images/button_a_bg.gif HTTP/1.1" 304 -
58.39.61.91 - - [06/May/2022:10:02:33 +0800] "GET /xingrg/javascript/jquery_easy_ui/themes/default/images/button_span_bg.gif HTTP/1.1" 304 -
58.39.61.91 - - [06/May/2022:10:02:33 +0800] "GET /xingrg/javascript/jquery_easy_ui/themes/icons/ok.png HTTP/1.1" 304 -
58.39.61.91 - - [06/May/2022:10:02:33 +0800] "GET /xingrg/javascript/jquery_easy_ui/themes/default/images/panel_tools.gif HTTP/1.1" 304 -
58.39.61.91 - - [06/May/2022:10:02:33 +0800] "GET /xingrg/javascript/jquery_easy_ui/themes/default/images/panel_title.png HTTP/1.1" 304 -
114.83.221.137 - - [06/May/2022:10:02:35 +0800] "POST /xingrg/all/common/load_combo.html?type=employee HTTP/1.1" 200 359
58.39.61.91 - - [06/May/2022:10:02:35 +0800] "GET /xingrg/images/control/ajaxLoader.gif HTTP/1.1" 304 -
58.39.61.91 - - [06/May/2022:10:02:35 +0800] "POST /xingrg/all/user/operate.html HTTP/1.1" 200 36
58.39.61.91 - - [06/May/2022:10:02:35 +0800] "GET /xingrg/javascript/jquery_easy_ui/themes/default/easyui.css HTTP/1.1" 304 -
58.39.61.91 - - [06/May/2022:10:02:35 +0800] "GET /xingrg/index.html?sysBaseUrl=http%3A%2F%2F180.169.147.146%3A18081%2Fxingrg%2F&costTime=44×tamp=1651802511370 HTTP/1.1" 200 17177
58.39.61.91 - - [06/May/2022:10:02:35 +0800] "GET /xingrg/javascript/jquery_easy_ui/themes/icon.css HTTP/1.1" 304 -
58.39.61.91 - - [06/May/2022:10:02:36 +0800] "GET /xingrg/css/form.css HTTP/1.1" 304 -
58.39.61.91 - - [06/May/2022:10:02:36 +0800] "GET /xingrg/javascript/jquery-1.4.2.min.js HTTP/1.1" 304 -
58.39.61.91 - - [06/May/2022:10:02:36 +0800] "GET /xingrg/javascript/jquery_easy_ui/jquery.easyui.min.js HTTP/1.1" 304 -
58.39.61.91 - - [06/May/2022:10:02:36 +0800] "GET /xingrg/javascript/jquery_easy_ui/easyui-lang-zh_CN.js HTTP/1.1" 304 -
58.39.61.91 - - [06/May/2022:10:02:36 +0800] "GET /xingrg/javascript/jquery.form.js HTTP/1.1" 304 -
58.39.61.91 - - [06/May/2022:10:02:36 +0800] "GET /xingrg/javascript/jquery.utils.js HTTP/1.1" 304 -
58.39.61.91 - - [06/May/2022:10:02:36 +0800] "GET /xingrg/javascript/jquery.timers.js HTTP/1.1" 304 -
58.39.61.91 - - [06/May/2022:10:02:36 +0800] "GET /xingrg/images/blue/navBackgound.jpg HTTP/1.1" 304 -
58.39.61.91 - - [06/May/2022:10:02:36 +0800] "GET /xingrg/images/blue/jxLogo.png HTTP/1.1" 304 -
58.39.61.91 - - [06/May/2022:10:02:36 +0800] "GET /xingrg/javascript/jquery_easy_ui/themes/icons/settle_new.png HTTP/1.1" 304 -
58.39.61.91 - - [06/May/2022:10:02:36 +0800] "POST /xingrg/all/common/load_tree.html?tree=area_rest_tree_json&manage=1 HTTP/1.1" 200 476
58.39.61.91 - - [06/May/2022:10:02:36 +0800] "GET /xingrg/images/blue/pingpu.png HTTP/1.1" 304 -
58.39.61.91 - - [06/May/2022:10:02:36 +0800] "GET /xingrg/javascript/jquery_easy_ui/themes/default/images/tabs_leftarrow.png HTTP/1.1" 304 -
58.39.61.91 - - [06/May/2022:10:02:36 +0800] "GET /xingrg/javascript/jquery_easy_ui/themes/default/images/tabs_rightarrow.png HTTP/1.1" 304 -
58.39.61.91 - - [06/May/2022:10:02:36 +0800] "GET /xingrg/javascript/jquery_easy_ui/themes/default/images/panel_tool_collapse.gif HTTP/1.1" 304 -
58.39.61.91 - - [06/May/2022:10:02:36 +0800] "GET /xingrg/all/function/internal_message.html?_=1651802518318&CODE_STATE=count HTTP/1.1" 200 11
58.39.61.91 - - [06/May/2022:10:02:36 +0800] "GET /xingrg/check_reg.html?_=1651802518318 HTTP/1.1" 200 22
58.39.61.91 - - [06/May/2022:10:02:36 +0800] "POST /xingrg/load_menu.html HTTP/1.1" 200 5138
58.39.201.47 - - [06/May/2022:10:02:36 +0800] "GET /xingrg/kc/buy/cgsh_order_operate.html?command=get_materiel&rest_code=00105&code=00102026001&supplier_code=00100313&order_time=2022-05-06 HTTP/1.1" 200 410
114.83.221.137 - - [06/May/2022:10:02:38 +0800] "POST /xingrg/kc/mdqp/pssh_order_operate.html HTTP/1.1" 200 37
218.81.223.53 - - [06/May/2022:10:02:38 +0800] "GET /xingrg/all/function/internal_message.html?_=1651802536243&CODE_STATE=getMsg HTTP/1.1" 200 27
114.83.221.137 - - [06/May/2022:10:02:39 +0800] "POST /xingrg/kc/mdqp/pssh_order_operate.html HTTP/1.1" 200 12
114.83.221.137 - - [06/May/2022:10:02:39 +0800] "GET /xingrg/kc/mdqp/pssh_order_info.html?code=312022050400118 HTTP/1.1" 200 14392
114.83.221.137 - - [06/May/2022:10:02:39 +0800] "GET /xingrg/javascript/jquery_tools/jquery-1.4.2.min.js HTTP/1.1" 404 1094
114.83.221.137 - - [06/May/2022:10:02:40 +0800] "POST /xingrg/kc/mdqp/pssh_order_operate.html HTTP/1.1" 200 5949
114.83.221.137 - - [06/May/2022:10:02:40 +0800] "GET /xingrg/javascript/easyui/themes/default/validatebox.css HTTP/1.1" 404 1104
114.88.156.203 - - [06/May/2022:10:02:40 +0800] "POST /xingrg/services/DataTransmitService HTTP/1.1" 200 524
114.83.221.137 - - [06/May/2022:10:02:41 +0800] "GET /xingrg/kc/mdqp/pssh_order_list.html?isBack=1 HTTP/1.1" 200 17862
114.83.221.137 - - [06/May/2022:10:02:41 +0800] "POST /xingrg/kc/mdqp/pssh_list_operate.html HTTP/1.1" 200 5422
114.83.221.137 - - [06/May/2022:10:02:43 +0800] "POST /xingrg/kc/mdqp/pssh_list_operate.html HTTP/1.1" 200 607
116.235.92.88 - - [06/May/2022:10:02:43 +0800] "GET /xingrg/all/function/internal_message.html?_=1651802734006&CODE_STATE=getMsg HTTP/1.1" 200 27
114.83.221.137 - - [06/May/2022:10:02:43 +0800] "GET /xingrg/kc/mdqp/pssh_order_info.html?code=312022050400102 HTTP/1.1" 200 17272
114.83.221.137 - - [06/May/2022:10:02:43 +0800] "GET /xingrg/javascript/jquery_tools/jquery-1.4.2.min.js HTTP/1.1" 404 1094
114.83.221.137 - - [06/May/2022:10:02:43 +0800] "POST /xingrg/kc/mdqp/pssh_order_operate.html HTTP/1.1" 200 2124
114.83.221.137 - - [06/May/2022:10:02:43 +0800] "GET /xingrg/javascript/easyui/themes/default/validatebox.css HTTP/1.1" 404 1104
222.70.180.114 - - [06/May/2022:10:02:46 +0800] "GET /xingrg/all/function/internal_message.html?_=1651802561202&CODE_STATE=getMsg HTTP/1.1" 200 27
222.70.180.114 - - [06/May/2022:10:02:46 +0800] "GET /xingrg/check_reg.html?_=1651802561204 HTTP/1.1" 200 22
180.157.251.97 - - [06/May/2022:10:02:52 +0800] "GET /xingrg/all/function/internal_message.html?_=1651802246235&CODE_STATE=getMsg HTTP/1.1" 200 27
58.39.61.91 - - [06/May/2022:10:03:02 +0800] "GET /xingrg/javascript/jquery_easy_ui/themes/default/images/tabs_close.gif HTTP/1.1" 304 -
58.39.61.91 - - [06/May/2022:10:03:02 +0800] "GET /xingrg/css/base.css HTTP/1.1" 304 -
58.39.61.91 - - [06/May/2022:10:03:02 +0800] "GET /xingrg/javascript/jquery_tools/jquery.tools.hotkey.js HTTP/1.1" 304 -
58.39.61.91 - - [06/May/2022:10:03:02 +0800] "GET /xingrg/javascript/jquery_tools/jquery.tools.table.js HTTP/1.1" 304 -
58.39.61.91 - - [06/May/2022:10:03:02 +0800] "GET /xingrg/kc/buy/cgsh_order_list.html HTTP/1.1" 200 51394
58.39.61.91 - - [06/May/2022:10:03:02 +0800] "GET /xingrg/javascript/jquery_tools/list_manager.js HTTP/1.1" 304 -
58.39.61.91 - - [06/May/2022:10:03:02 +0800] "GET /xingrg/javascript/auto/jquery.autocomplete.js HTTP/1.1" 304 -
58.39.61.91 - - [06/May/2022:10:03:02 +0800] "GET /xingrg/javascript/jquery_tools/jquery.tools.min.js HTTP/1.1" 304 -
58.39.61.91 - - [06/May/2022:10:03:02 +0800] "GET /xingrg/javascript/easyui/easyloader.js HTTP/1.1" 304 -
58.39.61.91 - - [06/May/2022:10:03:02 +0800] "GET /xingrg/javascript/jquery.cookie.js HTTP/1.1" 304 -
58.39.61.91 - - [06/May/2022:10:03:02 +0800] "GET /xingrg/css/site.css HTTP/1.1" 304 -
58.39.61.91 - - [06/May/2022:10:03:02 +0800] "GET /xingrg/javascript/print/LodopFuncs.js HTTP/1.1" 304 -
58.39.61.91 - - [06/May/2022:10:03:02 +0800] "GET /xingrg/javascript/easyui/themes/default/easyui.css HTTP/1.1" 304 -
58.39.61.91 - - [06/May/2022:10:03:02 +0800] "GET /xingrg/javascript/easyui/themes/icon.css HTTP/1.1" 304 -
58.39.61.91 - - [06/May/2022:10:03:02 +0800] "GET /xingrg/javascript/auto/jquery.autocomplete.css HTTP/1.1" 304 -
58.39.61.91 - - [06/May/2022:10:03:02 +0800] "GET /xingrg/javascript/jquery_tools/datebox.css HTTP/1.1" 304 -
58.39.61.91 - - [06/May/2022:10:03:02 +0800] "GET /xingrg/javascript/jquery_tools/table.css HTTP/1.1" 304 -
58.39.61.91 - - [06/May/2022:10:03:02 +0800] "GET /xingrg/javascript/jquery_tools/fix.css HTTP/1.1" 304 -
58.39.61.91 - - [06/May/2022:10:03:02 +0800] "GET /xingrg/javascript/jquery_tools/jquery.tools.extend.js HTTP/1.1" 304 -
58.39.61.91 - - [06/May/2022:10:03:02 +0800] "GET /xingrg/javascript/easyui/themes/icons/edit_add_new.png HTTP/1.1" 304 -
58.39.61.91 - - [06/May/2022:10:03:02 +0800] "GET /xingrg/javascript/easyui/themes/icons/cance_new.png HTTP/1.1" 304 -
58.39.61.91 - - [06/May/2022:10:03:02 +0800] "GET /xingrg/javascript/easyui/themes/icons/check_new.png HTTP/1.1" 304 -
58.39.61.91 - - [06/May/2022:10:03:02 +0800] "GET /xingrg/javascript/easyui/themes/icons/import_new.png HTTP/1.1" 304 -
58.39.61.91 - - [06/May/2022:10:03:02 +0800] "GET /xingrg/javascript/easyui/themes/icons/field_new.png HTTP/1.1" 304 -
58.39.61.91 - - [06/May/2022:10:03:02 +0800] "GET /xingrg/javascript/easyui/plugins/jquery.parser.js HTTP/1.1" 304 -
58.39.61.91 - - [06/May/2022:10:03:03 +0800] "POST /xingrg/kc/buy/cgsh_list_operate.html HTTP/1.1" 200 876
58.39.61.91 - - [06/May/2022:10:03:03 +0800] "GET /xingrg/javascript/easyui/themes/default/images/button_plain_hover.png HTTP/1.1" 304 -
114.83.221.137 - - [06/May/2022:10:03:05 +0800] "GET /xingrg/kc/mdqp/pssh_order_list.html?isBack=1 HTTP/1.1" 200 17862
58.221.95.50 - - [06/May/2022:10:03:05 +0800] "GET /xingrg/check_reg.html?_=1651802582498 HTTP/1.1" 302 -
114.83.221.137 - - [06/May/2022:10:03:05 +0800] "POST /xingrg/kc/mdqp/pssh_list_operate.html HTTP/1.1" 200 5422
58.39.61.91 - - [06/May/2022:10:03:05 +0800] "POST /xingrg/services/DataTransmitService HTTP/1.1" 200 524
114.83.221.137 - - [06/May/2022:10:03:06 +0800] "POST /xingrg/kc/mdqp/pssh_list_operate.html HTTP/1.1" 200 476
58.39.201.47 - - [06/May/2022:10:03:08 +0800] "POST /xingrg/kc/buy/cgsh_order_operate.html HTTP/1.1" 200 37
58.39.201.47 - - [06/May/2022:10:03:10 +0800] "POST /xingrg/kc/buy/cgsh_order_operate.html HTTP/1.1" 200 5673
114.83.221.137 - - [06/May/2022:10:03:10 +0800] "POST /xingrg/kc/mdqp/pssh_list_operate.html HTTP/1.1" 200 1578
114.83.221.137 - - [06/May/2022:10:03:10 +0800] "GET /xingrg/kc/mdqp/pssh_order_info.html?code=312022050300054 HTTP/1.1" 200 17250
114.83.221.137 - - [06/May/2022:10:03:10 +0800] "GET /xingrg/javascript/jquery_tools/jquery-1.4.2.min.js HTTP/1.1" 404 1094
114.83.221.137 - - [06/May/2022:10:03:10 +0800] "POST /xingrg/kc/mdqp/pssh_order_operate.html HTTP/1.1" 200 1600
114.83.221.137 - - [06/May/2022:10:03:10 +0800] "GET /xingrg/javascript/easyui/themes/default/validatebox.css HTTP/1.1" 404 1104
58.39.201.47 - - [06/May/2022:10:03:11 +0800] "GET /xingrg/kc/print/load_config.html?kc_code=cgsh HTTP/1.1" 200 1943
58.39.201.47 - - [06/May/2022:10:03:11 +0800] "GET /xingrg/kc/print/load_data.html?order_code=212022050600363&kc_code=cgsh&condition= HTTP/1.1" 200 1858
58.39.201.47 - - [06/May/2022:10:03:13 +0800] "GET /xingrg/javascript/jquery_tools/images/prev.gif HTTP/1.1" 404 1086
58.39.201.47 - - [06/May/2022:10:03:13 +0800] "GET /xingrg/javascript/jquery_tools/images/next.gif HTTP/1.1" 404 1086
58.39.201.47 - - [06/May/2022:10:03:13 +0800] "GET /xingrg/all/function/internal_message.html?_=1651802595168&CODE_STATE=getMsg HTTP/1.1" 200 27
58.39.201.47 - - [06/May/2022:10:03:19 +0800] "POST /xingrg/kc/buy/cgsh_order_operate.html HTTP/1.1" 200 37
114.83.221.137 - - [06/May/2022:10:03:19 +0800] "GET /xingrg/kc/mdqp/pssh_order_list.html?isBack=1 HTTP/1.1" 200 17862
114.83.221.137 - - [06/May/2022:10:03:19 +0800] "POST /xingrg/kc/mdqp/pssh_list_operate.html HTTP/1.1" 200 5422
114.83.221.137 - - [06/May/2022:10:03:20 +0800] "GET /xingrg/all/function/internal_message.html?_=1651802596373&CODE_STATE=getMsg HTTP/1.1" 200 27
58.39.201.47 - - [06/May/2022:10:03:20 +0800] "POST /xingrg/kc/buy/cgsh_order_operate.html HTTP/1.1" 200 5673
114.83.221.137 - - [06/May/2022:10:03:23 +0800] "POST /xingrg/kc/mdqp/pssh_list_operate.html HTTP/1.1" 200 607
58.39.201.47 - - [06/May/2022:10:03:23 +0800] "GET /xingrg/index.html?sysBaseUrl=http%3A%2F%2F180.169.147.146%3A18081%2Fxingrg%2F&costTime=36×tamp=1585222720700 HTTP/1.1" 200 17173
114.83.221.137 - - [06/May/2022:10:03:23 +0800] "POST /xingrg/kc/mdqp/pssh_list_operate.html HTTP/1.1" 200 1578
114.83.221.137 - - [06/May/2022:10:03:23 +0800] "GET /xingrg/kc/mdqp/pssh_order_info.html?code=312022050400102 HTTP/1.1" 200 17272
58.39.201.47 - - [06/May/2022:10:03:23 +0800] "POST /xingrg/all/common/load_tree.html?tree=area_rest_tree_json&manage=1 HTTP/1.1" 200 3472
114.83.221.137 - - [06/May/2022:10:03:23 +0800] "GET /xingrg/javascript/jquery_tools/jquery-1.4.2.min.js HTTP/1.1" 404 1094
58.39.201.47 - - [06/May/2022:10:03:23 +0800] "GET /favicon.ico HTTP/1.1" 404 -
58.39.201.47 - - [06/May/2022:10:03:24 +0800] "GET /xingrg/check_reg.html?_=1651802605173 HTTP/1.1" 200 22
58.39.201.47 - - [06/May/2022:10:03:24 +0800] "GET /xingrg/all/function/internal_message.html?_=1651802605172&CODE_STATE=count HTTP/1.1" 200 11
58.39.201.47 - - [06/May/2022:10:03:24 +0800] "POST /xingrg/load_menu.html HTTP/1.1" 200 5138
114.83.221.137 - - [06/May/2022:10:03:24 +0800] "POST /xingrg/kc/mdqp/pssh_order_operate.html HTTP/1.1" 200 2124
114.83.221.137 - - [06/May/2022:10:03:24 +0800] "GET /xingrg/javascript/easyui/themes/default/validatebox.css HTTP/1.1" 404 1104
58.39.201.47 - - [06/May/2022:10:03:28 +0800] "GET /xingrg/kc/buy/cgsh_order_list.html HTTP/1.1" 200 51390
58.39.201.47 - - [06/May/2022:10:03:31 +0800] "POST /xingrg/kc/buy/cgsh_list_operate.html HTTP/1.1" 200 1696
58.39.61.91 - - [06/May/2022:10:03:31 +0800] "GET /xingrg/kc/buy/cgsh_order_list.html HTTP/1.1" 200 51394
58.39.61.91 - - [06/May/2022:10:03:32 +0800] "POST /xingrg/kc/buy/cgsh_list_operate.html HTTP/1.1" 200 876
58.39.201.47 - - [06/May/2022:10:03:33 +0800] "POST /xingrg/kc/buy/cgsh_list_operate.html HTTP/1.1" 200 588
58.39.201.47 - - [06/May/2022:10:03:33 +0800] "GET /xingrg/kc/buy/cgsh_order_info.html?code=212022050600363 HTTP/1.1" 200 67267
58.39.61.91 - - [06/May/2022:10:03:33 +0800] "GET /xingrg/kc/buy/cgsh_order_add.html HTTP/1.1" 200 66782
58.39.61.91 - - [06/May/2022:10:03:33 +0800] "GET /xingrg/javascript/pic_change.js HTTP/1.1" 304 -
58.39.61.91 - - [06/May/2022:10:03:33 +0800] "GET /xingrg/javascript/jquery_tools/order_manager.js HTTP/1.1" 304 -
58.39.61.91 - - [06/May/2022:10:03:33 +0800] "GET /xingrg/javascript/json2.js HTTP/1.1" 304 -
58.39.61.91 - - [06/May/2022:10:03:33 +0800] "GET /xingrg/javascript/print/kc_print.js HTTP/1.1" 304 -
58.39.201.47 - - [06/May/2022:10:03:33 +0800] "GET /xingrg/all/common/auto_word.html?type=employee&rest_code=00105 HTTP/1.1" 200 193
58.39.201.47 - - [06/May/2022:10:03:33 +0800] "GET /xingrg/all/common/auto_word.html?type=employee&rest_code=00105 HTTP/1.1" 200 193
58.39.201.47 - - [06/May/2022:10:03:33 +0800] "GET /xingrg/javascript/easyui/themes/default/validatebox.css HTTP/1.1" 404 1104
58.39.61.91 - - [06/May/2022:10:03:33 +0800] "GET /xingrg/javascript/convert.js HTTP/1.1" 304 -
58.39.61.91 - - [06/May/2022:10:03:33 +0800] "GET /xingrg/words/20220505102901_words.js HTTP/1.1" 200 895190
58.39.61.91 - - [06/May/2022:10:03:33 +0800] "GET /xingrg/javascript/easyui/themes/icons/copy_new.png HTTP/1.1" 304 -
58.39.61.91 - - [06/May/2022:10:03:33 +0800] "GET /xingrg/javascript/easyui/themes/icons/template_new.png HTTP/1.1" 304 -
58.39.61.91 - - [06/May/2022:10:03:33 +0800] "GET /xingrg/javascript/easyui/themes/icons/ok.png HTTP/1.1" 304 -
58.39.61.91 - - [06/May/2022:10:03:33 +0800] "GET /xingrg/javascript/easyui/themes/icons/print.png HTTP/1.1" 304 -
58.39.61.91 - - [06/May/2022:10:03:33 +0800] "GET /xingrg/javascript/easyui/themes/default/images/menu_downarrow.png HTTP/1.1" 304 -
58.39.61.91 - - [06/May/2022:10:03:33 +0800] "GET /xingrg/javascript/easyui/themes/icons/cancel.png HTTP/1.1" 304 -
58.39.201.47 - - [06/May/2022:10:03:34 +0800] "POST /xingrg/kc/buy/cgsh_order_operate.html HTTP/1.1" 200 5673
58.39.61.91 - - [06/May/2022:10:03:34 +0800] "POST /xingrg/kc/buy/cgsh_order_operate.html HTTP/1.1" 200 8245
58.39.61.91 - - [06/May/2022:10:03:34 +0800] "GET /xingrg/all/common/auto_word.html?type=employee&rest_code=00151 HTTP/1.1" 200 293
58.39.61.91 - - [06/May/2022:10:03:34 +0800] "GET /xingrg/all/common/auto_word.html?type=employee&rest_code=00151 HTTP/1.1" 200 293
58.39.61.91 - - [06/May/2022:10:03:34 +0800] "GET /xingrg/javascript/easyui/themes/icons/edit_remove.png HTTP/1.1" 304 -
58.39.61.91 - - [06/May/2022:10:03:34 +0800] "GET /xingrg/javascript/easyui/themes/default/validatebox.css HTTP/1.1" 404 1104
58.39.61.91 - - [06/May/2022:10:03:34 +0800] "GET /xingrg/javascript/easyui/plugins/jquery.validatebox.js HTTP/1.1" 304 -
58.39.61.91 - - [06/May/2022:10:03:34 +0800] "GET /xingrg/javascript/easyui/plugins/jquery.numberbox.js HTTP/1.1" 304 -
58.39.201.47 - - [06/May/2022:10:03:35 +0800] "GET /xingrg/kc/print/load_config.html?kc_code=cgsh HTTP/1.1" 200 1943
58.39.201.47 - - [06/May/2022:10:03:35 +0800] "GET /xingrg/kc/print/load_data.html?order_code=212022050600363&kc_code=cgsh&condition= HTTP/1.1" 200 1858
