58.39.201.47 - - [06/May/2022:15:48:43 +0800] "GET /xingrg/kc/buy/cgsh_order_operate.html?command=get_materiel&rest_code=00105&code=00101010202&supplier_code=00100313&order_time=2022-05-06 HTTP/1.1" 200 415
58.39.61.91 - - [06/May/2022:15:48:44 +0800] "GET /xingrg/all/function/internal_message.html?_=1651823285781&CODE_STATE=getMsg HTTP/1.1" 200 27
116.235.92.88 - - [06/May/2022:15:48:44 +0800] "GET /xingrg/all/function/internal_message.html?_=1651823494493&CODE_STATE=getMsg HTTP/1.1" 200 27
101.85.120.86 - - [06/May/2022:15:48:45 +0800] "GET /xingrg/all/function/internal_message.html?_=1651823320303&CODE_STATE=getMsg HTTP/1.1" 200 27
101.87.185.179 - - [06/May/2022:15:48:49 +0800] "GET /xingrg/all/function/internal_message.html?_=1651823327056&CODE_STATE=getMsg HTTP/1.1" 200 27
222.70.180.114 - - [06/May/2022:15:48:51 +0800] "GET /xingrg/all/function/internal_message.html?_=1651823325766&CODE_STATE=getMsg HTTP/1.1" 200 27
222.70.180.114 - - [06/May/2022:15:48:54 +0800] "GET /xingrg/check_reg.html?_=1651823329185 HTTP/1.1" 200 22
218.81.223.53 - - [06/May/2022:15:49:00 +0800] "GET /xingrg/all/function/internal_message.html?_=1651823318446&CODE_STATE=getMsg HTTP/1.1" 200 27
116.233.73.235 - - [06/May/2022:15:49:07 +0800] "GET /xingrg/all/function/internal_message.html?_=1651823357767&CODE_STATE=getMsg HTTP/1.1" 200 27
183.192.90.64 - - [06/May/2022:15:49:18 +0800] "GET /xingrg/all/function/internal_message.html?_=1651823361744&CODE_STATE=getMsg HTTP/1.1" 200 27
180.162.25.135 - - [06/May/2022:15:49:24 +0800] "GET /xingrg/all/function/internal_message.html?_=1651823361407&CODE_STATE=getMsg HTTP/1.1" 200 27
58.39.201.47 - - [06/May/2022:15:49:24 +0800] "GET /xingrg/all/function/internal_message.html?_=1651823365802&CODE_STATE=getMsg HTTP/1.1" 200 27
58.39.201.47 - - [06/May/2022:15:49:39 +0800] "GET /xingrg/all/function/internal_message.html?_=1651823304355&CODE_STATE=getMsg HTTP/1.1" 200 27
180.157.251.97 - - [06/May/2022:15:49:40 +0800] "GET /xingrg/all/function/internal_message.html?_=1651823053810&CODE_STATE=getMsg HTTP/1.1" 200 27
180.157.251.97 - - [06/May/2022:15:49:42 +0800] "GET /xingrg/check_reg.html?_=1651823055729 HTTP/1.1" 200 22
116.235.92.88 - - [06/May/2022:15:49:44 +0800] "GET /xingrg/all/function/internal_message.html?_=1651823554492&CODE_STATE=getMsg HTTP/1.1" 200 27
58.39.61.91 - - [06/May/2022:15:49:44 +0800] "GET /xingrg/all/function/internal_message.html?_=1651823345836&CODE_STATE=getMsg HTTP/1.1" 200 27
101.85.120.86 - - [06/May/2022:15:49:44 +0800] "GET /xingrg/check_reg.html?_=1651823380288 HTTP/1.1" 200 22
101.85.120.86 - - [06/May/2022:15:49:45 +0800] "GET /xingrg/all/function/internal_message.html?_=1651823380290&CODE_STATE=getMsg HTTP/1.1" 200 27
101.87.185.179 - - [06/May/2022:15:49:49 +0800] "GET /xingrg/check_reg.html?_=1651823387064 HTTP/1.1" 200 22
101.87.185.179 - - [06/May/2022:15:49:49 +0800] "GET /xingrg/all/function/internal_message.html?_=1651823387059&CODE_STATE=getMsg HTTP/1.1" 200 27
222.70.180.114 - - [06/May/2022:15:49:51 +0800] "GET /xingrg/all/function/internal_message.html?_=1651823385737&CODE_STATE=getMsg HTTP/1.1" 200 27
58.39.201.47 - - [06/May/2022:15:49:52 +0800] "GET /xingrg/kc/buy/cgsh_order_operate.html?command=get_materiel&rest_code=00105&code=00101010565&supplier_code=00100313&order_time=2022-05-06 HTTP/1.1" 200 428
58.221.95.50 - - [06/May/2022:15:50:00 +0800] "GET /xingrg/check_reg.html?_=1651823397199 HTTP/1.1" 302 -
218.81.223.53 - - [06/May/2022:15:50:00 +0800] "GET /xingrg/all/function/internal_message.html?_=1651823378622&CODE_STATE=getMsg HTTP/1.1" 200 27
58.39.201.47 - - [06/May/2022:15:50:00 +0800] "GET /xingrg/kc/buy/cgsh_order_operate.html?command=get_materiel&rest_code=00105&code=00101020305&supplier_code=00100313&order_time=2022-05-06 HTTP/1.1" 200 416
116.233.73.235 - - [06/May/2022:15:50:07 +0800] "GET /xingrg/all/function/internal_message.html?_=1651823417771&CODE_STATE=getMsg HTTP/1.1" 200 27
183.192.90.64 - - [06/May/2022:15:50:18 +0800] "GET /xingrg/check_reg.html?_=1651823421511 HTTP/1.1" 200 22
183.192.90.64 - - [06/May/2022:15:50:18 +0800] "GET /xingrg/all/function/internal_message.html?_=1651823421742&CODE_STATE=getMsg HTTP/1.1" 200 27
180.162.25.135 - - [06/May/2022:15:50:24 +0800] "GET /xingrg/all/function/internal_message.html?_=1651823421409&CODE_STATE=getMsg HTTP/1.1" 200 27
58.39.201.47 - - [06/May/2022:15:50:24 +0800] "GET /xingrg/all/function/internal_message.html?_=1651823425799&CODE_STATE=getMsg HTTP/1.1" 200 27
218.81.223.53 - - [06/May/2022:15:50:31 +0800] "GET /xingrg/check_reg.html?_=1651823410175 HTTP/1.1" 200 22
58.39.201.47 - - [06/May/2022:15:50:39 +0800] "GET /xingrg/all/function/internal_message.html?_=1651823364355&CODE_STATE=getMsg HTTP/1.1" 200 27
180.157.251.97 - - [06/May/2022:15:50:40 +0800] "GET /xingrg/all/function/internal_message.html?_=1651823113779&CODE_STATE=getMsg HTTP/1.1" 200 27
116.235.92.88 - - [06/May/2022:15:50:44 +0800] "GET /xingrg/all/function/internal_message.html?_=1651823614490&CODE_STATE=getMsg HTTP/1.1" 200 27
58.39.61.91 - - [06/May/2022:15:50:44 +0800] "GET /xingrg/all/function/internal_message.html?_=1651823405839&CODE_STATE=getMsg HTTP/1.1" 200 27
101.85.120.86 - - [06/May/2022:15:50:44 +0800] "GET /xingrg/all/function/internal_message.html?_=1651823440290&CODE_STATE=getMsg HTTP/1.1" 200 27
101.87.185.179 - - [06/May/2022:15:50:49 +0800] "GET /xingrg/all/function/internal_message.html?_=1651823447068&CODE_STATE=getMsg HTTP/1.1" 200 27
222.70.180.114 - - [06/May/2022:15:50:51 +0800] "GET /xingrg/all/function/internal_message.html?_=1651823445721&CODE_STATE=getMsg HTTP/1.1" 200 27
58.39.201.47 - - [06/May/2022:15:50:58 +0800] "POST /xingrg/kc/buy/cgsh_list_operate.html HTTP/1.1" 200 5448
218.81.223.53 - - [06/May/2022:15:51:00 +0800] "GET /xingrg/all/function/internal_message.html?_=1651823438630&CODE_STATE=getMsg HTTP/1.1" 200 27
58.39.201.47 - - [06/May/2022:15:51:04 +0800] "POST /xingrg/kc/buy/cgsh_list_operate.html HTTP/1.1" 200 501
58.39.201.47 - - [06/May/2022:15:51:05 +0800] "POST /xingrg/kc/buy/cgsh_list_operate.html HTTP/1.1" 200 576
116.233.73.235 - - [06/May/2022:15:51:07 +0800] "GET /xingrg/all/function/internal_message.html?_=1651823477771&CODE_STATE=getMsg HTTP/1.1" 200 27
58.39.201.47 - - [06/May/2022:15:51:10 +0800] "POST /xingrg/kc/buy/cgsh_list_operate.html HTTP/1.1" 200 584
58.39.201.47 - - [06/May/2022:15:51:14 +0800] "POST /xingrg/kc/buy/cgsh_list_operate.html HTTP/1.1" 200 576
58.39.201.47 - - [06/May/2022:15:51:17 +0800] "POST /xingrg/kc/buy/cgsh_list_operate.html HTTP/1.1" 200 588
114.83.221.137 - - [06/May/2022:15:51:17 +0800] "POST /xingrg/services/DataTransmitService HTTP/1.1" 200 524
183.192.90.64 - - [06/May/2022:15:51:18 +0800] "GET /xingrg/all/function/internal_message.html?_=1651823481738&CODE_STATE=getMsg HTTP/1.1" 200 27
58.39.201.47 - - [06/May/2022:15:51:21 +0800] "POST /xingrg/kc/buy/cgsh_list_operate.html HTTP/1.1" 200 583
58.39.201.47 - - [06/May/2022:15:51:23 +0800] "POST /xingrg/kc/buy/cgsh_list_operate.html HTTP/1.1" 200 582
180.162.25.135 - - [06/May/2022:15:51:24 +0800] "GET /xingrg/all/function/internal_message.html?_=1651823481425&CODE_STATE=getMsg HTTP/1.1" 200 27
180.162.25.135 - - [06/May/2022:15:51:24 +0800] "GET /xingrg/check_reg.html?_=1651823481426 HTTP/1.1" 200 22
58.39.201.47 - - [06/May/2022:15:51:24 +0800] "GET /xingrg/all/function/internal_message.html?_=1651823485786&CODE_STATE=getMsg HTTP/1.1" 200 27
58.39.201.47 - - [06/May/2022:15:51:30 +0800] "POST /xingrg/kc/buy/cgsh_list_operate.html HTTP/1.1" 200 2508
58.39.201.47 - - [06/May/2022:15:51:32 +0800] "POST /xingrg/kc/buy/cgsh_list_operate.html HTTP/1.1" 200 501
58.39.201.47 - - [06/May/2022:15:51:38 +0800] "GET /xingrg/kc/buy/cgsh_order_info.html?code=212022050300160 HTTP/1.1" 200 62214
58.39.201.47 - - [06/May/2022:15:51:38 +0800] "GET /xingrg/javascript/easyui/themes/default/validatebox.css HTTP/1.1" 404 1104
58.39.201.47 - - [06/May/2022:15:51:39 +0800] "POST /xingrg/kc/buy/cgsh_order_operate.html HTTP/1.1" 200 3005
58.39.201.47 - - [06/May/2022:15:51:39 +0800] "GET /xingrg/all/function/internal_message.html?_=1651823424355&CODE_STATE=getMsg HTTP/1.1" 200 27
180.157.251.97 - - [06/May/2022:15:51:40 +0800] "GET /xingrg/all/function/internal_message.html?_=1651823173779&CODE_STATE=getMsg HTTP/1.1" 200 27
116.235.92.88 - - [06/May/2022:15:51:44 +0800] "GET /xingrg/all/function/internal_message.html?_=1651823674488&CODE_STATE=getMsg HTTP/1.1" 200 27
116.235.92.88 - - [06/May/2022:15:51:44 +0800] "GET /xingrg/check_reg.html?_=1651823674489 HTTP/1.1" 200 22
58.39.61.91 - - [06/May/2022:15:51:44 +0800] "GET /xingrg/all/function/internal_message.html?_=1651823465898&CODE_STATE=getMsg HTTP/1.1" 200 27
58.39.201.47 - - [06/May/2022:15:51:44 +0800] "POST /xingrg/kc/buy/cgsh_list_operate.html HTTP/1.1" 200 2508
101.85.120.86 - - [06/May/2022:15:51:44 +0800] "GET /xingrg/all/function/internal_message.html?_=1651823500290&CODE_STATE=getMsg HTTP/1.1" 200 27
58.39.201.47 - - [06/May/2022:15:51:46 +0800] "POST /xingrg/kc/buy/cgsh_list_operate.html HTTP/1.1" 200 576
58.39.201.47 - - [06/May/2022:15:51:47 +0800] "GET /xingrg/kc/buy/cgsh_order_info.html?code=212022050300159 HTTP/1.1" 200 62214
58.39.201.47 - - [06/May/2022:15:51:47 +0800] "GET /xingrg/javascript/easyui/themes/default/validatebox.css HTTP/1.1" 404 1104
58.39.201.47 - - [06/May/2022:15:51:48 +0800] "POST /xingrg/kc/buy/cgsh_order_operate.html HTTP/1.1" 200 3599
101.87.185.179 - - [06/May/2022:15:51:49 +0800] "GET /xingrg/all/function/internal_message.html?_=1651823507066&CODE_STATE=getMsg HTTP/1.1" 200 27
222.70.180.114 - - [06/May/2022:15:51:51 +0800] "GET /xingrg/all/function/internal_message.html?_=1651823505692&CODE_STATE=getMsg HTTP/1.1" 200 27
58.39.201.47 - - [06/May/2022:15:51:53 +0800] "POST /xingrg/kc/buy/cgsh_list_operate.html HTTP/1.1" 200 2508
218.81.223.53 - - [06/May/2022:15:52:00 +0800] "GET /xingrg/all/function/internal_message.html?_=1651823498645&CODE_STATE=getMsg HTTP/1.1" 200 27
114.83.221.137 - - [06/May/2022:15:52:00 +0800] "GET /xingrg/check_reg.html?_=1651823516561 HTTP/1.1" 200 22
58.39.201.47 - - [06/May/2022:15:52:01 +0800] "POST /xingrg/kc/buy/cgsh_list_operate.html HTTP/1.1" 200 1701
58.39.201.47 - - [06/May/2022:15:52:03 +0800] "POST /xingrg/kc/buy/cgsh_list_operate.html HTTP/1.1" 200 521
58.39.201.47 - - [06/May/2022:15:52:05 +0800] "GET /xingrg/kc/buy/cgsh_order_add.html HTTP/1.1" 200 67307
58.39.201.47 - - [06/May/2022:15:52:06 +0800] "POST /xingrg/kc/buy/cgsh_order_operate.html HTTP/1.1" 200 8245
58.39.201.47 - - [06/May/2022:15:52:06 +0800] "GET /xingrg/javascript/easyui/themes/default/validatebox.css HTTP/1.1" 404 1104
116.233.73.235 - - [06/May/2022:15:52:07 +0800] "GET /xingrg/all/function/internal_message.html?_=1651823537798&CODE_STATE=getMsg HTTP/1.1" 200 27
116.233.73.235 - - [06/May/2022:15:52:07 +0800] "GET /xingrg/check_reg.html?_=1651823537800 HTTP/1.1" 200 22
183.192.90.64 - - [06/May/2022:15:52:08 +0800] "POST /xingrg/dwr/call/plaincall/AjaxReportQueryService.queryInitializeString.dwr HTTP/1.1" 200 101
183.192.90.64 - - [06/May/2022:15:52:10 +0800] "POST /xingrg/dwr/call/plaincall/AjaxReportQueryService.refreshCache.dwr HTTP/1.1" 200 78
183.192.90.64 - - [06/May/2022:15:52:10 +0800] "POST /xingrg/all/report/load_report_page.html HTTP/1.1" 200 35751
183.192.90.64 - - [06/May/2022:15:52:10 +0800] "GET /xingrg/servlets/image?cache=0.20763064656319696&image=px HTTP/1.1" 200 807
183.192.90.64 - - [06/May/2022:15:52:18 +0800] "GET /xingrg/all/function/internal_message.html?_=1651823541736&CODE_STATE=getMsg HTTP/1.1" 200 27
180.162.25.135 - - [06/May/2022:15:52:24 +0800] "GET /xingrg/all/function/internal_message.html?_=1651823541417&CODE_STATE=getMsg HTTP/1.1" 200 27
58.39.201.47 - - [06/May/2022:15:52:24 +0800] "GET /xingrg/all/function/internal_message.html?_=1651823545807&CODE_STATE=getMsg HTTP/1.1" 200 27
58.39.61.91 - - [06/May/2022:15:52:38 +0800] "GET /xingrg/check_reg.html?_=1651823520273 HTTP/1.1" 200 22
58.39.201.47 - - [06/May/2022:15:52:39 +0800] "GET /xingrg/all/function/internal_message.html?_=1651823484358&CODE_STATE=getMsg HTTP/1.1" 200 27
180.157.251.97 - - [06/May/2022:15:52:40 +0800] "GET /xingrg/all/function/internal_message.html?_=1651823233748&CODE_STATE=getMsg HTTP/1.1" 200 27
116.235.92.88 - - [06/May/2022:15:52:44 +0800] "GET /xingrg/all/function/internal_message.html?_=1651823734487&CODE_STATE=getMsg HTTP/1.1" 200 27
58.39.61.91 - - [06/May/2022:15:52:44 +0800] "GET /xingrg/all/function/internal_message.html?_=1651823525912&CODE_STATE=getMsg HTTP/1.1" 200 27
101.85.120.86 - - [06/May/2022:15:52:44 +0800] "GET /xingrg/all/function/internal_message.html?_=1651823560290&CODE_STATE=getMsg HTTP/1.1" 200 27
101.87.185.179 - - [06/May/2022:15:52:49 +0800] "GET /xingrg/all/function/internal_message.html?_=1651823567059&CODE_STATE=getMsg HTTP/1.1" 200 27
222.70.180.114 - - [06/May/2022:15:52:51 +0800] "GET /xingrg/all/function/internal_message.html?_=1651823565676&CODE_STATE=getMsg HTTP/1.1" 200 27
218.81.223.53 - - [06/May/2022:15:53:00 +0800] "GET /xingrg/all/function/internal_message.html?_=1651823558793&CODE_STATE=getMsg HTTP/1.1" 200 27
116.233.73.235 - - [06/May/2022:15:53:07 +0800] "GET /xingrg/all/function/internal_message.html?_=1651823597798&CODE_STATE=getMsg HTTP/1.1" 200 27
183.192.90.64 - - [06/May/2022:15:53:11 +0800] "POST /xingrg/dwr/call/plaincall/AjaxReportQueryService.refreshCache.dwr HTTP/1.1" 200 78
183.192.90.64 - - [06/May/2022:15:53:12 +0800] "POST /xingrg/all/report/load_report_page.html HTTP/1.1" 200 72317
183.192.90.64 - - [06/May/2022:15:53:13 +0800] "GET /xingrg/servlets/image?cache=0.6311508299955131&image=px HTTP/1.1" 200 807
58.39.201.47 - - [06/May/2022:15:53:18 +0800] "GET /xingrg/kc/buy/cgsh_order_operate.html?command=get_materiel&rest_code=00105&code=00101010558&supplier_code=00100313&order_time=2022-05-06 HTTP/1.1" 200 409
183.192.90.64 - - [06/May/2022:15:53:19 +0800] "GET /xingrg/all/function/internal_message.html?_=1651823602107&CODE_STATE=getMsg HTTP/1.1" 200 27
180.162.25.135 - - [06/May/2022:15:53:24 +0800] "GET /xingrg/all/function/internal_message.html?_=1651823601409&CODE_STATE=getMsg HTTP/1.1" 200 27
58.39.201.47 - - [06/May/2022:15:53:24 +0800] "GET /xingrg/check_reg.html?_=1651823605785 HTTP/1.1" 200 22
58.39.201.47 - - [06/May/2022:15:53:24 +0800] "GET /xingrg/all/function/internal_message.html?_=1651823605787&CODE_STATE=getMsg HTTP/1.1" 200 27
58.39.201.47 - - [06/May/2022:15:53:37 +0800] "GET /xingrg/kc/buy/cgsh_order_operate.html?command=get_materiel&rest_code=00105&code=00102026001&supplier_code=00100313&order_time=2022-05-06 HTTP/1.1" 200 410
58.39.201.47 - - [06/May/2022:15:53:39 +0800] "GET /xingrg/check_reg.html?_=1651823544359 HTTP/1.1" 200 22
58.39.201.47 - - [06/May/2022:15:53:39 +0800] "GET /xingrg/all/function/internal_message.html?_=1651823544362&CODE_STATE=getMsg HTTP/1.1" 200 27
180.157.251.97 - - [06/May/2022:15:53:40 +0800] "GET /xingrg/all/function/internal_message.html?_=1651823293724&CODE_STATE=getMsg HTTP/1.1" 200 27
116.235.92.88 - - [06/May/2022:15:53:44 +0800] "GET /xingrg/all/function/internal_message.html?_=1651823794486&CODE_STATE=getMsg HTTP/1.1" 200 27
58.39.61.91 - - [06/May/2022:15:53:44 +0800] "GET /xingrg/all/function/internal_message.html?_=1651823585926&CODE_STATE=getMsg HTTP/1.1" 200 27
101.85.120.86 - - [06/May/2022:15:53:44 +0800] "GET /xingrg/all/function/internal_message.html?_=1651823620290&CODE_STATE=getMsg HTTP/1.1" 200 27
58.39.201.47 - - [06/May/2022:15:53:48 +0800] "POST /xingrg/kc/buy/cgsh_order_operate.html HTTP/1.1" 200 37
101.87.185.179 - - [06/May/2022:15:53:49 +0800] "GET /xingrg/all/function/internal_message.html?_=1651823627062&CODE_STATE=getMsg HTTP/1.1" 200 27
58.39.201.47 - - [06/May/2022:15:53:50 +0800] "POST /xingrg/kc/buy/cgsh_order_operate.html HTTP/1.1" 200 6271
222.70.180.114 - - [06/May/2022:15:53:51 +0800] "GET /xingrg/all/function/internal_message.html?_=1651823625660&CODE_STATE=getMsg HTTP/1.1" 200 27
58.39.201.47 - - [06/May/2022:15:53:51 +0800] "GET /xingrg/kc/print/load_data.html?order_code=212022050600378&kc_code=cgsh&condition= HTTP/1.1" 200 2088
222.70.180.114 - - [06/May/2022:15:53:54 +0800] "GET /xingrg/check_reg.html?_=1651823629159 HTTP/1.1" 200 22
58.39.201.47 - - [06/May/2022:15:53:55 +0800] "GET /xingrg/kc/buy/cgsh_order_add.html HTTP/1.1" 200 67307
58.39.201.47 - - [06/May/2022:15:53:56 +0800] "GET /xingrg/javascript/easyui/themes/default/validatebox.css HTTP/1.1" 404 1104
58.39.201.47 - - [06/May/2022:15:53:56 +0800] "POST /xingrg/kc/buy/cgsh_order_operate.html HTTP/1.1" 200 8245
218.81.223.53 - - [06/May/2022:15:54:00 +0800] "GET /xingrg/all/function/internal_message.html?_=1651823618795&CODE_STATE=getMsg HTTP/1.1" 200 27
116.233.73.235 - - [06/May/2022:15:54:07 +0800] "GET /xingrg/all/function/internal_message.html?_=1651823657797&CODE_STATE=getMsg HTTP/1.1" 200 27
183.192.90.64 - - [06/May/2022:15:54:19 +0800] "GET /xingrg/all/function/internal_message.html?_=1651823662121&CODE_STATE=getMsg HTTP/1.1" 200 27
180.162.25.135 - - [06/May/2022:15:54:24 +0800] "GET /xingrg/all/function/internal_message.html?_=1651823661414&CODE_STATE=getMsg HTTP/1.1" 200 27
58.39.201.47 - - [06/May/2022:15:54:24 +0800] "GET /xingrg/all/function/internal_message.html?_=1651823665787&CODE_STATE=getMsg HTTP/1.1" 200 27
58.39.201.47 - - [06/May/2022:15:54:39 +0800] "GET /xingrg/all/function/internal_message.html?_=1651823604347&CODE_STATE=getMsg HTTP/1.1" 200 27
180.157.251.97 - - [06/May/2022:15:54:40 +0800] "GET /xingrg/all/function/internal_message.html?_=1651823353698&CODE_STATE=getMsg HTTP/1.1" 200 27
180.157.251.97 - - [06/May/2022:15:54:42 +0800] "GET /xingrg/check_reg.html?_=1651823355753 HTTP/1.1" 200 22
116.235.92.88 - - [06/May/2022:15:54:44 +0800] "GET /xingrg/all/function/internal_message.html?_=1651823854500&CODE_STATE=getMsg HTTP/1.1" 200 27
58.39.61.91 - - [06/May/2022:15:54:44 +0800] "GET /xingrg/all/function/internal_message.html?_=1651823645987&CODE_STATE=getMsg HTTP/1.1" 200 27
101.85.120.86 - - [06/May/2022:15:54:44 +0800] "GET /xingrg/check_reg.html?_=1651823680290 HTTP/1.1" 200 22
101.85.120.86 - - [06/May/2022:15:54:45 +0800] "GET /xingrg/all/function/internal_message.html?_=1651823680293&CODE_STATE=getMsg HTTP/1.1" 200 27
101.87.185.179 - - [06/May/2022:15:54:49 +0800] "GET /xingrg/all/function/internal_message.html?_=1651823687065&CODE_STATE=getMsg HTTP/1.1" 200 27
101.87.185.179 - - [06/May/2022:15:54:49 +0800] "GET /xingrg/check_reg.html?_=1651823687071 HTTP/1.1" 200 22
222.70.180.114 - - [06/May/2022:15:54:51 +0800] "GET /xingrg/all/function/internal_message.html?_=1651823685634&CODE_STATE=getMsg HTTP/1.1" 200 27
58.221.95.50 - - [06/May/2022:15:55:00 +0800] "GET /xingrg/check_reg.html?_=1651823697184 HTTP/1.1" 302 -
218.81.223.53 - - [06/May/2022:15:55:00 +0800] "GET /xingrg/all/function/internal_message.html?_=1651823678937&CODE_STATE=getMsg HTTP/1.1" 200 27
116.233.73.235 - - [06/May/2022:15:55:07 +0800] "GET /xingrg/all/function/internal_message.html?_=1651823717786&CODE_STATE=getMsg HTTP/1.1" 200 27
183.192.90.64 - - [06/May/2022:15:55:18 +0800] "GET /xingrg/check_reg.html?_=1651823721542 HTTP/1.1" 200 22
183.192.90.64 - - [06/May/2022:15:55:19 +0800] "GET /xingrg/all/function/internal_message.html?_=1651823722129&CODE_STATE=getMsg HTTP/1.1" 200 27
180.162.25.135 - - [06/May/2022:15:55:24 +0800] "GET /xingrg/all/function/internal_message.html?_=1651823721403&CODE_STATE=getMsg HTTP/1.1" 200 27
58.39.201.47 - - [06/May/2022:15:55:24 +0800] "GET /xingrg/all/function/internal_message.html?_=1651823725786&CODE_STATE=getMsg HTTP/1.1" 200 27
218.81.223.53 - - [06/May/2022:15:55:31 +0800] "GET /xingrg/check_reg.html?_=1651823710186 HTTP/1.1" 200 22
58.39.201.47 - - [06/May/2022:15:55:39 +0800] "GET /xingrg/all/function/internal_message.html?_=1651823664348&CODE_STATE=getMsg HTTP/1.1" 200 27
180.157.251.97 - - [06/May/2022:15:55:40 +0800] "GET /xingrg/all/function/internal_message.html?_=1651823413679&CODE_STATE=getMsg HTTP/1.1" 200 27
116.235.92.88 - - [06/May/2022:15:55:44 +0800] "GET /xingrg/all/function/internal_message.html?_=1651823914498&CODE_STATE=getMsg HTTP/1.1" 200 27
58.39.61.91 - - [06/May/2022:15:55:44 +0800] "GET /xingrg/all/function/internal_message.html?_=1651823706001&CODE_STATE=getMsg HTTP/1.1" 200 27
101.85.120.86 - - [06/May/2022:15:55:45 +0800] "GET /xingrg/all/function/internal_message.html?_=1651823740293&CODE_STATE=getMsg HTTP/1.1" 200 27
101.87.185.179 - - [06/May/2022:15:55:49 +0800] "GET /xingrg/all/function/internal_message.html?_=1651823747061&CODE_STATE=getMsg HTTP/1.1" 200 27
222.70.180.114 - - [06/May/2022:15:55:51 +0800] "GET /xingrg/all/function/internal_message.html?_=1651823745619&CODE_STATE=getMsg HTTP/1.1" 200 27
218.81.223.53 - - [06/May/2022:15:56:00 +0800] "GET /xingrg/all/function/internal_message.html?_=1651823738947&CODE_STATE=getMsg HTTP/1.1" 200 27
116.233.73.235 - - [06/May/2022:15:56:07 +0800] "GET /xingrg/all/function/internal_message.html?_=1651823777793&CODE_STATE=getMsg HTTP/1.1" 200 27
58.39.201.47 - - [06/May/2022:15:56:12 +0800] "GET /xingrg/kc/buy/cgsh_order_operate.html?command=get_materiel&rest_code=00105&code=00101007005&supplier_code=00100327&order_time=2022-05-06 HTTP/1.1" 200 408
183.192.90.64 - - [06/May/2022:15:56:19 +0800] "GET /xingrg/all/function/internal_message.html?_=1651823782127&CODE_STATE=getMsg HTTP/1.1" 200 27
180.162.25.135 - - [06/May/2022:15:56:24 +0800] "GET /xingrg/all/function/internal_message.html?_=1651823781411&CODE_STATE=getMsg HTTP/1.1" 200 27
180.162.25.135 - - [06/May/2022:15:56:24 +0800] "GET /xingrg/check_reg.html?_=1651823781413 HTTP/1.1" 200 22
58.39.201.47 - - [06/May/2022:15:56:24 +0800] "GET /xingrg/all/function/internal_message.html?_=1651823785792&CODE_STATE=getMsg HTTP/1.1" 200 27
58.39.201.47 - - [06/May/2022:15:56:32 +0800] "GET /xingrg/javascript/jquery_tools/images/prev.gif HTTP/1.1" 404 1086
58.39.201.47 - - [06/May/2022:15:56:32 +0800] "GET /xingrg/javascript/jquery_tools/images/next.gif HTTP/1.1" 404 1086
58.39.201.47 - - [06/May/2022:15:56:39 +0800] "GET /xingrg/all/function/internal_message.html?_=1651823724348&CODE_STATE=getMsg HTTP/1.1" 200 27
180.157.251.97 - - [06/May/2022:15:56:40 +0800] "GET /xingrg/all/function/internal_message.html?_=1651823473647&CODE_STATE=getMsg HTTP/1.1" 200 27
116.235.92.88 - - [06/May/2022:15:56:44 +0800] "GET /xingrg/all/function/internal_message.html?_=1651823974497&CODE_STATE=getMsg HTTP/1.1" 200 27
116.235.92.88 - - [06/May/2022:15:56:44 +0800] "GET /xingrg/check_reg.html?_=1651823974496 HTTP/1.1" 200 22
58.39.61.91 - - [06/May/2022:15:56:44 +0800] "GET /xingrg/all/function/internal_message.html?_=1651823766054&CODE_STATE=getMsg HTTP/1.1" 200 27
101.85.120.86 - - [06/May/2022:15:56:45 +0800] "GET /xingrg/all/function/internal_message.html?_=1651823800293&CODE_STATE=getMsg HTTP/1.1" 200 27
101.87.185.179 - - [06/May/2022:15:56:49 +0800] "GET /xingrg/all/function/internal_message.html?_=1651823807067&CODE_STATE=getMsg HTTP/1.1" 200 27
222.70.180.114 - - [06/May/2022:15:56:51 +0800] "GET /xingrg/all/function/internal_message.html?_=1651823805631&CODE_STATE=getMsg HTTP/1.1" 200 27
58.39.201.47 - - [06/May/2022:15:56:51 +0800] "GET /xingrg/kc/buy/cgsh_order_operate.html?command=get_materiel&rest_code=00105&code=00101001213&supplier_code=00100538&order_time=2022-05-05 HTTP/1.1" 200 438
114.83.221.137 - - [06/May/2022:15:57:00 +0800] "GET /xingrg/check_reg.html?_=1651823816576 HTTP/1.1" 200 22
218.81.223.53 - - [06/May/2022:15:57:00 +0800] "GET /xingrg/all/function/internal_message.html?_=1651823798962&CODE_STATE=getMsg HTTP/1.1" 200 27
116.230.110.173 - - [06/May/2022:15:57:03 +0800] "POST /xingrg/services/DataTransmitService HTTP/1.1" 200 524
58.39.201.47 - - [06/May/2022:15:57:04 +0800] "GET /xingrg/kc/buy/cgsh_order_operate.html?command=get_materiel&rest_code=00105&code=00102026001&supplier_code=00100538&order_time=2022-05-05 HTTP/1.1" 200 410
116.233.73.235 - - [06/May/2022:15:57:07 +0800] "GET /xingrg/all/function/internal_message.html?_=1651823837793&CODE_STATE=getMsg HTTP/1.1" 200 27
116.233.73.235 - - [06/May/2022:15:57:07 +0800] "GET /xingrg/check_reg.html?_=1651823837796 HTTP/1.1" 200 22
58.39.201.47 - - [06/May/2022:15:57:14 +0800] "POST /xingrg/kc/buy/cgsh_order_operate.html HTTP/1.1" 200 37
58.39.201.47 - - [06/May/2022:15:57:15 +0800] "POST /xingrg/kc/buy/cgsh_order_operate.html HTTP/1.1" 200 3266
58.39.201.47 - - [06/May/2022:15:57:16 +0800] "GET /xingrg/kc/print/load_data.html?order_code=212022050600379&kc_code=cgsh&condition= HTTP/1.1" 200 915
183.192.90.64 - - [06/May/2022:15:57:19 +0800] "GET /xingrg/all/function/internal_message.html?_=1651823842131&CODE_STATE=getMsg HTTP/1.1" 200 27
180.162.25.135 - - [06/May/2022:15:57:24 +0800] "GET /xingrg/all/function/internal_message.html?_=1651823841406&CODE_STATE=getMsg HTTP/1.1" 200 27
58.39.201.47 - - [06/May/2022:15:57:24 +0800] "GET /xingrg/all/function/internal_message.html?_=1651823845792&CODE_STATE=getMsg HTTP/1.1" 200 27
58.39.61.91 - - [06/May/2022:15:57:38 +0800] "GET /xingrg/check_reg.html?_=1651823820276 HTTP/1.1" 200 22
58.39.201.47 - - [06/May/2022:15:57:39 +0800] "GET /xingrg/all/function/internal_message.html?_=1651823784348&CODE_STATE=getMsg HTTP/1.1" 200 27
180.157.251.97 - - [06/May/2022:15:57:40 +0800] "GET /xingrg/all/function/internal_message.html?_=1651823533646&CODE_STATE=getMsg HTTP/1.1" 200 27
116.235.92.88 - - [06/May/2022:15:57:44 +0800] "GET /xingrg/all/function/internal_message.html?_=1651824034495&CODE_STATE=getMsg HTTP/1.1" 200 27
58.39.61.91 - - [06/May/2022:15:57:44 +0800] "GET /xingrg/all/function/internal_message.html?_=1651823826059&CODE_STATE=getMsg HTTP/1.1" 200 27
101.85.120.86 - - [06/May/2022:15:57:45 +0800] "GET /xingrg/all/function/internal_message.html?_=1651823860293&CODE_STATE=getMsg HTTP/1.1" 200 27
101.87.185.179 - - [06/May/2022:15:57:49 +0800] "GET /xingrg/all/function/internal_message.html?_=1651823867056&CODE_STATE=getMsg HTTP/1.1" 200 27
222.70.180.114 - - [06/May/2022:15:57:51 +0800] "GET /xingrg/all/function/internal_message.html?_=1651823865615&CODE_STATE=getMsg HTTP/1.1" 200 27
218.81.223.53 - - [06/May/2022:15:58:00 +0800] "GET /xingrg/all/function/internal_message.html?_=1651823859113&CODE_STATE=getMsg HTTP/1.1" 200 27
58.39.201.47 - - [06/May/2022:15:58:06 +0800] "GET /xingrg/kc/buy/cgsh_order_add.html HTTP/1.1" 200 67307
58.39.201.47 - - [06/May/2022:15:58:07 +0800] "GET /xingrg/javascript/easyui/themes/default/validatebox.css HTTP/1.1" 404 1104
58.39.201.47 - - [06/May/2022:15:58:07 +0800] "POST /xingrg/kc/buy/cgsh_order_operate.html HTTP/1.1" 200 8245
116.233.73.235 - - [06/May/2022:15:58:07 +0800] "GET /xingrg/all/function/internal_message.html?_=1651823897794&CODE_STATE=getMsg HTTP/1.1" 200 27
183.192.90.64 - - [06/May/2022:15:58:19 +0800] "GET /xingrg/all/function/internal_message.html?_=1651823902144&CODE_STATE=getMsg HTTP/1.1" 200 27
180.162.25.135 - - [06/May/2022:15:58:24 +0800] "GET /xingrg/all/function/internal_message.html?_=1651823901410&CODE_STATE=getMsg HTTP/1.1" 200 27
58.39.201.47 - - [06/May/2022:15:58:24 +0800] "GET /xingrg/all/function/internal_message.html?_=1651823905802&CODE_STATE=getMsg HTTP/1.1" 200 27
58.39.201.47 - - [06/May/2022:15:58:24 +0800] "GET /xingrg/check_reg.html?_=1651823905803 HTTP/1.1" 200 22
218.81.223.53 - - [06/May/2022:15:58:34 +0800] "POST /xingrg/services/DataTransmitService HTTP/1.1" 200 524
218.81.223.53 - - [06/May/2022:15:58:35 +0800] "POST /xingrg/services/DataTransmitService HTTP/1.1" 200 412
58.39.201.47 - - [06/May/2022:15:58:39 +0800] "GET /xingrg/all/function/internal_message.html?_=1651823844348&CODE_STATE=getMsg HTTP/1.1" 200 27
58.39.201.47 - - [06/May/2022:15:58:39 +0800] "GET /xingrg/check_reg.html?_=1651823844363 HTTP/1.1" 200 22
180.157.251.97 - - [06/May/2022:15:58:40 +0800] "GET /xingrg/all/function/internal_message.html?_=1651823593627&CODE_STATE=getMsg HTTP/1.1" 200 27
58.39.201.47 - - [06/May/2022:15:58:40 +0800] "GET /xingrg/kc/buy/cgsh_order_operate.html?command=get_materiel&rest_code=00105&code=00101001139&supplier_code=00100536&order_time=2022-05-06 HTTP/1.1" 200 418
116.235.92.88 - - [06/May/2022:15:58:44 +0800] "GET /xingrg/all/function/internal_message.html?_=1651824094493&CODE_STATE=getMsg HTTP/1.1" 200 27
58.39.61.91 - - [06/May/2022:15:58:44 +0800] "GET /xingrg/all/function/internal_message.html?_=1651823886072&CODE_STATE=getMsg HTTP/1.1" 200 27
101.85.120.86 - - [06/May/2022:15:58:45 +0800] "GET /xingrg/all/function/internal_message.html?_=1651823920319&CODE_STATE=getMsg HTTP/1.1" 200 27
58.39.201.47 - - [06/May/2022:15:58:47 +0800] "GET /xingrg/kc/buy/cgsh_order_operate.html?command=get_materiel&rest_code=00105&code=00101001039&supplier_code=00100536&order_time=2022-05-06 HTTP/1.1" 200 422
101.87.185.179 - - [06/May/2022:15:58:49 +0800] "GET /xingrg/all/function/internal_message.html?_=1651823927059&CODE_STATE=getMsg HTTP/1.1" 200 27
222.70.180.114 - - [06/May/2022:15:58:51 +0800] "GET /xingrg/all/function/internal_message.html?_=1651823925600&CODE_STATE=getMsg HTTP/1.1" 200 27
222.70.180.114 - - [06/May/2022:15:58:54 +0800] "GET /xingrg/check_reg.html?_=1651823929160 HTTP/1.1" 200 22
218.81.223.53 - - [06/May/2022:15:59:00 +0800] "GET /xingrg/all/function/internal_message.html?_=1651823919129&CODE_STATE=getMsg HTTP/1.1" 200 27
116.233.73.235 - - [06/May/2022:15:59:07 +0800] "GET /xingrg/all/function/internal_message.html?_=1651823957785&CODE_STATE=getMsg HTTP/1.1" 200 27
183.192.90.64 - - [06/May/2022:15:59:19 +0800] "GET /xingrg/all/function/internal_message.html?_=1651823962145&CODE_STATE=getMsg HTTP/1.1" 200 27
180.162.25.135 - - [06/May/2022:15:59:24 +0800] "GET /xingrg/all/function/internal_message.html?_=1651823961414&CODE_STATE=getMsg HTTP/1.1" 200 27
58.39.201.47 - - [06/May/2022:15:59:24 +0800] "GET /xingrg/all/function/internal_message.html?_=1651823966014&CODE_STATE=getMsg HTTP/1.1" 200 27
58.39.201.47 - - [06/May/2022:15:59:39 +0800] "GET /xingrg/all/function/internal_message.html?_=1651823904348&CODE_STATE=getMsg HTTP/1.1" 200 27
180.157.251.97 - - [06/May/2022:15:59:40 +0800] "GET /xingrg/all/function/internal_message.html?_=1651823653609&CODE_STATE=getMsg HTTP/1.1" 200 27
180.157.251.97 - - [06/May/2022:15:59:42 +0800] "GET /xingrg/check_reg.html?_=1651823655763 HTTP/1.1" 200 22
116.235.92.88 - - [06/May/2022:15:59:44 +0800] "GET /xingrg/all/function/internal_message.html?_=1651824154494&CODE_STATE=getMsg HTTP/1.1" 200 27
58.39.61.91 - - [06/May/2022:15:59:44 +0800] "GET /xingrg/all/function/internal_message.html?_=1651823946128&CODE_STATE=getMsg HTTP/1.1" 200 27
101.85.120.86 - - [06/May/2022:15:59:45 +0800] "GET /xingrg/check_reg.html?_=1651823980319 HTTP/1.1" 200 22
101.85.120.86 - - [06/May/2022:15:59:45 +0800] "GET /xingrg/all/function/internal_message.html?_=1651823980322&CODE_STATE=getMsg HTTP/1.1" 200 27
101.87.185.179 - - [06/May/2022:15:59:49 +0800] "GET /xingrg/check_reg.html?_=1651823987072 HTTP/1.1" 200 22
101.87.185.179 - - [06/May/2022:15:59:49 +0800] "GET /xingrg/all/function/internal_message.html?_=1651823987067&CODE_STATE=getMsg HTTP/1.1" 200 27
222.70.180.114 - - [06/May/2022:15:59:51 +0800] "GET /xingrg/all/function/internal_message.html?_=1651823985571&CODE_STATE=getMsg HTTP/1.1" 200 27
58.221.95.50 - - [06/May/2022:16:00:00 +0800] "GET /xingrg/check_reg.html?_=1651823997204 HTTP/1.1" 302 -
218.81.223.53 - - [06/May/2022:16:00:00 +0800] "GET /xingrg/all/function/internal_message.html?_=1651823979273&CODE_STATE=getMsg HTTP/1.1" 200 27
58.39.201.47 - - [06/May/2022:16:00:04 +0800] "GET /xingrg/kc/buy/cgsh_order_operate.html?command=get_materiel&rest_code=00105&code=00101005061&supplier_code=00100536&order_time=2022-05-06 HTTP/1.1" 200 411
116.233.73.235 - - [06/May/2022:16:00:07 +0800] "GET /xingrg/all/function/internal_message.html?_=1651824017786&CODE_STATE=getMsg HTTP/1.1" 200 27
58.39.201.47 - - [06/May/2022:16:00:16 +0800] "POST /xingrg/kc/buy/cgsh_order_operate.html HTTP/1.1" 200 37
58.39.201.47 - - [06/May/2022:16:00:18 +0800] "POST /xingrg/kc/buy/cgsh_order_operate.html HTTP/1.1" 200 3263
183.192.90.64 - - [06/May/2022:16:00:18 +0800] "GET /xingrg/check_reg.html?_=1651824021543 HTTP/1.1" 200 22
58.39.201.47 - - [06/May/2022:16:00:19 +0800] "GET /xingrg/kc/print/load_data.html?order_code=212022050600380&kc_code=cgsh&condition= HTTP/1.1" 200 907
183.192.90.64 - - [06/May/2022:16:00:19 +0800] "GET /xingrg/all/function/internal_message.html?_=1651824022158&CODE_STATE=getMsg HTTP/1.1" 200 27
180.162.25.135 - - [06/May/2022:16:00:24 +0800] "GET /xingrg/all/function/internal_message.html?_=1651824021401&CODE_STATE=getMsg HTTP/1.1" 200 27
58.39.201.47 - - [06/May/2022:16:00:24 +0800] "GET /xingrg/all/function/internal_message.html?_=1651824025998&CODE_STATE=getMsg HTTP/1.1" 200 27
218.81.223.53 - - [06/May/2022:16:00:30 +0800] "POST /xingrg/services/DataTransmitService HTTP/1.1" 200 524
218.81.223.53 - - [06/May/2022:16:00:31 +0800] "GET /xingrg/check_reg.html?_=1651824010187 HTTP/1.1" 200 22
58.39.201.47 - - [06/May/2022:16:00:39 +0800] "GET /xingrg/all/function/internal_message.html?_=1651823964348&CODE_STATE=getMsg HTTP/1.1" 200 27
180.157.251.97 - - [06/May/2022:16:00:40 +0800] "GET /xingrg/all/function/internal_message.html?_=1651823713592&CODE_STATE=getMsg HTTP/1.1" 200 27
116.235.92.88 - - [06/May/2022:16:00:44 +0800] "GET /xingrg/all/function/internal_message.html?_=1651824214492&CODE_STATE=getMsg HTTP/1.1" 200 27
58.39.61.91 - - [06/May/2022:16:00:44 +0800] "GET /xingrg/all/function/internal_message.html?_=1651824006130&CODE_STATE=getMsg HTTP/1.1" 200 27
101.85.120.86 - - [06/May/2022:16:00:45 +0800] "GET /xingrg/all/function/internal_message.html?_=1651824040322&CODE_STATE=getMsg HTTP/1.1" 200 27
101.87.185.179 - - [06/May/2022:16:00:49 +0800] "GET /xingrg/all/function/internal_message.html?_=1651824047060&CODE_STATE=getMsg HTTP/1.1" 200 27
222.70.180.114 - - [06/May/2022:16:00:51 +0800] "GET /xingrg/all/function/internal_message.html?_=1651824045556&CODE_STATE=getMsg HTTP/1.1" 200 27
218.81.223.53 - - [06/May/2022:16:01:00 +0800] "GET /xingrg/all/function/internal_message.html?_=1651824039282&CODE_STATE=getMsg HTTP/1.1" 200 27
116.233.73.235 - - [06/May/2022:16:01:07 +0800] "GET /xingrg/all/function/internal_message.html?_=1651824077784&CODE_STATE=getMsg HTTP/1.1" 200 27
183.192.90.64 - - [06/May/2022:16:01:19 +0800] "GET /xingrg/all/function/internal_message.html?_=1651824082157&CODE_STATE=getMsg HTTP/1.1" 200 27
58.39.201.47 - - [06/May/2022:16:01:21 +0800] "GET /xingrg/kc/report/report_main.html HTTP/1.1" 200 7340
58.39.201.47 - - [06/May/2022:16:01:23 +0800] "GET /xingrg/kc/base/kc_stocks.html HTTP/1.1" 200 16437
58.39.201.47 - - [06/May/2022:16:01:23 +0800] "GET /xingrg/javascript/easyui/themes/default/tree.css HTTP/1.1" 404 1090
58.39.201.47 - - [06/May/2022:16:01:23 +0800] "POST /xingrg/all/common/load_tree.html?tree=materiel_sort_tree_json HTTP/1.1" 200 9388
58.39.201.47 - - [06/May/2022:16:01:23 +0800] "POST /xingrg/kc/buy/cgsh_list_operate.html HTTP/1.1" 200 1701
180.162.25.135 - - [06/May/2022:16:01:24 +0800] "GET /xingrg/all/function/internal_message.html?_=1651824081409&CODE_STATE=getMsg HTTP/1.1" 200 27
180.162.25.135 - - [06/May/2022:16:01:24 +0800] "GET /xingrg/check_reg.html?_=1651824081410 HTTP/1.1" 200 22
58.39.201.47 - - [06/May/2022:16:01:24 +0800] "GET /xingrg/all/function/internal_message.html?_=1651824085979&CODE_STATE=getMsg HTTP/1.1" 200 27
58.39.201.47 - - [06/May/2022:16:01:24 +0800] "POST /xingrg/all/common/load_combo.html?type=base HTTP/1.1" 200 3409
58.39.201.47 - - [06/May/2022:16:01:33 +0800] "POST /xingrg/kc/base/stock_operate.html HTTP/1.1" 200 4327
58.39.201.47 - - [06/May/2022:16:01:39 +0800] "GET /xingrg/all/function/internal_message.html?_=1651824024348&CODE_STATE=getMsg HTTP/1.1" 200 27
180.157.251.97 - - [06/May/2022:16:01:40 +0800] "GET /xingrg/all/function/internal_message.html?_=1651823773560&CODE_STATE=getMsg HTTP/1.1" 200 27
58.39.201.47 - - [06/May/2022:16:01:40 +0800] "POST /xingrg/kc/base/stock_operate.html HTTP/1.1" 200 4454
116.235.92.88 - - [06/May/2022:16:01:44 +0800] "GET /xingrg/all/function/internal_message.html?_=1651824274492&CODE_STATE=getMsg HTTP/1.1" 200 27
116.235.92.88 - - [06/May/2022:16:01:44 +0800] "GET /xingrg/check_reg.html?_=1651824274493 HTTP/1.1" 200 22
58.39.201.47 - - [06/May/2022:16:01:44 +0800] "POST /xingrg/kc/base/stock_operate.html HTTP/1.1" 200 4568
58.39.61.91 - - [06/May/2022:16:01:44 +0800] "GET /xingrg/all/function/internal_message.html?_=1651824066188&CODE_STATE=getMsg HTTP/1.1" 200 27
101.85.120.86 - - [06/May/2022:16:01:45 +0800] "GET /xingrg/all/function/internal_message.html?_=1651824100323&CODE_STATE=getMsg HTTP/1.1" 200 27
101.87.185.179 - - [06/May/2022:16:01:49 +0800] "GET /xingrg/all/function/internal_message.html?_=1651824107063&CODE_STATE=getMsg HTTP/1.1" 200 27
222.70.180.114 - - [06/May/2022:16:01:51 +0800] "GET /xingrg/all/function/internal_message.html?_=1651824105540&CODE_STATE=getMsg HTTP/1.1" 200 27
58.39.201.47 - - [06/May/2022:16:01:54 +0800] "POST /xingrg/kc/base/stock_operate.html HTTP/1.1" 200 4610
114.83.221.137 - - [06/May/2022:16:02:00 +0800] "GET /xingrg/check_reg.html?_=1651824116553 HTTP/1.1" 200 22
58.39.201.47 - - [06/May/2022:16:02:00 +0800] "POST /xingrg/kc/base/stock_operate.html HTTP/1.1" 200 4611
218.81.223.53 - - [06/May/2022:16:02:00 +0800] "GET /xingrg/all/function/internal_message.html?_=1651824099293&CODE_STATE=getMsg HTTP/1.1" 200 27
116.233.73.235 - - [06/May/2022:16:02:07 +0800] "GET /xingrg/all/function/internal_message.html?_=1651824137787&CODE_STATE=getMsg HTTP/1.1" 200 27
116.233.73.235 - - [06/May/2022:16:02:07 +0800] "GET /xingrg/check_reg.html?_=1651824137793 HTTP/1.1" 200 22
58.39.201.47 - - [06/May/2022:16:02:09 +0800] "POST /xingrg/kc/base/stock_operate.html HTTP/1.1" 200 4649
58.39.201.47 - - [06/May/2022:16:02:13 +0800] "POST /xingrg/kc/base/stock_operate.html HTTP/1.1" 200 4554
58.39.201.47 - - [06/May/2022:16:02:15 +0800] "POST /xingrg/kc/base/stock_operate.html HTTP/1.1" 200 4533
183.192.90.64 - - [06/May/2022:16:02:19 +0800] "GET /xingrg/all/function/internal_message.html?_=1651824142158&CODE_STATE=getMsg HTTP/1.1" 200 27
58.39.201.47 - - [06/May/2022:16:02:19 +0800] "POST /xingrg/kc/base/stock_operate.html HTTP/1.1" 200 4578
58.39.201.47 - - [06/May/2022:16:02:21 +0800] "POST /xingrg/kc/base/stock_operate.html HTTP/1.1" 200 4511
58.39.201.47 - - [06/May/2022:16:02:24 +0800] "POST /xingrg/kc/base/stock_operate.html HTTP/1.1" 200 4610
180.162.25.135 - - [06/May/2022:16:02:24 +0800] "GET /xingrg/all/function/internal_message.html?_=1651824141402&CODE_STATE=getMsg HTTP/1.1" 200 27
58.39.201.47 - - [06/May/2022:16:02:24 +0800] "GET /xingrg/all/function/internal_message.html?_=1651824145955&CODE_STATE=getMsg HTTP/1.1" 200 27
58.39.201.47 - - [06/May/2022:16:02:27 +0800] "POST /xingrg/kc/base/stock_operate.html HTTP/1.1" 200 4511
58.39.201.47 - - [06/May/2022:16:02:30 +0800] "POST /xingrg/kc/base/stock_operate.html HTTP/1.1" 200 4610
58.39.201.47 - - [06/May/2022:16:02:32 +0800] "POST /xingrg/kc/base/stock_operate.html HTTP/1.1" 200 4544
58.39.61.91 - - [06/May/2022:16:02:38 +0800] "GET /xingrg/check_reg.html?_=1651824120285 HTTP/1.1" 200 22
58.39.201.47 - - [06/May/2022:16:02:39 +0800] "POST /xingrg/kc/base/stock_operate.html HTTP/1.1" 200 2907
58.39.201.47 - - [06/May/2022:16:02:39 +0800] "GET /xingrg/all/function/internal_message.html?_=1651824084348&CODE_STATE=getMsg HTTP/1.1" 200 27
180.157.251.97 - - [06/May/2022:16:02:40 +0800] "GET /xingrg/all/function/internal_message.html?_=1651823833529&CODE_STATE=getMsg HTTP/1.1" 200 27
114.88.156.203 - - [06/May/2022:16:02:40 +0800] "POST /xingrg/services/DataTransmitService HTTP/1.1" 200 524
58.39.201.47 - - [06/May/2022:16:02:41 +0800] "GET /xingrg/kc/buy/cgsh_order_list.html HTTP/1.1" 200 51443
58.39.201.47 - - [06/May/2022:16:02:43 +0800] "POST /xingrg/kc/buy/cgsh_list_operate.html HTTP/1.1" 200 2785
116.235.92.88 - - [06/May/2022:16:02:44 +0800] "GET /xingrg/all/function/internal_message.html?_=1651824334490&CODE_STATE=getMsg HTTP/1.1" 200 27
58.39.61.91 - - [06/May/2022:16:02:44 +0800] "GET /xingrg/all/function/internal_message.html?_=1651824126190&CODE_STATE=getMsg HTTP/1.1" 200 27
101.85.120.86 - - [06/May/2022:16:02:45 +0800] "GET /xingrg/all/function/internal_message.html?_=1651824160323&CODE_STATE=getMsg HTTP/1.1" 200 27
58.39.201.47 - - [06/May/2022:16:02:46 +0800] "GET /xingrg/kc/buy/cgsh_order_add.html HTTP/1.1" 200 67307
58.39.201.47 - - [06/May/2022:16:02:46 +0800] "GET /xingrg/javascript/easyui/themes/default/validatebox.css HTTP/1.1" 404 1104
58.39.201.47 - - [06/May/2022:16:02:46 +0800] "POST /xingrg/kc/buy/cgsh_order_operate.html HTTP/1.1" 200 8245
101.87.185.179 - - [06/May/2022:16:02:49 +0800] "GET /xingrg/all/function/internal_message.html?_=1651824167055&CODE_STATE=getMsg HTTP/1.1" 200 27
222.70.180.114 - - [06/May/2022:16:02:51 +0800] "GET /xingrg/all/function/internal_message.html?_=1651824165524&CODE_STATE=getMsg HTTP/1.1" 200 27
58.39.201.47 - - [06/May/2022:16:02:55 +0800] "GET /xingrg/index.html?sysBaseUrl=http%3A%2F%2F180.169.147.146%3A18081%2Fxingrg%2F&costTime=36×tamp=1585223203754 HTTP/1.1" 302 -
58.39.201.47 - - [06/May/2022:16:02:55 +0800] "GET /xingrg/login.html HTTP/1.1" 200 7641
58.39.201.47 - - [06/May/2022:16:02:55 +0800] "GET /favicon.ico HTTP/1.1" 404 -
58.39.201.47 - - [06/May/2022:16:02:57 +0800] "POST /xingrg/login.do HTTP/1.1" 200 2421
58.39.201.47 - - [06/May/2022:16:02:57 +0800] "GET /favicon.ico HTTP/1.1" 404 -
58.39.201.47 - - [06/May/2022:16:02:58 +0800] "GET /xingrg/login.html HTTP/1.1" 200 7641
58.39.201.47 - - [06/May/2022:16:02:58 +0800] "GET /favicon.ico HTTP/1.1" 404 -
58.39.201.47 - - [06/May/2022:16:02:58 +0800] "POST /xingrg/login.do HTTP/1.1" 302 -
58.39.201.47 - - [06/May/2022:16:02:58 +0800] "GET /xingrg/index.html?sysBaseUrl=http%3A%2F%2F180.169.147.146%3A18081%2Fxingrg%2F&costTime=46×tamp=1651824178752 HTTP/1.1" 200 17173
58.39.201.47 - - [06/May/2022:16:02:58 +0800] "GET /favicon.ico HTTP/1.1" 404 -
58.39.201.47 - - [06/May/2022:16:02:58 +0800] "POST /xingrg/all/common/load_tree.html?tree=area_rest_tree_json&manage=1 HTTP/1.1" 200 3472
58.39.201.47 - - [06/May/2022:16:02:58 +0800] "GET /xingrg/all/function/internal_message.html?_=1651824180127&CODE_STATE=count HTTP/1.1" 200 11
58.39.201.47 - - [06/May/2022:16:02:58 +0800] "GET /xingrg/check_reg.html?_=1651824180127 HTTP/1.1" 200 22
58.39.201.47 - - [06/May/2022:16:02:59 +0800] "POST /xingrg/load_menu.html HTTP/1.1" 200 5138
218.81.223.53 - - [06/May/2022:16:03:01 +0800] "GET /xingrg/all/function/internal_message.html?_=1651824159437&CODE_STATE=getMsg HTTP/1.1" 200 27
58.39.201.47 - - [06/May/2022:16:03:01 +0800] "GET /xingrg/kc/buy/cgsh_order_list.html HTTP/1.1" 200 51443
58.39.201.47 - - [06/May/2022:16:03:03 +0800] "POST /xingrg/kc/buy/cgsh_list_operate.html HTTP/1.1" 200 2785
58.39.201.47 - - [06/May/2022:16:03:04 +0800] "GET /xingrg/kc/buy/cgsh_order_add.html HTTP/1.1" 200 67307
58.39.201.47 - - [06/May/2022:16:03:04 +0800] "GET /xingrg/words/20220506123000_words.js HTTP/1.1" 304 -
58.39.201.47 - - [06/May/2022:16:03:04 +0800] "POST /xingrg/kc/buy/cgsh_order_operate.html HTTP/1.1" 200 8245
58.39.201.47 - - [06/May/2022:16:03:04 +0800] "GET /xingrg/all/common/auto_word.html?type=employee&rest_code=00105 HTTP/1.1" 200 193
58.39.201.47 - - [06/May/2022:16:03:04 +0800] "GET /xingrg/all/common/auto_word.html?type=employee&rest_code=00105 HTTP/1.1" 200 193
58.39.201.47 - - [06/May/2022:16:03:04 +0800] "GET /xingrg/javascript/easyui/themes/default/validatebox.css HTTP/1.1" 404 1104
58.39.201.47 - - [06/May/2022:16:03:05 +0800] "GET /xingrg/javascript/auto/indicator.gif HTTP/1.1" 404 1066
58.39.61.91 - - [06/May/2022:16:03:06 +0800] "POST /xingrg/services/DataTransmitService HTTP/1.1" 200 524
116.233.73.235 - - [06/May/2022:16:03:07 +0800] "GET /xingrg/all/function/internal_message.html?_=1651824197791&CODE_STATE=getMsg HTTP/1.1" 200 27
58.39.201.47 - - [06/May/2022:16:03:17 +0800] "GET /xingrg/kc/buy/cgsh_order_operate.html?command=get_materiel&rest_code=00105&code=00101010714&supplier_code=00100327&order_time=2022-05-06 HTTP/1.1" 200 435
101.85.120.86 - - [06/May/2022:16:03:18 +0800] "POST /xingrg/kc/mdqp/pssh_list_operate.html HTTP/1.1" 200 814
183.192.90.64 - - [06/May/2022:16:03:19 +0800] "GET /xingrg/all/function/internal_message.html?_=1651824202166&CODE_STATE=getMsg HTTP/1.1" 200 27
101.85.120.86 - - [06/May/2022:16:03:23 +0800] "POST /xingrg/kc/mdqp/pssh_list_operate.html HTTP/1.1" 200 5496
180.162.25.135 - - [06/May/2022:16:03:24 +0800] "GET /xingrg/all/function/internal_message.html?_=1651824201406&CODE_STATE=getMsg HTTP/1.1" 200 27
101.85.120.86 - - [06/May/2022:16:03:29 +0800] "POST /xingrg/kc/mdqp/pssh_list_operate.html HTTP/1.1" 200 255
101.85.120.86 - - [06/May/2022:16:03:29 +0800] "GET /xingrg/kc/mdqp/pssh_order_info.html?code=312022050100014 HTTP/1.1" 200 14394
101.85.120.86 - - [06/May/2022:16:03:29 +0800] "GET /xingrg/javascript/jquery_tools/jquery-1.4.2.min.js HTTP/1.1" 404 1094
101.85.120.86 - - [06/May/2022:16:03:29 +0800] "POST /xingrg/kc/mdqp/pssh_order_operate.html HTTP/1.1" 200 524
101.85.120.86 - - [06/May/2022:16:03:29 +0800] "GET /xingrg/javascript/easyui/themes/default/validatebox.css HTTP/1.1" 404 1104
58.39.201.47 - - [06/May/2022:16:03:35 +0800] "GET /xingrg/kc/buy/cgsh_order_operate.html?command=get_materiel&rest_code=00105&code=00101007016&supplier_code=00100327&order_time=2022-05-06 HTTP/1.1" 200 409
58.39.201.47 - - [06/May/2022:16:03:39 +0800] "GET /xingrg/all/function/internal_message.html?_=1651824144375&CODE_STATE=getMsg HTTP/1.1" 200 27
58.39.201.47 - - [06/May/2022:16:03:39 +0800] "GET /xingrg/check_reg.html?_=1651824144378 HTTP/1.1" 200 22
180.157.251.97 - - [06/May/2022:16:03:40 +0800] "GET /xingrg/all/function/internal_message.html?_=1651823893527&CODE_STATE=getMsg HTTP/1.1" 200 27
116.235.92.88 - - [06/May/2022:16:03:44 +0800] "GET /xingrg/all/function/internal_message.html?_=1651824394488&CODE_STATE=getMsg HTTP/1.1" 200 27
58.39.61.91 - - [06/May/2022:16:03:44 +0800] "GET /xingrg/all/function/internal_message.html?_=1651824186202&CODE_STATE=getMsg HTTP/1.1" 200 27
101.85.120.86 - - [06/May/2022:16:03:45 +0800] "GET /xingrg/all/function/internal_message.html?_=1651824220318&CODE_STATE=getMsg HTTP/1.1" 200 27
101.87.185.179 - - [06/May/2022:16:03:49 +0800] "GET /xingrg/all/function/internal_message.html?_=1651824227057&CODE_STATE=getMsg HTTP/1.1" 200 27
58.39.201.47 - - [06/May/2022:16:03:49 +0800] "GET /xingrg/kc/buy/cgsh_order_operate.html?command=get_materiel&rest_code=00105&code=00101007018&supplier_code=00100327&order_time=2022-05-06 HTTP/1.1" 200 409
222.70.180.114 - - [06/May/2022:16:03:51 +0800] "GET /xingrg/all/function/internal_message.html?_=1651824225508&CODE_STATE=getMsg HTTP/1.1" 200 27
222.70.180.114 - - [06/May/2022:16:03:54 +0800] "GET /xingrg/check_reg.html?_=1651824229144 HTTP/1.1" 200 22
58.39.201.47 - - [06/May/2022:16:03:58 +0800] "GET /xingrg/kc/buy/cgsh_order_operate.html?command=get_materiel&rest_code=00105&code=00101007005&supplier_code=00100327&order_time=2022-05-06 HTTP/1.1" 200 408
58.39.201.47 - - [06/May/2022:16:03:58 +0800] "GET /xingrg/all/function/internal_message.html?_=1651824240135&CODE_STATE=getMsg HTTP/1.1" 200 27
218.81.223.53 - - [06/May/2022:16:04:01 +0800] "GET /xingrg/all/function/internal_message.html?_=1651824219445&CODE_STATE=getMsg HTTP/1.1" 200 27
116.233.73.235 - - [06/May/2022:16:04:07 +0800] "GET /xingrg/all/function/internal_message.html?_=1651824257794&CODE_STATE=getMsg HTTP/1.1" 200 27
58.39.201.47 - - [06/May/2022:16:04:07 +0800] "GET /xingrg/kc/buy/cgsh_order_operate.html?command=get_materiel&rest_code=00105&code=00101006173&supplier_code=00100327&order_time=2022-05-06 HTTP/1.1" 200 419
183.192.90.64 - - [06/May/2022:16:04:19 +0800] "GET /xingrg/all/function/internal_message.html?_=1651824262163&CODE_STATE=getMsg HTTP/1.1" 200 27
58.39.201.47 - - [06/May/2022:16:04:19 +0800] "GET /xingrg/kc/buy/cgsh_order_operate.html?command=get_materiel&rest_code=00105&code=00101001095&supplier_code=00100327&order_time=2022-05-06 HTTP/1.1" 200 417
180.162.25.135 - - [06/May/2022:16:04:24 +0800] "GET /xingrg/all/function/internal_message.html?_=1651824261410&CODE_STATE=getMsg HTTP/1.1" 200 27
58.39.201.47 - - [06/May/2022:16:04:39 +0800] "GET /xingrg/all/function/internal_message.html?_=1651824204377&CODE_STATE=getMsg HTTP/1.1" 200 27
180.157.251.97 - - [06/May/2022:16:04:40 +0800] "GET /xingrg/all/function/internal_message.html?_=1651823953511&CODE_STATE=getMsg HTTP/1.1" 200 27
180.157.251.97 - - [06/May/2022:16:04:42 +0800] "GET /xingrg/check_reg.html?_=1651823955790 HTTP/1.1" 200 22
116.235.92.88 - - [06/May/2022:16:04:44 +0800] "GET /xingrg/all/function/internal_message.html?_=1651824454486&CODE_STATE=getMsg HTTP/1.1" 200 27
58.39.61.91 - - [06/May/2022:16:04:44 +0800] "GET /xingrg/all/function/internal_message.html?_=1651824246266&CODE_STATE=getMsg HTTP/1.1" 200 27
101.85.120.86 - - [06/May/2022:16:04:45 +0800] "GET /xingrg/all/function/internal_message.html?_=1651824280329&CODE_STATE=getMsg HTTP/1.1" 200 27
101.85.120.86 - - [06/May/2022:16:04:45 +0800] "GET /xingrg/check_reg.html?_=1651824280332 HTTP/1.1" 200 22
58.39.201.47 - - [06/May/2022:16:04:47 +0800] "GET /xingrg/kc/buy/cgsh_order_operate.html?command=get_materiel&rest_code=00105&code=00101010691&supplier_code=00100327&order_time=2022-05-06 HTTP/1.1" 200 411
101.87.185.179 - - [06/May/2022:16:04:49 +0800] "GET /xingrg/all/function/internal_message.html?_=1651824287060&CODE_STATE=getMsg HTTP/1.1" 200 27
101.87.185.179 - - [06/May/2022:16:04:49 +0800] "GET /xingrg/check_reg.html?_=1651824287066 HTTP/1.1" 200 22
222.70.180.114 - - [06/May/2022:16:04:51 +0800] "GET /xingrg/all/function/internal_message.html?_=1651824285493&CODE_STATE=getMsg HTTP/1.1" 200 27
58.39.201.47 - - [06/May/2022:16:04:58 +0800] "GET /xingrg/all/function/internal_message.html?_=1651824300174&CODE_STATE=getMsg HTTP/1.1" 200 27
