117.143.50.163 - - [03/May/2022:14:16:53 +0800] "GET /xingrg/all/function/internal_message.html?_=1651558611985&CODE_STATE=getMsg HTTP/1.1" 200 27
114.83.220.115 - - [03/May/2022:14:16:55 +0800] "GET /xingrg/kc/mdqp/pssh_order_list.html?isBack=1 HTTP/1.1" 200 17862
114.83.220.115 - - [03/May/2022:14:16:56 +0800] "POST /xingrg/kc/mdqp/pssh_list_operate.html HTTP/1.1" 200 5216
114.83.220.115 - - [03/May/2022:14:16:58 +0800] "POST /xingrg/kc/mdqp/pssh_list_operate.html HTTP/1.1" 200 684
114.83.220.115 - - [03/May/2022:14:16:59 +0800] "POST /xingrg/kc/mdqp/pssh_list_operate.html HTTP/1.1" 200 1578
114.83.220.115 - - [03/May/2022:14:16:59 +0800] "GET /xingrg/kc/mdqp/pssh_order_info.html?code=312022042900247 HTTP/1.1" 200 17272
114.83.220.115 - - [03/May/2022:14:16:59 +0800] "GET /xingrg/javascript/jquery_tools/jquery-1.4.2.min.js HTTP/1.1" 404 1094
114.83.220.115 - - [03/May/2022:14:16:59 +0800] "POST /xingrg/kc/mdqp/pssh_order_operate.html HTTP/1.1" 200 2657
114.83.220.115 - - [03/May/2022:14:16:59 +0800] "GET /xingrg/javascript/easyui/themes/default/validatebox.css HTTP/1.1" 404 1104
101.85.120.86 - - [03/May/2022:14:16:59 +0800] "GET /xingrg/check_reg.html?_=1651558618167 HTTP/1.1" 200 22
101.85.120.86 - - [03/May/2022:14:16:59 +0800] "GET /xingrg/all/function/internal_message.html?_=1651558618168&CODE_STATE=getMsg HTTP/1.1" 200 27
114.83.220.115 - - [03/May/2022:14:17:02 +0800] "GET /xingrg/kc/mdqp/pssh_order_list.html?isBack=1 HTTP/1.1" 200 17862
114.83.220.115 - - [03/May/2022:14:17:03 +0800] "POST /xingrg/kc/mdqp/pssh_list_operate.html HTTP/1.1" 200 5216
114.83.220.115 - - [03/May/2022:14:17:04 +0800] "POST /xingrg/kc/mdqp/pssh_list_operate.html HTTP/1.1" 200 560
114.83.220.115 - - [03/May/2022:14:17:05 +0800] "POST /xingrg/kc/mdqp/pssh_list_operate.html HTTP/1.1" 200 397
114.83.220.115 - - [03/May/2022:14:17:05 +0800] "POST /xingrg/kc/mdqp/pssh_list_operate.html HTTP/1.1" 200 1578
114.83.220.115 - - [03/May/2022:14:17:05 +0800] "GET /xingrg/kc/mdqp/pssh_order_info.html?code=312022042900238 HTTP/1.1" 200 17272
114.83.220.115 - - [03/May/2022:14:17:05 +0800] "GET /xingrg/javascript/jquery_tools/jquery-1.4.2.min.js HTTP/1.1" 404 1094
114.83.220.115 - - [03/May/2022:14:17:06 +0800] "POST /xingrg/kc/mdqp/pssh_order_operate.html HTTP/1.1" 200 1084
114.83.220.115 - - [03/May/2022:14:17:06 +0800] "GET /xingrg/javascript/easyui/themes/default/validatebox.css HTTP/1.1" 404 1104
114.83.220.115 - - [03/May/2022:14:17:09 +0800] "GET /xingrg/javascript/auto/indicator.gif HTTP/1.1" 404 1066
114.83.220.115 - - [03/May/2022:14:17:09 +0800] "POST /xingrg/all/common/load_combo.html?type=base&rest_code=00149 HTTP/1.1" 200 3409
114.83.220.115 - - [03/May/2022:14:17:14 +0800] "POST /xingrg/all/common/load_combo.html?type=employee HTTP/1.1" 200 359
116.235.92.88 - - [03/May/2022:14:17:17 +0800] "GET /xingrg/all/function/internal_message.html?_=1651558811408&CODE_STATE=getMsg HTTP/1.1" 200 27
58.39.201.47 - - [03/May/2022:14:17:19 +0800] "GET /xingrg/all/function/internal_message.html?_=1651558641031&CODE_STATE=getMsg HTTP/1.1" 200 27
114.86.225.48 - - [03/May/2022:14:17:21 +0800] "GET /xingrg/all/function/internal_message.html?_=1651558649273&CODE_STATE=getMsg HTTP/1.1" 200 27
114.83.220.115 - - [03/May/2022:14:17:23 +0800] "POST /xingrg/kc/mdqp/pssh_order_operate.html HTTP/1.1" 200 37
114.83.220.115 - - [03/May/2022:14:17:23 +0800] "POST /xingrg/kc/mdqp/pssh_order_operate.html HTTP/1.1" 200 12
114.83.220.115 - - [03/May/2022:14:17:25 +0800] "GET /xingrg/kc/mdqp/pssh_order_info.html?code=312022042900238 HTTP/1.1" 200 14392
114.83.220.115 - - [03/May/2022:14:17:25 +0800] "GET /xingrg/javascript/jquery_tools/jquery-1.4.2.min.js HTTP/1.1" 404 1094
114.83.220.115 - - [03/May/2022:14:17:25 +0800] "POST /xingrg/kc/mdqp/pssh_order_operate.html HTTP/1.1" 200 1084
114.83.220.115 - - [03/May/2022:14:17:25 +0800] "GET /xingrg/javascript/easyui/themes/default/validatebox.css HTTP/1.1" 404 1104
58.39.61.91 - - [03/May/2022:14:17:28 +0800] "GET /xingrg/all/function/internal_message.html?_=1651558615201&CODE_STATE=getMsg HTTP/1.1" 200 27
180.169.147.146 - - [03/May/2022:14:17:29 +0800] "GET /xingrg/all/function/internal_message.html?_=1651558647961&CODE_STATE=getMsg HTTP/1.1" 302 -
114.83.220.115 - - [03/May/2022:14:17:30 +0800] "GET /xingrg/kc/mdqp/pssh_order_list.html?isBack=1 HTTP/1.1" 200 17862
114.83.220.115 - - [03/May/2022:14:17:30 +0800] "POST /xingrg/kc/mdqp/pssh_list_operate.html HTTP/1.1" 200 5253
114.83.220.115 - - [03/May/2022:14:17:32 +0800] "POST /xingrg/kc/mdqp/pssh_list_operate.html HTTP/1.1" 200 684
114.83.220.115 - - [03/May/2022:14:17:32 +0800] "POST /xingrg/kc/mdqp/pssh_list_operate.html HTTP/1.1" 200 1578
114.83.220.115 - - [03/May/2022:14:17:32 +0800] "GET /xingrg/kc/mdqp/pssh_order_info.html?code=312022042900247 HTTP/1.1" 200 17272
114.83.220.115 - - [03/May/2022:14:17:32 +0800] "GET /xingrg/javascript/jquery_tools/jquery-1.4.2.min.js HTTP/1.1" 404 1094
114.83.220.115 - - [03/May/2022:14:17:32 +0800] "POST /xingrg/kc/mdqp/pssh_order_operate.html HTTP/1.1" 200 2657
114.83.220.115 - - [03/May/2022:14:17:32 +0800] "GET /xingrg/javascript/easyui/themes/default/validatebox.css HTTP/1.1" 404 1104
114.83.220.115 - - [03/May/2022:14:17:35 +0800] "GET /xingrg/kc/mdqp/pssh_order_list.html?isBack=1 HTTP/1.1" 200 17862
114.83.220.115 - - [03/May/2022:14:17:35 +0800] "POST /xingrg/kc/mdqp/pssh_list_operate.html HTTP/1.1" 200 5253
218.81.223.53 - - [03/May/2022:14:17:36 +0800] "GET /xingrg/all/function/internal_message.html?_=1651558685326&CODE_STATE=getMsg HTTP/1.1" 200 27
114.83.220.115 - - [03/May/2022:14:17:38 +0800] "POST /xingrg/kc/mdqp/pssh_list_operate.html HTTP/1.1" 200 397
114.83.220.115 - - [03/May/2022:14:17:40 +0800] "POST /xingrg/kc/mdqp/pssh_list_operate.html HTTP/1.1" 200 560
114.83.220.115 - - [03/May/2022:14:17:42 +0800] "POST /xingrg/kc/mdqp/pssh_list_operate.html HTTP/1.1" 200 259
114.83.220.115 - - [03/May/2022:14:17:44 +0800] "POST /xingrg/kc/mdqp/pssh_list_operate.html HTTP/1.1" 200 684
114.83.220.115 - - [03/May/2022:14:17:44 +0800] "POST /xingrg/kc/mdqp/pssh_list_operate.html HTTP/1.1" 200 1578
114.83.220.115 - - [03/May/2022:14:17:44 +0800] "GET /xingrg/kc/mdqp/pssh_order_info.html?code=312022042900247 HTTP/1.1" 200 17272
114.83.220.115 - - [03/May/2022:14:17:44 +0800] "GET /xingrg/javascript/jquery_tools/jquery-1.4.2.min.js HTTP/1.1" 404 1094
114.83.220.115 - - [03/May/2022:14:17:45 +0800] "POST /xingrg/kc/mdqp/pssh_order_operate.html HTTP/1.1" 200 2657
114.83.220.115 - - [03/May/2022:14:17:45 +0800] "GET /xingrg/javascript/easyui/themes/default/validatebox.css HTTP/1.1" 404 1104
114.83.220.115 - - [03/May/2022:14:17:45 +0800] "GET /xingrg/all/function/internal_message.html?_=1651558663736&CODE_STATE=getMsg HTTP/1.1" 200 27
180.157.251.97 - - [03/May/2022:14:17:46 +0800] "GET /xingrg/all/function/internal_message.html?_=1651558342224&CODE_STATE=getMsg HTTP/1.1" 200 27
114.83.220.115 - - [03/May/2022:14:17:46 +0800] "POST /xingrg/all/common/load_combo.html?type=base&rest_code=00149 HTTP/1.1" 200 3409
101.87.185.179 - - [03/May/2022:14:17:48 +0800] "GET /xingrg/all/function/internal_message.html?_=1651558670104&CODE_STATE=getMsg HTTP/1.1" 302 -
117.143.50.163 - - [03/May/2022:14:17:53 +0800] "GET /xingrg/check_reg.html?_=1651558671975 HTTP/1.1" 200 22
117.143.50.163 - - [03/May/2022:14:17:53 +0800] "GET /xingrg/all/function/internal_message.html?_=1651558671977&CODE_STATE=getMsg HTTP/1.1" 200 27
114.83.220.115 - - [03/May/2022:14:17:55 +0800] "POST /xingrg/all/common/load_combo.html?type=employee HTTP/1.1" 200 359
180.157.251.97 - - [03/May/2022:14:17:56 +0800] "GET /xingrg/check_reg.html?_=1651558351981 HTTP/1.1" 200 22
114.83.220.115 - - [03/May/2022:14:17:59 +0800] "POST /xingrg/kc/mdqp/pssh_order_operate.html HTTP/1.1" 200 37
101.85.120.86 - - [03/May/2022:14:17:59 +0800] "GET /xingrg/all/function/internal_message.html?_=1651558678166&CODE_STATE=getMsg HTTP/1.1" 200 27
114.83.220.115 - - [03/May/2022:14:18:00 +0800] "POST /xingrg/kc/mdqp/pssh_order_operate.html HTTP/1.1" 200 12
114.83.220.115 - - [03/May/2022:14:18:01 +0800] "GET /xingrg/kc/mdqp/pssh_order_info.html?code=312022042900247 HTTP/1.1" 200 14392
114.83.220.115 - - [03/May/2022:14:18:01 +0800] "GET /xingrg/javascript/jquery_tools/jquery-1.4.2.min.js HTTP/1.1" 404 1094
114.83.220.115 - - [03/May/2022:14:18:01 +0800] "POST /xingrg/kc/mdqp/pssh_order_operate.html HTTP/1.1" 200 2657
114.83.220.115 - - [03/May/2022:14:18:01 +0800] "GET /xingrg/javascript/easyui/themes/default/validatebox.css HTTP/1.1" 404 1104
114.83.220.115 - - [03/May/2022:14:18:02 +0800] "GET /xingrg/kc/mdqp/pssh_order_list.html?isBack=1 HTTP/1.1" 200 17862
114.83.220.115 - - [03/May/2022:14:18:03 +0800] "POST /xingrg/kc/mdqp/pssh_list_operate.html HTTP/1.1" 200 5290
114.83.220.115 - - [03/May/2022:14:18:04 +0800] "POST /xingrg/kc/mdqp/pssh_list_operate.html HTTP/1.1" 200 266
114.83.220.115 - - [03/May/2022:14:18:06 +0800] "POST /xingrg/kc/mdqp/pssh_list_operate.html HTTP/1.1" 200 1578
114.83.220.115 - - [03/May/2022:14:18:06 +0800] "GET /xingrg/kc/mdqp/pssh_order_info.html?code=312022043000287 HTTP/1.1" 200 17272
114.83.220.115 - - [03/May/2022:14:18:06 +0800] "GET /xingrg/javascript/jquery_tools/jquery-1.4.2.min.js HTTP/1.1" 404 1094
114.83.220.115 - - [03/May/2022:14:18:06 +0800] "POST /xingrg/kc/mdqp/pssh_order_operate.html HTTP/1.1" 200 535
114.83.220.115 - - [03/May/2022:14:18:06 +0800] "GET /xingrg/javascript/easyui/themes/default/validatebox.css HTTP/1.1" 404 1104
114.83.220.115 - - [03/May/2022:14:18:08 +0800] "POST /xingrg/all/common/load_combo.html?type=base&rest_code=00149 HTTP/1.1" 200 3409
116.235.92.88 - - [03/May/2022:14:18:17 +0800] "GET /xingrg/all/function/internal_message.html?_=1651558871382&CODE_STATE=getMsg HTTP/1.1" 200 27
58.39.201.47 - - [03/May/2022:14:18:19 +0800] "GET /xingrg/all/function/internal_message.html?_=1651558701001&CODE_STATE=getMsg HTTP/1.1" 200 27
116.235.92.88 - - [03/May/2022:14:18:21 +0800] "GET /xingrg/check_reg.html?_=1651558875064 HTTP/1.1" 200 22
114.86.225.48 - - [03/May/2022:14:18:21 +0800] "GET /xingrg/all/function/internal_message.html?_=1651558709259&CODE_STATE=getMsg HTTP/1.1" 200 27
58.39.61.91 - - [03/May/2022:14:18:28 +0800] "GET /xingrg/all/function/internal_message.html?_=1651558675322&CODE_STATE=getMsg HTTP/1.1" 200 27
180.169.147.146 - - [03/May/2022:14:18:29 +0800] "GET /xingrg/all/function/internal_message.html?_=1651558707961&CODE_STATE=getMsg HTTP/1.1" 302 -
58.39.61.91 - - [03/May/2022:14:18:32 +0800] "GET /xingrg/check_reg.html?_=1651558679477 HTTP/1.1" 200 22
218.81.223.53 - - [03/May/2022:14:18:36 +0800] "GET /xingrg/all/function/internal_message.html?_=1651558745465&CODE_STATE=getMsg HTTP/1.1" 200 27
114.83.220.115 - - [03/May/2022:14:18:45 +0800] "GET /xingrg/all/function/internal_message.html?_=1651558723776&CODE_STATE=getMsg HTTP/1.1" 200 27
180.157.251.97 - - [03/May/2022:14:18:46 +0800] "GET /xingrg/all/function/internal_message.html?_=1651558402192&CODE_STATE=getMsg HTTP/1.1" 200 27
114.83.220.115 - - [03/May/2022:14:18:48 +0800] "POST /xingrg/all/common/load_combo.html?type=employee HTTP/1.1" 200 359
101.87.185.179 - - [03/May/2022:14:18:48 +0800] "GET /xingrg/all/function/internal_message.html?_=1651558730106&CODE_STATE=getMsg HTTP/1.1" 302 -
114.83.220.115 - - [03/May/2022:14:18:51 +0800] "POST /xingrg/kc/mdqp/pssh_order_operate.html HTTP/1.1" 200 37
114.83.220.115 - - [03/May/2022:14:18:52 +0800] "POST /xingrg/kc/mdqp/pssh_order_operate.html HTTP/1.1" 200 12
117.143.50.163 - - [03/May/2022:14:18:53 +0800] "GET /xingrg/all/function/internal_message.html?_=1651558731968&CODE_STATE=getMsg HTTP/1.1" 200 27
101.85.120.86 - - [03/May/2022:14:18:59 +0800] "GET /xingrg/all/function/internal_message.html?_=1651558738164&CODE_STATE=getMsg HTTP/1.1" 200 27
114.83.220.115 - - [03/May/2022:14:19:02 +0800] "GET /xingrg/kc/mdqp/pssh_order_info.html?code=312022043000287 HTTP/1.1" 200 14392
114.83.220.115 - - [03/May/2022:14:19:02 +0800] "GET /xingrg/javascript/jquery_tools/jquery-1.4.2.min.js HTTP/1.1" 404 1094
114.83.220.115 - - [03/May/2022:14:19:02 +0800] "POST /xingrg/kc/mdqp/pssh_order_operate.html HTTP/1.1" 200 535
114.83.220.115 - - [03/May/2022:14:19:02 +0800] "GET /xingrg/javascript/easyui/themes/default/validatebox.css HTTP/1.1" 404 1104
58.39.61.91 - - [03/May/2022:14:19:15 +0800] "POST /xingrg/services/DataTransmitService HTTP/1.1" 200 524
116.235.92.88 - - [03/May/2022:14:19:17 +0800] "GET /xingrg/all/function/internal_message.html?_=1651558931356&CODE_STATE=getMsg HTTP/1.1" 200 27
58.39.201.47 - - [03/May/2022:14:19:19 +0800] "GET /xingrg/all/function/internal_message.html?_=1651558760972&CODE_STATE=getMsg HTTP/1.1" 200 27
114.86.225.48 - - [03/May/2022:14:19:21 +0800] "GET /xingrg/all/function/internal_message.html?_=1651558769241&CODE_STATE=getMsg HTTP/1.1" 200 27
218.81.223.53 - - [03/May/2022:14:19:28 +0800] "GET /xingrg/check_reg.html?_=1651558796992 HTTP/1.1" 200 22
58.39.61.91 - - [03/May/2022:14:19:28 +0800] "GET /xingrg/all/function/internal_message.html?_=1651558735323&CODE_STATE=getMsg HTTP/1.1" 200 27
180.169.147.146 - - [03/May/2022:14:19:29 +0800] "GET /xingrg/all/function/internal_message.html?_=1651558767949&CODE_STATE=getMsg HTTP/1.1" 302 -
180.169.147.146 - - [03/May/2022:14:19:29 +0800] "GET /xingrg/check_reg.html?_=1651558768337 HTTP/1.1" 302 -
218.81.223.53 - - [03/May/2022:14:19:36 +0800] "GET /xingrg/all/function/internal_message.html?_=1651558805479&CODE_STATE=getMsg HTTP/1.1" 200 27
114.83.220.115 - - [03/May/2022:14:19:45 +0800] "GET /xingrg/all/function/internal_message.html?_=1651558783844&CODE_STATE=getMsg HTTP/1.1" 200 27
180.157.251.97 - - [03/May/2022:14:19:46 +0800] "GET /xingrg/all/function/internal_message.html?_=1651558462166&CODE_STATE=getMsg HTTP/1.1" 200 27
101.87.185.179 - - [03/May/2022:14:19:48 +0800] "GET /xingrg/all/function/internal_message.html?_=1651558790093&CODE_STATE=getMsg HTTP/1.1" 302 -
117.143.50.163 - - [03/May/2022:14:19:53 +0800] "GET /xingrg/all/function/internal_message.html?_=1651558791977&CODE_STATE=getMsg HTTP/1.1" 200 27
101.85.120.86 - - [03/May/2022:14:19:59 +0800] "GET /xingrg/all/function/internal_message.html?_=1651558798163&CODE_STATE=getMsg HTTP/1.1" 200 27
116.235.92.88 - - [03/May/2022:14:20:17 +0800] "GET /xingrg/all/function/internal_message.html?_=1651558991328&CODE_STATE=getMsg HTTP/1.1" 200 27
58.39.201.47 - - [03/May/2022:14:20:19 +0800] "GET /xingrg/all/function/internal_message.html?_=1651558820970&CODE_STATE=getMsg HTTP/1.1" 200 27
114.86.225.48 - - [03/May/2022:14:20:21 +0800] "GET /xingrg/check_reg.html?_=1651558829195 HTTP/1.1" 200 22
114.86.225.48 - - [03/May/2022:14:20:21 +0800] "GET /xingrg/all/function/internal_message.html?_=1651558829212&CODE_STATE=getMsg HTTP/1.1" 200 27
58.39.201.47 - - [03/May/2022:14:20:23 +0800] "GET /xingrg/check_reg.html?_=1651558825090 HTTP/1.1" 200 22
58.39.61.91 - - [03/May/2022:14:20:28 +0800] "GET /xingrg/all/function/internal_message.html?_=1651558795335&CODE_STATE=getMsg HTTP/1.1" 200 27
180.169.147.146 - - [03/May/2022:14:20:29 +0800] "GET /xingrg/all/function/internal_message.html?_=1651558827949&CODE_STATE=getMsg HTTP/1.1" 302 -
218.81.223.53 - - [03/May/2022:14:20:36 +0800] "GET /xingrg/all/function/internal_message.html?_=1651558865493&CODE_STATE=getMsg HTTP/1.1" 200 27
114.83.220.115 - - [03/May/2022:14:20:45 +0800] "GET /xingrg/check_reg.html?_=1651558843713 HTTP/1.1" 200 22
114.83.220.115 - - [03/May/2022:14:20:45 +0800] "GET /xingrg/all/function/internal_message.html?_=1651558843732&CODE_STATE=getMsg HTTP/1.1" 200 27
180.157.251.97 - - [03/May/2022:14:20:46 +0800] "GET /xingrg/all/function/internal_message.html?_=1651558522140&CODE_STATE=getMsg HTTP/1.1" 200 27
101.87.185.179 - - [03/May/2022:14:20:48 +0800] "GET /xingrg/all/function/internal_message.html?_=1651558850103&CODE_STATE=getMsg HTTP/1.1" 302 -
101.87.185.179 - - [03/May/2022:14:20:48 +0800] "GET /xingrg/check_reg.html?_=1651558850112 HTTP/1.1" 302 -
117.143.50.163 - - [03/May/2022:14:20:53 +0800] "GET /xingrg/all/function/internal_message.html?_=1651558851971&CODE_STATE=getMsg HTTP/1.1" 200 27
101.85.120.86 - - [03/May/2022:14:20:59 +0800] "GET /xingrg/all/function/internal_message.html?_=1651558858161&CODE_STATE=getMsg HTTP/1.1" 200 27
116.235.92.88 - - [03/May/2022:14:21:17 +0800] "GET /xingrg/all/function/internal_message.html?_=1651559051335&CODE_STATE=getMsg HTTP/1.1" 200 27
58.39.201.47 - - [03/May/2022:14:21:19 +0800] "GET /xingrg/all/function/internal_message.html?_=1651558880940&CODE_STATE=getMsg HTTP/1.1" 200 27
114.86.225.48 - - [03/May/2022:14:21:21 +0800] "GET /xingrg/all/function/internal_message.html?_=1651558889195&CODE_STATE=getMsg HTTP/1.1" 200 27
114.83.220.115 - - [03/May/2022:14:21:23 +0800] "GET /xingrg/kc/mdqp/pssh_order_list.html?isBack=1 HTTP/1.1" 200 17862
114.83.220.115 - - [03/May/2022:14:21:23 +0800] "POST /xingrg/kc/mdqp/pssh_list_operate.html HTTP/1.1" 200 5327
114.83.220.115 - - [03/May/2022:14:21:25 +0800] "POST /xingrg/kc/mdqp/pssh_list_operate.html HTTP/1.1" 200 263
114.83.220.115 - - [03/May/2022:14:21:25 +0800] "POST /xingrg/kc/mdqp/pssh_list_operate.html HTTP/1.1" 200 1578
114.83.220.115 - - [03/May/2022:14:21:25 +0800] "GET /xingrg/kc/mdqp/pssh_order_info.html?code=312022043000280 HTTP/1.1" 200 17272
114.83.220.115 - - [03/May/2022:14:21:25 +0800] "GET /xingrg/javascript/jquery_tools/jquery-1.4.2.min.js HTTP/1.1" 404 1094
114.83.220.115 - - [03/May/2022:14:21:25 +0800] "POST /xingrg/kc/mdqp/pssh_order_operate.html HTTP/1.1" 200 538
114.83.220.115 - - [03/May/2022:14:21:25 +0800] "GET /xingrg/javascript/easyui/themes/default/validatebox.css HTTP/1.1" 404 1104
58.39.61.91 - - [03/May/2022:14:21:28 +0800] "GET /xingrg/all/function/internal_message.html?_=1651558855472&CODE_STATE=getMsg HTTP/1.1" 200 27
180.169.147.146 - - [03/May/2022:14:21:29 +0800] "GET /xingrg/all/function/internal_message.html?_=1651558887950&CODE_STATE=getMsg HTTP/1.1" 302 -
114.83.220.115 - - [03/May/2022:14:21:30 +0800] "POST /xingrg/all/common/load_combo.html?type=base&rest_code=00149 HTTP/1.1" 200 3409
218.81.223.53 - - [03/May/2022:14:21:36 +0800] "GET /xingrg/all/function/internal_message.html?_=1651558925629&CODE_STATE=getMsg HTTP/1.1" 200 27
114.83.220.115 - - [03/May/2022:14:21:37 +0800] "POST /xingrg/all/common/load_combo.html?type=employee HTTP/1.1" 200 359
114.83.220.115 - - [03/May/2022:14:21:41 +0800] "POST /xingrg/kc/mdqp/pssh_order_operate.html HTTP/1.1" 200 37
114.83.220.115 - - [03/May/2022:14:21:42 +0800] "POST /xingrg/kc/mdqp/pssh_order_operate.html HTTP/1.1" 200 12
114.83.220.115 - - [03/May/2022:14:21:44 +0800] "GET /xingrg/kc/mdqp/pssh_order_info.html?code=312022043000280 HTTP/1.1" 200 14392
114.83.220.115 - - [03/May/2022:14:21:44 +0800] "GET /xingrg/javascript/jquery_tools/jquery-1.4.2.min.js HTTP/1.1" 404 1094
114.83.220.115 - - [03/May/2022:14:21:44 +0800] "POST /xingrg/kc/mdqp/pssh_order_operate.html HTTP/1.1" 200 538
114.83.220.115 - - [03/May/2022:14:21:44 +0800] "GET /xingrg/javascript/easyui/themes/default/validatebox.css HTTP/1.1" 404 1104
114.83.220.115 - - [03/May/2022:14:21:45 +0800] "GET /xingrg/all/function/internal_message.html?_=1651558903723&CODE_STATE=getMsg HTTP/1.1" 200 27
180.157.251.97 - - [03/May/2022:14:21:46 +0800] "GET /xingrg/all/function/internal_message.html?_=1651558582142&CODE_STATE=getMsg HTTP/1.1" 200 27
101.87.185.179 - - [03/May/2022:14:21:48 +0800] "GET /xingrg/all/function/internal_message.html?_=1651558910099&CODE_STATE=getMsg HTTP/1.1" 302 -
117.143.50.163 - - [03/May/2022:14:21:53 +0800] "GET /xingrg/all/function/internal_message.html?_=1651558911980&CODE_STATE=getMsg HTTP/1.1" 200 27
101.85.120.86 - - [03/May/2022:14:21:59 +0800] "GET /xingrg/all/function/internal_message.html?_=1651558918159&CODE_STATE=getMsg HTTP/1.1" 200 27
101.85.120.86 - - [03/May/2022:14:21:59 +0800] "GET /xingrg/check_reg.html?_=1651558918160 HTTP/1.1" 200 22
116.235.92.88 - - [03/May/2022:14:22:17 +0800] "GET /xingrg/all/function/internal_message.html?_=1651559111308&CODE_STATE=getMsg HTTP/1.1" 200 27
114.83.220.115 - - [03/May/2022:14:22:18 +0800] "GET /xingrg/kc/mdqp/pssh_order_list.html?isBack=1 HTTP/1.1" 200 17862
114.83.220.115 - - [03/May/2022:14:22:18 +0800] "POST /xingrg/kc/mdqp/pssh_list_operate.html HTTP/1.1" 200 5364
58.39.201.47 - - [03/May/2022:14:22:19 +0800] "GET /xingrg/all/function/internal_message.html?_=1651558940912&CODE_STATE=getMsg HTTP/1.1" 200 27
114.83.220.115 - - [03/May/2022:14:22:20 +0800] "POST /xingrg/kc/mdqp/pssh_list_operate.html HTTP/1.1" 200 362
114.83.220.115 - - [03/May/2022:14:22:20 +0800] "POST /xingrg/kc/mdqp/pssh_list_operate.html HTTP/1.1" 200 1578
114.83.220.115 - - [03/May/2022:14:22:20 +0800] "GET /xingrg/kc/mdqp/pssh_order_info.html?code=312022043000279 HTTP/1.1" 200 17272
114.83.220.115 - - [03/May/2022:14:22:20 +0800] "GET /xingrg/javascript/jquery_tools/jquery-1.4.2.min.js HTTP/1.1" 404 1094
114.83.220.115 - - [03/May/2022:14:22:20 +0800] "POST /xingrg/kc/mdqp/pssh_order_operate.html HTTP/1.1" 200 1058
114.83.220.115 - - [03/May/2022:14:22:20 +0800] "GET /xingrg/javascript/easyui/themes/default/validatebox.css HTTP/1.1" 404 1104
114.86.225.48 - - [03/May/2022:14:22:21 +0800] "GET /xingrg/all/function/internal_message.html?_=1651558949179&CODE_STATE=getMsg HTTP/1.1" 200 27
114.83.220.115 - - [03/May/2022:14:22:22 +0800] "POST /xingrg/all/common/load_combo.html?type=base&rest_code=00149 HTTP/1.1" 200 3409
58.39.61.91 - - [03/May/2022:14:22:28 +0800] "GET /xingrg/all/function/internal_message.html?_=1651558915472&CODE_STATE=getMsg HTTP/1.1" 200 27
180.169.147.146 - - [03/May/2022:14:22:29 +0800] "GET /xingrg/all/function/internal_message.html?_=1651558947925&CODE_STATE=getMsg HTTP/1.1" 302 -
114.83.220.115 - - [03/May/2022:14:22:29 +0800] "POST /xingrg/all/common/load_combo.html?type=employee HTTP/1.1" 200 359
114.83.220.115 - - [03/May/2022:14:22:33 +0800] "POST /xingrg/kc/mdqp/pssh_order_operate.html HTTP/1.1" 200 37
114.83.220.115 - - [03/May/2022:14:22:33 +0800] "POST /xingrg/kc/mdqp/pssh_order_operate.html HTTP/1.1" 200 12
114.83.220.115 - - [03/May/2022:14:22:34 +0800] "GET /xingrg/kc/mdqp/pssh_order_info.html?code=312022043000279 HTTP/1.1" 200 14392
114.83.220.115 - - [03/May/2022:14:22:34 +0800] "GET /xingrg/javascript/jquery_tools/jquery-1.4.2.min.js HTTP/1.1" 404 1094
114.83.220.115 - - [03/May/2022:14:22:34 +0800] "POST /xingrg/kc/mdqp/pssh_order_operate.html HTTP/1.1" 200 1058
114.83.220.115 - - [03/May/2022:14:22:34 +0800] "GET /xingrg/javascript/easyui/themes/default/validatebox.css HTTP/1.1" 404 1104
114.83.220.115 - - [03/May/2022:14:22:35 +0800] "GET /xingrg/kc/mdqp/pssh_order_list.html?isBack=1 HTTP/1.1" 200 17862
114.83.220.115 - - [03/May/2022:14:22:36 +0800] "POST /xingrg/kc/mdqp/pssh_list_operate.html HTTP/1.1" 200 5401
218.81.223.53 - - [03/May/2022:14:22:36 +0800] "GET /xingrg/all/function/internal_message.html?_=1651558985644&CODE_STATE=getMsg HTTP/1.1" 200 27
114.83.220.115 - - [03/May/2022:14:22:37 +0800] "POST /xingrg/kc/mdqp/pssh_list_operate.html HTTP/1.1" 200 270
114.83.220.115 - - [03/May/2022:14:22:38 +0800] "POST /xingrg/kc/mdqp/pssh_list_operate.html HTTP/1.1" 200 356
114.83.220.115 - - [03/May/2022:14:22:38 +0800] "POST /xingrg/kc/mdqp/pssh_list_operate.html HTTP/1.1" 200 1578
114.83.220.115 - - [03/May/2022:14:22:38 +0800] "GET /xingrg/kc/mdqp/pssh_order_info.html?code=312022043000272 HTTP/1.1" 200 17272
114.83.220.115 - - [03/May/2022:14:22:38 +0800] "GET /xingrg/javascript/jquery_tools/jquery-1.4.2.min.js HTTP/1.1" 404 1094
114.83.220.115 - - [03/May/2022:14:22:38 +0800] "POST /xingrg/kc/mdqp/pssh_order_operate.html HTTP/1.1" 200 1040
114.83.220.115 - - [03/May/2022:14:22:38 +0800] "GET /xingrg/javascript/easyui/themes/default/validatebox.css HTTP/1.1" 404 1104
114.83.220.115 - - [03/May/2022:14:22:41 +0800] "POST /xingrg/all/common/load_combo.html?type=base&rest_code=00149 HTTP/1.1" 200 3409
114.83.220.115 - - [03/May/2022:14:22:45 +0800] "GET /xingrg/all/function/internal_message.html?_=1651558963697&CODE_STATE=getMsg HTTP/1.1" 200 27
180.157.251.97 - - [03/May/2022:14:22:46 +0800] "GET /xingrg/all/function/internal_message.html?_=1651558642111&CODE_STATE=getMsg HTTP/1.1" 200 27
114.83.220.115 - - [03/May/2022:14:22:46 +0800] "POST /xingrg/all/common/load_combo.html?type=employee HTTP/1.1" 200 359
101.87.185.179 - - [03/May/2022:14:22:48 +0800] "GET /xingrg/all/function/internal_message.html?_=1651558970101&CODE_STATE=getMsg HTTP/1.1" 302 -
114.83.220.115 - - [03/May/2022:14:22:51 +0800] "POST /xingrg/kc/mdqp/pssh_order_operate.html HTTP/1.1" 200 37
114.83.220.115 - - [03/May/2022:14:22:51 +0800] "POST /xingrg/kc/mdqp/pssh_order_operate.html HTTP/1.1" 200 12
117.143.50.163 - - [03/May/2022:14:22:53 +0800] "GET /xingrg/check_reg.html?_=1651558971985 HTTP/1.1" 200 22
117.143.50.163 - - [03/May/2022:14:22:53 +0800] "GET /xingrg/all/function/internal_message.html?_=1651558971990&CODE_STATE=getMsg HTTP/1.1" 200 27
180.157.251.97 - - [03/May/2022:14:22:56 +0800] "GET /xingrg/check_reg.html?_=1651558652005 HTTP/1.1" 200 22
101.85.120.86 - - [03/May/2022:14:22:59 +0800] "GET /xingrg/all/function/internal_message.html?_=1651558978158&CODE_STATE=getMsg HTTP/1.1" 200 27
116.235.92.88 - - [03/May/2022:14:23:17 +0800] "GET /xingrg/all/function/internal_message.html?_=1651559171289&CODE_STATE=getMsg HTTP/1.1" 200 27
58.39.201.47 - - [03/May/2022:14:23:19 +0800] "GET /xingrg/all/function/internal_message.html?_=1651559000890&CODE_STATE=getMsg HTTP/1.1" 200 27
114.83.220.115 - - [03/May/2022:14:23:21 +0800] "GET /xingrg/kc/mdqp/pssh_order_info.html?code=312022043000272 HTTP/1.1" 200 14392
114.83.220.115 - - [03/May/2022:14:23:21 +0800] "GET /xingrg/javascript/jquery_tools/jquery-1.4.2.min.js HTTP/1.1" 404 1094
114.83.220.115 - - [03/May/2022:14:23:21 +0800] "POST /xingrg/kc/mdqp/pssh_order_operate.html HTTP/1.1" 200 1040
114.83.220.115 - - [03/May/2022:14:23:21 +0800] "GET /xingrg/javascript/easyui/themes/default/validatebox.css HTTP/1.1" 404 1104
116.235.92.88 - - [03/May/2022:14:23:21 +0800] "GET /xingrg/check_reg.html?_=1651559175096 HTTP/1.1" 200 22
114.86.225.48 - - [03/May/2022:14:23:21 +0800] "GET /xingrg/all/function/internal_message.html?_=1651559009164&CODE_STATE=getMsg HTTP/1.1" 200 27
114.83.220.115 - - [03/May/2022:14:23:22 +0800] "GET /xingrg/kc/mdqp/pssh_order_list.html?isBack=1 HTTP/1.1" 200 17862
114.83.220.115 - - [03/May/2022:14:23:22 +0800] "POST /xingrg/kc/mdqp/pssh_list_operate.html HTTP/1.1" 200 5438
114.83.220.115 - - [03/May/2022:14:23:24 +0800] "POST /xingrg/kc/mdqp/pssh_list_operate.html HTTP/1.1" 200 270
114.83.220.115 - - [03/May/2022:14:23:24 +0800] "POST /xingrg/kc/mdqp/pssh_list_operate.html HTTP/1.1" 200 1578
114.83.220.115 - - [03/May/2022:14:23:24 +0800] "GET /xingrg/kc/mdqp/pssh_order_info.html?code=312022050100008 HTTP/1.1" 200 17272
114.83.220.115 - - [03/May/2022:14:23:24 +0800] "GET /xingrg/javascript/jquery_tools/jquery-1.4.2.min.js HTTP/1.1" 404 1094
114.83.220.115 - - [03/May/2022:14:23:24 +0800] "POST /xingrg/kc/mdqp/pssh_order_operate.html HTTP/1.1" 200 550
114.83.220.115 - - [03/May/2022:14:23:24 +0800] "GET /xingrg/javascript/easyui/themes/default/validatebox.css HTTP/1.1" 404 1104
114.83.220.115 - - [03/May/2022:14:23:26 +0800] "POST /xingrg/all/common/load_combo.html?type=base&rest_code=00149 HTTP/1.1" 200 3409
58.39.61.91 - - [03/May/2022:14:23:29 +0800] "GET /xingrg/all/function/internal_message.html?_=1651558975587&CODE_STATE=getMsg HTTP/1.1" 200 27
180.169.147.146 - - [03/May/2022:14:23:29 +0800] "GET /xingrg/all/function/internal_message.html?_=1651559007928&CODE_STATE=getMsg HTTP/1.1" 302 -
114.83.220.115 - - [03/May/2022:14:23:30 +0800] "POST /xingrg/all/common/load_combo.html?type=employee HTTP/1.1" 200 359
58.39.61.91 - - [03/May/2022:14:23:32 +0800] "GET /xingrg/check_reg.html?_=1651558979488 HTTP/1.1" 200 22
114.83.220.115 - - [03/May/2022:14:23:34 +0800] "POST /xingrg/kc/mdqp/pssh_order_operate.html HTTP/1.1" 200 37
114.83.220.115 - - [03/May/2022:14:23:34 +0800] "POST /xingrg/kc/mdqp/pssh_order_operate.html HTTP/1.1" 200 12
114.83.220.115 - - [03/May/2022:14:23:35 +0800] "GET /xingrg/kc/mdqp/pssh_order_info.html?code=312022050100008 HTTP/1.1" 200 14392
114.83.220.115 - - [03/May/2022:14:23:35 +0800] "GET /xingrg/javascript/jquery_tools/jquery-1.4.2.min.js HTTP/1.1" 404 1094
114.83.220.115 - - [03/May/2022:14:23:35 +0800] "POST /xingrg/kc/mdqp/pssh_order_operate.html HTTP/1.1" 200 550
114.83.220.115 - - [03/May/2022:14:23:35 +0800] "GET /xingrg/javascript/easyui/themes/default/validatebox.css HTTP/1.1" 404 1104
114.83.220.115 - - [03/May/2022:14:23:36 +0800] "GET /xingrg/kc/mdqp/pssh_order_list.html?isBack=1 HTTP/1.1" 200 17862
114.83.220.115 - - [03/May/2022:14:23:36 +0800] "POST /xingrg/kc/mdqp/pssh_list_operate.html HTTP/1.1" 200 5475
218.81.223.53 - - [03/May/2022:14:23:36 +0800] "GET /xingrg/all/function/internal_message.html?_=1651559045789&CODE_STATE=getMsg HTTP/1.1" 200 27
114.83.220.115 - - [03/May/2022:14:23:38 +0800] "POST /xingrg/kc/mdqp/pssh_list_operate.html HTTP/1.1" 200 474
114.83.220.115 - - [03/May/2022:14:23:38 +0800] "POST /xingrg/kc/mdqp/pssh_list_operate.html HTTP/1.1" 200 1578
114.83.220.115 - - [03/May/2022:14:23:38 +0800] "GET /xingrg/kc/mdqp/pssh_order_info.html?code=312022050300054 HTTP/1.1" 200 17250
114.83.220.115 - - [03/May/2022:14:23:38 +0800] "GET /xingrg/javascript/jquery_tools/jquery-1.4.2.min.js HTTP/1.1" 404 1094
114.83.220.115 - - [03/May/2022:14:23:39 +0800] "POST /xingrg/kc/mdqp/pssh_order_operate.html HTTP/1.1" 200 1598
114.83.220.115 - - [03/May/2022:14:23:39 +0800] "GET /xingrg/javascript/easyui/themes/default/validatebox.css HTTP/1.1" 404 1104
114.83.220.115 - - [03/May/2022:14:23:44 +0800] "GET /xingrg/all/function/internal_message.html?_=1651559023671&CODE_STATE=getMsg HTTP/1.1" 200 27
180.157.251.97 - - [03/May/2022:14:23:46 +0800] "GET /xingrg/all/function/internal_message.html?_=1651558702090&CODE_STATE=getMsg HTTP/1.1" 200 27
101.87.185.179 - - [03/May/2022:14:23:48 +0800] "GET /xingrg/all/function/internal_message.html?_=1651559030105&CODE_STATE=getMsg HTTP/1.1" 302 -
117.143.50.163 - - [03/May/2022:14:23:53 +0800] "GET /xingrg/all/function/internal_message.html?_=1651559031979&CODE_STATE=getMsg HTTP/1.1" 200 27
114.83.220.115 - - [03/May/2022:14:23:58 +0800] "GET /xingrg/kc/mdqp/pssh_order_list.html?isBack=1 HTTP/1.1" 200 17862
114.83.220.115 - - [03/May/2022:14:23:59 +0800] "POST /xingrg/kc/mdqp/pssh_list_operate.html HTTP/1.1" 200 5475
101.85.120.86 - - [03/May/2022:14:23:59 +0800] "GET /xingrg/all/function/internal_message.html?_=1651559038156&CODE_STATE=getMsg HTTP/1.1" 200 27
114.83.220.115 - - [03/May/2022:14:24:01 +0800] "POST /xingrg/kc/mdqp/pssh_list_operate.html HTTP/1.1" 200 474
114.83.220.115 - - [03/May/2022:14:24:02 +0800] "POST /xingrg/kc/mdqp/pssh_list_operate.html HTTP/1.1" 200 1578
114.83.220.115 - - [03/May/2022:14:24:02 +0800] "GET /xingrg/kc/mdqp/pssh_order_info.html?code=312022050300054 HTTP/1.1" 200 17250
114.83.220.115 - - [03/May/2022:14:24:02 +0800] "GET /xingrg/javascript/jquery_tools/jquery-1.4.2.min.js HTTP/1.1" 404 1094
114.83.220.115 - - [03/May/2022:14:24:02 +0800] "POST /xingrg/kc/mdqp/pssh_order_operate.html HTTP/1.1" 200 1598
114.83.220.115 - - [03/May/2022:14:24:02 +0800] "GET /xingrg/javascript/easyui/themes/default/validatebox.css HTTP/1.1" 404 1104
116.235.92.88 - - [03/May/2022:14:24:17 +0800] "GET /xingrg/all/function/internal_message.html?_=1651559231270&CODE_STATE=getMsg HTTP/1.1" 200 27
58.39.201.47 - - [03/May/2022:14:24:19 +0800] "GET /xingrg/all/function/internal_message.html?_=1651559060861&CODE_STATE=getMsg HTTP/1.1" 200 27
114.86.225.48 - - [03/May/2022:14:24:21 +0800] "GET /xingrg/all/function/internal_message.html?_=1651559069149&CODE_STATE=getMsg HTTP/1.1" 200 27
218.81.223.53 - - [03/May/2022:14:24:28 +0800] "GET /xingrg/check_reg.html?_=1651559097000 HTTP/1.1" 200 22
180.169.147.146 - - [03/May/2022:14:24:29 +0800] "GET /xingrg/all/function/internal_message.html?_=1651559067901&CODE_STATE=getMsg HTTP/1.1" 302 -
58.39.61.91 - - [03/May/2022:14:24:29 +0800] "GET /xingrg/all/function/internal_message.html?_=1651559035593&CODE_STATE=getMsg HTTP/1.1" 200 27
180.169.147.146 - - [03/May/2022:14:24:29 +0800] "GET /xingrg/check_reg.html?_=1651559068337 HTTP/1.1" 302 -
218.81.223.53 - - [03/May/2022:14:24:36 +0800] "GET /xingrg/all/function/internal_message.html?_=1651559105796&CODE_STATE=getMsg HTTP/1.1" 200 27
183.136.225.14 - - [03/May/2022:14:24:38 +0800] "GET / HTTP/1.1" 404 -
183.136.225.14 - - [03/May/2022:14:24:38 +0800] "GET / HTTP/1.1" 404 -
183.136.225.14 - - [03/May/2022:14:24:38 +0800] "GET /favicon.ico HTTP/1.1" 404 -
183.136.225.14 - - [03/May/2022:14:24:38 +0800] "GET /robots.txt HTTP/1.1" 404 -
114.83.220.115 - - [03/May/2022:14:24:40 +0800] "GET /xingrg/kc/mdqp/pssh_order_list.html?isBack=1 HTTP/1.1" 200 17862
114.83.220.115 - - [03/May/2022:14:24:40 +0800] "POST /xingrg/kc/mdqp/pssh_list_operate.html HTTP/1.1" 200 5475
114.83.220.115 - - [03/May/2022:14:24:44 +0800] "GET /xingrg/all/function/internal_message.html?_=1651559083657&CODE_STATE=getMsg HTTP/1.1" 200 27
180.157.251.97 - - [03/May/2022:14:24:46 +0800] "GET /xingrg/all/function/internal_message.html?_=1651558762069&CODE_STATE=getMsg HTTP/1.1" 200 27
101.87.185.179 - - [03/May/2022:14:24:48 +0800] "GET /xingrg/all/function/internal_message.html?_=1651559090107&CODE_STATE=getMsg HTTP/1.1" 302 -
117.143.50.163 - - [03/May/2022:14:24:53 +0800] "GET /xingrg/all/function/internal_message.html?_=1651559091978&CODE_STATE=getMsg HTTP/1.1" 200 27
101.85.120.86 - - [03/May/2022:14:24:59 +0800] "GET /xingrg/all/function/internal_message.html?_=1651559098155&CODE_STATE=getMsg HTTP/1.1" 200 27
116.235.92.88 - - [03/May/2022:14:25:17 +0800] "GET /xingrg/all/function/internal_message.html?_=1651559291240&CODE_STATE=getMsg HTTP/1.1" 200 27
58.39.201.47 - - [03/May/2022:14:25:19 +0800] "GET /xingrg/all/function/internal_message.html?_=1651559120838&CODE_STATE=getMsg HTTP/1.1" 200 27
114.86.225.48 - - [03/May/2022:14:25:21 +0800] "GET /xingrg/all/function/internal_message.html?_=1651559129131&CODE_STATE=getMsg HTTP/1.1" 200 27
114.86.225.48 - - [03/May/2022:14:25:21 +0800] "GET /xingrg/check_reg.html?_=1651559129164 HTTP/1.1" 200 22
58.39.201.47 - - [03/May/2022:14:25:23 +0800] "GET /xingrg/check_reg.html?_=1651559125099 HTTP/1.1" 200 22
180.169.147.146 - - [03/May/2022:14:25:29 +0800] "GET /xingrg/all/function/internal_message.html?_=1651559127898&CODE_STATE=getMsg HTTP/1.1" 302 -
58.39.61.91 - - [03/May/2022:14:25:29 +0800] "GET /xingrg/all/function/internal_message.html?_=1651559095607&CODE_STATE=getMsg HTTP/1.1" 200 27
218.81.223.53 - - [03/May/2022:14:25:36 +0800] "GET /xingrg/all/function/internal_message.html?_=1651559165810&CODE_STATE=getMsg HTTP/1.1" 200 27
114.83.220.115 - - [03/May/2022:14:25:44 +0800] "GET /xingrg/all/function/internal_message.html?_=1651559143641&CODE_STATE=getMsg HTTP/1.1" 200 27
114.83.220.115 - - [03/May/2022:14:25:45 +0800] "GET /xingrg/check_reg.html?_=1651559143727 HTTP/1.1" 200 22
180.157.251.97 - - [03/May/2022:14:25:46 +0800] "GET /xingrg/all/function/internal_message.html?_=1651558822038&CODE_STATE=getMsg HTTP/1.1" 200 27
101.87.185.179 - - [03/May/2022:14:25:48 +0800] "GET /xingrg/check_reg.html?_=1651559150105 HTTP/1.1" 302 -
101.87.185.179 - - [03/May/2022:14:25:48 +0800] "GET /xingrg/all/function/internal_message.html?_=1651559150093&CODE_STATE=getMsg HTTP/1.1" 302 -
117.143.50.163 - - [03/May/2022:14:25:53 +0800] "GET /xingrg/all/function/internal_message.html?_=1651559151966&CODE_STATE=getMsg HTTP/1.1" 200 27
101.85.120.86 - - [03/May/2022:14:25:59 +0800] "GET /xingrg/all/function/internal_message.html?_=1651559158169&CODE_STATE=getMsg HTTP/1.1" 200 27
180.156.212.250 - - [03/May/2022:14:26:13 +0800] "POST /xingrg/services/DataTransmitService HTTP/1.1" 200 524
116.235.92.88 - - [03/May/2022:14:26:17 +0800] "GET /xingrg/all/function/internal_message.html?_=1651559351215&CODE_STATE=getMsg HTTP/1.1" 200 27
58.39.201.47 - - [03/May/2022:14:26:19 +0800] "GET /xingrg/all/function/internal_message.html?_=1651559180818&CODE_STATE=getMsg HTTP/1.1" 200 27
114.86.225.48 - - [03/May/2022:14:26:21 +0800] "GET /xingrg/all/function/internal_message.html?_=1651559189116&CODE_STATE=getMsg HTTP/1.1" 200 27
180.169.147.146 - - [03/May/2022:14:26:29 +0800] "GET /xingrg/all/function/internal_message.html?_=1651559187883&CODE_STATE=getMsg HTTP/1.1" 302 -
58.39.61.91 - - [03/May/2022:14:26:29 +0800] "GET /xingrg/all/function/internal_message.html?_=1651559155727&CODE_STATE=getMsg HTTP/1.1" 200 27
218.81.223.53 - - [03/May/2022:14:26:37 +0800] "GET /xingrg/all/function/internal_message.html?_=1651559225955&CODE_STATE=getMsg HTTP/1.1" 200 27
114.83.220.115 - - [03/May/2022:14:26:44 +0800] "GET /xingrg/all/function/internal_message.html?_=1651559203620&CODE_STATE=getMsg HTTP/1.1" 200 27
180.157.251.97 - - [03/May/2022:14:26:46 +0800] "GET /xingrg/all/function/internal_message.html?_=1651558882020&CODE_STATE=getMsg HTTP/1.1" 200 27
101.87.185.179 - - [03/May/2022:14:26:48 +0800] "GET /xingrg/all/function/internal_message.html?_=1651559210093&CODE_STATE=getMsg HTTP/1.1" 302 -
117.143.50.163 - - [03/May/2022:14:26:53 +0800] "GET /xingrg/all/function/internal_message.html?_=1651559211973&CODE_STATE=getMsg HTTP/1.1" 200 27
101.85.120.86 - - [03/May/2022:14:26:59 +0800] "GET /xingrg/check_reg.html?_=1651559218167 HTTP/1.1" 200 22
101.85.120.86 - - [03/May/2022:14:26:59 +0800] "GET /xingrg/all/function/internal_message.html?_=1651559218168&CODE_STATE=getMsg HTTP/1.1" 200 27
116.235.92.88 - - [03/May/2022:14:27:17 +0800] "GET /xingrg/all/function/internal_message.html?_=1651559411191&CODE_STATE=getMsg HTTP/1.1" 200 27
58.39.201.47 - - [03/May/2022:14:27:19 +0800] "GET /xingrg/all/function/internal_message.html?_=1651559240789&CODE_STATE=getMsg HTTP/1.1" 200 27
114.86.225.48 - - [03/May/2022:14:27:21 +0800] "GET /xingrg/all/function/internal_message.html?_=1651559249101&CODE_STATE=getMsg HTTP/1.1" 200 27
180.169.147.146 - - [03/May/2022:14:27:28 +0800] "GET /xingrg/all/function/internal_message.html?_=1651559247875&CODE_STATE=getMsg HTTP/1.1" 302 -
58.39.61.91 - - [03/May/2022:14:27:29 +0800] "GET /xingrg/all/function/internal_message.html?_=1651559215743&CODE_STATE=getMsg HTTP/1.1" 200 27
218.81.223.53 - - [03/May/2022:14:27:37 +0800] "GET /xingrg/all/function/internal_message.html?_=1651559285961&CODE_STATE=getMsg HTTP/1.1" 200 27
114.83.220.115 - - [03/May/2022:14:27:44 +0800] "GET /xingrg/all/function/internal_message.html?_=1651559263603&CODE_STATE=getMsg HTTP/1.1" 200 27
180.157.251.97 - - [03/May/2022:14:27:46 +0800] "GET /xingrg/all/function/internal_message.html?_=1651558941990&CODE_STATE=getMsg HTTP/1.1" 200 27
101.87.185.179 - - [03/May/2022:14:27:48 +0800] "GET /xingrg/all/function/internal_message.html?_=1651559270095&CODE_STATE=getMsg HTTP/1.1" 302 -
117.143.50.163 - - [03/May/2022:14:27:53 +0800] "GET /xingrg/all/function/internal_message.html?_=1651559271973&CODE_STATE=getMsg HTTP/1.1" 200 27
117.143.50.163 - - [03/May/2022:14:27:53 +0800] "GET /xingrg/check_reg.html?_=1651559271977 HTTP/1.1" 200 22
180.157.251.97 - - [03/May/2022:14:27:56 +0800] "GET /xingrg/check_reg.html?_=1651558952011 HTTP/1.1" 200 22
101.85.120.86 - - [03/May/2022:14:27:59 +0800] "GET /xingrg/all/function/internal_message.html?_=1651559278167&CODE_STATE=getMsg HTTP/1.1" 200 27
116.235.92.88 - - [03/May/2022:14:28:17 +0800] "GET /xingrg/all/function/internal_message.html?_=1651559471168&CODE_STATE=getMsg HTTP/1.1" 200 27
58.39.201.47 - - [03/May/2022:14:28:19 +0800] "GET /xingrg/all/function/internal_message.html?_=1651559300766&CODE_STATE=getMsg HTTP/1.1" 200 27
116.235.92.88 - - [03/May/2022:14:28:21 +0800] "GET /xingrg/check_reg.html?_=1651559475100 HTTP/1.1" 200 22
114.86.225.48 - - [03/May/2022:14:28:21 +0800] "GET /xingrg/all/function/internal_message.html?_=1651559309097&CODE_STATE=getMsg HTTP/1.1" 200 27
180.169.147.146 - - [03/May/2022:14:28:28 +0800] "GET /xingrg/all/function/internal_message.html?_=1651559307877&CODE_STATE=getMsg HTTP/1.1" 302 -
58.39.61.91 - - [03/May/2022:14:28:29 +0800] "GET /xingrg/all/function/internal_message.html?_=1651559275856&CODE_STATE=getMsg HTTP/1.1" 200 27
58.39.61.91 - - [03/May/2022:14:28:32 +0800] "GET /xingrg/check_reg.html?_=1651559279489 HTTP/1.1" 200 22
218.81.223.53 - - [03/May/2022:14:28:37 +0800] "GET /xingrg/all/function/internal_message.html?_=1651559346096&CODE_STATE=getMsg HTTP/1.1" 200 27
114.83.220.115 - - [03/May/2022:14:28:44 +0800] "GET /xingrg/all/function/internal_message.html?_=1651559323597&CODE_STATE=getMsg HTTP/1.1" 200 27
180.157.251.97 - - [03/May/2022:14:28:46 +0800] "GET /xingrg/all/function/internal_message.html?_=1651559001971&CODE_STATE=getMsg HTTP/1.1" 200 27
101.87.185.179 - - [03/May/2022:14:28:48 +0800] "GET /xingrg/all/function/internal_message.html?_=1651559330096&CODE_STATE=getMsg HTTP/1.1" 302 -
117.143.50.163 - - [03/May/2022:14:28:53 +0800] "GET /xingrg/all/function/internal_message.html?_=1651559331974&CODE_STATE=getMsg HTTP/1.1" 200 27
101.85.120.86 - - [03/May/2022:14:28:59 +0800] "GET /xingrg/all/function/internal_message.html?_=1651559338165&CODE_STATE=getMsg HTTP/1.1" 200 27
116.235.92.88 - - [03/May/2022:14:29:17 +0800] "GET /xingrg/all/function/internal_message.html?_=1651559531147&CODE_STATE=getMsg HTTP/1.1" 200 27
58.39.201.47 - - [03/May/2022:14:29:19 +0800] "GET /xingrg/all/function/internal_message.html?_=1651559360744&CODE_STATE=getMsg HTTP/1.1" 200 27
114.86.225.48 - - [03/May/2022:14:29:21 +0800] "GET /xingrg/all/function/internal_message.html?_=1651559369081&CODE_STATE=getMsg HTTP/1.1" 200 27
218.81.223.53 - - [03/May/2022:14:29:28 +0800] "GET /xingrg/check_reg.html?_=1651559397008 HTTP/1.1" 200 22
180.169.147.146 - - [03/May/2022:14:29:28 +0800] "GET /xingrg/all/function/internal_message.html?_=1651559367856&CODE_STATE=getMsg HTTP/1.1" 302 -
58.39.61.91 - - [03/May/2022:14:29:29 +0800] "GET /xingrg/all/function/internal_message.html?_=1651559335863&CODE_STATE=getMsg HTTP/1.1" 200 27
180.169.147.146 - - [03/May/2022:14:29:29 +0800] "GET /xingrg/check_reg.html?_=1651559368322 HTTP/1.1" 302 -
218.81.223.53 - - [03/May/2022:14:29:37 +0800] "GET /xingrg/all/function/internal_message.html?_=1651559406099&CODE_STATE=getMsg HTTP/1.1" 200 27
114.83.220.115 - - [03/May/2022:14:29:44 +0800] "GET /xingrg/all/function/internal_message.html?_=1651559383569&CODE_STATE=getMsg HTTP/1.1" 200 27
180.157.251.97 - - [03/May/2022:14:29:46 +0800] "GET /xingrg/all/function/internal_message.html?_=1651559061947&CODE_STATE=getMsg HTTP/1.1" 200 27
101.87.185.179 - - [03/May/2022:14:29:48 +0800] "GET /xingrg/all/function/internal_message.html?_=1651559390103&CODE_STATE=getMsg HTTP/1.1" 302 -
117.143.50.163 - - [03/May/2022:14:29:53 +0800] "GET /xingrg/all/function/internal_message.html?_=1651559391982&CODE_STATE=getMsg HTTP/1.1" 200 27
101.85.120.86 - - [03/May/2022:14:29:59 +0800] "GET /xingrg/all/function/internal_message.html?_=1651559398164&CODE_STATE=getMsg HTTP/1.1" 200 27
116.235.92.88 - - [03/May/2022:14:30:17 +0800] "GET /xingrg/all/function/internal_message.html?_=1651559591126&CODE_STATE=getMsg HTTP/1.1" 200 27
58.39.201.47 - - [03/May/2022:14:30:19 +0800] "GET /xingrg/all/function/internal_message.html?_=1651559420713&CODE_STATE=getMsg HTTP/1.1" 200 27
114.86.225.48 - - [03/May/2022:14:30:21 +0800] "GET /xingrg/all/function/internal_message.html?_=1651559429065&CODE_STATE=getMsg HTTP/1.1" 200 27
114.86.225.48 - - [03/May/2022:14:30:21 +0800] "GET /xingrg/check_reg.html?_=1651559429161 HTTP/1.1" 200 22
58.39.201.47 - - [03/May/2022:14:30:23 +0800] "GET /xingrg/check_reg.html?_=1651559425099 HTTP/1.1" 200 22
180.169.147.146 - - [03/May/2022:14:30:28 +0800] "GET /xingrg/all/function/internal_message.html?_=1651559427849&CODE_STATE=getMsg HTTP/1.1" 302 -
58.39.61.91 - - [03/May/2022:14:30:29 +0800] "GET /xingrg/all/function/internal_message.html?_=1651559395878&CODE_STATE=getMsg HTTP/1.1" 200 27
218.81.223.53 - - [03/May/2022:14:30:37 +0800] "GET /xingrg/all/function/internal_message.html?_=1651559466112&CODE_STATE=getMsg HTTP/1.1" 200 27
114.83.220.115 - - [03/May/2022:14:30:44 +0800] "GET /xingrg/all/function/internal_message.html?_=1651559443551&CODE_STATE=getMsg HTTP/1.1" 200 27
114.83.220.115 - - [03/May/2022:14:30:45 +0800] "GET /xingrg/check_reg.html?_=1651559443739 HTTP/1.1" 200 22
180.157.251.97 - - [03/May/2022:14:30:45 +0800] "GET /xingrg/all/function/internal_message.html?_=1651559121924&CODE_STATE=getMsg HTTP/1.1" 200 27
101.87.185.179 - - [03/May/2022:14:30:48 +0800] "GET /xingrg/all/function/internal_message.html?_=1651559450104&CODE_STATE=getMsg HTTP/1.1" 302 -
101.87.185.179 - - [03/May/2022:14:30:48 +0800] "GET /xingrg/check_reg.html?_=1651559450111 HTTP/1.1" 302 -
117.143.50.163 - - [03/May/2022:14:30:53 +0800] "GET /xingrg/all/function/internal_message.html?_=1651559451981&CODE_STATE=getMsg HTTP/1.1" 200 27
101.85.120.86 - - [03/May/2022:14:30:59 +0800] "GET /xingrg/all/function/internal_message.html?_=1651559458162&CODE_STATE=getMsg HTTP/1.1" 200 27
116.235.92.88 - - [03/May/2022:14:31:17 +0800] "GET /xingrg/all/function/internal_message.html?_=1651559651101&CODE_STATE=getMsg HTTP/1.1" 200 27
58.39.201.47 - - [03/May/2022:14:31:19 +0800] "GET /xingrg/all/function/internal_message.html?_=1651559480682&CODE_STATE=getMsg HTTP/1.1" 200 27
114.86.225.48 - - [03/May/2022:14:31:21 +0800] "GET /xingrg/all/function/internal_message.html?_=1651559489053&CODE_STATE=getMsg HTTP/1.1" 200 27
180.169.147.146 - - [03/May/2022:14:31:28 +0800] "GET /xingrg/all/function/internal_message.html?_=1651559487849&CODE_STATE=getMsg HTTP/1.1" 302 -
58.39.61.91 - - [03/May/2022:14:31:29 +0800] "GET /xingrg/all/function/internal_message.html?_=1651559456005&CODE_STATE=getMsg HTTP/1.1" 200 27
218.81.223.53 - - [03/May/2022:14:31:37 +0800] "GET /xingrg/all/function/internal_message.html?_=1651559526255&CODE_STATE=getMsg HTTP/1.1" 200 27
114.83.220.115 - - [03/May/2022:14:31:44 +0800] "GET /xingrg/all/function/internal_message.html?_=1651559503536&CODE_STATE=getMsg HTTP/1.1" 200 27
180.157.251.97 - - [03/May/2022:14:31:45 +0800] "GET /xingrg/all/function/internal_message.html?_=1651559181905&CODE_STATE=getMsg HTTP/1.1" 200 27
101.87.185.179 - - [03/May/2022:14:31:48 +0800] "GET /xingrg/all/function/internal_message.html?_=1651559510100&CODE_STATE=getMsg HTTP/1.1" 302 -
117.143.50.163 - - [03/May/2022:14:31:53 +0800] "GET /xingrg/all/function/internal_message.html?_=1651559511968&CODE_STATE=getMsg HTTP/1.1" 200 27
101.85.120.86 - - [03/May/2022:14:31:59 +0800] "GET /xingrg/all/function/internal_message.html?_=1651559518160&CODE_STATE=getMsg HTTP/1.1" 200 27
101.85.120.86 - - [03/May/2022:14:31:59 +0800] "GET /xingrg/check_reg.html?_=1651559518162 HTTP/1.1" 200 22
116.235.92.88 - - [03/May/2022:14:32:17 +0800] "GET /xingrg/all/function/internal_message.html?_=1651559711079&CODE_STATE=getMsg HTTP/1.1" 200 27
58.39.201.47 - - [03/May/2022:14:32:19 +0800] "GET /xingrg/all/function/internal_message.html?_=1651559540663&CODE_STATE=getMsg HTTP/1.1" 200 27
114.88.156.203 - - [03/May/2022:14:32:21 +0800] "POST /xingrg/services/DataTransmitService HTTP/1.1" 200 524
114.86.225.48 - - [03/May/2022:14:32:21 +0800] "GET /xingrg/all/function/internal_message.html?_=1651559549027&CODE_STATE=getMsg HTTP/1.1" 200 27
180.169.147.146 - - [03/May/2022:14:32:28 +0800] "GET /xingrg/all/function/internal_message.html?_=1651559547832&CODE_STATE=getMsg HTTP/1.1" 302 -
58.39.61.91 - - [03/May/2022:14:32:29 +0800] "GET /xingrg/all/function/internal_message.html?_=1651559516013&CODE_STATE=getMsg HTTP/1.1" 200 27
218.81.223.53 - - [03/May/2022:14:32:37 +0800] "GET /xingrg/all/function/internal_message.html?_=1651559586265&CODE_STATE=getMsg HTTP/1.1" 200 27
114.83.220.115 - - [03/May/2022:14:32:44 +0800] "GET /xingrg/all/function/internal_message.html?_=1651559563506&CODE_STATE=getMsg HTTP/1.1" 200 27
180.157.251.97 - - [03/May/2022:14:32:45 +0800] "GET /xingrg/all/function/internal_message.html?_=1651559241875&CODE_STATE=getMsg HTTP/1.1" 200 27
101.87.185.179 - - [03/May/2022:14:32:49 +0800] "GET /xingrg/all/function/internal_message.html?_=1651559570100&CODE_STATE=getMsg HTTP/1.1" 302 -
117.143.50.163 - - [03/May/2022:14:32:53 +0800] "GET /xingrg/all/function/internal_message.html?_=1651559571985&CODE_STATE=getMsg HTTP/1.1" 200 27
117.143.50.163 - - [03/May/2022:14:32:53 +0800] "GET /xingrg/check_reg.html?_=1651559571985 HTTP/1.1" 200 22
180.156.212.250 - - [03/May/2022:14:32:56 +0800] "POST /xingrg/services/DataTransmitService HTTP/1.1" 200 524
180.157.251.97 - - [03/May/2022:14:32:56 +0800] "GET /xingrg/check_reg.html?_=1651559252006 HTTP/1.1" 200 22
180.156.212.250 - - [03/May/2022:14:32:56 +0800] "POST /xingrg/services/DataTransmitService HTTP/1.1" 200 2415
180.156.212.250 - - [03/May/2022:14:32:56 +0800] "POST /xingrg/services/DataTransmitService HTTP/1.1" 200 2439
180.156.212.250 - - [03/May/2022:14:32:57 +0800] "POST /xingrg/services/DataTransmitService HTTP/1.1" 200 1459
180.156.212.250 - - [03/May/2022:14:32:57 +0800] "POST /xingrg/services/DataTransmitService HTTP/1.1" 200 1847
180.156.212.250 - - [03/May/2022:14:32:58 +0800] "POST /xingrg/services/DataTransmitService HTTP/1.1" 200 159403
101.85.120.86 - - [03/May/2022:14:32:59 +0800] "GET /xingrg/all/function/internal_message.html?_=1651559578186&CODE_STATE=getMsg HTTP/1.1" 200 27
116.235.92.88 - - [03/May/2022:14:33:17 +0800] "GET /xingrg/all/function/internal_message.html?_=1651559771051&CODE_STATE=getMsg HTTP/1.1" 200 27
58.39.201.47 - - [03/May/2022:14:33:19 +0800] "GET /xingrg/all/function/internal_message.html?_=1651559600634&CODE_STATE=getMsg HTTP/1.1" 200 27
116.235.92.88 - - [03/May/2022:14:33:21 +0800] "GET /xingrg/check_reg.html?_=1651559775093 HTTP/1.1" 200 22
114.86.225.48 - - [03/May/2022:14:33:21 +0800] "GET /xingrg/all/function/internal_message.html?_=1651559609009&CODE_STATE=getMsg HTTP/1.1" 200 27
