58.39.201.47 - - [01/May/2022:08:32:57 +0800] "GET /xingrg/all/function/internal_message.html?_=1651365179232&CODE_STATE=getMsg HTTP/1.1" 200 27
58.40.7.146 - - [01/May/2022:08:32:58 +0800] "GET /xingrg/all/function/internal_message.html?_=1651365178745&CODE_STATE=getMsg HTTP/1.1" 200 27
116.230.110.173 - - [01/May/2022:08:33:15 +0800] "GET /xingrg/all/function/internal_message.html?_=1651365189556&CODE_STATE=getMsg HTTP/1.1" 200 27
61.170.233.128 - - [01/May/2022:08:33:15 +0800] "POST /xingrg/services/DataTransmitService HTTP/1.1" 200 524
58.39.61.91 - - [01/May/2022:08:33:22 +0800] "GET /xingrg/all/function/internal_message.html?_=1651365111345&CODE_STATE=getMsg HTTP/1.1" 200 27
116.235.92.88 - - [01/May/2022:08:33:24 +0800] "GET /xingrg/all/function/internal_message.html?_=1651365374731&CODE_STATE=getMsg HTTP/1.1" 200 27
180.157.251.97 - - [01/May/2022:08:33:32 +0800] "GET /xingrg/all/function/internal_message.html?_=1651365213006&CODE_STATE=getMsg HTTP/1.1" 200 27
58.40.7.146 - - [01/May/2022:08:33:42 +0800] "GET /xingrg/check_reg.html?_=1651365223294 HTTP/1.1" 200 22
180.169.147.146 - - [01/May/2022:08:33:57 +0800] "GET /xingrg/all/function/internal_message.html?_=1651365237341&CODE_STATE=getMsg HTTP/1.1" 200 27
58.39.201.47 - - [01/May/2022:08:33:57 +0800] "GET /xingrg/all/function/internal_message.html?_=1651365239232&CODE_STATE=getMsg HTTP/1.1" 200 27
58.40.7.146 - - [01/May/2022:08:33:58 +0800] "GET /xingrg/all/function/internal_message.html?_=1651365238716&CODE_STATE=getMsg HTTP/1.1" 200 27
116.230.110.173 - - [01/May/2022:08:34:11 +0800] "GET /xingrg/all/function/internal_message.html?_=1651365249558&CODE_STATE=getMsg HTTP/1.1" 200 27
58.39.61.91 - - [01/May/2022:08:34:22 +0800] "GET /xingrg/all/function/internal_message.html?_=1651365171370&CODE_STATE=getMsg HTTP/1.1" 200 27
116.235.92.88 - - [01/May/2022:08:34:24 +0800] "GET /xingrg/all/function/internal_message.html?_=1651365434705&CODE_STATE=getMsg HTTP/1.1" 200 27
180.157.251.97 - - [01/May/2022:08:34:32 +0800] "GET /xingrg/all/function/internal_message.html?_=1651365273005&CODE_STATE=getMsg HTTP/1.1" 200 27
180.157.251.97 - - [01/May/2022:08:34:32 +0800] "GET /xingrg/check_reg.html?_=1651365273007 HTTP/1.1" 200 22
180.169.147.146 - - [01/May/2022:08:34:57 +0800] "GET /xingrg/all/function/internal_message.html?_=1651365297329&CODE_STATE=getMsg HTTP/1.1" 200 27
58.39.201.47 - - [01/May/2022:08:34:57 +0800] "GET /xingrg/all/function/internal_message.html?_=1651365299232&CODE_STATE=getMsg HTTP/1.1" 200 27
58.40.7.146 - - [01/May/2022:08:34:58 +0800] "GET /xingrg/all/function/internal_message.html?_=1651365298703&CODE_STATE=getMsg HTTP/1.1" 200 27
58.39.61.91 - - [01/May/2022:08:35:08 +0800] "GET /xingrg/check_reg.html?_=1651365218119 HTTP/1.1" 200 22
116.230.110.173 - - [01/May/2022:08:35:11 +0800] "GET /xingrg/check_reg.html?_=1651365309542 HTTP/1.1" 200 22
116.230.110.173 - - [01/May/2022:08:35:11 +0800] "GET /xingrg/all/function/internal_message.html?_=1651365309545&CODE_STATE=getMsg HTTP/1.1" 200 27
58.39.61.91 - - [01/May/2022:08:35:22 +0800] "GET /xingrg/all/function/internal_message.html?_=1651365231372&CODE_STATE=getMsg HTTP/1.1" 200 27
116.235.92.88 - - [01/May/2022:08:35:24 +0800] "GET /xingrg/all/function/internal_message.html?_=1651365494678&CODE_STATE=getMsg HTTP/1.1" 200 27
180.157.251.97 - - [01/May/2022:08:35:32 +0800] "GET /xingrg/all/function/internal_message.html?_=1651365333005&CODE_STATE=getMsg HTTP/1.1" 200 27
180.169.147.146 - - [01/May/2022:08:35:57 +0800] "GET /xingrg/all/function/internal_message.html?_=1651365357341&CODE_STATE=getMsg HTTP/1.1" 200 27
180.169.147.146 - - [01/May/2022:08:35:57 +0800] "GET /xingrg/check_reg.html?_=1651365357343 HTTP/1.1" 200 22
58.39.201.47 - - [01/May/2022:08:35:57 +0800] "GET /xingrg/all/function/internal_message.html?_=1651365359233&CODE_STATE=getMsg HTTP/1.1" 200 27
58.39.201.47 - - [01/May/2022:08:35:57 +0800] "GET /xingrg/check_reg.html?_=1651365359237 HTTP/1.1" 200 22
58.40.7.146 - - [01/May/2022:08:35:58 +0800] "GET /xingrg/all/function/internal_message.html?_=1651365358688&CODE_STATE=getMsg HTTP/1.1" 200 27
116.230.110.173 - - [01/May/2022:08:36:11 +0800] "GET /xingrg/all/function/internal_message.html?_=1651365369537&CODE_STATE=getMsg HTTP/1.1" 200 27
114.88.156.203 - - [01/May/2022:08:36:12 +0800] "GET /xingrg/check_reg.html?_=1651365120461 HTTP/1.1" 302 -
58.39.61.91 - - [01/May/2022:08:36:22 +0800] "GET /xingrg/all/function/internal_message.html?_=1651365291385&CODE_STATE=getMsg HTTP/1.1" 200 27
116.235.92.88 - - [01/May/2022:08:36:24 +0800] "GET /xingrg/all/function/internal_message.html?_=1651365554648&CODE_STATE=getMsg HTTP/1.1" 200 27
180.157.251.97 - - [01/May/2022:08:36:32 +0800] "GET /xingrg/all/function/internal_message.html?_=1651365393004&CODE_STATE=getMsg HTTP/1.1" 200 27
180.169.147.146 - - [01/May/2022:08:36:57 +0800] "GET /xingrg/all/function/internal_message.html?_=1651365417339&CODE_STATE=getMsg HTTP/1.1" 200 27
58.39.201.47 - - [01/May/2022:08:36:57 +0800] "GET /xingrg/all/function/internal_message.html?_=1651365419236&CODE_STATE=getMsg HTTP/1.1" 200 27
58.40.7.146 - - [01/May/2022:08:36:58 +0800] "GET /xingrg/all/function/internal_message.html?_=1651365418674&CODE_STATE=getMsg HTTP/1.1" 200 27
116.233.73.173 - - [01/May/2022:08:37:00 +0800] "POST /xingrg/services/DataTransmitService HTTP/1.1" 200 524
116.233.73.173 - - [01/May/2022:08:37:00 +0800] "POST /xingrg/services/DataTransmitService HTTP/1.1" 200 501
116.230.110.173 - - [01/May/2022:08:37:11 +0800] "GET /xingrg/all/function/internal_message.html?_=1651365429546&CODE_STATE=getMsg HTTP/1.1" 200 27
58.39.61.91 - - [01/May/2022:08:37:22 +0800] "GET /xingrg/all/function/internal_message.html?_=1651365351411&CODE_STATE=getMsg HTTP/1.1" 200 27
116.235.92.88 - - [01/May/2022:08:37:24 +0800] "GET /xingrg/all/function/internal_message.html?_=1651365614620&CODE_STATE=getMsg HTTP/1.1" 200 27
180.157.251.97 - - [01/May/2022:08:37:32 +0800] "GET /xingrg/all/function/internal_message.html?_=1651365453003&CODE_STATE=getMsg HTTP/1.1" 200 27
116.235.92.88 - - [01/May/2022:08:37:48 +0800] "GET /xingrg/check_reg.html?_=1651365638688 HTTP/1.1" 200 22
180.169.147.146 - - [01/May/2022:08:37:57 +0800] "GET /xingrg/all/function/internal_message.html?_=1651365477328&CODE_STATE=getMsg HTTP/1.1" 200 27
58.39.201.47 - - [01/May/2022:08:37:57 +0800] "GET /xingrg/all/function/internal_message.html?_=1651365479236&CODE_STATE=getMsg HTTP/1.1" 200 27
58.40.7.146 - - [01/May/2022:08:37:58 +0800] "GET /xingrg/all/function/internal_message.html?_=1651365478660&CODE_STATE=getMsg HTTP/1.1" 200 27
116.230.110.173 - - [01/May/2022:08:38:11 +0800] "GET /xingrg/all/function/internal_message.html?_=1651365489545&CODE_STATE=getMsg HTTP/1.1" 200 27
58.39.61.91 - - [01/May/2022:08:38:22 +0800] "GET /xingrg/all/function/internal_message.html?_=1651365411427&CODE_STATE=getMsg HTTP/1.1" 200 27
116.235.92.88 - - [01/May/2022:08:38:24 +0800] "GET /xingrg/all/function/internal_message.html?_=1651365674614&CODE_STATE=getMsg HTTP/1.1" 200 27
180.157.251.97 - - [01/May/2022:08:38:32 +0800] "GET /xingrg/all/function/internal_message.html?_=1651365513018&CODE_STATE=getMsg HTTP/1.1" 200 27
58.40.7.146 - - [01/May/2022:08:38:42 +0800] "GET /xingrg/check_reg.html?_=1651365523301 HTTP/1.1" 200 22
180.169.147.146 - - [01/May/2022:08:38:57 +0800] "GET /xingrg/all/function/internal_message.html?_=1651365537333&CODE_STATE=getMsg HTTP/1.1" 200 27
58.39.201.47 - - [01/May/2022:08:38:57 +0800] "GET /xingrg/all/function/internal_message.html?_=1651365539263&CODE_STATE=getMsg HTTP/1.1" 200 27
58.40.7.146 - - [01/May/2022:08:38:58 +0800] "GET /xingrg/all/function/internal_message.html?_=1651365538633&CODE_STATE=getMsg HTTP/1.1" 200 27
116.230.110.173 - - [01/May/2022:08:39:11 +0800] "GET /xingrg/all/function/internal_message.html?_=1651365549536&CODE_STATE=getMsg HTTP/1.1" 200 27
58.39.61.91 - - [01/May/2022:08:39:22 +0800] "GET /xingrg/all/function/internal_message.html?_=1651365471454&CODE_STATE=getMsg HTTP/1.1" 200 27
116.235.92.88 - - [01/May/2022:08:39:24 +0800] "GET /xingrg/all/function/internal_message.html?_=1651365734588&CODE_STATE=getMsg HTTP/1.1" 200 27
222.70.180.114 - - [01/May/2022:08:39:28 +0800] "POST /xingrg/services/DataTransmitService HTTP/1.1" 200 524
180.157.251.97 - - [01/May/2022:08:39:32 +0800] "GET /xingrg/check_reg.html?_=1651365573018 HTTP/1.1" 200 22
180.157.251.97 - - [01/May/2022:08:39:32 +0800] "GET /xingrg/all/function/internal_message.html?_=1651365573021&CODE_STATE=getMsg HTTP/1.1" 200 27
180.169.147.146 - - [01/May/2022:08:39:57 +0800] "GET /xingrg/all/function/internal_message.html?_=1651365597342&CODE_STATE=getMsg HTTP/1.1" 200 27
58.39.201.47 - - [01/May/2022:08:39:57 +0800] "GET /xingrg/all/function/internal_message.html?_=1651365599263&CODE_STATE=getMsg HTTP/1.1" 200 27
58.40.7.146 - - [01/May/2022:08:39:58 +0800] "GET /xingrg/all/function/internal_message.html?_=1651365598606&CODE_STATE=getMsg HTTP/1.1" 200 27
58.39.61.91 - - [01/May/2022:08:40:08 +0800] "GET /xingrg/check_reg.html?_=1651365518116 HTTP/1.1" 200 22
116.230.110.173 - - [01/May/2022:08:40:11 +0800] "GET /xingrg/all/function/internal_message.html?_=1651365609544&CODE_STATE=getMsg HTTP/1.1" 200 27
116.230.110.173 - - [01/May/2022:08:40:11 +0800] "GET /xingrg/check_reg.html?_=1651365609548 HTTP/1.1" 200 22
120.253.135.82 - - [01/May/2022:08:40:17 +0800] "GET /xingrg/login.html HTTP/1.1" 200 7641
120.253.135.82 - - [01/May/2022:08:40:18 +0800] "GET /xingrg/images/blue/jxLogo.png HTTP/1.1" 200 6156
120.253.135.82 - - [01/May/2022:08:40:19 +0800] "GET /xingrg/images/blue/login_bg.png HTTP/1.1" 200 22101
120.253.135.82 - - [01/May/2022:08:40:19 +0800] "GET /xingrg/images/blue/srbg.png HTTP/1.1" 200 138
120.253.135.82 - - [01/May/2022:08:40:19 +0800] "GET /xingrg/images/blue/hj.png HTTP/1.1" 200 1014
120.253.135.82 - - [01/May/2022:08:40:19 +0800] "GET /favicon.ico HTTP/1.1" 404 -
58.39.61.91 - - [01/May/2022:08:40:22 +0800] "GET /xingrg/all/function/internal_message.html?_=1651365531470&CODE_STATE=getMsg HTTP/1.1" 200 27
116.235.92.88 - - [01/May/2022:08:40:24 +0800] "GET /xingrg/all/function/internal_message.html?_=1651365794558&CODE_STATE=getMsg HTTP/1.1" 200 27
120.253.135.82 - - [01/May/2022:08:40:25 +0800] "POST /xingrg/login.do HTTP/1.1" 302 -
120.253.135.82 - - [01/May/2022:08:40:25 +0800] "GET /xingrg/index.html?sysBaseUrl=http%3A%2F%2F180.169.147.146%3A18081%2Fxingrg%2F&costTime=38×tamp=1651365625452 HTTP/1.1" 200 17173
120.253.135.82 - - [01/May/2022:08:40:25 +0800] "GET /xingrg/javascript/jquery_easy_ui/themes/default/easyui.css HTTP/1.1" 304 -
120.253.135.82 - - [01/May/2022:08:40:25 +0800] "GET /xingrg/javascript/jquery_easy_ui/themes/icon.css HTTP/1.1" 304 -
120.253.135.82 - - [01/May/2022:08:40:25 +0800] "GET /xingrg/css/form.css HTTP/1.1" 200 893
120.253.135.82 - - [01/May/2022:08:40:25 +0800] "GET /xingrg/javascript/jquery-1.4.2.min.js HTTP/1.1" 304 -
120.253.135.82 - - [01/May/2022:08:40:25 +0800] "GET /xingrg/javascript/jquery_easy_ui/jquery.easyui.min.js HTTP/1.1" 304 -
120.253.135.82 - - [01/May/2022:08:40:25 +0800] "GET /xingrg/javascript/jquery_easy_ui/easyui-lang-zh_CN.js HTTP/1.1" 200 1900
120.253.135.82 - - [01/May/2022:08:40:25 +0800] "GET /xingrg/javascript/jquery.utils.js HTTP/1.1" 304 -
120.253.135.82 - - [01/May/2022:08:40:25 +0800] "GET /xingrg/javascript/jquery.form.js HTTP/1.1" 200 23110
120.253.135.82 - - [01/May/2022:08:40:25 +0800] "GET /xingrg/javascript/jquery.timers.js HTTP/1.1" 200 3532
120.253.135.82 - - [01/May/2022:08:40:26 +0800] "GET /favicon.ico HTTP/1.1" 404 -
120.253.135.82 - - [01/May/2022:08:40:26 +0800] "GET /xingrg/images/blue/navBackgound.jpg HTTP/1.1" 200 12378
120.253.135.82 - - [01/May/2022:08:40:26 +0800] "GET /xingrg/javascript/jquery_easy_ui/themes/icons/settle_new.png HTTP/1.1" 304 -
120.253.135.82 - - [01/May/2022:08:40:26 +0800] "POST /xingrg/all/common/load_tree.html?tree=area_rest_tree_json&manage=1 HTTP/1.1" 200 344
120.253.135.82 - - [01/May/2022:08:40:26 +0800] "GET /xingrg/images/blue/pingpu.png HTTP/1.1" 200 231
120.253.135.82 - - [01/May/2022:08:40:26 +0800] "GET /xingrg/javascript/jquery_easy_ui/themes/default/images/tabs_rightarrow.png HTTP/1.1" 200 395
120.253.135.82 - - [01/May/2022:08:40:26 +0800] "GET /xingrg/javascript/jquery_easy_ui/themes/default/images/tabs_leftarrow.png HTTP/1.1" 200 389
120.253.135.82 - - [01/May/2022:08:40:26 +0800] "GET /xingrg/javascript/jquery_easy_ui/themes/default/images/panel_tool_collapse.gif HTTP/1.1" 200 246
120.253.135.82 - - [01/May/2022:08:40:27 +0800] "GET /xingrg/all/function/internal_message.html?_=1651365436199&CODE_STATE=count HTTP/1.1" 200 11
120.253.135.82 - - [01/May/2022:08:40:27 +0800] "GET /xingrg/check_reg.html?_=1651365436199 HTTP/1.1" 200 22
120.253.135.82 - - [01/May/2022:08:40:27 +0800] "POST /xingrg/load_menu.html HTTP/1.1" 200 6743
120.253.135.82 - - [01/May/2022:08:40:27 +0800] "GET /xingrg/javascript/jquery_easy_ui/themes/default/images/tree_arrows.gif HTTP/1.1" 200 1043
120.253.135.82 - - [01/May/2022:08:40:27 +0800] "GET /xingrg/javascript/jquery_easy_ui/themes/default/images/tree_folder_open.gif HTTP/1.1" 200 956
120.253.135.82 - - [01/May/2022:08:40:27 +0800] "GET /xingrg/javascript/jquery_easy_ui/themes/icons/storage_new.png HTTP/1.1" 200 853
120.253.135.82 - - [01/May/2022:08:40:27 +0800] "GET /xingrg/javascript/jquery_easy_ui/themes/icons/forms_new.png HTTP/1.1" 200 350
120.253.135.82 - - [01/May/2022:08:40:27 +0800] "GET /xingrg/javascript/jquery_easy_ui/themes/icons/search_new.png HTTP/1.1" 200 586
120.253.135.82 - - [01/May/2022:08:40:27 +0800] "GET /xingrg/javascript/jquery_easy_ui/themes/icons/delivery_new.png HTTP/1.1" 200 700
120.253.135.82 - - [01/May/2022:08:40:27 +0800] "GET /xingrg/javascript/jquery_easy_ui/themes/default/images/tree_folder.gif HTTP/1.1" 200 952
120.253.135.82 - - [01/May/2022:08:40:27 +0800] "GET /xingrg/javascript/jquery_easy_ui/themes/default/images/tree_file.gif HTTP/1.1" 200 118
180.157.251.97 - - [01/May/2022:08:40:32 +0800] "GET /xingrg/all/function/internal_message.html?_=1651365633005&CODE_STATE=getMsg HTTP/1.1" 200 27
120.253.135.82 - - [01/May/2022:08:40:46 +0800] "GET /xingrg/javascript/jquery_easy_ui/themes/default/images/tabs_close.gif HTTP/1.1" 200 829
120.253.135.82 - - [01/May/2022:08:40:46 +0800] "GET /xingrg/kc/pszx/mdps_order_list.html?orderType=0 HTTP/1.1" 200 20966
120.253.135.82 - - [01/May/2022:08:40:46 +0800] "GET /xingrg/css/base.css HTTP/1.1" 304 -
120.253.135.82 - - [01/May/2022:08:40:46 +0800] "GET /xingrg/css/site.css HTTP/1.1" 304 -
120.253.135.82 - - [01/May/2022:08:40:46 +0800] "GET /xingrg/javascript/jquery_tools/datebox.css HTTP/1.1" 304 -
120.253.135.82 - - [01/May/2022:08:40:46 +0800] "GET /xingrg/javascript/easyui/themes/icon.css HTTP/1.1" 304 -
120.253.135.82 - - [01/May/2022:08:40:46 +0800] "GET /xingrg/javascript/easyui/themes/default/easyui.css HTTP/1.1" 304 -
120.253.135.82 - - [01/May/2022:08:40:46 +0800] "GET /xingrg/javascript/jquery_tools/fix.css HTTP/1.1" 304 -
120.253.135.82 - - [01/May/2022:08:40:46 +0800] "GET /xingrg/javascript/auto/jquery.autocomplete.css HTTP/1.1" 304 -
120.253.135.82 - - [01/May/2022:08:40:46 +0800] "GET /xingrg/javascript/jquery_tools/table.css HTTP/1.1" 304 -
120.253.135.82 - - [01/May/2022:08:40:46 +0800] "GET /xingrg/javascript/jquery_tools/jquery.tools.min.js HTTP/1.1" 304 -
120.253.135.82 - - [01/May/2022:08:40:46 +0800] "GET /xingrg/javascript/jquery_tools/jquery.tools.hotkey.js HTTP/1.1" 304 -
120.253.135.82 - - [01/May/2022:08:40:46 +0800] "GET /xingrg/javascript/jquery_tools/jquery.tools.table.js HTTP/1.1" 304 -
120.253.135.82 - - [01/May/2022:08:40:46 +0800] "GET /xingrg/javascript/jquery_tools/jquery.tools.extend.js HTTP/1.1" 304 -
120.253.135.82 - - [01/May/2022:08:40:46 +0800] "GET /xingrg/javascript/jquery_tools/list_manager.js HTTP/1.1" 304 -
120.253.135.82 - - [01/May/2022:08:40:46 +0800] "GET /xingrg/javascript/auto/jquery.autocomplete.js HTTP/1.1" 304 -
120.253.135.82 - - [01/May/2022:08:40:46 +0800] "GET /xingrg/javascript/print/LodopFuncs.js HTTP/1.1" 304 -
120.253.135.82 - - [01/May/2022:08:40:46 +0800] "GET /xingrg/javascript/jquery.cookie.js HTTP/1.1" 304 -
120.253.135.82 - - [01/May/2022:08:40:46 +0800] "GET /xingrg/javascript/easyui/easyloader.js HTTP/1.1" 304 -
120.253.135.82 - - [01/May/2022:08:40:46 +0800] "GET /xingrg/javascript/easyui/themes/icons/edit_add_new.png HTTP/1.1" 304 -
120.253.135.82 - - [01/May/2022:08:40:46 +0800] "GET /xingrg/javascript/easyui/themes/icons/cance_new.png HTTP/1.1" 304 -
120.253.135.82 - - [01/May/2022:08:40:46 +0800] "GET /xingrg/javascript/easyui/themes/icons/check_new.png HTTP/1.1" 200 3224
120.253.135.82 - - [01/May/2022:08:40:46 +0800] "GET /xingrg/javascript/easyui/themes/icons/uncheck_new.png HTTP/1.1" 304 -
120.253.135.82 - - [01/May/2022:08:40:46 +0800] "GET /xingrg/javascript/easyui/themes/icons/field_new.png HTTP/1.1" 304 -
120.253.135.82 - - [01/May/2022:08:40:46 +0800] "GET /xingrg/javascript/jquery_easy_ui/themes/icons/area.png HTTP/1.1" 200 262
120.253.135.82 - - [01/May/2022:08:40:46 +0800] "GET /xingrg/javascript/jquery_easy_ui/themes/icons/manage.png HTTP/1.1" 200 696
120.253.135.82 - - [01/May/2022:08:40:46 +0800] "GET /xingrg/javascript/easyui/themes/icons/import_new.png HTTP/1.1" 304 -
120.253.135.82 - - [01/May/2022:08:40:46 +0800] "GET /xingrg/javascript/easyui/plugins/jquery.parser.js HTTP/1.1" 304 -
120.253.135.82 - - [01/May/2022:08:40:46 +0800] "GET /xingrg/images/control/ajaxLoader.gif HTTP/1.1" 304 -
120.253.135.82 - - [01/May/2022:08:40:47 +0800] "POST /xingrg/kc/pszx/mdps_list_operate.html HTTP/1.1" 200 5249
120.253.135.82 - - [01/May/2022:08:40:49 +0800] "GET /xingrg/javascript/auto/indicator.gif HTTP/1.1" 404 1066
180.169.147.146 - - [01/May/2022:08:40:57 +0800] "GET /xingrg/all/function/internal_message.html?_=1651365657335&CODE_STATE=getMsg HTTP/1.1" 200 27
180.169.147.146 - - [01/May/2022:08:40:57 +0800] "GET /xingrg/check_reg.html?_=1651365657337 HTTP/1.1" 200 22
58.39.201.47 - - [01/May/2022:08:40:57 +0800] "GET /xingrg/check_reg.html?_=1651365659263 HTTP/1.1" 200 22
58.39.201.47 - - [01/May/2022:08:40:57 +0800] "GET /xingrg/all/function/internal_message.html?_=1651365659266&CODE_STATE=getMsg HTTP/1.1" 200 27
58.40.7.146 - - [01/May/2022:08:40:58 +0800] "GET /xingrg/all/function/internal_message.html?_=1651365658591&CODE_STATE=getMsg HTTP/1.1" 200 27
116.230.110.173 - - [01/May/2022:08:41:11 +0800] "GET /xingrg/all/function/internal_message.html?_=1651365669539&CODE_STATE=getMsg HTTP/1.1" 200 27
114.88.156.203 - - [01/May/2022:08:41:12 +0800] "GET /xingrg/check_reg.html?_=1651365420436 HTTP/1.1" 302 -
58.39.61.91 - - [01/May/2022:08:41:22 +0800] "GET /xingrg/all/function/internal_message.html?_=1651365591483&CODE_STATE=getMsg HTTP/1.1" 200 27
116.235.92.88 - - [01/May/2022:08:41:24 +0800] "GET /xingrg/all/function/internal_message.html?_=1651365854525&CODE_STATE=getMsg HTTP/1.1" 200 27
120.253.135.82 - - [01/May/2022:08:41:27 +0800] "GET /xingrg/all/function/internal_message.html?_=1651365496214&CODE_STATE=getMsg HTTP/1.1" 200 27
120.253.135.82 - - [01/May/2022:08:41:30 +0800] "POST /xingrg/kc/pszx/mdps_list_operate.html HTTP/1.1" 200 868
120.253.135.82 - - [01/May/2022:08:41:31 +0800] "GET /xingrg/javascript/easyui/themes/default/images/button_plain_hover.png HTTP/1.1" 304 -
120.253.135.82 - - [01/May/2022:08:41:31 +0800] "GET /xingrg/javascript/easyui/themes/default/images/button_plain_hover.png HTTP/1.1" 304 -
120.253.135.82 - - [01/May/2022:08:41:31 +0800] "GET /xingrg/javascript/easyui/themes/default/images/button_plain_hover.png HTTP/1.1" 304 -
180.157.251.97 - - [01/May/2022:08:41:32 +0800] "GET /xingrg/all/function/internal_message.html?_=1651365693004&CODE_STATE=getMsg HTTP/1.1" 200 27
120.253.135.82 - - [01/May/2022:08:41:32 +0800] "GET /xingrg/javascript/easyui/themes/default/images/button_plain_hover.png HTTP/1.1" 304 -
120.253.135.82 - - [01/May/2022:08:41:34 +0800] "GET /xingrg/kc/pszx/mdps_order_add.html HTTP/1.1" 200 29035
120.253.135.82 - - [01/May/2022:08:41:34 +0800] "GET /xingrg/javascript/myfunction.js HTTP/1.1" 304 -
120.253.135.82 - - [01/May/2022:08:41:34 +0800] "GET /xingrg/javascript/convert.js HTTP/1.1" 304 -
120.253.135.82 - - [01/May/2022:08:41:34 +0800] "GET /xingrg/javascript/pic_change.js HTTP/1.1" 304 -
120.253.135.82 - - [01/May/2022:08:41:34 +0800] "GET /xingrg/javascript/jquery_tools/order_manager.js HTTP/1.1" 304 -
120.253.135.82 - - [01/May/2022:08:41:35 +0800] "GET /xingrg/javascript/json2.js HTTP/1.1" 304 -
120.253.135.82 - - [01/May/2022:08:41:35 +0800] "GET /xingrg/javascript/print/kc_print.js HTTP/1.1" 304 -
120.253.135.82 - - [01/May/2022:08:41:35 +0800] "GET /xingrg/words/20220430190607_words.js HTTP/1.1" 200 892482
120.253.135.82 - - [01/May/2022:08:41:35 +0800] "GET /xingrg/javascript/easyui/themes/icons/copy_new.png HTTP/1.1" 304 -
120.253.135.82 - - [01/May/2022:08:41:35 +0800] "GET /xingrg/javascript/easyui/themes/icons/ok.png HTTP/1.1" 304 -
120.253.135.82 - - [01/May/2022:08:41:35 +0800] "GET /xingrg/javascript/easyui/themes/icons/print.png HTTP/1.1" 304 -
120.253.135.82 - - [01/May/2022:08:41:35 +0800] "GET /xingrg/javascript/easyui/themes/default/images/menu_downarrow.png HTTP/1.1" 304 -
120.253.135.82 - - [01/May/2022:08:41:35 +0800] "GET /xingrg/javascript/easyui/themes/icons/cancel.png HTTP/1.1" 304 -
120.253.135.82 - - [01/May/2022:08:41:36 +0800] "POST /xingrg/kc/pszx/mdps_order_operate.html HTTP/1.1" 200 7126
120.253.135.82 - - [01/May/2022:08:41:36 +0800] "GET /xingrg/javascript/easyui/themes/icons/edit_remove.png HTTP/1.1" 304 -
120.253.135.82 - - [01/May/2022:08:41:36 +0800] "GET /xingrg/all/common/auto_word.html?type=base&rest_code=00101 HTTP/1.1" 200 671
120.253.135.82 - - [01/May/2022:08:41:36 +0800] "GET /xingrg/javascript/easyui/themes/default/validatebox.css HTTP/1.1" 404 1104
120.253.135.82 - - [01/May/2022:08:41:36 +0800] "GET /xingrg/javascript/easyui/plugins/jquery.validatebox.js HTTP/1.1" 304 -
120.253.135.82 - - [01/May/2022:08:41:36 +0800] "GET /xingrg/javascript/easyui/plugins/jquery.numberbox.js HTTP/1.1" 304 -
120.253.135.82 - - [01/May/2022:08:41:42 +0800] "GET /xingrg/css/images/panel_loading.gif HTTP/1.1" 304 -
120.253.135.82 - - [01/May/2022:08:41:42 +0800] "POST /xingrg/all/common/load_combo.html?type=base HTTP/1.1" 200 1169
180.169.147.146 - - [01/May/2022:08:41:57 +0800] "GET /xingrg/all/function/internal_message.html?_=1651365717351&CODE_STATE=getMsg HTTP/1.1" 200 27
58.39.201.47 - - [01/May/2022:08:41:57 +0800] "GET /xingrg/all/function/internal_message.html?_=1651365719266&CODE_STATE=getMsg HTTP/1.1" 200 27
58.40.7.146 - - [01/May/2022:08:41:58 +0800] "GET /xingrg/all/function/internal_message.html?_=1651365718578&CODE_STATE=getMsg HTTP/1.1" 200 27
114.88.156.203 - - [01/May/2022:08:42:03 +0800] "GET /xingrg/kc/buy/cgsh_order_add.html HTTP/1.1" 302 -
114.88.156.203 - - [01/May/2022:08:42:03 +0800] "GET /xingrg/login.html HTTP/1.1" 200 7641
114.88.156.203 - - [01/May/2022:08:42:03 +0800] "GET /xingrg/login.html HTTP/1.1" 200 7641
114.88.156.203 - - [01/May/2022:08:42:04 +0800] "GET /favicon.ico HTTP/1.1" 404 -
114.88.156.203 - - [01/May/2022:08:42:04 +0800] "POST /xingrg/login.do HTTP/1.1" 302 -
114.88.156.203 - - [01/May/2022:08:42:05 +0800] "GET /xingrg/index.html?sysBaseUrl=http%3A%2F%2F180.169.147.146%3A18081%2Fxingrg%2F&costTime=40×tamp=1651365724983 HTTP/1.1" 200 17179
114.88.156.203 - - [01/May/2022:08:42:05 +0800] "GET /favicon.ico HTTP/1.1" 404 -
114.88.156.203 - - [01/May/2022:08:42:05 +0800] "POST /xingrg/all/common/load_tree.html?tree=area_rest_tree_json&manage=1 HTTP/1.1" 200 351
114.88.156.203 - - [01/May/2022:08:42:05 +0800] "POST /xingrg/load_menu.html HTTP/1.1" 200 5138
114.88.156.203 - - [01/May/2022:08:42:05 +0800] "GET /xingrg/check_reg.html?_=1651365472981 HTTP/1.1" 200 22
114.88.156.203 - - [01/May/2022:08:42:05 +0800] "GET /xingrg/all/function/internal_message.html?_=1651365472980&CODE_STATE=count HTTP/1.1" 200 11
114.88.156.203 - - [01/May/2022:08:42:06 +0800] "GET /xingrg/kc/buy/buy_main.html HTTP/1.1" 200 12412
114.88.156.203 - - [01/May/2022:08:42:06 +0800] "GET /xingrg/css/new_ie.css HTTP/1.1" 404 1036
114.88.156.203 - - [01/May/2022:08:42:07 +0800] "GET /xingrg/images/yd/bt.gif HTTP/1.1" 404 1040
114.88.156.203 - - [01/May/2022:08:42:07 +0800] "GET /xingrg/kc/buy/cgsh_order_list.html HTTP/1.1" 200 51175
114.88.156.203 - - [01/May/2022:08:42:08 +0800] "POST /xingrg/kc/buy/cgsh_list_operate.html HTTP/1.1" 200 876
120.253.135.82 - - [01/May/2022:08:42:08 +0800] "GET /xingrg/kc/pszx/mdps_order_operate.html?command=get_materiel&pszx_code=00101&rest_code=00151&base_code=0010250&code=00102002685 HTTP/1.1" 200 443
120.253.135.82 - - [01/May/2022:08:42:11 +0800] "POST /xingrg/all/common/load_select.html HTTP/1.1" 200 25
116.230.110.173 - - [01/May/2022:08:42:11 +0800] "GET /xingrg/all/function/internal_message.html?_=1651365729552&CODE_STATE=getMsg HTTP/1.1" 200 27
120.253.135.82 - - [01/May/2022:08:42:13 +0800] "GET /xingrg/kc/pszx/mdps_order_operate.html?command=get_materiel_price&pszx_code=00101&rest_code=00151&base_code=0010250&code=00102002685&unit_code=00100348&order_time=2022-05-01 HTTP/1.1" 200 36
114.88.156.203 - - [01/May/2022:08:42:13 +0800] "GET /xingrg/kc/buy/cgsh_order_add.html HTTP/1.1" 200 66992
114.88.156.203 - - [01/May/2022:08:42:13 +0800] "GET /xingrg/words/20220430190607_words.js HTTP/1.1" 304 -
114.88.156.203 - - [01/May/2022:08:42:13 +0800] "POST /xingrg/kc/buy/cgsh_order_operate.html HTTP/1.1" 200 8245
114.88.156.203 - - [01/May/2022:08:42:14 +0800] "GET /xingrg/all/common/auto_word.html?type=employee&rest_code=00141 HTTP/1.1" 200 201
114.88.156.203 - - [01/May/2022:08:42:14 +0800] "GET /xingrg/all/common/auto_word.html?type=employee&rest_code=00141 HTTP/1.1" 200 201
114.88.156.203 - - [01/May/2022:08:42:14 +0800] "GET /xingrg/javascript/easyui/themes/default/validatebox.css HTTP/1.1" 404 1104
218.81.223.53 - - [01/May/2022:08:42:19 +0800] "POST /xingrg/services/DataTransmitService HTTP/1.1" 200 524
218.81.223.53 - - [01/May/2022:08:42:20 +0800] "POST /xingrg/services/DataTransmitService HTTP/1.1" 200 412
58.39.61.91 - - [01/May/2022:08:42:22 +0800] "GET /xingrg/all/function/internal_message.html?_=1651365651511&CODE_STATE=getMsg HTTP/1.1" 200 27
116.235.92.88 - - [01/May/2022:08:42:24 +0800] "GET /xingrg/all/function/internal_message.html?_=1651365914499&CODE_STATE=getMsg HTTP/1.1" 200 27
114.88.156.203 - - [01/May/2022:08:42:26 +0800] "GET /xingrg/javascript/auto/indicator.gif HTTP/1.1" 404 1066
120.253.135.82 - - [01/May/2022:08:42:27 +0800] "GET /xingrg/all/function/internal_message.html?_=1651365556228&CODE_STATE=getMsg HTTP/1.1" 200 27
114.88.156.203 - - [01/May/2022:08:42:28 +0800] "GET /xingrg/javascript/jquery_tools/images/prev.gif HTTP/1.1" 404 1086
114.88.156.203 - - [01/May/2022:08:42:28 +0800] "GET /xingrg/javascript/jquery_tools/images/next.gif HTTP/1.1" 404 1086
180.157.251.97 - - [01/May/2022:08:42:32 +0800] "GET /xingrg/all/function/internal_message.html?_=1651365753003&CODE_STATE=getMsg HTTP/1.1" 200 27
114.88.156.203 - - [01/May/2022:08:42:35 +0800] "GET /xingrg/kc/buy/cgsh_order_operate.html?command=get_materiel&rest_code=00141&code=00101004104&supplier_code=00100086&order_time=2022-05-01 HTTP/1.1" 200 408
120.253.135.82 - - [01/May/2022:08:42:36 +0800] "POST /xingrg/kc/pszx/mdps_order_operate.html HTTP/1.1" 200 37
120.253.135.82 - - [01/May/2022:08:42:37 +0800] "GET /xingrg/kc/pszx/mdps_order_info.html?code=312022050100002 HTTP/1.1" 200 23982
120.253.135.82 - - [01/May/2022:08:42:38 +0800] "GET /xingrg/javascript/easyui/themes/default/validatebox.css HTTP/1.1" 404 1104
120.253.135.82 - - [01/May/2022:08:42:38 +0800] "POST /xingrg/kc/pszx/mdps_order_operate.html HTTP/1.1" 200 2297
116.235.92.88 - - [01/May/2022:08:42:39 +0800] "POST /xingrg/services/DataTransmitService HTTP/1.1" 200 524
116.235.92.88 - - [01/May/2022:08:42:48 +0800] "GET /xingrg/check_reg.html?_=1651365938690 HTTP/1.1" 200 22
180.169.147.146 - - [01/May/2022:08:42:57 +0800] "GET /xingrg/all/function/internal_message.html?_=1651365777352&CODE_STATE=getMsg HTTP/1.1" 200 27
58.39.201.47 - - [01/May/2022:08:42:57 +0800] "GET /xingrg/all/function/internal_message.html?_=1651365779266&CODE_STATE=getMsg HTTP/1.1" 200 27
58.40.7.146 - - [01/May/2022:08:42:58 +0800] "GET /xingrg/all/function/internal_message.html?_=1651365778565&CODE_STATE=getMsg HTTP/1.1" 200 27
114.88.156.203 - - [01/May/2022:08:43:03 +0800] "POST /xingrg/kc/buy/cgsh_order_operate.html HTTP/1.1" 200 37
114.88.156.203 - - [01/May/2022:08:43:05 +0800] "GET /xingrg/all/function/internal_message.html?_=1651365532993&CODE_STATE=getMsg HTTP/1.1" 200 27
120.253.135.82 - - [01/May/2022:08:43:06 +0800] "POST /xingrg/kc/pszx/mdps_order_operate.html HTTP/1.1" 200 37
114.88.156.203 - - [01/May/2022:08:43:08 +0800] "POST /xingrg/kc/buy/cgsh_order_operate.html HTTP/1.1" 200 12
120.253.135.82 - - [01/May/2022:08:43:08 +0800] "GET /xingrg/kc/pszx/mdps_order_info.html?code=312022050100002 HTTP/1.1" 200 23982
120.253.135.82 - - [01/May/2022:08:43:09 +0800] "GET /xingrg/javascript/easyui/themes/default/validatebox.css HTTP/1.1" 404 1104
120.253.135.82 - - [01/May/2022:08:43:09 +0800] "POST /xingrg/kc/pszx/mdps_order_operate.html HTTP/1.1" 200 2297
116.230.110.173 - - [01/May/2022:08:43:11 +0800] "GET /xingrg/all/function/internal_message.html?_=1651365789551&CODE_STATE=getMsg HTTP/1.1" 200 27
114.88.156.203 - - [01/May/2022:08:43:14 +0800] "GET /xingrg/kc/buy/cgsh_order_info.html?code=212022050100002 HTTP/1.1" 200 61899
120.253.135.82 - - [01/May/2022:08:43:14 +0800] "POST /xingrg/kc/pszx/mdps_list_operate.html HTTP/1.1" 200 1698
114.88.156.203 - - [01/May/2022:08:43:14 +0800] "GET /xingrg/javascript/easyui/themes/default/validatebox.css HTTP/1.1" 404 1104
114.88.156.203 - - [01/May/2022:08:43:15 +0800] "POST /xingrg/kc/buy/cgsh_order_operate.html HTTP/1.1" 200 610
120.253.135.82 - - [01/May/2022:08:43:16 +0800] "POST /xingrg/kc/pszx/mdps_list_operate.html HTTP/1.1" 200 210
114.88.156.203 - - [01/May/2022:08:43:20 +0800] "GET /xingrg/kc/print/load_config.html?kc_code=cgsh HTTP/1.1" 200 1943
114.88.156.203 - - [01/May/2022:08:43:20 +0800] "GET /xingrg/kc/print/load_data.html?order_code=212022050100002&kc_code=cgsh&condition= HTTP/1.1" 200 781
58.39.61.91 - - [01/May/2022:08:43:22 +0800] "GET /xingrg/all/function/internal_message.html?_=1651365711526&CODE_STATE=getMsg HTTP/1.1" 200 27
120.253.135.82 - - [01/May/2022:08:43:23 +0800] "GET /xingrg/kc/pszx/mdqp_order_list.html?state=10 HTTP/1.1" 200 10217
120.253.135.82 - - [01/May/2022:08:43:23 +0800] "GET /xingrg/css/blue.css HTTP/1.1" 304 -
120.253.135.82 - - [01/May/2022:08:43:23 +0800] "GET /xingrg/dwr/interface/AjaxQqpsService.js HTTP/1.1" 200 16326
120.253.135.82 - - [01/May/2022:08:43:23 +0800] "GET /xingrg/javascript/Calendar.js HTTP/1.1" 304 -
120.253.135.82 - - [01/May/2022:08:43:23 +0800] "GET /xingrg/dwr/util.js HTTP/1.1" 304 -
120.253.135.82 - - [01/May/2022:08:43:23 +0800] "GET /xingrg/dwr/interface/AjaxReportQueryService.js HTTP/1.1" 200 13203
120.253.135.82 - - [01/May/2022:08:43:23 +0800] "GET /xingrg/dwr/engine.js HTTP/1.1" 200 43631
120.253.135.82 - - [01/May/2022:08:43:23 +0800] "GET /xingrg/javascript/jquery_easy_ui/themes/icons/back_new.png HTTP/1.1" 304 -
120.253.135.82 - - [01/May/2022:08:43:23 +0800] "GET /xingrg/javascript/jquery_easy_ui/themes/icons/uncheck_new.png HTTP/1.1" 304 -
120.253.135.82 - - [01/May/2022:08:43:23 +0800] "GET /xingrg/javascript/jquery_easy_ui/themes/icons/check_new.png HTTP/1.1" 304 -
116.235.92.88 - - [01/May/2022:08:43:24 +0800] "GET /xingrg/all/function/internal_message.html?_=1651365974477&CODE_STATE=getMsg HTTP/1.1" 200 27
120.253.135.82 - - [01/May/2022:08:43:27 +0800] "GET /xingrg/all/function/internal_message.html?_=1651365616242&CODE_STATE=getMsg HTTP/1.1" 200 27
114.88.156.203 - - [01/May/2022:08:43:28 +0800] "GET /xingrg/kc/buy/cgsh_order_add.html HTTP/1.1" 200 66992
114.88.156.203 - - [01/May/2022:08:43:28 +0800] "POST /xingrg/kc/buy/cgsh_order_operate.html HTTP/1.1" 200 8245
114.88.156.203 - - [01/May/2022:08:43:29 +0800] "GET /xingrg/javascript/easyui/themes/default/validatebox.css HTTP/1.1" 404 1104
180.157.251.97 - - [01/May/2022:08:43:32 +0800] "GET /xingrg/all/function/internal_message.html?_=1651365813018&CODE_STATE=getMsg HTTP/1.1" 200 27
114.88.156.203 - - [01/May/2022:08:43:39 +0800] "GET /xingrg/kc/buy/cgsh_order_operate.html?command=get_materiel&rest_code=00141&code=00101004065&supplier_code=00100086&order_time=2022-05-01 HTTP/1.1" 200 413
58.40.7.146 - - [01/May/2022:08:43:42 +0800] "GET /xingrg/check_reg.html?_=1651365823301 HTTP/1.1" 200 22
180.169.147.146 - - [01/May/2022:08:43:57 +0800] "GET /xingrg/all/function/internal_message.html?_=1651365837353&CODE_STATE=getMsg HTTP/1.1" 200 27
58.39.201.47 - - [01/May/2022:08:43:57 +0800] "GET /xingrg/all/function/internal_message.html?_=1651365839267&CODE_STATE=getMsg HTTP/1.1" 200 27
58.40.7.146 - - [01/May/2022:08:43:58 +0800] "GET /xingrg/all/function/internal_message.html?_=1651365838537&CODE_STATE=getMsg HTTP/1.1" 200 27
116.230.110.173 - - [01/May/2022:08:44:11 +0800] "GET /xingrg/all/function/internal_message.html?_=1651365849556&CODE_STATE=getMsg HTTP/1.1" 200 27
120.253.135.82 - - [01/May/2022:08:44:19 +0800] "GET /xingrg/kc/pszx/mdqp_order_list.html?state=10 HTTP/1.1" 200 10217
120.253.135.82 - - [01/May/2022:08:44:19 +0800] "GET /xingrg/dwr/interface/AjaxQqpsService.js HTTP/1.1" 200 16326
120.253.135.82 - - [01/May/2022:08:44:19 +0800] "GET /xingrg/dwr/interface/AjaxReportQueryService.js HTTP/1.1" 200 13203
120.253.135.82 - - [01/May/2022:08:44:19 +0800] "GET /xingrg/dwr/engine.js HTTP/1.1" 200 43631
58.39.61.91 - - [01/May/2022:08:44:22 +0800] "GET /xingrg/all/function/internal_message.html?_=1651365771554&CODE_STATE=getMsg HTTP/1.1" 200 27
120.253.135.82 - - [01/May/2022:08:44:23 +0800] "GET /xingrg/kc/pszx/mdqp_order_list.html?state=10 HTTP/1.1" 200 10217
120.253.135.82 - - [01/May/2022:08:44:23 +0800] "GET /xingrg/dwr/interface/AjaxReportQueryService.js HTTP/1.1" 200 13203
120.253.135.82 - - [01/May/2022:08:44:23 +0800] "GET /xingrg/dwr/interface/AjaxQqpsService.js HTTP/1.1" 200 16326
120.253.135.82 - - [01/May/2022:08:44:23 +0800] "GET /xingrg/dwr/engine.js HTTP/1.1" 200 43631
116.235.92.88 - - [01/May/2022:08:44:24 +0800] "GET /xingrg/all/function/internal_message.html?_=1651366034458&CODE_STATE=getMsg HTTP/1.1" 200 27
114.88.156.203 - - [01/May/2022:08:44:25 +0800] "POST /xingrg/kc/buy/cgsh_order_operate.html HTTP/1.1" 200 37
120.253.135.82 - - [01/May/2022:08:44:26 +0800] "GET /xingrg/kc/pszx/mdth_order_list.html HTTP/1.1" 200 18390
120.253.135.82 - - [01/May/2022:08:44:26 +0800] "POST /xingrg/kc/pszx/mdth_order_new_list.html HTTP/1.1" 200 4800
120.253.135.82 - - [01/May/2022:08:44:27 +0800] "GET /xingrg/all/function/internal_message.html?_=1651365676273&CODE_STATE=getMsg HTTP/1.1" 200 27
114.88.156.203 - - [01/May/2022:08:44:29 +0800] "POST /xingrg/kc/buy/cgsh_order_operate.html HTTP/1.1" 200 12
114.88.156.203 - - [01/May/2022:08:44:31 +0800] "GET /xingrg/kc/buy/cgsh_order_info.html?code=212022050100003 HTTP/1.1" 200 61899
114.88.156.203 - - [01/May/2022:08:44:31 +0800] "GET /xingrg/javascript/easyui/themes/default/validatebox.css HTTP/1.1" 404 1104
180.157.251.97 - - [01/May/2022:08:44:32 +0800] "GET /xingrg/check_reg.html?_=1651365873017 HTTP/1.1" 200 22
180.157.251.97 - - [01/May/2022:08:44:32 +0800] "GET /xingrg/all/function/internal_message.html?_=1651365873019&CODE_STATE=getMsg HTTP/1.1" 200 27
114.88.156.203 - - [01/May/2022:08:44:32 +0800] "POST /xingrg/kc/buy/cgsh_order_operate.html HTTP/1.1" 200 615
120.253.135.82 - - [01/May/2022:08:44:32 +0800] "POST /xingrg/kc/pszx/mdth_order_new_list.html HTTP/1.1" 200 747
114.88.156.203 - - [01/May/2022:08:44:33 +0800] "GET /xingrg/kc/print/load_data.html?order_code=212022050100003&kc_code=cgsh&condition= HTTP/1.1" 200 786
114.88.156.203 - - [01/May/2022:08:44:37 +0800] "GET /xingrg/kc/buy/cgsh_order_add.html HTTP/1.1" 200 66992
114.88.156.203 - - [01/May/2022:08:44:38 +0800] "POST /xingrg/kc/buy/cgsh_order_operate.html HTTP/1.1" 200 8245
114.88.156.203 - - [01/May/2022:08:44:38 +0800] "GET /xingrg/javascript/easyui/themes/default/validatebox.css HTTP/1.1" 404 1104
120.253.135.82 - - [01/May/2022:08:44:42 +0800] "GET /xingrg/kc/pszx/mdps_order_list.html?orderType=0 HTTP/1.1" 200 20966
120.253.135.82 - - [01/May/2022:08:44:43 +0800] "POST /xingrg/kc/pszx/mdps_list_operate.html HTTP/1.1" 200 5268
120.253.135.82 - - [01/May/2022:08:44:48 +0800] "POST /xingrg/kc/pszx/mdps_list_operate.html HTTP/1.1" 200 1698
120.253.135.82 - - [01/May/2022:08:44:49 +0800] "POST /xingrg/kc/pszx/mdps_list_operate.html HTTP/1.1" 200 210
114.88.156.203 - - [01/May/2022:08:44:50 +0800] "GET /xingrg/kc/buy/cgsh_order_operate.html?command=get_materiel&rest_code=00141&code=00101003016&supplier_code=00100093&order_time=2022-05-01 HTTP/1.1" 200 420
120.253.135.82 - - [01/May/2022:08:44:50 +0800] "GET /xingrg/kc/pszx/mdps_order_info.html?code=312022050100002 HTTP/1.1" 200 23982
120.253.135.82 - - [01/May/2022:08:44:51 +0800] "POST /xingrg/kc/pszx/mdps_order_operate.html HTTP/1.1" 200 2297
120.253.135.82 - - [01/May/2022:08:44:51 +0800] "GET /xingrg/javascript/easyui/themes/default/validatebox.css HTTP/1.1" 404 1104
180.169.147.146 - - [01/May/2022:08:44:57 +0800] "GET /xingrg/all/function/internal_message.html?_=1651365897349&CODE_STATE=getMsg HTTP/1.1" 200 27
58.39.201.47 - - [01/May/2022:08:44:57 +0800] "GET /xingrg/all/function/internal_message.html?_=1651365899268&CODE_STATE=getMsg HTTP/1.1" 200 27
58.40.7.146 - - [01/May/2022:08:44:58 +0800] "GET /xingrg/all/function/internal_message.html?_=1651365898523&CODE_STATE=getMsg HTTP/1.1" 200 27
114.88.156.203 - - [01/May/2022:08:45:03 +0800] "GET /xingrg/kc/buy/cgsh_order_operate.html?command=get_materiel&rest_code=00141&code=00102026001&supplier_code=00100093&order_time=2022-05-01 HTTP/1.1" 200 410
114.88.156.203 - - [01/May/2022:08:45:05 +0800] "GET /xingrg/all/function/internal_message.html?_=1651365653006&CODE_STATE=getMsg HTTP/1.1" 200 27
120.253.135.82 - - [01/May/2022:08:45:05 +0800] "GET /xingrg/kc/pszx/mdps_order_list.html?orderType=0 HTTP/1.1" 200 20966
120.253.135.82 - - [01/May/2022:08:45:05 +0800] "POST /xingrg/kc/pszx/mdps_list_operate.html HTTP/1.1" 200 5268
58.39.61.91 - - [01/May/2022:08:45:08 +0800] "GET /xingrg/check_reg.html?_=1651365818122 HTTP/1.1" 200 22
120.253.135.82 - - [01/May/2022:08:45:10 +0800] "POST /xingrg/kc/pszx/mdps_list_operate.html HTTP/1.1" 200 293
116.230.110.173 - - [01/May/2022:08:45:11 +0800] "GET /xingrg/check_reg.html?_=1651365909539 HTTP/1.1" 200 22
116.230.110.173 - - [01/May/2022:08:45:11 +0800] "GET /xingrg/all/function/internal_message.html?_=1651365909543&CODE_STATE=getMsg HTTP/1.1" 200 27
120.253.135.82 - - [01/May/2022:08:45:17 +0800] "POST /xingrg/kc/pszx/mdps_list_operate.html HTTP/1.1" 200 210
120.253.135.82 - - [01/May/2022:08:45:19 +0800] "POST /xingrg/kc/pszx/mdps_list_operate.html HTTP/1.1" 200 218
58.39.61.91 - - [01/May/2022:08:45:22 +0800] "GET /xingrg/all/function/internal_message.html?_=1651365831569&CODE_STATE=getMsg HTTP/1.1" 200 27
116.235.92.88 - - [01/May/2022:08:45:24 +0800] "GET /xingrg/all/function/internal_message.html?_=1651366094431&CODE_STATE=getMsg HTTP/1.1" 200 27
120.253.135.82 - - [01/May/2022:08:45:24 +0800] "POST /xingrg/kc/pszx/mdps_list_operate.html HTTP/1.1" 200 215
120.253.135.82 - - [01/May/2022:08:45:27 +0800] "GET /xingrg/check_reg.html?_=1651365736205 HTTP/1.1" 200 22
120.253.135.82 - - [01/May/2022:08:45:27 +0800] "GET /xingrg/all/function/internal_message.html?_=1651365736283&CODE_STATE=getMsg HTTP/1.1" 200 27
114.88.156.203 - - [01/May/2022:08:45:27 +0800] "POST /xingrg/kc/buy/cgsh_order_operate.html HTTP/1.1" 200 37
114.88.156.203 - - [01/May/2022:08:45:31 +0800] "POST /xingrg/kc/buy/cgsh_order_operate.html HTTP/1.1" 200 12
180.157.251.97 - - [01/May/2022:08:45:32 +0800] "GET /xingrg/all/function/internal_message.html?_=1651365933004&CODE_STATE=getMsg HTTP/1.1" 200 27
120.253.135.82 - - [01/May/2022:08:45:32 +0800] "GET /xingrg/kc/pszx/mdps_order_info.html?code=312022043000277 HTTP/1.1" 200 23972
114.88.156.203 - - [01/May/2022:08:45:32 +0800] "GET /xingrg/kc/buy/cgsh_order_info.html?code=212022050100004 HTTP/1.1" 200 61897
120.253.135.82 - - [01/May/2022:08:45:33 +0800] "GET /xingrg/javascript/easyui/themes/default/validatebox.css HTTP/1.1" 404 1104
120.253.135.82 - - [01/May/2022:08:45:33 +0800] "POST /xingrg/kc/pszx/mdps_order_operate.html HTTP/1.1" 200 2307
114.88.156.203 - - [01/May/2022:08:45:33 +0800] "GET /xingrg/javascript/easyui/themes/default/validatebox.css HTTP/1.1" 404 1104
114.88.156.203 - - [01/May/2022:08:45:33 +0800] "POST /xingrg/kc/buy/cgsh_order_operate.html HTTP/1.1" 200 1217
114.88.156.203 - - [01/May/2022:08:45:35 +0800] "GET /xingrg/kc/print/load_data.html?order_code=212022050100004&kc_code=cgsh&condition= HTTP/1.1" 200 1008
114.88.156.203 - - [01/May/2022:08:45:39 +0800] "GET /xingrg/kc/buy/cgsh_order_add.html HTTP/1.1" 200 66992
114.88.156.203 - - [01/May/2022:08:45:39 +0800] "POST /xingrg/kc/buy/cgsh_order_operate.html HTTP/1.1" 200 8245
114.88.156.203 - - [01/May/2022:08:45:39 +0800] "GET /xingrg/javascript/easyui/themes/default/validatebox.css HTTP/1.1" 404 1104
114.88.156.203 - - [01/May/2022:08:45:52 +0800] "GET /xingrg/kc/buy/cgsh_order_operate.html?command=get_materiel&rest_code=00141&code=00102002195&supplier_code=00100093&order_time=2022-05-01 HTTP/1.1" 200 414
120.253.135.82 - - [01/May/2022:08:45:54 +0800] "POST /xingrg/kc/pszx/mdps_list_operate.html HTTP/1.1" 200 291
180.169.147.146 - - [01/May/2022:08:45:57 +0800] "GET /xingrg/check_reg.html?_=1651365957349 HTTP/1.1" 200 22
180.169.147.146 - - [01/May/2022:08:45:57 +0800] "GET /xingrg/all/function/internal_message.html?_=1651365957350&CODE_STATE=getMsg HTTP/1.1" 200 27
58.39.201.47 - - [01/May/2022:08:45:57 +0800] "GET /xingrg/check_reg.html?_=1651365959269 HTTP/1.1" 200 22
58.39.201.47 - - [01/May/2022:08:45:57 +0800] "GET /xingrg/all/function/internal_message.html?_=1651365959271&CODE_STATE=getMsg HTTP/1.1" 200 27
58.40.7.146 - - [01/May/2022:08:45:58 +0800] "GET /xingrg/all/function/internal_message.html?_=1651365958509&CODE_STATE=getMsg HTTP/1.1" 200 27
120.253.135.82 - - [01/May/2022:08:46:01 +0800] "GET /xingrg/kc/pszx/mdps_order_info.html?code=312022043000278 HTTP/1.1" 200 23972
120.253.135.82 - - [01/May/2022:08:46:01 +0800] "GET /xingrg/javascript/easyui/themes/default/validatebox.css HTTP/1.1" 404 1104
120.253.135.82 - - [01/May/2022:08:46:01 +0800] "POST /xingrg/kc/pszx/mdps_order_operate.html HTTP/1.1" 200 2791
114.88.156.203 - - [01/May/2022:08:46:05 +0800] "GET /xingrg/all/function/internal_message.html?_=1651365713014&CODE_STATE=getMsg HTTP/1.1" 200 27
114.88.156.203 - - [01/May/2022:08:46:09 +0800] "POST /xingrg/kc/buy/cgsh_order_operate.html HTTP/1.1" 200 37
120.253.135.82 - - [01/May/2022:08:46:09 +0800] "POST /xingrg/kc/pszx/mdps_list_operate.html HTTP/1.1" 200 5268
120.253.135.82 - - [01/May/2022:08:46:11 +0800] "POST /xingrg/kc/pszx/mdps_list_operate.html HTTP/1.1" 200 211
116.230.110.173 - - [01/May/2022:08:46:11 +0800] "GET /xingrg/all/function/internal_message.html?_=1651365969543&CODE_STATE=getMsg HTTP/1.1" 200 27
114.88.156.203 - - [01/May/2022:08:46:12 +0800] "POST /xingrg/kc/buy/cgsh_order_operate.html HTTP/1.1" 200 12
114.88.156.203 - - [01/May/2022:08:46:13 +0800] "GET /xingrg/kc/buy/cgsh_order_info.html?code=212022050100005 HTTP/1.1" 200 61897
114.88.156.203 - - [01/May/2022:08:46:13 +0800] "GET /xingrg/javascript/easyui/themes/default/validatebox.css HTTP/1.1" 404 1104
114.88.156.203 - - [01/May/2022:08:46:13 +0800] "POST /xingrg/kc/buy/cgsh_order_operate.html HTTP/1.1" 200 1209
114.88.156.203 - - [01/May/2022:08:46:14 +0800] "GET /xingrg/kc/print/load_data.html?order_code=212022050100005&kc_code=cgsh HTTP/1.1" 200 990
180.157.251.97 - - [01/May/2022:08:46:17 +0800] "GET /xingrg/kc/pszx/mdps_order_list.html?orderType=0 HTTP/1.1" 200 20966
180.157.251.97 - - [01/May/2022:08:46:17 +0800] "POST /xingrg/kc/pszx/mdps_list_operate.html HTTP/1.1" 200 5268
120.253.135.82 - - [01/May/2022:08:46:17 +0800] "GET /xingrg/kc/pszx/mdps_order_info.html?code=312022043000281 HTTP/1.1" 200 23978
180.157.251.97 - - [01/May/2022:08:46:17 +0800] "POST /xingrg/kc/pszx/mdps_list_operate.html HTTP/1.1" 200 5268
114.88.156.203 - - [01/May/2022:08:46:17 +0800] "GET /xingrg/kc/print/load_data.html?order_code=212022050100005&kc_code=cgsh&condition= HTTP/1.1" 200 990
120.253.135.82 - - [01/May/2022:08:46:17 +0800] "POST /xingrg/kc/pszx/mdps_order_operate.html HTTP/1.1" 200 2287
120.253.135.82 - - [01/May/2022:08:46:17 +0800] "GET /xingrg/javascript/easyui/themes/default/validatebox.css HTTP/1.1" 404 1104
180.157.251.97 - - [01/May/2022:08:46:21 +0800] "POST /xingrg/kc/pszx/mdps_list_operate.html HTTP/1.1" 200 293
180.157.251.97 - - [01/May/2022:08:46:21 +0800] "GET /xingrg/kc/pszx/mdps_order_info.html?code=312022050100001 HTTP/1.1" 200 23978
180.157.251.97 - - [01/May/2022:08:46:21 +0800] "GET /xingrg/javascript/easyui/themes/default/validatebox.css HTTP/1.1" 404 1104
180.157.251.97 - - [01/May/2022:08:46:21 +0800] "POST /xingrg/kc/pszx/mdps_order_operate.html HTTP/1.1" 200 2773
58.39.61.91 - - [01/May/2022:08:46:22 +0800] "GET /xingrg/all/function/internal_message.html?_=1651365891583&CODE_STATE=getMsg HTTP/1.1" 200 27
116.235.92.88 - - [01/May/2022:08:46:24 +0800] "GET /xingrg/all/function/internal_message.html?_=1651366154400&CODE_STATE=getMsg HTTP/1.1" 200 27
120.253.135.82 - - [01/May/2022:08:46:25 +0800] "GET /xingrg/kc/report/report_main.html HTTP/1.1" 200 8599
120.253.135.82 - - [01/May/2022:08:46:25 +0800] "GET /xingrg/javascript/jquery_ui/themes/humanity/humanity.css HTTP/1.1" 304 -
120.253.135.82 - - [01/May/2022:08:46:27 +0800] "GET /xingrg/kc/base/kc_stocks.html HTTP/1.1" 200 16437
120.253.135.82 - - [01/May/2022:08:46:27 +0800] "GET /xingrg/javascript/easyui/themes/sunny/easyui.css HTTP/1.1" 304 -
120.253.135.82 - - [01/May/2022:08:46:27 +0800] "GET /xingrg/javascript/easyui/themes/icons/print_new.png HTTP/1.1" 304 -
120.253.135.82 - - [01/May/2022:08:46:27 +0800] "GET /xingrg/javascript/easyui/themes/icons/filter_new.png HTTP/1.1" 304 -
120.253.135.82 - - [01/May/2022:08:46:27 +0800] "GET /xingrg/javascript/easyui/themes/icons/refresh_new.png HTTP/1.1" 304 -
120.253.135.82 - - [01/May/2022:08:46:27 +0800] "GET /xingrg/javascript/easyui/plugins/jquery.draggable.js HTTP/1.1" 304 -
120.253.135.82 - - [01/May/2022:08:46:27 +0800] "GET /xingrg/javascript/easyui/plugins/jquery.droppable.js HTTP/1.1" 304 -
120.253.135.82 - - [01/May/2022:08:46:27 +0800] "GET /xingrg/all/function/internal_message.html?_=1651365796439&CODE_STATE=getMsg HTTP/1.1" 200 27
120.253.135.82 - - [01/May/2022:08:46:27 +0800] "GET /xingrg/javascript/easyui/plugins/jquery.tree.js HTTP/1.1" 304 -
120.253.135.82 - - [01/May/2022:08:46:27 +0800] "GET /xingrg/javascript/easyui/themes/default/tree.css HTTP/1.1" 404 1090
120.253.135.82 - - [01/May/2022:08:46:27 +0800] "POST /xingrg/all/common/load_tree.html?tree=materiel_sort_tree_json HTTP/1.1" 200 9388
120.253.135.82 - - [01/May/2022:08:46:27 +0800] "GET /xingrg/javascript/easyui/themes/sunny/images/tree_arrows.gif HTTP/1.1" 304 -
120.253.135.82 - - [01/May/2022:08:46:27 +0800] "GET /xingrg/javascript/easyui/themes/sunny/images/tree_folder_open.gif HTTP/1.1" 304 -
120.253.135.82 - - [01/May/2022:08:46:27 +0800] "GET /xingrg/javascript/easyui/themes/sunny/images/tree_folder.gif HTTP/1.1" 304 -
120.253.135.82 - - [01/May/2022:08:46:27 +0800] "GET /xingrg/javascript/easyui/themes/sunny/images/tree_file.gif HTTP/1.1" 304 -
180.157.251.97 - - [01/May/2022:08:46:29 +0800] "POST /xingrg/kc/pszx/mdps_order_operate.html HTTP/1.1" 200 37
180.157.251.97 - - [01/May/2022:08:46:31 +0800] "POST /xingrg/kc/pszx/mdps_order_operate.html HTTP/1.1" 200 12
180.157.251.97 - - [01/May/2022:08:46:32 +0800] "GET /xingrg/kc/pszx/mdps_order_info.html?code=312022050100001 HTTP/1.1" 200 19636
180.157.251.97 - - [01/May/2022:08:46:32 +0800] "POST /xingrg/kc/pszx/mdps_order_operate.html HTTP/1.1" 200 991
180.157.251.97 - - [01/May/2022:08:46:33 +0800] "GET /xingrg/javascript/easyui/themes/default/validatebox.css HTTP/1.1" 404 1104
120.253.135.82 - - [01/May/2022:08:46:34 +0800] "POST /xingrg/all/common/load_combo.html?type=base HTTP/1.1" 200 1169
180.157.251.97 - - [01/May/2022:08:46:37 +0800] "POST /xingrg/kc/pszx/mdps_list_operate.html HTTP/1.1" 200 5255
180.157.251.97 - - [01/May/2022:08:46:41 +0800] "POST /xingrg/kc/pszx/mdps_list_operate.html HTTP/1.1" 200 293
180.157.251.97 - - [01/May/2022:08:46:41 +0800] "GET /xingrg/kc/pszx/mdps_order_info.html?code=312022043000282 HTTP/1.1" 200 23978
180.157.251.97 - - [01/May/2022:08:46:41 +0800] "GET /xingrg/javascript/easyui/themes/default/validatebox.css HTTP/1.1" 404 1104
180.157.251.97 - - [01/May/2022:08:46:41 +0800] "POST /xingrg/kc/pszx/mdps_order_operate.html HTTP/1.1" 200 2773
120.253.135.82 - - [01/May/2022:08:46:47 +0800] "POST /xingrg/kc/base/stock_operate.html HTTP/1.1" 200 2011
120.253.135.82 - - [01/May/2022:08:46:47 +0800] "GET /xingrg/javascript/jquery_tools/fix_table.js HTTP/1.1" 304 -
180.157.251.97 - - [01/May/2022:08:46:55 +0800] "POST /xingrg/kc/pszx/mdps_order_operate.html HTTP/1.1" 200 37
180.157.251.97 - - [01/May/2022:08:46:56 +0800] "POST /xingrg/kc/pszx/mdps_order_operate.html HTTP/1.1" 200 12
180.169.147.146 - - [01/May/2022:08:46:57 +0800] "GET /xingrg/all/function/internal_message.html?_=1651366017346&CODE_STATE=getMsg HTTP/1.1" 200 27
58.39.201.47 - - [01/May/2022:08:46:57 +0800] "GET /xingrg/all/function/internal_message.html?_=1651366019256&CODE_STATE=getMsg HTTP/1.1" 200 27
180.157.251.97 - - [01/May/2022:08:46:58 +0800] "GET /xingrg/kc/pszx/mdps_order_info.html?code=312022043000282 HTTP/1.1" 200 19636
58.40.7.146 - - [01/May/2022:08:46:58 +0800] "GET /xingrg/all/function/internal_message.html?_=1651366018495&CODE_STATE=getMsg HTTP/1.1" 200 27
