180.157.251.97 - - [01/May/2022:08:46:58 +0800] "POST /xingrg/kc/pszx/mdps_order_operate.html HTTP/1.1" 200 991
180.157.251.97 - - [01/May/2022:08:46:58 +0800] "GET /xingrg/javascript/easyui/themes/default/validatebox.css HTTP/1.1" 404 1104
114.88.156.203 - - [01/May/2022:08:47:05 +0800] "GET /xingrg/check_reg.html?_=1651365772990 HTTP/1.1" 200 22
114.88.156.203 - - [01/May/2022:08:47:05 +0800] "GET /xingrg/all/function/internal_message.html?_=1651365772991&CODE_STATE=getMsg HTTP/1.1" 200 27
180.157.251.97 - - [01/May/2022:08:47:05 +0800] "POST /xingrg/kc/pszx/mdps_list_operate.html HTTP/1.1" 200 5251
114.88.156.203 - - [01/May/2022:08:47:06 +0800] "GET /xingrg/kc/buy/cgsh_order_add.html HTTP/1.1" 200 66992
114.88.156.203 - - [01/May/2022:08:47:06 +0800] "POST /xingrg/kc/buy/cgsh_order_operate.html HTTP/1.1" 200 8245
114.88.156.203 - - [01/May/2022:08:47:07 +0800] "GET /xingrg/javascript/easyui/themes/default/validatebox.css HTTP/1.1" 404 1104
180.157.251.97 - - [01/May/2022:08:47:08 +0800] "POST /xingrg/kc/pszx/mdps_list_operate.html HTTP/1.1" 200 215
180.157.251.97 - - [01/May/2022:08:47:09 +0800] "GET /xingrg/kc/pszx/mdps_order_info.html?code=312022043000277 HTTP/1.1" 200 23972
180.157.251.97 - - [01/May/2022:08:47:09 +0800] "GET /xingrg/javascript/easyui/themes/default/validatebox.css HTTP/1.1" 404 1104
180.157.251.97 - - [01/May/2022:08:47:09 +0800] "POST /xingrg/kc/pszx/mdps_order_operate.html HTTP/1.1" 200 2307
120.253.135.82 - - [01/May/2022:08:47:09 +0800] "GET /xingrg/kc/pszx/mdqp_order_list.html?state=10 HTTP/1.1" 200 10217
120.253.135.82 - - [01/May/2022:08:47:09 +0800] "GET /xingrg/dwr/interface/AjaxReportQueryService.js HTTP/1.1" 200 13203
120.253.135.82 - - [01/May/2022:08:47:09 +0800] "GET /xingrg/dwr/interface/AjaxQqpsService.js HTTP/1.1" 200 16326
120.253.135.82 - - [01/May/2022:08:47:09 +0800] "GET /xingrg/dwr/engine.js HTTP/1.1" 200 43631
116.230.110.173 - - [01/May/2022:08:47:11 +0800] "GET /xingrg/all/function/internal_message.html?_=1651366029540&CODE_STATE=getMsg HTTP/1.1" 200 27
180.157.251.97 - - [01/May/2022:08:47:16 +0800] "POST /xingrg/kc/pszx/mdps_order_operate.html HTTP/1.1" 200 37
180.157.251.97 - - [01/May/2022:08:47:17 +0800] "POST /xingrg/kc/pszx/mdps_order_operate.html HTTP/1.1" 200 12
180.157.251.97 - - [01/May/2022:08:47:19 +0800] "GET /xingrg/kc/pszx/mdps_order_info.html?code=312022043000277 HTTP/1.1" 200 19630
180.157.251.97 - - [01/May/2022:08:47:19 +0800] "POST /xingrg/kc/pszx/mdps_order_operate.html HTTP/1.1" 200 527
180.157.251.97 - - [01/May/2022:08:47:19 +0800] "GET /xingrg/javascript/easyui/themes/default/validatebox.css HTTP/1.1" 404 1104
180.157.251.97 - - [01/May/2022:08:47:22 +0800] "POST /xingrg/kc/pszx/mdps_list_operate.html HTTP/1.1" 200 5246
58.39.61.91 - - [01/May/2022:08:47:22 +0800] "GET /xingrg/all/function/internal_message.html?_=1651365951610&CODE_STATE=getMsg HTTP/1.1" 200 27
180.157.251.97 - - [01/May/2022:08:47:23 +0800] "POST /xingrg/kc/pszx/mdps_list_operate.html HTTP/1.1" 200 291
180.157.251.97 - - [01/May/2022:08:47:24 +0800] "GET /xingrg/kc/pszx/mdps_order_info.html?code=312022043000278 HTTP/1.1" 200 23972
180.157.251.97 - - [01/May/2022:08:47:24 +0800] "GET /xingrg/javascript/easyui/themes/default/validatebox.css HTTP/1.1" 404 1104
180.157.251.97 - - [01/May/2022:08:47:24 +0800] "POST /xingrg/kc/pszx/mdps_order_operate.html HTTP/1.1" 200 2790
116.235.92.88 - - [01/May/2022:08:47:24 +0800] "GET /xingrg/all/function/internal_message.html?_=1651366214380&CODE_STATE=getMsg HTTP/1.1" 200 27
120.253.135.82 - - [01/May/2022:08:47:27 +0800] "GET /xingrg/all/function/internal_message.html?_=1651365856511&CODE_STATE=getMsg HTTP/1.1" 200 27
180.157.251.97 - - [01/May/2022:08:47:33 +0800] "POST /xingrg/kc/pszx/mdps_order_operate.html HTTP/1.1" 200 37
180.157.251.97 - - [01/May/2022:08:47:34 +0800] "POST /xingrg/kc/pszx/mdps_order_operate.html HTTP/1.1" 200 12
180.157.251.97 - - [01/May/2022:08:47:36 +0800] "GET /xingrg/kc/pszx/mdps_order_info.html?code=312022043000278 HTTP/1.1" 200 19630
180.157.251.97 - - [01/May/2022:08:47:36 +0800] "POST /xingrg/kc/pszx/mdps_order_operate.html HTTP/1.1" 200 1008
180.157.251.97 - - [01/May/2022:08:47:36 +0800] "GET /xingrg/javascript/easyui/themes/default/validatebox.css HTTP/1.1" 404 1104
180.157.251.97 - - [01/May/2022:08:47:39 +0800] "POST /xingrg/kc/pszx/mdps_list_operate.html HTTP/1.1" 200 5251
180.157.251.97 - - [01/May/2022:08:47:43 +0800] "POST /xingrg/kc/pszx/mdps_list_operate.html HTTP/1.1" 200 211
180.157.251.97 - - [01/May/2022:08:47:43 +0800] "GET /xingrg/kc/pszx/mdps_order_info.html?code=312022043000285 HTTP/1.1" 200 23970
180.157.251.97 - - [01/May/2022:08:47:43 +0800] "GET /xingrg/javascript/easyui/themes/default/validatebox.css HTTP/1.1" 404 1104
180.157.251.97 - - [01/May/2022:08:47:43 +0800] "POST /xingrg/kc/pszx/mdps_order_operate.html HTTP/1.1" 200 2289
180.157.251.97 - - [01/May/2022:08:47:46 +0800] "POST /xingrg/kc/pszx/mdps_list_operate.html HTTP/1.1" 200 5251
116.235.92.88 - - [01/May/2022:08:47:48 +0800] "GET /xingrg/check_reg.html?_=1651366238696 HTTP/1.1" 200 22
120.253.135.82 - - [01/May/2022:08:47:52 +0800] "GET /xingrg/kc/pszx/mdps_order_list.html?orderType=0 HTTP/1.1" 200 20966
120.253.135.82 - - [01/May/2022:08:47:53 +0800] "POST /xingrg/kc/pszx/mdps_list_operate.html HTTP/1.1" 200 5251
114.88.156.203 - - [01/May/2022:08:47:54 +0800] "GET /xingrg/kc/buy/cgsh_order_operate.html?command=get_materiel&rest_code=00141&code=00101010837&supplier_code=00100480&order_time=2022-05-01 HTTP/1.1" 200 404
180.169.147.146 - - [01/May/2022:08:47:57 +0800] "GET /xingrg/all/function/internal_message.html?_=1651366077350&CODE_STATE=getMsg HTTP/1.1" 200 27
58.39.201.47 - - [01/May/2022:08:47:57 +0800] "GET /xingrg/all/function/internal_message.html?_=1651366079256&CODE_STATE=getMsg HTTP/1.1" 200 27
58.40.7.146 - - [01/May/2022:08:47:58 +0800] "GET /xingrg/all/function/internal_message.html?_=1651366078470&CODE_STATE=getMsg HTTP/1.1" 200 27
114.88.156.203 - - [01/May/2022:08:48:05 +0800] "GET /xingrg/all/function/internal_message.html?_=1651365832993&CODE_STATE=getMsg HTTP/1.1" 200 27
116.230.110.173 - - [01/May/2022:08:48:11 +0800] "GET /xingrg/all/function/internal_message.html?_=1651366089547&CODE_STATE=getMsg HTTP/1.1" 200 27
114.88.156.203 - - [01/May/2022:08:48:15 +0800] "GET /xingrg/kc/buy/cgsh_order_operate.html?command=get_materiel&rest_code=00141&code=00101040038&supplier_code=00100480&order_time=2022-05-01 HTTP/1.1" 200 420
114.88.156.203 - - [01/May/2022:08:48:18 +0800] "POST /xingrg/all/common/load_select.html HTTP/1.1" 200 12
58.39.61.91 - - [01/May/2022:08:48:22 +0800] "GET /xingrg/all/function/internal_message.html?_=1651366011626&CODE_STATE=getMsg HTTP/1.1" 200 27
114.88.156.203 - - [01/May/2022:08:48:23 +0800] "GET /xingrg/kc/buy/cgsh_order_operate.html?command=get_materiel_price&rest_code=00141&code=00101040038&unit_code=00100001&supplier_code=00100480&order_time=2022-05-01 HTTP/1.1" 200 27
116.235.92.88 - - [01/May/2022:08:48:24 +0800] "GET /xingrg/all/function/internal_message.html?_=1651366274356&CODE_STATE=getMsg HTTP/1.1" 200 27
120.253.135.82 - - [01/May/2022:08:48:27 +0800] "GET /xingrg/all/function/internal_message.html?_=1651365916531&CODE_STATE=getMsg HTTP/1.1" 200 27
180.157.251.97 - - [01/May/2022:08:48:32 +0800] "GET /xingrg/all/function/internal_message.html?_=1651366113035&CODE_STATE=getMsg HTTP/1.1" 200 27
114.88.156.203 - - [01/May/2022:08:48:42 +0800] "GET /xingrg/kc/buy/cgsh_order_operate.html?command=get_materiel&rest_code=00141&code=00101010842&supplier_code=00100480&order_time=2022-05-01 HTTP/1.1" 200 419
58.40.7.146 - - [01/May/2022:08:48:42 +0800] "GET /xingrg/check_reg.html?_=1651366123301 HTTP/1.1" 200 22
180.169.147.146 - - [01/May/2022:08:48:57 +0800] "GET /xingrg/all/function/internal_message.html?_=1651366137341&CODE_STATE=getMsg HTTP/1.1" 200 27
58.39.201.47 - - [01/May/2022:08:48:57 +0800] "GET /xingrg/all/function/internal_message.html?_=1651366139257&CODE_STATE=getMsg HTTP/1.1" 200 27
58.40.7.146 - - [01/May/2022:08:48:58 +0800] "GET /xingrg/all/function/internal_message.html?_=1651366138446&CODE_STATE=getMsg HTTP/1.1" 200 27
114.88.156.203 - - [01/May/2022:08:49:05 +0800] "GET /xingrg/all/function/internal_message.html?_=1651365892957&CODE_STATE=getMsg HTTP/1.1" 200 27
116.230.110.173 - - [01/May/2022:08:49:11 +0800] "GET /xingrg/all/function/internal_message.html?_=1651366149535&CODE_STATE=getMsg HTTP/1.1" 200 27
58.39.61.91 - - [01/May/2022:08:49:22 +0800] "GET /xingrg/all/function/internal_message.html?_=1651366071639&CODE_STATE=getMsg HTTP/1.1" 200 27
116.235.92.88 - - [01/May/2022:08:49:24 +0800] "GET /xingrg/all/function/internal_message.html?_=1651366334334&CODE_STATE=getMsg HTTP/1.1" 200 27
120.253.135.82 - - [01/May/2022:08:49:27 +0800] "GET /xingrg/all/function/internal_message.html?_=1651365976619&CODE_STATE=getMsg HTTP/1.1" 200 27
180.157.251.97 - - [01/May/2022:08:49:32 +0800] "GET /xingrg/all/function/internal_message.html?_=1651366173019&CODE_STATE=getMsg HTTP/1.1" 200 27
180.157.251.97 - - [01/May/2022:08:49:32 +0800] "GET /xingrg/check_reg.html?_=1651366173036 HTTP/1.1" 200 22
114.88.156.203 - - [01/May/2022:08:49:34 +0800] "POST /xingrg/kc/buy/cgsh_order_operate.html HTTP/1.1" 200 37
114.88.156.203 - - [01/May/2022:08:49:38 +0800] "POST /xingrg/kc/buy/cgsh_order_operate.html HTTP/1.1" 200 12
114.88.156.203 - - [01/May/2022:08:49:39 +0800] "GET /xingrg/kc/buy/cgsh_order_info.html?code=212022050100006 HTTP/1.1" 200 61901
114.88.156.203 - - [01/May/2022:08:49:40 +0800] "GET /xingrg/javascript/easyui/themes/default/validatebox.css HTTP/1.1" 404 1104
114.88.156.203 - - [01/May/2022:08:49:40 +0800] "POST /xingrg/kc/buy/cgsh_order_operate.html HTTP/1.1" 200 1228
114.88.156.203 - - [01/May/2022:08:49:41 +0800] "GET /xingrg/kc/print/load_data.html?order_code=212022050100006&kc_code=cgsh&condition= HTTP/1.1" 200 982
180.169.147.146 - - [01/May/2022:08:49:57 +0800] "GET /xingrg/all/function/internal_message.html?_=1651366197333&CODE_STATE=getMsg HTTP/1.1" 200 27
58.39.201.47 - - [01/May/2022:08:49:57 +0800] "GET /xingrg/all/function/internal_message.html?_=1651366199258&CODE_STATE=getMsg HTTP/1.1" 200 27
58.40.7.146 - - [01/May/2022:08:49:58 +0800] "GET /xingrg/all/function/internal_message.html?_=1651366198431&CODE_STATE=getMsg HTTP/1.1" 200 27
114.88.156.203 - - [01/May/2022:08:50:05 +0800] "GET /xingrg/all/function/internal_message.html?_=1651365952934&CODE_STATE=getMsg HTTP/1.1" 200 27
58.39.61.91 - - [01/May/2022:08:50:08 +0800] "GET /xingrg/check_reg.html?_=1651366118128 HTTP/1.1" 200 22
120.253.135.82 - - [01/May/2022:08:50:11 +0800] "GET /xingrg/kc/pszx/mdqp_order_list.html?state=10 HTTP/1.1" 200 10217
120.253.135.82 - - [01/May/2022:08:50:11 +0800] "GET /xingrg/dwr/engine.js HTTP/1.1" 200 43631
120.253.135.82 - - [01/May/2022:08:50:11 +0800] "GET /xingrg/dwr/interface/AjaxQqpsService.js HTTP/1.1" 200 16326
120.253.135.82 - - [01/May/2022:08:50:11 +0800] "GET /xingrg/dwr/interface/AjaxReportQueryService.js HTTP/1.1" 200 13203
116.230.110.173 - - [01/May/2022:08:50:11 +0800] "GET /xingrg/all/function/internal_message.html?_=1651366209545&CODE_STATE=getMsg HTTP/1.1" 200 27
116.230.110.173 - - [01/May/2022:08:50:11 +0800] "GET /xingrg/check_reg.html?_=1651366209552 HTTP/1.1" 200 22
58.39.61.91 - - [01/May/2022:08:50:22 +0800] "GET /xingrg/all/function/internal_message.html?_=1651366131653&CODE_STATE=getMsg HTTP/1.1" 200 27
116.235.92.88 - - [01/May/2022:08:50:24 +0800] "GET /xingrg/all/function/internal_message.html?_=1651366394307&CODE_STATE=getMsg HTTP/1.1" 200 27
120.253.135.82 - - [01/May/2022:08:50:27 +0800] "GET /xingrg/check_reg.html?_=1651366036214 HTTP/1.1" 200 22
120.253.135.82 - - [01/May/2022:08:50:27 +0800] "GET /xingrg/all/function/internal_message.html?_=1651366036633&CODE_STATE=getMsg HTTP/1.1" 200 27
180.157.251.97 - - [01/May/2022:08:50:32 +0800] "GET /xingrg/all/function/internal_message.html?_=1651366233004&CODE_STATE=getMsg HTTP/1.1" 200 27
180.169.147.146 - - [01/May/2022:08:50:57 +0800] "GET /xingrg/all/function/internal_message.html?_=1651366257345&CODE_STATE=getMsg HTTP/1.1" 200 27
180.169.147.146 - - [01/May/2022:08:50:57 +0800] "GET /xingrg/check_reg.html?_=1651366257347 HTTP/1.1" 200 22
58.39.201.47 - - [01/May/2022:08:50:57 +0800] "GET /xingrg/all/function/internal_message.html?_=1651366259259&CODE_STATE=getMsg HTTP/1.1" 200 27
58.39.201.47 - - [01/May/2022:08:50:57 +0800] "GET /xingrg/check_reg.html?_=1651366259262 HTTP/1.1" 200 22
58.40.7.146 - - [01/May/2022:08:50:58 +0800] "GET /xingrg/all/function/internal_message.html?_=1651366258420&CODE_STATE=getMsg HTTP/1.1" 200 27
114.88.156.203 - - [01/May/2022:08:51:05 +0800] "GET /xingrg/all/function/internal_message.html?_=1651366012907&CODE_STATE=getMsg HTTP/1.1" 200 27
116.230.110.173 - - [01/May/2022:08:51:11 +0800] "GET /xingrg/all/function/internal_message.html?_=1651366269541&CODE_STATE=getMsg HTTP/1.1" 200 27
58.39.61.91 - - [01/May/2022:08:51:22 +0800] "GET /xingrg/all/function/internal_message.html?_=1651366191666&CODE_STATE=getMsg HTTP/1.1" 200 27
116.235.92.88 - - [01/May/2022:08:51:24 +0800] "GET /xingrg/all/function/internal_message.html?_=1651366454283&CODE_STATE=getMsg HTTP/1.1" 200 27
120.253.135.82 - - [01/May/2022:08:51:27 +0800] "GET /xingrg/all/function/internal_message.html?_=1651366096646&CODE_STATE=getMsg HTTP/1.1" 200 27
114.88.156.203 - - [01/May/2022:08:51:31 +0800] "GET /xingrg/javascript/easyui/themes/default/validatebox.css HTTP/1.1" 404 1104
114.88.156.203 - - [01/May/2022:08:51:32 +0800] "POST /xingrg/kc/buy/cgsh_order_operate.html HTTP/1.1" 200 1209
180.157.251.97 - - [01/May/2022:08:51:32 +0800] "GET /xingrg/all/function/internal_message.html?_=1651366292988&CODE_STATE=getMsg HTTP/1.1" 200 27
180.169.147.146 - - [01/May/2022:08:51:57 +0800] "GET /xingrg/all/function/internal_message.html?_=1651366317346&CODE_STATE=getMsg HTTP/1.1" 200 27
58.39.201.47 - - [01/May/2022:08:51:57 +0800] "GET /xingrg/all/function/internal_message.html?_=1651366319262&CODE_STATE=getMsg HTTP/1.1" 200 27
58.40.7.146 - - [01/May/2022:08:51:58 +0800] "GET /xingrg/all/function/internal_message.html?_=1651366318390&CODE_STATE=getMsg HTTP/1.1" 200 27
114.88.156.203 - - [01/May/2022:08:52:04 +0800] "GET /xingrg/kc/buy/cgsh_order_add.html HTTP/1.1" 200 66992
114.88.156.203 - - [01/May/2022:08:52:05 +0800] "GET /xingrg/all/function/internal_message.html?_=1651366072961&CODE_STATE=getMsg HTTP/1.1" 200 27
114.88.156.203 - - [01/May/2022:08:52:05 +0800] "POST /xingrg/kc/buy/cgsh_order_operate.html HTTP/1.1" 200 8245
114.88.156.203 - - [01/May/2022:08:52:05 +0800] "GET /xingrg/check_reg.html?_=1651366073076 HTTP/1.1" 200 22
114.88.156.203 - - [01/May/2022:08:52:05 +0800] "GET /xingrg/javascript/easyui/themes/default/validatebox.css HTTP/1.1" 404 1104
116.230.110.173 - - [01/May/2022:08:52:11 +0800] "GET /xingrg/all/function/internal_message.html?_=1651366329543&CODE_STATE=getMsg HTTP/1.1" 200 27
58.39.61.91 - - [01/May/2022:08:52:22 +0800] "GET /xingrg/all/function/internal_message.html?_=1651366251687&CODE_STATE=getMsg HTTP/1.1" 200 27
116.235.92.88 - - [01/May/2022:08:52:24 +0800] "GET /xingrg/all/function/internal_message.html?_=1651366514257&CODE_STATE=getMsg HTTP/1.1" 200 27
120.253.135.82 - - [01/May/2022:08:52:27 +0800] "GET /xingrg/all/function/internal_message.html?_=1651366156660&CODE_STATE=getMsg HTTP/1.1" 200 27
180.157.251.97 - - [01/May/2022:08:52:32 +0800] "GET /xingrg/all/function/internal_message.html?_=1651366352972&CODE_STATE=getMsg HTTP/1.1" 200 27
116.235.92.88 - - [01/May/2022:08:52:48 +0800] "GET /xingrg/check_reg.html?_=1651366538699 HTTP/1.1" 200 22
180.169.147.146 - - [01/May/2022:08:52:57 +0800] "GET /xingrg/all/function/internal_message.html?_=1651366377338&CODE_STATE=getMsg HTTP/1.1" 200 27
58.39.201.47 - - [01/May/2022:08:52:57 +0800] "GET /xingrg/all/function/internal_message.html?_=1651366379263&CODE_STATE=getMsg HTTP/1.1" 200 27
58.40.7.146 - - [01/May/2022:08:52:58 +0800] "GET /xingrg/all/function/internal_message.html?_=1651366378362&CODE_STATE=getMsg HTTP/1.1" 200 27
114.88.156.203 - - [01/May/2022:08:53:05 +0800] "GET /xingrg/all/function/internal_message.html?_=1651366132932&CODE_STATE=getMsg HTTP/1.1" 200 27
120.253.135.82 - - [01/May/2022:08:53:09 +0800] "GET /xingrg/kc/pszx/mdqp_order_list.html?state=10 HTTP/1.1" 200 10217
120.253.135.82 - - [01/May/2022:08:53:09 +0800] "GET /xingrg/dwr/interface/AjaxReportQueryService.js HTTP/1.1" 200 13203
120.253.135.82 - - [01/May/2022:08:53:09 +0800] "GET /xingrg/dwr/interface/AjaxQqpsService.js HTTP/1.1" 200 16326
120.253.135.82 - - [01/May/2022:08:53:09 +0800] "GET /xingrg/dwr/engine.js HTTP/1.1" 200 43631
116.230.110.173 - - [01/May/2022:08:53:11 +0800] "GET /xingrg/all/function/internal_message.html?_=1651366389539&CODE_STATE=getMsg HTTP/1.1" 200 27
120.253.135.82 - - [01/May/2022:08:53:18 +0800] "GET /xingrg/kc/pszx/mdps_order_list.html?orderType=0 HTTP/1.1" 200 20966
120.253.135.82 - - [01/May/2022:08:53:18 +0800] "POST /xingrg/kc/pszx/mdps_list_operate.html HTTP/1.1" 200 5251
58.39.61.91 - - [01/May/2022:08:53:22 +0800] "GET /xingrg/all/function/internal_message.html?_=1651366311694&CODE_STATE=getMsg HTTP/1.1" 200 27
116.235.92.88 - - [01/May/2022:08:53:24 +0800] "GET /xingrg/all/function/internal_message.html?_=1651366574225&CODE_STATE=getMsg HTTP/1.1" 200 27
120.253.135.82 - - [01/May/2022:08:53:27 +0800] "GET /xingrg/all/function/internal_message.html?_=1651366216674&CODE_STATE=getMsg HTTP/1.1" 200 27
180.157.251.97 - - [01/May/2022:08:53:32 +0800] "GET /xingrg/all/function/internal_message.html?_=1651366412956&CODE_STATE=getMsg HTTP/1.1" 200 27
58.40.7.146 - - [01/May/2022:08:53:42 +0800] "GET /xingrg/check_reg.html?_=1651366423301 HTTP/1.1" 200 22
180.169.147.146 - - [01/May/2022:08:53:57 +0800] "GET /xingrg/all/function/internal_message.html?_=1651366437356&CODE_STATE=getMsg HTTP/1.1" 200 27
58.39.201.47 - - [01/May/2022:08:53:57 +0800] "GET /xingrg/all/function/internal_message.html?_=1651366439289&CODE_STATE=getMsg HTTP/1.1" 200 27
58.40.7.146 - - [01/May/2022:08:53:57 +0800] "GET /xingrg/all/function/internal_message.html?_=1651366438335&CODE_STATE=getMsg HTTP/1.1" 200 27
114.88.156.203 - - [01/May/2022:08:54:05 +0800] "GET /xingrg/all/function/internal_message.html?_=1651366192910&CODE_STATE=getMsg HTTP/1.1" 200 27
116.230.110.173 - - [01/May/2022:08:54:11 +0800] "GET /xingrg/all/function/internal_message.html?_=1651366449551&CODE_STATE=getMsg HTTP/1.1" 200 27
58.39.61.91 - - [01/May/2022:08:54:22 +0800] "GET /xingrg/all/function/internal_message.html?_=1651366371715&CODE_STATE=getMsg HTTP/1.1" 200 27
116.235.92.88 - - [01/May/2022:08:54:24 +0800] "GET /xingrg/all/function/internal_message.html?_=1651366634205&CODE_STATE=getMsg HTTP/1.1" 200 27
120.253.135.82 - - [01/May/2022:08:54:27 +0800] "GET /xingrg/all/function/internal_message.html?_=1651366276723&CODE_STATE=getMsg HTTP/1.1" 200 27
180.157.251.97 - - [01/May/2022:08:54:32 +0800] "GET /xingrg/all/function/internal_message.html?_=1651366472926&CODE_STATE=getMsg HTTP/1.1" 200 27
180.157.251.97 - - [01/May/2022:08:54:32 +0800] "GET /xingrg/check_reg.html?_=1651366473037 HTTP/1.1" 200 22
180.169.147.146 - - [01/May/2022:08:54:57 +0800] "GET /xingrg/all/function/internal_message.html?_=1651366497356&CODE_STATE=getMsg HTTP/1.1" 200 27
58.39.201.47 - - [01/May/2022:08:54:57 +0800] "GET /xingrg/all/function/internal_message.html?_=1651366499289&CODE_STATE=getMsg HTTP/1.1" 200 27
58.40.7.146 - - [01/May/2022:08:54:57 +0800] "GET /xingrg/all/function/internal_message.html?_=1651366498321&CODE_STATE=getMsg HTTP/1.1" 200 27
114.88.156.203 - - [01/May/2022:08:55:05 +0800] "GET /xingrg/all/function/internal_message.html?_=1651366252891&CODE_STATE=getMsg HTTP/1.1" 200 27
58.39.61.91 - - [01/May/2022:08:55:08 +0800] "GET /xingrg/check_reg.html?_=1651366418133 HTTP/1.1" 200 22
116.230.110.173 - - [01/May/2022:08:55:11 +0800] "GET /xingrg/all/function/internal_message.html?_=1651366509538&CODE_STATE=getMsg HTTP/1.1" 200 27
116.230.110.173 - - [01/May/2022:08:55:11 +0800] "GET /xingrg/check_reg.html?_=1651366509540 HTTP/1.1" 200 22
58.39.61.91 - - [01/May/2022:08:55:22 +0800] "GET /xingrg/all/function/internal_message.html?_=1651366431721&CODE_STATE=getMsg HTTP/1.1" 200 27
116.235.92.88 - - [01/May/2022:08:55:24 +0800] "GET /xingrg/all/function/internal_message.html?_=1651366694176&CODE_STATE=getMsg HTTP/1.1" 200 27
120.253.135.82 - - [01/May/2022:08:55:27 +0800] "GET /xingrg/check_reg.html?_=1651366336217 HTTP/1.1" 200 22
120.253.135.82 - - [01/May/2022:08:55:27 +0800] "GET /xingrg/all/function/internal_message.html?_=1651366336732&CODE_STATE=getMsg HTTP/1.1" 200 27
222.70.180.114 - - [01/May/2022:08:55:48 +0800] "GET /xingrg/login.html HTTP/1.1" 200 7641
222.70.180.114 - - [01/May/2022:08:55:48 +0800] "GET /favicon.ico HTTP/1.1" 404 -
222.70.180.114 - - [01/May/2022:08:55:50 +0800] "POST /xingrg/login.do HTTP/1.1" 302 -
222.70.180.114 - - [01/May/2022:08:55:50 +0800] "GET /xingrg/index.html?sysBaseUrl=http%3A%2F%2F180.169.147.146%3A18081%2Fxingrg%2F&costTime=40×tamp=1651366550268 HTTP/1.1" 200 17173
222.70.180.114 - - [01/May/2022:08:55:50 +0800] "GET /favicon.ico HTTP/1.1" 404 -
222.70.180.114 - - [01/May/2022:08:55:50 +0800] "POST /xingrg/all/common/load_tree.html?tree=area_rest_tree_json&manage=1 HTTP/1.1" 200 342
222.70.180.114 - - [01/May/2022:08:55:50 +0800] "GET /xingrg/all/function/internal_message.html?_=1651366547431&CODE_STATE=count HTTP/1.1" 200 11
222.70.180.114 - - [01/May/2022:08:55:50 +0800] "POST /xingrg/load_menu.html HTTP/1.1" 200 5138
222.70.180.114 - - [01/May/2022:08:55:50 +0800] "GET /xingrg/check_reg.html?_=1651366547432 HTTP/1.1" 200 22
180.169.147.146 - - [01/May/2022:08:55:57 +0800] "GET /xingrg/check_reg.html?_=1651366557357 HTTP/1.1" 200 22
180.169.147.146 - - [01/May/2022:08:55:57 +0800] "GET /xingrg/all/function/internal_message.html?_=1651366557359&CODE_STATE=getMsg HTTP/1.1" 200 27
58.39.201.47 - - [01/May/2022:08:55:57 +0800] "GET /xingrg/all/function/internal_message.html?_=1651366559291&CODE_STATE=getMsg HTTP/1.1" 200 27
58.39.201.47 - - [01/May/2022:08:55:57 +0800] "GET /xingrg/check_reg.html?_=1651366559290 HTTP/1.1" 200 22
58.40.7.146 - - [01/May/2022:08:55:57 +0800] "GET /xingrg/all/function/internal_message.html?_=1651366558293&CODE_STATE=getMsg HTTP/1.1" 200 27
114.88.156.203 - - [01/May/2022:08:56:05 +0800] "GET /xingrg/all/function/internal_message.html?_=1651366312869&CODE_STATE=getMsg HTTP/1.1" 200 27
222.70.180.114 - - [01/May/2022:08:56:11 +0800] "GET /xingrg/kc/base/yddb_order_list.html HTTP/1.1" 200 16707
222.70.180.114 - - [01/May/2022:08:56:11 +0800] "POST /xingrg/kc/base/yddb_list_operate.html HTTP/1.1" 200 636
116.230.110.173 - - [01/May/2022:08:56:11 +0800] "GET /xingrg/all/function/internal_message.html?_=1651366569552&CODE_STATE=getMsg HTTP/1.1" 200 27
58.39.61.91 - - [01/May/2022:08:56:22 +0800] "GET /xingrg/all/function/internal_message.html?_=1651366491735&CODE_STATE=getMsg HTTP/1.1" 200 27
116.235.92.88 - - [01/May/2022:08:56:24 +0800] "GET /xingrg/all/function/internal_message.html?_=1651366754152&CODE_STATE=getMsg HTTP/1.1" 200 27
120.253.135.82 - - [01/May/2022:08:56:27 +0800] "GET /xingrg/all/function/internal_message.html?_=1651366396752&CODE_STATE=getMsg HTTP/1.1" 200 27
222.70.180.114 - - [01/May/2022:08:56:31 +0800] "GET /xingrg/kc/mdqp/pssh_order_list.html HTTP/1.1" 200 17740
222.70.180.114 - - [01/May/2022:08:56:31 +0800] "POST /xingrg/kc/mdqp/pssh_list_operate.html HTTP/1.1" 200 5342
120.253.135.82 - - [01/May/2022:08:56:39 +0800] "POST /xingrg/kc/pszx/mdps_list_operate.html HTTP/1.1" 200 1704
120.253.135.82 - - [01/May/2022:08:56:41 +0800] "POST /xingrg/kc/pszx/mdps_list_operate.html HTTP/1.1" 200 218
120.253.135.82 - - [01/May/2022:08:56:45 +0800] "GET /xingrg/kc/pszx/mdqp_order_list.html?state=10 HTTP/1.1" 200 10217
120.253.135.82 - - [01/May/2022:08:56:45 +0800] "GET /xingrg/dwr/interface/AjaxReportQueryService.js HTTP/1.1" 200 13203
120.253.135.82 - - [01/May/2022:08:56:45 +0800] "GET /xingrg/dwr/interface/AjaxQqpsService.js HTTP/1.1" 200 16326
120.253.135.82 - - [01/May/2022:08:56:45 +0800] "GET /xingrg/dwr/engine.js HTTP/1.1" 200 43631
120.253.135.82 - - [01/May/2022:08:56:49 +0800] "GET /xingrg/kc/pszx/mdqp_order_list.html?state=10 HTTP/1.1" 200 10217
120.253.135.82 - - [01/May/2022:08:56:49 +0800] "GET /xingrg/dwr/interface/AjaxReportQueryService.js HTTP/1.1" 200 13203
120.253.135.82 - - [01/May/2022:08:56:49 +0800] "GET /xingrg/dwr/interface/AjaxQqpsService.js HTTP/1.1" 200 16326
120.253.135.82 - - [01/May/2022:08:56:49 +0800] "GET /xingrg/dwr/engine.js HTTP/1.1" 200 43631
120.253.135.82 - - [01/May/2022:08:56:49 +0800] "GET /xingrg/javascript/jquery_easy_ui/themes/default/images/tabs_active.png HTTP/1.1" 200 2894
222.70.180.114 - - [01/May/2022:08:56:50 +0800] "POST /xingrg/kc/mdqp/pssh_list_operate.html HTTP/1.1" 200 774
222.70.180.114 - - [01/May/2022:08:56:50 +0800] "GET /xingrg/all/function/internal_message.html?_=1651366607459&CODE_STATE=getMsg HTTP/1.1" 200 27
222.70.180.114 - - [01/May/2022:08:56:51 +0800] "GET /xingrg/kc/mdqp/pssh_order_info.html?code=312022043000255 HTTP/1.1" 200 17266
222.70.180.114 - - [01/May/2022:08:56:51 +0800] "GET /xingrg/javascript/jquery_tools/jquery-1.4.2.min.js HTTP/1.1" 404 1094
222.70.180.114 - - [01/May/2022:08:56:51 +0800] "GET /xingrg/words/20220430190607_words.js HTTP/1.1" 304 -
222.70.180.114 - - [01/May/2022:08:56:51 +0800] "POST /xingrg/kc/mdqp/pssh_order_operate.html HTTP/1.1" 200 4153
222.70.180.114 - - [01/May/2022:08:56:51 +0800] "GET /xingrg/all/common/auto_word.html?type=base&rest_code=00111&rest_code=00111 HTTP/1.1" 200 1753
222.70.180.114 - - [01/May/2022:08:56:51 +0800] "GET /xingrg/all/common/auto_word.html?type=employee&rest_code=00111 HTTP/1.1" 200 155
222.70.180.114 - - [01/May/2022:08:56:51 +0800] "GET /xingrg/javascript/easyui/themes/default/validatebox.css HTTP/1.1" 404 1104
180.169.147.146 - - [01/May/2022:08:56:57 +0800] "GET /xingrg/all/function/internal_message.html?_=1651366617350&CODE_STATE=getMsg HTTP/1.1" 200 27
58.39.201.47 - - [01/May/2022:08:56:57 +0800] "GET /xingrg/all/function/internal_message.html?_=1651366619289&CODE_STATE=getMsg HTTP/1.1" 200 27
58.40.7.146 - - [01/May/2022:08:56:57 +0800] "GET /xingrg/all/function/internal_message.html?_=1651366618281&CODE_STATE=getMsg HTTP/1.1" 200 27
114.88.156.203 - - [01/May/2022:08:57:05 +0800] "GET /xingrg/all/function/internal_message.html?_=1651366372841&CODE_STATE=getMsg HTTP/1.1" 200 27
114.88.156.203 - - [01/May/2022:08:57:05 +0800] "GET /xingrg/check_reg.html?_=1651366373048 HTTP/1.1" 200 22
222.70.180.114 - - [01/May/2022:08:57:09 +0800] "POST /xingrg/kc/mdqp/pssh_list_operate.html HTTP/1.1" 200 262
222.70.180.114 - - [01/May/2022:08:57:09 +0800] "GET /xingrg/javascript/jquery_tools/jquery-1.4.2.min.js HTTP/1.1" 404 1094
222.70.180.114 - - [01/May/2022:08:57:09 +0800] "GET /xingrg/kc/mdqp/pssh_order_info.html?code=312022043000257 HTTP/1.1" 200 17266
222.70.180.114 - - [01/May/2022:08:57:10 +0800] "POST /xingrg/kc/mdqp/pssh_order_operate.html HTTP/1.1" 200 538
222.70.180.114 - - [01/May/2022:08:57:10 +0800] "GET /xingrg/javascript/easyui/themes/default/validatebox.css HTTP/1.1" 404 1104
116.230.110.173 - - [01/May/2022:08:57:11 +0800] "GET /xingrg/all/function/internal_message.html?_=1651366629552&CODE_STATE=getMsg HTTP/1.1" 200 27
222.70.180.114 - - [01/May/2022:08:57:13 +0800] "POST /xingrg/all/common/load_combo.html?type=base&rest_code=00111 HTTP/1.1" 200 3142
222.70.180.114 - - [01/May/2022:08:57:17 +0800] "POST /xingrg/kc/mdqp/pssh_list_operate.html HTTP/1.1" 200 814
58.39.61.91 - - [01/May/2022:08:57:22 +0800] "GET /xingrg/all/function/internal_message.html?_=1651366551756&CODE_STATE=getMsg HTTP/1.1" 200 27
116.235.92.88 - - [01/May/2022:08:57:24 +0800] "GET /xingrg/all/function/internal_message.html?_=1651366814125&CODE_STATE=getMsg HTTP/1.1" 200 27
116.235.92.88 - - [01/May/2022:08:57:48 +0800] "GET /xingrg/check_reg.html?_=1651366838691 HTTP/1.1" 200 22
222.70.180.114 - - [01/May/2022:08:57:50 +0800] "GET /xingrg/all/function/internal_message.html?_=1651366667438&CODE_STATE=getMsg HTTP/1.1" 200 27
180.169.147.146 - - [01/May/2022:08:57:57 +0800] "GET /xingrg/all/function/internal_message.html?_=1651366677353&CODE_STATE=getMsg HTTP/1.1" 200 27
58.39.201.47 - - [01/May/2022:08:57:57 +0800] "GET /xingrg/all/function/internal_message.html?_=1651366679289&CODE_STATE=getMsg HTTP/1.1" 200 27
58.40.7.146 - - [01/May/2022:08:57:57 +0800] "GET /xingrg/all/function/internal_message.html?_=1651366678252&CODE_STATE=getMsg HTTP/1.1" 200 27
114.88.156.203 - - [01/May/2022:08:58:05 +0800] "GET /xingrg/all/function/internal_message.html?_=1651366432817&CODE_STATE=getMsg HTTP/1.1" 200 27
116.230.110.173 - - [01/May/2022:08:58:11 +0800] "GET /xingrg/all/function/internal_message.html?_=1651366689551&CODE_STATE=getMsg HTTP/1.1" 200 27
58.39.61.91 - - [01/May/2022:08:58:22 +0800] "GET /xingrg/all/function/internal_message.html?_=1651366611762&CODE_STATE=getMsg HTTP/1.1" 200 27
116.235.92.88 - - [01/May/2022:08:58:24 +0800] "GET /xingrg/all/function/internal_message.html?_=1651366874099&CODE_STATE=getMsg HTTP/1.1" 200 27
58.40.7.146 - - [01/May/2022:08:58:42 +0800] "GET /xingrg/check_reg.html?_=1651366723301 HTTP/1.1" 200 22
222.70.180.114 - - [01/May/2022:08:58:50 +0800] "GET /xingrg/all/function/internal_message.html?_=1651366727438&CODE_STATE=getMsg HTTP/1.1" 200 27
180.169.147.146 - - [01/May/2022:08:58:57 +0800] "GET /xingrg/all/function/internal_message.html?_=1651366737355&CODE_STATE=getMsg HTTP/1.1" 200 27
58.39.201.47 - - [01/May/2022:08:58:57 +0800] "GET /xingrg/all/function/internal_message.html?_=1651366739288&CODE_STATE=getMsg HTTP/1.1" 200 27
58.40.7.146 - - [01/May/2022:08:58:57 +0800] "GET /xingrg/all/function/internal_message.html?_=1651366738224&CODE_STATE=getMsg HTTP/1.1" 200 27
114.88.156.203 - - [01/May/2022:08:59:04 +0800] "GET /xingrg/all/function/internal_message.html?_=1651366492786&CODE_STATE=getMsg HTTP/1.1" 200 27
116.230.110.173 - - [01/May/2022:08:59:11 +0800] "GET /xingrg/all/function/internal_message.html?_=1651366749547&CODE_STATE=getMsg HTTP/1.1" 200 27
58.39.61.91 - - [01/May/2022:08:59:22 +0800] "GET /xingrg/all/function/internal_message.html?_=1651366671783&CODE_STATE=getMsg HTTP/1.1" 200 27
116.235.92.88 - - [01/May/2022:08:59:24 +0800] "GET /xingrg/all/function/internal_message.html?_=1651366934071&CODE_STATE=getMsg HTTP/1.1" 200 27
222.70.180.114 - - [01/May/2022:08:59:50 +0800] "GET /xingrg/all/function/internal_message.html?_=1651366787441&CODE_STATE=getMsg HTTP/1.1" 200 27
180.169.147.146 - - [01/May/2022:08:59:57 +0800] "GET /xingrg/all/function/internal_message.html?_=1651366797344&CODE_STATE=getMsg HTTP/1.1" 200 27
58.39.201.47 - - [01/May/2022:08:59:57 +0800] "GET /xingrg/all/function/internal_message.html?_=1651366799291&CODE_STATE=getMsg HTTP/1.1" 200 27
58.40.7.146 - - [01/May/2022:08:59:57 +0800] "GET /xingrg/all/function/internal_message.html?_=1651366798196&CODE_STATE=getMsg HTTP/1.1" 200 27
114.88.156.203 - - [01/May/2022:09:00:04 +0800] "GET /xingrg/all/function/internal_message.html?_=1651366552763&CODE_STATE=getMsg HTTP/1.1" 200 27
58.39.61.91 - - [01/May/2022:09:00:08 +0800] "GET /xingrg/check_reg.html?_=1651366718138 HTTP/1.1" 200 22
116.230.110.173 - - [01/May/2022:09:00:11 +0800] "GET /xingrg/check_reg.html?_=1651366809544 HTTP/1.1" 200 22
116.230.110.173 - - [01/May/2022:09:00:11 +0800] "GET /xingrg/all/function/internal_message.html?_=1651366809547&CODE_STATE=getMsg HTTP/1.1" 200 27
58.39.61.91 - - [01/May/2022:09:00:22 +0800] "GET /xingrg/all/function/internal_message.html?_=1651366731789&CODE_STATE=getMsg HTTP/1.1" 200 27
116.235.92.88 - - [01/May/2022:09:00:24 +0800] "GET /xingrg/all/function/internal_message.html?_=1651366994044&CODE_STATE=getMsg HTTP/1.1" 200 27
114.83.218.221 - - [01/May/2022:09:00:31 +0800] "GET /xingrg/login.html?sysBaseUrl=http%3A%2F%2F180.169.147.146%3A18081%2Fxingrg%2F&costTime=31×tamp=1615347190560 HTTP/1.1" 200 7641
114.83.218.221 - - [01/May/2022:09:00:32 +0800] "GET /favicon.ico HTTP/1.1" 404 -
222.70.180.114 - - [01/May/2022:09:00:50 +0800] "GET /xingrg/check_reg.html?_=1651366847440 HTTP/1.1" 200 22
222.70.180.114 - - [01/May/2022:09:00:50 +0800] "GET /xingrg/all/function/internal_message.html?_=1651366847443&CODE_STATE=getMsg HTTP/1.1" 200 27
180.169.147.146 - - [01/May/2022:09:00:57 +0800] "GET /xingrg/all/function/internal_message.html?_=1651366857358&CODE_STATE=getMsg HTTP/1.1" 200 27
180.169.147.146 - - [01/May/2022:09:00:57 +0800] "GET /xingrg/check_reg.html?_=1651366857359 HTTP/1.1" 200 22
58.39.201.47 - - [01/May/2022:09:00:57 +0800] "GET /xingrg/check_reg.html?_=1651366859292 HTTP/1.1" 200 22
58.40.7.146 - - [01/May/2022:09:00:57 +0800] "GET /xingrg/all/function/internal_message.html?_=1651366858183&CODE_STATE=getMsg HTTP/1.1" 200 27
58.39.201.47 - - [01/May/2022:09:00:57 +0800] "GET /xingrg/all/function/internal_message.html?_=1651366859295&CODE_STATE=getMsg HTTP/1.1" 200 27
114.88.156.203 - - [01/May/2022:09:01:04 +0800] "GET /xingrg/all/function/internal_message.html?_=1651366612738&CODE_STATE=getMsg HTTP/1.1" 200 27
116.230.110.173 - - [01/May/2022:09:01:11 +0800] "GET /xingrg/all/function/internal_message.html?_=1651366869545&CODE_STATE=getMsg HTTP/1.1" 200 27
114.83.218.221 - - [01/May/2022:09:01:16 +0800] "POST /xingrg/login.do HTTP/1.1" 302 -
114.83.218.221 - - [01/May/2022:09:01:16 +0800] "GET /xingrg/index.html?sysBaseUrl=http%3A%2F%2F180.169.147.146%3A18081%2Fxingrg%2F&costTime=53×tamp=1651366876684 HTTP/1.1" 200 17179
114.83.218.221 - - [01/May/2022:09:01:16 +0800] "GET /favicon.ico HTTP/1.1" 404 -
114.83.218.221 - - [01/May/2022:09:01:16 +0800] "POST /xingrg/all/common/load_tree.html?tree=area_rest_tree_json&manage=1 HTTP/1.1" 200 351
114.83.218.221 - - [01/May/2022:09:01:17 +0800] "GET /xingrg/all/function/internal_message.html?_=1651366877400&CODE_STATE=count HTTP/1.1" 200 11
114.83.218.221 - - [01/May/2022:09:01:17 +0800] "POST /xingrg/load_menu.html HTTP/1.1" 200 5138
114.83.218.221 - - [01/May/2022:09:01:17 +0800] "GET /xingrg/check_reg.html?_=1651366877401 HTTP/1.1" 200 22
58.39.61.91 - - [01/May/2022:09:01:22 +0800] "GET /xingrg/all/function/internal_message.html?_=1651366791802&CODE_STATE=getMsg HTTP/1.1" 200 27
116.235.92.88 - - [01/May/2022:09:01:24 +0800] "GET /xingrg/all/function/internal_message.html?_=1651367054021&CODE_STATE=getMsg HTTP/1.1" 200 27
222.70.180.114 - - [01/May/2022:09:01:50 +0800] "GET /xingrg/all/function/internal_message.html?_=1651366907441&CODE_STATE=getMsg HTTP/1.1" 200 27
180.169.147.146 - - [01/May/2022:09:01:57 +0800] "GET /xingrg/all/function/internal_message.html?_=1651366917349&CODE_STATE=getMsg HTTP/1.1" 200 27
58.39.201.47 - - [01/May/2022:09:01:57 +0800] "GET /xingrg/all/function/internal_message.html?_=1651366919280&CODE_STATE=getMsg HTTP/1.1" 200 27
58.40.7.146 - - [01/May/2022:09:01:57 +0800] "GET /xingrg/all/function/internal_message.html?_=1651366918169&CODE_STATE=getMsg HTTP/1.1" 200 27
114.88.156.203 - - [01/May/2022:09:02:04 +0800] "GET /xingrg/all/function/internal_message.html?_=1651366672717&CODE_STATE=getMsg HTTP/1.1" 200 27
114.88.156.203 - - [01/May/2022:09:02:05 +0800] "GET /xingrg/check_reg.html?_=1651366673015 HTTP/1.1" 200 22
116.230.110.173 - - [01/May/2022:09:02:11 +0800] "GET /xingrg/all/function/internal_message.html?_=1651366929546&CODE_STATE=getMsg HTTP/1.1" 200 27
114.83.218.221 - - [01/May/2022:09:02:17 +0800] "GET /xingrg/all/function/internal_message.html?_=1651366937410&CODE_STATE=getMsg HTTP/1.1" 200 27
58.39.61.91 - - [01/May/2022:09:02:22 +0800] "GET /xingrg/all/function/internal_message.html?_=1651366851823&CODE_STATE=getMsg HTTP/1.1" 200 27
116.235.92.88 - - [01/May/2022:09:02:24 +0800] "GET /xingrg/all/function/internal_message.html?_=1651367113997&CODE_STATE=getMsg HTTP/1.1" 200 27
116.235.92.88 - - [01/May/2022:09:02:48 +0800] "GET /xingrg/check_reg.html?_=1651367138689 HTTP/1.1" 200 22
222.70.180.114 - - [01/May/2022:09:02:50 +0800] "GET /xingrg/all/function/internal_message.html?_=1651366967440&CODE_STATE=getMsg HTTP/1.1" 200 27
180.169.147.146 - - [01/May/2022:09:02:57 +0800] "GET /xingrg/all/function/internal_message.html?_=1651366977347&CODE_STATE=getMsg HTTP/1.1" 200 27
58.39.201.47 - - [01/May/2022:09:02:57 +0800] "GET /xingrg/all/function/internal_message.html?_=1651366979280&CODE_STATE=getMsg HTTP/1.1" 200 27
58.40.7.146 - - [01/May/2022:09:02:57 +0800] "GET /xingrg/all/function/internal_message.html?_=1651366978154&CODE_STATE=getMsg HTTP/1.1" 200 27
114.88.156.203 - - [01/May/2022:09:03:04 +0800] "GET /xingrg/all/function/internal_message.html?_=1651366732717&CODE_STATE=getMsg HTTP/1.1" 200 27
116.230.110.173 - - [01/May/2022:09:03:11 +0800] "GET /xingrg/all/function/internal_message.html?_=1651366989542&CODE_STATE=getMsg HTTP/1.1" 200 27
114.83.218.221 - - [01/May/2022:09:03:17 +0800] "GET /xingrg/all/function/internal_message.html?_=1651366997412&CODE_STATE=getMsg HTTP/1.1" 200 27
58.39.61.91 - - [01/May/2022:09:03:22 +0800] "GET /xingrg/all/function/internal_message.html?_=1651366911830&CODE_STATE=getMsg HTTP/1.1" 200 27
116.235.92.88 - - [01/May/2022:09:03:24 +0800] "GET /xingrg/all/function/internal_message.html?_=1651367173968&CODE_STATE=getMsg HTTP/1.1" 200 27
58.40.7.146 - - [01/May/2022:09:03:42 +0800] "GET /xingrg/check_reg.html?_=1651367023300 HTTP/1.1" 200 22
222.70.180.114 - - [01/May/2022:09:03:50 +0800] "GET /xingrg/all/function/internal_message.html?_=1651367027440&CODE_STATE=getMsg HTTP/1.1" 200 27
180.169.147.146 - - [01/May/2022:09:03:57 +0800] "GET /xingrg/all/function/internal_message.html?_=1651367037348&CODE_STATE=getMsg HTTP/1.1" 200 27
58.40.7.146 - - [01/May/2022:09:03:57 +0800] "GET /xingrg/all/function/internal_message.html?_=1651367038132&CODE_STATE=getMsg HTTP/1.1" 200 27
58.39.201.47 - - [01/May/2022:09:03:57 +0800] "GET /xingrg/all/function/internal_message.html?_=1651367039279&CODE_STATE=getMsg HTTP/1.1" 200 27
114.88.156.203 - - [01/May/2022:09:04:04 +0800] "GET /xingrg/all/function/internal_message.html?_=1651366792685&CODE_STATE=getMsg HTTP/1.1" 200 27
116.230.110.173 - - [01/May/2022:09:04:11 +0800] "GET /xingrg/all/function/internal_message.html?_=1651367049546&CODE_STATE=getMsg HTTP/1.1" 200 27
114.83.218.221 - - [01/May/2022:09:04:17 +0800] "GET /xingrg/all/function/internal_message.html?_=1651367057411&CODE_STATE=getMsg HTTP/1.1" 200 27
58.39.61.91 - - [01/May/2022:09:04:22 +0800] "GET /xingrg/all/function/internal_message.html?_=1651366971854&CODE_STATE=getMsg HTTP/1.1" 200 27
116.235.92.88 - - [01/May/2022:09:04:24 +0800] "GET /xingrg/all/function/internal_message.html?_=1651367233968&CODE_STATE=getMsg HTTP/1.1" 200 27
222.70.180.114 - - [01/May/2022:09:04:50 +0800] "GET /xingrg/all/function/internal_message.html?_=1651367087439&CODE_STATE=getMsg HTTP/1.1" 200 27
180.169.147.146 - - [01/May/2022:09:04:57 +0800] "GET /xingrg/all/function/internal_message.html?_=1651367097342&CODE_STATE=getMsg HTTP/1.1" 200 27
58.40.7.146 - - [01/May/2022:09:04:57 +0800] "GET /xingrg/all/function/internal_message.html?_=1651367098102&CODE_STATE=getMsg HTTP/1.1" 200 27
58.39.201.47 - - [01/May/2022:09:04:57 +0800] "GET /xingrg/all/function/internal_message.html?_=1651367099280&CODE_STATE=getMsg HTTP/1.1" 200 27
114.88.156.203 - - [01/May/2022:09:05:04 +0800] "GET /xingrg/all/function/internal_message.html?_=1651366852655&CODE_STATE=getMsg HTTP/1.1" 200 27
58.39.61.91 - - [01/May/2022:09:05:09 +0800] "GET /xingrg/check_reg.html?_=1651367018147 HTTP/1.1" 200 22
116.230.110.173 - - [01/May/2022:09:05:11 +0800] "GET /xingrg/check_reg.html?_=1651367109549 HTTP/1.1" 200 22
116.230.110.173 - - [01/May/2022:09:05:11 +0800] "GET /xingrg/all/function/internal_message.html?_=1651367109553&CODE_STATE=getMsg HTTP/1.1" 200 27
114.83.218.221 - - [01/May/2022:09:05:17 +0800] "GET /xingrg/all/function/internal_message.html?_=1651367117418&CODE_STATE=getMsg HTTP/1.1" 200 27
58.39.61.91 - - [01/May/2022:09:05:22 +0800] "GET /xingrg/all/function/internal_message.html?_=1651367031857&CODE_STATE=getMsg HTTP/1.1" 200 27
116.235.92.88 - - [01/May/2022:09:05:24 +0800] "GET /xingrg/all/function/internal_message.html?_=1651367293943&CODE_STATE=getMsg HTTP/1.1" 200 27
222.70.180.114 - - [01/May/2022:09:05:50 +0800] "GET /xingrg/all/function/internal_message.html?_=1651367147438&CODE_STATE=getMsg HTTP/1.1" 200 27
222.70.180.114 - - [01/May/2022:09:05:50 +0800] "GET /xingrg/check_reg.html?_=1651367147442 HTTP/1.1" 200 22
180.169.147.146 - - [01/May/2022:09:05:57 +0800] "GET /xingrg/all/function/internal_message.html?_=1651367157361&CODE_STATE=getMsg HTTP/1.1" 200 27
180.169.147.146 - - [01/May/2022:09:05:57 +0800] "GET /xingrg/check_reg.html?_=1651367157362 HTTP/1.1" 200 22
58.40.7.146 - - [01/May/2022:09:05:57 +0800] "GET /xingrg/all/function/internal_message.html?_=1651367158088&CODE_STATE=getMsg HTTP/1.1" 200 27
58.39.201.47 - - [01/May/2022:09:05:57 +0800] "GET /xingrg/all/function/internal_message.html?_=1651367159281&CODE_STATE=getMsg HTTP/1.1" 200 27
58.39.201.47 - - [01/May/2022:09:05:57 +0800] "GET /xingrg/check_reg.html?_=1651367159285 HTTP/1.1" 200 22
114.88.156.203 - - [01/May/2022:09:06:04 +0800] "GET /xingrg/all/function/internal_message.html?_=1651366912624&CODE_STATE=getMsg HTTP/1.1" 200 27
116.230.110.173 - - [01/May/2022:09:06:11 +0800] "GET /xingrg/all/function/internal_message.html?_=1651367169543&CODE_STATE=getMsg HTTP/1.1" 200 27
114.83.218.221 - - [01/May/2022:09:06:17 +0800] "GET /xingrg/check_reg.html?_=1651367177425 HTTP/1.1" 200 22
114.83.218.221 - - [01/May/2022:09:06:17 +0800] "GET /xingrg/all/function/internal_message.html?_=1651367177429&CODE_STATE=getMsg HTTP/1.1" 200 27
58.39.61.91 - - [01/May/2022:09:06:22 +0800] "GET /xingrg/all/function/internal_message.html?_=1651367091870&CODE_STATE=getMsg HTTP/1.1" 200 27
116.235.92.88 - - [01/May/2022:09:06:24 +0800] "GET /xingrg/all/function/internal_message.html?_=1651367353911&CODE_STATE=getMsg HTTP/1.1" 200 27
222.70.180.114 - - [01/May/2022:09:06:50 +0800] "GET /xingrg/all/function/internal_message.html?_=1651367207442&CODE_STATE=getMsg HTTP/1.1" 200 27
180.169.147.146 - - [01/May/2022:09:06:57 +0800] "GET /xingrg/all/function/internal_message.html?_=1651367217358&CODE_STATE=getMsg HTTP/1.1" 200 27
58.40.7.146 - - [01/May/2022:09:06:57 +0800] "GET /xingrg/all/function/internal_message.html?_=1651367218074&CODE_STATE=getMsg HTTP/1.1" 200 27
58.39.201.47 - - [01/May/2022:09:06:57 +0800] "GET /xingrg/all/function/internal_message.html?_=1651367219284&CODE_STATE=getMsg HTTP/1.1" 200 27
114.88.156.203 - - [01/May/2022:09:07:04 +0800] "GET /xingrg/all/function/internal_message.html?_=1651366972595&CODE_STATE=getMsg HTTP/1.1" 200 27
114.88.156.203 - - [01/May/2022:09:07:05 +0800] "GET /xingrg/check_reg.html?_=1651366973034 HTTP/1.1" 200 22
116.230.110.173 - - [01/May/2022:09:07:11 +0800] "GET /xingrg/all/function/internal_message.html?_=1651367229536&CODE_STATE=getMsg HTTP/1.1" 200 27
114.83.218.221 - - [01/May/2022:09:07:17 +0800] "GET /xingrg/all/function/internal_message.html?_=1651367237424&CODE_STATE=getMsg HTTP/1.1" 200 27
58.39.61.91 - - [01/May/2022:09:07:22 +0800] "GET /xingrg/all/function/internal_message.html?_=1651367151893&CODE_STATE=getMsg HTTP/1.1" 200 27
116.235.92.88 - - [01/May/2022:09:07:24 +0800] "GET /xingrg/all/function/internal_message.html?_=1651367413881&CODE_STATE=getMsg HTTP/1.1" 200 27
116.235.92.88 - - [01/May/2022:09:07:48 +0800] "GET /xingrg/check_reg.html?_=1651367438722 HTTP/1.1" 200 22
222.70.180.114 - - [01/May/2022:09:07:50 +0800] "GET /xingrg/all/function/internal_message.html?_=1651367267441&CODE_STATE=getMsg HTTP/1.1" 200 27
180.169.147.146 - - [01/May/2022:09:07:57 +0800] "GET /xingrg/all/function/internal_message.html?_=1651367277345&CODE_STATE=getMsg HTTP/1.1" 200 27
58.40.7.146 - - [01/May/2022:09:07:57 +0800] "GET /xingrg/all/function/internal_message.html?_=1651367278044&CODE_STATE=getMsg HTTP/1.1" 200 27
58.39.201.47 - - [01/May/2022:09:07:57 +0800] "GET /xingrg/all/function/internal_message.html?_=1651367279310&CODE_STATE=getMsg HTTP/1.1" 200 27
114.88.156.203 - - [01/May/2022:09:08:04 +0800] "GET /xingrg/all/function/internal_message.html?_=1651367032573&CODE_STATE=getMsg HTTP/1.1" 200 27
116.230.110.173 - - [01/May/2022:09:08:05 +0800] "POST /xingrg/services/DataTransmitService HTTP/1.1" 200 524
116.230.110.173 - - [01/May/2022:09:08:11 +0800] "GET /xingrg/all/function/internal_message.html?_=1651367289552&CODE_STATE=getMsg HTTP/1.1" 200 27
114.83.218.221 - - [01/May/2022:09:08:17 +0800] "GET /xingrg/all/function/internal_message.html?_=1651367297432&CODE_STATE=getMsg HTTP/1.1" 200 27
58.39.61.91 - - [01/May/2022:09:08:22 +0800] "GET /xingrg/all/function/internal_message.html?_=1651367211898&CODE_STATE=getMsg HTTP/1.1" 200 27
116.235.92.88 - - [01/May/2022:09:08:24 +0800] "GET /xingrg/all/function/internal_message.html?_=1651367473858&CODE_STATE=getMsg HTTP/1.1" 200 27
58.40.7.146 - - [01/May/2022:09:08:42 +0800] "GET /xingrg/check_reg.html?_=1651367323311 HTTP/1.1" 200 22
222.70.180.114 - - [01/May/2022:09:08:50 +0800] "GET /xingrg/all/function/internal_message.html?_=1651367327441&CODE_STATE=getMsg HTTP/1.1" 200 27
180.169.147.146 - - [01/May/2022:09:08:57 +0800] "GET /xingrg/all/function/internal_message.html?_=1651367337361&CODE_STATE=getMsg HTTP/1.1" 200 27
58.40.7.146 - - [01/May/2022:09:08:57 +0800] "GET /xingrg/all/function/internal_message.html?_=1651367338017&CODE_STATE=getMsg HTTP/1.1" 200 27
58.39.201.47 - - [01/May/2022:09:08:57 +0800] "GET /xingrg/all/function/internal_message.html?_=1651367339309&CODE_STATE=getMsg HTTP/1.1" 200 27
114.88.156.203 - - [01/May/2022:09:09:04 +0800] "GET /xingrg/all/function/internal_message.html?_=1651367092549&CODE_STATE=getMsg HTTP/1.1" 200 27
116.230.110.173 - - [01/May/2022:09:09:11 +0800] "GET /xingrg/all/function/internal_message.html?_=1651367349550&CODE_STATE=getMsg HTTP/1.1" 200 27
114.83.218.221 - - [01/May/2022:09:09:17 +0800] "GET /xingrg/all/function/internal_message.html?_=1651367357438&CODE_STATE=getMsg HTTP/1.1" 200 27
58.39.61.91 - - [01/May/2022:09:09:22 +0800] "GET /xingrg/all/function/internal_message.html?_=1651367271921&CODE_STATE=getMsg HTTP/1.1" 200 27
116.235.92.88 - - [01/May/2022:09:09:24 +0800] "GET /xingrg/all/function/internal_message.html?_=1651367533826&CODE_STATE=getMsg HTTP/1.1" 200 27
222.70.180.114 - - [01/May/2022:09:09:50 +0800] "GET /xingrg/all/function/internal_message.html?_=1651367387441&CODE_STATE=getMsg HTTP/1.1" 200 27
180.169.147.146 - - [01/May/2022:09:09:57 +0800] "GET /xingrg/all/function/internal_message.html?_=1651367397353&CODE_STATE=getMsg HTTP/1.1" 200 27
58.40.7.146 - - [01/May/2022:09:09:57 +0800] "GET /xingrg/all/function/internal_message.html?_=1651367398006&CODE_STATE=getMsg HTTP/1.1" 200 27
58.39.201.47 - - [01/May/2022:09:09:57 +0800] "GET /xingrg/all/function/internal_message.html?_=1651367399308&CODE_STATE=getMsg HTTP/1.1" 200 27
114.88.156.203 - - [01/May/2022:09:10:04 +0800] "GET /xingrg/all/function/internal_message.html?_=1651367152531&CODE_STATE=getMsg HTTP/1.1" 200 27
58.39.61.91 - - [01/May/2022:09:10:09 +0800] "GET /xingrg/check_reg.html?_=1651367318151 HTTP/1.1" 200 22
116.230.110.173 - - [01/May/2022:09:10:11 +0800] "GET /xingrg/check_reg.html?_=1651367409532 HTTP/1.1" 200 22
116.230.110.173 - - [01/May/2022:09:10:11 +0800] "GET /xingrg/all/function/internal_message.html?_=1651367409540&CODE_STATE=getMsg HTTP/1.1" 200 27
114.83.218.221 - - [01/May/2022:09:10:17 +0800] "GET /xingrg/all/function/internal_message.html?_=1651367417443&CODE_STATE=getMsg HTTP/1.1" 200 27
58.39.61.91 - - [01/May/2022:09:10:22 +0800] "GET /xingrg/all/function/internal_message.html?_=1651367331925&CODE_STATE=getMsg HTTP/1.1" 200 27
116.235.92.88 - - [01/May/2022:09:10:24 +0800] "GET /xingrg/all/function/internal_message.html?_=1651367593807&CODE_STATE=getMsg HTTP/1.1" 200 27
222.70.180.114 - - [01/May/2022:09:10:50 +0800] "GET /xingrg/all/function/internal_message.html?_=1651367447441&CODE_STATE=getMsg HTTP/1.1" 200 27
222.70.180.114 - - [01/May/2022:09:10:50 +0800] "GET /xingrg/check_reg.html?_=1651367447443 HTTP/1.1" 200 22
180.169.147.146 - - [01/May/2022:09:10:57 +0800] "GET /xingrg/all/function/internal_message.html?_=1651367457353&CODE_STATE=getMsg HTTP/1.1" 200 27
180.169.147.146 - - [01/May/2022:09:10:57 +0800] "GET /xingrg/check_reg.html?_=1651367457355 HTTP/1.1" 200 22
58.40.7.146 - - [01/May/2022:09:10:57 +0800] "GET /xingrg/all/function/internal_message.html?_=1651367457978&CODE_STATE=getMsg HTTP/1.1" 200 27
58.39.201.47 - - [01/May/2022:09:10:57 +0800] "GET /xingrg/all/function/internal_message.html?_=1651367459307&CODE_STATE=getMsg HTTP/1.1" 200 27
58.39.201.47 - - [01/May/2022:09:10:57 +0800] "GET /xingrg/check_reg.html?_=1651367459309 HTTP/1.1" 200 22
114.88.156.203 - - [01/May/2022:09:11:04 +0800] "GET /xingrg/all/function/internal_message.html?_=1651367212508&CODE_STATE=getMsg HTTP/1.1" 200 27
116.230.110.173 - - [01/May/2022:09:11:11 +0800] "GET /xingrg/all/function/internal_message.html?_=1651367469554&CODE_STATE=getMsg HTTP/1.1" 200 27
114.83.218.221 - - [01/May/2022:09:11:17 +0800] "GET /xingrg/check_reg.html?_=1651367477443 HTTP/1.1" 200 22
114.83.218.221 - - [01/May/2022:09:11:17 +0800] "GET /xingrg/all/function/internal_message.html?_=1651367477454&CODE_STATE=getMsg HTTP/1.1" 200 27
58.39.61.91 - - [01/May/2022:09:11:22 +0800] "GET /xingrg/all/function/internal_message.html?_=1651367391938&CODE_STATE=getMsg HTTP/1.1" 200 27
116.235.92.88 - - [01/May/2022:09:11:24 +0800] "GET /xingrg/all/function/internal_message.html?_=1651367653777&CODE_STATE=getMsg HTTP/1.1" 200 27
222.70.180.114 - - [01/May/2022:09:11:50 +0800] "GET /xingrg/all/function/internal_message.html?_=1651367507443&CODE_STATE=getMsg HTTP/1.1" 200 27
180.169.147.146 - - [01/May/2022:09:11:57 +0800] "GET /xingrg/all/function/internal_message.html?_=1651367517344&CODE_STATE=getMsg HTTP/1.1" 200 27
