116.235.92.88 - - [01/May/2022:12:01:19 +0800] "GET /xingrg/all/function/internal_message.html?_=1651377849635&CODE_STATE=getMsg HTTP/1.1" 200 27
101.85.120.86 - - [01/May/2022:12:01:20 +0800] "POST /xingrg/kc/base/stock_operate.html HTTP/1.1" 200 1772
101.85.120.86 - - [01/May/2022:12:01:21 +0800] "POST /xingrg/kc/base/stock_operate.html HTTP/1.1" 200 4168
101.85.120.86 - - [01/May/2022:12:01:24 +0800] "POST /xingrg/kc/base/stock_operate.html HTTP/1.1" 200 4171
58.39.61.91 - - [01/May/2022:12:01:45 +0800] "GET /xingrg/check_reg.html?_=1651377614084 HTTP/1.1" 200 22
58.39.61.91 - - [01/May/2022:12:01:46 +0800] "GET /xingrg/all/function/internal_message.html?_=1651377615869&CODE_STATE=getMsg HTTP/1.1" 200 27
222.70.180.114 - - [01/May/2022:12:01:51 +0800] "GET /xingrg/all/function/internal_message.html?_=1651377707667&CODE_STATE=getMsg HTTP/1.1" 200 27
58.40.7.146 - - [01/May/2022:12:01:54 +0800] "GET /xingrg/all/function/internal_message.html?_=1651377714283&CODE_STATE=getMsg HTTP/1.1" 200 27
101.85.120.86 - - [01/May/2022:12:01:55 +0800] "GET /xingrg/all/function/internal_message.html?_=1651377714246&CODE_STATE=getMsg HTTP/1.1" 200 27
180.157.251.97 - - [01/May/2022:12:01:57 +0800] "POST /xingrg/kc/buy/cgsh_order_operate.html HTTP/1.1" 200 37
58.39.201.47 - - [01/May/2022:12:01:58 +0800] "GET /xingrg/all/function/internal_message.html?_=1651377719589&CODE_STATE=getMsg HTTP/1.1" 200 27
180.157.251.97 - - [01/May/2022:12:01:59 +0800] "POST /xingrg/kc/buy/cgsh_order_operate.html HTTP/1.1" 200 3289
101.85.120.86 - - [01/May/2022:12:02:08 +0800] "POST /xingrg/kc/base/stock_operate.html HTTP/1.1" 200 3995
116.230.110.173 - - [01/May/2022:12:02:12 +0800] "GET /xingrg/all/function/internal_message.html?_=1651377732344&CODE_STATE=getMsg HTTP/1.1" 200 27
180.157.251.97 - - [01/May/2022:12:02:12 +0800] "POST /xingrg/kc/buy/cgsh_order_operate.html HTTP/1.1" 200 37
101.85.120.86 - - [01/May/2022:12:02:14 +0800] "POST /xingrg/kc/base/stock_operate.html HTTP/1.1" 200 4171
180.157.251.97 - - [01/May/2022:12:02:14 +0800] "POST /xingrg/kc/buy/cgsh_order_operate.html HTTP/1.1" 200 3289
116.235.92.88 - - [01/May/2022:12:02:19 +0800] "GET /xingrg/all/function/internal_message.html?_=1651377909604&CODE_STATE=getMsg HTTP/1.1" 200 27
180.157.251.97 - - [01/May/2022:12:02:20 +0800] "GET /xingrg/kc/buy/cgsh_order_add.html HTTP/1.1" 200 66009
180.157.251.97 - - [01/May/2022:12:02:20 +0800] "POST /xingrg/kc/buy/cgsh_order_operate.html HTTP/1.1" 200 8245
180.157.251.97 - - [01/May/2022:12:02:20 +0800] "GET /xingrg/javascript/easyui/themes/default/validatebox.css HTTP/1.1" 404 1104
180.157.251.97 - - [01/May/2022:12:02:22 +0800] "POST /xingrg/all/common/load_combo.html?type=employee HTTP/1.1" 200 1752
117.143.50.163 - - [01/May/2022:12:02:39 +0800] "GET /xingrg/check_reg.html?_=1651377759310 HTTP/1.1" 302 -
58.39.61.91 - - [01/May/2022:12:02:46 +0800] "GET /xingrg/all/function/internal_message.html?_=1651377675883&CODE_STATE=getMsg HTTP/1.1" 200 27
116.235.92.88 - - [01/May/2022:12:02:49 +0800] "GET /xingrg/check_reg.html?_=1651377938871 HTTP/1.1" 200 22
222.70.180.114 - - [01/May/2022:12:02:51 +0800] "GET /xingrg/all/function/internal_message.html?_=1651377767672&CODE_STATE=getMsg HTTP/1.1" 200 27
58.40.7.146 - - [01/May/2022:12:02:53 +0800] "GET /xingrg/all/function/internal_message.html?_=1651377774270&CODE_STATE=getMsg HTTP/1.1" 200 27
101.85.120.86 - - [01/May/2022:12:02:56 +0800] "GET /xingrg/all/function/internal_message.html?_=1651377774238&CODE_STATE=getMsg HTTP/1.1" 200 27
58.39.201.47 - - [01/May/2022:12:02:58 +0800] "GET /xingrg/all/function/internal_message.html?_=1651377779612&CODE_STATE=getMsg HTTP/1.1" 200 27
222.70.180.114 - - [01/May/2022:12:03:11 +0800] "GET /xingrg/kc/mdqp/pssh_order_list.html HTTP/1.1" 200 17740
222.70.180.114 - - [01/May/2022:12:03:12 +0800] "POST /xingrg/kc/mdqp/pssh_list_operate.html HTTP/1.1" 200 5342
116.230.110.173 - - [01/May/2022:12:03:12 +0800] "GET /xingrg/all/function/internal_message.html?_=1651377792346&CODE_STATE=getMsg HTTP/1.1" 200 27
180.157.251.97 - - [01/May/2022:12:03:14 +0800] "GET /xingrg/all/function/internal_message.html?_=1651377473858&CODE_STATE=getMsg HTTP/1.1" 200 27
180.157.251.97 - - [01/May/2022:12:03:14 +0800] "GET /xingrg/check_reg.html?_=1651377473855 HTTP/1.1" 200 22
222.70.180.114 - - [01/May/2022:12:03:16 +0800] "POST /xingrg/kc/mdqp/pssh_list_operate.html HTTP/1.1" 200 774
222.70.180.114 - - [01/May/2022:12:03:17 +0800] "POST /xingrg/kc/mdqp/pssh_list_operate.html HTTP/1.1" 200 262
222.70.180.114 - - [01/May/2022:12:03:17 +0800] "POST /xingrg/kc/mdqp/pssh_list_operate.html HTTP/1.1" 200 266
222.70.180.114 - - [01/May/2022:12:03:19 +0800] "POST /xingrg/kc/mdqp/pssh_list_operate.html HTTP/1.1" 200 366
116.235.92.88 - - [01/May/2022:12:03:19 +0800] "GET /xingrg/all/function/internal_message.html?_=1651377969584&CODE_STATE=getMsg HTTP/1.1" 200 27
101.85.120.86 - - [01/May/2022:12:03:36 +0800] "POST /xingrg/kc/base/stock_operate.html HTTP/1.1" 200 3995
58.40.7.146 - - [01/May/2022:12:03:43 +0800] "GET /xingrg/check_reg.html?_=1651377823381 HTTP/1.1" 200 22
101.85.120.86 - - [01/May/2022:12:03:46 +0800] "POST /xingrg/kc/base/stock_operate.html HTTP/1.1" 200 4171
58.39.61.91 - - [01/May/2022:12:03:46 +0800] "GET /xingrg/all/function/internal_message.html?_=1651377735897&CODE_STATE=getMsg HTTP/1.1" 200 27
222.70.180.114 - - [01/May/2022:12:03:51 +0800] "GET /xingrg/all/function/internal_message.html?_=1651377827689&CODE_STATE=getMsg HTTP/1.1" 200 27
58.40.7.146 - - [01/May/2022:12:03:53 +0800] "GET /xingrg/all/function/internal_message.html?_=1651377834243&CODE_STATE=getMsg HTTP/1.1" 200 27
101.85.120.86 - - [01/May/2022:12:03:55 +0800] "POST /xingrg/kc/base/stock_operate.html HTTP/1.1" 200 4168
101.85.120.86 - - [01/May/2022:12:03:55 +0800] "GET /xingrg/check_reg.html?_=1651377834231 HTTP/1.1" 200 22
101.85.120.86 - - [01/May/2022:12:03:56 +0800] "GET /xingrg/all/function/internal_message.html?_=1651377834234&CODE_STATE=getMsg HTTP/1.1" 200 27
58.39.201.47 - - [01/May/2022:12:03:58 +0800] "GET /xingrg/all/function/internal_message.html?_=1651377839616&CODE_STATE=getMsg HTTP/1.1" 200 27
101.85.120.86 - - [01/May/2022:12:03:58 +0800] "POST /xingrg/kc/base/stock_operate.html HTTP/1.1" 200 1772
101.85.120.86 - - [01/May/2022:12:04:00 +0800] "POST /xingrg/kc/base/stock_operate.html HTTP/1.1" 200 4168
101.85.120.86 - - [01/May/2022:12:04:12 +0800] "POST /xingrg/kc/base/stock_operate.html HTTP/1.1" 200 4171
116.230.110.173 - - [01/May/2022:12:04:12 +0800] "GET /xingrg/all/function/internal_message.html?_=1651377852338&CODE_STATE=getMsg HTTP/1.1" 200 27
180.157.251.97 - - [01/May/2022:12:04:14 +0800] "GET /xingrg/all/function/internal_message.html?_=1651377533876&CODE_STATE=getMsg HTTP/1.1" 200 27
101.85.120.86 - - [01/May/2022:12:04:16 +0800] "POST /xingrg/kc/base/stock_operate.html HTTP/1.1" 200 3995
116.235.92.88 - - [01/May/2022:12:04:19 +0800] "GET /xingrg/all/function/internal_message.html?_=1651378029554&CODE_STATE=getMsg HTTP/1.1" 200 27
58.39.61.91 - - [01/May/2022:12:04:46 +0800] "GET /xingrg/all/function/internal_message.html?_=1651377795918&CODE_STATE=getMsg HTTP/1.1" 200 27
222.70.180.114 - - [01/May/2022:12:04:51 +0800] "GET /xingrg/all/function/internal_message.html?_=1651377887688&CODE_STATE=getMsg HTTP/1.1" 200 27
58.40.7.146 - - [01/May/2022:12:04:53 +0800] "GET /xingrg/all/function/internal_message.html?_=1651377894230&CODE_STATE=getMsg HTTP/1.1" 200 27
101.85.120.86 - - [01/May/2022:12:04:55 +0800] "GET /xingrg/all/function/internal_message.html?_=1651377894234&CODE_STATE=getMsg HTTP/1.1" 200 27
58.39.201.47 - - [01/May/2022:12:04:58 +0800] "GET /xingrg/all/function/internal_message.html?_=1651377899614&CODE_STATE=getMsg HTTP/1.1" 200 27
180.157.251.97 - - [01/May/2022:12:04:58 +0800] "GET /xingrg/kc/buy/cgsh_order_operate.html?command=get_materiel&rest_code=00101&code=00101010300&supplier_code=00100517&order_time=2022-05-01 HTTP/1.1" 200 412
116.230.110.173 - - [01/May/2022:12:05:12 +0800] "GET /xingrg/all/function/internal_message.html?_=1651377912353&CODE_STATE=getMsg HTTP/1.1" 200 27
116.230.110.173 - - [01/May/2022:12:05:12 +0800] "GET /xingrg/check_reg.html?_=1651377912355 HTTP/1.1" 200 22
180.157.251.97 - - [01/May/2022:12:05:14 +0800] "GET /xingrg/all/function/internal_message.html?_=1651377593858&CODE_STATE=getMsg HTTP/1.1" 200 27
116.235.92.88 - - [01/May/2022:12:05:19 +0800] "GET /xingrg/all/function/internal_message.html?_=1651378089528&CODE_STATE=getMsg HTTP/1.1" 200 27
180.157.251.97 - - [01/May/2022:12:05:44 +0800] "GET /xingrg/kc/buy/cgsh_order_operate.html?command=get_materiel&rest_code=00101&code=00101007072&supplier_code=00100517&order_time=2022-05-01 HTTP/1.1" 200 413
58.39.61.91 - - [01/May/2022:12:05:46 +0800] "GET /xingrg/all/function/internal_message.html?_=1651377855924&CODE_STATE=getMsg HTTP/1.1" 200 27
222.70.180.114 - - [01/May/2022:12:05:51 +0800] "GET /xingrg/all/function/internal_message.html?_=1651377947693&CODE_STATE=getMsg HTTP/1.1" 200 27
222.70.180.114 - - [01/May/2022:12:05:51 +0800] "GET /xingrg/check_reg.html?_=1651377947695 HTTP/1.1" 200 22
58.40.7.146 - - [01/May/2022:12:05:53 +0800] "GET /xingrg/all/function/internal_message.html?_=1651377954202&CODE_STATE=getMsg HTTP/1.1" 200 27
101.85.120.86 - - [01/May/2022:12:05:55 +0800] "GET /xingrg/all/function/internal_message.html?_=1651377954236&CODE_STATE=getMsg HTTP/1.1" 200 27
58.39.201.47 - - [01/May/2022:12:05:58 +0800] "GET /xingrg/all/function/internal_message.html?_=1651377959619&CODE_STATE=getMsg HTTP/1.1" 200 27
58.39.201.47 - - [01/May/2022:12:05:58 +0800] "GET /xingrg/check_reg.html?_=1651377959622 HTTP/1.1" 200 22
180.157.251.97 - - [01/May/2022:12:06:03 +0800] "POST /xingrg/kc/buy/cgsh_order_operate.html HTTP/1.1" 200 37
180.157.251.97 - - [01/May/2022:12:06:05 +0800] "POST /xingrg/kc/buy/cgsh_order_operate.html HTTP/1.1" 200 3277
116.230.110.173 - - [01/May/2022:12:06:12 +0800] "GET /xingrg/all/function/internal_message.html?_=1651377972351&CODE_STATE=getMsg HTTP/1.1" 200 27
180.157.251.97 - - [01/May/2022:12:06:14 +0800] "GET /xingrg/all/function/internal_message.html?_=1651377653844&CODE_STATE=getMsg HTTP/1.1" 200 27
116.235.92.88 - - [01/May/2022:12:06:19 +0800] "GET /xingrg/all/function/internal_message.html?_=1651378149504&CODE_STATE=getMsg HTTP/1.1" 200 27
222.70.180.114 - - [01/May/2022:12:06:20 +0800] "GET /xingrg/javascript/jquery_tools/jquery-1.4.2.min.js HTTP/1.1" 404 1094
222.70.180.114 - - [01/May/2022:12:06:20 +0800] "GET /xingrg/kc/mdqp/pssh_order_info.html?code=312022043000255 HTTP/1.1" 200 17266
222.70.180.114 - - [01/May/2022:12:06:20 +0800] "POST /xingrg/kc/mdqp/pssh_order_operate.html HTTP/1.1" 200 4153
222.70.180.114 - - [01/May/2022:12:06:20 +0800] "GET /xingrg/javascript/easyui/themes/default/validatebox.css HTTP/1.1" 404 1104
222.70.180.114 - - [01/May/2022:12:06:28 +0800] "GET /xingrg/javascript/auto/indicator.gif HTTP/1.1" 404 1066
58.39.61.91 - - [01/May/2022:12:06:45 +0800] "GET /xingrg/check_reg.html?_=1651377914087 HTTP/1.1" 200 22
58.39.61.91 - - [01/May/2022:12:06:46 +0800] "GET /xingrg/all/function/internal_message.html?_=1651377915937&CODE_STATE=getMsg HTTP/1.1" 200 27
222.70.180.114 - - [01/May/2022:12:06:46 +0800] "GET /xingrg/javascript/jquery_tools/images/next.gif HTTP/1.1" 404 1086
222.70.180.114 - - [01/May/2022:12:06:46 +0800] "GET /xingrg/javascript/jquery_tools/images/prev.gif HTTP/1.1" 404 1086
222.70.180.114 - - [01/May/2022:12:06:51 +0800] "GET /xingrg/all/function/internal_message.html?_=1651378007697&CODE_STATE=getMsg HTTP/1.1" 200 27
58.40.7.146 - - [01/May/2022:12:06:53 +0800] "GET /xingrg/all/function/internal_message.html?_=1651378014188&CODE_STATE=getMsg HTTP/1.1" 200 27
222.70.180.114 - - [01/May/2022:12:06:54 +0800] "POST /xingrg/all/common/load_combo.html?type=employee HTTP/1.1" 200 277
101.85.120.86 - - [01/May/2022:12:06:55 +0800] "GET /xingrg/all/function/internal_message.html?_=1651378014232&CODE_STATE=getMsg HTTP/1.1" 200 27
58.39.201.47 - - [01/May/2022:12:06:58 +0800] "GET /xingrg/all/function/internal_message.html?_=1651378019612&CODE_STATE=getMsg HTTP/1.1" 200 27
116.230.110.173 - - [01/May/2022:12:07:12 +0800] "GET /xingrg/all/function/internal_message.html?_=1651378032355&CODE_STATE=getMsg HTTP/1.1" 200 27
180.157.251.97 - - [01/May/2022:12:07:14 +0800] "GET /xingrg/all/function/internal_message.html?_=1651377713801&CODE_STATE=getMsg HTTP/1.1" 200 27
116.235.92.88 - - [01/May/2022:12:07:19 +0800] "GET /xingrg/all/function/internal_message.html?_=1651378209484&CODE_STATE=getMsg HTTP/1.1" 200 27
117.143.50.163 - - [01/May/2022:12:07:39 +0800] "GET /xingrg/check_reg.html?_=1651378059294 HTTP/1.1" 302 -
58.39.61.91 - - [01/May/2022:12:07:47 +0800] "GET /xingrg/all/function/internal_message.html?_=1651377975951&CODE_STATE=getMsg HTTP/1.1" 200 27
116.235.92.88 - - [01/May/2022:12:07:49 +0800] "GET /xingrg/check_reg.html?_=1651378238868 HTTP/1.1" 200 22
222.70.180.114 - - [01/May/2022:12:07:51 +0800] "GET /xingrg/all/function/internal_message.html?_=1651378067697&CODE_STATE=getMsg HTTP/1.1" 200 27
58.40.7.146 - - [01/May/2022:12:07:53 +0800] "GET /xingrg/all/function/internal_message.html?_=1651378074158&CODE_STATE=getMsg HTTP/1.1" 200 27
101.85.120.86 - - [01/May/2022:12:07:55 +0800] "GET /xingrg/all/function/internal_message.html?_=1651378074240&CODE_STATE=getMsg HTTP/1.1" 200 27
58.39.201.47 - - [01/May/2022:12:07:58 +0800] "GET /xingrg/all/function/internal_message.html?_=1651378079617&CODE_STATE=getMsg HTTP/1.1" 200 27
116.230.110.173 - - [01/May/2022:12:08:05 +0800] "POST /xingrg/services/DataTransmitService HTTP/1.1" 200 524
116.230.110.173 - - [01/May/2022:12:08:12 +0800] "GET /xingrg/all/function/internal_message.html?_=1651378092347&CODE_STATE=getMsg HTTP/1.1" 200 27
180.157.251.97 - - [01/May/2022:12:08:14 +0800] "GET /xingrg/all/function/internal_message.html?_=1651377773802&CODE_STATE=getMsg HTTP/1.1" 200 27
180.157.251.97 - - [01/May/2022:12:08:14 +0800] "GET /xingrg/check_reg.html?_=1651377773865 HTTP/1.1" 200 22
116.235.92.88 - - [01/May/2022:12:08:19 +0800] "GET /xingrg/all/function/internal_message.html?_=1651378269460&CODE_STATE=getMsg HTTP/1.1" 200 27
58.40.7.146 - - [01/May/2022:12:08:43 +0800] "GET /xingrg/check_reg.html?_=1651378123378 HTTP/1.1" 200 22
58.39.61.91 - - [01/May/2022:12:08:47 +0800] "GET /xingrg/all/function/internal_message.html?_=1651378035964&CODE_STATE=getMsg HTTP/1.1" 200 27
222.70.180.114 - - [01/May/2022:12:08:51 +0800] "GET /xingrg/all/function/internal_message.html?_=1651378127698&CODE_STATE=getMsg HTTP/1.1" 200 27
58.40.7.146 - - [01/May/2022:12:08:53 +0800] "GET /xingrg/all/function/internal_message.html?_=1651378134130&CODE_STATE=getMsg HTTP/1.1" 200 27
101.85.120.86 - - [01/May/2022:12:08:55 +0800] "GET /xingrg/check_reg.html?_=1651378134229 HTTP/1.1" 200 22
101.85.120.86 - - [01/May/2022:12:08:56 +0800] "GET /xingrg/all/function/internal_message.html?_=1651378134231&CODE_STATE=getMsg HTTP/1.1" 200 27
58.39.201.47 - - [01/May/2022:12:08:58 +0800] "GET /xingrg/all/function/internal_message.html?_=1651378139622&CODE_STATE=getMsg HTTP/1.1" 200 27
116.230.110.173 - - [01/May/2022:12:09:12 +0800] "GET /xingrg/all/function/internal_message.html?_=1651378152350&CODE_STATE=getMsg HTTP/1.1" 200 27
180.157.251.97 - - [01/May/2022:12:09:14 +0800] "GET /xingrg/all/function/internal_message.html?_=1651377833775&CODE_STATE=getMsg HTTP/1.1" 200 27
222.70.180.114 - - [01/May/2022:12:09:19 +0800] "POST /xingrg/kc/mdqp/pssh_order_operate.html HTTP/1.1" 200 37
116.235.92.88 - - [01/May/2022:12:09:19 +0800] "GET /xingrg/all/function/internal_message.html?_=1651378329438&CODE_STATE=getMsg HTTP/1.1" 200 27
222.70.180.114 - - [01/May/2022:12:09:20 +0800] "POST /xingrg/kc/mdqp/pssh_order_operate.html HTTP/1.1" 200 4153
222.70.180.114 - - [01/May/2022:12:09:23 +0800] "GET /xingrg/kc/print/load_config.html?kc_code=pssh HTTP/1.1" 200 2291
222.70.180.114 - - [01/May/2022:12:09:23 +0800] "GET /xingrg/kc/print/load_data.html?order_code=312022043000255&kc_code=pssh&condition= HTTP/1.1" 200 1837
58.39.61.91 - - [01/May/2022:12:09:47 +0800] "GET /xingrg/all/function/internal_message.html?_=1651378095986&CODE_STATE=getMsg HTTP/1.1" 200 27
222.70.180.114 - - [01/May/2022:12:09:51 +0800] "GET /xingrg/all/function/internal_message.html?_=1651378187698&CODE_STATE=getMsg HTTP/1.1" 200 27
58.40.7.146 - - [01/May/2022:12:09:53 +0800] "GET /xingrg/all/function/internal_message.html?_=1651378194116&CODE_STATE=getMsg HTTP/1.1" 200 27
101.85.120.86 - - [01/May/2022:12:09:55 +0800] "GET /xingrg/all/function/internal_message.html?_=1651378194237&CODE_STATE=getMsg HTTP/1.1" 200 27
58.39.201.47 - - [01/May/2022:12:09:58 +0800] "GET /xingrg/all/function/internal_message.html?_=1651378199612&CODE_STATE=getMsg HTTP/1.1" 200 27
222.70.180.114 - - [01/May/2022:12:10:02 +0800] "GET /xingrg/kc/mdqp/pssh_order_info.html?code=312022043000257 HTTP/1.1" 200 17266
222.70.180.114 - - [01/May/2022:12:10:02 +0800] "GET /xingrg/javascript/jquery_tools/jquery-1.4.2.min.js HTTP/1.1" 404 1094
222.70.180.114 - - [01/May/2022:12:10:02 +0800] "POST /xingrg/kc/mdqp/pssh_order_operate.html HTTP/1.1" 200 538
222.70.180.114 - - [01/May/2022:12:10:02 +0800] "GET /xingrg/javascript/easyui/themes/default/validatebox.css HTTP/1.1" 404 1104
116.230.110.173 - - [01/May/2022:12:10:12 +0800] "GET /xingrg/all/function/internal_message.html?_=1651378212349&CODE_STATE=getMsg HTTP/1.1" 200 27
116.230.110.173 - - [01/May/2022:12:10:12 +0800] "GET /xingrg/check_reg.html?_=1651378212360 HTTP/1.1" 200 22
180.157.251.97 - - [01/May/2022:12:10:13 +0800] "GET /xingrg/all/function/internal_message.html?_=1651377893747&CODE_STATE=getMsg HTTP/1.1" 200 27
222.70.180.114 - - [01/May/2022:12:10:15 +0800] "POST /xingrg/all/common/load_combo.html?type=employee HTTP/1.1" 200 277
116.235.92.88 - - [01/May/2022:12:10:19 +0800] "GET /xingrg/all/function/internal_message.html?_=1651378389410&CODE_STATE=getMsg HTTP/1.1" 200 27
222.70.180.114 - - [01/May/2022:12:10:22 +0800] "POST /xingrg/kc/mdqp/pssh_order_operate.html HTTP/1.1" 200 37
222.70.180.114 - - [01/May/2022:12:10:24 +0800] "POST /xingrg/kc/mdqp/pssh_order_operate.html HTTP/1.1" 200 538
222.70.180.114 - - [01/May/2022:12:10:26 +0800] "GET /xingrg/kc/print/load_data.html?order_code=312022043000257&kc_code=pssh&condition= HTTP/1.1" 200 609
180.157.251.97 - - [01/May/2022:12:10:31 +0800] "GET /xingrg/kc/buy/cgsh_order_add.html HTTP/1.1" 200 66009
180.157.251.97 - - [01/May/2022:12:10:31 +0800] "POST /xingrg/kc/buy/cgsh_order_operate.html HTTP/1.1" 200 8245
180.157.251.97 - - [01/May/2022:12:10:31 +0800] "GET /xingrg/javascript/easyui/themes/default/validatebox.css HTTP/1.1" 404 1104
180.157.251.97 - - [01/May/2022:12:10:36 +0800] "POST /xingrg/all/common/load_combo.html?type=employee HTTP/1.1" 200 1752
222.70.180.114 - - [01/May/2022:12:10:37 +0800] "POST /xingrg/kc/mdqp/pssh_list_operate.html HTTP/1.1" 200 814
222.70.180.114 - - [01/May/2022:12:10:41 +0800] "GET /xingrg/kc/mdqp/pssh_order_list.html HTTP/1.1" 200 17740
222.70.180.114 - - [01/May/2022:12:10:42 +0800] "POST /xingrg/kc/mdqp/pssh_list_operate.html HTTP/1.1" 200 5385
58.39.61.91 - - [01/May/2022:12:10:47 +0800] "GET /xingrg/all/function/internal_message.html?_=1651378155992&CODE_STATE=getMsg HTTP/1.1" 200 27
222.70.180.114 - - [01/May/2022:12:10:51 +0800] "GET /xingrg/all/function/internal_message.html?_=1651378247698&CODE_STATE=getMsg HTTP/1.1" 200 27
222.70.180.114 - - [01/May/2022:12:10:51 +0800] "GET /xingrg/check_reg.html?_=1651378247701 HTTP/1.1" 200 22
58.40.7.146 - - [01/May/2022:12:10:53 +0800] "GET /xingrg/all/function/internal_message.html?_=1651378254105&CODE_STATE=getMsg HTTP/1.1" 200 27
222.70.180.114 - - [01/May/2022:12:10:55 +0800] "POST /xingrg/kc/mdqp/pssh_list_operate.html HTTP/1.1" 200 366
222.70.180.114 - - [01/May/2022:12:10:55 +0800] "GET /xingrg/javascript/jquery_tools/jquery-1.4.2.min.js HTTP/1.1" 404 1094
222.70.180.114 - - [01/May/2022:12:10:55 +0800] "GET /xingrg/kc/mdqp/pssh_order_info.html?code=312022043000278 HTTP/1.1" 200 17266
222.70.180.114 - - [01/May/2022:12:10:55 +0800] "POST /xingrg/kc/mdqp/pssh_order_operate.html HTTP/1.1" 200 1061
222.70.180.114 - - [01/May/2022:12:10:55 +0800] "GET /xingrg/javascript/easyui/themes/default/validatebox.css HTTP/1.1" 404 1104
101.85.120.86 - - [01/May/2022:12:10:55 +0800] "GET /xingrg/all/function/internal_message.html?_=1651378254231&CODE_STATE=getMsg HTTP/1.1" 200 27
58.39.201.47 - - [01/May/2022:12:10:58 +0800] "GET /xingrg/all/function/internal_message.html?_=1651378259662&CODE_STATE=getMsg HTTP/1.1" 200 27
58.39.201.47 - - [01/May/2022:12:10:58 +0800] "GET /xingrg/check_reg.html?_=1651378259664 HTTP/1.1" 200 22
116.230.110.173 - - [01/May/2022:12:11:12 +0800] "GET /xingrg/all/function/internal_message.html?_=1651378272333&CODE_STATE=getMsg HTTP/1.1" 200 27
180.157.251.97 - - [01/May/2022:12:11:13 +0800] "GET /xingrg/all/function/internal_message.html?_=1651377953725&CODE_STATE=getMsg HTTP/1.1" 200 27
222.70.180.114 - - [01/May/2022:12:11:14 +0800] "POST /xingrg/all/common/load_combo.html?type=employee HTTP/1.1" 200 277
116.235.92.88 - - [01/May/2022:12:11:19 +0800] "GET /xingrg/all/function/internal_message.html?_=1651378449382&CODE_STATE=getMsg HTTP/1.1" 200 27
222.70.180.114 - - [01/May/2022:12:11:20 +0800] "POST /xingrg/kc/mdqp/pssh_order_operate.html HTTP/1.1" 200 37
222.70.180.114 - - [01/May/2022:12:11:22 +0800] "POST /xingrg/kc/mdqp/pssh_order_operate.html HTTP/1.1" 200 1070
222.70.180.114 - - [01/May/2022:12:11:27 +0800] "GET /xingrg/kc/print/load_data.html?order_code=312022043000278&kc_code=pssh&condition= HTTP/1.1" 200 788
58.39.61.91 - - [01/May/2022:12:11:45 +0800] "GET /xingrg/check_reg.html?_=1651378214098 HTTP/1.1" 200 22
222.70.180.114 - - [01/May/2022:12:11:46 +0800] "POST /xingrg/kc/mdqp/pssh_list_operate.html HTTP/1.1" 200 266
222.70.180.114 - - [01/May/2022:12:11:46 +0800] "GET /xingrg/kc/mdqp/pssh_order_info.html?code=312022043000262 HTTP/1.1" 200 17266
222.70.180.114 - - [01/May/2022:12:11:46 +0800] "GET /xingrg/javascript/jquery_tools/jquery-1.4.2.min.js HTTP/1.1" 404 1094
58.39.61.91 - - [01/May/2022:12:11:47 +0800] "GET /xingrg/all/function/internal_message.html?_=1651378216005&CODE_STATE=getMsg HTTP/1.1" 200 27
222.70.180.114 - - [01/May/2022:12:11:47 +0800] "POST /xingrg/kc/mdqp/pssh_order_operate.html HTTP/1.1" 200 537
222.70.180.114 - - [01/May/2022:12:11:47 +0800] "GET /xingrg/javascript/easyui/themes/default/validatebox.css HTTP/1.1" 404 1104
222.70.180.114 - - [01/May/2022:12:11:50 +0800] "POST /xingrg/kc/mdqp/pssh_list_operate.html HTTP/1.1" 200 814
222.70.180.114 - - [01/May/2022:12:11:51 +0800] "GET /xingrg/all/function/internal_message.html?_=1651378307697&CODE_STATE=getMsg HTTP/1.1" 200 27
222.70.180.114 - - [01/May/2022:12:11:53 +0800] "GET /xingrg/kc/mdqp/pssh_order_list.html HTTP/1.1" 200 17740
222.70.180.114 - - [01/May/2022:12:11:53 +0800] "POST /xingrg/kc/mdqp/pssh_list_operate.html HTTP/1.1" 200 5406
58.40.7.146 - - [01/May/2022:12:11:53 +0800] "GET /xingrg/all/function/internal_message.html?_=1651378314077&CODE_STATE=getMsg HTTP/1.1" 200 27
222.70.180.114 - - [01/May/2022:12:11:55 +0800] "POST /xingrg/kc/mdqp/pssh_list_operate.html HTTP/1.1" 200 266
101.85.120.86 - - [01/May/2022:12:11:55 +0800] "GET /xingrg/all/function/internal_message.html?_=1651378314239&CODE_STATE=getMsg HTTP/1.1" 200 27
222.70.180.114 - - [01/May/2022:12:11:56 +0800] "GET /xingrg/kc/mdqp/pssh_order_info.html?code=312022043000262 HTTP/1.1" 200 17266
222.70.180.114 - - [01/May/2022:12:11:56 +0800] "GET /xingrg/javascript/jquery_tools/jquery-1.4.2.min.js HTTP/1.1" 404 1094
222.70.180.114 - - [01/May/2022:12:11:56 +0800] "POST /xingrg/kc/mdqp/pssh_order_operate.html HTTP/1.1" 200 537
222.70.180.114 - - [01/May/2022:12:11:56 +0800] "GET /xingrg/javascript/easyui/themes/default/validatebox.css HTTP/1.1" 404 1104
58.39.201.47 - - [01/May/2022:12:11:58 +0800] "GET /xingrg/all/function/internal_message.html?_=1651378319610&CODE_STATE=getMsg HTTP/1.1" 200 27
222.70.180.114 - - [01/May/2022:12:12:05 +0800] "POST /xingrg/all/common/load_combo.html?type=employee HTTP/1.1" 200 277
222.70.180.114 - - [01/May/2022:12:12:10 +0800] "POST /xingrg/kc/mdqp/pssh_order_operate.html HTTP/1.1" 200 37
222.70.180.114 - - [01/May/2022:12:12:11 +0800] "POST /xingrg/kc/mdqp/pssh_order_operate.html HTTP/1.1" 200 537
116.230.110.173 - - [01/May/2022:12:12:12 +0800] "GET /xingrg/all/function/internal_message.html?_=1651378332348&CODE_STATE=getMsg HTTP/1.1" 200 27
180.157.251.97 - - [01/May/2022:12:12:13 +0800] "GET /xingrg/all/function/internal_message.html?_=1651378013693&CODE_STATE=getMsg HTTP/1.1" 200 27
222.70.180.114 - - [01/May/2022:12:12:14 +0800] "GET /xingrg/kc/print/load_data.html?order_code=312022043000262&kc_code=pssh&condition= HTTP/1.1" 200 606
116.235.92.88 - - [01/May/2022:12:12:19 +0800] "GET /xingrg/all/function/internal_message.html?_=1651378509360&CODE_STATE=getMsg HTTP/1.1" 200 27
222.70.180.114 - - [01/May/2022:12:12:29 +0800] "POST /xingrg/kc/mdqp/pssh_list_operate.html HTTP/1.1" 200 814
222.70.180.114 - - [01/May/2022:12:12:32 +0800] "GET /xingrg/kc/mdqp/pssh_order_list.html HTTP/1.1" 200 17740
222.70.180.114 - - [01/May/2022:12:12:33 +0800] "POST /xingrg/kc/mdqp/pssh_list_operate.html HTTP/1.1" 200 5426
117.143.50.163 - - [01/May/2022:12:12:39 +0800] "GET /xingrg/check_reg.html?_=1651378359278 HTTP/1.1" 302 -
180.157.251.97 - - [01/May/2022:12:12:44 +0800] "POST /xingrg/kc/buy/cgsh_order_operate.html HTTP/1.1" 200 37
222.70.180.114 - - [01/May/2022:12:12:45 +0800] "POST /xingrg/kc/mdqp/pssh_list_operate.html HTTP/1.1" 200 774
222.70.180.114 - - [01/May/2022:12:12:45 +0800] "POST /xingrg/kc/mdqp/pssh_list_operate.html HTTP/1.1" 200 262
180.157.251.97 - - [01/May/2022:12:12:46 +0800] "POST /xingrg/kc/buy/cgsh_order_operate.html HTTP/1.1" 200 3289
222.70.180.114 - - [01/May/2022:12:12:46 +0800] "POST /xingrg/kc/mdqp/pssh_list_operate.html HTTP/1.1" 200 266
58.39.61.91 - - [01/May/2022:12:12:47 +0800] "GET /xingrg/all/function/internal_message.html?_=1651378276019&CODE_STATE=getMsg HTTP/1.1" 200 27
222.70.180.114 - - [01/May/2022:12:12:47 +0800] "POST /xingrg/kc/mdqp/pssh_list_operate.html HTTP/1.1" 200 366
116.235.92.88 - - [01/May/2022:12:12:49 +0800] "GET /xingrg/check_reg.html?_=1651378538868 HTTP/1.1" 200 22
222.70.180.114 - - [01/May/2022:12:12:51 +0800] "GET /xingrg/all/function/internal_message.html?_=1651378367705&CODE_STATE=getMsg HTTP/1.1" 200 27
58.40.7.146 - - [01/May/2022:12:12:53 +0800] "GET /xingrg/all/function/internal_message.html?_=1651378374063&CODE_STATE=getMsg HTTP/1.1" 200 27
222.70.180.114 - - [01/May/2022:12:12:53 +0800] "GET /xingrg/kc/mdqp/pssh_order_info.html?code=312022043000255 HTTP/1.1" 200 17310
222.70.180.114 - - [01/May/2022:12:12:53 +0800] "GET /xingrg/javascript/jquery_tools/jquery-1.4.2.min.js HTTP/1.1" 404 1094
222.70.180.114 - - [01/May/2022:12:12:54 +0800] "POST /xingrg/kc/mdqp/pssh_order_operate.html HTTP/1.1" 200 4153
222.70.180.114 - - [01/May/2022:12:12:54 +0800] "GET /xingrg/javascript/easyui/themes/default/validatebox.css HTTP/1.1" 404 1104
101.85.120.86 - - [01/May/2022:12:12:56 +0800] "GET /xingrg/all/function/internal_message.html?_=1651378374240&CODE_STATE=getMsg HTTP/1.1" 200 27
58.39.201.47 - - [01/May/2022:12:12:58 +0800] "GET /xingrg/all/function/internal_message.html?_=1651378379622&CODE_STATE=getMsg HTTP/1.1" 200 27
116.230.110.173 - - [01/May/2022:12:13:12 +0800] "GET /xingrg/all/function/internal_message.html?_=1651378392341&CODE_STATE=getMsg HTTP/1.1" 200 27
180.157.251.97 - - [01/May/2022:12:13:13 +0800] "GET /xingrg/all/function/internal_message.html?_=1651378073684&CODE_STATE=getMsg HTTP/1.1" 200 27
180.157.251.97 - - [01/May/2022:12:13:14 +0800] "GET /xingrg/check_reg.html?_=1651378073873 HTTP/1.1" 200 22
116.235.92.88 - - [01/May/2022:12:13:19 +0800] "GET /xingrg/all/function/internal_message.html?_=1651378569357&CODE_STATE=getMsg HTTP/1.1" 200 27
58.40.7.146 - - [01/May/2022:12:13:43 +0800] "GET /xingrg/check_reg.html?_=1651378423377 HTTP/1.1" 200 22
58.39.61.91 - - [01/May/2022:12:13:47 +0800] "GET /xingrg/all/function/internal_message.html?_=1651378336032&CODE_STATE=getMsg HTTP/1.1" 200 27
222.70.180.114 - - [01/May/2022:12:13:51 +0800] "GET /xingrg/all/function/internal_message.html?_=1651378427712&CODE_STATE=getMsg HTTP/1.1" 200 27
58.40.7.146 - - [01/May/2022:12:13:53 +0800] "GET /xingrg/all/function/internal_message.html?_=1651378434035&CODE_STATE=getMsg HTTP/1.1" 200 27
101.85.120.86 - - [01/May/2022:12:13:55 +0800] "GET /xingrg/check_reg.html?_=1651378434231 HTTP/1.1" 200 22
101.85.120.86 - - [01/May/2022:12:13:56 +0800] "GET /xingrg/all/function/internal_message.html?_=1651378434234&CODE_STATE=getMsg HTTP/1.1" 200 27
58.39.201.47 - - [01/May/2022:12:13:58 +0800] "GET /xingrg/all/function/internal_message.html?_=1651378439623&CODE_STATE=getMsg HTTP/1.1" 200 27
116.230.110.173 - - [01/May/2022:12:14:12 +0800] "GET /xingrg/all/function/internal_message.html?_=1651378452341&CODE_STATE=getMsg HTTP/1.1" 200 27
180.157.251.97 - - [01/May/2022:12:14:13 +0800] "GET /xingrg/all/function/internal_message.html?_=1651378133643&CODE_STATE=getMsg HTTP/1.1" 200 27
222.70.180.114 - - [01/May/2022:12:14:13 +0800] "GET /xingrg/kc/mdqp/pssh_order_list.html HTTP/1.1" 200 17740
114.88.156.203 - - [01/May/2022:12:14:14 +0800] "POST /xingrg/services/DataTransmitService HTTP/1.1" 200 524
222.70.180.114 - - [01/May/2022:12:14:14 +0800] "POST /xingrg/kc/mdqp/pssh_list_operate.html HTTP/1.1" 200 5426
222.70.180.114 - - [01/May/2022:12:14:19 +0800] "POST /xingrg/kc/mdqp/pssh_list_operate.html HTTP/1.1" 200 774
116.235.92.88 - - [01/May/2022:12:14:19 +0800] "GET /xingrg/all/function/internal_message.html?_=1651378629339&CODE_STATE=getMsg HTTP/1.1" 200 27
222.70.180.114 - - [01/May/2022:12:14:21 +0800] "POST /xingrg/kc/mdqp/pssh_list_operate.html HTTP/1.1" 200 262
222.70.180.114 - - [01/May/2022:12:14:21 +0800] "POST /xingrg/kc/mdqp/pssh_list_operate.html HTTP/1.1" 200 266
222.70.180.114 - - [01/May/2022:12:14:23 +0800] "POST /xingrg/kc/mdqp/pssh_list_operate.html HTTP/1.1" 200 366
58.39.61.91 - - [01/May/2022:12:14:47 +0800] "GET /xingrg/all/function/internal_message.html?_=1651378396051&CODE_STATE=getMsg HTTP/1.1" 200 27
222.70.180.114 - - [01/May/2022:12:14:49 +0800] "GET /xingrg/kc/mdqp/pssh_order_info.html?code=312022043000278 HTTP/1.1" 200 17310
222.70.180.114 - - [01/May/2022:12:14:49 +0800] "GET /xingrg/javascript/jquery_tools/jquery-1.4.2.min.js HTTP/1.1" 404 1094
222.70.180.114 - - [01/May/2022:12:14:49 +0800] "POST /xingrg/kc/mdqp/pssh_order_operate.html HTTP/1.1" 200 1070
222.70.180.114 - - [01/May/2022:12:14:49 +0800] "GET /xingrg/javascript/easyui/themes/default/validatebox.css HTTP/1.1" 404 1104
222.70.180.114 - - [01/May/2022:12:14:51 +0800] "GET /xingrg/all/function/internal_message.html?_=1651378487704&CODE_STATE=getMsg HTTP/1.1" 200 27
58.40.7.146 - - [01/May/2022:12:14:53 +0800] "GET /xingrg/all/function/internal_message.html?_=1651378494020&CODE_STATE=getMsg HTTP/1.1" 200 27
101.85.120.86 - - [01/May/2022:12:14:56 +0800] "GET /xingrg/all/function/internal_message.html?_=1651378494260&CODE_STATE=getMsg HTTP/1.1" 200 27
58.39.201.47 - - [01/May/2022:12:14:58 +0800] "GET /xingrg/all/function/internal_message.html?_=1651378499609&CODE_STATE=getMsg HTTP/1.1" 200 27
116.230.110.173 - - [01/May/2022:12:15:12 +0800] "GET /xingrg/all/function/internal_message.html?_=1651378512339&CODE_STATE=getMsg HTTP/1.1" 200 27
116.230.110.173 - - [01/May/2022:12:15:12 +0800] "GET /xingrg/check_reg.html?_=1651378512344 HTTP/1.1" 200 22
180.157.251.97 - - [01/May/2022:12:15:13 +0800] "GET /xingrg/all/function/internal_message.html?_=1651378193615&CODE_STATE=getMsg HTTP/1.1" 200 27
116.235.92.88 - - [01/May/2022:12:15:19 +0800] "GET /xingrg/all/function/internal_message.html?_=1651378689308&CODE_STATE=getMsg HTTP/1.1" 200 27
58.39.61.91 - - [01/May/2022:12:15:47 +0800] "GET /xingrg/all/function/internal_message.html?_=1651378456060&CODE_STATE=getMsg HTTP/1.1" 200 27
222.70.180.114 - - [01/May/2022:12:15:51 +0800] "GET /xingrg/all/function/internal_message.html?_=1651378547705&CODE_STATE=getMsg HTTP/1.1" 200 27
222.70.180.114 - - [01/May/2022:12:15:51 +0800] "GET /xingrg/check_reg.html?_=1651378547712 HTTP/1.1" 200 22
58.40.7.146 - - [01/May/2022:12:15:53 +0800] "GET /xingrg/all/function/internal_message.html?_=1651378554008&CODE_STATE=getMsg HTTP/1.1" 200 27
101.85.120.86 - - [01/May/2022:12:15:56 +0800] "GET /xingrg/all/function/internal_message.html?_=1651378554270&CODE_STATE=getMsg HTTP/1.1" 200 27
58.39.201.47 - - [01/May/2022:12:15:58 +0800] "GET /xingrg/all/function/internal_message.html?_=1651378559608&CODE_STATE=getMsg HTTP/1.1" 200 27
58.39.201.47 - - [01/May/2022:12:15:58 +0800] "GET /xingrg/check_reg.html?_=1651378559640 HTTP/1.1" 200 22
116.230.110.173 - - [01/May/2022:12:16:12 +0800] "GET /xingrg/all/function/internal_message.html?_=1651378572339&CODE_STATE=getMsg HTTP/1.1" 200 27
180.157.251.97 - - [01/May/2022:12:16:13 +0800] "GET /xingrg/all/function/internal_message.html?_=1651378253610&CODE_STATE=getMsg HTTP/1.1" 200 27
101.85.120.86 - - [01/May/2022:12:16:18 +0800] "GET /xingrg/javascript/jquery_easy_ui/themes/default/images/tabs_active.png HTTP/1.1" 304 -
116.235.92.88 - - [01/May/2022:12:16:19 +0800] "GET /xingrg/all/function/internal_message.html?_=1651378749290&CODE_STATE=getMsg HTTP/1.1" 200 27
101.85.120.86 - - [01/May/2022:12:16:21 +0800] "GET /xingrg/kc/base/yddb_order_list.html HTTP/1.1" 200 16713
101.85.120.86 - - [01/May/2022:12:16:22 +0800] "GET /xingrg/javascript/easyui/themes/default/easyui.css HTTP/1.1" 304 -
101.85.120.86 - - [01/May/2022:12:16:22 +0800] "GET /xingrg/javascript/jquery_tools/table.css HTTP/1.1" 304 -
101.85.120.86 - - [01/May/2022:12:16:22 +0800] "GET /xingrg/javascript/jquery_tools/jquery.tools.table.js HTTP/1.1" 304 -
101.85.120.86 - - [01/May/2022:12:16:22 +0800] "GET /xingrg/javascript/easyui/themes/icons/edit_add_new.png HTTP/1.1" 304 -
101.85.120.86 - - [01/May/2022:12:16:22 +0800] "POST /xingrg/kc/base/yddb_list_operate.html HTTP/1.1" 200 1345
101.85.120.86 - - [01/May/2022:12:16:32 +0800] "POST /xingrg/kc/base/yddb_list_operate.html HTTP/1.1" 200 204
101.85.120.86 - - [01/May/2022:12:16:32 +0800] "GET /xingrg/kc/base/yddb_order_info.html?code=482022040700001 HTTP/1.1" 200 30539
101.85.120.86 - - [01/May/2022:12:16:32 +0800] "GET /xingrg/dwr/interface/AjaxYddbService.js HTTP/1.1" 200 13201
101.85.120.86 - - [01/May/2022:12:16:32 +0800] "GET /xingrg/javascript/checkform.js HTTP/1.1" 200 18351
101.85.120.86 - - [01/May/2022:12:16:32 +0800] "GET /xingrg/dwr/interface/AjaxComOrderService.js HTTP/1.1" 200 18264
101.85.120.86 - - [01/May/2022:12:16:32 +0800] "GET /xingrg/javascript/AjaxInfoList.js HTTP/1.1" 200 3774
101.85.120.86 - - [01/May/2022:12:16:32 +0800] "GET /xingrg/javascript/Grid.js HTTP/1.1" 200 58908
101.85.120.86 - - [01/May/2022:12:16:32 +0800] "GET /xingrg/javascript/ToolTips.js HTTP/1.1" 200 5615
101.85.120.86 - - [01/May/2022:12:16:32 +0800] "GET /xingrg/dwr/util.js HTTP/1.1" 200 35990
101.85.120.86 - - [01/May/2022:12:16:32 +0800] "GET /xingrg/javascript/Calendar.js HTTP/1.1" 200 31561
101.85.120.86 - - [01/May/2022:12:16:32 +0800] "GET /xingrg/dwr/engine.js HTTP/1.1" 200 43631
101.85.120.86 - - [01/May/2022:12:16:32 +0800] "GET /xingrg/javascript/jquery_easy_ui/themes/default/images/menu_downarrow.png HTTP/1.1" 200 173
101.85.120.86 - - [01/May/2022:12:16:32 +0800] "GET /xingrg/javascript/jquery_easy_ui/themes/icons/print.png HTTP/1.1" 200 1057
101.85.120.86 - - [01/May/2022:12:16:32 +0800] "GET /xingrg/javascript/jquery_easy_ui/themes/icons/edit_add_new.png HTTP/1.1" 200 2997
101.85.120.86 - - [01/May/2022:12:16:32 +0800] "GET /xingrg/javascript/jquery_easy_ui/themes/icons/check_new.png HTTP/1.1" 200 3224
101.85.120.86 - - [01/May/2022:12:16:33 +0800] "GET /xingrg/javascript/jquery_easy_ui/themes/icons/cance_new.png HTTP/1.1" 200 3986
101.85.120.86 - - [01/May/2022:12:16:33 +0800] "GET /xingrg/images/blue/button/kc_tab_add.gif HTTP/1.1" 200 375
101.85.120.86 - - [01/May/2022:12:16:33 +0800] "GET /xingrg/images/blue/button/kc_tab_save.gif HTTP/1.1" 200 777
101.85.120.86 - - [01/May/2022:12:16:33 +0800] "GET /xingrg/images/blue/button/kc_tab_edit.gif HTTP/1.1" 200 551
101.85.120.86 - - [01/May/2022:12:16:33 +0800] "GET /xingrg/images/blue/button/kc_tab_del.gif HTTP/1.1" 200 383
101.85.120.86 - - [01/May/2022:12:16:33 +0800] "GET /xingrg/images/blue/wait.gif HTTP/1.1" 200 1100
101.85.120.86 - - [01/May/2022:12:16:33 +0800] "GET /xingrg/images/blue/kc_tab_right.gif HTTP/1.1" 200 643
101.85.120.86 - - [01/May/2022:12:16:33 +0800] "GET /xingrg/images/blue/kc_tab_mid.gif HTTP/1.1" 200 44
101.85.120.86 - - [01/May/2022:12:16:33 +0800] "GET /xingrg/images/blue/kc_tab2_left.gif HTTP/1.1" 200 625
101.85.120.86 - - [01/May/2022:12:16:33 +0800] "GET /xingrg/images/blue/kc_tab2_right.gif HTTP/1.1" 200 192
101.85.120.86 - - [01/May/2022:12:16:33 +0800] "GET /xingrg/images/blue/kc_tab_left.gif HTTP/1.1" 200 188
101.85.120.86 - - [01/May/2022:12:16:33 +0800] "POST /xingrg/dwr/call/plaincall/AjaxYddbService.loadMaterielItems.dwr HTTP/1.1" 200 428
222.70.180.114 - - [01/May/2022:12:16:42 +0800] "POST /xingrg/kc/mdqp/pssh_list_operate.html HTTP/1.1" 200 814
222.70.180.114 - - [01/May/2022:12:16:43 +0800] "POST /xingrg/kc/mdqp/pssh_list_operate.html HTTP/1.1" 200 814
222.70.180.114 - - [01/May/2022:12:16:44 +0800] "POST /xingrg/kc/mdqp/pssh_list_operate.html HTTP/1.1" 200 814
58.39.61.91 - - [01/May/2022:12:16:45 +0800] "GET /xingrg/check_reg.html?_=1651378514105 HTTP/1.1" 200 22
101.85.120.86 - - [01/May/2022:12:16:45 +0800] "GET /xingrg/javascript/jquery_easy_ui/themes/default/images/button_plain_hover.png HTTP/1.1" 200 252
222.70.180.114 - - [01/May/2022:12:16:46 +0800] "GET /xingrg/kc/mdqp/pssh_order_list.html HTTP/1.1" 200 17740
222.70.180.114 - - [01/May/2022:12:16:46 +0800] "POST /xingrg/kc/mdqp/pssh_list_operate.html HTTP/1.1" 200 5426
58.39.61.91 - - [01/May/2022:12:16:47 +0800] "GET /xingrg/all/function/internal_message.html?_=1651378516074&CODE_STATE=getMsg HTTP/1.1" 200 27
101.85.120.86 - - [01/May/2022:12:16:48 +0800] "POST /xingrg/dwr/call/plaincall/AjaxYddbService.deleteOrder.dwr HTTP/1.1" 200 78
101.85.120.86 - - [01/May/2022:12:16:49 +0800] "GET /xingrg/kc/base/yddb_order_list.html HTTP/1.1" 200 16713
101.85.120.86 - - [01/May/2022:12:16:49 +0800] "POST /xingrg/kc/base/yddb_list_operate.html HTTP/1.1" 200 636
222.70.180.114 - - [01/May/2022:12:16:51 +0800] "GET /xingrg/all/function/internal_message.html?_=1651378607720&CODE_STATE=getMsg HTTP/1.1" 200 27
58.40.7.146 - - [01/May/2022:12:16:53 +0800] "GET /xingrg/all/function/internal_message.html?_=1651378613994&CODE_STATE=getMsg HTTP/1.1" 200 27
101.85.120.86 - - [01/May/2022:12:16:56 +0800] "GET /xingrg/all/function/internal_message.html?_=1651378614260&CODE_STATE=getMsg HTTP/1.1" 200 27
58.39.201.47 - - [01/May/2022:12:16:58 +0800] "GET /xingrg/all/function/internal_message.html?_=1651378619635&CODE_STATE=getMsg HTTP/1.1" 200 27
222.70.180.114 - - [01/May/2022:12:17:01 +0800] "POST /xingrg/kc/mdqp/pssh_list_operate.html HTTP/1.1" 200 774
222.70.180.114 - - [01/May/2022:12:17:01 +0800] "GET /xingrg/kc/mdqp/pssh_order_info.html?code=312022043000255 HTTP/1.1" 200 17310
222.70.180.114 - - [01/May/2022:12:17:01 +0800] "GET /xingrg/javascript/jquery_tools/jquery-1.4.2.min.js HTTP/1.1" 404 1094
222.70.180.114 - - [01/May/2022:12:17:01 +0800] "POST /xingrg/kc/mdqp/pssh_order_operate.html HTTP/1.1" 200 4153
222.70.180.114 - - [01/May/2022:12:17:02 +0800] "GET /xingrg/javascript/easyui/themes/default/validatebox.css HTTP/1.1" 404 1104
101.85.120.86 - - [01/May/2022:12:17:02 +0800] "GET /xingrg/kc/base/wldb_order_list.html HTTP/1.1" 200 19107
101.85.120.86 - - [01/May/2022:12:17:02 +0800] "GET /xingrg/javascript/easyui/themes/icons/check_new.png HTTP/1.1" 304 -
101.85.120.86 - - [01/May/2022:12:17:02 +0800] "GET /xingrg/javascript/easyui/themes/icons/cance_new.png HTTP/1.1" 304 -
101.85.120.86 - - [01/May/2022:12:17:02 +0800] "POST /xingrg/kc/base/wldb_list_operate.html HTTP/1.1" 200 928
101.85.120.86 - - [01/May/2022:12:17:03 +0800] "GET /xingrg/javascript/easyui/themes/default/images/button_plain_hover.png HTTP/1.1" 304 -
101.85.120.86 - - [01/May/2022:12:17:04 +0800] "GET /xingrg/kc/base/wldb_order_add.html HTTP/1.1" 200 30325
101.85.120.86 - - [01/May/2022:12:17:04 +0800] "GET /xingrg/javascript/jquery_tools/order_manager.js HTTP/1.1" 304 -
101.85.120.86 - - [01/May/2022:12:17:04 +0800] "GET /xingrg/javascript/print/kc_print.js HTTP/1.1" 304 -
101.85.120.86 - - [01/May/2022:12:17:04 +0800] "GET /xingrg/words/20220430190607_words.js HTTP/1.1" 200 892482
101.85.120.86 - - [01/May/2022:12:17:04 +0800] "GET /xingrg/javascript/easyui/themes/icons/template_new.png HTTP/1.1" 304 -
101.85.120.86 - - [01/May/2022:12:17:04 +0800] "GET /xingrg/javascript/easyui/themes/icons/ok.png HTTP/1.1" 304 -
101.85.120.86 - - [01/May/2022:12:17:04 +0800] "GET /xingrg/javascript/easyui/themes/icons/print.png HTTP/1.1" 304 -
101.85.120.86 - - [01/May/2022:12:17:04 +0800] "GET /xingrg/javascript/easyui/themes/icons/cancel.png HTTP/1.1" 304 -
101.85.120.86 - - [01/May/2022:12:17:04 +0800] "GET /xingrg/javascript/easyui/themes/default/images/menu_downarrow.png HTTP/1.1" 304 -
101.85.120.86 - - [01/May/2022:12:17:04 +0800] "POST /xingrg/kc/base/wldb_order_operate.html HTTP/1.1" 200 6806
101.85.120.86 - - [01/May/2022:12:17:05 +0800] "GET /xingrg/javascript/easyui/themes/default/validatebox.css HTTP/1.1" 404 1104
101.85.120.86 - - [01/May/2022:12:17:05 +0800] "GET /xingrg/javascript/easyui/plugins/jquery.validatebox.js HTTP/1.1" 304 -
101.85.120.86 - - [01/May/2022:12:17:05 +0800] "GET /xingrg/javascript/easyui/plugins/jquery.numberbox.js HTTP/1.1" 304 -
101.85.120.86 - - [01/May/2022:12:17:05 +0800] "GET /xingrg/javascript/easyui/themes/icons/edit_remove.png HTTP/1.1" 304 -
101.85.120.86 - - [01/May/2022:12:17:06 +0800] "GET /xingrg/javascript/auto/indicator.gif HTTP/1.1" 404 1066
222.70.180.114 - - [01/May/2022:12:17:10 +0800] "POST /xingrg/kc/mdqp/pssh_order_operate.html HTTP/1.1" 200 37
222.70.180.114 - - [01/May/2022:12:17:11 +0800] "POST /xingrg/kc/mdqp/pssh_order_operate.html HTTP/1.1" 200 12
116.230.110.173 - - [01/May/2022:12:17:12 +0800] "GET /xingrg/all/function/internal_message.html?_=1651378632339&CODE_STATE=getMsg HTTP/1.1" 200 27
180.157.251.97 - - [01/May/2022:12:17:13 +0800] "GET /xingrg/all/function/internal_message.html?_=1651378313590&CODE_STATE=getMsg HTTP/1.1" 200 27
222.70.180.114 - - [01/May/2022:12:17:14 +0800] "GET /xingrg/kc/mdqp/pssh_order_info.html?code=312022043000255 HTTP/1.1" 200 14386
222.70.180.114 - - [01/May/2022:12:17:14 +0800] "GET /xingrg/javascript/jquery_tools/jquery-1.4.2.min.js HTTP/1.1" 404 1094
222.70.180.114 - - [01/May/2022:12:17:14 +0800] "POST /xingrg/kc/mdqp/pssh_order_operate.html HTTP/1.1" 200 4153
222.70.180.114 - - [01/May/2022:12:17:14 +0800] "GET /xingrg/javascript/easyui/themes/default/validatebox.css HTTP/1.1" 404 1104
116.235.92.88 - - [01/May/2022:12:17:19 +0800] "GET /xingrg/all/function/internal_message.html?_=1651378809265&CODE_STATE=getMsg HTTP/1.1" 200 27
101.85.120.86 - - [01/May/2022:12:17:22 +0800] "GET /xingrg/kc/base/wldb_order_operate.html?command=get_materiel&rest_code=00142&base_code=0010185&code=00101006204 HTTP/1.1" 200 445
222.70.180.114 - - [01/May/2022:12:17:25 +0800] "POST /xingrg/kc/mdqp/pssh_list_operate.html HTTP/1.1" 200 814
222.70.180.114 - - [01/May/2022:12:17:28 +0800] "GET /xingrg/kc/mdqp/pssh_order_list.html HTTP/1.1" 200 17740
222.70.180.114 - - [01/May/2022:12:17:28 +0800] "POST /xingrg/kc/mdqp/pssh_list_operate.html HTTP/1.1" 200 5442
222.70.180.114 - - [01/May/2022:12:17:33 +0800] "POST /xingrg/kc/mdqp/pssh_list_operate.html HTTP/1.1" 200 262
222.70.180.114 - - [01/May/2022:12:17:33 +0800] "GET /xingrg/kc/mdqp/pssh_order_info.html?code=312022043000257 HTTP/1.1" 200 17310
222.70.180.114 - - [01/May/2022:12:17:33 +0800] "GET /xingrg/javascript/jquery_tools/jquery-1.4.2.min.js HTTP/1.1" 404 1094
222.70.180.114 - - [01/May/2022:12:17:34 +0800] "POST /xingrg/kc/mdqp/pssh_order_operate.html HTTP/1.1" 200 538
222.70.180.114 - - [01/May/2022:12:17:34 +0800] "GET /xingrg/javascript/easyui/themes/default/validatebox.css HTTP/1.1" 404 1104
101.85.120.86 - - [01/May/2022:12:17:34 +0800] "GET /xingrg/kc/base/yddb_order_list.html HTTP/1.1" 200 16713
101.85.120.86 - - [01/May/2022:12:17:34 +0800] "POST /xingrg/kc/base/yddb_list_operate.html HTTP/1.1" 200 636
101.85.120.86 - - [01/May/2022:12:17:36 +0800] "GET /xingrg/kc/base/yddb_order_add.html HTTP/1.1" 200 29839
101.85.120.86 - - [01/May/2022:12:17:36 +0800] "GET /xingrg/dwr/interface/AjaxComOrderService.js HTTP/1.1" 200 18264
101.85.120.86 - - [01/May/2022:12:17:36 +0800] "GET /xingrg/dwr/interface/AjaxYddbService.js HTTP/1.1" 200 13201
101.85.120.86 - - [01/May/2022:12:17:36 +0800] "GET /xingrg/dwr/engine.js HTTP/1.1" 200 43631
222.70.180.114 - - [01/May/2022:12:17:38 +0800] "POST /xingrg/kc/mdqp/pssh_order_operate.html HTTP/1.1" 200 37
117.143.50.163 - - [01/May/2022:12:17:39 +0800] "GET /xingrg/check_reg.html?_=1651378659260 HTTP/1.1" 302 -
222.70.180.114 - - [01/May/2022:12:17:39 +0800] "POST /xingrg/kc/mdqp/pssh_order_operate.html HTTP/1.1" 200 12
101.85.120.86 - - [01/May/2022:12:17:40 +0800] "POST /xingrg/dwr/call/plaincall/AjaxYddbService.getRestBases.dwr HTTP/1.1" 200 464
222.70.180.114 - - [01/May/2022:12:17:40 +0800] "GET /xingrg/kc/mdqp/pssh_order_info.html?code=312022043000257 HTTP/1.1" 200 14386
222.70.180.114 - - [01/May/2022:12:17:40 +0800] "GET /xingrg/javascript/jquery_tools/jquery-1.4.2.min.js HTTP/1.1" 404 1094
222.70.180.114 - - [01/May/2022:12:17:41 +0800] "POST /xingrg/kc/mdqp/pssh_order_operate.html HTTP/1.1" 200 538
222.70.180.114 - - [01/May/2022:12:17:41 +0800] "GET /xingrg/javascript/easyui/themes/default/validatebox.css HTTP/1.1" 404 1104
222.70.180.114 - - [01/May/2022:12:17:46 +0800] "GET /xingrg/kc/mdqp/pssh_order_list.html HTTP/1.1" 200 17740
222.70.180.114 - - [01/May/2022:12:17:46 +0800] "POST /xingrg/kc/mdqp/pssh_list_operate.html HTTP/1.1" 200 5458
58.39.61.91 - - [01/May/2022:12:17:47 +0800] "GET /xingrg/all/function/internal_message.html?_=1651378576087&CODE_STATE=getMsg HTTP/1.1" 200 27
116.235.92.88 - - [01/May/2022:12:17:49 +0800] "GET /xingrg/check_reg.html?_=1651378838902 HTTP/1.1" 200 22
222.70.180.114 - - [01/May/2022:12:17:49 +0800] "POST /xingrg/kc/mdqp/pssh_list_operate.html HTTP/1.1" 200 266
222.70.180.114 - - [01/May/2022:12:17:49 +0800] "GET /xingrg/kc/mdqp/pssh_order_info.html?code=312022043000262 HTTP/1.1" 200 17310
222.70.180.114 - - [01/May/2022:12:17:49 +0800] "GET /xingrg/javascript/jquery_tools/jquery-1.4.2.min.js HTTP/1.1" 404 1094
222.70.180.114 - - [01/May/2022:12:17:50 +0800] "POST /xingrg/kc/mdqp/pssh_order_operate.html HTTP/1.1" 200 537
222.70.180.114 - - [01/May/2022:12:17:50 +0800] "GET /xingrg/javascript/easyui/themes/default/validatebox.css HTTP/1.1" 404 1104
222.70.180.114 - - [01/May/2022:12:17:51 +0800] "GET /xingrg/all/function/internal_message.html?_=1651378667711&CODE_STATE=getMsg HTTP/1.1" 200 27
58.40.7.146 - - [01/May/2022:12:17:53 +0800] "GET /xingrg/all/function/internal_message.html?_=1651378673978&CODE_STATE=getMsg HTTP/1.1" 200 27
222.70.180.114 - - [01/May/2022:12:17:54 +0800] "POST /xingrg/kc/mdqp/pssh_order_operate.html HTTP/1.1" 200 37
222.70.180.114 - - [01/May/2022:12:17:55 +0800] "POST /xingrg/kc/mdqp/pssh_order_operate.html HTTP/1.1" 200 12
101.85.120.86 - - [01/May/2022:12:17:56 +0800] "GET /xingrg/all/function/internal_message.html?_=1651378674265&CODE_STATE=getMsg HTTP/1.1" 200 27
222.70.180.114 - - [01/May/2022:12:17:56 +0800] "GET /xingrg/kc/mdqp/pssh_order_info.html?code=312022043000262 HTTP/1.1" 200 14386
222.70.180.114 - - [01/May/2022:12:17:57 +0800] "GET /xingrg/javascript/jquery_tools/jquery-1.4.2.min.js HTTP/1.1" 404 1094
222.70.180.114 - - [01/May/2022:12:17:57 +0800] "POST /xingrg/kc/mdqp/pssh_order_operate.html HTTP/1.1" 200 537
222.70.180.114 - - [01/May/2022:12:17:57 +0800] "GET /xingrg/javascript/easyui/themes/default/validatebox.css HTTP/1.1" 404 1104
58.39.201.47 - - [01/May/2022:12:17:58 +0800] "GET /xingrg/all/function/internal_message.html?_=1651378679635&CODE_STATE=getMsg HTTP/1.1" 200 27
101.85.120.86 - - [01/May/2022:12:17:58 +0800] "POST /xingrg/dwr/call/plaincall/AjaxYddbService.saveOrder.dwr HTTP/1.1" 200 78
222.70.180.114 - - [01/May/2022:12:17:59 +0800] "GET /xingrg/kc/mdqp/pssh_order_list.html HTTP/1.1" 200 17740
222.70.180.114 - - [01/May/2022:12:17:59 +0800] "POST /xingrg/kc/mdqp/pssh_list_operate.html HTTP/1.1" 200 5474
101.85.120.86 - - [01/May/2022:12:17:59 +0800] "GET /xingrg/images/yd/bt.gif HTTP/1.1" 404 1040
222.70.180.114 - - [01/May/2022:12:18:02 +0800] "POST /xingrg/kc/mdqp/pssh_list_operate.html HTTP/1.1" 200 366
222.70.180.114 - - [01/May/2022:12:18:02 +0800] "GET /xingrg/kc/mdqp/pssh_order_info.html?code=312022043000278 HTTP/1.1" 200 17310
222.70.180.114 - - [01/May/2022:12:18:02 +0800] "GET /xingrg/javascript/jquery_tools/jquery-1.4.2.min.js HTTP/1.1" 404 1094
222.70.180.114 - - [01/May/2022:12:18:02 +0800] "POST /xingrg/kc/mdqp/pssh_order_operate.html HTTP/1.1" 200 1070
222.70.180.114 - - [01/May/2022:12:18:02 +0800] "GET /xingrg/javascript/easyui/themes/default/validatebox.css HTTP/1.1" 404 1104
222.70.180.114 - - [01/May/2022:12:18:07 +0800] "POST /xingrg/kc/mdqp/pssh_order_operate.html HTTP/1.1" 200 37
222.70.180.114 - - [01/May/2022:12:18:07 +0800] "POST /xingrg/kc/mdqp/pssh_order_operate.html HTTP/1.1" 200 12
222.70.180.114 - - [01/May/2022:12:18:08 +0800] "GET /xingrg/kc/mdqp/pssh_order_info.html?code=312022043000278 HTTP/1.1" 200 14386
222.70.180.114 - - [01/May/2022:12:18:09 +0800] "GET /xingrg/javascript/jquery_tools/jquery-1.4.2.min.js HTTP/1.1" 404 1094
222.70.180.114 - - [01/May/2022:12:18:09 +0800] "POST /xingrg/kc/mdqp/pssh_order_operate.html HTTP/1.1" 200 1070
