116.230.110.173 - - [01/May/2022:14:15:12 +0800] "GET /xingrg/all/function/internal_message.html?_=1651385712348&CODE_STATE=getMsg HTTP/1.1" 200 27
116.230.110.173 - - [01/May/2022:14:15:12 +0800] "GET /xingrg/check_reg.html?_=1651385712352 HTTP/1.1" 200 22
222.70.180.114 - - [01/May/2022:14:15:14 +0800] "GET /xingrg/all/function/internal_message.html?_=1651385710752&CODE_STATE=getMsg HTTP/1.1" 200 27
116.235.92.88 - - [01/May/2022:14:15:16 +0800] "GET /xingrg/all/function/internal_message.html?_=1651385886379&CODE_STATE=getMsg HTTP/1.1" 200 27
183.193.169.12 - - [01/May/2022:14:15:18 +0800] "POST /xingrg/kc/buy/cgsh_order_operate.html HTTP/1.1" 200 37
61.170.233.128 - - [01/May/2022:14:15:19 +0800] "GET /xingrg/all/function/internal_message.html?_=1651385720607&CODE_STATE=getMsg HTTP/1.1" 200 27
183.193.169.12 - - [01/May/2022:14:15:20 +0800] "POST /xingrg/kc/buy/cgsh_order_operate.html HTTP/1.1" 200 14129
58.39.61.91 - - [01/May/2022:14:15:21 +0800] "GET /xingrg/all/function/internal_message.html?_=1651385630685&CODE_STATE=getMsg HTTP/1.1" 200 27
183.193.169.12 - - [01/May/2022:14:15:28 +0800] "GET /xingrg/all/function/internal_message.html?_=1651385728873&CODE_STATE=getMsg HTTP/1.1" 200 27
183.193.169.12 - - [01/May/2022:14:15:30 +0800] "POST /xingrg/kc/buy/cgsh_list_operate.html HTTP/1.1" 200 3519
183.193.169.12 - - [01/May/2022:14:15:34 +0800] "GET /xingrg/words/20220501141453_words.js HTTP/1.1" 200 892815
183.193.169.12 - - [01/May/2022:14:15:34 +0800] "GET /xingrg/kc/buy/cgsh_order_add.html HTTP/1.1" 200 66009
183.193.169.12 - - [01/May/2022:14:15:34 +0800] "POST /xingrg/kc/buy/cgsh_order_operate.html HTTP/1.1" 200 8245
183.193.169.12 - - [01/May/2022:14:15:34 +0800] "GET /xingrg/javascript/easyui/themes/default/validatebox.css HTTP/1.1" 404 1104
183.193.169.12 - - [01/May/2022:14:15:34 +0800] "GET /xingrg/all/common/auto_word.html?type=employee&rest_code=00101 HTTP/1.1" 200 977
183.193.169.12 - - [01/May/2022:14:15:34 +0800] "GET /xingrg/all/common/auto_word.html?type=employee&rest_code=00101 HTTP/1.1" 200 977
117.143.50.163 - - [01/May/2022:14:15:36 +0800] "GET /xingrg/all/function/internal_message.html?_=1651385736596&CODE_STATE=getMsg HTTP/1.1" 200 27
183.193.169.12 - - [01/May/2022:14:15:41 +0800] "GET /xingrg/javascript/auto/indicator.gif HTTP/1.1" 404 1066
116.228.172.94 - - [01/May/2022:14:15:45 +0800] "GET /xingrg/all/function/internal_message.html?_=1651385740856&CODE_STATE=getMsg HTTP/1.1" 200 27
183.193.169.12 - - [01/May/2022:14:15:47 +0800] "GET /xingrg/javascript/jquery_tools/images/next.gif HTTP/1.1" 404 1086
183.193.169.12 - - [01/May/2022:14:15:47 +0800] "GET /xingrg/javascript/jquery_tools/images/prev.gif HTTP/1.1" 404 1086
58.40.7.146 - - [01/May/2022:14:15:51 +0800] "GET /xingrg/all/function/internal_message.html?_=1651385751459&CODE_STATE=getMsg HTTP/1.1" 200 27
101.85.120.86 - - [01/May/2022:14:15:53 +0800] "GET /xingrg/all/function/internal_message.html?_=1651385751983&CODE_STATE=getMsg HTTP/1.1" 200 27
180.169.147.146 - - [01/May/2022:14:15:54 +0800] "GET /xingrg/all/function/internal_message.html?_=1651385754971&CODE_STATE=getMsg HTTP/1.1" 302 -
183.193.169.12 - - [01/May/2022:14:15:55 +0800] "POST /xingrg/all/common/load_combo.html?type=employee HTTP/1.1" 200 1752
58.39.201.47 - - [01/May/2022:14:15:58 +0800] "GET /xingrg/check_reg.html?_=1651385759848 HTTP/1.1" 200 22
58.39.201.47 - - [01/May/2022:14:15:58 +0800] "GET /xingrg/all/function/internal_message.html?_=1651385759851&CODE_STATE=getMsg HTTP/1.1" 200 27
183.193.169.12 - - [01/May/2022:14:16:00 +0800] "POST /xingrg/all/common/load_combo.html?type=employee HTTP/1.1" 200 1752
61.170.233.128 - - [01/May/2022:14:16:00 +0800] "GET /xingrg/login.html?r=1 HTTP/1.1" 200 7641
61.170.233.128 - - [01/May/2022:14:16:00 +0800] "GET /favicon.ico HTTP/1.1" 404 -
180.157.251.97 - - [01/May/2022:14:16:01 +0800] "GET /xingrg/all/function/internal_message.html?_=1651385440959&CODE_STATE=getMsg HTTP/1.1" 200 27
183.193.169.12 - - [01/May/2022:14:16:10 +0800] "GET /xingrg/kc/buy/cgsh_order_operate.html?command=get_materiel&rest_code=00101&code=00101008141&supplier_code=00100007&order_time=2022-04-09 HTTP/1.1" 200 412
116.230.110.173 - - [01/May/2022:14:16:12 +0800] "GET /xingrg/all/function/internal_message.html?_=1651385772343&CODE_STATE=getMsg HTTP/1.1" 200 27
222.70.180.114 - - [01/May/2022:14:16:14 +0800] "GET /xingrg/all/function/internal_message.html?_=1651385770752&CODE_STATE=getMsg HTTP/1.1" 200 27
61.170.233.128 - - [01/May/2022:14:16:14 +0800] "GET /xingrg/login.html?r=1 HTTP/1.1" 200 7641
61.170.233.128 - - [01/May/2022:14:16:15 +0800] "GET /favicon.ico HTTP/1.1" 404 -
116.235.92.88 - - [01/May/2022:14:16:16 +0800] "GET /xingrg/all/function/internal_message.html?_=1651385946359&CODE_STATE=getMsg HTTP/1.1" 200 27
61.170.233.128 - - [01/May/2022:14:16:17 +0800] "POST /xingrg/login.do HTTP/1.1" 302 -
61.170.233.128 - - [01/May/2022:14:16:17 +0800] "GET /xingrg/index.html?sysBaseUrl=http%3A%2F%2F180.169.147.146%3A18081%2Fxingrg%2F&costTime=39×tamp=1651385777043 HTTP/1.1" 200 17173
61.170.233.128 - - [01/May/2022:14:16:17 +0800] "GET /favicon.ico HTTP/1.1" 404 -
61.170.233.128 - - [01/May/2022:14:16:17 +0800] "POST /xingrg/all/common/load_tree.html?tree=area_rest_tree_json&manage=1 HTTP/1.1" 200 342
61.170.233.128 - - [01/May/2022:14:16:17 +0800] "GET /xingrg/all/function/internal_message.html?_=1651385778163&CODE_STATE=count HTTP/1.1" 200 11
61.170.233.128 - - [01/May/2022:14:16:17 +0800] "POST /xingrg/load_menu.html HTTP/1.1" 200 5138
61.170.233.128 - - [01/May/2022:14:16:17 +0800] "GET /xingrg/check_reg.html?_=1651385778164 HTTP/1.1" 200 22
61.170.233.128 - - [01/May/2022:14:16:18 +0800] "GET /xingrg/kc/buy/buy_main.html HTTP/1.1" 200 12412
61.170.233.128 - - [01/May/2022:14:16:18 +0800] "GET /xingrg/css/new_ie.css HTTP/1.1" 404 1036
61.170.233.128 - - [01/May/2022:14:16:19 +0800] "GET /xingrg/images/yd/bt.gif HTTP/1.1" 404 1040
61.170.233.128 - - [01/May/2022:14:16:20 +0800] "GET /xingrg/kc/buy/cgsh_order_list.html HTTP/1.1" 200 51169
58.39.61.91 - - [01/May/2022:14:16:21 +0800] "GET /xingrg/all/function/internal_message.html?_=1651385690720&CODE_STATE=getMsg HTTP/1.1" 200 27
61.170.233.128 - - [01/May/2022:14:16:22 +0800] "POST /xingrg/kc/buy/cgsh_list_operate.html HTTP/1.1" 200 1701
61.170.233.128 - - [01/May/2022:14:16:24 +0800] "GET /xingrg/kc/buy/cgsh_order_add.html HTTP/1.1" 200 66986
61.170.233.128 - - [01/May/2022:14:16:24 +0800] "GET /xingrg/words/20220501141453_words.js HTTP/1.1" 200 892815
61.170.233.128 - - [01/May/2022:14:16:25 +0800] "POST /xingrg/kc/buy/cgsh_order_operate.html HTTP/1.1" 200 8245
61.170.233.128 - - [01/May/2022:14:16:25 +0800] "GET /xingrg/all/common/auto_word.html?type=employee&rest_code=00106 HTTP/1.1" 200 205
61.170.233.128 - - [01/May/2022:14:16:25 +0800] "GET /xingrg/javascript/easyui/themes/default/validatebox.css HTTP/1.1" 404 1104
61.170.233.128 - - [01/May/2022:14:16:25 +0800] "GET /xingrg/all/common/auto_word.html?type=employee&rest_code=00106 HTTP/1.1" 200 205
61.170.233.128 - - [01/May/2022:14:16:26 +0800] "GET /xingrg/javascript/easyui/themes/default/tree.css HTTP/1.1" 404 1090
61.170.233.128 - - [01/May/2022:14:16:26 +0800] "POST /xingrg/all/common/load_tree.html?tree=supplier_tree_json&isDelete=1 HTTP/1.1" 200 64958
183.193.169.12 - - [01/May/2022:14:16:28 +0800] "GET /xingrg/all/function/internal_message.html?_=1651385788891&CODE_STATE=getMsg HTTP/1.1" 200 27
183.193.169.12 - - [01/May/2022:14:16:28 +0800] "GET /xingrg/check_reg.html?_=1651385788891 HTTP/1.1" 200 22
183.193.169.12 - - [01/May/2022:14:16:33 +0800] "GET /xingrg/kc/buy/cgsh_order_operate.html?command=get_materiel&rest_code=00101&code=00101008261&supplier_code=00100007&order_time=2022-04-09 HTTP/1.1" 200 408
61.170.233.128 - - [01/May/2022:14:16:34 +0800] "GET /xingrg/javascript/jquery_tools/images/prev.gif HTTP/1.1" 404 1086
61.170.233.128 - - [01/May/2022:14:16:34 +0800] "GET /xingrg/javascript/jquery_tools/images/next.gif HTTP/1.1" 404 1086
117.143.50.163 - - [01/May/2022:14:16:36 +0800] "GET /xingrg/all/function/internal_message.html?_=1651385796592&CODE_STATE=getMsg HTTP/1.1" 200 27
116.228.172.94 - - [01/May/2022:14:16:45 +0800] "GET /xingrg/check_reg.html?_=1651385800856 HTTP/1.1" 200 22
116.228.172.94 - - [01/May/2022:14:16:45 +0800] "GET /xingrg/all/function/internal_message.html?_=1651385800860&CODE_STATE=getMsg HTTP/1.1" 200 27
183.193.169.12 - - [01/May/2022:14:16:50 +0800] "GET /xingrg/kc/buy/cgsh_order_operate.html?command=get_materiel&rest_code=00101&code=00101008005&supplier_code=00100007&order_time=2022-04-09 HTTP/1.1" 200 412
58.40.7.146 - - [01/May/2022:14:16:51 +0800] "GET /xingrg/all/function/internal_message.html?_=1651385811444&CODE_STATE=getMsg HTTP/1.1" 200 27
101.85.120.86 - - [01/May/2022:14:16:53 +0800] "GET /xingrg/all/function/internal_message.html?_=1651385811974&CODE_STATE=getMsg HTTP/1.1" 200 27
180.169.147.146 - - [01/May/2022:14:16:54 +0800] "GET /xingrg/all/function/internal_message.html?_=1651385814968&CODE_STATE=getMsg HTTP/1.1" 302 -
180.169.147.146 - - [01/May/2022:14:16:54 +0800] "GET /xingrg/check_reg.html?_=1651385814971 HTTP/1.1" 302 -
58.39.201.47 - - [01/May/2022:14:16:58 +0800] "GET /xingrg/all/function/internal_message.html?_=1651385819850&CODE_STATE=getMsg HTTP/1.1" 200 27
180.157.251.97 - - [01/May/2022:14:17:01 +0800] "GET /xingrg/all/function/internal_message.html?_=1651385500951&CODE_STATE=getMsg HTTP/1.1" 200 27
61.170.233.128 - - [01/May/2022:14:17:02 +0800] "GET /xingrg/javascript/auto/indicator.gif HTTP/1.1" 404 1066
183.193.169.12 - - [01/May/2022:14:17:04 +0800] "GET /xingrg/kc/buy/cgsh_order_operate.html?command=get_materiel&rest_code=00101&code=00101008521&supplier_code=00100007&order_time=2022-04-09 HTTP/1.1" 200 409
61.170.233.128 - - [01/May/2022:14:17:11 +0800] "GET /xingrg/kc/buy/cgsh_order_operate.html?command=get_materiel&rest_code=00106&code=00101006312&supplier_code=00100151&order_time=2022-04-30 HTTP/1.1" 200 400
116.230.110.173 - - [01/May/2022:14:17:12 +0800] "GET /xingrg/all/function/internal_message.html?_=1651385832341&CODE_STATE=getMsg HTTP/1.1" 200 27
222.70.180.114 - - [01/May/2022:14:17:14 +0800] "GET /xingrg/all/function/internal_message.html?_=1651385830754&CODE_STATE=getMsg HTTP/1.1" 200 27
116.235.92.88 - - [01/May/2022:14:17:16 +0800] "GET /xingrg/all/function/internal_message.html?_=1651386006334&CODE_STATE=getMsg HTTP/1.1" 200 27
61.170.233.128 - - [01/May/2022:14:17:17 +0800] "GET /xingrg/all/function/internal_message.html?_=1651385838180&CODE_STATE=getMsg HTTP/1.1" 200 27
183.193.169.12 - - [01/May/2022:14:17:19 +0800] "GET /xingrg/kc/buy/cgsh_order_operate.html?command=get_materiel&rest_code=00101&code=00101008300&supplier_code=00100007&order_time=2022-04-09 HTTP/1.1" 200 412
58.39.61.91 - - [01/May/2022:14:17:21 +0800] "GET /xingrg/all/function/internal_message.html?_=1651385750729&CODE_STATE=getMsg HTTP/1.1" 200 27
183.193.169.12 - - [01/May/2022:14:17:28 +0800] "GET /xingrg/all/function/internal_message.html?_=1651385848882&CODE_STATE=getMsg HTTP/1.1" 200 27
183.193.169.12 - - [01/May/2022:14:17:31 +0800] "GET /xingrg/kc/buy/cgsh_order_operate.html?command=get_materiel&rest_code=00101&code=00101008087&supplier_code=00100007&order_time=2022-04-09 HTTP/1.1" 200 412
117.143.50.163 - - [01/May/2022:14:17:36 +0800] "GET /xingrg/all/function/internal_message.html?_=1651385856580&CODE_STATE=getMsg HTTP/1.1" 200 27
61.170.233.128 - - [01/May/2022:14:17:39 +0800] "GET /xingrg/kc/buy/cgsh_order_operate.html?command=get_materiel&rest_code=00106&code=00101006313&supplier_code=00100151&order_time=2022-04-30 HTTP/1.1" 200 400
180.157.251.97 - - [01/May/2022:14:17:43 +0800] "GET /xingrg/kc/buy/cgsh_order_list.html HTTP/1.1" 200 51424
183.193.169.12 - - [01/May/2022:14:17:44 +0800] "GET /xingrg/kc/buy/cgsh_order_operate.html?command=get_materiel&rest_code=00101&code=00101008077&supplier_code=00100007&order_time=2022-04-09 HTTP/1.1" 200 416
116.228.172.94 - - [01/May/2022:14:17:45 +0800] "GET /xingrg/all/function/internal_message.html?_=1651385860859&CODE_STATE=getMsg HTTP/1.1" 200 27
116.235.92.88 - - [01/May/2022:14:17:49 +0800] "GET /xingrg/check_reg.html?_=1651386039002 HTTP/1.1" 200 22
58.40.7.146 - - [01/May/2022:14:17:51 +0800] "GET /xingrg/all/function/internal_message.html?_=1651385871429&CODE_STATE=getMsg HTTP/1.1" 200 27
180.157.251.97 - - [01/May/2022:14:17:51 +0800] "POST /xingrg/kc/buy/cgsh_list_operate.html HTTP/1.1" 200 3519
101.85.120.86 - - [01/May/2022:14:17:53 +0800] "GET /xingrg/all/function/internal_message.html?_=1651385871954&CODE_STATE=getMsg HTTP/1.1" 200 27
180.169.147.146 - - [01/May/2022:14:17:54 +0800] "GET /xingrg/all/function/internal_message.html?_=1651385874974&CODE_STATE=getMsg HTTP/1.1" 302 -
183.193.169.12 - - [01/May/2022:14:17:57 +0800] "GET /xingrg/kc/buy/cgsh_order_operate.html?command=get_materiel&rest_code=00101&code=00101008271&supplier_code=00100007&order_time=2022-04-09 HTTP/1.1" 200 408
58.39.201.47 - - [01/May/2022:14:17:58 +0800] "GET /xingrg/all/function/internal_message.html?_=1651385879850&CODE_STATE=getMsg HTTP/1.1" 200 27
180.157.251.97 - - [01/May/2022:14:18:01 +0800] "GET /xingrg/all/function/internal_message.html?_=1651385560983&CODE_STATE=getMsg HTTP/1.1" 200 27
180.157.251.97 - - [01/May/2022:14:18:01 +0800] "GET /xingrg/check_reg.html?_=1651385560985 HTTP/1.1" 200 22
116.230.110.173 - - [01/May/2022:14:18:12 +0800] "GET /xingrg/all/function/internal_message.html?_=1651385892341&CODE_STATE=getMsg HTTP/1.1" 200 27
222.70.180.114 - - [01/May/2022:14:18:14 +0800] "GET /xingrg/all/function/internal_message.html?_=1651385890753&CODE_STATE=getMsg HTTP/1.1" 200 27
116.235.92.88 - - [01/May/2022:14:18:16 +0800] "GET /xingrg/all/function/internal_message.html?_=1651386066316&CODE_STATE=getMsg HTTP/1.1" 200 27
61.170.233.128 - - [01/May/2022:14:18:17 +0800] "GET /xingrg/all/function/internal_message.html?_=1651385898174&CODE_STATE=getMsg HTTP/1.1" 200 27
61.170.233.128 - - [01/May/2022:14:18:19 +0800] "GET /xingrg/kc/buy/cgsh_order_operate.html?command=get_materiel&rest_code=00106&code=00101019587&supplier_code=00100151&order_time=2022-04-30 HTTP/1.1" 200 417
58.39.61.91 - - [01/May/2022:14:18:21 +0800] "GET /xingrg/check_reg.html?_=1651385809870 HTTP/1.1" 200 22
58.39.61.91 - - [01/May/2022:14:18:21 +0800] "GET /xingrg/all/function/internal_message.html?_=1651385810743&CODE_STATE=getMsg HTTP/1.1" 200 27
183.193.169.12 - - [01/May/2022:14:18:28 +0800] "GET /xingrg/all/function/internal_message.html?_=1651385908878&CODE_STATE=getMsg HTTP/1.1" 200 27
61.170.233.128 - - [01/May/2022:14:18:32 +0800] "GET /xingrg/kc/buy/cgsh_order_operate.html?command=get_materiel&rest_code=00106&code=00101006144&supplier_code=00100151&order_time=2022-04-30 HTTP/1.1" 200 409
117.143.50.163 - - [01/May/2022:14:18:36 +0800] "GET /xingrg/all/function/internal_message.html?_=1651385916585&CODE_STATE=getMsg HTTP/1.1" 200 27
183.193.169.12 - - [01/May/2022:14:18:42 +0800] "POST /xingrg/kc/buy/cgsh_order_operate.html HTTP/1.1" 200 37
58.40.7.146 - - [01/May/2022:14:18:43 +0800] "GET /xingrg/check_reg.html?_=1651385923432 HTTP/1.1" 200 22
116.228.172.94 - - [01/May/2022:14:18:45 +0800] "GET /xingrg/all/function/internal_message.html?_=1651385920856&CODE_STATE=getMsg HTTP/1.1" 200 27
58.40.7.146 - - [01/May/2022:14:18:51 +0800] "GET /xingrg/all/function/internal_message.html?_=1651385931401&CODE_STATE=getMsg HTTP/1.1" 200 27
101.85.120.86 - - [01/May/2022:14:18:53 +0800] "GET /xingrg/all/function/internal_message.html?_=1651385931956&CODE_STATE=getMsg HTTP/1.1" 200 27
180.169.147.146 - - [01/May/2022:14:18:54 +0800] "GET /xingrg/all/function/internal_message.html?_=1651385934990&CODE_STATE=getMsg HTTP/1.1" 302 -
101.85.120.86 - - [01/May/2022:14:18:56 +0800] "GET /xingrg/check_reg.html?_=1651385934482 HTTP/1.1" 200 22
58.39.201.47 - - [01/May/2022:14:18:58 +0800] "GET /xingrg/all/function/internal_message.html?_=1651385939850&CODE_STATE=getMsg HTTP/1.1" 200 27
180.157.251.97 - - [01/May/2022:14:19:01 +0800] "GET /xingrg/all/function/internal_message.html?_=1651385620964&CODE_STATE=getMsg HTTP/1.1" 200 27
61.170.233.128 - - [01/May/2022:14:19:01 +0800] "GET /xingrg/kc/buy/cgsh_order_operate.html?command=get_materiel&rest_code=00106&code=00101010839&supplier_code=00100151&order_time=2022-04-30 HTTP/1.1" 200 397
58.39.61.91 - - [01/May/2022:14:19:09 +0800] "POST /xingrg/services/DataTransmitService HTTP/1.1" 200 524
116.230.110.173 - - [01/May/2022:14:19:12 +0800] "GET /xingrg/all/function/internal_message.html?_=1651385952357&CODE_STATE=getMsg HTTP/1.1" 200 27
222.70.180.114 - - [01/May/2022:14:19:14 +0800] "GET /xingrg/check_reg.html?_=1651385950752 HTTP/1.1" 200 22
222.70.180.114 - - [01/May/2022:14:19:14 +0800] "GET /xingrg/all/function/internal_message.html?_=1651385950754&CODE_STATE=getMsg HTTP/1.1" 200 27
116.235.92.88 - - [01/May/2022:14:19:16 +0800] "GET /xingrg/all/function/internal_message.html?_=1651386126297&CODE_STATE=getMsg HTTP/1.1" 200 27
61.170.233.128 - - [01/May/2022:14:19:17 +0800] "GET /xingrg/all/function/internal_message.html?_=1651385958186&CODE_STATE=getMsg HTTP/1.1" 200 27
183.193.169.12 - - [01/May/2022:14:19:20 +0800] "POST /xingrg/kc/buy/cgsh_order_operate.html HTTP/1.1" 200 6892
58.39.61.91 - - [01/May/2022:14:19:21 +0800] "GET /xingrg/all/function/internal_message.html?_=1651385870756&CODE_STATE=getMsg HTTP/1.1" 200 27
61.170.233.128 - - [01/May/2022:14:19:24 +0800] "GET /xingrg/kc/buy/cgsh_order_operate.html?command=get_materiel&rest_code=00106&code=00101006314&supplier_code=00100151&order_time=2022-04-30 HTTP/1.1" 200 402
183.193.169.12 - - [01/May/2022:14:19:28 +0800] "GET /xingrg/all/function/internal_message.html?_=1651385968882&CODE_STATE=getMsg HTTP/1.1" 200 27
183.193.169.12 - - [01/May/2022:14:19:31 +0800] "POST /xingrg/kc/buy/cgsh_list_operate.html HTTP/1.1" 200 3882
183.193.169.12 - - [01/May/2022:14:19:33 +0800] "GET /xingrg/words/20220501141453_words.js HTTP/1.1" 304 -
183.193.169.12 - - [01/May/2022:14:19:33 +0800] "GET /xingrg/kc/buy/cgsh_order_add.html HTTP/1.1" 200 66009
183.193.169.12 - - [01/May/2022:14:19:34 +0800] "POST /xingrg/kc/buy/cgsh_order_operate.html HTTP/1.1" 200 8245
183.193.169.12 - - [01/May/2022:14:19:34 +0800] "GET /xingrg/all/common/auto_word.html?type=employee&rest_code=00101 HTTP/1.1" 200 977
183.193.169.12 - - [01/May/2022:14:19:34 +0800] "GET /xingrg/javascript/easyui/themes/default/validatebox.css HTTP/1.1" 404 1104
183.193.169.12 - - [01/May/2022:14:19:34 +0800] "GET /xingrg/all/common/auto_word.html?type=employee&rest_code=00101 HTTP/1.1" 200 977
117.143.50.163 - - [01/May/2022:14:19:36 +0800] "GET /xingrg/check_reg.html?_=1651385976585 HTTP/1.1" 200 22
117.143.50.163 - - [01/May/2022:14:19:36 +0800] "GET /xingrg/all/function/internal_message.html?_=1651385976590&CODE_STATE=getMsg HTTP/1.1" 200 27
116.228.172.94 - - [01/May/2022:14:19:45 +0800] "GET /xingrg/all/function/internal_message.html?_=1651385980852&CODE_STATE=getMsg HTTP/1.1" 200 27
183.193.169.12 - - [01/May/2022:14:19:47 +0800] "GET /xingrg/javascript/jquery_tools/images/prev.gif HTTP/1.1" 404 1086
183.193.169.12 - - [01/May/2022:14:19:47 +0800] "GET /xingrg/javascript/jquery_tools/images/next.gif HTTP/1.1" 404 1086
61.170.233.128 - - [01/May/2022:14:19:49 +0800] "GET /xingrg/kc/buy/cgsh_order_operate.html?command=get_materiel&rest_code=00106&code=00101010838&supplier_code=00100151&order_time=2022-04-30 HTTP/1.1" 200 401
58.40.7.146 - - [01/May/2022:14:19:51 +0800] "GET /xingrg/all/function/internal_message.html?_=1651385991386&CODE_STATE=getMsg HTTP/1.1" 200 27
101.85.120.86 - - [01/May/2022:14:19:53 +0800] "GET /xingrg/all/function/internal_message.html?_=1651385991932&CODE_STATE=getMsg HTTP/1.1" 200 27
180.169.147.146 - - [01/May/2022:14:19:54 +0800] "GET /xingrg/all/function/internal_message.html?_=1651385994966&CODE_STATE=getMsg HTTP/1.1" 302 -
58.39.201.47 - - [01/May/2022:14:19:58 +0800] "GET /xingrg/all/function/internal_message.html?_=1651385999851&CODE_STATE=getMsg HTTP/1.1" 200 27
180.157.251.97 - - [01/May/2022:14:20:00 +0800] "GET /xingrg/kc/buy/cgsh_order_add.html HTTP/1.1" 200 66009
180.157.251.97 - - [01/May/2022:14:20:00 +0800] "GET /xingrg/words/20220501141453_words.js HTTP/1.1" 200 892815
180.157.251.97 - - [01/May/2022:14:20:01 +0800] "POST /xingrg/kc/buy/cgsh_order_operate.html HTTP/1.1" 200 8245
180.157.251.97 - - [01/May/2022:14:20:01 +0800] "GET /xingrg/javascript/easyui/themes/default/validatebox.css HTTP/1.1" 404 1104
180.157.251.97 - - [01/May/2022:14:20:01 +0800] "GET /xingrg/all/function/internal_message.html?_=1651385681014&CODE_STATE=getMsg HTTP/1.1" 200 27
183.193.169.12 - - [01/May/2022:14:20:05 +0800] "POST /xingrg/all/common/load_combo.html?type=employee HTTP/1.1" 200 1752
183.193.169.12 - - [01/May/2022:14:20:08 +0800] "POST /xingrg/all/common/load_combo.html?type=employee HTTP/1.1" 200 1752
116.230.110.173 - - [01/May/2022:14:20:12 +0800] "GET /xingrg/check_reg.html?_=1651386012350 HTTP/1.1" 200 22
116.230.110.173 - - [01/May/2022:14:20:12 +0800] "GET /xingrg/all/function/internal_message.html?_=1651386012352&CODE_STATE=getMsg HTTP/1.1" 200 27
61.170.233.128 - - [01/May/2022:14:20:14 +0800] "GET /xingrg/kc/buy/cgsh_order_operate.html?command=get_materiel&rest_code=00106&code=00101006315&supplier_code=00100151&order_time=2022-04-30 HTTP/1.1" 200 391
222.70.180.114 - - [01/May/2022:14:20:14 +0800] "GET /xingrg/all/function/internal_message.html?_=1651386010753&CODE_STATE=getMsg HTTP/1.1" 200 27
116.235.92.88 - - [01/May/2022:14:20:16 +0800] "GET /xingrg/all/function/internal_message.html?_=1651386186273&CODE_STATE=getMsg HTTP/1.1" 200 27
61.170.233.128 - - [01/May/2022:14:20:17 +0800] "GET /xingrg/all/function/internal_message.html?_=1651386018167&CODE_STATE=getMsg HTTP/1.1" 200 27
180.157.251.97 - - [01/May/2022:14:20:21 +0800] "POST /xingrg/kc/buy/cgsh_list_operate.html HTTP/1.1" 200 3882
58.39.61.91 - - [01/May/2022:14:20:21 +0800] "GET /xingrg/all/function/internal_message.html?_=1651385930769&CODE_STATE=getMsg HTTP/1.1" 200 27
183.193.169.12 - - [01/May/2022:14:20:22 +0800] "GET /xingrg/kc/buy/cgsh_order_operate.html?command=get_materiel&rest_code=00101&code=00101008199&supplier_code=00100007&order_time=2022-04-12 HTTP/1.1" 200 408
180.157.251.97 - - [01/May/2022:14:20:26 +0800] "GET /xingrg/kc/buy/cgsh_order_add.html HTTP/1.1" 200 66009
180.157.251.97 - - [01/May/2022:14:20:26 +0800] "POST /xingrg/kc/buy/cgsh_order_operate.html HTTP/1.1" 200 8245
180.157.251.97 - - [01/May/2022:14:20:26 +0800] "GET /xingrg/javascript/easyui/themes/default/validatebox.css HTTP/1.1" 404 1104
183.193.169.12 - - [01/May/2022:14:20:28 +0800] "GET /xingrg/all/function/internal_message.html?_=1651386028883&CODE_STATE=getMsg HTTP/1.1" 200 27
117.143.50.163 - - [01/May/2022:14:20:36 +0800] "GET /xingrg/all/function/internal_message.html?_=1651386036607&CODE_STATE=getMsg HTTP/1.1" 200 27
116.228.172.94 - - [01/May/2022:14:20:45 +0800] "GET /xingrg/all/function/internal_message.html?_=1651386040854&CODE_STATE=getMsg HTTP/1.1" 200 27
183.193.169.12 - - [01/May/2022:14:20:47 +0800] "GET /xingrg/kc/buy/cgsh_order_operate.html?command=get_materiel&rest_code=00101&code=00101008458&supplier_code=00100007&order_time=2022-04-12 HTTP/1.1" 200 409
58.40.7.146 - - [01/May/2022:14:20:51 +0800] "GET /xingrg/all/function/internal_message.html?_=1651386051360&CODE_STATE=getMsg HTTP/1.1" 200 27
101.85.120.86 - - [01/May/2022:14:20:53 +0800] "GET /xingrg/all/function/internal_message.html?_=1651386051913&CODE_STATE=getMsg HTTP/1.1" 200 27
180.169.147.146 - - [01/May/2022:14:20:54 +0800] "GET /xingrg/all/function/internal_message.html?_=1651386054977&CODE_STATE=getMsg HTTP/1.1" 302 -
58.39.201.47 - - [01/May/2022:14:20:58 +0800] "GET /xingrg/check_reg.html?_=1651386059851 HTTP/1.1" 200 22
58.39.201.47 - - [01/May/2022:14:20:58 +0800] "GET /xingrg/all/function/internal_message.html?_=1651386059854&CODE_STATE=getMsg HTTP/1.1" 200 27
180.157.251.97 - - [01/May/2022:14:21:01 +0800] "GET /xingrg/all/function/internal_message.html?_=1651385740999&CODE_STATE=getMsg HTTP/1.1" 200 27
183.193.169.12 - - [01/May/2022:14:21:11 +0800] "GET /xingrg/kc/buy/cgsh_order_operate.html?command=get_materiel&rest_code=00101&code=00101008152&supplier_code=00100007&order_time=2022-04-12 HTTP/1.1" 200 409
116.230.110.173 - - [01/May/2022:14:21:12 +0800] "GET /xingrg/all/function/internal_message.html?_=1651386072339&CODE_STATE=getMsg HTTP/1.1" 200 27
222.70.180.114 - - [01/May/2022:14:21:14 +0800] "GET /xingrg/all/function/internal_message.html?_=1651386070752&CODE_STATE=getMsg HTTP/1.1" 200 27
116.235.92.88 - - [01/May/2022:14:21:16 +0800] "GET /xingrg/all/function/internal_message.html?_=1651386246246&CODE_STATE=getMsg HTTP/1.1" 200 27
61.170.233.128 - - [01/May/2022:14:21:17 +0800] "GET /xingrg/check_reg.html?_=1651386078176 HTTP/1.1" 200 22
61.170.233.128 - - [01/May/2022:14:21:17 +0800] "GET /xingrg/all/function/internal_message.html?_=1651386078179&CODE_STATE=getMsg HTTP/1.1" 200 27
58.39.61.91 - - [01/May/2022:14:21:21 +0800] "GET /xingrg/all/function/internal_message.html?_=1651385990801&CODE_STATE=getMsg HTTP/1.1" 200 27
183.193.169.12 - - [01/May/2022:14:21:28 +0800] "GET /xingrg/all/function/internal_message.html?_=1651386088887&CODE_STATE=getMsg HTTP/1.1" 200 27
183.193.169.12 - - [01/May/2022:14:21:28 +0800] "GET /xingrg/check_reg.html?_=1651386088889 HTTP/1.1" 200 22
183.193.169.12 - - [01/May/2022:14:21:32 +0800] "GET /xingrg/kc/buy/cgsh_order_operate.html?command=get_materiel&rest_code=00101&code=00101008264&supplier_code=00100007&order_time=2022-04-12 HTTP/1.1" 200 412
117.143.50.163 - - [01/May/2022:14:21:36 +0800] "GET /xingrg/all/function/internal_message.html?_=1651386096608&CODE_STATE=getMsg HTTP/1.1" 200 27
183.193.169.12 - - [01/May/2022:14:21:36 +0800] "GET /xingrg/system/info/materiel_import.html?isSelect=1&singleSelect=false HTTP/1.1" 200 5600
183.193.169.12 - - [01/May/2022:14:21:36 +0800] "POST /xingrg/all/common/load_tree.html?tree=materiel_sort_tree_json HTTP/1.1" 200 9388
183.193.169.12 - - [01/May/2022:14:21:43 +0800] "GET /xingrg/kc/buy/cgsh_order_operate.html?command=get_materiel&rest_code=00101&code=00101008637&supplier_code=00100007&order_time=2022-04-12 HTTP/1.1" 200 418
116.228.172.94 - - [01/May/2022:14:21:45 +0800] "GET /xingrg/all/function/internal_message.html?_=1651386100861&CODE_STATE=getMsg HTTP/1.1" 200 27
116.228.172.94 - - [01/May/2022:14:21:45 +0800] "GET /xingrg/check_reg.html?_=1651386100864 HTTP/1.1" 200 22
58.40.7.146 - - [01/May/2022:14:21:51 +0800] "GET /xingrg/all/function/internal_message.html?_=1651386111345&CODE_STATE=getMsg HTTP/1.1" 200 27
101.85.120.86 - - [01/May/2022:14:21:53 +0800] "GET /xingrg/all/function/internal_message.html?_=1651386111884&CODE_STATE=getMsg HTTP/1.1" 200 27
180.169.147.146 - - [01/May/2022:14:21:54 +0800] "GET /xingrg/check_reg.html?_=1651386114966 HTTP/1.1" 302 -
180.169.147.146 - - [01/May/2022:14:21:54 +0800] "GET /xingrg/all/function/internal_message.html?_=1651386114967&CODE_STATE=getMsg HTTP/1.1" 302 -
58.39.201.47 - - [01/May/2022:14:21:58 +0800] "GET /xingrg/all/function/internal_message.html?_=1651386119853&CODE_STATE=getMsg HTTP/1.1" 200 27
183.193.169.12 - - [01/May/2022:14:21:59 +0800] "GET /xingrg/kc/buy/cgsh_order_operate.html?command=get_materiel&rest_code=00101&code=00101008059&supplier_code=00100007&order_time=2022-04-12 HTTP/1.1" 200 408
180.157.251.97 - - [01/May/2022:14:22:01 +0800] "GET /xingrg/all/function/internal_message.html?_=1651385800972&CODE_STATE=getMsg HTTP/1.1" 200 27
116.230.110.173 - - [01/May/2022:14:22:12 +0800] "GET /xingrg/all/function/internal_message.html?_=1651386132346&CODE_STATE=getMsg HTTP/1.1" 200 27
222.70.180.114 - - [01/May/2022:14:22:14 +0800] "GET /xingrg/all/function/internal_message.html?_=1651386130752&CODE_STATE=getMsg HTTP/1.1" 200 27
116.235.92.88 - - [01/May/2022:14:22:16 +0800] "GET /xingrg/all/function/internal_message.html?_=1651386306226&CODE_STATE=getMsg HTTP/1.1" 200 27
61.170.233.128 - - [01/May/2022:14:22:17 +0800] "GET /xingrg/all/function/internal_message.html?_=1651386138189&CODE_STATE=getMsg HTTP/1.1" 200 27
58.39.61.91 - - [01/May/2022:14:22:22 +0800] "GET /xingrg/all/function/internal_message.html?_=1651386050813&CODE_STATE=getMsg HTTP/1.1" 200 27
183.193.169.12 - - [01/May/2022:14:22:27 +0800] "GET /xingrg/kc/buy/cgsh_order_operate.html?command=get_materiel&rest_code=00101&code=00101008350&supplier_code=00100007&order_time=2022-04-12 HTTP/1.1" 200 408
180.157.251.97 - - [01/May/2022:14:22:27 +0800] "POST /xingrg/kc/buy/cgsh_list_operate.html HTTP/1.1" 200 3882
183.193.169.12 - - [01/May/2022:14:22:28 +0800] "GET /xingrg/all/function/internal_message.html?_=1651386148891&CODE_STATE=getMsg HTTP/1.1" 200 27
180.157.251.97 - - [01/May/2022:14:22:33 +0800] "GET /xingrg/kc/buy/cgsh_order_add.html HTTP/1.1" 200 66009
180.157.251.97 - - [01/May/2022:14:22:34 +0800] "POST /xingrg/kc/buy/cgsh_order_operate.html HTTP/1.1" 200 8245
180.157.251.97 - - [01/May/2022:14:22:34 +0800] "GET /xingrg/javascript/easyui/themes/default/validatebox.css HTTP/1.1" 404 1104
117.143.50.163 - - [01/May/2022:14:22:36 +0800] "GET /xingrg/all/function/internal_message.html?_=1651386156608&CODE_STATE=getMsg HTTP/1.1" 200 27
183.193.169.12 - - [01/May/2022:14:22:40 +0800] "GET /xingrg/kc/buy/cgsh_order_operate.html?command=get_materiel&rest_code=00101&code=00101008141&supplier_code=00100007&order_time=2022-04-12 HTTP/1.1" 200 412
116.228.172.94 - - [01/May/2022:14:22:45 +0800] "GET /xingrg/all/function/internal_message.html?_=1651386160855&CODE_STATE=getMsg HTTP/1.1" 200 27
180.157.251.97 - - [01/May/2022:14:22:46 +0800] "POST /xingrg/kc/buy/cgsh_list_operate.html HTTP/1.1" 200 3882
116.235.92.88 - - [01/May/2022:14:22:49 +0800] "GET /xingrg/check_reg.html?_=1651386339007 HTTP/1.1" 200 22
58.40.7.146 - - [01/May/2022:14:22:51 +0800] "GET /xingrg/all/function/internal_message.html?_=1651386171317&CODE_STATE=getMsg HTTP/1.1" 200 27
101.85.120.86 - - [01/May/2022:14:22:53 +0800] "GET /xingrg/all/function/internal_message.html?_=1651386171864&CODE_STATE=getMsg HTTP/1.1" 200 27
180.169.147.146 - - [01/May/2022:14:22:54 +0800] "GET /xingrg/all/function/internal_message.html?_=1651386174982&CODE_STATE=getMsg HTTP/1.1" 302 -
183.193.169.12 - - [01/May/2022:14:22:57 +0800] "GET /xingrg/kc/buy/cgsh_order_operate.html?command=get_materiel&rest_code=00101&code=00101008371&supplier_code=00100007&order_time=2022-04-12 HTTP/1.1" 200 412
58.39.201.47 - - [01/May/2022:14:22:58 +0800] "GET /xingrg/all/function/internal_message.html?_=1651386179853&CODE_STATE=getMsg HTTP/1.1" 200 27
180.157.251.97 - - [01/May/2022:14:23:01 +0800] "GET /xingrg/all/function/internal_message.html?_=1651385860982&CODE_STATE=getMsg HTTP/1.1" 200 27
180.157.251.97 - - [01/May/2022:14:23:01 +0800] "GET /xingrg/check_reg.html?_=1651385860984 HTTP/1.1" 200 22
116.230.110.173 - - [01/May/2022:14:23:12 +0800] "GET /xingrg/all/function/internal_message.html?_=1651386192341&CODE_STATE=getMsg HTTP/1.1" 200 27
222.70.180.114 - - [01/May/2022:14:23:14 +0800] "GET /xingrg/all/function/internal_message.html?_=1651386190752&CODE_STATE=getMsg HTTP/1.1" 200 27
116.235.92.88 - - [01/May/2022:14:23:16 +0800] "GET /xingrg/all/function/internal_message.html?_=1651386366198&CODE_STATE=getMsg HTTP/1.1" 200 27
61.170.233.128 - - [01/May/2022:14:23:17 +0800] "GET /xingrg/all/function/internal_message.html?_=1651386198172&CODE_STATE=getMsg HTTP/1.1" 200 27
183.193.169.12 - - [01/May/2022:14:23:17 +0800] "GET /xingrg/kc/buy/cgsh_order_operate.html?command=get_materiel&rest_code=00101&code=00101008210&supplier_code=00100007&order_time=2022-04-12 HTTP/1.1" 200 408
58.39.61.91 - - [01/May/2022:14:23:21 +0800] "GET /xingrg/check_reg.html?_=1651386109894 HTTP/1.1" 200 22
58.39.61.91 - - [01/May/2022:14:23:21 +0800] "GET /xingrg/all/function/internal_message.html?_=1651386110825&CODE_STATE=getMsg HTTP/1.1" 200 27
180.157.251.97 - - [01/May/2022:14:23:25 +0800] "GET /xingrg/kc/buy/cgsh_order_add.html HTTP/1.1" 200 66009
180.157.251.97 - - [01/May/2022:14:23:25 +0800] "POST /xingrg/kc/buy/cgsh_order_operate.html HTTP/1.1" 200 8245
180.157.251.97 - - [01/May/2022:14:23:25 +0800] "GET /xingrg/javascript/easyui/themes/default/validatebox.css HTTP/1.1" 404 1104
183.193.169.12 - - [01/May/2022:14:23:28 +0800] "GET /xingrg/all/function/internal_message.html?_=1651386208880&CODE_STATE=getMsg HTTP/1.1" 200 27
117.143.50.163 - - [01/May/2022:14:23:36 +0800] "GET /xingrg/all/function/internal_message.html?_=1651386216598&CODE_STATE=getMsg HTTP/1.1" 200 27
58.40.7.146 - - [01/May/2022:14:23:43 +0800] "GET /xingrg/check_reg.html?_=1651386223429 HTTP/1.1" 200 22
116.228.172.94 - - [01/May/2022:14:23:45 +0800] "GET /xingrg/all/function/internal_message.html?_=1651386220846&CODE_STATE=getMsg HTTP/1.1" 200 27
183.193.169.12 - - [01/May/2022:14:23:49 +0800] "GET /xingrg/kc/buy/cgsh_order_operate.html?command=get_materiel&rest_code=00101&code=00101008300&supplier_code=00100007&order_time=2022-04-12 HTTP/1.1" 200 412
58.40.7.146 - - [01/May/2022:14:23:51 +0800] "GET /xingrg/all/function/internal_message.html?_=1651386231289&CODE_STATE=getMsg HTTP/1.1" 200 27
101.85.120.86 - - [01/May/2022:14:23:53 +0800] "GET /xingrg/all/function/internal_message.html?_=1651386231840&CODE_STATE=getMsg HTTP/1.1" 200 27
180.169.147.146 - - [01/May/2022:14:23:54 +0800] "GET /xingrg/all/function/internal_message.html?_=1651386234976&CODE_STATE=getMsg HTTP/1.1" 302 -
101.85.120.86 - - [01/May/2022:14:23:56 +0800] "GET /xingrg/check_reg.html?_=1651386234475 HTTP/1.1" 200 22
58.39.201.47 - - [01/May/2022:14:23:58 +0800] "GET /xingrg/all/function/internal_message.html?_=1651386239853&CODE_STATE=getMsg HTTP/1.1" 200 27
183.193.169.12 - - [01/May/2022:14:24:00 +0800] "GET /xingrg/javascript/auto/indicator.gif HTTP/1.1" 404 1066
180.157.251.97 - - [01/May/2022:14:24:01 +0800] "GET /xingrg/all/function/internal_message.html?_=1651385920993&CODE_STATE=getMsg HTTP/1.1" 200 27
183.193.169.12 - - [01/May/2022:14:24:10 +0800] "GET /xingrg/kc/buy/cgsh_order_operate.html?command=get_materiel&rest_code=00101&code=00101008087&supplier_code=00100007&order_time=2022-04-12 HTTP/1.1" 200 412
116.230.110.173 - - [01/May/2022:14:24:12 +0800] "GET /xingrg/all/function/internal_message.html?_=1651386252340&CODE_STATE=getMsg HTTP/1.1" 200 27
222.70.180.114 - - [01/May/2022:14:24:14 +0800] "GET /xingrg/check_reg.html?_=1651386250751 HTTP/1.1" 200 22
222.70.180.114 - - [01/May/2022:14:24:14 +0800] "GET /xingrg/all/function/internal_message.html?_=1651386250754&CODE_STATE=getMsg HTTP/1.1" 200 27
116.235.92.88 - - [01/May/2022:14:24:16 +0800] "GET /xingrg/all/function/internal_message.html?_=1651386426166&CODE_STATE=getMsg HTTP/1.1" 200 27
61.170.233.128 - - [01/May/2022:14:24:17 +0800] "GET /xingrg/all/function/internal_message.html?_=1651386258207&CODE_STATE=getMsg HTTP/1.1" 200 27
58.39.61.91 - - [01/May/2022:14:24:22 +0800] "GET /xingrg/all/function/internal_message.html?_=1651386170839&CODE_STATE=getMsg HTTP/1.1" 200 27
183.193.169.12 - - [01/May/2022:14:24:27 +0800] "POST /xingrg/kc/buy/cgsh_order_operate.html HTTP/1.1" 200 37
117.143.50.163 - - [01/May/2022:14:24:36 +0800] "GET /xingrg/check_reg.html?_=1651386276597 HTTP/1.1" 200 22
117.143.50.163 - - [01/May/2022:14:24:36 +0800] "GET /xingrg/all/function/internal_message.html?_=1651386276598&CODE_STATE=getMsg HTTP/1.1" 200 27
183.193.169.12 - - [01/May/2022:14:24:37 +0800] "GET /xingrg/all/function/internal_message.html?_=1651386277102&CODE_STATE=getMsg HTTP/1.1" 200 27
183.193.169.12 - - [01/May/2022:14:24:37 +0800] "POST /xingrg/kc/buy/cgsh_order_operate.html HTTP/1.1" 200 8720
183.193.169.12 - - [01/May/2022:14:24:40 +0800] "GET /xingrg/kc/buy/cgsh_order_add.html HTTP/1.1" 200 66009
183.193.169.12 - - [01/May/2022:14:24:40 +0800] "GET /xingrg/words/20220501141453_words.js HTTP/1.1" 304 -
183.193.169.12 - - [01/May/2022:14:24:40 +0800] "POST /xingrg/kc/buy/cgsh_order_operate.html HTTP/1.1" 200 8245
183.193.169.12 - - [01/May/2022:14:24:40 +0800] "GET /xingrg/all/common/auto_word.html?type=employee&rest_code=00101 HTTP/1.1" 200 977
183.193.169.12 - - [01/May/2022:14:24:40 +0800] "GET /xingrg/javascript/easyui/themes/default/validatebox.css HTTP/1.1" 404 1104
183.193.169.12 - - [01/May/2022:14:24:40 +0800] "GET /xingrg/all/common/auto_word.html?type=employee&rest_code=00101 HTTP/1.1" 200 977
116.228.172.94 - - [01/May/2022:14:24:45 +0800] "GET /xingrg/all/function/internal_message.html?_=1651386280865&CODE_STATE=getMsg HTTP/1.1" 200 27
183.193.169.12 - - [01/May/2022:14:24:46 +0800] "GET /xingrg/javascript/jquery_tools/images/prev.gif HTTP/1.1" 404 1086
183.193.169.12 - - [01/May/2022:14:24:46 +0800] "GET /xingrg/javascript/jquery_tools/images/next.gif HTTP/1.1" 404 1086
58.40.7.146 - - [01/May/2022:14:24:51 +0800] "GET /xingrg/all/function/internal_message.html?_=1651386291275&CODE_STATE=getMsg HTTP/1.1" 200 27
183.193.169.12 - - [01/May/2022:14:24:52 +0800] "POST /xingrg/all/common/load_combo.html?type=employee HTTP/1.1" 200 1752
101.85.120.86 - - [01/May/2022:14:24:53 +0800] "GET /xingrg/all/function/internal_message.html?_=1651386291818&CODE_STATE=getMsg HTTP/1.1" 200 27
180.169.147.146 - - [01/May/2022:14:24:54 +0800] "GET /xingrg/all/function/internal_message.html?_=1651386294970&CODE_STATE=getMsg HTTP/1.1" 302 -
183.193.169.12 - - [01/May/2022:14:24:55 +0800] "POST /xingrg/all/common/load_combo.html?type=employee HTTP/1.1" 200 1752
58.39.201.47 - - [01/May/2022:14:24:58 +0800] "GET /xingrg/all/function/internal_message.html?_=1651386299853&CODE_STATE=getMsg HTTP/1.1" 200 27
180.157.251.97 - - [01/May/2022:14:25:01 +0800] "GET /xingrg/all/function/internal_message.html?_=1651385980997&CODE_STATE=getMsg HTTP/1.1" 200 27
116.230.110.173 - - [01/May/2022:14:25:12 +0800] "GET /xingrg/all/function/internal_message.html?_=1651386312344&CODE_STATE=getMsg HTTP/1.1" 200 27
116.230.110.173 - - [01/May/2022:14:25:12 +0800] "GET /xingrg/check_reg.html?_=1651386312348 HTTP/1.1" 200 22
183.193.169.12 - - [01/May/2022:14:25:13 +0800] "GET /xingrg/kc/buy/cgsh_order_operate.html?command=get_materiel&rest_code=00101&code=00101008152&supplier_code=00100007&order_time=2022-04-15 HTTP/1.1" 200 409
222.70.180.114 - - [01/May/2022:14:25:14 +0800] "GET /xingrg/all/function/internal_message.html?_=1651386310753&CODE_STATE=getMsg HTTP/1.1" 200 27
116.235.92.88 - - [01/May/2022:14:25:16 +0800] "GET /xingrg/all/function/internal_message.html?_=1651386486142&CODE_STATE=getMsg HTTP/1.1" 200 27
61.170.233.128 - - [01/May/2022:14:25:17 +0800] "GET /xingrg/all/function/internal_message.html?_=1651386318197&CODE_STATE=getMsg HTTP/1.1" 200 27
58.39.61.91 - - [01/May/2022:14:25:22 +0800] "GET /xingrg/all/function/internal_message.html?_=1651386230853&CODE_STATE=getMsg HTTP/1.1" 200 27
183.193.169.12 - - [01/May/2022:14:25:28 +0800] "GET /xingrg/all/function/internal_message.html?_=1651386328880&CODE_STATE=getMsg HTTP/1.1" 200 27
183.193.169.12 - - [01/May/2022:14:25:31 +0800] "GET /xingrg/kc/buy/cgsh_order_operate.html?command=get_materiel&rest_code=00101&code=00101008458&supplier_code=00100007&order_time=2022-04-15 HTTP/1.1" 200 409
117.143.50.163 - - [01/May/2022:14:25:36 +0800] "GET /xingrg/all/function/internal_message.html?_=1651386336587&CODE_STATE=getMsg HTTP/1.1" 200 27
183.193.169.12 - - [01/May/2022:14:25:43 +0800] "GET /xingrg/kc/buy/cgsh_order_operate.html?command=get_materiel&rest_code=00101&code=00101008199&supplier_code=00100007&order_time=2022-04-15 HTTP/1.1" 200 408
116.228.172.94 - - [01/May/2022:14:25:45 +0800] "GET /xingrg/all/function/internal_message.html?_=1651386340862&CODE_STATE=getMsg HTTP/1.1" 200 27
58.40.7.146 - - [01/May/2022:14:25:51 +0800] "GET /xingrg/all/function/internal_message.html?_=1651386351260&CODE_STATE=getMsg HTTP/1.1" 200 27
101.85.120.86 - - [01/May/2022:14:25:53 +0800] "GET /xingrg/all/function/internal_message.html?_=1651386351789&CODE_STATE=getMsg HTTP/1.1" 200 27
180.169.147.146 - - [01/May/2022:14:25:54 +0800] "GET /xingrg/all/function/internal_message.html?_=1651386354981&CODE_STATE=getMsg HTTP/1.1" 302 -
58.39.201.47 - - [01/May/2022:14:25:58 +0800] "GET /xingrg/check_reg.html?_=1651386359853 HTTP/1.1" 200 22
58.39.201.47 - - [01/May/2022:14:25:58 +0800] "GET /xingrg/all/function/internal_message.html?_=1651386359856&CODE_STATE=getMsg HTTP/1.1" 200 27
180.157.251.97 - - [01/May/2022:14:26:01 +0800] "GET /xingrg/all/function/internal_message.html?_=1651386040992&CODE_STATE=getMsg HTTP/1.1" 200 27
180.156.212.250 - - [01/May/2022:14:26:09 +0800] "POST /xingrg/services/DataTransmitService HTTP/1.1" 200 524
183.193.169.12 - - [01/May/2022:14:26:10 +0800] "GET /xingrg/kc/buy/cgsh_order_operate.html?command=get_materiel&rest_code=00101&code=00101008089&supplier_code=00100007&order_time=2022-04-15 HTTP/1.1" 200 408
116.230.110.173 - - [01/May/2022:14:26:12 +0800] "GET /xingrg/all/function/internal_message.html?_=1651386372351&CODE_STATE=getMsg HTTP/1.1" 200 27
222.70.180.114 - - [01/May/2022:14:26:14 +0800] "GET /xingrg/all/function/internal_message.html?_=1651386370752&CODE_STATE=getMsg HTTP/1.1" 200 27
180.157.251.97 - - [01/May/2022:14:26:16 +0800] "GET /xingrg/kc/buy/cgsh_order_add.html HTTP/1.1" 200 66009
116.235.92.88 - - [01/May/2022:14:26:16 +0800] "GET /xingrg/all/function/internal_message.html?_=1651386546136&CODE_STATE=getMsg HTTP/1.1" 200 27
180.157.251.97 - - [01/May/2022:14:26:16 +0800] "POST /xingrg/kc/buy/cgsh_order_operate.html HTTP/1.1" 200 8245
180.157.251.97 - - [01/May/2022:14:26:16 +0800] "GET /xingrg/javascript/easyui/themes/default/validatebox.css HTTP/1.1" 404 1104
61.170.233.128 - - [01/May/2022:14:26:17 +0800] "GET /xingrg/all/function/internal_message.html?_=1651386378199&CODE_STATE=getMsg HTTP/1.1" 200 27
61.170.233.128 - - [01/May/2022:14:26:17 +0800] "GET /xingrg/check_reg.html?_=1651386378202 HTTP/1.1" 200 22
180.157.251.97 - - [01/May/2022:14:26:20 +0800] "GET /xingrg/kc/buy/cgsh_order_list.html HTTP/1.1" 200 51424
58.39.61.91 - - [01/May/2022:14:26:22 +0800] "GET /xingrg/all/function/internal_message.html?_=1651386290884&CODE_STATE=getMsg HTTP/1.1" 200 27
183.193.169.12 - - [01/May/2022:14:26:22 +0800] "GET /xingrg/kc/buy/cgsh_order_operate.html?command=get_materiel&rest_code=00101&code=00101008371&supplier_code=00100007&order_time=2022-04-15 HTTP/1.1" 200 412
183.193.169.12 - - [01/May/2022:14:26:28 +0800] "GET /xingrg/all/function/internal_message.html?_=1651386388884&CODE_STATE=getMsg HTTP/1.1" 200 27
183.193.169.12 - - [01/May/2022:14:26:28 +0800] "GET /xingrg/check_reg.html?_=1651386388884 HTTP/1.1" 200 22
180.157.251.97 - - [01/May/2022:14:26:30 +0800] "POST /xingrg/kc/buy/cgsh_list_operate.html HTTP/1.1" 200 4246
183.193.169.12 - - [01/May/2022:14:26:34 +0800] "GET /xingrg/kc/buy/cgsh_order_operate.html?command=get_materiel&rest_code=00101&code=00101008521&supplier_code=00100007&order_time=2022-04-15 HTTP/1.1" 200 409
117.143.50.163 - - [01/May/2022:14:26:36 +0800] "GET /xingrg/all/function/internal_message.html?_=1651386396607&CODE_STATE=getMsg HTTP/1.1" 200 27
116.228.172.94 - - [01/May/2022:14:26:45 +0800] "GET /xingrg/all/function/internal_message.html?_=1651386400859&CODE_STATE=getMsg HTTP/1.1" 200 27
116.228.172.94 - - [01/May/2022:14:26:45 +0800] "GET /xingrg/check_reg.html?_=1651386400861 HTTP/1.1" 200 22
183.193.169.12 - - [01/May/2022:14:26:45 +0800] "GET /xingrg/kc/buy/cgsh_order_operate.html?command=get_materiel&rest_code=00101&code=00101008141&supplier_code=00100007&order_time=2022-04-15 HTTP/1.1" 200 412
58.40.7.146 - - [01/May/2022:14:26:51 +0800] "GET /xingrg/all/function/internal_message.html?_=1651386411247&CODE_STATE=getMsg HTTP/1.1" 200 27
101.85.120.86 - - [01/May/2022:14:26:53 +0800] "GET /xingrg/all/function/internal_message.html?_=1651386411768&CODE_STATE=getMsg HTTP/1.1" 200 27
180.169.147.146 - - [01/May/2022:14:26:54 +0800] "GET /xingrg/check_reg.html?_=1651386414983 HTTP/1.1" 302 -
180.169.147.146 - - [01/May/2022:14:26:54 +0800] "GET /xingrg/all/function/internal_message.html?_=1651386414985&CODE_STATE=getMsg HTTP/1.1" 302 -
58.39.201.47 - - [01/May/2022:14:26:58 +0800] "GET /xingrg/all/function/internal_message.html?_=1651386419855&CODE_STATE=getMsg HTTP/1.1" 200 27
183.193.169.12 - - [01/May/2022:14:26:59 +0800] "GET /xingrg/kc/buy/cgsh_order_operate.html?command=get_materiel&rest_code=00101&code=00101008300&supplier_code=00100007&order_time=2022-04-15 HTTP/1.1" 200 412
180.157.251.97 - - [01/May/2022:14:27:01 +0800] "GET /xingrg/all/function/internal_message.html?_=1651386101009&CODE_STATE=getMsg HTTP/1.1" 200 27
183.193.169.12 - - [01/May/2022:14:27:09 +0800] "GET /xingrg/kc/buy/cgsh_order_operate.html?command=get_materiel&rest_code=00101&code=00101008077&supplier_code=00100007&order_time=2022-04-15 HTTP/1.1" 200 416
116.230.110.173 - - [01/May/2022:14:27:12 +0800] "GET /xingrg/all/function/internal_message.html?_=1651386432350&CODE_STATE=getMsg HTTP/1.1" 200 27
222.70.180.114 - - [01/May/2022:14:27:14 +0800] "GET /xingrg/all/function/internal_message.html?_=1651386430751&CODE_STATE=getMsg HTTP/1.1" 200 27
116.235.92.88 - - [01/May/2022:14:27:16 +0800] "GET /xingrg/all/function/internal_message.html?_=1651386606114&CODE_STATE=getMsg HTTP/1.1" 200 27
61.170.233.128 - - [01/May/2022:14:27:17 +0800] "GET /xingrg/all/function/internal_message.html?_=1651386438199&CODE_STATE=getMsg HTTP/1.1" 200 27
183.193.169.12 - - [01/May/2022:14:27:18 +0800] "GET /xingrg/kc/buy/cgsh_order_operate.html?command=get_materiel&rest_code=00101&code=00101008087&supplier_code=00100007&order_time=2022-04-15 HTTP/1.1" 200 412
58.39.61.91 - - [01/May/2022:14:27:22 +0800] "GET /xingrg/all/function/internal_message.html?_=1651386350896&CODE_STATE=getMsg HTTP/1.1" 200 27
183.193.169.12 - - [01/May/2022:14:27:28 +0800] "GET /xingrg/all/function/internal_message.html?_=1651386448958&CODE_STATE=getMsg HTTP/1.1" 200 27
183.193.169.12 - - [01/May/2022:14:27:31 +0800] "POST /xingrg/kc/buy/cgsh_order_operate.html HTTP/1.1" 200 37
183.193.169.12 - - [01/May/2022:14:27:32 +0800] "POST /xingrg/kc/buy/cgsh_order_operate.html HTTP/1.1" 200 8090
183.193.169.12 - - [01/May/2022:14:27:34 +0800] "GET /xingrg/kc/buy/cgsh_order_add.html HTTP/1.1" 200 66009
183.193.169.12 - - [01/May/2022:14:27:34 +0800] "GET /xingrg/words/20220501141453_words.js HTTP/1.1" 304 -
183.193.169.12 - - [01/May/2022:14:27:35 +0800] "POST /xingrg/kc/buy/cgsh_order_operate.html HTTP/1.1" 200 8245
183.193.169.12 - - [01/May/2022:14:27:35 +0800] "GET /xingrg/javascript/easyui/themes/default/validatebox.css HTTP/1.1" 404 1104
183.193.169.12 - - [01/May/2022:14:27:35 +0800] "GET /xingrg/all/common/auto_word.html?type=employee&rest_code=00101 HTTP/1.1" 200 977
183.193.169.12 - - [01/May/2022:14:27:35 +0800] "GET /xingrg/all/common/auto_word.html?type=employee&rest_code=00101 HTTP/1.1" 200 977
117.143.50.163 - - [01/May/2022:14:27:36 +0800] "GET /xingrg/all/function/internal_message.html?_=1651386456595&CODE_STATE=getMsg HTTP/1.1" 200 27
183.193.169.12 - - [01/May/2022:14:27:39 +0800] "GET /xingrg/javascript/jquery_tools/images/prev.gif HTTP/1.1" 404 1086
183.193.169.12 - - [01/May/2022:14:27:39 +0800] "GET /xingrg/javascript/jquery_tools/images/next.gif HTTP/1.1" 404 1086
183.193.169.12 - - [01/May/2022:14:27:44 +0800] "POST /xingrg/all/common/load_combo.html?type=employee HTTP/1.1" 200 1752
116.228.172.94 - - [01/May/2022:14:27:45 +0800] "GET /xingrg/all/function/internal_message.html?_=1651386460854&CODE_STATE=getMsg HTTP/1.1" 200 27
183.193.169.12 - - [01/May/2022:14:27:48 +0800] "POST /xingrg/all/common/load_combo.html?type=employee HTTP/1.1" 200 1752
116.235.92.88 - - [01/May/2022:14:27:49 +0800] "GET /xingrg/check_reg.html?_=1651386639026 HTTP/1.1" 200 22
58.40.7.146 - - [01/May/2022:14:27:51 +0800] "GET /xingrg/all/function/internal_message.html?_=1651386471217&CODE_STATE=getMsg HTTP/1.1" 200 27
101.85.120.86 - - [01/May/2022:14:27:53 +0800] "GET /xingrg/all/function/internal_message.html?_=1651386471741&CODE_STATE=getMsg HTTP/1.1" 200 27
180.169.147.146 - - [01/May/2022:14:27:54 +0800] "GET /xingrg/all/function/internal_message.html?_=1651386474987&CODE_STATE=getMsg HTTP/1.1" 302 -
183.193.169.12 - - [01/May/2022:14:27:56 +0800] "GET /xingrg/javascript/auto/indicator.gif HTTP/1.1" 404 1066
58.39.201.47 - - [01/May/2022:14:27:58 +0800] "GET /xingrg/all/function/internal_message.html?_=1651386479855&CODE_STATE=getMsg HTTP/1.1" 200 27
183.193.169.12 - - [01/May/2022:14:28:00 +0800] "GET /xingrg/kc/buy/cgsh_order_operate.html?command=get_materiel&rest_code=00101&code=00101008300&supplier_code=00100007&order_time=2022-04-16 HTTP/1.1" 200 412
116.230.110.173 - - [01/May/2022:14:28:12 +0800] "GET /xingrg/all/function/internal_message.html?_=1651386492352&CODE_STATE=getMsg HTTP/1.1" 200 27
180.157.251.97 - - [01/May/2022:14:28:13 +0800] "GET /xingrg/index.html?sysBaseUrl=http%3A%2F%2F180.169.147.146%3A18081%2Fxingrg%2F&costTime=39×tamp=1651370889473 HTTP/1.1" 200 17503
180.157.251.97 - - [01/May/2022:14:28:13 +0800] "GET /favicon.ico HTTP/1.1" 404 -
180.157.251.97 - - [01/May/2022:14:28:13 +0800] "POST /xingrg/all/common/load_tree.html?tree=area_rest_tree_json&manage=1 HTTP/1.1" 200 3472
180.157.251.97 - - [01/May/2022:14:28:13 +0800] "GET /xingrg/all/function/internal_message.html?_=1651386173323&CODE_STATE=count HTTP/1.1" 200 11
180.157.251.97 - - [01/May/2022:14:28:13 +0800] "GET /xingrg/check_reg.html?_=1651386173326 HTTP/1.1" 200 22
180.157.251.97 - - [01/May/2022:14:28:13 +0800] "POST /xingrg/load_menu.html HTTP/1.1" 200 11564
222.70.180.114 - - [01/May/2022:14:28:14 +0800] "GET /xingrg/all/function/internal_message.html?_=1651386490751&CODE_STATE=getMsg HTTP/1.1" 200 27
116.235.92.88 - - [01/May/2022:14:28:16 +0800] "GET /xingrg/all/function/internal_message.html?_=1651386666087&CODE_STATE=getMsg HTTP/1.1" 200 27
183.193.169.12 - - [01/May/2022:14:28:16 +0800] "GET /xingrg/kc/buy/cgsh_order_operate.html?command=get_materiel&rest_code=00101&code=00101008355&supplier_code=00100007&order_time=2022-04-16 HTTP/1.1" 200 408
