117.143.50.163 - - [30/Apr/2022:12:54:29 +0800] "GET /xingrg/check_reg.html?_=1651294471059 HTTP/1.1" 302 -
183.192.90.64 - - [30/Apr/2022:12:54:30 +0800] "POST /xingrg/all/report/load_report_page.html HTTP/1.1" 200 82647
58.39.61.91 - - [30/Apr/2022:12:54:31 +0800] "GET /xingrg/all/function/internal_message.html?_=1651294381568&CODE_STATE=getMsg HTTP/1.1" 200 27
183.192.90.64 - - [30/Apr/2022:12:54:31 +0800] "GET /xingrg/images/blue/button/advance.gif HTTP/1.1" 200 1354
183.192.90.64 - - [30/Apr/2022:12:54:31 +0800] "GET /xingrg/images/blue/button/advance2.gif HTTP/1.1" 200 1338
183.192.90.64 - - [30/Apr/2022:12:54:31 +0800] "GET /xingrg/servlets/image?cache=0.7987180722153245&image=px HTTP/1.1" 200 807
58.40.7.146 - - [30/Apr/2022:12:54:36 +0800] "POST /xingrg/dwr/call/plaincall/AjaxCheckService.importOrderItems.dwr HTTP/1.1" 200 78
183.192.90.64 - - [30/Apr/2022:12:54:36 +0800] "GET /xingrg/all/function/internal_message.html?_=1651294483302&CODE_STATE=getMsg HTTP/1.1" 200 27
58.40.7.146 - - [30/Apr/2022:12:54:37 +0800] "POST /xingrg/dwr/call/plaincall/AjaxCheckService.loadOrderItems.dwr HTTP/1.1" 200 135511
218.81.223.53 - - [30/Apr/2022:12:54:38 +0800] "GET /xingrg/all/function/internal_message.html?_=1651294498346&CODE_STATE=getMsg HTTP/1.1" 302 -
58.40.7.146 - - [30/Apr/2022:12:54:42 +0800] "GET /xingrg/all/function/internal_message.html?_=1651294482901&CODE_STATE=getMsg HTTP/1.1" 200 27
116.228.172.94 - - [30/Apr/2022:12:54:46 +0800] "GET /xingrg/check_reg.html?_=1651294482562 HTTP/1.1" 200 22
116.228.172.94 - - [30/Apr/2022:12:54:46 +0800] "GET /xingrg/all/function/internal_message.html?_=1651294482565&CODE_STATE=getMsg HTTP/1.1" 200 27
116.235.92.88 - - [30/Apr/2022:12:54:46 +0800] "GET /xingrg/all/function/internal_message.html?_=1651294657538&CODE_STATE=getMsg HTTP/1.1" 200 27
183.192.90.64 - - [30/Apr/2022:12:54:53 +0800] "GET /xingrg/all/report/report_query.html?isQuery=1&fileName=dma/new_5.0/menu/menu_mx.xml&queryString=(a.sale_day%2520between%252020220301%2520and%252020220331)%2520and%2520(a.sid%2520in%2520(12))%2520and%2520(a.tj_code%253D7)%2520and%2520(a.menu_name%253D'%25E9%259D%2592%25E5%25B2%259B%25E5%2586%25B0%25E7%25BA%25AF'%2520and%2520a.menu_unit%253D'%25E7%2593%25B6')&queryText=%25E3%2580%2590%25E8%2590%25A5%25E4%25B8%259A%25E6%2597%25A5%25E6%259C%259F%253A2022-03-01%2520%25E8%2587%25B3%25202022-03-31%25E3%2580%2591%2520%25E5%25B9%25B6%25E4%25B8%2594%2520%2520%25E3%2580%2590%25E9%2597%25A8%25E5%25BA%2597%25E5%2590%258D%25E7%25A7%25B0%2520%253D%2520%25E6%25B7%25B1%25E6%25B5%25B7%25E6%25B8%2594%25E6%25B8%25AF%25E9%2595%25BF%25E9%2598%25B3%25E8%25B7%25AF%25E3%2580%2591%2520%25E5%25B9%25B6%25E4%25B8%2594%2520%25E3%2580%2590%25E7%25BB%259F%25E8%25AE%25A1%25E7%25B1%25BB%25E5%2588%25AB%2520%253D%2520%25E9%2585%2592%25E6%25B0%25B4%25E3%2580%2591%2520%25E5%25B9%25B6%25E4%25B8%2594%2520%25E3%2580%2590%25E8%258F%259C%25E5%2593%2581%25E5%2590%258D%25E7%25A7%25B0%2520%253D%2520%25E9%259D%2592%25E5%25B2%259B%25E5%2586%25B0%25E7%25BA%25AF%25E3%2580%2591%2520%25E3%2580%2590%25E5%258D%2595%25E4%25BD%258D%2520%253D%2520%25E7%2593%25B6%25E3%2580%2591 HTTP/1.1" 200 51811
183.192.90.64 - - [30/Apr/2022:12:54:53 +0800] "GET /xingrg/dwr/engine.js HTTP/1.1" 200 43631
180.162.112.220 - - [30/Apr/2022:12:54:53 +0800] "GET /xingrg/all/function/internal_message.html?_=1651293790163&CODE_STATE=getMsg HTTP/1.1" 200 27
101.85.120.86 - - [30/Apr/2022:12:54:53 +0800] "GET /xingrg/all/function/internal_message.html?_=1651294494589&CODE_STATE=getMsg HTTP/1.1" 200 27
183.192.90.64 - - [30/Apr/2022:12:54:54 +0800] "GET /favicon.ico HTTP/1.1" 404 -
183.192.90.64 - - [30/Apr/2022:12:54:54 +0800] "POST /xingrg/all/report/load_report_page.html HTTP/1.1" 200 41145
58.40.7.146 - - [30/Apr/2022:12:54:54 +0800] "GET /xingrg/javascript/jquery_easy_ui/themes/default/images/button_plain_hover.png HTTP/1.1" 200 252
183.192.90.64 - - [30/Apr/2022:12:54:54 +0800] "GET /xingrg/servlets/image?cache=0.03646916653629617&image=px HTTP/1.1" 200 807
58.39.201.47 - - [30/Apr/2022:12:54:55 +0800] "GET /xingrg/all/function/internal_message.html?_=1651294497192&CODE_STATE=getMsg HTTP/1.1" 200 27
58.40.7.146 - - [30/Apr/2022:12:54:57 +0800] "GET /xingrg/kc/print/load_config.html?_=1651294498205&kc_code=check HTTP/1.1" 200 2411
58.40.7.146 - - [30/Apr/2022:12:54:57 +0800] "GET /xingrg/kc/print/load_data.html?_=1651294498251&order_code=452022043000024&kc_code=check HTTP/1.1" 200 35539
218.81.223.53 - - [30/Apr/2022:12:54:59 +0800] "GET /xingrg/all/function/internal_message.html?_=1651294518179&CODE_STATE=getMsg HTTP/1.1" 200 27
114.83.220.194 - - [30/Apr/2022:12:55:03 +0800] "GET /xingrg/check_reg.html?_=1651294503463 HTTP/1.1" 200 22
180.169.147.146 - - [30/Apr/2022:12:55:08 +0800] "GET /xingrg/check_reg.html?_=1651294509357 HTTP/1.1" 200 22
116.230.110.173 - - [30/Apr/2022:12:55:09 +0800] "GET /xingrg/all/function/internal_message.html?_=1651294509547&CODE_STATE=getMsg HTTP/1.1" 200 27
222.70.180.114 - - [30/Apr/2022:12:55:09 +0800] "GET /xingrg/all/function/internal_message.html?_=1651294507448&CODE_STATE=getMsg HTTP/1.1" 200 27
116.230.110.173 - - [30/Apr/2022:12:55:09 +0800] "GET /xingrg/check_reg.html?_=1651294509550 HTTP/1.1" 200 22
180.157.251.97 - - [30/Apr/2022:12:55:12 +0800] "GET /xingrg/all/function/internal_message.html?_=1651294513469&CODE_STATE=getMsg HTTP/1.1" 200 27
101.85.120.86 - - [30/Apr/2022:12:55:15 +0800] "GET /xingrg/javascript/easyui/themes/sunny/images/ui-bg_gloss-wave_70_ffdd57_500x100.png HTTP/1.1" 304 -
114.83.220.194 - - [30/Apr/2022:12:55:20 +0800] "GET /xingrg/all/function/internal_message.html?_=1651294520413&CODE_STATE=getMsg HTTP/1.1" 200 27
180.169.147.146 - - [30/Apr/2022:12:55:24 +0800] "GET /xingrg/all/function/internal_message.html?_=1651294525270&CODE_STATE=getMsg HTTP/1.1" 200 27
117.143.50.163 - - [30/Apr/2022:12:55:29 +0800] "GET /xingrg/all/function/internal_message.html?_=1651294530851&CODE_STATE=getMsg HTTP/1.1" 302 -
58.39.61.91 - - [30/Apr/2022:12:55:31 +0800] "GET /xingrg/all/function/internal_message.html?_=1651294441593&CODE_STATE=getMsg HTTP/1.1" 200 27
218.81.223.53 - - [30/Apr/2022:12:55:38 +0800] "GET /xingrg/all/function/internal_message.html?_=1651294558353&CODE_STATE=getMsg HTTP/1.1" 302 -
116.228.172.94 - - [30/Apr/2022:12:55:46 +0800] "GET /xingrg/all/function/internal_message.html?_=1651294542571&CODE_STATE=getMsg HTTP/1.1" 200 27
116.235.92.88 - - [30/Apr/2022:12:55:46 +0800] "GET /xingrg/all/function/internal_message.html?_=1651294717552&CODE_STATE=getMsg HTTP/1.1" 200 27
180.162.112.220 - - [30/Apr/2022:12:55:53 +0800] "GET /xingrg/all/function/internal_message.html?_=1651293850163&CODE_STATE=getMsg HTTP/1.1" 200 27
101.85.120.86 - - [30/Apr/2022:12:55:53 +0800] "GET /xingrg/all/function/internal_message.html?_=1651294554599&CODE_STATE=getMsg HTTP/1.1" 200 27
58.39.201.47 - - [30/Apr/2022:12:55:55 +0800] "GET /xingrg/all/function/internal_message.html?_=1651294557193&CODE_STATE=getMsg HTTP/1.1" 200 27
58.39.201.47 - - [30/Apr/2022:12:55:55 +0800] "GET /xingrg/check_reg.html?_=1651294557212 HTTP/1.1" 200 22
180.157.251.97 - - [30/Apr/2022:12:55:56 +0800] "POST /xingrg/kc/pszx/mdps_list_operate.html HTTP/1.1" 200 5269
218.81.223.53 - - [30/Apr/2022:12:55:59 +0800] "GET /xingrg/all/function/internal_message.html?_=1651294578209&CODE_STATE=getMsg HTTP/1.1" 200 27
58.40.7.146 - - [30/Apr/2022:12:56:06 +0800] "GET /xingrg/all/function/internal_message.html?_=1651294567144&CODE_STATE=getMsg HTTP/1.1" 200 27
180.156.212.250 - - [30/Apr/2022:12:56:08 +0800] "POST /xingrg/services/DataTransmitService HTTP/1.1" 200 524
58.40.7.146 - - [30/Apr/2022:12:56:08 +0800] "GET /xingrg/javascript/jquery_easy_ui/themes/default/images/tabs_active.png HTTP/1.1" 200 2894
116.230.110.173 - - [30/Apr/2022:12:56:09 +0800] "GET /xingrg/all/function/internal_message.html?_=1651294569550&CODE_STATE=getMsg HTTP/1.1" 200 27
222.70.180.114 - - [30/Apr/2022:12:56:09 +0800] "GET /xingrg/all/function/internal_message.html?_=1651294567447&CODE_STATE=getMsg HTTP/1.1" 200 27
58.40.7.146 - - [30/Apr/2022:12:56:10 +0800] "POST /xingrg/kc/base/check_list_operate.html HTTP/1.1" 200 1563
58.40.7.146 - - [30/Apr/2022:12:56:11 +0800] "GET /xingrg/kc/base/check_order_add.html HTTP/1.1" 200 26107
58.40.7.146 - - [30/Apr/2022:12:56:11 +0800] "GET /xingrg/dwr/interface/AjaxComOrderService.js HTTP/1.1" 200 18264
58.40.7.146 - - [30/Apr/2022:12:56:12 +0800] "GET /xingrg/dwr/interface/AjaxCheckService.js HTTP/1.1" 200 14003
58.40.7.146 - - [30/Apr/2022:12:56:12 +0800] "GET /xingrg/dwr/engine.js HTTP/1.1" 200 43631
180.157.251.97 - - [30/Apr/2022:12:56:12 +0800] "GET /xingrg/all/function/internal_message.html?_=1651294573471&CODE_STATE=getMsg HTTP/1.1" 200 27
58.40.7.146 - - [30/Apr/2022:12:56:16 +0800] "POST /xingrg/dwr/call/plaincall/AjaxCheckService.saveOrder.dwr HTTP/1.1" 200 78
58.40.7.146 - - [30/Apr/2022:12:56:17 +0800] "POST /xingrg/dwr/call/plaincall/AjaxCheckService.loadOrderItems.dwr HTTP/1.1" 200 367
58.40.7.146 - - [30/Apr/2022:12:56:20 +0800] "POST /xingrg/kc/report/common_data.html?type=materiel_category_tree HTTP/1.1" 200 3878
114.83.220.194 - - [30/Apr/2022:12:56:20 +0800] "GET /xingrg/all/function/internal_message.html?_=1651294580385&CODE_STATE=getMsg HTTP/1.1" 200 27
180.169.147.146 - - [30/Apr/2022:12:56:24 +0800] "GET /xingrg/all/function/internal_message.html?_=1651294585263&CODE_STATE=getMsg HTTP/1.1" 200 27
58.40.7.146 - - [30/Apr/2022:12:56:24 +0800] "POST /xingrg/dwr/call/plaincall/AjaxCheckService.importOrderItems.dwr HTTP/1.1" 200 78
58.39.61.91 - - [30/Apr/2022:12:56:25 +0800] "GET /xingrg/check_reg.html?_=1651294495612 HTTP/1.1" 200 22
58.40.7.146 - - [30/Apr/2022:12:56:25 +0800] "POST /xingrg/dwr/call/plaincall/AjaxCheckService.loadOrderItems.dwr HTTP/1.1" 200 11025
117.143.50.163 - - [30/Apr/2022:12:56:29 +0800] "GET /xingrg/all/function/internal_message.html?_=1651294590828&CODE_STATE=getMsg HTTP/1.1" 302 -
58.40.7.146 - - [30/Apr/2022:12:56:30 +0800] "GET /xingrg/kc/print/load_config.html?_=1651294591586&kc_code=check HTTP/1.1" 200 2411
58.40.7.146 - - [30/Apr/2022:12:56:30 +0800] "GET /xingrg/kc/print/load_data.html?_=1651294591616&order_code=452022043000025&kc_code=check HTTP/1.1" 200 3186
58.39.61.91 - - [30/Apr/2022:12:56:31 +0800] "GET /xingrg/all/function/internal_message.html?_=1651294501594&CODE_STATE=getMsg HTTP/1.1" 200 27
218.81.223.53 - - [30/Apr/2022:12:56:39 +0800] "GET /xingrg/all/function/internal_message.html?_=1651294618373&CODE_STATE=getMsg HTTP/1.1" 302 -
101.85.120.86 - - [30/Apr/2022:12:56:44 +0800] "POST /xingrg/kc/base/stock_operate.html HTTP/1.1" 200 4171
116.228.172.94 - - [30/Apr/2022:12:56:46 +0800] "GET /xingrg/all/function/internal_message.html?_=1651294602559&CODE_STATE=getMsg HTTP/1.1" 200 27
116.235.92.88 - - [30/Apr/2022:12:56:46 +0800] "GET /xingrg/all/function/internal_message.html?_=1651294777551&CODE_STATE=getMsg HTTP/1.1" 200 27
58.40.7.146 - - [30/Apr/2022:12:56:52 +0800] "POST /xingrg/kc/base/check_list_operate.html HTTP/1.1" 200 1896
180.162.112.220 - - [30/Apr/2022:12:56:53 +0800] "GET /xingrg/all/function/internal_message.html?_=1651293910163&CODE_STATE=getMsg HTTP/1.1" 200 27
101.85.120.86 - - [30/Apr/2022:12:56:53 +0800] "GET /xingrg/all/function/internal_message.html?_=1651294614592&CODE_STATE=getMsg HTTP/1.1" 200 27
101.85.120.86 - - [30/Apr/2022:12:56:53 +0800] "GET /xingrg/check_reg.html?_=1651294614594 HTTP/1.1" 200 22
58.39.201.47 - - [30/Apr/2022:12:56:55 +0800] "GET /xingrg/all/function/internal_message.html?_=1651294617189&CODE_STATE=getMsg HTTP/1.1" 200 27
58.40.7.146 - - [30/Apr/2022:12:56:55 +0800] "GET /xingrg/kc/base/check_order_add.html HTTP/1.1" 200 26107
58.40.7.146 - - [30/Apr/2022:12:56:55 +0800] "GET /xingrg/dwr/interface/AjaxComOrderService.js HTTP/1.1" 200 18264
58.40.7.146 - - [30/Apr/2022:12:56:55 +0800] "GET /xingrg/dwr/interface/AjaxCheckService.js HTTP/1.1" 200 14003
58.40.7.146 - - [30/Apr/2022:12:56:55 +0800] "GET /xingrg/dwr/engine.js HTTP/1.1" 200 43631
218.81.223.53 - - [30/Apr/2022:12:56:59 +0800] "GET /xingrg/all/function/internal_message.html?_=1651294638221&CODE_STATE=getMsg HTTP/1.1" 200 27
58.40.7.146 - - [30/Apr/2022:12:57:01 +0800] "POST /xingrg/dwr/call/plaincall/AjaxCheckService.saveOrder.dwr HTTP/1.1" 200 78
58.40.7.146 - - [30/Apr/2022:12:57:02 +0800] "POST /xingrg/dwr/call/plaincall/AjaxCheckService.loadOrderItems.dwr HTTP/1.1" 200 367
58.40.7.146 - - [30/Apr/2022:12:57:05 +0800] "POST /xingrg/kc/report/common_data.html?type=materiel_category_tree HTTP/1.1" 200 3878
58.40.7.146 - - [30/Apr/2022:12:57:06 +0800] "GET /xingrg/all/function/internal_message.html?_=1651294627115&CODE_STATE=getMsg HTTP/1.1" 200 27
116.230.110.173 - - [30/Apr/2022:12:57:09 +0800] "GET /xingrg/all/function/internal_message.html?_=1651294629550&CODE_STATE=getMsg HTTP/1.1" 200 27
222.70.180.114 - - [30/Apr/2022:12:57:09 +0800] "GET /xingrg/all/function/internal_message.html?_=1651294627446&CODE_STATE=getMsg HTTP/1.1" 200 27
180.157.251.97 - - [30/Apr/2022:12:57:12 +0800] "GET /xingrg/all/function/internal_message.html?_=1651294633470&CODE_STATE=getMsg HTTP/1.1" 200 27
114.83.220.194 - - [30/Apr/2022:12:57:20 +0800] "GET /xingrg/all/function/internal_message.html?_=1651294640360&CODE_STATE=getMsg HTTP/1.1" 200 27
180.169.147.146 - - [30/Apr/2022:12:57:24 +0800] "GET /xingrg/all/function/internal_message.html?_=1651294645251&CODE_STATE=getMsg HTTP/1.1" 200 27
180.157.251.97 - - [30/Apr/2022:12:57:29 +0800] "POST /xingrg/kc/pszx/mdps_list_operate.html HTTP/1.1" 200 198
117.143.50.163 - - [30/Apr/2022:12:57:29 +0800] "GET /xingrg/all/function/internal_message.html?_=1651294650815&CODE_STATE=getMsg HTTP/1.1" 302 -
58.39.61.91 - - [30/Apr/2022:12:57:31 +0800] "GET /xingrg/all/function/internal_message.html?_=1651294561608&CODE_STATE=getMsg HTTP/1.1" 200 27
180.157.251.97 - - [30/Apr/2022:12:57:31 +0800] "GET /xingrg/kc/pszx/mdps_order_info.html?code=312022043000256 HTTP/1.1" 200 23984
180.157.251.97 - - [30/Apr/2022:12:57:31 +0800] "GET /xingrg/javascript/easyui/themes/default/validatebox.css HTTP/1.1" 404 1104
180.157.251.97 - - [30/Apr/2022:12:57:31 +0800] "POST /xingrg/kc/pszx/mdps_order_operate.html HTTP/1.1" 200 2270
180.157.251.97 - - [30/Apr/2022:12:57:34 +0800] "POST /xingrg/kc/pszx/mdps_list_operate.html HTTP/1.1" 200 5269
218.81.223.53 - - [30/Apr/2022:12:57:38 +0800] "GET /xingrg/all/function/internal_message.html?_=1651294678380&CODE_STATE=getMsg HTTP/1.1" 302 -
180.157.251.97 - - [30/Apr/2022:12:57:42 +0800] "POST /xingrg/kc/pszx/mdps_list_operate.html HTTP/1.1" 200 218
180.157.251.97 - - [30/Apr/2022:12:57:43 +0800] "GET /xingrg/kc/pszx/mdps_order_info.html?code=312022043000260 HTTP/1.1" 200 23986
180.157.251.97 - - [30/Apr/2022:12:57:43 +0800] "GET /xingrg/javascript/easyui/themes/default/validatebox.css HTTP/1.1" 404 1104
180.157.251.97 - - [30/Apr/2022:12:57:43 +0800] "POST /xingrg/kc/pszx/mdps_order_operate.html HTTP/1.1" 200 2309
116.228.172.94 - - [30/Apr/2022:12:57:46 +0800] "GET /xingrg/all/function/internal_message.html?_=1651294662568&CODE_STATE=getMsg HTTP/1.1" 200 27
116.235.92.88 - - [30/Apr/2022:12:57:46 +0800] "GET /xingrg/all/function/internal_message.html?_=1651294837550&CODE_STATE=getMsg HTTP/1.1" 200 27
116.235.92.88 - - [30/Apr/2022:12:57:46 +0800] "GET /xingrg/check_reg.html?_=1651294837549 HTTP/1.1" 200 22
180.162.112.220 - - [30/Apr/2022:12:57:48 +0800] "GET /xingrg/kc/base/check_order_list.html HTTP/1.1" 200 16226
180.162.112.220 - - [30/Apr/2022:12:57:48 +0800] "POST /xingrg/kc/base/check_list_operate.html HTTP/1.1" 200 1920
180.157.251.97 - - [30/Apr/2022:12:57:48 +0800] "POST /xingrg/kc/pszx/mdps_list_operate.html HTTP/1.1" 200 5269
180.157.251.97 - - [30/Apr/2022:12:57:52 +0800] "POST /xingrg/kc/pszx/mdps_list_operate.html HTTP/1.1" 200 207
180.157.251.97 - - [30/Apr/2022:12:57:52 +0800] "GET /xingrg/kc/pszx/mdps_order_info.html?code=312022043000261 HTTP/1.1" 200 23970
180.157.251.97 - - [30/Apr/2022:12:57:52 +0800] "GET /xingrg/javascript/easyui/themes/default/validatebox.css HTTP/1.1" 404 1104
180.157.251.97 - - [30/Apr/2022:12:57:52 +0800] "POST /xingrg/kc/pszx/mdps_order_operate.html HTTP/1.1" 200 2285
180.162.112.220 - - [30/Apr/2022:12:57:53 +0800] "GET /xingrg/all/function/internal_message.html?_=1651293970183&CODE_STATE=getMsg HTTP/1.1" 200 27
101.85.120.86 - - [30/Apr/2022:12:57:53 +0800] "GET /xingrg/all/function/internal_message.html?_=1651294674591&CODE_STATE=getMsg HTTP/1.1" 200 27
101.85.120.86 - - [30/Apr/2022:12:57:54 +0800] "POST /xingrg/kc/base/stock_operate.html HTTP/1.1" 200 4168
58.39.201.47 - - [30/Apr/2022:12:57:55 +0800] "GET /xingrg/all/function/internal_message.html?_=1651294677190&CODE_STATE=getMsg HTTP/1.1" 200 27
180.162.112.220 - - [30/Apr/2022:12:57:57 +0800] "POST /xingrg/kc/base/check_list_operate.html HTTP/1.1" 200 5551
218.81.223.53 - - [30/Apr/2022:12:57:58 +0800] "GET /xingrg/check_reg.html?_=1651294696465 HTTP/1.1" 200 22
58.40.7.146 - - [30/Apr/2022:12:57:59 +0800] "POST /xingrg/dwr/call/plaincall/AjaxCheckService.saveOrder.dwr HTTP/1.1" 200 78
218.81.223.53 - - [30/Apr/2022:12:57:59 +0800] "GET /xingrg/all/function/internal_message.html?_=1651294698235&CODE_STATE=getMsg HTTP/1.1" 200 27
180.157.251.97 - - [30/Apr/2022:12:58:01 +0800] "GET /xingrg/kc/print/load_data.html?order_code=312022043000261&kc_code=mdps&condition= HTTP/1.1" 200 671
58.40.7.146 - - [30/Apr/2022:12:58:01 +0800] "POST /xingrg/dwr/call/plaincall/AjaxCheckService.loadOrderItems.dwr HTTP/1.1" 200 367
180.162.112.220 - - [30/Apr/2022:12:58:04 +0800] "GET /xingrg/kc/base/check_order_info.html?code=452022043000018 HTTP/1.1" 200 22870
180.162.112.220 - - [30/Apr/2022:12:58:04 +0800] "GET /xingrg/dwr/interface/AjaxComOrderService.js HTTP/1.1" 200 18264
180.162.112.220 - - [30/Apr/2022:12:58:04 +0800] "GET /xingrg/dwr/interface/AjaxCheckService.js HTTP/1.1" 200 14003
180.162.112.220 - - [30/Apr/2022:12:58:04 +0800] "GET /xingrg/dwr/engine.js HTTP/1.1" 200 43631
180.162.112.220 - - [30/Apr/2022:12:58:04 +0800] "POST /xingrg/dwr/call/plaincall/AjaxCheckService.loadOrderItems.dwr HTTP/1.1" 200 14566
58.40.7.146 - - [30/Apr/2022:12:58:06 +0800] "GET /xingrg/all/function/internal_message.html?_=1651294687099&CODE_STATE=getMsg HTTP/1.1" 200 27
116.230.110.173 - - [30/Apr/2022:12:58:09 +0800] "GET /xingrg/all/function/internal_message.html?_=1651294689541&CODE_STATE=getMsg HTTP/1.1" 200 27
180.157.251.97 - - [30/Apr/2022:12:58:12 +0800] "GET /xingrg/all/function/internal_message.html?_=1651294693473&CODE_STATE=getMsg HTTP/1.1" 200 27
180.157.251.97 - - [30/Apr/2022:12:58:12 +0800] "GET /xingrg/check_reg.html?_=1651294693475 HTTP/1.1" 200 22
58.40.7.146 - - [30/Apr/2022:12:58:16 +0800] "POST /xingrg/dwr/call/plaincall/AjaxCheckService.importOrderItems.dwr HTTP/1.1" 200 78
101.85.120.86 - - [30/Apr/2022:12:58:17 +0800] "POST /xingrg/kc/base/stock_operate.html HTTP/1.1" 200 1772
58.40.7.146 - - [30/Apr/2022:12:58:18 +0800] "POST /xingrg/dwr/call/plaincall/AjaxCheckService.loadOrderItems.dwr HTTP/1.1" 200 36804
114.83.220.194 - - [30/Apr/2022:12:58:20 +0800] "GET /xingrg/all/function/internal_message.html?_=1651294700340&CODE_STATE=getMsg HTTP/1.1" 200 27
180.169.147.146 - - [30/Apr/2022:12:58:24 +0800] "GET /xingrg/all/function/internal_message.html?_=1651294705236&CODE_STATE=getMsg HTTP/1.1" 200 27
180.157.251.97 - - [30/Apr/2022:12:58:27 +0800] "POST /xingrg/kc/pszx/mdps_order_operate.html HTTP/1.1" 200 37
180.157.251.97 - - [30/Apr/2022:12:58:28 +0800] "POST /xingrg/kc/pszx/mdps_order_operate.html HTTP/1.1" 200 12
180.157.251.97 - - [30/Apr/2022:12:58:29 +0800] "GET /xingrg/kc/pszx/mdps_order_info.html?code=312022043000261 HTTP/1.1" 200 19628
117.143.50.163 - - [30/Apr/2022:12:58:29 +0800] "GET /xingrg/all/function/internal_message.html?_=1651294710810&CODE_STATE=getMsg HTTP/1.1" 302 -
180.157.251.97 - - [30/Apr/2022:12:58:29 +0800] "GET /xingrg/javascript/easyui/themes/default/validatebox.css HTTP/1.1" 404 1104
180.157.251.97 - - [30/Apr/2022:12:58:29 +0800] "POST /xingrg/kc/pszx/mdps_order_operate.html HTTP/1.1" 200 504
58.39.61.91 - - [30/Apr/2022:12:58:31 +0800] "GET /xingrg/all/function/internal_message.html?_=1651294621633&CODE_STATE=getMsg HTTP/1.1" 200 27
58.40.7.146 - - [30/Apr/2022:12:58:33 +0800] "GET /xingrg/kc/print/load_config.html?_=1651294714298&kc_code=check HTTP/1.1" 200 2411
58.40.7.146 - - [30/Apr/2022:12:58:33 +0800] "GET /xingrg/kc/print/load_data.html?_=1651294714338&order_code=452022043000026&kc_code=check HTTP/1.1" 200 10563
180.157.251.97 - - [30/Apr/2022:12:58:34 +0800] "POST /xingrg/kc/pszx/mdps_list_operate.html HTTP/1.1" 200 5272
218.81.223.53 - - [30/Apr/2022:12:58:34 +0800] "GET /xingrg/check_reg.html?_=1651294733715 HTTP/1.1" 302 -
180.157.251.97 - - [30/Apr/2022:12:58:37 +0800] "POST /xingrg/kc/pszx/mdps_list_operate.html HTTP/1.1" 200 218
180.157.251.97 - - [30/Apr/2022:12:58:38 +0800] "GET /xingrg/kc/pszx/mdps_order_info.html?code=312022043000260 HTTP/1.1" 200 23986
180.169.147.146 - - [30/Apr/2022:12:58:38 +0800] "POST /xingrg/kc/buy/cgsh_list_operate.html HTTP/1.1" 200 9385
180.157.251.97 - - [30/Apr/2022:12:58:38 +0800] "GET /xingrg/javascript/easyui/themes/default/validatebox.css HTTP/1.1" 404 1104
180.157.251.97 - - [30/Apr/2022:12:58:38 +0800] "POST /xingrg/kc/pszx/mdps_order_operate.html HTTP/1.1" 200 2309
218.81.223.53 - - [30/Apr/2022:12:58:38 +0800] "GET /xingrg/all/function/internal_message.html?_=1651294738394&CODE_STATE=getMsg HTTP/1.1" 302 -
58.40.7.146 - - [30/Apr/2022:12:58:42 +0800] "GET /xingrg/check_reg.html?_=1651294722898 HTTP/1.1" 200 22
180.169.147.146 - - [30/Apr/2022:12:58:42 +0800] "POST /xingrg/kc/buy/cgsh_list_operate.html HTTP/1.1" 200 9370
180.169.147.146 - - [30/Apr/2022:12:58:44 +0800] "POST /xingrg/kc/buy/cgsh_list_operate.html HTTP/1.1" 200 213
116.228.172.94 - - [30/Apr/2022:12:58:46 +0800] "GET /xingrg/all/function/internal_message.html?_=1651294722555&CODE_STATE=getMsg HTTP/1.1" 200 27
116.235.92.88 - - [30/Apr/2022:12:58:46 +0800] "GET /xingrg/all/function/internal_message.html?_=1651294897548&CODE_STATE=getMsg HTTP/1.1" 200 27
180.157.251.97 - - [30/Apr/2022:12:58:49 +0800] "POST /xingrg/kc/pszx/mdps_list_operate.html HTTP/1.1" 200 5272
180.157.251.97 - - [30/Apr/2022:12:58:52 +0800] "GET /xingrg/kc/pszx/mdps_order_add.html HTTP/1.1" 200 29035
180.157.251.97 - - [30/Apr/2022:12:58:52 +0800] "POST /xingrg/kc/pszx/mdps_order_operate.html HTTP/1.1" 200 7126
180.157.251.97 - - [30/Apr/2022:12:58:52 +0800] "GET /xingrg/javascript/easyui/themes/default/validatebox.css HTTP/1.1" 404 1104
180.162.112.220 - - [30/Apr/2022:12:58:53 +0800] "GET /xingrg/check_reg.html?_=1651294030175 HTTP/1.1" 200 22
180.162.112.220 - - [30/Apr/2022:12:58:53 +0800] "GET /xingrg/all/function/internal_message.html?_=1651294030178&CODE_STATE=getMsg HTTP/1.1" 200 27
101.85.120.86 - - [30/Apr/2022:12:58:53 +0800] "GET /xingrg/all/function/internal_message.html?_=1651294734601&CODE_STATE=getMsg HTTP/1.1" 200 27
180.157.251.97 - - [30/Apr/2022:12:58:55 +0800] "POST /xingrg/all/common/load_combo.html?type=base HTTP/1.1" 200 1169
58.39.201.47 - - [30/Apr/2022:12:58:55 +0800] "GET /xingrg/all/function/internal_message.html?_=1651294737191&CODE_STATE=getMsg HTTP/1.1" 200 27
58.40.7.146 - - [30/Apr/2022:12:58:57 +0800] "POST /xingrg/dwr/call/plaincall/AjaxCheckService.deleteOrderItem.dwr HTTP/1.1" 200 78
218.81.223.53 - - [30/Apr/2022:12:58:59 +0800] "GET /xingrg/all/function/internal_message.html?_=1651294758249&CODE_STATE=getMsg HTTP/1.1" 200 27
58.40.7.146 - - [30/Apr/2022:12:59:06 +0800] "GET /xingrg/all/function/internal_message.html?_=1651294747076&CODE_STATE=getMsg HTTP/1.1" 200 27
116.230.110.173 - - [30/Apr/2022:12:59:09 +0800] "GET /xingrg/all/function/internal_message.html?_=1651294749561&CODE_STATE=getMsg HTTP/1.1" 200 27
180.157.251.97 - - [30/Apr/2022:12:59:12 +0800] "GET /xingrg/all/function/internal_message.html?_=1651294753481&CODE_STATE=getMsg HTTP/1.1" 200 27
114.83.220.194 - - [30/Apr/2022:12:59:20 +0800] "GET /xingrg/all/function/internal_message.html?_=1651294760325&CODE_STATE=getMsg HTTP/1.1" 200 27
180.157.251.97 - - [30/Apr/2022:12:59:21 +0800] "GET /xingrg/kc/pszx/mdps_order_operate.html?command=get_materiel&pszx_code=00101&rest_code=00150&base_code=0010851&code=00101009144 HTTP/1.1" 200 408
180.169.147.146 - - [30/Apr/2022:12:59:24 +0800] "GET /xingrg/all/function/internal_message.html?_=1651294765222&CODE_STATE=getMsg HTTP/1.1" 200 27
117.143.50.163 - - [30/Apr/2022:12:59:29 +0800] "GET /xingrg/all/function/internal_message.html?_=1651294770787&CODE_STATE=getMsg HTTP/1.1" 302 -
117.143.50.163 - - [30/Apr/2022:12:59:29 +0800] "GET /xingrg/check_reg.html?_=1651294771050 HTTP/1.1" 302 -
58.39.61.91 - - [30/Apr/2022:12:59:31 +0800] "GET /xingrg/all/function/internal_message.html?_=1651294681650&CODE_STATE=getMsg HTTP/1.1" 200 27
180.157.251.97 - - [30/Apr/2022:12:59:31 +0800] "POST /xingrg/kc/pszx/mdps_order_operate.html HTTP/1.1" 200 37
180.157.251.97 - - [30/Apr/2022:12:59:32 +0800] "GET /xingrg/kc/pszx/mdps_order_info.html?code=312022043000264 HTTP/1.1" 200 23978
180.157.251.97 - - [30/Apr/2022:12:59:32 +0800] "GET /xingrg/javascript/easyui/themes/default/validatebox.css HTTP/1.1" 404 1104
180.157.251.97 - - [30/Apr/2022:12:59:32 +0800] "POST /xingrg/kc/pszx/mdps_order_operate.html HTTP/1.1" 200 2282
180.157.251.97 - - [30/Apr/2022:12:59:35 +0800] "GET /xingrg/kc/print/load_data.html?order_code=312022043000264&kc_code=mdps&condition= HTTP/1.1" 200 688
218.81.223.53 - - [30/Apr/2022:12:59:39 +0800] "GET /xingrg/all/function/internal_message.html?_=1651294798413&CODE_STATE=getMsg HTTP/1.1" 302 -
116.228.172.94 - - [30/Apr/2022:12:59:46 +0800] "GET /xingrg/all/function/internal_message.html?_=1651294782564&CODE_STATE=getMsg HTTP/1.1" 200 27
116.228.172.94 - - [30/Apr/2022:12:59:46 +0800] "GET /xingrg/check_reg.html?_=1651294782565 HTTP/1.1" 200 22
116.235.92.88 - - [30/Apr/2022:12:59:46 +0800] "GET /xingrg/all/function/internal_message.html?_=1651294957546&CODE_STATE=getMsg HTTP/1.1" 200 27
180.162.112.220 - - [30/Apr/2022:12:59:53 +0800] "GET /xingrg/all/function/internal_message.html?_=1651294090171&CODE_STATE=getMsg HTTP/1.1" 200 27
101.85.120.86 - - [30/Apr/2022:12:59:53 +0800] "GET /xingrg/all/function/internal_message.html?_=1651294794600&CODE_STATE=getMsg HTTP/1.1" 200 27
58.39.201.47 - - [30/Apr/2022:12:59:55 +0800] "GET /xingrg/all/function/internal_message.html?_=1651294797188&CODE_STATE=getMsg HTTP/1.1" 200 27
218.81.223.53 - - [30/Apr/2022:12:59:59 +0800] "GET /xingrg/all/function/internal_message.html?_=1651294818262&CODE_STATE=getMsg HTTP/1.1" 200 27
114.83.220.194 - - [30/Apr/2022:13:00:03 +0800] "GET /xingrg/check_reg.html?_=1651294803463 HTTP/1.1" 200 22
58.40.7.146 - - [30/Apr/2022:13:00:04 +0800] "POST /xingrg/dwr/call/plaincall/AjaxCheckService.deleteOrderItem.dwr HTTP/1.1" 200 78
58.40.7.146 - - [30/Apr/2022:13:00:06 +0800] "GET /xingrg/all/function/internal_message.html?_=1651294807053&CODE_STATE=getMsg HTTP/1.1" 200 27
58.40.7.146 - - [30/Apr/2022:13:00:07 +0800] "POST /xingrg/dwr/call/plaincall/AjaxCheckService.deleteOrderItem.dwr HTTP/1.1" 200 78
180.169.147.146 - - [30/Apr/2022:13:00:08 +0800] "GET /xingrg/check_reg.html?_=1651294809361 HTTP/1.1" 200 22
116.230.110.173 - - [30/Apr/2022:13:00:09 +0800] "GET /xingrg/check_reg.html?_=1651294809538 HTTP/1.1" 200 22
116.230.110.173 - - [30/Apr/2022:13:00:09 +0800] "GET /xingrg/all/function/internal_message.html?_=1651294809543&CODE_STATE=getMsg HTTP/1.1" 200 27
180.157.251.97 - - [30/Apr/2022:13:00:12 +0800] "GET /xingrg/all/function/internal_message.html?_=1651294813502&CODE_STATE=getMsg HTTP/1.1" 200 27
58.40.7.146 - - [30/Apr/2022:13:00:12 +0800] "POST /xingrg/dwr/call/plaincall/AjaxCheckService.deleteOrderItem.dwr HTTP/1.1" 200 78
58.40.7.146 - - [30/Apr/2022:13:00:16 +0800] "POST /xingrg/dwr/call/plaincall/AjaxCheckService.deleteOrderItem.dwr HTTP/1.1" 200 79
114.83.220.194 - - [30/Apr/2022:13:00:20 +0800] "GET /xingrg/all/function/internal_message.html?_=1651294820318&CODE_STATE=getMsg HTTP/1.1" 200 27
180.169.147.146 - - [30/Apr/2022:13:00:24 +0800] "GET /xingrg/all/function/internal_message.html?_=1651294825224&CODE_STATE=getMsg HTTP/1.1" 200 27
58.40.7.146 - - [30/Apr/2022:13:00:25 +0800] "POST /xingrg/dwr/call/plaincall/AjaxCheckService.deleteOrderItem.dwr HTTP/1.1" 200 79
117.143.50.163 - - [30/Apr/2022:13:00:29 +0800] "GET /xingrg/all/function/internal_message.html?_=1651294830784&CODE_STATE=getMsg HTTP/1.1" 302 -
58.39.61.91 - - [30/Apr/2022:13:00:31 +0800] "GET /xingrg/all/function/internal_message.html?_=1651294741677&CODE_STATE=getMsg HTTP/1.1" 200 27
58.40.7.146 - - [30/Apr/2022:13:00:35 +0800] "POST /xingrg/dwr/call/plaincall/AjaxCheckService.deleteOrderItem.dwr HTTP/1.1" 200 79
218.81.223.53 - - [30/Apr/2022:13:00:39 +0800] "GET /xingrg/all/function/internal_message.html?_=1651294858421&CODE_STATE=getMsg HTTP/1.1" 302 -
58.40.7.146 - - [30/Apr/2022:13:00:40 +0800] "POST /xingrg/dwr/call/plaincall/AjaxCheckService.deleteOrderItem.dwr HTTP/1.1" 200 79
58.40.7.146 - - [30/Apr/2022:13:00:45 +0800] "POST /xingrg/dwr/call/plaincall/AjaxCheckService.deleteOrderItem.dwr HTTP/1.1" 200 79
116.228.172.94 - - [30/Apr/2022:13:00:46 +0800] "GET /xingrg/all/function/internal_message.html?_=1651294842566&CODE_STATE=getMsg HTTP/1.1" 200 27
116.235.92.88 - - [30/Apr/2022:13:00:46 +0800] "GET /xingrg/all/function/internal_message.html?_=1651295017545&CODE_STATE=getMsg HTTP/1.1" 200 27
180.162.112.220 - - [30/Apr/2022:13:00:53 +0800] "GET /xingrg/all/function/internal_message.html?_=1651294150178&CODE_STATE=getMsg HTTP/1.1" 200 27
101.85.120.86 - - [30/Apr/2022:13:00:53 +0800] "GET /xingrg/all/function/internal_message.html?_=1651294854600&CODE_STATE=getMsg HTTP/1.1" 200 27
58.39.201.47 - - [30/Apr/2022:13:00:55 +0800] "GET /xingrg/all/function/internal_message.html?_=1651294857186&CODE_STATE=getMsg HTTP/1.1" 200 27
58.39.201.47 - - [30/Apr/2022:13:00:55 +0800] "GET /xingrg/check_reg.html?_=1651294857187 HTTP/1.1" 200 22
218.81.223.53 - - [30/Apr/2022:13:00:59 +0800] "GET /xingrg/all/function/internal_message.html?_=1651294878292&CODE_STATE=getMsg HTTP/1.1" 200 27
58.40.7.146 - - [30/Apr/2022:13:01:03 +0800] "GET /xingrg/kc/print/load_config.html?_=1651294864830&kc_code=check HTTP/1.1" 200 2411
58.40.7.146 - - [30/Apr/2022:13:01:04 +0800] "GET /xingrg/kc/print/load_data.html?_=1651294864868&order_code=452022043000026&kc_code=check HTTP/1.1" 200 9014
58.40.7.146 - - [30/Apr/2022:13:01:06 +0800] "GET /xingrg/all/function/internal_message.html?_=1651294867038&CODE_STATE=getMsg HTTP/1.1" 200 27
116.230.110.173 - - [30/Apr/2022:13:01:09 +0800] "GET /xingrg/all/function/internal_message.html?_=1651294869547&CODE_STATE=getMsg HTTP/1.1" 200 27
180.157.251.97 - - [30/Apr/2022:13:01:12 +0800] "GET /xingrg/all/function/internal_message.html?_=1651294873513&CODE_STATE=getMsg HTTP/1.1" 200 27
114.83.220.194 - - [30/Apr/2022:13:01:20 +0800] "GET /xingrg/all/function/internal_message.html?_=1651294880302&CODE_STATE=getMsg HTTP/1.1" 200 27
180.169.147.146 - - [30/Apr/2022:13:01:24 +0800] "GET /xingrg/all/function/internal_message.html?_=1651294885199&CODE_STATE=getMsg HTTP/1.1" 200 27
58.39.61.91 - - [30/Apr/2022:13:01:25 +0800] "GET /xingrg/check_reg.html?_=1651294795617 HTTP/1.1" 200 22
117.143.50.163 - - [30/Apr/2022:13:01:29 +0800] "GET /xingrg/all/function/internal_message.html?_=1651294890763&CODE_STATE=getMsg HTTP/1.1" 302 -
58.39.61.91 - - [30/Apr/2022:13:01:31 +0800] "GET /xingrg/all/function/internal_message.html?_=1651294801694&CODE_STATE=getMsg HTTP/1.1" 200 27
218.81.223.53 - - [30/Apr/2022:13:01:39 +0800] "GET /xingrg/all/function/internal_message.html?_=1651294918441&CODE_STATE=getMsg HTTP/1.1" 302 -
116.228.172.94 - - [30/Apr/2022:13:01:46 +0800] "GET /xingrg/all/function/internal_message.html?_=1651294902557&CODE_STATE=getMsg HTTP/1.1" 200 27
116.235.92.88 - - [30/Apr/2022:13:01:46 +0800] "GET /xingrg/all/function/internal_message.html?_=1651295077543&CODE_STATE=getMsg HTTP/1.1" 200 27
58.40.7.146 - - [30/Apr/2022:13:01:50 +0800] "POST /xingrg/kc/base/check_list_operate.html HTTP/1.1" 200 2252
58.40.7.146 - - [30/Apr/2022:13:01:51 +0800] "GET /xingrg/kc/base/check_order_info.html?code=452022043000026 HTTP/1.1" 200 26160
58.40.7.146 - - [30/Apr/2022:13:01:51 +0800] "GET /xingrg/dwr/interface/AjaxComOrderService.js HTTP/1.1" 200 18264
58.40.7.146 - - [30/Apr/2022:13:01:51 +0800] "GET /xingrg/dwr/interface/AjaxCheckService.js HTTP/1.1" 200 14003
58.40.7.146 - - [30/Apr/2022:13:01:51 +0800] "GET /xingrg/dwr/engine.js HTTP/1.1" 200 43631
58.40.7.146 - - [30/Apr/2022:13:01:52 +0800] "POST /xingrg/dwr/call/plaincall/AjaxCheckService.loadOrderItems.dwr HTTP/1.1" 200 30934
180.162.112.220 - - [30/Apr/2022:13:01:53 +0800] "GET /xingrg/all/function/internal_message.html?_=1651294210178&CODE_STATE=getMsg HTTP/1.1" 200 27
101.85.120.86 - - [30/Apr/2022:13:01:53 +0800] "GET /xingrg/check_reg.html?_=1651294914600 HTTP/1.1" 200 22
101.85.120.86 - - [30/Apr/2022:13:01:53 +0800] "GET /xingrg/all/function/internal_message.html?_=1651294914603&CODE_STATE=getMsg HTTP/1.1" 200 27
58.39.201.47 - - [30/Apr/2022:13:01:55 +0800] "GET /xingrg/all/function/internal_message.html?_=1651294917185&CODE_STATE=getMsg HTTP/1.1" 200 27
218.81.223.53 - - [30/Apr/2022:13:01:59 +0800] "GET /xingrg/all/function/internal_message.html?_=1651294938305&CODE_STATE=getMsg HTTP/1.1" 200 27
58.40.7.146 - - [30/Apr/2022:13:02:06 +0800] "GET /xingrg/all/function/internal_message.html?_=1651294927004&CODE_STATE=getMsg HTTP/1.1" 200 27
58.40.7.146 - - [30/Apr/2022:13:02:06 +0800] "POST /xingrg/kc/base/check_list_operate.html HTTP/1.1" 200 2252
58.40.7.146 - - [30/Apr/2022:13:02:08 +0800] "GET /xingrg/kc/base/check_order_info.html?code=452022043000026 HTTP/1.1" 200 26160
58.40.7.146 - - [30/Apr/2022:13:02:08 +0800] "GET /xingrg/dwr/interface/AjaxCheckService.js HTTP/1.1" 200 14003
58.40.7.146 - - [30/Apr/2022:13:02:08 +0800] "GET /xingrg/dwr/interface/AjaxComOrderService.js HTTP/1.1" 200 18264
58.40.7.146 - - [30/Apr/2022:13:02:08 +0800] "GET /xingrg/dwr/engine.js HTTP/1.1" 200 43631
58.40.7.146 - - [30/Apr/2022:13:02:08 +0800] "POST /xingrg/dwr/call/plaincall/AjaxCheckService.loadOrderItems.dwr HTTP/1.1" 200 30934
116.230.110.173 - - [30/Apr/2022:13:02:09 +0800] "GET /xingrg/all/function/internal_message.html?_=1651294929546&CODE_STATE=getMsg HTTP/1.1" 200 27
180.157.251.97 - - [30/Apr/2022:13:02:12 +0800] "GET /xingrg/all/function/internal_message.html?_=1651294933509&CODE_STATE=getMsg HTTP/1.1" 200 27
58.40.7.146 - - [30/Apr/2022:13:02:17 +0800] "POST /xingrg/kc/base/check_list_operate.html HTTP/1.1" 200 2252
58.40.7.146 - - [30/Apr/2022:13:02:19 +0800] "GET /xingrg/dwr/interface/AjaxComOrderService.js HTTP/1.1" 200 18264
58.40.7.146 - - [30/Apr/2022:13:02:19 +0800] "GET /xingrg/kc/base/check_order_add.html HTTP/1.1" 200 26107
58.40.7.146 - - [30/Apr/2022:13:02:19 +0800] "GET /xingrg/dwr/interface/AjaxCheckService.js HTTP/1.1" 200 14003
58.40.7.146 - - [30/Apr/2022:13:02:19 +0800] "GET /xingrg/dwr/engine.js HTTP/1.1" 200 43631
114.83.220.194 - - [30/Apr/2022:13:02:20 +0800] "GET /xingrg/all/function/internal_message.html?_=1651294940280&CODE_STATE=getMsg HTTP/1.1" 200 27
180.169.147.146 - - [30/Apr/2022:13:02:24 +0800] "GET /xingrg/all/function/internal_message.html?_=1651294945182&CODE_STATE=getMsg HTTP/1.1" 200 27
58.40.7.146 - - [30/Apr/2022:13:02:27 +0800] "POST /xingrg/dwr/call/plaincall/AjaxCheckService.saveOrder.dwr HTTP/1.1" 200 78
58.40.7.146 - - [30/Apr/2022:13:02:28 +0800] "POST /xingrg/dwr/call/plaincall/AjaxCheckService.loadOrderItems.dwr HTTP/1.1" 200 367
117.143.50.163 - - [30/Apr/2022:13:02:29 +0800] "GET /xingrg/all/function/internal_message.html?_=1651294950755&CODE_STATE=getMsg HTTP/1.1" 302 -
58.39.61.91 - - [30/Apr/2022:13:02:31 +0800] "GET /xingrg/all/function/internal_message.html?_=1651294861706&CODE_STATE=getMsg HTTP/1.1" 200 27
218.81.223.53 - - [30/Apr/2022:13:02:39 +0800] "GET /xingrg/all/function/internal_message.html?_=1651294978448&CODE_STATE=getMsg HTTP/1.1" 302 -
58.40.7.146 - - [30/Apr/2022:13:02:42 +0800] "POST /xingrg/dwr/call/plaincall/AjaxCheckService.saveOrder.dwr HTTP/1.1" 200 78
58.40.7.146 - - [30/Apr/2022:13:02:43 +0800] "POST /xingrg/dwr/call/plaincall/AjaxCheckService.loadOrderItems.dwr HTTP/1.1" 200 367
58.40.7.146 - - [30/Apr/2022:13:02:46 +0800] "POST /xingrg/kc/report/common_data.html?type=materiel_category_tree HTTP/1.1" 200 3878
116.228.172.94 - - [30/Apr/2022:13:02:46 +0800] "GET /xingrg/all/function/internal_message.html?_=1651294962562&CODE_STATE=getMsg HTTP/1.1" 200 27
116.235.92.88 - - [30/Apr/2022:13:02:46 +0800] "GET /xingrg/check_reg.html?_=1651295137543 HTTP/1.1" 200 22
116.235.92.88 - - [30/Apr/2022:13:02:47 +0800] "GET /xingrg/all/function/internal_message.html?_=1651295137541&CODE_STATE=getMsg HTTP/1.1" 200 27
180.162.112.220 - - [30/Apr/2022:13:02:53 +0800] "GET /xingrg/all/function/internal_message.html?_=1651294270178&CODE_STATE=getMsg HTTP/1.1" 200 27
101.85.120.86 - - [30/Apr/2022:13:02:53 +0800] "GET /xingrg/all/function/internal_message.html?_=1651294974604&CODE_STATE=getMsg HTTP/1.1" 200 27
58.40.7.146 - - [30/Apr/2022:13:02:54 +0800] "POST /xingrg/dwr/call/plaincall/AjaxCheckService.importOrderItems.dwr HTTP/1.1" 200 78
58.39.201.47 - - [30/Apr/2022:13:02:55 +0800] "GET /xingrg/all/function/internal_message.html?_=1651294977184&CODE_STATE=getMsg HTTP/1.1" 200 27
58.40.7.146 - - [30/Apr/2022:13:02:56 +0800] "POST /xingrg/dwr/call/plaincall/AjaxCheckService.loadOrderItems.dwr HTTP/1.1" 200 132700
218.81.223.53 - - [30/Apr/2022:13:02:58 +0800] "GET /xingrg/check_reg.html?_=1651294996487 HTTP/1.1" 200 22
101.85.120.86 - - [30/Apr/2022:13:02:58 +0800] "POST /xingrg/kc/base/stock_operate.html HTTP/1.1" 200 4168
218.81.223.53 - - [30/Apr/2022:13:02:59 +0800] "GET /xingrg/all/function/internal_message.html?_=1651294998318&CODE_STATE=getMsg HTTP/1.1" 200 27
101.85.120.86 - - [30/Apr/2022:13:03:01 +0800] "POST /xingrg/kc/base/stock_operate.html HTTP/1.1" 200 4171
101.85.120.86 - - [30/Apr/2022:13:03:04 +0800] "POST /xingrg/kc/base/stock_operate.html HTTP/1.1" 200 3995
58.40.7.146 - - [30/Apr/2022:13:03:06 +0800] "GET /xingrg/all/function/internal_message.html?_=1651294986984&CODE_STATE=getMsg HTTP/1.1" 200 27
116.230.110.173 - - [30/Apr/2022:13:03:09 +0800] "GET /xingrg/all/function/internal_message.html?_=1651294989549&CODE_STATE=getMsg HTTP/1.1" 200 27
58.40.7.146 - - [30/Apr/2022:13:03:11 +0800] "POST /xingrg/dwr/call/plaincall/AjaxCheckService.importOrderItems.dwr HTTP/1.1" 200 78
180.157.251.97 - - [30/Apr/2022:13:03:12 +0800] "GET /xingrg/check_reg.html?_=1651294993506 HTTP/1.1" 200 22
180.157.251.97 - - [30/Apr/2022:13:03:12 +0800] "GET /xingrg/all/function/internal_message.html?_=1651294993508&CODE_STATE=getMsg HTTP/1.1" 200 27
58.40.7.146 - - [30/Apr/2022:13:03:13 +0800] "POST /xingrg/dwr/call/plaincall/AjaxCheckService.loadOrderItems.dwr HTTP/1.1" 200 7815
58.40.7.146 - - [30/Apr/2022:13:03:19 +0800] "GET /xingrg/kc/print/load_config.html?_=1651295000076&kc_code=check HTTP/1.1" 200 2411
58.40.7.146 - - [30/Apr/2022:13:03:19 +0800] "GET /xingrg/kc/print/load_data.html?_=1651295000110&order_code=452022043000027&kc_code=check HTTP/1.1" 200 2398
114.83.220.194 - - [30/Apr/2022:13:03:20 +0800] "GET /xingrg/all/function/internal_message.html?_=1651295000255&CODE_STATE=getMsg HTTP/1.1" 200 27
180.169.147.146 - - [30/Apr/2022:13:03:24 +0800] "GET /xingrg/all/function/internal_message.html?_=1651295005167&CODE_STATE=getMsg HTTP/1.1" 200 27
117.143.50.163 - - [30/Apr/2022:13:03:29 +0800] "GET /xingrg/all/function/internal_message.html?_=1651295010740&CODE_STATE=getMsg HTTP/1.1" 302 -
58.39.61.91 - - [30/Apr/2022:13:03:31 +0800] "GET /xingrg/all/function/internal_message.html?_=1651294921733&CODE_STATE=getMsg HTTP/1.1" 200 27
218.81.223.53 - - [30/Apr/2022:13:03:34 +0800] "GET /xingrg/check_reg.html?_=1651295033724 HTTP/1.1" 302 -
218.81.223.53 - - [30/Apr/2022:13:03:39 +0800] "GET /xingrg/all/function/internal_message.html?_=1651295038462&CODE_STATE=getMsg HTTP/1.1" 302 -
58.40.7.146 - - [30/Apr/2022:13:03:44 +0800] "GET /xingrg/check_reg.html?_=1651295025480 HTTP/1.1" 200 22
116.228.172.94 - - [30/Apr/2022:13:03:46 +0800] "GET /xingrg/all/function/internal_message.html?_=1651295022568&CODE_STATE=getMsg HTTP/1.1" 200 27
116.235.92.88 - - [30/Apr/2022:13:03:46 +0800] "GET /xingrg/all/function/internal_message.html?_=1651295197540&CODE_STATE=getMsg HTTP/1.1" 200 27
180.162.112.220 - - [30/Apr/2022:13:03:53 +0800] "GET /xingrg/check_reg.html?_=1651294330178 HTTP/1.1" 200 22
180.162.112.220 - - [30/Apr/2022:13:03:53 +0800] "GET /xingrg/all/function/internal_message.html?_=1651294330181&CODE_STATE=getMsg HTTP/1.1" 200 27
101.85.120.86 - - [30/Apr/2022:13:03:53 +0800] "GET /xingrg/all/function/internal_message.html?_=1651295034589&CODE_STATE=getMsg HTTP/1.1" 200 27
58.39.201.47 - - [30/Apr/2022:13:03:55 +0800] "GET /xingrg/all/function/internal_message.html?_=1651295037197&CODE_STATE=getMsg HTTP/1.1" 200 27
58.40.7.146 - - [30/Apr/2022:13:03:55 +0800] "POST /xingrg/kc/base/check_list_operate.html HTTP/1.1" 200 2594
58.40.7.146 - - [30/Apr/2022:13:03:57 +0800] "GET /xingrg/kc/base/check_order_add.html HTTP/1.1" 200 26107
58.40.7.146 - - [30/Apr/2022:13:03:57 +0800] "GET /xingrg/dwr/interface/AjaxComOrderService.js HTTP/1.1" 200 18264
58.40.7.146 - - [30/Apr/2022:13:03:57 +0800] "GET /xingrg/dwr/interface/AjaxCheckService.js HTTP/1.1" 200 14003
58.40.7.146 - - [30/Apr/2022:13:03:57 +0800] "GET /xingrg/dwr/engine.js HTTP/1.1" 200 43631
218.81.223.53 - - [30/Apr/2022:13:03:59 +0800] "GET /xingrg/all/function/internal_message.html?_=1651295058332&CODE_STATE=getMsg HTTP/1.1" 200 27
58.40.7.146 - - [30/Apr/2022:13:04:02 +0800] "POST /xingrg/dwr/call/plaincall/AjaxCheckService.saveOrder.dwr HTTP/1.1" 200 78
58.40.7.146 - - [30/Apr/2022:13:04:03 +0800] "POST /xingrg/dwr/call/plaincall/AjaxCheckService.loadOrderItems.dwr HTTP/1.1" 200 367
58.40.7.146 - - [30/Apr/2022:13:04:06 +0800] "GET /xingrg/all/function/internal_message.html?_=1651295046957&CODE_STATE=getMsg HTTP/1.1" 200 27
58.40.7.146 - - [30/Apr/2022:13:04:07 +0800] "POST /xingrg/kc/report/common_data.html?type=materiel_category_tree HTTP/1.1" 200 3878
116.230.110.173 - - [30/Apr/2022:13:04:09 +0800] "GET /xingrg/all/function/internal_message.html?_=1651295049546&CODE_STATE=getMsg HTTP/1.1" 200 27
58.40.7.146 - - [30/Apr/2022:13:04:11 +0800] "POST /xingrg/dwr/call/plaincall/AjaxCheckService.importOrderItems.dwr HTTP/1.1" 200 78
180.157.251.97 - - [30/Apr/2022:13:04:12 +0800] "GET /xingrg/all/function/internal_message.html?_=1651295053533&CODE_STATE=getMsg HTTP/1.1" 200 27
58.40.7.146 - - [30/Apr/2022:13:04:13 +0800] "POST /xingrg/dwr/call/plaincall/AjaxCheckService.loadOrderItems.dwr HTTP/1.1" 200 16515
114.83.220.194 - - [30/Apr/2022:13:04:20 +0800] "GET /xingrg/all/function/internal_message.html?_=1651295060252&CODE_STATE=getMsg HTTP/1.1" 200 27
180.169.147.146 - - [30/Apr/2022:13:04:24 +0800] "GET /xingrg/all/function/internal_message.html?_=1651295065143&CODE_STATE=getMsg HTTP/1.1" 200 27
117.143.50.163 - - [30/Apr/2022:13:04:29 +0800] "GET /xingrg/all/function/internal_message.html?_=1651295070724&CODE_STATE=getMsg HTTP/1.1" 302 -
101.85.120.86 - - [30/Apr/2022:13:04:29 +0800] "POST /xingrg/kc/base/stock_operate.html HTTP/1.1" 200 4171
117.143.50.163 - - [30/Apr/2022:13:04:29 +0800] "GET /xingrg/check_reg.html?_=1651295071034 HTTP/1.1" 302 -
58.39.61.91 - - [30/Apr/2022:13:04:31 +0800] "GET /xingrg/all/function/internal_message.html?_=1651294981734&CODE_STATE=getMsg HTTP/1.1" 200 27
58.40.7.146 - - [30/Apr/2022:13:04:31 +0800] "POST /xingrg/dwr/call/plaincall/AjaxCheckService.deleteOrderItem.dwr HTTP/1.1" 200 78
58.40.7.146 - - [30/Apr/2022:13:04:36 +0800] "POST /xingrg/dwr/call/plaincall/AjaxCheckService.deleteOrderItem.dwr HTTP/1.1" 200 78
58.40.7.146 - - [30/Apr/2022:13:04:38 +0800] "POST /xingrg/dwr/call/plaincall/AjaxCheckService.deleteOrderItem.dwr HTTP/1.1" 200 78
218.81.223.53 - - [30/Apr/2022:13:04:39 +0800] "GET /xingrg/all/function/internal_message.html?_=1651295098483&CODE_STATE=getMsg HTTP/1.1" 302 -
58.40.7.146 - - [30/Apr/2022:13:04:41 +0800] "POST /xingrg/dwr/call/plaincall/AjaxCheckService.deleteOrderItem.dwr HTTP/1.1" 200 78
58.40.7.146 - - [30/Apr/2022:13:04:43 +0800] "POST /xingrg/dwr/call/plaincall/AjaxCheckService.deleteOrderItem.dwr HTTP/1.1" 200 78
58.40.7.146 - - [30/Apr/2022:13:04:46 +0800] "POST /xingrg/dwr/call/plaincall/AjaxCheckService.deleteOrderItem.dwr HTTP/1.1" 200 78
116.228.172.94 - - [30/Apr/2022:13:04:46 +0800] "GET /xingrg/check_reg.html?_=1651295082566 HTTP/1.1" 200 22
116.228.172.94 - - [30/Apr/2022:13:04:46 +0800] "GET /xingrg/all/function/internal_message.html?_=1651295082568&CODE_STATE=getMsg HTTP/1.1" 200 27
116.235.92.88 - - [30/Apr/2022:13:04:46 +0800] "GET /xingrg/all/function/internal_message.html?_=1651295257538&CODE_STATE=getMsg HTTP/1.1" 200 27
58.40.7.146 - - [30/Apr/2022:13:04:49 +0800] "POST /xingrg/dwr/call/plaincall/AjaxCheckService.deleteOrderItem.dwr HTTP/1.1" 200 79
180.162.112.220 - - [30/Apr/2022:13:04:53 +0800] "GET /xingrg/all/function/internal_message.html?_=1651294390180&CODE_STATE=getMsg HTTP/1.1" 200 27
101.85.120.86 - - [30/Apr/2022:13:04:53 +0800] "GET /xingrg/all/function/internal_message.html?_=1651295094589&CODE_STATE=getMsg HTTP/1.1" 200 27
58.39.201.47 - - [30/Apr/2022:13:04:55 +0800] "GET /xingrg/all/function/internal_message.html?_=1651295097195&CODE_STATE=getMsg HTTP/1.1" 200 27
58.40.7.146 - - [30/Apr/2022:13:04:56 +0800] "POST /xingrg/dwr/call/plaincall/AjaxCheckService.deleteOrderItem.dwr HTTP/1.1" 200 79
58.40.7.146 - - [30/Apr/2022:13:04:59 +0800] "POST /xingrg/dwr/call/plaincall/AjaxCheckService.deleteOrderItem.dwr HTTP/1.1" 200 79
218.81.223.53 - - [30/Apr/2022:13:04:59 +0800] "GET /xingrg/all/function/internal_message.html?_=1651295118346&CODE_STATE=getMsg HTTP/1.1" 200 27
58.40.7.146 - - [30/Apr/2022:13:05:01 +0800] "POST /xingrg/dwr/call/plaincall/AjaxCheckService.deleteOrderItem.dwr HTTP/1.1" 200 79
114.83.220.194 - - [30/Apr/2022:13:05:03 +0800] "GET /xingrg/check_reg.html?_=1651295103490 HTTP/1.1" 200 22
58.40.7.146 - - [30/Apr/2022:13:05:04 +0800] "POST /xingrg/dwr/call/plaincall/AjaxCheckService.deleteOrderItem.dwr HTTP/1.1" 200 79
58.40.7.146 - - [30/Apr/2022:13:05:06 +0800] "GET /xingrg/all/function/internal_message.html?_=1651295106933&CODE_STATE=getMsg HTTP/1.1" 200 27
180.169.147.146 - - [30/Apr/2022:13:05:08 +0800] "GET /xingrg/check_reg.html?_=1651295109366 HTTP/1.1" 200 22
116.230.110.173 - - [30/Apr/2022:13:05:09 +0800] "GET /xingrg/check_reg.html?_=1651295109535 HTTP/1.1" 200 22
116.230.110.173 - - [30/Apr/2022:13:05:09 +0800] "GET /xingrg/all/function/internal_message.html?_=1651295109539&CODE_STATE=getMsg HTTP/1.1" 200 27
58.40.7.146 - - [30/Apr/2022:13:05:11 +0800] "GET /xingrg/kc/print/load_config.html?_=1651295112735&kc_code=check HTTP/1.1" 200 2411
58.40.7.146 - - [30/Apr/2022:13:05:11 +0800] "GET /xingrg/kc/print/load_data.html?_=1651295112767&order_code=452022043000028&kc_code=check HTTP/1.1" 200 2930
180.157.251.97 - - [30/Apr/2022:13:05:12 +0800] "GET /xingrg/all/function/internal_message.html?_=1651295113529&CODE_STATE=getMsg HTTP/1.1" 200 27
114.83.220.194 - - [30/Apr/2022:13:05:20 +0800] "GET /xingrg/all/function/internal_message.html?_=1651295120230&CODE_STATE=getMsg HTTP/1.1" 200 27
180.169.147.146 - - [30/Apr/2022:13:05:24 +0800] "GET /xingrg/all/function/internal_message.html?_=1651295125136&CODE_STATE=getMsg HTTP/1.1" 200 27
58.40.7.146 - - [30/Apr/2022:13:05:29 +0800] "POST /xingrg/kc/base/check_list_operate.html HTTP/1.1" 200 2921
117.143.50.163 - - [30/Apr/2022:13:05:29 +0800] "GET /xingrg/all/function/internal_message.html?_=1651295130721&CODE_STATE=getMsg HTTP/1.1" 302 -
58.39.61.91 - - [30/Apr/2022:13:05:31 +0800] "GET /xingrg/all/function/internal_message.html?_=1651295041759&CODE_STATE=getMsg HTTP/1.1" 200 27
58.40.7.146 - - [30/Apr/2022:13:05:33 +0800] "GET /xingrg/kc/base/check_order_add.html HTTP/1.1" 200 26107
58.40.7.146 - - [30/Apr/2022:13:05:33 +0800] "GET /xingrg/dwr/interface/AjaxComOrderService.js HTTP/1.1" 200 18264
58.40.7.146 - - [30/Apr/2022:13:05:33 +0800] "GET /xingrg/dwr/interface/AjaxCheckService.js HTTP/1.1" 200 14003
58.40.7.146 - - [30/Apr/2022:13:05:33 +0800] "GET /xingrg/dwr/engine.js HTTP/1.1" 200 43631
218.81.223.53 - - [30/Apr/2022:13:05:39 +0800] "GET /xingrg/all/function/internal_message.html?_=1651295158490&CODE_STATE=getMsg HTTP/1.1" 302 -
114.86.228.30 - - [30/Apr/2022:13:05:43 +0800] "POST /xingrg/services/DataTransmitService HTTP/1.1" 200 524
114.86.228.30 - - [30/Apr/2022:13:05:43 +0800] "POST /xingrg/services/DataTransmitService HTTP/1.1" 200 501
58.40.7.146 - - [30/Apr/2022:13:05:44 +0800] "POST /xingrg/dwr/call/plaincall/AjaxCheckService.saveOrder.dwr HTTP/1.1" 200 78
58.40.7.146 - - [30/Apr/2022:13:05:45 +0800] "POST /xingrg/dwr/call/plaincall/AjaxCheckService.loadOrderItems.dwr HTTP/1.1" 200 367
116.228.172.94 - - [30/Apr/2022:13:05:46 +0800] "GET /xingrg/all/function/internal_message.html?_=1651295142557&CODE_STATE=getMsg HTTP/1.1" 200 27
116.235.92.88 - - [30/Apr/2022:13:05:46 +0800] "GET /xingrg/all/function/internal_message.html?_=1651295317537&CODE_STATE=getMsg HTTP/1.1" 200 27
58.40.7.146 - - [30/Apr/2022:13:05:48 +0800] "POST /xingrg/kc/report/common_data.html?type=materiel_category_tree HTTP/1.1" 200 3878
180.162.112.220 - - [30/Apr/2022:13:05:53 +0800] "GET /xingrg/all/function/internal_message.html?_=1651294450180&CODE_STATE=getMsg HTTP/1.1" 200 27
101.85.120.86 - - [30/Apr/2022:13:05:53 +0800] "GET /xingrg/all/function/internal_message.html?_=1651295154604&CODE_STATE=getMsg HTTP/1.1" 200 27
58.40.7.146 - - [30/Apr/2022:13:05:54 +0800] "POST /xingrg/dwr/call/plaincall/AjaxCheckService.importOrderItems.dwr HTTP/1.1" 200 78
58.40.7.146 - - [30/Apr/2022:13:05:55 +0800] "POST /xingrg/dwr/call/plaincall/AjaxCheckService.loadOrderItems.dwr HTTP/1.1" 200 72043
58.39.201.47 - - [30/Apr/2022:13:05:55 +0800] "GET /xingrg/check_reg.html?_=1651295157220 HTTP/1.1" 200 22
