180.162.112.220 - - [30/Apr/2022:07:52:53 +0800] "GET /xingrg/all/function/internal_message.html?_=1651275669258&CODE_STATE=count HTTP/1.1" 200 11
180.162.112.220 - - [30/Apr/2022:07:52:53 +0800] "GET /xingrg/check_reg.html?_=1651275669259 HTTP/1.1" 200 22
180.162.112.220 - - [30/Apr/2022:07:52:53 +0800] "POST /xingrg/load_menu.html HTTP/1.1" 200 5138
58.39.201.47 - - [30/Apr/2022:07:52:55 +0800] "GET /xingrg/all/function/internal_message.html?_=1651276376658&CODE_STATE=getMsg HTTP/1.1" 200 27
180.162.112.220 - - [30/Apr/2022:07:52:57 +0800] "GET /xingrg/kc/base/base_main.html HTTP/1.1" 200 12142
180.162.112.220 - - [30/Apr/2022:07:52:58 +0800] "GET /xingrg/kc/base/wlsy_order_list.html?syType=0 HTTP/1.1" 200 17227
180.162.112.220 - - [30/Apr/2022:07:52:58 +0800] "POST /xingrg/kc/base/wlsy_list_operate.html?syType=0 HTTP/1.1" 200 862
116.230.110.173 - - [30/Apr/2022:07:53:09 +0800] "GET /xingrg/all/function/internal_message.html?_=1651276389537&CODE_STATE=getMsg HTTP/1.1" 200 27
180.162.112.220 - - [30/Apr/2022:07:53:09 +0800] "POST /xingrg/kc/base/wlsy_list_operate.html?syType=0 HTTP/1.1" 200 1708
218.81.223.53 - - [30/Apr/2022:07:53:34 +0800] "GET /xingrg/check_reg.html?_=1651276433321 HTTP/1.1" 200 22
218.81.223.53 - - [30/Apr/2022:07:53:35 +0800] "GET /xingrg/all/function/internal_message.html?_=1651276434236&CODE_STATE=getMsg HTTP/1.1" 200 27
180.162.112.220 - - [30/Apr/2022:07:53:35 +0800] "POST /xingrg/kc/base/wlsy_list_operate.html?syType=0 HTTP/1.1" 200 862
180.162.112.220 - - [30/Apr/2022:07:53:36 +0800] "POST /xingrg/kc/base/wlsy_list_operate.html?syType=0 HTTP/1.1" 200 862
180.162.112.220 - - [30/Apr/2022:07:53:42 +0800] "POST /xingrg/kc/base/wlsy_list_operate.html?syType=0 HTTP/1.1" 200 862
180.162.112.220 - - [30/Apr/2022:07:53:42 +0800] "POST /xingrg/kc/base/wlsy_list_operate.html?syType=0 HTTP/1.1" 200 862
116.235.92.88 - - [30/Apr/2022:07:53:46 +0800] "GET /xingrg/all/function/internal_message.html?_=1651276597259&CODE_STATE=getMsg HTTP/1.1" 200 27
180.162.112.220 - - [30/Apr/2022:07:53:51 +0800] "POST /xingrg/kc/base/wlsy_list_operate.html?syType=0 HTTP/1.1" 200 862
180.162.112.220 - - [30/Apr/2022:07:53:53 +0800] "GET /xingrg/all/function/internal_message.html?_=1651275729262&CODE_STATE=getMsg HTTP/1.1" 200 27
58.39.201.47 - - [30/Apr/2022:07:53:55 +0800] "GET /xingrg/all/function/internal_message.html?_=1651276436657&CODE_STATE=getMsg HTTP/1.1" 200 27
180.162.112.220 - - [30/Apr/2022:07:53:58 +0800] "GET /xingrg/kc/mdqp/qp_main.html HTTP/1.1" 200 10633
180.162.112.220 - - [30/Apr/2022:07:53:58 +0800] "GET /xingrg/images/blue/button/qqpsd.gif HTTP/1.1" 304 -
180.162.112.220 - - [30/Apr/2022:07:53:58 +0800] "GET /xingrg/images/blue/button/psshd.gif HTTP/1.1" 304 -
180.162.112.220 - - [30/Apr/2022:07:53:58 +0800] "GET /xingrg/images/blue/button/pszx.gif HTTP/1.1" 304 -
180.162.112.220 - - [30/Apr/2022:07:54:06 +0800] "GET /xingrg/kc/base/base_main.html HTTP/1.1" 200 12142
180.162.112.220 - - [30/Apr/2022:07:54:08 +0800] "GET /xingrg/kc/base/wlsy_order_list.html?syType=0 HTTP/1.1" 200 17227
180.162.112.220 - - [30/Apr/2022:07:54:08 +0800] "POST /xingrg/kc/base/wlsy_list_operate.html?syType=0 HTTP/1.1" 200 862
116.230.110.173 - - [30/Apr/2022:07:54:09 +0800] "GET /xingrg/all/function/internal_message.html?_=1651276449550&CODE_STATE=getMsg HTTP/1.1" 200 27
180.162.112.220 - - [30/Apr/2022:07:54:10 +0800] "POST /xingrg/kc/base/wlsy_list_operate.html?syType=0 HTTP/1.1" 200 862
180.162.112.220 - - [30/Apr/2022:07:54:18 +0800] "POST /xingrg/kc/base/wlsy_list_operate.html?syType=0 HTTP/1.1" 200 1708
218.81.223.53 - - [30/Apr/2022:07:54:35 +0800] "GET /xingrg/all/function/internal_message.html?_=1651276494248&CODE_STATE=getMsg HTTP/1.1" 200 27
180.162.112.220 - - [30/Apr/2022:07:54:42 +0800] "POST /xingrg/kc/base/wlsy_list_operate.html?syType=0 HTTP/1.1" 200 1712
180.162.112.220 - - [30/Apr/2022:07:54:43 +0800] "POST /xingrg/kc/base/wlsy_list_operate.html?syType=0 HTTP/1.1" 200 1712
116.235.92.88 - - [30/Apr/2022:07:54:46 +0800] "GET /xingrg/all/function/internal_message.html?_=1651276657258&CODE_STATE=getMsg HTTP/1.1" 200 27
180.162.112.220 - - [30/Apr/2022:07:54:53 +0800] "GET /xingrg/all/function/internal_message.html?_=1651275789276&CODE_STATE=getMsg HTTP/1.1" 200 27
58.39.201.47 - - [30/Apr/2022:07:54:55 +0800] "GET /xingrg/all/function/internal_message.html?_=1651276496644&CODE_STATE=getMsg HTTP/1.1" 200 27
180.162.112.220 - - [30/Apr/2022:07:55:04 +0800] "POST /xingrg/kc/base/wlsy_list_operate.html?syType=0 HTTP/1.1" 200 563
180.162.112.220 - - [30/Apr/2022:07:55:04 +0800] "GET /xingrg/kc/base/wlsy_order_info.html?code=412022032500024 HTTP/1.1" 200 25169
180.162.112.220 - - [30/Apr/2022:07:55:04 +0800] "POST /xingrg/kc/base/wlsy_order_operate.html HTTP/1.1" 200 7551
180.162.112.220 - - [30/Apr/2022:07:55:04 +0800] "GET /xingrg/javascript/easyui/themes/default/validatebox.css HTTP/1.1" 404 1104
116.230.110.173 - - [30/Apr/2022:07:55:09 +0800] "GET /xingrg/check_reg.html?_=1651276509554 HTTP/1.1" 200 22
116.230.110.173 - - [30/Apr/2022:07:55:09 +0800] "GET /xingrg/all/function/internal_message.html?_=1651276509558&CODE_STATE=getMsg HTTP/1.1" 200 27
218.81.223.53 - - [30/Apr/2022:07:55:35 +0800] "GET /xingrg/all/function/internal_message.html?_=1651276554263&CODE_STATE=getMsg HTTP/1.1" 200 27
180.162.112.220 - - [30/Apr/2022:07:55:45 +0800] "GET /xingrg/kc/base/wlsy_order_report.html?fileType=servlets/rtf&code=412022032500024&reportName=ck_order_report&subName=wldb HTTP/1.1" 302 -
180.162.112.220 - - [30/Apr/2022:07:55:46 +0800] "GET /favicon.ico HTTP/1.1" 404 -
180.162.112.220 - - [30/Apr/2022:07:55:46 +0800] "GET /xingrg/servlets/rtf?sysBaseUrl=http%3A%2F%2F180.169.147.146%3A18081%2Fxingrg%2F&costTime=119×tamp=1651276545873 HTTP/1.1" 200 90375
116.235.92.88 - - [30/Apr/2022:07:55:46 +0800] "GET /xingrg/all/function/internal_message.html?_=1651276717257&CODE_STATE=getMsg HTTP/1.1" 200 27
180.162.112.220 - - [30/Apr/2022:07:55:53 +0800] "GET /xingrg/all/function/internal_message.html?_=1651275849277&CODE_STATE=getMsg HTTP/1.1" 200 27
58.39.201.47 - - [30/Apr/2022:07:55:55 +0800] "GET /xingrg/all/function/internal_message.html?_=1651276556646&CODE_STATE=getMsg HTTP/1.1" 200 27
58.39.201.47 - - [30/Apr/2022:07:55:55 +0800] "GET /xingrg/check_reg.html?_=1651276556649 HTTP/1.1" 200 22
180.162.112.220 - - [30/Apr/2022:07:55:58 +0800] "GET /xingrg/kc/base/wlsy_order_report.html?fileType=servlets/jxl&code=412022032500024&reportName=ck_order_report&subName=wldb HTTP/1.1" 302 -
180.162.112.220 - - [30/Apr/2022:07:55:58 +0800] "GET /xingrg/servlets/jxl?sysBaseUrl=http%3A%2F%2F180.169.147.146%3A18081%2Fxingrg%2F&costTime=87×tamp=1651276558686 HTTP/1.1" 200 5
180.162.112.220 - - [30/Apr/2022:07:55:58 +0800] "GET /favicon.ico HTTP/1.1" 404 -
116.230.110.173 - - [30/Apr/2022:07:56:09 +0800] "GET /xingrg/all/function/internal_message.html?_=1651276569556&CODE_STATE=getMsg HTTP/1.1" 200 27
180.162.112.220 - - [30/Apr/2022:07:56:25 +0800] "GET /xingrg/kc/base/wlsy_order_report.html?fileType=servlets/html&code=412022032500024&reportName=ck_order_report&subName=wldb HTTP/1.1" 302 -
180.162.112.220 - - [30/Apr/2022:07:56:25 +0800] "GET /xingrg/servlets/image?image=px HTTP/1.1" 200 807
180.162.112.220 - - [30/Apr/2022:07:56:25 +0800] "GET /xingrg/servlets/html?sysBaseUrl=http%3A%2F%2F180.169.147.146%3A18081%2Fxingrg%2F&costTime=148×tamp=1651276585368 HTTP/1.1" 200 65936
180.162.112.220 - - [30/Apr/2022:07:56:25 +0800] "GET /favicon.ico HTTP/1.1" 404 -
218.81.223.53 - - [30/Apr/2022:07:56:35 +0800] "GET /xingrg/all/function/internal_message.html?_=1651276614282&CODE_STATE=getMsg HTTP/1.1" 200 27
116.235.92.88 - - [30/Apr/2022:07:56:46 +0800] "GET /xingrg/all/function/internal_message.html?_=1651276777255&CODE_STATE=getMsg HTTP/1.1" 200 27
180.162.112.220 - - [30/Apr/2022:07:56:53 +0800] "GET /xingrg/all/function/internal_message.html?_=1651275909276&CODE_STATE=getMsg HTTP/1.1" 200 27
58.39.201.47 - - [30/Apr/2022:07:56:55 +0800] "GET /xingrg/all/function/internal_message.html?_=1651276616672&CODE_STATE=getMsg HTTP/1.1" 200 27
116.230.110.173 - - [30/Apr/2022:07:57:09 +0800] "GET /xingrg/all/function/internal_message.html?_=1651276629549&CODE_STATE=getMsg HTTP/1.1" 200 27
218.81.223.53 - - [30/Apr/2022:07:57:35 +0800] "GET /xingrg/all/function/internal_message.html?_=1651276674289&CODE_STATE=getMsg HTTP/1.1" 200 27
180.157.251.97 - - [30/Apr/2022:07:57:46 +0800] "GET /xingrg/check_reg.html?_=1651276668016 HTTP/1.1" 200 22
116.235.92.88 - - [30/Apr/2022:07:57:46 +0800] "GET /xingrg/check_reg.html?_=1651276837253 HTTP/1.1" 200 22
116.235.92.88 - - [30/Apr/2022:07:57:46 +0800] "GET /xingrg/all/function/internal_message.html?_=1651276837254&CODE_STATE=getMsg HTTP/1.1" 200 27
218.81.223.53 - - [30/Apr/2022:07:57:48 +0800] "GET /xingrg/check_reg.html?_=1651276686443 HTTP/1.1" 302 -
180.162.112.220 - - [30/Apr/2022:07:57:53 +0800] "GET /xingrg/check_reg.html?_=1651275969277 HTTP/1.1" 200 22
180.162.112.220 - - [30/Apr/2022:07:57:53 +0800] "GET /xingrg/all/function/internal_message.html?_=1651275969280&CODE_STATE=getMsg HTTP/1.1" 200 27
58.39.201.47 - - [30/Apr/2022:07:57:55 +0800] "GET /xingrg/all/function/internal_message.html?_=1651276676671&CODE_STATE=getMsg HTTP/1.1" 200 27
116.230.110.173 - - [30/Apr/2022:07:58:09 +0800] "GET /xingrg/all/function/internal_message.html?_=1651276689546&CODE_STATE=getMsg HTTP/1.1" 200 27
218.81.223.53 - - [30/Apr/2022:07:58:34 +0800] "GET /xingrg/check_reg.html?_=1651276733332 HTTP/1.1" 200 22
218.81.223.53 - - [30/Apr/2022:07:58:35 +0800] "GET /xingrg/all/function/internal_message.html?_=1651276734303&CODE_STATE=getMsg HTTP/1.1" 200 27
116.235.92.88 - - [30/Apr/2022:07:58:46 +0800] "GET /xingrg/all/function/internal_message.html?_=1651276897252&CODE_STATE=getMsg HTTP/1.1" 200 27
180.162.112.220 - - [30/Apr/2022:07:58:53 +0800] "GET /xingrg/all/function/internal_message.html?_=1651276029265&CODE_STATE=getMsg HTTP/1.1" 200 27
58.39.201.47 - - [30/Apr/2022:07:58:55 +0800] "GET /xingrg/all/function/internal_message.html?_=1651276736673&CODE_STATE=getMsg HTTP/1.1" 200 27
124.78.155.124 - - [30/Apr/2022:07:59:08 +0800] "POST /xingrg/services/DataTransmitService HTTP/1.1" 200 524
116.230.110.173 - - [30/Apr/2022:07:59:09 +0800] "GET /xingrg/all/function/internal_message.html?_=1651276749533&CODE_STATE=getMsg HTTP/1.1" 200 27
218.81.223.53 - - [30/Apr/2022:07:59:35 +0800] "GET /xingrg/all/function/internal_message.html?_=1651276794316&CODE_STATE=getMsg HTTP/1.1" 200 27
116.235.92.88 - - [30/Apr/2022:07:59:46 +0800] "GET /xingrg/all/function/internal_message.html?_=1651276957250&CODE_STATE=getMsg HTTP/1.1" 200 27
180.162.112.220 - - [30/Apr/2022:07:59:54 +0800] "GET /xingrg HTTP/1.1" 302 -
58.39.201.47 - - [30/Apr/2022:07:59:55 +0800] "GET /xingrg/all/function/internal_message.html?_=1651276796678&CODE_STATE=getMsg HTTP/1.1" 200 27
180.162.112.220 - - [30/Apr/2022:07:59:55 +0800] "GET /xingrg/index.html HTTP/1.1" 302 -
180.162.112.220 - - [30/Apr/2022:07:59:55 +0800] "GET /favicon.ico HTTP/1.1" 404 -
180.162.112.220 - - [30/Apr/2022:07:59:55 +0800] "GET /xingrg/login.html HTTP/1.1" 200 7641
180.162.112.220 - - [30/Apr/2022:07:59:55 +0800] "GET /favicon.ico HTTP/1.1" 404 -
116.230.110.173 - - [30/Apr/2022:08:00:09 +0800] "GET /xingrg/all/function/internal_message.html?_=1651276809552&CODE_STATE=getMsg HTTP/1.1" 200 27
116.230.110.173 - - [30/Apr/2022:08:00:09 +0800] "GET /xingrg/check_reg.html?_=1651276809553 HTTP/1.1" 200 22
218.81.223.53 - - [30/Apr/2022:08:00:35 +0800] "GET /xingrg/all/function/internal_message.html?_=1651276854330&CODE_STATE=getMsg HTTP/1.1" 200 27
116.235.92.88 - - [30/Apr/2022:08:00:46 +0800] "GET /xingrg/all/function/internal_message.html?_=1651277017265&CODE_STATE=getMsg HTTP/1.1" 200 27
58.39.201.47 - - [30/Apr/2022:08:00:55 +0800] "GET /xingrg/check_reg.html?_=1651276856674 HTTP/1.1" 200 22
58.39.201.47 - - [30/Apr/2022:08:00:55 +0800] "GET /xingrg/all/function/internal_message.html?_=1651276856677&CODE_STATE=getMsg HTTP/1.1" 200 27
116.230.110.173 - - [30/Apr/2022:08:01:09 +0800] "GET /xingrg/all/function/internal_message.html?_=1651276869540&CODE_STATE=getMsg HTTP/1.1" 200 27
180.156.212.250 - - [30/Apr/2022:08:01:31 +0800] "POST /xingrg/services/DataTransmitService HTTP/1.1" 200 524
218.81.223.53 - - [30/Apr/2022:08:01:35 +0800] "GET /xingrg/all/function/internal_message.html?_=1651276914350&CODE_STATE=getMsg HTTP/1.1" 200 27
116.235.92.88 - - [30/Apr/2022:08:01:46 +0800] "GET /xingrg/all/function/internal_message.html?_=1651277077263&CODE_STATE=getMsg HTTP/1.1" 200 27
58.39.201.47 - - [30/Apr/2022:08:01:55 +0800] "GET /xingrg/all/function/internal_message.html?_=1651276916682&CODE_STATE=getMsg HTTP/1.1" 200 27
116.230.110.173 - - [30/Apr/2022:08:02:09 +0800] "GET /xingrg/all/function/internal_message.html?_=1651276929554&CODE_STATE=getMsg HTTP/1.1" 200 27
218.81.223.53 - - [30/Apr/2022:08:02:35 +0800] "GET /xingrg/all/function/internal_message.html?_=1651276974357&CODE_STATE=getMsg HTTP/1.1" 200 27
180.157.251.97 - - [30/Apr/2022:08:02:46 +0800] "GET /xingrg/check_reg.html?_=1651276968019 HTTP/1.1" 200 22
116.235.92.88 - - [30/Apr/2022:08:02:46 +0800] "GET /xingrg/check_reg.html?_=1651277137263 HTTP/1.1" 200 22
116.235.92.88 - - [30/Apr/2022:08:02:46 +0800] "GET /xingrg/all/function/internal_message.html?_=1651277137264&CODE_STATE=getMsg HTTP/1.1" 200 27
218.81.223.53 - - [30/Apr/2022:08:02:48 +0800] "GET /xingrg/check_reg.html?_=1651276986447 HTTP/1.1" 302 -
58.39.201.47 - - [30/Apr/2022:08:02:55 +0800] "GET /xingrg/all/function/internal_message.html?_=1651276976681&CODE_STATE=getMsg HTTP/1.1" 200 27
116.230.110.173 - - [30/Apr/2022:08:03:09 +0800] "GET /xingrg/all/function/internal_message.html?_=1651276989554&CODE_STATE=getMsg HTTP/1.1" 200 27
218.81.223.53 - - [30/Apr/2022:08:03:34 +0800] "GET /xingrg/check_reg.html?_=1651277033332 HTTP/1.1" 200 22
218.81.223.53 - - [30/Apr/2022:08:03:35 +0800] "GET /xingrg/all/function/internal_message.html?_=1651277034371&CODE_STATE=getMsg HTTP/1.1" 200 27
116.235.92.88 - - [30/Apr/2022:08:03:46 +0800] "GET /xingrg/all/function/internal_message.html?_=1651277197262&CODE_STATE=getMsg HTTP/1.1" 200 27
58.39.201.47 - - [30/Apr/2022:08:03:55 +0800] "GET /xingrg/all/function/internal_message.html?_=1651277036680&CODE_STATE=getMsg HTTP/1.1" 200 27
116.230.110.173 - - [30/Apr/2022:08:04:09 +0800] "GET /xingrg/all/function/internal_message.html?_=1651277049558&CODE_STATE=getMsg HTTP/1.1" 200 27
114.86.228.30 - - [30/Apr/2022:08:04:12 +0800] "GET /favicon.ico HTTP/1.1" 404 -
218.81.223.53 - - [30/Apr/2022:08:04:35 +0800] "GET /xingrg/all/function/internal_message.html?_=1651277094384&CODE_STATE=getMsg HTTP/1.1" 200 27
116.235.92.88 - - [30/Apr/2022:08:04:46 +0800] "GET /xingrg/all/function/internal_message.html?_=1651277257261&CODE_STATE=getMsg HTTP/1.1" 200 27
58.39.201.47 - - [30/Apr/2022:08:04:55 +0800] "GET /xingrg/all/function/internal_message.html?_=1651277096677&CODE_STATE=getMsg HTTP/1.1" 200 27
116.230.110.173 - - [30/Apr/2022:08:05:09 +0800] "GET /xingrg/check_reg.html?_=1651277109538 HTTP/1.1" 200 22
116.230.110.173 - - [30/Apr/2022:08:05:09 +0800] "GET /xingrg/all/function/internal_message.html?_=1651277109541&CODE_STATE=getMsg HTTP/1.1" 200 27
218.81.223.53 - - [30/Apr/2022:08:05:35 +0800] "GET /xingrg/all/function/internal_message.html?_=1651277154399&CODE_STATE=getMsg HTTP/1.1" 200 27
116.235.92.88 - - [30/Apr/2022:08:05:46 +0800] "GET /xingrg/all/function/internal_message.html?_=1651277317260&CODE_STATE=getMsg HTTP/1.1" 200 27
58.39.201.47 - - [30/Apr/2022:08:05:55 +0800] "GET /xingrg/check_reg.html?_=1651277156683 HTTP/1.1" 200 22
58.39.201.47 - - [30/Apr/2022:08:05:55 +0800] "GET /xingrg/all/function/internal_message.html?_=1651277156687&CODE_STATE=getMsg HTTP/1.1" 200 27
116.230.110.173 - - [30/Apr/2022:08:06:09 +0800] "GET /xingrg/all/function/internal_message.html?_=1651277169549&CODE_STATE=getMsg HTTP/1.1" 200 27
218.81.223.53 - - [30/Apr/2022:08:06:35 +0800] "GET /xingrg/all/function/internal_message.html?_=1651277214416&CODE_STATE=getMsg HTTP/1.1" 200 27
116.235.92.88 - - [30/Apr/2022:08:06:46 +0800] "GET /xingrg/all/function/internal_message.html?_=1651277377258&CODE_STATE=getMsg HTTP/1.1" 200 27
58.39.201.47 - - [30/Apr/2022:08:06:55 +0800] "GET /xingrg/all/function/internal_message.html?_=1651277216687&CODE_STATE=getMsg HTTP/1.1" 200 27
116.230.110.173 - - [30/Apr/2022:08:07:09 +0800] "GET /xingrg/all/function/internal_message.html?_=1651277229551&CODE_STATE=getMsg HTTP/1.1" 200 27
218.81.223.53 - - [30/Apr/2022:08:07:35 +0800] "GET /xingrg/all/function/internal_message.html?_=1651277274426&CODE_STATE=getMsg HTTP/1.1" 200 27
180.157.251.97 - - [30/Apr/2022:08:07:46 +0800] "GET /xingrg/check_reg.html?_=1651277267995 HTTP/1.1" 200 22
116.235.92.88 - - [30/Apr/2022:08:07:46 +0800] "GET /xingrg/check_reg.html?_=1651277437259 HTTP/1.1" 200 22
116.235.92.88 - - [30/Apr/2022:08:07:46 +0800] "GET /xingrg/all/function/internal_message.html?_=1651277437257&CODE_STATE=getMsg HTTP/1.1" 200 27
218.81.223.53 - - [30/Apr/2022:08:07:48 +0800] "GET /xingrg/check_reg.html?_=1651277286456 HTTP/1.1" 302 -
58.39.201.47 - - [30/Apr/2022:08:07:55 +0800] "GET /xingrg/all/function/internal_message.html?_=1651277276678&CODE_STATE=getMsg HTTP/1.1" 200 27
116.230.110.173 - - [30/Apr/2022:08:08:09 +0800] "GET /xingrg/all/function/internal_message.html?_=1651277289552&CODE_STATE=getMsg HTTP/1.1" 200 27
218.81.223.53 - - [30/Apr/2022:08:08:34 +0800] "GET /xingrg/check_reg.html?_=1651277333342 HTTP/1.1" 200 22
218.81.223.53 - - [30/Apr/2022:08:08:35 +0800] "GET /xingrg/all/function/internal_message.html?_=1651277334438&CODE_STATE=getMsg HTTP/1.1" 200 27
116.235.92.88 - - [30/Apr/2022:08:08:46 +0800] "GET /xingrg/all/function/internal_message.html?_=1651277497257&CODE_STATE=getMsg HTTP/1.1" 200 27
58.39.201.47 - - [30/Apr/2022:08:08:55 +0800] "GET /xingrg/all/function/internal_message.html?_=1651277336684&CODE_STATE=getMsg HTTP/1.1" 200 27
116.230.110.173 - - [30/Apr/2022:08:09:09 +0800] "GET /xingrg/all/function/internal_message.html?_=1651277349551&CODE_STATE=getMsg HTTP/1.1" 200 27
218.81.223.53 - - [30/Apr/2022:08:09:35 +0800] "GET /xingrg/all/function/internal_message.html?_=1651277394452&CODE_STATE=getMsg HTTP/1.1" 200 27
116.235.92.88 - - [30/Apr/2022:08:09:46 +0800] "GET /xingrg/all/function/internal_message.html?_=1651277557256&CODE_STATE=getMsg HTTP/1.1" 200 27
58.39.201.47 - - [30/Apr/2022:08:09:55 +0800] "GET /xingrg/all/function/internal_message.html?_=1651277396683&CODE_STATE=getMsg HTTP/1.1" 200 27
116.230.110.173 - - [30/Apr/2022:08:10:09 +0800] "GET /xingrg/check_reg.html?_=1651277409551 HTTP/1.1" 200 22
116.230.110.173 - - [30/Apr/2022:08:10:09 +0800] "GET /xingrg/all/function/internal_message.html?_=1651277409555&CODE_STATE=getMsg HTTP/1.1" 200 27
218.81.223.53 - - [30/Apr/2022:08:10:35 +0800] "GET /xingrg/all/function/internal_message.html?_=1651277454466&CODE_STATE=getMsg HTTP/1.1" 200 27
116.235.92.88 - - [30/Apr/2022:08:10:46 +0800] "GET /xingrg/all/function/internal_message.html?_=1651277617254&CODE_STATE=getMsg HTTP/1.1" 200 27
58.39.201.47 - - [30/Apr/2022:08:10:55 +0800] "GET /xingrg/check_reg.html?_=1651277456684 HTTP/1.1" 200 22
58.39.201.47 - - [30/Apr/2022:08:10:55 +0800] "GET /xingrg/all/function/internal_message.html?_=1651277456687&CODE_STATE=getMsg HTTP/1.1" 200 27
116.230.110.173 - - [30/Apr/2022:08:11:09 +0800] "GET /xingrg/all/function/internal_message.html?_=1651277469553&CODE_STATE=getMsg HTTP/1.1" 200 27
218.81.223.53 - - [30/Apr/2022:08:11:35 +0800] "GET /xingrg/all/function/internal_message.html?_=1651277514486&CODE_STATE=getMsg HTTP/1.1" 200 27
116.235.92.88 - - [30/Apr/2022:08:11:46 +0800] "GET /xingrg/all/function/internal_message.html?_=1651277677253&CODE_STATE=getMsg HTTP/1.1" 200 27
58.39.201.47 - - [30/Apr/2022:08:11:55 +0800] "GET /xingrg/all/function/internal_message.html?_=1651277516698&CODE_STATE=getMsg HTTP/1.1" 200 27
116.230.110.173 - - [30/Apr/2022:08:12:09 +0800] "GET /xingrg/all/function/internal_message.html?_=1651277529556&CODE_STATE=getMsg HTTP/1.1" 200 27
218.81.223.53 - - [30/Apr/2022:08:12:35 +0800] "GET /xingrg/all/function/internal_message.html?_=1651277574493&CODE_STATE=getMsg HTTP/1.1" 200 27
180.157.251.97 - - [30/Apr/2022:08:12:46 +0800] "GET /xingrg/check_reg.html?_=1651277567971 HTTP/1.1" 200 22
116.235.92.88 - - [30/Apr/2022:08:12:46 +0800] "GET /xingrg/all/function/internal_message.html?_=1651277737251&CODE_STATE=getMsg HTTP/1.1" 200 27
116.235.92.88 - - [30/Apr/2022:08:12:46 +0800] "GET /xingrg/check_reg.html?_=1651277737253 HTTP/1.1" 200 22
218.81.223.53 - - [30/Apr/2022:08:12:48 +0800] "GET /xingrg/check_reg.html?_=1651277586538 HTTP/1.1" 302 -
58.39.201.47 - - [30/Apr/2022:08:12:55 +0800] "GET /xingrg/all/function/internal_message.html?_=1651277576702&CODE_STATE=getMsg HTTP/1.1" 200 27
116.230.110.173 - - [30/Apr/2022:08:13:09 +0800] "GET /xingrg/all/function/internal_message.html?_=1651277589557&CODE_STATE=getMsg HTTP/1.1" 200 27
218.81.223.53 - - [30/Apr/2022:08:13:34 +0800] "GET /xingrg/check_reg.html?_=1651277633342 HTTP/1.1" 200 22
218.81.223.53 - - [30/Apr/2022:08:13:35 +0800] "GET /xingrg/all/function/internal_message.html?_=1651277634506&CODE_STATE=getMsg HTTP/1.1" 200 27
116.235.92.88 - - [30/Apr/2022:08:13:46 +0800] "GET /xingrg/all/function/internal_message.html?_=1651277797250&CODE_STATE=getMsg HTTP/1.1" 200 27
58.39.201.47 - - [30/Apr/2022:08:13:55 +0800] "GET /xingrg/all/function/internal_message.html?_=1651277636697&CODE_STATE=getMsg HTTP/1.1" 200 27
116.230.110.173 - - [30/Apr/2022:08:14:09 +0800] "GET /xingrg/all/function/internal_message.html?_=1651277649551&CODE_STATE=getMsg HTTP/1.1" 200 27
114.88.156.203 - - [30/Apr/2022:08:14:22 +0800] "POST /xingrg/login.do HTTP/1.1" 302 -
114.88.156.203 - - [30/Apr/2022:08:14:22 +0800] "GET /xingrg/index.html?sysBaseUrl=http%3A%2F%2F180.169.147.146%3A18081%2Fxingrg%2F&costTime=44×tamp=1651277662359 HTTP/1.1" 200 17179
114.88.156.203 - - [30/Apr/2022:08:14:22 +0800] "GET /favicon.ico HTTP/1.1" 404 -
114.88.156.203 - - [30/Apr/2022:08:14:22 +0800] "POST /xingrg/all/common/load_tree.html?tree=area_rest_tree_json&manage=1 HTTP/1.1" 200 351
114.88.156.203 - - [30/Apr/2022:08:14:22 +0800] "GET /xingrg/check_reg.html?_=1651277412079 HTTP/1.1" 200 22
114.88.156.203 - - [30/Apr/2022:08:14:22 +0800] "POST /xingrg/load_menu.html HTTP/1.1" 200 5138
114.88.156.203 - - [30/Apr/2022:08:14:22 +0800] "GET /xingrg/all/function/internal_message.html?_=1651277412078&CODE_STATE=count HTTP/1.1" 200 11
114.88.156.203 - - [30/Apr/2022:08:14:25 +0800] "GET /xingrg/kc/base/base_main.html HTTP/1.1" 200 12142
114.88.156.203 - - [30/Apr/2022:08:14:26 +0800] "GET /xingrg/kc/base/yddb_order_list.html HTTP/1.1" 200 16713
114.88.156.203 - - [30/Apr/2022:08:14:27 +0800] "POST /xingrg/kc/base/yddb_list_operate.html HTTP/1.1" 200 636
114.88.156.203 - - [30/Apr/2022:08:14:29 +0800] "GET /xingrg/kc/base/yddb_order_add.html HTTP/1.1" 200 29837
114.88.156.203 - - [30/Apr/2022:08:14:29 +0800] "GET /xingrg/dwr/interface/AjaxComOrderService.js HTTP/1.1" 200 18264
114.88.156.203 - - [30/Apr/2022:08:14:29 +0800] "GET /xingrg/dwr/interface/AjaxYddbService.js HTTP/1.1" 200 13201
114.88.156.203 - - [30/Apr/2022:08:14:29 +0800] "GET /xingrg/dwr/util.js HTTP/1.1" 200 35990
114.88.156.203 - - [30/Apr/2022:08:14:29 +0800] "GET /xingrg/dwr/engine.js HTTP/1.1" 200 43631
218.81.223.53 - - [30/Apr/2022:08:14:35 +0800] "GET /xingrg/all/function/internal_message.html?_=1651277694521&CODE_STATE=getMsg HTTP/1.1" 200 27
116.235.92.88 - - [30/Apr/2022:08:14:46 +0800] "GET /xingrg/all/function/internal_message.html?_=1651277857264&CODE_STATE=getMsg HTTP/1.1" 200 27
58.39.201.47 - - [30/Apr/2022:08:14:55 +0800] "GET /xingrg/all/function/internal_message.html?_=1651277696704&CODE_STATE=getMsg HTTP/1.1" 200 27
116.230.110.173 - - [30/Apr/2022:08:15:09 +0800] "GET /xingrg/check_reg.html?_=1651277709546 HTTP/1.1" 200 22
116.230.110.173 - - [30/Apr/2022:08:15:09 +0800] "GET /xingrg/all/function/internal_message.html?_=1651277709549&CODE_STATE=getMsg HTTP/1.1" 200 27
180.171.131.233 - - [30/Apr/2022:08:15:09 +0800] "POST /xingrg/services/DataTransmitService HTTP/1.1" 200 524
114.88.156.203 - - [30/Apr/2022:08:15:22 +0800] "GET /xingrg/all/function/internal_message.html?_=1651277472086&CODE_STATE=getMsg HTTP/1.1" 200 27
218.81.223.53 - - [30/Apr/2022:08:15:35 +0800] "GET /xingrg/all/function/internal_message.html?_=1651277754534&CODE_STATE=getMsg HTTP/1.1" 200 27
116.235.92.88 - - [30/Apr/2022:08:15:46 +0800] "GET /xingrg/all/function/internal_message.html?_=1651277917263&CODE_STATE=getMsg HTTP/1.1" 200 27
58.39.201.47 - - [30/Apr/2022:08:15:55 +0800] "GET /xingrg/all/function/internal_message.html?_=1651277756706&CODE_STATE=getMsg HTTP/1.1" 200 27
58.39.201.47 - - [30/Apr/2022:08:15:55 +0800] "GET /xingrg/check_reg.html?_=1651277756709 HTTP/1.1" 200 22
116.230.110.173 - - [30/Apr/2022:08:16:09 +0800] "GET /xingrg/all/function/internal_message.html?_=1651277769547&CODE_STATE=getMsg HTTP/1.1" 200 27
114.88.156.203 - - [30/Apr/2022:08:16:22 +0800] "GET /xingrg/all/function/internal_message.html?_=1651277532092&CODE_STATE=getMsg HTTP/1.1" 200 27
114.88.156.203 - - [30/Apr/2022:08:16:32 +0800] "POST /xingrg/dwr/call/plaincall/AjaxYddbService.getRestBases.dwr HTTP/1.1" 200 1055
218.81.223.53 - - [30/Apr/2022:08:16:35 +0800] "GET /xingrg/all/function/internal_message.html?_=1651277814555&CODE_STATE=getMsg HTTP/1.1" 200 27
116.235.92.88 - - [30/Apr/2022:08:16:46 +0800] "GET /xingrg/all/function/internal_message.html?_=1651277977262&CODE_STATE=getMsg HTTP/1.1" 200 27
114.88.156.203 - - [30/Apr/2022:08:16:51 +0800] "POST /xingrg/dwr/call/plaincall/AjaxYddbService.saveOrder.dwr HTTP/1.1" 200 78
58.39.201.47 - - [30/Apr/2022:08:16:55 +0800] "GET /xingrg/all/function/internal_message.html?_=1651277816711&CODE_STATE=getMsg HTTP/1.1" 200 27
114.88.156.203 - - [30/Apr/2022:08:16:56 +0800] "POST /xingrg/dwr/call/plaincall/AjaxComOrderService.getMaterielSearchList.dwr HTTP/1.1" 200 76
114.88.156.203 - - [30/Apr/2022:08:16:57 +0800] "POST /xingrg/dwr/call/plaincall/AjaxComOrderService.getMaterielSearchList.dwr HTTP/1.1" 200 42288
114.88.156.203 - - [30/Apr/2022:08:16:58 +0800] "POST /xingrg/dwr/call/plaincall/AjaxComOrderService.getMaterielSearchList.dwr HTTP/1.1" 200 76
114.88.156.203 - - [30/Apr/2022:08:16:59 +0800] "POST /xingrg/dwr/call/plaincall/AjaxComOrderService.getMaterielSearchList.dwr HTTP/1.1" 200 76
114.88.156.203 - - [30/Apr/2022:08:17:00 +0800] "POST /xingrg/dwr/call/plaincall/AjaxComOrderService.getMaterielSearchList.dwr HTTP/1.1" 200 2572
114.88.156.203 - - [30/Apr/2022:08:17:00 +0800] "POST /xingrg/dwr/call/plaincall/AjaxComOrderService.getMaterielSearchList.dwr HTTP/1.1" 200 2572
114.88.156.203 - - [30/Apr/2022:08:17:01 +0800] "POST /xingrg/dwr/call/plaincall/AjaxYddbService.getMaterielByMap.dwr HTTP/1.1" 200 2748
116.230.110.173 - - [30/Apr/2022:08:17:09 +0800] "GET /xingrg/all/function/internal_message.html?_=1651277829546&CODE_STATE=getMsg HTTP/1.1" 200 27
114.88.156.203 - - [30/Apr/2022:08:17:13 +0800] "POST /xingrg/dwr/call/plaincall/AjaxYddbService.saveMaterielItem.dwr HTTP/1.1" 200 78
114.88.156.203 - - [30/Apr/2022:08:17:18 +0800] "POST /xingrg/dwr/call/plaincall/AjaxComOrderService.getMaterielSearchList.dwr HTTP/1.1" 200 1910
114.88.156.203 - - [30/Apr/2022:08:17:18 +0800] "POST /xingrg/dwr/call/plaincall/AjaxComOrderService.getMaterielSearchList.dwr HTTP/1.1" 200 491667
114.88.156.203 - - [30/Apr/2022:08:17:21 +0800] "POST /xingrg/dwr/call/plaincall/AjaxComOrderService.getMaterielSearchList.dwr HTTP/1.1" 200 77
114.88.156.203 - - [30/Apr/2022:08:17:21 +0800] "POST /xingrg/dwr/call/plaincall/AjaxComOrderService.getMaterielSearchList.dwr HTTP/1.1" 200 38046
114.88.156.203 - - [30/Apr/2022:08:17:22 +0800] "GET /xingrg/all/function/internal_message.html?_=1651277592082&CODE_STATE=getMsg HTTP/1.1" 200 27
114.88.156.203 - - [30/Apr/2022:08:17:22 +0800] "POST /xingrg/dwr/call/plaincall/AjaxComOrderService.getMaterielSearchList.dwr HTTP/1.1" 200 278
114.88.156.203 - - [30/Apr/2022:08:17:24 +0800] "POST /xingrg/dwr/call/plaincall/AjaxComOrderService.getMaterielSearchList.dwr HTTP/1.1" 200 77
114.88.156.203 - - [30/Apr/2022:08:17:25 +0800] "POST /xingrg/dwr/call/plaincall/AjaxComOrderService.getMaterielSearchList.dwr HTTP/1.1" 200 77
114.88.156.203 - - [30/Apr/2022:08:17:26 +0800] "POST /xingrg/dwr/call/plaincall/AjaxComOrderService.getMaterielSearchList.dwr HTTP/1.1" 200 491667
114.88.156.203 - - [30/Apr/2022:08:17:27 +0800] "POST /xingrg/dwr/call/plaincall/AjaxComOrderService.getMaterielSearchList.dwr HTTP/1.1" 200 1910
114.88.156.203 - - [30/Apr/2022:08:17:29 +0800] "POST /xingrg/dwr/call/plaincall/AjaxComOrderService.getMaterielSearchList.dwr HTTP/1.1" 200 77
114.88.156.203 - - [30/Apr/2022:08:17:30 +0800] "POST /xingrg/dwr/call/plaincall/AjaxComOrderService.getMaterielSearchList.dwr HTTP/1.1" 200 1902
114.88.156.203 - - [30/Apr/2022:08:17:30 +0800] "POST /xingrg/dwr/call/plaincall/AjaxComOrderService.getMaterielSearchList.dwr HTTP/1.1" 200 454330
218.81.223.53 - - [30/Apr/2022:08:17:35 +0800] "GET /xingrg/all/function/internal_message.html?_=1651277874562&CODE_STATE=getMsg HTTP/1.1" 200 27
180.157.251.97 - - [30/Apr/2022:08:17:46 +0800] "GET /xingrg/check_reg.html?_=1651277867973 HTTP/1.1" 200 22
116.235.92.88 - - [30/Apr/2022:08:17:46 +0800] "GET /xingrg/check_reg.html?_=1651278037286 HTTP/1.1" 200 22
116.235.92.88 - - [30/Apr/2022:08:17:46 +0800] "GET /xingrg/all/function/internal_message.html?_=1651278037287&CODE_STATE=getMsg HTTP/1.1" 200 27
218.81.223.53 - - [30/Apr/2022:08:17:48 +0800] "GET /xingrg/check_reg.html?_=1651277886610 HTTP/1.1" 302 -
114.88.156.203 - - [30/Apr/2022:08:17:51 +0800] "POST /xingrg/dwr/call/plaincall/AjaxComOrderService.getMaterielSearchList.dwr HTTP/1.1" 200 36612
114.88.156.203 - - [30/Apr/2022:08:17:53 +0800] "POST /xingrg/dwr/call/plaincall/AjaxComOrderService.getMaterielSearchList.dwr HTTP/1.1" 200 1902
58.39.201.47 - - [30/Apr/2022:08:17:55 +0800] "GET /xingrg/all/function/internal_message.html?_=1651277876705&CODE_STATE=getMsg HTTP/1.1" 200 27
114.88.156.203 - - [30/Apr/2022:08:17:59 +0800] "POST /xingrg/dwr/call/plaincall/AjaxYddbService.getMaterielByMap.dwr HTTP/1.1" 200 2746
114.88.156.203 - - [30/Apr/2022:08:18:04 +0800] "POST /xingrg/dwr/call/plaincall/AjaxYddbService.saveMaterielItem.dwr HTTP/1.1" 200 79
114.88.156.203 - - [30/Apr/2022:08:18:05 +0800] "POST /xingrg/dwr/call/plaincall/AjaxComOrderService.getMaterielSearchList.dwr HTTP/1.1" 200 1758
114.88.156.203 - - [30/Apr/2022:08:18:06 +0800] "POST /xingrg/dwr/call/plaincall/AjaxYddbService.getMaterielByMap.dwr HTTP/1.1" 200 2747
116.230.110.173 - - [30/Apr/2022:08:18:09 +0800] "GET /xingrg/all/function/internal_message.html?_=1651277889546&CODE_STATE=getMsg HTTP/1.1" 200 27
114.88.156.203 - - [30/Apr/2022:08:18:09 +0800] "POST /xingrg/dwr/call/plaincall/AjaxYddbService.saveMaterielItem.dwr HTTP/1.1" 200 79
114.88.156.203 - - [30/Apr/2022:08:18:14 +0800] "POST /xingrg/dwr/call/plaincall/AjaxComOrderService.getMaterielSearchList.dwr HTTP/1.1" 200 1745
114.88.156.203 - - [30/Apr/2022:08:18:15 +0800] "POST /xingrg/dwr/call/plaincall/AjaxComOrderService.getMaterielSearchList.dwr HTTP/1.1" 200 1745
114.88.156.203 - - [30/Apr/2022:08:18:17 +0800] "POST /xingrg/dwr/call/plaincall/AjaxYddbService.getMaterielByMap.dwr HTTP/1.1" 200 2749
58.39.201.47 - - [30/Apr/2022:08:18:18 +0800] "GET /xingrg/kc/buy/cgsh_order_list.html HTTP/1.1" 200 50970
58.39.201.47 - - [30/Apr/2022:08:18:18 +0800] "GET /xingrg/javascript/easyui/themes/icons/import_new.png HTTP/1.1" 304 -
58.39.201.47 - - [30/Apr/2022:08:18:18 +0800] "GET /xingrg/javascript/easyui/themes/icons/edit_add_new.png HTTP/1.1" 304 -
58.39.201.47 - - [30/Apr/2022:08:18:19 +0800] "POST /xingrg/kc/buy/cgsh_list_operate.html HTTP/1.1" 200 876
58.39.201.47 - - [30/Apr/2022:08:18:19 +0800] "GET /xingrg/javascript/easyui/themes/default/images/button_plain_hover.png HTTP/1.1" 304 -
114.88.156.203 - - [30/Apr/2022:08:18:20 +0800] "POST /xingrg/dwr/call/plaincall/AjaxYddbService.saveMaterielItem.dwr HTTP/1.1" 200 79
58.39.201.47 - - [30/Apr/2022:08:18:20 +0800] "GET /xingrg/javascript/easyui/themes/icons/template_new.png HTTP/1.1" 304 -
114.88.156.203 - - [30/Apr/2022:08:18:20 +0800] "POST /xingrg/dwr/call/plaincall/AjaxComOrderService.getMaterielSearchList.dwr HTTP/1.1" 200 77
58.39.201.47 - - [30/Apr/2022:08:18:20 +0800] "GET /xingrg/javascript/easyui/themes/icons/copy_new.png HTTP/1.1" 304 -
58.39.201.47 - - [30/Apr/2022:08:18:20 +0800] "GET /xingrg/javascript/easyui/themes/icons/cancel.png HTTP/1.1" 304 -
58.39.201.47 - - [30/Apr/2022:08:18:20 +0800] "GET /xingrg/kc/buy/cgsh_order_add.html HTTP/1.1" 200 66834
58.39.201.47 - - [30/Apr/2022:08:18:21 +0800] "GET /xingrg/javascript/easyui/themes/default/validatebox.css HTTP/1.1" 404 1104
58.39.201.47 - - [30/Apr/2022:08:18:21 +0800] "POST /xingrg/kc/buy/cgsh_order_operate.html HTTP/1.1" 200 8245
58.39.201.47 - - [30/Apr/2022:08:18:21 +0800] "GET /xingrg/javascript/easyui/themes/icons/edit_remove.png HTTP/1.1" 304 -
114.88.156.203 - - [30/Apr/2022:08:18:22 +0800] "GET /xingrg/all/function/internal_message.html?_=1651277652089&CODE_STATE=getMsg HTTP/1.1" 200 27
114.88.156.203 - - [30/Apr/2022:08:18:23 +0800] "POST /xingrg/dwr/call/plaincall/AjaxComOrderService.getMaterielSearchList.dwr HTTP/1.1" 200 20504
114.88.156.203 - - [30/Apr/2022:08:18:23 +0800] "POST /xingrg/dwr/call/plaincall/AjaxComOrderService.getMaterielSearchList.dwr HTTP/1.1" 200 1053
114.88.156.203 - - [30/Apr/2022:08:18:25 +0800] "POST /xingrg/dwr/call/plaincall/AjaxYddbService.getMaterielByMap.dwr HTTP/1.1" 200 2746
58.39.201.47 - - [30/Apr/2022:08:18:30 +0800] "GET /xingrg/kc/buy/cgsh_order_operate.html?command=get_materiel&rest_code=00105&code=00101008261&supplier_code=&order_time=2022-04-30 HTTP/1.1" 200 408
114.88.156.203 - - [30/Apr/2022:08:18:31 +0800] "POST /xingrg/dwr/call/plaincall/AjaxYddbService.saveMaterielItem.dwr HTTP/1.1" 200 79
218.81.223.53 - - [30/Apr/2022:08:18:34 +0800] "GET /xingrg/check_reg.html?_=1651277933352 HTTP/1.1" 200 22
114.88.156.203 - - [30/Apr/2022:08:18:35 +0800] "POST /xingrg/dwr/call/plaincall/AjaxYddbService.checkOrder.dwr HTTP/1.1" 200 79
218.81.223.53 - - [30/Apr/2022:08:18:35 +0800] "GET /xingrg/all/function/internal_message.html?_=1651277934574&CODE_STATE=getMsg HTTP/1.1" 200 27
114.88.156.203 - - [30/Apr/2022:08:18:37 +0800] "GET /xingrg/kc/base/yddb_order_info.html?code=482022043000036 HTTP/1.1" 200 29627
114.88.156.203 - - [30/Apr/2022:08:18:37 +0800] "GET /xingrg/dwr/interface/AjaxComOrderService.js HTTP/1.1" 200 18264
114.88.156.203 - - [30/Apr/2022:08:18:37 +0800] "GET /xingrg/dwr/interface/AjaxYddbService.js HTTP/1.1" 200 13201
114.88.156.203 - - [30/Apr/2022:08:18:37 +0800] "GET /xingrg/dwr/engine.js HTTP/1.1" 200 43631
114.88.156.203 - - [30/Apr/2022:08:18:37 +0800] "POST /xingrg/dwr/call/plaincall/AjaxYddbService.loadMaterielItems.dwr HTTP/1.1" 200 1694
58.39.201.47 - - [30/Apr/2022:08:18:40 +0800] "GET /xingrg/kc/buy/cgsh_order_operate.html?command=get_materiel&rest_code=00105&code=00101008331&supplier_code=&order_time=2022-04-30 HTTP/1.1" 200 416
116.235.92.88 - - [30/Apr/2022:08:18:46 +0800] "GET /xingrg/all/function/internal_message.html?_=1651278097284&CODE_STATE=getMsg HTTP/1.1" 200 27
58.39.201.47 - - [30/Apr/2022:08:18:49 +0800] "GET /xingrg/kc/buy/cgsh_order_operate.html?command=get_materiel&rest_code=00105&code=00101007043&supplier_code=&order_time=2022-04-30 HTTP/1.1" 200 410
58.39.201.47 - - [30/Apr/2022:08:18:55 +0800] "GET /xingrg/all/function/internal_message.html?_=1651277936719&CODE_STATE=getMsg HTTP/1.1" 200 27
58.39.61.91 - - [30/Apr/2022:08:18:56 +0800] "POST /xingrg/services/DataTransmitService HTTP/1.1" 200 524
116.230.110.173 - - [30/Apr/2022:08:19:09 +0800] "GET /xingrg/all/function/internal_message.html?_=1651277949538&CODE_STATE=getMsg HTTP/1.1" 200 27
58.39.201.47 - - [30/Apr/2022:08:19:10 +0800] "GET /xingrg/kc/buy/cgsh_order_operate.html?command=get_materiel&rest_code=00105&code=00101019175&supplier_code=&order_time=2022-04-30 HTTP/1.1" 200 419
114.88.156.203 - - [30/Apr/2022:08:19:22 +0800] "GET /xingrg/check_reg.html?_=1651277712105 HTTP/1.1" 200 22
114.88.156.203 - - [30/Apr/2022:08:19:22 +0800] "GET /xingrg/all/function/internal_message.html?_=1651277712106&CODE_STATE=getMsg HTTP/1.1" 200 27
58.39.201.47 - - [30/Apr/2022:08:19:23 +0800] "GET /xingrg/kc/buy/cgsh_order_operate.html?command=get_materiel&rest_code=00105&code=00101019430&supplier_code=&order_time=2022-04-30 HTTP/1.1" 200 459
58.39.201.47 - - [30/Apr/2022:08:19:25 +0800] "POST /xingrg/all/common/load_select.html HTTP/1.1" 200 25
58.39.201.47 - - [30/Apr/2022:08:19:29 +0800] "GET /xingrg/kc/buy/cgsh_order_operate.html?command=get_materiel_price&rest_code=00105&code=00101019430&unit_code=00100112&supplier_code=&order_time=2022-04-30 HTTP/1.1" 200 29
218.81.223.53 - - [30/Apr/2022:08:19:35 +0800] "GET /xingrg/all/function/internal_message.html?_=1651277994588&CODE_STATE=getMsg HTTP/1.1" 200 27
116.235.92.88 - - [30/Apr/2022:08:19:46 +0800] "GET /xingrg/all/function/internal_message.html?_=1651278157282&CODE_STATE=getMsg HTTP/1.1" 200 27
58.39.201.47 - - [30/Apr/2022:08:19:48 +0800] "GET /xingrg/kc/buy/cgsh_order_operate.html?command=get_materiel&rest_code=00105&code=00101011005&supplier_code=&order_time=2022-04-30 HTTP/1.1" 200 408
58.39.201.47 - - [30/Apr/2022:08:19:55 +0800] "GET /xingrg/all/function/internal_message.html?_=1651277996751&CODE_STATE=getMsg HTTP/1.1" 200 27
58.39.201.47 - - [30/Apr/2022:08:20:02 +0800] "GET /xingrg/kc/buy/cgsh_order_operate.html?command=get_materiel&rest_code=00105&code=00101016115&supplier_code=&order_time=2022-04-30 HTTP/1.1" 200 408
116.230.110.173 - - [30/Apr/2022:08:20:09 +0800] "GET /xingrg/all/function/internal_message.html?_=1651278009556&CODE_STATE=getMsg HTTP/1.1" 200 27
116.230.110.173 - - [30/Apr/2022:08:20:09 +0800] "GET /xingrg/check_reg.html?_=1651278009560 HTTP/1.1" 200 22
58.39.201.47 - - [30/Apr/2022:08:20:11 +0800] "GET /xingrg/kc/buy/cgsh_order_operate.html?command=get_materiel&rest_code=00105&code=00101016049&supplier_code=&order_time=2022-04-30 HTTP/1.1" 200 424
58.39.201.47 - - [30/Apr/2022:08:20:12 +0800] "POST /xingrg/all/common/load_select.html HTTP/1.1" 200 12
58.39.201.47 - - [30/Apr/2022:08:20:16 +0800] "GET /xingrg/kc/buy/cgsh_order_operate.html?command=get_materiel_price&rest_code=00105&code=00101016049&unit_code=00100004&supplier_code=&order_time=2022-04-30 HTTP/1.1" 200 27
58.39.201.47 - - [30/Apr/2022:08:20:20 +0800] "GET /xingrg/kc/buy/cgsh_order_operate.html?command=get_materiel&rest_code=00105&code=00101016048&supplier_code=&order_time=2022-04-30 HTTP/1.1" 200 448
114.88.156.203 - - [30/Apr/2022:08:20:22 +0800] "GET /xingrg/all/function/internal_message.html?_=1651277772096&CODE_STATE=getMsg HTTP/1.1" 200 27
58.39.201.47 - - [30/Apr/2022:08:20:28 +0800] "GET /xingrg/kc/buy/cgsh_order_operate.html?command=get_materiel&rest_code=00105&code=00101016050&supplier_code=&order_time=2022-04-30 HTTP/1.1" 200 445
58.39.201.47 - - [30/Apr/2022:08:20:30 +0800] "POST /xingrg/all/common/load_select.html HTTP/1.1" 200 25
58.39.201.47 - - [30/Apr/2022:08:20:34 +0800] "GET /xingrg/kc/buy/cgsh_order_operate.html?command=get_materiel_price&rest_code=00105&code=00101016050&unit_code=00100087&supplier_code=&order_time=2022-04-30 HTTP/1.1" 200 27
218.81.223.53 - - [30/Apr/2022:08:20:35 +0800] "GET /xingrg/all/function/internal_message.html?_=1651278054601&CODE_STATE=getMsg HTTP/1.1" 200 27
116.235.92.88 - - [30/Apr/2022:08:20:46 +0800] "GET /xingrg/all/function/internal_message.html?_=1651278217281&CODE_STATE=getMsg HTTP/1.1" 200 27
58.39.201.47 - - [30/Apr/2022:08:20:55 +0800] "GET /xingrg/check_reg.html?_=1651278056713 HTTP/1.1" 200 22
58.39.201.47 - - [30/Apr/2022:08:20:55 +0800] "GET /xingrg/all/function/internal_message.html?_=1651278056732&CODE_STATE=getMsg HTTP/1.1" 200 27
116.230.110.173 - - [30/Apr/2022:08:21:09 +0800] "GET /xingrg/all/function/internal_message.html?_=1651278069532&CODE_STATE=getMsg HTTP/1.1" 200 27
114.88.156.203 - - [30/Apr/2022:08:21:22 +0800] "GET /xingrg/all/function/internal_message.html?_=1651277832094&CODE_STATE=getMsg HTTP/1.1" 200 27
58.39.201.47 - - [30/Apr/2022:08:21:26 +0800] "POST /xingrg/services/DataTransmitService HTTP/1.1" 200 524
218.81.223.53 - - [30/Apr/2022:08:21:35 +0800] "GET /xingrg/all/function/internal_message.html?_=1651278114620&CODE_STATE=getMsg HTTP/1.1" 200 27
116.235.92.88 - - [30/Apr/2022:08:21:46 +0800] "GET /xingrg/all/function/internal_message.html?_=1651278277280&CODE_STATE=getMsg HTTP/1.1" 200 27
58.39.201.47 - - [30/Apr/2022:08:21:55 +0800] "GET /xingrg/all/function/internal_message.html?_=1651278116724&CODE_STATE=getMsg HTTP/1.1" 200 27
58.39.201.47 - - [30/Apr/2022:08:22:05 +0800] "GET /xingrg/kc/buy/cgsh_order_operate.html?command=get_materiel&rest_code=00105&code=00101008270&supplier_code=&order_time=2022-04-30 HTTP/1.1" 200 412
116.230.110.173 - - [30/Apr/2022:08:22:09 +0800] "GET /xingrg/all/function/internal_message.html?_=1651278129545&CODE_STATE=getMsg HTTP/1.1" 200 27
114.88.156.203 - - [30/Apr/2022:08:22:22 +0800] "GET /xingrg/all/function/internal_message.html?_=1651277892093&CODE_STATE=getMsg HTTP/1.1" 200 27
218.81.223.53 - - [30/Apr/2022:08:22:35 +0800] "GET /xingrg/all/function/internal_message.html?_=1651278174629&CODE_STATE=getMsg HTTP/1.1" 200 27
116.235.92.88 - - [30/Apr/2022:08:22:45 +0800] "POST /xingrg/services/DataTransmitService HTTP/1.1" 200 524
180.157.251.97 - - [30/Apr/2022:08:22:46 +0800] "GET /xingrg/check_reg.html?_=1651278167953 HTTP/1.1" 200 22
116.235.92.88 - - [30/Apr/2022:08:22:46 +0800] "GET /xingrg/all/function/internal_message.html?_=1651278337279&CODE_STATE=getMsg HTTP/1.1" 200 27
116.235.92.88 - - [30/Apr/2022:08:22:46 +0800] "GET /xingrg/check_reg.html?_=1651278337280 HTTP/1.1" 200 22
218.81.223.53 - - [30/Apr/2022:08:22:48 +0800] "GET /xingrg/check_reg.html?_=1651278186686 HTTP/1.1" 302 -
58.39.201.47 - - [30/Apr/2022:08:22:55 +0800] "GET /xingrg/all/function/internal_message.html?_=1651278176765&CODE_STATE=getMsg HTTP/1.1" 200 27
58.39.201.47 - - [30/Apr/2022:08:23:01 +0800] "POST /xingrg/kc/buy/cgsh_list_operate.html HTTP/1.1" 200 876
116.230.110.173 - - [30/Apr/2022:08:23:09 +0800] "GET /xingrg/all/function/internal_message.html?_=1651278189547&CODE_STATE=getMsg HTTP/1.1" 200 27
114.88.156.203 - - [30/Apr/2022:08:23:22 +0800] "GET /xingrg/all/function/internal_message.html?_=1651277952092&CODE_STATE=getMsg HTTP/1.1" 200 27
218.81.223.53 - - [30/Apr/2022:08:23:34 +0800] "GET /xingrg/check_reg.html?_=1651278233352 HTTP/1.1" 200 22
218.81.223.53 - - [30/Apr/2022:08:23:35 +0800] "GET /xingrg/all/function/internal_message.html?_=1651278234643&CODE_STATE=getMsg HTTP/1.1" 200 27
116.235.92.88 - - [30/Apr/2022:08:23:46 +0800] "GET /xingrg/all/function/internal_message.html?_=1651278397277&CODE_STATE=getMsg HTTP/1.1" 200 27
58.39.201.47 - - [30/Apr/2022:08:23:55 +0800] "GET /xingrg/all/function/internal_message.html?_=1651278236722&CODE_STATE=getMsg HTTP/1.1" 200 27
116.230.110.173 - - [30/Apr/2022:08:24:09 +0800] "GET /xingrg/all/function/internal_message.html?_=1651278249536&CODE_STATE=getMsg HTTP/1.1" 200 27
114.88.156.203 - - [30/Apr/2022:08:24:22 +0800] "GET /xingrg/all/function/internal_message.html?_=1651278012090&CODE_STATE=getMsg HTTP/1.1" 200 27
114.88.156.203 - - [30/Apr/2022:08:24:22 +0800] "GET /xingrg/check_reg.html?_=1651278012091 HTTP/1.1" 200 22
218.81.223.53 - - [30/Apr/2022:08:24:35 +0800] "GET /xingrg/all/function/internal_message.html?_=1651278294656&CODE_STATE=getMsg HTTP/1.1" 200 27
116.235.92.88 - - [30/Apr/2022:08:24:46 +0800] "GET /xingrg/all/function/internal_message.html?_=1651278457275&CODE_STATE=getMsg HTTP/1.1" 200 27
58.39.201.47 - - [30/Apr/2022:08:24:55 +0800] "GET /xingrg/all/function/internal_message.html?_=1651278296714&CODE_STATE=getMsg HTTP/1.1" 200 27
116.230.110.173 - - [30/Apr/2022:08:25:09 +0800] "GET /xingrg/all/function/internal_message.html?_=1651278309555&CODE_STATE=getMsg HTTP/1.1" 200 27
116.230.110.173 - - [30/Apr/2022:08:25:09 +0800] "GET /xingrg/check_reg.html?_=1651278309560 HTTP/1.1" 200 22
114.88.156.203 - - [30/Apr/2022:08:25:22 +0800] "GET /xingrg/all/function/internal_message.html?_=1651278072090&CODE_STATE=getMsg HTTP/1.1" 200 27
218.81.223.53 - - [30/Apr/2022:08:25:35 +0800] "GET /xingrg/all/function/internal_message.html?_=1651278354669&CODE_STATE=getMsg HTTP/1.1" 200 27
116.235.92.88 - - [30/Apr/2022:08:25:46 +0800] "GET /xingrg/all/function/internal_message.html?_=1651278517289&CODE_STATE=getMsg HTTP/1.1" 200 27
58.39.201.47 - - [30/Apr/2022:08:25:55 +0800] "GET /xingrg/check_reg.html?_=1651278356721 HTTP/1.1" 200 22
58.39.201.47 - - [30/Apr/2022:08:25:55 +0800] "GET /xingrg/all/function/internal_message.html?_=1651278356724&CODE_STATE=getMsg HTTP/1.1" 200 27
180.156.212.250 - - [30/Apr/2022:08:26:07 +0800] "POST /xingrg/services/DataTransmitService HTTP/1.1" 200 524
116.230.110.173 - - [30/Apr/2022:08:26:09 +0800] "GET /xingrg/all/function/internal_message.html?_=1651278369535&CODE_STATE=getMsg HTTP/1.1" 200 27
114.88.156.203 - - [30/Apr/2022:08:26:22 +0800] "GET /xingrg/all/function/internal_message.html?_=1651278132089&CODE_STATE=getMsg HTTP/1.1" 200 27
218.81.223.53 - - [30/Apr/2022:08:26:35 +0800] "GET /xingrg/all/function/internal_message.html?_=1651278414690&CODE_STATE=getMsg HTTP/1.1" 200 27
116.235.92.88 - - [30/Apr/2022:08:26:46 +0800] "GET /xingrg/all/function/internal_message.html?_=1651278577287&CODE_STATE=getMsg HTTP/1.1" 200 27
58.39.201.47 - - [30/Apr/2022:08:26:55 +0800] "GET /xingrg/all/function/internal_message.html?_=1651278416708&CODE_STATE=getMsg HTTP/1.1" 200 27
116.230.110.173 - - [30/Apr/2022:08:27:09 +0800] "GET /xingrg/all/function/internal_message.html?_=1651278429536&CODE_STATE=getMsg HTTP/1.1" 200 27
114.88.156.203 - - [30/Apr/2022:08:27:22 +0800] "GET /xingrg/all/function/internal_message.html?_=1651278192104&CODE_STATE=getMsg HTTP/1.1" 200 27
218.81.223.53 - - [30/Apr/2022:08:27:35 +0800] "GET /xingrg/all/function/internal_message.html?_=1651278474697&CODE_STATE=getMsg HTTP/1.1" 200 27
180.157.251.97 - - [30/Apr/2022:08:27:46 +0800] "GET /xingrg/check_reg.html?_=1651278467930 HTTP/1.1" 200 22
116.235.92.88 - - [30/Apr/2022:08:27:46 +0800] "GET /xingrg/check_reg.html?_=1651278637285 HTTP/1.1" 200 22
116.235.92.88 - - [30/Apr/2022:08:27:46 +0800] "GET /xingrg/all/function/internal_message.html?_=1651278637286&CODE_STATE=getMsg HTTP/1.1" 200 27
218.81.223.53 - - [30/Apr/2022:08:27:49 +0800] "GET /xingrg/check_reg.html?_=1651278486766 HTTP/1.1" 302 -
58.39.201.47 - - [30/Apr/2022:08:27:55 +0800] "GET /xingrg/all/function/internal_message.html?_=1651278476714&CODE_STATE=getMsg HTTP/1.1" 200 27
116.230.110.173 - - [30/Apr/2022:08:28:09 +0800] "GET /xingrg/all/function/internal_message.html?_=1651278489552&CODE_STATE=getMsg HTTP/1.1" 200 27
114.88.156.203 - - [30/Apr/2022:08:28:22 +0800] "GET /xingrg/all/function/internal_message.html?_=1651278252103&CODE_STATE=getMsg HTTP/1.1" 200 27
218.81.223.53 - - [30/Apr/2022:08:28:34 +0800] "GET /xingrg/check_reg.html?_=1651278533364 HTTP/1.1" 200 22
218.81.223.53 - - [30/Apr/2022:08:28:35 +0800] "GET /xingrg/all/function/internal_message.html?_=1651278534711&CODE_STATE=getMsg HTTP/1.1" 200 27
116.235.92.88 - - [30/Apr/2022:08:28:46 +0800] "GET /xingrg/all/function/internal_message.html?_=1651278697285&CODE_STATE=getMsg HTTP/1.1" 200 27
58.39.201.47 - - [30/Apr/2022:08:28:55 +0800] "GET /xingrg/all/function/internal_message.html?_=1651278536717&CODE_STATE=getMsg HTTP/1.1" 200 27
116.230.110.173 - - [30/Apr/2022:08:29:09 +0800] "GET /xingrg/all/function/internal_message.html?_=1651278549556&CODE_STATE=getMsg HTTP/1.1" 200 27
180.162.112.220 - - [30/Apr/2022:08:29:17 +0800] "GET /xingrg HTTP/1.1" 302 -
180.162.112.220 - - [30/Apr/2022:08:29:18 +0800] "GET /xingrg/index.html HTTP/1.1" 302 -
180.162.112.220 - - [30/Apr/2022:08:29:18 +0800] "GET /favicon.ico HTTP/1.1" 404 -
180.162.112.220 - - [30/Apr/2022:08:29:18 +0800] "GET /xingrg/login.html HTTP/1.1" 200 7641
180.162.112.220 - - [30/Apr/2022:08:29:18 +0800] "GET /favicon.ico HTTP/1.1" 404 -
180.162.112.220 - - [30/Apr/2022:08:29:20 +0800] "POST /xingrg/login.do HTTP/1.1" 302 -
180.162.112.220 - - [30/Apr/2022:08:29:20 +0800] "GET /xingrg/index.html?sysBaseUrl=http%3A%2F%2F180.169.147.146%3A18081%2Fxingrg%2F&costTime=39×tamp=1651278560953 HTTP/1.1" 200 17179
180.162.112.220 - - [30/Apr/2022:08:29:21 +0800] "GET /favicon.ico HTTP/1.1" 404 -
180.162.112.220 - - [30/Apr/2022:08:29:21 +0800] "POST /xingrg/all/common/load_tree.html?tree=area_rest_tree_json&manage=1 HTTP/1.1" 200 351
180.162.112.220 - - [30/Apr/2022:08:29:21 +0800] "GET /xingrg/all/function/internal_message.html?_=1651277857364&CODE_STATE=count HTTP/1.1" 200 11
180.162.112.220 - - [30/Apr/2022:08:29:21 +0800] "POST /xingrg/load_menu.html HTTP/1.1" 200 5138
180.162.112.220 - - [30/Apr/2022:08:29:21 +0800] "GET /xingrg/check_reg.html?_=1651277857365 HTTP/1.1" 200 22
114.88.156.203 - - [30/Apr/2022:08:29:22 +0800] "GET /xingrg/check_reg.html?_=1651278312129 HTTP/1.1" 200 22
114.88.156.203 - - [30/Apr/2022:08:29:22 +0800] "GET /xingrg/all/function/internal_message.html?_=1651278312130&CODE_STATE=getMsg HTTP/1.1" 200 27
180.162.112.220 - - [30/Apr/2022:08:29:24 +0800] "GET /xingrg/kc/base/base_main.html HTTP/1.1" 200 12142
180.162.112.220 - - [30/Apr/2022:08:29:33 +0800] "GET /xingrg/kc/buy/buy_main.html HTTP/1.1" 200 12412
180.162.112.220 - - [30/Apr/2022:08:29:33 +0800] "GET /xingrg/css/new_ie.css HTTP/1.1" 404 1036
218.81.223.53 - - [30/Apr/2022:08:29:35 +0800] "GET /xingrg/all/function/internal_message.html?_=1651278594725&CODE_STATE=getMsg HTTP/1.1" 200 27
180.162.112.220 - - [30/Apr/2022:08:29:43 +0800] "GET /xingrg/kc/base/base_main.html HTTP/1.1" 200 12142
180.162.112.220 - - [30/Apr/2022:08:29:46 +0800] "GET /xingrg/kc/base/wldb_order_list.html HTTP/1.1" 200 19107
