180.157.251.97 - - [30/Apr/2022:12:29:49 +0800] "POST /xingrg/kc/pszx/mdps_list_operate.html HTTP/1.1" 200 319
180.157.251.97 - - [30/Apr/2022:12:29:49 +0800] "GET /xingrg/kc/pszx/mdps_order_info.html?code=312022042900237 HTTP/1.1" 200 23972
180.157.251.97 - - [30/Apr/2022:12:29:50 +0800] "GET /xingrg/javascript/easyui/themes/default/validatebox.css HTTP/1.1" 404 1104
180.157.251.97 - - [30/Apr/2022:12:29:50 +0800] "POST /xingrg/kc/pszx/mdps_order_operate.html HTTP/1.1" 200 2836
180.162.112.220 - - [30/Apr/2022:12:29:53 +0800] "GET /xingrg/all/function/internal_message.html?_=1651292290120&CODE_STATE=getMsg HTTP/1.1" 200 27
101.85.120.86 - - [30/Apr/2022:12:29:53 +0800] "GET /xingrg/all/function/internal_message.html?_=1651292994547&CODE_STATE=getMsg HTTP/1.1" 200 27
58.39.201.47 - - [30/Apr/2022:12:29:55 +0800] "GET /xingrg/all/function/internal_message.html?_=1651292997151&CODE_STATE=getMsg HTTP/1.1" 200 27
180.157.251.97 - - [30/Apr/2022:12:29:55 +0800] "GET /xingrg/kc/print/load_data.html?order_code=312022042900237&kc_code=mdps&condition= HTTP/1.1" 200 993
222.70.180.114 - - [30/Apr/2022:12:29:57 +0800] "GET /xingrg/javascript/auto/indicator.gif HTTP/1.1" 404 1066
218.81.223.53 - - [30/Apr/2022:12:29:59 +0800] "GET /xingrg/all/function/internal_message.html?_=1651293017762&CODE_STATE=getMsg HTTP/1.1" 200 27
114.83.220.194 - - [30/Apr/2022:12:30:03 +0800] "GET /xingrg/check_reg.html?_=1651293003374 HTTP/1.1" 200 22
116.230.110.173 - - [30/Apr/2022:12:30:09 +0800] "GET /xingrg/all/function/internal_message.html?_=1651293009553&CODE_STATE=getMsg HTTP/1.1" 200 27
222.70.180.114 - - [30/Apr/2022:12:30:09 +0800] "GET /xingrg/all/function/internal_message.html?_=1651293007420&CODE_STATE=getMsg HTTP/1.1" 200 27
116.230.110.173 - - [30/Apr/2022:12:30:09 +0800] "GET /xingrg/check_reg.html?_=1651293009557 HTTP/1.1" 200 22
114.83.220.194 - - [30/Apr/2022:12:30:21 +0800] "GET /xingrg/all/function/internal_message.html?_=1651293020882&CODE_STATE=getMsg HTTP/1.1" 200 27
180.157.251.97 - - [30/Apr/2022:12:30:25 +0800] "POST /xingrg/kc/pszx/mdps_order_operate.html HTTP/1.1" 200 37
180.157.251.97 - - [30/Apr/2022:12:30:27 +0800] "POST /xingrg/kc/pszx/mdps_order_operate.html HTTP/1.1" 200 12
58.39.61.91 - - [30/Apr/2022:12:30:30 +0800] "GET /xingrg/all/function/internal_message.html?_=1651292941220&CODE_STATE=getMsg HTTP/1.1" 200 27
218.81.223.53 - - [30/Apr/2022:12:30:38 +0800] "GET /xingrg/all/function/internal_message.html?_=1651293058013&CODE_STATE=getMsg HTTP/1.1" 302 -
180.157.251.97 - - [30/Apr/2022:12:30:41 +0800] "GET /xingrg/kc/pszx/mdps_order_info.html?code=312022042900237 HTTP/1.1" 200 19630
180.157.251.97 - - [30/Apr/2022:12:30:41 +0800] "POST /xingrg/kc/pszx/mdps_order_operate.html HTTP/1.1" 200 1051
180.157.251.97 - - [30/Apr/2022:12:30:41 +0800] "GET /xingrg/javascript/easyui/themes/default/validatebox.css HTTP/1.1" 404 1104
180.157.251.97 - - [30/Apr/2022:12:30:44 +0800] "POST /xingrg/kc/pszx/mdps_list_operate.html HTTP/1.1" 200 5378
116.228.172.94 - - [30/Apr/2022:12:30:46 +0800] "GET /xingrg/all/function/internal_message.html?_=1651293042564&CODE_STATE=getMsg HTTP/1.1" 200 27
116.235.92.88 - - [30/Apr/2022:12:30:46 +0800] "GET /xingrg/all/function/internal_message.html?_=1651293217514&CODE_STATE=getMsg HTTP/1.1" 200 27
180.162.112.220 - - [30/Apr/2022:12:30:53 +0800] "GET /xingrg/all/function/internal_message.html?_=1651292350120&CODE_STATE=getMsg HTTP/1.1" 200 27
101.85.120.86 - - [30/Apr/2022:12:30:53 +0800] "GET /xingrg/all/function/internal_message.html?_=1651293054547&CODE_STATE=getMsg HTTP/1.1" 200 27
180.157.251.97 - - [30/Apr/2022:12:30:54 +0800] "POST /xingrg/kc/pszx/mdps_list_operate.html HTTP/1.1" 200 319
180.157.251.97 - - [30/Apr/2022:12:30:54 +0800] "GET /xingrg/kc/pszx/mdps_order_info.html?code=312022042900236 HTTP/1.1" 200 23972
180.157.251.97 - - [30/Apr/2022:12:30:54 +0800] "GET /xingrg/javascript/easyui/themes/default/validatebox.css HTTP/1.1" 404 1104
180.157.251.97 - - [30/Apr/2022:12:30:54 +0800] "POST /xingrg/kc/pszx/mdps_order_operate.html HTTP/1.1" 200 2836
58.39.201.47 - - [30/Apr/2022:12:30:55 +0800] "GET /xingrg/all/function/internal_message.html?_=1651293057142&CODE_STATE=getMsg HTTP/1.1" 200 27
58.39.201.47 - - [30/Apr/2022:12:30:55 +0800] "GET /xingrg/check_reg.html?_=1651293057145 HTTP/1.1" 200 22
218.81.223.53 - - [30/Apr/2022:12:30:59 +0800] "GET /xingrg/all/function/internal_message.html?_=1651293077792&CODE_STATE=getMsg HTTP/1.1" 200 27
180.157.251.97 - - [30/Apr/2022:12:31:02 +0800] "GET /xingrg/kc/pszx/mdps_order_operate.html?command=get_materiel&pszx_code=00101&rest_code=00109&base_code=0010851&code=00101009144 HTTP/1.1" 200 408
116.230.110.173 - - [30/Apr/2022:12:31:09 +0800] "GET /xingrg/all/function/internal_message.html?_=1651293069544&CODE_STATE=getMsg HTTP/1.1" 200 27
222.70.180.114 - - [30/Apr/2022:12:31:09 +0800] "GET /xingrg/all/function/internal_message.html?_=1651293067418&CODE_STATE=getMsg HTTP/1.1" 200 27
180.157.251.97 - - [30/Apr/2022:12:31:13 +0800] "POST /xingrg/kc/pszx/mdps_order_operate.html HTTP/1.1" 200 37
180.157.251.97 - - [30/Apr/2022:12:31:14 +0800] "GET /xingrg/kc/pszx/mdps_order_info.html?code=312022042900236 HTTP/1.1" 200 23972
180.157.251.97 - - [30/Apr/2022:12:31:14 +0800] "GET /xingrg/javascript/easyui/themes/default/validatebox.css HTTP/1.1" 404 1104
180.157.251.97 - - [30/Apr/2022:12:31:14 +0800] "POST /xingrg/kc/pszx/mdps_order_operate.html HTTP/1.1" 200 3328
180.157.251.97 - - [30/Apr/2022:12:31:20 +0800] "POST /xingrg/kc/pszx/mdps_order_operate.html HTTP/1.1" 200 37
114.83.220.194 - - [30/Apr/2022:12:31:21 +0800] "GET /xingrg/all/function/internal_message.html?_=1651293080857&CODE_STATE=getMsg HTTP/1.1" 200 27
180.157.251.97 - - [30/Apr/2022:12:31:21 +0800] "GET /xingrg/kc/pszx/mdps_order_info.html?code=312022042900236 HTTP/1.1" 200 23972
180.157.251.97 - - [30/Apr/2022:12:31:22 +0800] "GET /xingrg/javascript/easyui/themes/default/validatebox.css HTTP/1.1" 404 1104
180.157.251.97 - - [30/Apr/2022:12:31:22 +0800] "POST /xingrg/kc/pszx/mdps_order_operate.html HTTP/1.1" 200 3328
180.157.251.97 - - [30/Apr/2022:12:31:24 +0800] "GET /xingrg/all/function/internal_message.html?_=1651293084948&CODE_STATE=getMsg HTTP/1.1" 200 27
58.39.61.91 - - [30/Apr/2022:12:31:25 +0800] "GET /xingrg/check_reg.html?_=1651292995582 HTTP/1.1" 200 22
180.157.251.97 - - [30/Apr/2022:12:31:26 +0800] "POST /xingrg/kc/pszx/mdps_list_operate.html HTTP/1.1" 200 5378
180.157.251.97 - - [30/Apr/2022:12:31:29 +0800] "POST /xingrg/kc/pszx/mdps_list_operate.html HTTP/1.1" 200 319
180.157.251.97 - - [30/Apr/2022:12:31:30 +0800] "GET /xingrg/kc/pszx/mdps_order_info.html?code=312022042900235 HTTP/1.1" 200 23978
180.157.251.97 - - [30/Apr/2022:12:31:30 +0800] "GET /xingrg/javascript/easyui/themes/default/validatebox.css HTTP/1.1" 404 1104
180.157.251.97 - - [30/Apr/2022:12:31:30 +0800] "POST /xingrg/kc/pszx/mdps_order_operate.html HTTP/1.1" 200 2836
58.39.61.91 - - [30/Apr/2022:12:31:30 +0800] "GET /xingrg/all/function/internal_message.html?_=1651293001224&CODE_STATE=getMsg HTTP/1.1" 200 27
218.81.223.53 - - [30/Apr/2022:12:31:38 +0800] "GET /xingrg/all/function/internal_message.html?_=1651293118034&CODE_STATE=getMsg HTTP/1.1" 302 -
180.157.251.97 - - [30/Apr/2022:12:31:38 +0800] "GET /xingrg/kc/print/load_data.html?order_code=312022042900235&kc_code=mdps&condition= HTTP/1.1" 200 1002
116.228.172.94 - - [30/Apr/2022:12:31:46 +0800] "GET /xingrg/all/function/internal_message.html?_=1651293102574&CODE_STATE=getMsg HTTP/1.1" 200 27
116.235.92.88 - - [30/Apr/2022:12:31:46 +0800] "GET /xingrg/all/function/internal_message.html?_=1651293277513&CODE_STATE=getMsg HTTP/1.1" 200 27
180.162.112.220 - - [30/Apr/2022:12:31:53 +0800] "GET /xingrg/all/function/internal_message.html?_=1651292410120&CODE_STATE=getMsg HTTP/1.1" 200 27
101.85.120.86 - - [30/Apr/2022:12:31:53 +0800] "GET /xingrg/check_reg.html?_=1651293114573 HTTP/1.1" 200 22
101.85.120.86 - - [30/Apr/2022:12:31:53 +0800] "GET /xingrg/all/function/internal_message.html?_=1651293114575&CODE_STATE=getMsg HTTP/1.1" 200 27
58.39.201.47 - - [30/Apr/2022:12:31:55 +0800] "GET /xingrg/all/function/internal_message.html?_=1651293117144&CODE_STATE=getMsg HTTP/1.1" 200 27
218.81.223.53 - - [30/Apr/2022:12:31:59 +0800] "GET /xingrg/all/function/internal_message.html?_=1651293137803&CODE_STATE=getMsg HTTP/1.1" 200 27
180.157.251.97 - - [30/Apr/2022:12:32:00 +0800] "POST /xingrg/kc/pszx/mdps_order_operate.html HTTP/1.1" 200 37
180.157.251.97 - - [30/Apr/2022:12:32:01 +0800] "POST /xingrg/kc/pszx/mdps_order_operate.html HTTP/1.1" 200 12
180.157.251.97 - - [30/Apr/2022:12:32:08 +0800] "GET /xingrg/kc/pszx/mdps_order_info.html?code=312022042900235 HTTP/1.1" 200 19636
180.157.251.97 - - [30/Apr/2022:12:32:09 +0800] "POST /xingrg/kc/pszx/mdps_order_operate.html HTTP/1.1" 200 1051
180.157.251.97 - - [30/Apr/2022:12:32:09 +0800] "GET /xingrg/javascript/easyui/themes/default/validatebox.css HTTP/1.1" 404 1104
116.230.110.173 - - [30/Apr/2022:12:32:09 +0800] "GET /xingrg/all/function/internal_message.html?_=1651293129535&CODE_STATE=getMsg HTTP/1.1" 200 27
222.70.180.114 - - [30/Apr/2022:12:32:09 +0800] "GET /xingrg/all/function/internal_message.html?_=1651293127411&CODE_STATE=getMsg HTTP/1.1" 200 27
180.157.251.97 - - [30/Apr/2022:12:32:16 +0800] "POST /xingrg/kc/pszx/mdps_list_operate.html HTTP/1.1" 200 5380
114.83.220.194 - - [30/Apr/2022:12:32:21 +0800] "GET /xingrg/all/function/internal_message.html?_=1651293140846&CODE_STATE=getMsg HTTP/1.1" 200 27
180.157.251.97 - - [30/Apr/2022:12:32:21 +0800] "POST /xingrg/kc/pszx/mdps_list_operate.html HTTP/1.1" 200 319
180.157.251.97 - - [30/Apr/2022:12:32:22 +0800] "GET /xingrg/kc/pszx/mdps_order_info.html?code=312022042900234 HTTP/1.1" 200 23978
180.157.251.97 - - [30/Apr/2022:12:32:22 +0800] "GET /xingrg/javascript/easyui/themes/default/validatebox.css HTTP/1.1" 404 1104
180.157.251.97 - - [30/Apr/2022:12:32:22 +0800] "POST /xingrg/kc/pszx/mdps_order_operate.html HTTP/1.1" 200 2836
180.157.251.97 - - [30/Apr/2022:12:32:24 +0800] "GET /xingrg/all/function/internal_message.html?_=1651293144932&CODE_STATE=getMsg HTTP/1.1" 200 27
180.157.251.97 - - [30/Apr/2022:12:32:25 +0800] "GET /xingrg/check_reg.html?_=1651293146549 HTTP/1.1" 200 22
180.157.251.97 - - [30/Apr/2022:12:32:26 +0800] "GET /xingrg/kc/print/load_data.html?order_code=312022042900234&kc_code=mdps&condition= HTTP/1.1" 200 996
58.39.61.91 - - [30/Apr/2022:12:32:30 +0800] "GET /xingrg/all/function/internal_message.html?_=1651293061236&CODE_STATE=getMsg HTTP/1.1" 200 27
218.81.223.53 - - [30/Apr/2022:12:32:38 +0800] "GET /xingrg/all/function/internal_message.html?_=1651293178040&CODE_STATE=getMsg HTTP/1.1" 302 -
116.228.172.94 - - [30/Apr/2022:12:32:46 +0800] "GET /xingrg/all/function/internal_message.html?_=1651293162573&CODE_STATE=getMsg HTTP/1.1" 200 27
116.235.92.88 - - [30/Apr/2022:12:32:46 +0800] "GET /xingrg/all/function/internal_message.html?_=1651293337512&CODE_STATE=getMsg HTTP/1.1" 200 27
116.235.92.88 - - [30/Apr/2022:12:32:46 +0800] "GET /xingrg/check_reg.html?_=1651293337513 HTTP/1.1" 200 22
180.157.251.97 - - [30/Apr/2022:12:32:51 +0800] "POST /xingrg/kc/pszx/mdps_list_operate.html HTTP/1.1" 200 5380
180.162.112.220 - - [30/Apr/2022:12:32:53 +0800] "GET /xingrg/all/function/internal_message.html?_=1651292470120&CODE_STATE=getMsg HTTP/1.1" 200 27
101.85.120.86 - - [30/Apr/2022:12:32:53 +0800] "GET /xingrg/all/function/internal_message.html?_=1651293174575&CODE_STATE=getMsg HTTP/1.1" 200 27
58.39.201.47 - - [30/Apr/2022:12:32:55 +0800] "GET /xingrg/all/function/internal_message.html?_=1651293177149&CODE_STATE=getMsg HTTP/1.1" 200 27
218.81.223.53 - - [30/Apr/2022:12:32:58 +0800] "GET /xingrg/check_reg.html?_=1651293196373 HTTP/1.1" 200 22
218.81.223.53 - - [30/Apr/2022:12:32:59 +0800] "GET /xingrg/all/function/internal_message.html?_=1651293197817&CODE_STATE=getMsg HTTP/1.1" 200 27
222.70.180.114 - - [30/Apr/2022:12:33:09 +0800] "GET /xingrg/all/function/internal_message.html?_=1651293187410&CODE_STATE=getMsg HTTP/1.1" 200 27
116.230.110.173 - - [30/Apr/2022:12:33:09 +0800] "GET /xingrg/all/function/internal_message.html?_=1651293189551&CODE_STATE=getMsg HTTP/1.1" 200 27
180.157.251.97 - - [30/Apr/2022:12:33:10 +0800] "GET /xingrg/index.html?sysBaseUrl=http%3A%2F%2F180.169.147.146%3A18081%2Fxingrg%2F&costTime=44×tamp=1622098168715 HTTP/1.1" 302 -
180.157.251.97 - - [30/Apr/2022:12:33:10 +0800] "GET /xingrg/login.html HTTP/1.1" 200 7641
180.157.251.97 - - [30/Apr/2022:12:33:10 +0800] "GET /favicon.ico HTTP/1.1" 404 -
180.157.251.97 - - [30/Apr/2022:12:33:12 +0800] "POST /xingrg/login.do HTTP/1.1" 302 -
180.157.251.97 - - [30/Apr/2022:12:33:12 +0800] "GET /xingrg/index.html?sysBaseUrl=http%3A%2F%2F180.169.147.146%3A18081%2Fxingrg%2F&costTime=44×tamp=1651293192384 HTTP/1.1" 200 17173
180.157.251.97 - - [30/Apr/2022:12:33:12 +0800] "GET /favicon.ico HTTP/1.1" 404 -
180.157.251.97 - - [30/Apr/2022:12:33:12 +0800] "POST /xingrg/all/common/load_tree.html?tree=area_rest_tree_json&manage=1 HTTP/1.1" 200 344
180.157.251.97 - - [30/Apr/2022:12:33:12 +0800] "POST /xingrg/load_menu.html HTTP/1.1" 200 6743
180.157.251.97 - - [30/Apr/2022:12:33:12 +0800] "GET /xingrg/all/function/internal_message.html?_=1651293193426&CODE_STATE=count HTTP/1.1" 200 11
180.157.251.97 - - [30/Apr/2022:12:33:12 +0800] "GET /xingrg/check_reg.html?_=1651293193427 HTTP/1.1" 200 22
180.157.251.97 - - [30/Apr/2022:12:33:16 +0800] "GET /xingrg/kc/pszx/mdps_order_list.html?orderType=0 HTTP/1.1" 200 20966
180.157.251.97 - - [30/Apr/2022:12:33:16 +0800] "POST /xingrg/kc/pszx/mdps_list_operate.html HTTP/1.1" 200 5258
114.83.220.194 - - [30/Apr/2022:12:33:21 +0800] "GET /xingrg/all/function/internal_message.html?_=1651293200820&CODE_STATE=getMsg HTTP/1.1" 200 27
180.157.251.97 - - [30/Apr/2022:12:33:22 +0800] "POST /xingrg/kc/pszx/mdps_list_operate.html HTTP/1.1" 200 5380
180.157.251.97 - - [30/Apr/2022:12:33:28 +0800] "POST /xingrg/kc/pszx/mdps_list_operate.html HTTP/1.1" 200 398
180.157.251.97 - - [30/Apr/2022:12:33:28 +0800] "GET /xingrg/kc/pszx/mdps_order_info.html?code=312022042900240 HTTP/1.1" 200 23978
180.157.251.97 - - [30/Apr/2022:12:33:28 +0800] "GET /xingrg/javascript/easyui/themes/default/validatebox.css HTTP/1.1" 404 1104
180.157.251.97 - - [30/Apr/2022:12:33:28 +0800] "GET /xingrg/all/common/auto_word.html?type=base&rest_code=00101 HTTP/1.1" 200 671
180.157.251.97 - - [30/Apr/2022:12:33:28 +0800] "POST /xingrg/kc/pszx/mdps_order_operate.html HTTP/1.1" 200 3328
58.39.61.91 - - [30/Apr/2022:12:33:30 +0800] "GET /xingrg/all/function/internal_message.html?_=1651293121262&CODE_STATE=getMsg HTTP/1.1" 200 27
218.81.223.53 - - [30/Apr/2022:12:33:34 +0800] "GET /xingrg/check_reg.html?_=1651293233686 HTTP/1.1" 302 -
218.81.223.53 - - [30/Apr/2022:12:33:38 +0800] "GET /xingrg/all/function/internal_message.html?_=1651293238054&CODE_STATE=getMsg HTTP/1.1" 302 -
116.228.172.94 - - [30/Apr/2022:12:33:46 +0800] "GET /xingrg/all/function/internal_message.html?_=1651293222566&CODE_STATE=getMsg HTTP/1.1" 200 27
116.235.92.88 - - [30/Apr/2022:12:33:46 +0800] "GET /xingrg/all/function/internal_message.html?_=1651293397527&CODE_STATE=getMsg HTTP/1.1" 200 27
180.162.112.220 - - [30/Apr/2022:12:33:53 +0800] "GET /xingrg/check_reg.html?_=1651292530120 HTTP/1.1" 200 22
180.162.112.220 - - [30/Apr/2022:12:33:53 +0800] "GET /xingrg/all/function/internal_message.html?_=1651292530123&CODE_STATE=getMsg HTTP/1.1" 200 27
180.157.251.97 - - [30/Apr/2022:12:33:53 +0800] "GET /xingrg/kc/print/load_config.html?kc_code=mdps HTTP/1.1" 200 2390
101.85.120.86 - - [30/Apr/2022:12:33:53 +0800] "GET /xingrg/all/function/internal_message.html?_=1651293234575&CODE_STATE=getMsg HTTP/1.1" 200 27
180.157.251.97 - - [30/Apr/2022:12:33:53 +0800] "GET /xingrg/kc/print/load_data.html?order_code=312022042900240&kc_code=mdps&condition= HTTP/1.1" 200 1222
58.39.201.47 - - [30/Apr/2022:12:33:55 +0800] "GET /xingrg/all/function/internal_message.html?_=1651293237147&CODE_STATE=getMsg HTTP/1.1" 200 27
218.81.223.53 - - [30/Apr/2022:12:33:59 +0800] "GET /xingrg/all/function/internal_message.html?_=1651293257831&CODE_STATE=getMsg HTTP/1.1" 200 27
116.230.110.173 - - [30/Apr/2022:12:34:09 +0800] "GET /xingrg/all/function/internal_message.html?_=1651293249542&CODE_STATE=getMsg HTTP/1.1" 200 27
222.70.180.114 - - [30/Apr/2022:12:34:09 +0800] "GET /xingrg/all/function/internal_message.html?_=1651293247413&CODE_STATE=getMsg HTTP/1.1" 200 27
222.70.180.114 - - [30/Apr/2022:12:34:09 +0800] "GET /xingrg/check_reg.html?_=1651293247409 HTTP/1.1" 200 22
180.157.251.97 - - [30/Apr/2022:12:34:12 +0800] "GET /xingrg/all/function/internal_message.html?_=1651293253436&CODE_STATE=getMsg HTTP/1.1" 200 27
180.157.251.97 - - [30/Apr/2022:12:34:19 +0800] "POST /xingrg/kc/pszx/mdps_order_operate.html HTTP/1.1" 200 37
180.157.251.97 - - [30/Apr/2022:12:34:20 +0800] "POST /xingrg/kc/pszx/mdps_order_operate.html HTTP/1.1" 200 12
114.83.220.194 - - [30/Apr/2022:12:34:21 +0800] "GET /xingrg/all/function/internal_message.html?_=1651293260797&CODE_STATE=getMsg HTTP/1.1" 200 27
180.157.251.97 - - [30/Apr/2022:12:34:21 +0800] "GET /xingrg/kc/pszx/mdps_order_info.html?code=312022042900240 HTTP/1.1" 200 19636
180.157.251.97 - - [30/Apr/2022:12:34:22 +0800] "GET /xingrg/javascript/easyui/themes/default/validatebox.css HTTP/1.1" 404 1104
180.157.251.97 - - [30/Apr/2022:12:34:22 +0800] "POST /xingrg/kc/pszx/mdps_order_operate.html HTTP/1.1" 200 1538
180.157.251.97 - - [30/Apr/2022:12:34:29 +0800] "POST /xingrg/kc/pszx/mdps_list_operate.html HTTP/1.1" 200 398
180.157.251.97 - - [30/Apr/2022:12:34:29 +0800] "GET /xingrg/kc/pszx/mdps_order_info.html?code=312022042900236 HTTP/1.1" 200 23972
180.157.251.97 - - [30/Apr/2022:12:34:29 +0800] "GET /xingrg/javascript/easyui/themes/default/validatebox.css HTTP/1.1" 404 1104
180.157.251.97 - - [30/Apr/2022:12:34:29 +0800] "POST /xingrg/kc/pszx/mdps_order_operate.html HTTP/1.1" 200 3328
58.39.61.91 - - [30/Apr/2022:12:34:30 +0800] "GET /xingrg/all/function/internal_message.html?_=1651293181265&CODE_STATE=getMsg HTTP/1.1" 200 27
180.157.251.97 - - [30/Apr/2022:12:34:34 +0800] "GET /xingrg/kc/print/load_data.html?order_code=312022042900236&kc_code=mdps&condition= HTTP/1.1" 200 1207
218.81.223.53 - - [30/Apr/2022:12:34:38 +0800] "GET /xingrg/all/function/internal_message.html?_=1651293298075&CODE_STATE=getMsg HTTP/1.1" 302 -
116.228.172.94 - - [30/Apr/2022:12:34:46 +0800] "GET /xingrg/all/function/internal_message.html?_=1651293282580&CODE_STATE=getMsg HTTP/1.1" 200 27
116.228.172.94 - - [30/Apr/2022:12:34:46 +0800] "GET /xingrg/check_reg.html?_=1651293282582 HTTP/1.1" 200 22
116.235.92.88 - - [30/Apr/2022:12:34:46 +0800] "GET /xingrg/all/function/internal_message.html?_=1651293457525&CODE_STATE=getMsg HTTP/1.1" 200 27
180.162.112.220 - - [30/Apr/2022:12:34:53 +0800] "GET /xingrg/all/function/internal_message.html?_=1651292590122&CODE_STATE=getMsg HTTP/1.1" 200 27
101.85.120.86 - - [30/Apr/2022:12:34:53 +0800] "GET /xingrg/all/function/internal_message.html?_=1651293294575&CODE_STATE=getMsg HTTP/1.1" 200 27
58.39.201.47 - - [30/Apr/2022:12:34:55 +0800] "GET /xingrg/all/function/internal_message.html?_=1651293297151&CODE_STATE=getMsg HTTP/1.1" 200 27
180.157.251.97 - - [30/Apr/2022:12:34:58 +0800] "POST /xingrg/kc/pszx/mdps_order_operate.html HTTP/1.1" 200 37
218.81.223.53 - - [30/Apr/2022:12:34:59 +0800] "GET /xingrg/all/function/internal_message.html?_=1651293317844&CODE_STATE=getMsg HTTP/1.1" 200 27
180.157.251.97 - - [30/Apr/2022:12:34:59 +0800] "POST /xingrg/kc/pszx/mdps_order_operate.html HTTP/1.1" 200 12
114.83.220.194 - - [30/Apr/2022:12:35:03 +0800] "GET /xingrg/check_reg.html?_=1651293303391 HTTP/1.1" 200 22
180.162.112.220 - - [30/Apr/2022:12:35:05 +0800] "POST /xingrg/kc/base/check_list_operate.html HTTP/1.1" 200 3462
180.157.251.97 - - [30/Apr/2022:12:35:06 +0800] "GET /xingrg/kc/pszx/mdps_order_info.html?code=312022042900236 HTTP/1.1" 200 19630
180.157.251.97 - - [30/Apr/2022:12:35:06 +0800] "POST /xingrg/kc/pszx/mdps_order_operate.html HTTP/1.1" 200 1538
180.157.251.97 - - [30/Apr/2022:12:35:06 +0800] "GET /xingrg/javascript/easyui/themes/default/validatebox.css HTTP/1.1" 404 1104
116.230.110.173 - - [30/Apr/2022:12:35:09 +0800] "GET /xingrg/all/function/internal_message.html?_=1651293309534&CODE_STATE=getMsg HTTP/1.1" 200 27
222.70.180.114 - - [30/Apr/2022:12:35:09 +0800] "GET /xingrg/all/function/internal_message.html?_=1651293307422&CODE_STATE=getMsg HTTP/1.1" 200 27
116.230.110.173 - - [30/Apr/2022:12:35:09 +0800] "GET /xingrg/check_reg.html?_=1651293309535 HTTP/1.1" 200 22
180.157.251.97 - - [30/Apr/2022:12:35:12 +0800] "GET /xingrg/all/function/internal_message.html?_=1651293313435&CODE_STATE=getMsg HTTP/1.1" 200 27
180.162.112.220 - - [30/Apr/2022:12:35:17 +0800] "GET /xingrg/kc/base/check_order_info.html?code=452022043000016 HTTP/1.1" 200 22870
180.162.112.220 - - [30/Apr/2022:12:35:17 +0800] "GET /xingrg/dwr/interface/AjaxComOrderService.js HTTP/1.1" 200 18264
180.162.112.220 - - [30/Apr/2022:12:35:17 +0800] "GET /xingrg/dwr/interface/AjaxCheckService.js HTTP/1.1" 200 14003
180.162.112.220 - - [30/Apr/2022:12:35:17 +0800] "GET /xingrg/dwr/engine.js HTTP/1.1" 200 43631
180.162.112.220 - - [30/Apr/2022:12:35:18 +0800] "POST /xingrg/dwr/call/plaincall/AjaxCheckService.loadOrderItems.dwr HTTP/1.1" 200 3881
114.83.220.194 - - [30/Apr/2022:12:35:21 +0800] "GET /xingrg/all/function/internal_message.html?_=1651293320776&CODE_STATE=getMsg HTTP/1.1" 200 27
58.39.61.91 - - [30/Apr/2022:12:35:30 +0800] "GET /xingrg/all/function/internal_message.html?_=1651293241286&CODE_STATE=getMsg HTTP/1.1" 200 27
218.81.223.53 - - [30/Apr/2022:12:35:38 +0800] "GET /xingrg/all/function/internal_message.html?_=1651293358082&CODE_STATE=getMsg HTTP/1.1" 302 -
116.228.172.94 - - [30/Apr/2022:12:35:46 +0800] "GET /xingrg/all/function/internal_message.html?_=1651293342577&CODE_STATE=getMsg HTTP/1.1" 200 27
116.235.92.88 - - [30/Apr/2022:12:35:46 +0800] "GET /xingrg/all/function/internal_message.html?_=1651293517524&CODE_STATE=getMsg HTTP/1.1" 200 27
180.162.112.220 - - [30/Apr/2022:12:35:53 +0800] "GET /xingrg/all/function/internal_message.html?_=1651292650143&CODE_STATE=getMsg HTTP/1.1" 200 27
101.85.120.86 - - [30/Apr/2022:12:35:53 +0800] "GET /xingrg/all/function/internal_message.html?_=1651293354575&CODE_STATE=getMsg HTTP/1.1" 200 27
58.39.201.47 - - [30/Apr/2022:12:35:55 +0800] "GET /xingrg/check_reg.html?_=1651293357142 HTTP/1.1" 200 22
58.39.201.47 - - [30/Apr/2022:12:35:55 +0800] "GET /xingrg/all/function/internal_message.html?_=1651293357144&CODE_STATE=getMsg HTTP/1.1" 200 27
218.81.223.53 - - [30/Apr/2022:12:35:59 +0800] "GET /xingrg/all/function/internal_message.html?_=1651293377876&CODE_STATE=getMsg HTTP/1.1" 200 27
116.230.110.173 - - [30/Apr/2022:12:36:09 +0800] "GET /xingrg/all/function/internal_message.html?_=1651293369545&CODE_STATE=getMsg HTTP/1.1" 200 27
222.70.180.114 - - [30/Apr/2022:12:36:09 +0800] "GET /xingrg/all/function/internal_message.html?_=1651293367421&CODE_STATE=getMsg HTTP/1.1" 200 27
180.157.251.97 - - [30/Apr/2022:12:36:12 +0800] "GET /xingrg/all/function/internal_message.html?_=1651293373435&CODE_STATE=getMsg HTTP/1.1" 200 27
114.83.220.194 - - [30/Apr/2022:12:36:21 +0800] "GET /xingrg/all/function/internal_message.html?_=1651293380761&CODE_STATE=getMsg HTTP/1.1" 200 27
58.39.61.91 - - [30/Apr/2022:12:36:25 +0800] "GET /xingrg/check_reg.html?_=1651293295589 HTTP/1.1" 200 22
58.39.61.91 - - [30/Apr/2022:12:36:30 +0800] "GET /xingrg/all/function/internal_message.html?_=1651293301291&CODE_STATE=getMsg HTTP/1.1" 200 27
218.81.223.53 - - [30/Apr/2022:12:36:38 +0800] "GET /xingrg/all/function/internal_message.html?_=1651293418104&CODE_STATE=getMsg HTTP/1.1" 302 -
116.228.172.94 - - [30/Apr/2022:12:36:46 +0800] "GET /xingrg/all/function/internal_message.html?_=1651293402571&CODE_STATE=getMsg HTTP/1.1" 200 27
116.235.92.88 - - [30/Apr/2022:12:36:46 +0800] "GET /xingrg/all/function/internal_message.html?_=1651293577522&CODE_STATE=getMsg HTTP/1.1" 200 27
180.162.112.220 - - [30/Apr/2022:12:36:53 +0800] "GET /xingrg/all/function/internal_message.html?_=1651292710143&CODE_STATE=getMsg HTTP/1.1" 200 27
101.85.120.86 - - [30/Apr/2022:12:36:53 +0800] "GET /xingrg/check_reg.html?_=1651293414576 HTTP/1.1" 200 22
101.85.120.86 - - [30/Apr/2022:12:36:53 +0800] "GET /xingrg/all/function/internal_message.html?_=1651293414578&CODE_STATE=getMsg HTTP/1.1" 200 27
183.192.90.64 - - [30/Apr/2022:12:36:54 +0800] "GET /xingrg/login.html HTTP/1.1" 200 7641
58.39.201.47 - - [30/Apr/2022:12:36:55 +0800] "GET /xingrg/all/function/internal_message.html?_=1651293417155&CODE_STATE=getMsg HTTP/1.1" 200 27
183.192.90.64 - - [30/Apr/2022:12:36:55 +0800] "GET /favicon.ico HTTP/1.1" 404 -
183.192.90.64 - - [30/Apr/2022:12:36:57 +0800] "POST /xingrg/login.do HTTP/1.1" 302 -
183.192.90.64 - - [30/Apr/2022:12:36:57 +0800] "GET /xingrg/index.html?sysBaseUrl=http%3A%2F%2F180.169.147.146%3A18081%2Fxingrg%2F&costTime=41×tamp=1651293417383 HTTP/1.1" 200 17503
183.192.90.64 - - [30/Apr/2022:12:36:57 +0800] "GET /xingrg/javascript/jquery_easy_ui/themes/default/easyui.css HTTP/1.1" 304 -
183.192.90.64 - - [30/Apr/2022:12:36:57 +0800] "GET /xingrg/javascript/jquery_easy_ui/themes/icon.css HTTP/1.1" 304 -
183.192.90.64 - - [30/Apr/2022:12:36:57 +0800] "GET /xingrg/css/form.css HTTP/1.1" 304 -
218.81.223.53 - - [30/Apr/2022:12:36:59 +0800] "GET /xingrg/all/function/internal_message.html?_=1651293437887&CODE_STATE=getMsg HTTP/1.1" 200 27
116.230.110.173 - - [30/Apr/2022:12:37:09 +0800] "GET /xingrg/all/function/internal_message.html?_=1651293429542&CODE_STATE=getMsg HTTP/1.1" 200 27
222.70.180.114 - - [30/Apr/2022:12:37:09 +0800] "GET /xingrg/all/function/internal_message.html?_=1651293427423&CODE_STATE=getMsg HTTP/1.1" 200 27
180.157.251.97 - - [30/Apr/2022:12:37:12 +0800] "GET /xingrg/all/function/internal_message.html?_=1651293433434&CODE_STATE=getMsg HTTP/1.1" 200 27
114.83.220.194 - - [30/Apr/2022:12:37:21 +0800] "GET /xingrg/all/function/internal_message.html?_=1651293440745&CODE_STATE=getMsg HTTP/1.1" 200 27
180.157.251.97 - - [30/Apr/2022:12:37:26 +0800] "POST /xingrg/kc/pszx/mdps_list_operate.html HTTP/1.1" 200 5384
58.39.61.91 - - [30/Apr/2022:12:37:30 +0800] "GET /xingrg/all/function/internal_message.html?_=1651293361304&CODE_STATE=getMsg HTTP/1.1" 200 27
180.157.251.97 - - [30/Apr/2022:12:37:32 +0800] "GET /xingrg/kc/buy/cgsh_order_list.html HTTP/1.1" 200 50970
180.157.251.97 - - [30/Apr/2022:12:37:33 +0800] "POST /xingrg/kc/buy/cgsh_list_operate.html HTTP/1.1" 200 876
180.157.251.97 - - [30/Apr/2022:12:37:36 +0800] "GET /xingrg/kc/buy/cgsh_order_add.html HTTP/1.1" 200 65809
180.157.251.97 - - [30/Apr/2022:12:37:36 +0800] "POST /xingrg/kc/buy/cgsh_order_operate.html HTTP/1.1" 200 8245
180.157.251.97 - - [30/Apr/2022:12:37:36 +0800] "GET /xingrg/all/common/auto_word.html?type=employee&rest_code=00101 HTTP/1.1" 200 977
180.157.251.97 - - [30/Apr/2022:12:37:36 +0800] "GET /xingrg/javascript/easyui/themes/default/validatebox.css HTTP/1.1" 404 1104
180.157.251.97 - - [30/Apr/2022:12:37:36 +0800] "GET /xingrg/all/common/auto_word.html?type=employee&rest_code=00101 HTTP/1.1" 200 977
180.157.251.97 - - [30/Apr/2022:12:37:37 +0800] "POST /xingrg/all/common/load_combo.html?type=employee HTTP/1.1" 200 1752
218.81.223.53 - - [30/Apr/2022:12:37:38 +0800] "GET /xingrg/all/function/internal_message.html?_=1651293478108&CODE_STATE=getMsg HTTP/1.1" 302 -
116.228.172.94 - - [30/Apr/2022:12:37:46 +0800] "GET /xingrg/all/function/internal_message.html?_=1651293462571&CODE_STATE=getMsg HTTP/1.1" 200 27
116.235.92.88 - - [30/Apr/2022:12:37:46 +0800] "GET /xingrg/check_reg.html?_=1651293637519 HTTP/1.1" 200 22
116.235.92.88 - - [30/Apr/2022:12:37:46 +0800] "GET /xingrg/all/function/internal_message.html?_=1651293637520&CODE_STATE=getMsg HTTP/1.1" 200 27
180.157.251.97 - - [30/Apr/2022:12:37:50 +0800] "GET /xingrg/javascript/easyui/themes/default/tree.css HTTP/1.1" 404 1090
180.157.251.97 - - [30/Apr/2022:12:37:50 +0800] "POST /xingrg/all/common/load_tree.html?tree=supplier_tree_json&isDelete=1 HTTP/1.1" 200 64515
180.157.251.97 - - [30/Apr/2022:12:37:51 +0800] "GET /xingrg/javascript/easyui/themes/default/images/tree_folder.gif HTTP/1.1" 304 -
180.157.251.97 - - [30/Apr/2022:12:37:51 +0800] "GET /xingrg/javascript/easyui/themes/default/images/tree_file.gif HTTP/1.1" 304 -
180.162.112.220 - - [30/Apr/2022:12:37:53 +0800] "GET /xingrg/all/function/internal_message.html?_=1651292770142&CODE_STATE=getMsg HTTP/1.1" 200 27
101.85.120.86 - - [30/Apr/2022:12:37:53 +0800] "GET /xingrg/all/function/internal_message.html?_=1651293474579&CODE_STATE=getMsg HTTP/1.1" 200 27
58.39.201.47 - - [30/Apr/2022:12:37:55 +0800] "GET /xingrg/all/function/internal_message.html?_=1651293477149&CODE_STATE=getMsg HTTP/1.1" 200 27
218.81.223.53 - - [30/Apr/2022:12:37:58 +0800] "GET /xingrg/check_reg.html?_=1651293496380 HTTP/1.1" 200 22
218.81.223.53 - - [30/Apr/2022:12:37:59 +0800] "GET /xingrg/all/function/internal_message.html?_=1651293497901&CODE_STATE=getMsg HTTP/1.1" 200 27
180.157.251.97 - - [30/Apr/2022:12:38:02 +0800] "GET /xingrg/javascript/auto/indicator.gif HTTP/1.1" 404 1066
116.230.110.173 - - [30/Apr/2022:12:38:09 +0800] "GET /xingrg/all/function/internal_message.html?_=1651293489539&CODE_STATE=getMsg HTTP/1.1" 200 27
222.70.180.114 - - [30/Apr/2022:12:38:09 +0800] "GET /xingrg/all/function/internal_message.html?_=1651293487424&CODE_STATE=getMsg HTTP/1.1" 200 27
180.157.251.97 - - [30/Apr/2022:12:38:12 +0800] "GET /xingrg/check_reg.html?_=1651293493442 HTTP/1.1" 200 22
180.157.251.97 - - [30/Apr/2022:12:38:12 +0800] "GET /xingrg/all/function/internal_message.html?_=1651293493445&CODE_STATE=getMsg HTTP/1.1" 200 27
114.83.220.194 - - [30/Apr/2022:12:38:21 +0800] "GET /xingrg/all/function/internal_message.html?_=1651293500740&CODE_STATE=getMsg HTTP/1.1" 200 27
58.39.61.91 - - [30/Apr/2022:12:38:30 +0800] "GET /xingrg/all/function/internal_message.html?_=1651293421326&CODE_STATE=getMsg HTTP/1.1" 200 27
218.81.223.53 - - [30/Apr/2022:12:38:34 +0800] "GET /xingrg/check_reg.html?_=1651293533692 HTTP/1.1" 302 -
218.81.223.53 - - [30/Apr/2022:12:38:38 +0800] "GET /xingrg/all/function/internal_message.html?_=1651293538122&CODE_STATE=getMsg HTTP/1.1" 302 -
116.228.172.94 - - [30/Apr/2022:12:38:46 +0800] "GET /xingrg/all/function/internal_message.html?_=1651293522558&CODE_STATE=getMsg HTTP/1.1" 200 27
116.235.92.88 - - [30/Apr/2022:12:38:46 +0800] "GET /xingrg/all/function/internal_message.html?_=1651293697518&CODE_STATE=getMsg HTTP/1.1" 200 27
180.162.112.220 - - [30/Apr/2022:12:38:53 +0800] "GET /xingrg/check_reg.html?_=1651292830141 HTTP/1.1" 200 22
180.162.112.220 - - [30/Apr/2022:12:38:53 +0800] "GET /xingrg/all/function/internal_message.html?_=1651292830143&CODE_STATE=getMsg HTTP/1.1" 200 27
101.85.120.86 - - [30/Apr/2022:12:38:53 +0800] "GET /xingrg/all/function/internal_message.html?_=1651293534578&CODE_STATE=getMsg HTTP/1.1" 200 27
58.39.201.47 - - [30/Apr/2022:12:38:55 +0800] "GET /xingrg/all/function/internal_message.html?_=1651293537154&CODE_STATE=getMsg HTTP/1.1" 200 27
218.81.223.53 - - [30/Apr/2022:12:38:59 +0800] "GET /xingrg/all/function/internal_message.html?_=1651293557914&CODE_STATE=getMsg HTTP/1.1" 200 27
116.230.110.173 - - [30/Apr/2022:12:39:09 +0800] "GET /xingrg/all/function/internal_message.html?_=1651293549557&CODE_STATE=getMsg HTTP/1.1" 200 27
222.70.180.114 - - [30/Apr/2022:12:39:09 +0800] "GET /xingrg/check_reg.html?_=1651293547424 HTTP/1.1" 200 22
222.70.180.114 - - [30/Apr/2022:12:39:09 +0800] "GET /xingrg/all/function/internal_message.html?_=1651293547427&CODE_STATE=getMsg HTTP/1.1" 200 27
180.157.251.97 - - [30/Apr/2022:12:39:12 +0800] "GET /xingrg/all/function/internal_message.html?_=1651293553441&CODE_STATE=getMsg HTTP/1.1" 200 27
114.83.220.194 - - [30/Apr/2022:12:39:21 +0800] "GET /xingrg/all/function/internal_message.html?_=1651293560725&CODE_STATE=getMsg HTTP/1.1" 200 27
117.143.50.163 - - [30/Apr/2022:12:39:30 +0800] "GET /xingrg/check_reg.html?_=1651293571109 HTTP/1.1" 200 22
117.143.50.163 - - [30/Apr/2022:12:39:30 +0800] "GET /xingrg/all/function/internal_message.html?_=1651293571108&CODE_STATE=getMsg HTTP/1.1" 200 27
58.39.61.91 - - [30/Apr/2022:12:39:30 +0800] "GET /xingrg/all/function/internal_message.html?_=1651293481333&CODE_STATE=getMsg HTTP/1.1" 200 27
218.81.223.53 - - [30/Apr/2022:12:39:38 +0800] "GET /xingrg/all/function/internal_message.html?_=1651293598141&CODE_STATE=getMsg HTTP/1.1" 302 -
116.228.172.94 - - [30/Apr/2022:12:39:46 +0800] "GET /xingrg/all/function/internal_message.html?_=1651293582563&CODE_STATE=getMsg HTTP/1.1" 200 27
116.228.172.94 - - [30/Apr/2022:12:39:46 +0800] "GET /xingrg/check_reg.html?_=1651293582567 HTTP/1.1" 200 22
116.235.92.88 - - [30/Apr/2022:12:39:46 +0800] "GET /xingrg/all/function/internal_message.html?_=1651293757516&CODE_STATE=getMsg HTTP/1.1" 200 27
180.162.112.220 - - [30/Apr/2022:12:39:53 +0800] "GET /xingrg/all/function/internal_message.html?_=1651292890143&CODE_STATE=getMsg HTTP/1.1" 200 27
101.85.120.86 - - [30/Apr/2022:12:39:53 +0800] "GET /xingrg/all/function/internal_message.html?_=1651293594578&CODE_STATE=getMsg HTTP/1.1" 200 27
58.39.201.47 - - [30/Apr/2022:12:39:55 +0800] "GET /xingrg/all/function/internal_message.html?_=1651293597147&CODE_STATE=getMsg HTTP/1.1" 200 27
218.81.223.53 - - [30/Apr/2022:12:39:59 +0800] "GET /xingrg/all/function/internal_message.html?_=1651293617928&CODE_STATE=getMsg HTTP/1.1" 200 27
114.83.220.194 - - [30/Apr/2022:12:40:03 +0800] "GET /xingrg/check_reg.html?_=1651293603393 HTTP/1.1" 200 22
180.169.147.146 - - [30/Apr/2022:12:40:04 +0800] "GET /xingrg/index.html?sysBaseUrl=http%3A%2F%2F180.169.147.146%3A18081%2Fxingrg%2F&costTime=39×tamp=1592034574635 HTTP/1.1" 302 -
180.169.147.146 - - [30/Apr/2022:12:40:04 +0800] "GET /xingrg/login.html HTTP/1.1" 200 7641
180.169.147.146 - - [30/Apr/2022:12:40:04 +0800] "GET /xingrg/images/blue/jxLogo.png HTTP/1.1" 200 6156
180.169.147.146 - - [30/Apr/2022:12:40:05 +0800] "GET /xingrg/images/blue/login_bg.png HTTP/1.1" 200 22101
180.169.147.146 - - [30/Apr/2022:12:40:05 +0800] "GET /xingrg/images/blue/srbg.png HTTP/1.1" 200 138
180.169.147.146 - - [30/Apr/2022:12:40:05 +0800] "GET /xingrg/images/blue/hj.png HTTP/1.1" 200 1014
180.169.147.146 - - [30/Apr/2022:12:40:05 +0800] "GET /favicon.ico HTTP/1.1" 404 -
180.157.251.97 - - [30/Apr/2022:12:40:06 +0800] "GET /xingrg/kc/buy/cgsh_order_operate.html?command=get_materiel&rest_code=00101&code=00101022004&supplier_code=00100150&order_time=2022-04-30 HTTP/1.1" 200 412
180.169.147.146 - - [30/Apr/2022:12:40:08 +0800] "POST /xingrg/login.do HTTP/1.1" 302 -
180.169.147.146 - - [30/Apr/2022:12:40:08 +0800] "GET /xingrg/index.html?sysBaseUrl=http%3A%2F%2F180.169.147.146%3A18081%2Fxingrg%2F&costTime=41×tamp=1651293608183 HTTP/1.1" 200 17503
180.169.147.146 - - [30/Apr/2022:12:40:08 +0800] "GET /xingrg/javascript/jquery_easy_ui/themes/icon.css HTTP/1.1" 200 3949
180.169.147.146 - - [30/Apr/2022:12:40:08 +0800] "GET /xingrg/javascript/jquery_easy_ui/themes/default/easyui.css HTTP/1.1" 200 26500
180.169.147.146 - - [30/Apr/2022:12:40:08 +0800] "GET /xingrg/css/form.css HTTP/1.1" 200 893
180.169.147.146 - - [30/Apr/2022:12:40:08 +0800] "GET /xingrg/javascript/jquery_easy_ui/easyui-lang-zh_CN.js HTTP/1.1" 200 1900
180.169.147.146 - - [30/Apr/2022:12:40:08 +0800] "GET /xingrg/javascript/jquery.form.js HTTP/1.1" 200 23110
180.169.147.146 - - [30/Apr/2022:12:40:08 +0800] "GET /xingrg/javascript/jquery.timers.js HTTP/1.1" 200 3532
180.169.147.146 - - [30/Apr/2022:12:40:08 +0800] "GET /xingrg/javascript/jquery.utils.js HTTP/1.1" 200 11805
180.169.147.146 - - [30/Apr/2022:12:40:08 +0800] "GET /xingrg/javascript/jquery_easy_ui/jquery.easyui.min.js HTTP/1.1" 200 213662
180.169.147.146 - - [30/Apr/2022:12:40:08 +0800] "GET /xingrg/javascript/jquery-1.4.2.min.js HTTP/1.1" 200 72205
180.169.147.146 - - [30/Apr/2022:12:40:08 +0800] "GET /favicon.ico HTTP/1.1" 404 -
180.169.147.146 - - [30/Apr/2022:12:40:08 +0800] "GET /xingrg/javascript/jquery_easy_ui/themes/icons/settle_new.png HTTP/1.1" 200 826
180.169.147.146 - - [30/Apr/2022:12:40:08 +0800] "GET /xingrg/images/blue/navBackgound.jpg HTTP/1.1" 200 12378
180.169.147.146 - - [30/Apr/2022:12:40:08 +0800] "POST /xingrg/all/common/load_tree.html?tree=area_rest_tree_json&manage=1 HTTP/1.1" 200 3472
180.169.147.146 - - [30/Apr/2022:12:40:08 +0800] "GET /xingrg/check_reg.html?_=1651293609324 HTTP/1.1" 200 22
180.169.147.146 - - [30/Apr/2022:12:40:08 +0800] "GET /xingrg/images/blue/pingpu.png HTTP/1.1" 200 231
180.169.147.146 - - [30/Apr/2022:12:40:08 +0800] "GET /xingrg/javascript/jquery_easy_ui/themes/default/images/tabs_rightarrow.png HTTP/1.1" 200 395
180.169.147.146 - - [30/Apr/2022:12:40:08 +0800] "GET /xingrg/javascript/jquery_easy_ui/themes/default/images/tabs_leftarrow.png HTTP/1.1" 200 389
180.169.147.146 - - [30/Apr/2022:12:40:08 +0800] "GET /xingrg/javascript/jquery_easy_ui/themes/default/images/panel_tool_expand.gif HTTP/1.1" 200 247
180.169.147.146 - - [30/Apr/2022:12:40:08 +0800] "GET /xingrg/javascript/jquery_easy_ui/themes/default/images/panel_tool_collapse.gif HTTP/1.1" 200 246
180.169.147.146 - - [30/Apr/2022:12:40:08 +0800] "POST /xingrg/load_menu.html HTTP/1.1" 200 11564
180.169.147.146 - - [30/Apr/2022:12:40:08 +0800] "GET /xingrg/all/function/internal_message.html?_=1651293609323&CODE_STATE=count HTTP/1.1" 200 11
180.169.147.146 - - [30/Apr/2022:12:40:08 +0800] "GET /xingrg/javascript/jquery_easy_ui/themes/default/images/tree_arrows.gif HTTP/1.1" 200 1043
180.169.147.146 - - [30/Apr/2022:12:40:08 +0800] "GET /xingrg/javascript/jquery_easy_ui/themes/default/images/tree_folder_open.gif HTTP/1.1" 200 956
180.169.147.146 - - [30/Apr/2022:12:40:08 +0800] "GET /xingrg/javascript/jquery_easy_ui/themes/icons/search_new.png HTTP/1.1" 200 586
180.169.147.146 - - [30/Apr/2022:12:40:08 +0800] "GET /xingrg/javascript/jquery_easy_ui/themes/icons/storage_new.png HTTP/1.1" 200 853
180.169.147.146 - - [30/Apr/2022:12:40:08 +0800] "GET /xingrg/javascript/jquery_easy_ui/themes/icons/delivery_new.png HTTP/1.1" 200 700
180.169.147.146 - - [30/Apr/2022:12:40:08 +0800] "GET /xingrg/javascript/jquery_easy_ui/themes/icons/checkout_new.png HTTP/1.1" 200 744
180.169.147.146 - - [30/Apr/2022:12:40:08 +0800] "GET /xingrg/javascript/jquery_easy_ui/themes/icons/setting_new.png HTTP/1.1" 200 450
180.169.147.146 - - [30/Apr/2022:12:40:08 +0800] "GET /xingrg/javascript/jquery_easy_ui/themes/icons/forms_new.png HTTP/1.1" 200 350
180.169.147.146 - - [30/Apr/2022:12:40:08 +0800] "GET /xingrg/javascript/jquery_easy_ui/themes/default/images/tree_file.gif HTTP/1.1" 200 118
180.169.147.146 - - [30/Apr/2022:12:40:08 +0800] "GET /xingrg/javascript/jquery_easy_ui/themes/icons/systemset_new.png HTTP/1.1" 200 606
180.169.147.146 - - [30/Apr/2022:12:40:08 +0800] "GET /xingrg/javascript/jquery_easy_ui/themes/default/images/tree_folder.gif HTTP/1.1" 200 952
116.230.110.173 - - [30/Apr/2022:12:40:09 +0800] "GET /xingrg/check_reg.html?_=1651293609552 HTTP/1.1" 200 22
222.70.180.114 - - [30/Apr/2022:12:40:09 +0800] "GET /xingrg/all/function/internal_message.html?_=1651293607413&CODE_STATE=getMsg HTTP/1.1" 200 27
116.230.110.173 - - [30/Apr/2022:12:40:09 +0800] "GET /xingrg/all/function/internal_message.html?_=1651293609555&CODE_STATE=getMsg HTTP/1.1" 200 27
180.169.147.146 - - [30/Apr/2022:12:40:10 +0800] "GET /xingrg/javascript/jquery_easy_ui/themes/icons/area.png HTTP/1.1" 200 262
180.169.147.146 - - [30/Apr/2022:12:40:10 +0800] "GET /xingrg/javascript/jquery_easy_ui/themes/icons/manage.png HTTP/1.1" 200 696
180.169.147.146 - - [30/Apr/2022:12:40:10 +0800] "GET /xingrg/javascript/jquery_easy_ui/themes/default/images/button_a_bg.gif HTTP/1.1" 200 1194
180.169.147.146 - - [30/Apr/2022:12:40:10 +0800] "GET /xingrg/javascript/jquery_easy_ui/themes/icons/rest.png HTTP/1.1" 200 695
180.169.147.146 - - [30/Apr/2022:12:40:10 +0800] "GET /xingrg/javascript/jquery_easy_ui/themes/icons/ok.png HTTP/1.1" 200 883
180.169.147.146 - - [30/Apr/2022:12:40:10 +0800] "GET /xingrg/javascript/jquery_easy_ui/themes/default/images/button_span_bg.gif HTTP/1.1" 200 2061
180.169.147.146 - - [30/Apr/2022:12:40:10 +0800] "GET /xingrg/javascript/jquery_easy_ui/themes/default/images/panel_tools.gif HTTP/1.1" 200 737
180.169.147.146 - - [30/Apr/2022:12:40:10 +0800] "GET /xingrg/javascript/jquery_easy_ui/themes/default/images/panel_title.png HTTP/1.1" 200 266
180.169.147.146 - - [30/Apr/2022:12:40:12 +0800] "GET /xingrg/javascript/jquery_easy_ui/themes/default/images/tabs_close.gif HTTP/1.1" 200 829
180.169.147.146 - - [30/Apr/2022:12:40:12 +0800] "GET /xingrg/kc/buy/cgsh_order_list.html HTTP/1.1" 200 51225
180.169.147.146 - - [30/Apr/2022:12:40:12 +0800] "GET /xingrg/css/base.css HTTP/1.1" 200 2811
180.169.147.146 - - [30/Apr/2022:12:40:12 +0800] "GET /xingrg/css/site.css HTTP/1.1" 200 7541
180.169.147.146 - - [30/Apr/2022:12:40:12 +0800] "GET /xingrg/javascript/jquery_tools/datebox.css HTTP/1.1" 200 2597
180.169.147.146 - - [30/Apr/2022:12:40:12 +0800] "GET /xingrg/javascript/jquery_tools/fix.css HTTP/1.1" 200 1702
180.169.147.146 - - [30/Apr/2022:12:40:12 +0800] "GET /xingrg/javascript/easyui/themes/default/easyui.css HTTP/1.1" 200 30432
180.169.147.146 - - [30/Apr/2022:12:40:12 +0800] "GET /xingrg/javascript/easyui/themes/icon.css HTTP/1.1" 200 4483
180.169.147.146 - - [30/Apr/2022:12:40:12 +0800] "GET /xingrg/javascript/auto/jquery.autocomplete.css HTTP/1.1" 200 587
180.169.147.146 - - [30/Apr/2022:12:40:12 +0800] "GET /xingrg/javascript/jquery_tools/jquery.tools.hotkey.js HTTP/1.1" 200 3242
180.169.147.146 - - [30/Apr/2022:12:40:12 +0800] "GET /xingrg/javascript/jquery.cookie.js HTTP/1.1" 200 5513
180.169.147.146 - - [30/Apr/2022:12:40:12 +0800] "GET /xingrg/javascript/easyui/easyloader.js HTTP/1.1" 200 5975
180.169.147.146 - - [30/Apr/2022:12:40:12 +0800] "GET /xingrg/javascript/auto/jquery.autocomplete.js HTTP/1.1" 200 21624
180.169.147.146 - - [30/Apr/2022:12:40:12 +0800] "GET /xingrg/javascript/jquery_tools/jquery.tools.extend.js HTTP/1.1" 200 15385
180.169.147.146 - - [30/Apr/2022:12:40:12 +0800] "GET /xingrg/javascript/jquery_tools/jquery.tools.table.js HTTP/1.1" 200 6994
180.169.147.146 - - [30/Apr/2022:12:40:12 +0800] "GET /xingrg/javascript/print/LodopFuncs.js HTTP/1.1" 200 5121
180.169.147.146 - - [30/Apr/2022:12:40:12 +0800] "GET /xingrg/javascript/jquery_tools/table.css HTTP/1.1" 200 1032
180.169.147.146 - - [30/Apr/2022:12:40:12 +0800] "GET /xingrg/javascript/jquery_tools/jquery.tools.min.js HTTP/1.1" 200 138801
180.169.147.146 - - [30/Apr/2022:12:40:12 +0800] "GET /xingrg/javascript/jquery_tools/list_manager.js HTTP/1.1" 200 3652
180.157.251.97 - - [30/Apr/2022:12:40:12 +0800] "GET /xingrg/all/function/internal_message.html?_=1651293613441&CODE_STATE=getMsg HTTP/1.1" 200 27
180.169.147.146 - - [30/Apr/2022:12:40:12 +0800] "GET /xingrg/javascript/easyui/themes/icons/edit_add_new.png HTTP/1.1" 200 2997
180.169.147.146 - - [30/Apr/2022:12:40:12 +0800] "GET /xingrg/javascript/easyui/themes/icons/cance_new.png HTTP/1.1" 200 3986
180.169.147.146 - - [30/Apr/2022:12:40:12 +0800] "GET /xingrg/javascript/easyui/themes/icons/check_new.png HTTP/1.1" 200 3224
180.169.147.146 - - [30/Apr/2022:12:40:12 +0800] "GET /xingrg/javascript/easyui/themes/icons/uncheck_new.png HTTP/1.1" 200 3197
180.169.147.146 - - [30/Apr/2022:12:40:12 +0800] "GET /xingrg/javascript/easyui/themes/icons/field_new.png HTTP/1.1" 200 1097
180.169.147.146 - - [30/Apr/2022:12:40:12 +0800] "GET /xingrg/javascript/easyui/themes/icons/import_new.png HTTP/1.1" 200 1247
180.169.147.146 - - [30/Apr/2022:12:40:12 +0800] "GET /xingrg/javascript/easyui/plugins/jquery.parser.js HTTP/1.1" 200 1142
180.169.147.146 - - [30/Apr/2022:12:40:12 +0800] "GET /xingrg/images/control/ajaxLoader.gif HTTP/1.1" 200 4659
180.169.147.146 - - [30/Apr/2022:12:40:13 +0800] "POST /xingrg/kc/buy/cgsh_list_operate.html HTTP/1.1" 200 876
180.157.251.97 - - [30/Apr/2022:12:40:19 +0800] "GET /xingrg/kc/buy/cgsh_order_operate.html?command=get_materiel&rest_code=00101&code=00101016086&supplier_code=00100150&order_time=2022-04-30 HTTP/1.1" 200 466
114.83.220.194 - - [30/Apr/2022:12:40:20 +0800] "GET /xingrg/all/function/internal_message.html?_=1651293620697&CODE_STATE=getMsg HTTP/1.1" 200 27
180.169.147.146 - - [30/Apr/2022:12:40:24 +0800] "POST /xingrg/kc/buy/cgsh_list_operate.html HTTP/1.1" 200 5654
180.157.251.97 - - [30/Apr/2022:12:40:24 +0800] "POST /xingrg/all/common/load_select.html HTTP/1.1" 200 25
180.157.251.97 - - [30/Apr/2022:12:40:29 +0800] "GET /xingrg/kc/buy/cgsh_order_operate.html?command=get_materiel_price&rest_code=00101&code=00101016086&unit_code=00100138&supplier_code=00100150&order_time=2022-04-30 HTTP/1.1" 200 29
117.143.50.163 - - [30/Apr/2022:12:40:30 +0800] "GET /xingrg/all/function/internal_message.html?_=1651293631085&CODE_STATE=getMsg HTTP/1.1" 302 -
180.169.147.146 - - [30/Apr/2022:12:40:30 +0800] "POST /xingrg/kc/buy/cgsh_list_operate.html HTTP/1.1" 200 9161
58.39.61.91 - - [30/Apr/2022:12:40:30 +0800] "GET /xingrg/all/function/internal_message.html?_=1651293541357&CODE_STATE=getMsg HTTP/1.1" 200 27
180.169.147.146 - - [30/Apr/2022:12:40:38 +0800] "POST /xingrg/kc/buy/cgsh_list_operate.html HTTP/1.1" 200 3214
218.81.223.53 - - [30/Apr/2022:12:40:38 +0800] "GET /xingrg/all/function/internal_message.html?_=1651293658150&CODE_STATE=getMsg HTTP/1.1" 302 -
180.169.147.146 - - [30/Apr/2022:12:40:40 +0800] "POST /xingrg/kc/buy/cgsh_list_operate.html HTTP/1.1" 200 295
180.169.147.146 - - [30/Apr/2022:12:40:44 +0800] "POST /xingrg/kc/buy/cgsh_list_operate.html HTTP/1.1" 200 212
116.228.172.94 - - [30/Apr/2022:12:40:46 +0800] "GET /xingrg/all/function/internal_message.html?_=1651293642570&CODE_STATE=getMsg HTTP/1.1" 200 27
116.235.92.88 - - [30/Apr/2022:12:40:46 +0800] "GET /xingrg/all/function/internal_message.html?_=1651293817516&CODE_STATE=getMsg HTTP/1.1" 200 27
180.157.251.97 - - [30/Apr/2022:12:40:53 +0800] "POST /xingrg/kc/buy/cgsh_order_operate.html HTTP/1.1" 200 37
180.162.112.220 - - [30/Apr/2022:12:40:53 +0800] "GET /xingrg/all/function/internal_message.html?_=1651292950143&CODE_STATE=getMsg HTTP/1.1" 200 27
101.85.120.86 - - [30/Apr/2022:12:40:53 +0800] "GET /xingrg/all/function/internal_message.html?_=1651293654577&CODE_STATE=getMsg HTTP/1.1" 200 27
180.157.251.97 - - [30/Apr/2022:12:40:55 +0800] "POST /xingrg/kc/buy/cgsh_order_operate.html HTTP/1.1" 200 2699
58.39.201.47 - - [30/Apr/2022:12:40:55 +0800] "GET /xingrg/check_reg.html?_=1651293657150 HTTP/1.1" 200 22
58.39.201.47 - - [30/Apr/2022:12:40:55 +0800] "GET /xingrg/all/function/internal_message.html?_=1651293657153&CODE_STATE=getMsg HTTP/1.1" 200 27
218.81.223.53 - - [30/Apr/2022:12:40:59 +0800] "GET /xingrg/all/function/internal_message.html?_=1651293677957&CODE_STATE=getMsg HTTP/1.1" 200 27
180.169.147.146 - - [30/Apr/2022:12:41:04 +0800] "POST /xingrg/kc/buy/cgsh_list_operate.html HTTP/1.1" 200 9134
180.169.147.146 - - [30/Apr/2022:12:41:08 +0800] "GET /xingrg/all/function/internal_message.html?_=1651293669336&CODE_STATE=getMsg HTTP/1.1" 200 27
116.230.110.173 - - [30/Apr/2022:12:41:09 +0800] "GET /xingrg/all/function/internal_message.html?_=1651293669544&CODE_STATE=getMsg HTTP/1.1" 200 27
222.70.180.114 - - [30/Apr/2022:12:41:09 +0800] "GET /xingrg/all/function/internal_message.html?_=1651293667414&CODE_STATE=getMsg HTTP/1.1" 200 27
180.157.251.97 - - [30/Apr/2022:12:41:12 +0800] "GET /xingrg/all/function/internal_message.html?_=1651293673441&CODE_STATE=getMsg HTTP/1.1" 200 27
180.169.147.146 - - [30/Apr/2022:12:41:14 +0800] "POST /xingrg/kc/buy/cgsh_list_operate.html HTTP/1.1" 200 9370
180.169.147.146 - - [30/Apr/2022:12:41:20 +0800] "POST /xingrg/kc/buy/cgsh_list_operate.html HTTP/1.1" 200 9385
114.83.220.194 - - [30/Apr/2022:12:41:20 +0800] "GET /xingrg/all/function/internal_message.html?_=1651293680667&CODE_STATE=getMsg HTTP/1.1" 200 27
58.39.61.91 - - [30/Apr/2022:12:41:25 +0800] "GET /xingrg/check_reg.html?_=1651293595589 HTTP/1.1" 200 22
180.169.147.146 - - [30/Apr/2022:12:41:27 +0800] "POST /xingrg/kc/buy/cgsh_list_operate.html HTTP/1.1" 200 3593
117.143.50.163 - - [30/Apr/2022:12:41:30 +0800] "GET /xingrg/all/function/internal_message.html?_=1651293691061&CODE_STATE=getMsg HTTP/1.1" 302 -
58.39.61.91 - - [30/Apr/2022:12:41:30 +0800] "GET /xingrg/all/function/internal_message.html?_=1651293601359&CODE_STATE=getMsg HTTP/1.1" 200 27
180.169.147.146 - - [30/Apr/2022:12:41:30 +0800] "POST /xingrg/kc/buy/cgsh_list_operate.html HTTP/1.1" 200 295
218.81.223.53 - - [30/Apr/2022:12:41:38 +0800] "GET /xingrg/all/function/internal_message.html?_=1651293718169&CODE_STATE=getMsg HTTP/1.1" 302 -
116.228.172.94 - - [30/Apr/2022:12:41:46 +0800] "GET /xingrg/all/function/internal_message.html?_=1651293702558&CODE_STATE=getMsg HTTP/1.1" 200 27
116.235.92.88 - - [30/Apr/2022:12:41:46 +0800] "GET /xingrg/all/function/internal_message.html?_=1651293877514&CODE_STATE=getMsg HTTP/1.1" 200 27
180.162.112.220 - - [30/Apr/2022:12:41:53 +0800] "GET /xingrg/all/function/internal_message.html?_=1651293010142&CODE_STATE=getMsg HTTP/1.1" 200 27
101.85.120.86 - - [30/Apr/2022:12:41:53 +0800] "GET /xingrg/check_reg.html?_=1651293714577 HTTP/1.1" 200 22
101.85.120.86 - - [30/Apr/2022:12:41:53 +0800] "GET /xingrg/all/function/internal_message.html?_=1651293714580&CODE_STATE=getMsg HTTP/1.1" 200 27
58.39.201.47 - - [30/Apr/2022:12:41:55 +0800] "GET /xingrg/all/function/internal_message.html?_=1651293717172&CODE_STATE=getMsg HTTP/1.1" 200 27
218.81.223.53 - - [30/Apr/2022:12:41:59 +0800] "GET /xingrg/all/function/internal_message.html?_=1651293737970&CODE_STATE=getMsg HTTP/1.1" 200 27
180.169.147.146 - - [30/Apr/2022:12:42:04 +0800] "POST /xingrg/kc/buy/cgsh_list_operate.html HTTP/1.1" 200 9385
180.169.147.146 - - [30/Apr/2022:12:42:08 +0800] "GET /xingrg/all/function/internal_message.html?_=1651293729345&CODE_STATE=getMsg HTTP/1.1" 200 27
