120.204.101.29 - - [30/Apr/2022:15:29:25 +0800] "GET /xingrg/kc/mdqp/pssh_order_info.html?code=312022041200006 HTTP/1.1" 200 17281
120.204.101.29 - - [30/Apr/2022:15:29:25 +0800] "GET /xingrg/javascript/jquery_tools/jquery-1.4.2.min.js HTTP/1.1" 404 1094
120.204.101.29 - - [30/Apr/2022:15:29:26 +0800] "GET /xingrg/javascript/easyui/themes/default/validatebox.css HTTP/1.1" 404 1104
120.204.101.29 - - [30/Apr/2022:15:29:26 +0800] "POST /xingrg/kc/mdqp/pssh_order_operate.html HTTP/1.1" 200 1056
117.143.50.163 - - [30/Apr/2022:15:29:27 +0800] "GET /xingrg/all/function/internal_message.html?_=1651303768320&CODE_STATE=getMsg HTTP/1.1" 302 -
120.204.101.29 - - [30/Apr/2022:15:29:27 +0800] "POST /xingrg/all/common/load_combo.html?type=base&rest_code=00148 HTTP/1.1" 200 3227
117.143.50.163 - - [30/Apr/2022:15:29:29 +0800] "GET /xingrg/check_reg.html?_=1651303770620 HTTP/1.1" 302 -
120.204.101.29 - - [30/Apr/2022:15:29:30 +0800] "POST /xingrg/all/common/load_combo.html?type=employee HTTP/1.1" 200 444
58.39.61.91 - - [30/Apr/2022:15:29:34 +0800] "GET /xingrg/all/function/internal_message.html?_=1651303684310&CODE_STATE=getMsg HTTP/1.1" 200 27
120.204.101.29 - - [30/Apr/2022:15:29:34 +0800] "POST /xingrg/kc/mdqp/pssh_order_operate.html HTTP/1.1" 200 37
120.204.101.29 - - [30/Apr/2022:15:29:34 +0800] "POST /xingrg/kc/mdqp/pssh_order_operate.html HTTP/1.1" 200 12
120.204.101.29 - - [30/Apr/2022:15:29:35 +0800] "GET /xingrg/kc/mdqp/pssh_order_info.html?code=312022041200006 HTTP/1.1" 200 14397
120.204.101.29 - - [30/Apr/2022:15:29:35 +0800] "GET /xingrg/javascript/jquery_tools/jquery-1.4.2.min.js HTTP/1.1" 404 1094
120.204.101.29 - - [30/Apr/2022:15:29:36 +0800] "GET /xingrg/javascript/easyui/themes/default/validatebox.css HTTP/1.1" 404 1104
120.204.101.29 - - [30/Apr/2022:15:29:36 +0800] "POST /xingrg/kc/mdqp/pssh_order_operate.html HTTP/1.1" 200 1056
120.204.101.29 - - [30/Apr/2022:15:29:36 +0800] "GET /xingrg/kc/mdqp/pssh_order_list.html?isBack=1 HTTP/1.1" 200 17778
120.204.101.29 - - [30/Apr/2022:15:29:37 +0800] "POST /xingrg/kc/mdqp/pssh_list_operate.html HTTP/1.1" 200 5459
120.204.101.29 - - [30/Apr/2022:15:29:39 +0800] "POST /xingrg/kc/mdqp/pssh_list_operate.html HTTP/1.1" 200 2908
120.204.101.29 - - [30/Apr/2022:15:29:41 +0800] "POST /xingrg/kc/mdqp/pssh_list_operate.html HTTP/1.1" 200 260
120.204.101.29 - - [30/Apr/2022:15:29:42 +0800] "GET /xingrg/kc/mdqp/pssh_order_info.html?code=312022041500048 HTTP/1.1" 200 17272
120.204.101.29 - - [30/Apr/2022:15:29:42 +0800] "GET /xingrg/javascript/jquery_tools/jquery-1.4.2.min.js HTTP/1.1" 404 1094
120.204.101.29 - - [30/Apr/2022:15:29:42 +0800] "POST /xingrg/kc/mdqp/pssh_order_operate.html HTTP/1.1" 200 529
120.204.101.29 - - [30/Apr/2022:15:29:42 +0800] "GET /xingrg/javascript/easyui/themes/default/validatebox.css HTTP/1.1" 404 1104
120.204.101.29 - - [30/Apr/2022:15:29:44 +0800] "POST /xingrg/all/common/load_combo.html?type=base&rest_code=00148 HTTP/1.1" 200 3227
116.228.172.94 - - [30/Apr/2022:15:29:46 +0800] "GET /xingrg/all/function/internal_message.html?_=1651303782568&CODE_STATE=getMsg HTTP/1.1" 200 27
116.228.172.94 - - [30/Apr/2022:15:29:46 +0800] "GET /xingrg/check_reg.html?_=1651303782570 HTTP/1.1" 200 22
116.235.92.88 - - [30/Apr/2022:15:29:47 +0800] "GET /xingrg/all/function/internal_message.html?_=1651303957697&CODE_STATE=getMsg HTTP/1.1" 200 27
117.143.50.163 - - [30/Apr/2022:15:29:53 +0800] "GET /favicon.ico HTTP/1.1" 404 -
101.85.120.86 - - [30/Apr/2022:15:29:54 +0800] "GET /xingrg/all/function/internal_message.html?_=1651303794772&CODE_STATE=getMsg HTTP/1.1" 200 27
58.39.201.47 - - [30/Apr/2022:15:29:55 +0800] "GET /xingrg/all/function/internal_message.html?_=1651303797456&CODE_STATE=getMsg HTTP/1.1" 200 27
218.81.223.53 - - [30/Apr/2022:15:29:58 +0800] "GET /xingrg/all/function/internal_message.html?_=1651303817561&CODE_STATE=getMsg HTTP/1.1" 200 27
120.204.101.29 - - [30/Apr/2022:15:29:59 +0800] "POST /xingrg/all/common/load_combo.html?type=employee HTTP/1.1" 200 444
120.204.101.29 - - [30/Apr/2022:15:30:03 +0800] "POST /xingrg/kc/mdqp/pssh_order_operate.html HTTP/1.1" 200 37
120.204.101.29 - - [30/Apr/2022:15:30:03 +0800] "POST /xingrg/kc/mdqp/pssh_order_operate.html HTTP/1.1" 200 12
114.83.220.194 - - [30/Apr/2022:15:30:04 +0800] "GET /xingrg/check_reg.html?_=1651303804040 HTTP/1.1" 200 22
120.204.101.29 - - [30/Apr/2022:15:30:04 +0800] "GET /xingrg/kc/mdqp/pssh_order_info.html?code=312022041500048 HTTP/1.1" 200 14388
120.204.101.29 - - [30/Apr/2022:15:30:04 +0800] "GET /xingrg/javascript/jquery_tools/jquery-1.4.2.min.js HTTP/1.1" 404 1094
120.204.101.29 - - [30/Apr/2022:15:30:05 +0800] "GET /xingrg/javascript/easyui/themes/default/validatebox.css HTTP/1.1" 404 1104
120.204.101.29 - - [30/Apr/2022:15:30:05 +0800] "POST /xingrg/kc/mdqp/pssh_order_operate.html HTTP/1.1" 200 529
180.157.251.97 - - [30/Apr/2022:15:30:06 +0800] "GET /xingrg/all/function/internal_message.html?_=1651303806840&CODE_STATE=getMsg HTTP/1.1" 200 27
120.204.101.29 - - [30/Apr/2022:15:30:06 +0800] "GET /xingrg/kc/mdqp/pssh_order_list.html?isBack=1 HTTP/1.1" 200 17778
120.204.101.29 - - [30/Apr/2022:15:30:06 +0800] "POST /xingrg/kc/mdqp/pssh_list_operate.html HTTP/1.1" 200 5459
120.204.101.29 - - [30/Apr/2022:15:30:09 +0800] "POST /xingrg/kc/mdqp/pssh_list_operate.html HTTP/1.1" 200 2942
116.230.110.173 - - [30/Apr/2022:15:30:09 +0800] "GET /xingrg/check_reg.html?_=1651303809539 HTTP/1.1" 200 22
116.230.110.173 - - [30/Apr/2022:15:30:10 +0800] "GET /xingrg/all/function/internal_message.html?_=1651303809543&CODE_STATE=getMsg HTTP/1.1" 200 27
120.204.101.29 - - [30/Apr/2022:15:30:10 +0800] "POST /xingrg/kc/mdqp/pssh_list_operate.html HTTP/1.1" 200 5217
120.204.101.29 - - [30/Apr/2022:15:30:13 +0800] "POST /xingrg/kc/mdqp/pssh_list_operate.html HTTP/1.1" 200 5037
120.204.101.29 - - [30/Apr/2022:15:30:16 +0800] "GET /xingrg/check_reg.html?_=1651303815002 HTTP/1.1" 200 22
120.204.101.29 - - [30/Apr/2022:15:30:16 +0800] "GET /xingrg/all/function/internal_message.html?_=1651303815005&CODE_STATE=getMsg HTTP/1.1" 200 27
114.83.220.194 - - [30/Apr/2022:15:30:17 +0800] "GET /xingrg/all/function/internal_message.html?_=1651303817619&CODE_STATE=getMsg HTTP/1.1" 200 27
58.40.7.146 - - [30/Apr/2022:15:30:20 +0800] "GET /xingrg/all/function/internal_message.html?_=1651303820963&CODE_STATE=getMsg HTTP/1.1" 200 27
120.204.101.29 - - [30/Apr/2022:15:30:20 +0800] "POST /xingrg/kc/mdqp/pssh_list_operate.html HTTP/1.1" 200 272
120.204.101.29 - - [30/Apr/2022:15:30:21 +0800] "GET /xingrg/kc/mdqp/pssh_order_info.html?code=312022042400226 HTTP/1.1" 200 17256
120.204.101.29 - - [30/Apr/2022:15:30:21 +0800] "GET /xingrg/javascript/jquery_tools/jquery-1.4.2.min.js HTTP/1.1" 404 1094
120.204.101.29 - - [30/Apr/2022:15:30:22 +0800] "GET /xingrg/javascript/easyui/themes/default/validatebox.css HTTP/1.1" 404 1104
120.204.101.29 - - [30/Apr/2022:15:30:22 +0800] "POST /xingrg/kc/mdqp/pssh_order_operate.html HTTP/1.1" 200 540
116.235.92.88 - - [30/Apr/2022:15:30:24 +0800] "GET /xingrg/kc/buy/cgsh_order_operate.html?command=get_materiel&rest_code=00104&code=00101008331&supplier_code=00100151&order_time=2022-04-30 HTTP/1.1" 200 416
120.204.101.29 - - [30/Apr/2022:15:30:25 +0800] "POST /xingrg/all/common/load_combo.html?type=base&rest_code=00148 HTTP/1.1" 200 3227
117.143.50.163 - - [30/Apr/2022:15:30:27 +0800] "GET /xingrg/all/function/internal_message.html?_=1651303828302&CODE_STATE=getMsg HTTP/1.1" 302 -
120.204.101.29 - - [30/Apr/2022:15:30:31 +0800] "POST /xingrg/all/common/load_combo.html?type=employee HTTP/1.1" 200 444
58.39.61.91 - - [30/Apr/2022:15:30:34 +0800] "GET /xingrg/all/function/internal_message.html?_=1651303744326&CODE_STATE=getMsg HTTP/1.1" 200 27
120.204.101.29 - - [30/Apr/2022:15:30:40 +0800] "GET /xingrg/kc/mdqp/pssh_order_list.html?isBack=1 HTTP/1.1" 200 17778
120.204.101.29 - - [30/Apr/2022:15:30:40 +0800] "POST /xingrg/kc/mdqp/pssh_list_operate.html HTTP/1.1" 200 5459
116.228.172.94 - - [30/Apr/2022:15:30:46 +0800] "GET /xingrg/all/function/internal_message.html?_=1651303842563&CODE_STATE=getMsg HTTP/1.1" 200 27
116.235.92.88 - - [30/Apr/2022:15:30:47 +0800] "GET /xingrg/all/function/internal_message.html?_=1651304017695&CODE_STATE=getMsg HTTP/1.1" 200 27
116.235.92.88 - - [30/Apr/2022:15:30:51 +0800] "GET /xingrg/kc/buy/cgsh_order_operate.html?command=get_materiel&rest_code=00104&code=00101008350&supplier_code=00100151&order_time=2022-04-30 HTTP/1.1" 200 408
120.204.101.29 - - [30/Apr/2022:15:30:52 +0800] "POST /xingrg/kc/mdqp/pssh_list_operate.html HTTP/1.1" 200 5037
101.85.120.86 - - [30/Apr/2022:15:30:54 +0800] "GET /xingrg/all/function/internal_message.html?_=1651303854772&CODE_STATE=getMsg HTTP/1.1" 200 27
58.39.201.47 - - [30/Apr/2022:15:30:55 +0800] "GET /xingrg/all/function/internal_message.html?_=1651303857454&CODE_STATE=getMsg HTTP/1.1" 200 27
58.39.201.47 - - [30/Apr/2022:15:30:55 +0800] "GET /xingrg/check_reg.html?_=1651303857455 HTTP/1.1" 200 22
218.81.223.53 - - [30/Apr/2022:15:30:58 +0800] "GET /xingrg/all/function/internal_message.html?_=1651303877574&CODE_STATE=getMsg HTTP/1.1" 200 27
120.204.101.29 - - [30/Apr/2022:15:31:01 +0800] "POST /xingrg/kc/mdqp/pssh_list_operate.html HTTP/1.1" 200 5096
120.204.101.29 - - [30/Apr/2022:15:31:02 +0800] "POST /xingrg/kc/mdqp/pssh_list_operate.html HTTP/1.1" 200 5096
120.204.101.29 - - [30/Apr/2022:15:31:04 +0800] "POST /xingrg/kc/mdqp/pssh_list_operate.html HTTP/1.1" 200 5276
180.157.251.97 - - [30/Apr/2022:15:31:06 +0800] "GET /xingrg/all/function/internal_message.html?_=1651303866824&CODE_STATE=getMsg HTTP/1.1" 200 27
120.204.101.29 - - [30/Apr/2022:15:31:07 +0800] "POST /xingrg/kc/mdqp/pssh_list_operate.html HTTP/1.1" 200 5245
116.230.110.173 - - [30/Apr/2022:15:31:09 +0800] "GET /xingrg/all/function/internal_message.html?_=1651303869551&CODE_STATE=getMsg HTTP/1.1" 200 27
120.204.101.29 - - [30/Apr/2022:15:31:11 +0800] "POST /xingrg/kc/mdqp/pssh_list_operate.html HTTP/1.1" 200 2986
120.204.101.29 - - [30/Apr/2022:15:31:16 +0800] "GET /xingrg/all/function/internal_message.html?_=1651303875006&CODE_STATE=getMsg HTTP/1.1" 200 27
114.83.220.194 - - [30/Apr/2022:15:31:17 +0800] "GET /xingrg/all/function/internal_message.html?_=1651303877589&CODE_STATE=getMsg HTTP/1.1" 200 27
58.40.7.146 - - [30/Apr/2022:15:31:20 +0800] "GET /xingrg/all/function/internal_message.html?_=1651303880935&CODE_STATE=getMsg HTTP/1.1" 200 27
58.39.61.91 - - [30/Apr/2022:15:31:25 +0800] "GET /xingrg/check_reg.html?_=1651303795787 HTTP/1.1" 200 22
117.143.50.163 - - [30/Apr/2022:15:31:27 +0800] "GET /xingrg/all/function/internal_message.html?_=1651303888286&CODE_STATE=getMsg HTTP/1.1" 302 -
180.169.147.146 - - [30/Apr/2022:15:31:30 +0800] "GET /favicon.ico HTTP/1.1" 404 -
58.39.61.91 - - [30/Apr/2022:15:31:34 +0800] "GET /xingrg/all/function/internal_message.html?_=1651303804339&CODE_STATE=getMsg HTTP/1.1" 200 27
116.228.172.94 - - [30/Apr/2022:15:31:46 +0800] "GET /xingrg/all/function/internal_message.html?_=1651303902575&CODE_STATE=getMsg HTTP/1.1" 200 27
116.235.92.88 - - [30/Apr/2022:15:31:47 +0800] "GET /xingrg/all/function/internal_message.html?_=1651304077692&CODE_STATE=getMsg HTTP/1.1" 200 27
101.85.120.86 - - [30/Apr/2022:15:31:54 +0800] "GET /xingrg/all/function/internal_message.html?_=1651303914771&CODE_STATE=getMsg HTTP/1.1" 200 27
101.85.120.86 - - [30/Apr/2022:15:31:54 +0800] "GET /xingrg/check_reg.html?_=1651303914772 HTTP/1.1" 200 22
58.39.201.47 - - [30/Apr/2022:15:31:55 +0800] "GET /xingrg/all/function/internal_message.html?_=1651303917453&CODE_STATE=getMsg HTTP/1.1" 200 27
218.81.223.53 - - [30/Apr/2022:15:31:58 +0800] "GET /xingrg/check_reg.html?_=1651303937210 HTTP/1.1" 200 22
218.81.223.53 - - [30/Apr/2022:15:31:58 +0800] "GET /xingrg/all/function/internal_message.html?_=1651303937581&CODE_STATE=getMsg HTTP/1.1" 200 27
180.157.251.97 - - [30/Apr/2022:15:32:05 +0800] "GET /xingrg/all/function/internal_message.html?_=1651303926795&CODE_STATE=getMsg HTTP/1.1" 200 27
180.157.251.97 - - [30/Apr/2022:15:32:06 +0800] "GET /xingrg/check_reg.html?_=1651303927809 HTTP/1.1" 200 22
116.230.110.173 - - [30/Apr/2022:15:32:09 +0800] "GET /xingrg/all/function/internal_message.html?_=1651303929543&CODE_STATE=getMsg HTTP/1.1" 200 27
120.204.101.29 - - [30/Apr/2022:15:32:16 +0800] "GET /xingrg/all/function/internal_message.html?_=1651303935009&CODE_STATE=getMsg HTTP/1.1" 200 27
114.83.220.194 - - [30/Apr/2022:15:32:17 +0800] "GET /xingrg/all/function/internal_message.html?_=1651303937578&CODE_STATE=getMsg HTTP/1.1" 200 27
58.40.7.146 - - [30/Apr/2022:15:32:20 +0800] "GET /xingrg/all/function/internal_message.html?_=1651303940922&CODE_STATE=getMsg HTTP/1.1" 200 27
117.143.50.163 - - [30/Apr/2022:15:32:27 +0800] "GET /xingrg/all/function/internal_message.html?_=1651303948265&CODE_STATE=getMsg HTTP/1.1" 302 -
58.39.61.91 - - [30/Apr/2022:15:32:34 +0800] "GET /xingrg/all/function/internal_message.html?_=1651303864353&CODE_STATE=getMsg HTTP/1.1" 200 27
116.228.172.94 - - [30/Apr/2022:15:32:46 +0800] "GET /xingrg/all/function/internal_message.html?_=1651303962569&CODE_STATE=getMsg HTTP/1.1" 200 27
116.235.92.88 - - [30/Apr/2022:15:32:47 +0800] "GET /xingrg/check_reg.html?_=1651304137704 HTTP/1.1" 200 22
116.235.92.88 - - [30/Apr/2022:15:32:47 +0800] "GET /xingrg/all/function/internal_message.html?_=1651304137705&CODE_STATE=getMsg HTTP/1.1" 200 27
101.85.120.86 - - [30/Apr/2022:15:32:54 +0800] "GET /xingrg/all/function/internal_message.html?_=1651303974796&CODE_STATE=getMsg HTTP/1.1" 200 27
58.39.201.47 - - [30/Apr/2022:15:32:55 +0800] "GET /xingrg/all/function/internal_message.html?_=1651303977451&CODE_STATE=getMsg HTTP/1.1" 200 27
218.81.223.53 - - [30/Apr/2022:15:32:58 +0800] "GET /xingrg/all/function/internal_message.html?_=1651303997596&CODE_STATE=getMsg HTTP/1.1" 200 27
180.157.251.97 - - [30/Apr/2022:15:33:05 +0800] "GET /xingrg/all/function/internal_message.html?_=1651303986774&CODE_STATE=getMsg HTTP/1.1" 200 27
116.230.110.173 - - [30/Apr/2022:15:33:09 +0800] "GET /xingrg/all/function/internal_message.html?_=1651303989540&CODE_STATE=getMsg HTTP/1.1" 200 27
120.204.101.29 - - [30/Apr/2022:15:33:16 +0800] "GET /xingrg/all/function/internal_message.html?_=1651303995008&CODE_STATE=getMsg HTTP/1.1" 200 27
114.83.220.194 - - [30/Apr/2022:15:33:17 +0800] "GET /xingrg/all/function/internal_message.html?_=1651303997561&CODE_STATE=getMsg HTTP/1.1" 200 27
58.40.7.146 - - [30/Apr/2022:15:33:20 +0800] "GET /xingrg/all/function/internal_message.html?_=1651304000893&CODE_STATE=getMsg HTTP/1.1" 200 27
116.235.92.88 - - [30/Apr/2022:15:33:21 +0800] "GET /xingrg/kc/buy/cgsh_order_operate.html?command=get_materiel&rest_code=00104&code=00101008371&supplier_code=00100151&order_time=2022-04-30 HTTP/1.1" 200 412
117.143.50.163 - - [30/Apr/2022:15:33:27 +0800] "GET /xingrg/all/function/internal_message.html?_=1651304008254&CODE_STATE=getMsg HTTP/1.1" 302 -
58.39.61.91 - - [30/Apr/2022:15:33:34 +0800] "GET /xingrg/all/function/internal_message.html?_=1651303924379&CODE_STATE=getMsg HTTP/1.1" 200 27
116.235.92.88 - - [30/Apr/2022:15:33:40 +0800] "GET /xingrg/kc/buy/cgsh_order_operate.html?command=get_materiel&rest_code=00104&code=00101008005&supplier_code=00100151&order_time=2022-04-30 HTTP/1.1" 200 412
58.40.7.146 - - [30/Apr/2022:15:33:44 +0800] "GET /xingrg/check_reg.html?_=1651304024946 HTTP/1.1" 200 22
116.228.172.94 - - [30/Apr/2022:15:33:46 +0800] "GET /xingrg/all/function/internal_message.html?_=1651304022565&CODE_STATE=getMsg HTTP/1.1" 200 27
116.235.92.88 - - [30/Apr/2022:15:33:47 +0800] "GET /xingrg/all/function/internal_message.html?_=1651304197699&CODE_STATE=getMsg HTTP/1.1" 200 27
101.85.120.86 - - [30/Apr/2022:15:33:54 +0800] "GET /xingrg/all/function/internal_message.html?_=1651304034794&CODE_STATE=getMsg HTTP/1.1" 200 27
58.39.201.47 - - [30/Apr/2022:15:33:55 +0800] "GET /xingrg/all/function/internal_message.html?_=1651304037449&CODE_STATE=getMsg HTTP/1.1" 200 27
218.81.223.53 - - [30/Apr/2022:15:33:58 +0800] "GET /xingrg/all/function/internal_message.html?_=1651304057609&CODE_STATE=getMsg HTTP/1.1" 200 27
180.157.251.97 - - [30/Apr/2022:15:34:05 +0800] "GET /xingrg/all/function/internal_message.html?_=1651304046759&CODE_STATE=getMsg HTTP/1.1" 200 27
116.230.110.173 - - [30/Apr/2022:15:34:10 +0800] "GET /xingrg/all/function/internal_message.html?_=1651304049560&CODE_STATE=getMsg HTTP/1.1" 200 27
120.204.101.29 - - [30/Apr/2022:15:34:16 +0800] "GET /xingrg/all/function/internal_message.html?_=1651304055001&CODE_STATE=getMsg HTTP/1.1" 200 27
114.83.220.194 - - [30/Apr/2022:15:34:17 +0800] "GET /xingrg/all/function/internal_message.html?_=1651304057553&CODE_STATE=getMsg HTTP/1.1" 200 27
58.40.7.146 - - [30/Apr/2022:15:34:20 +0800] "GET /xingrg/all/function/internal_message.html?_=1651304060868&CODE_STATE=getMsg HTTP/1.1" 200 27
120.204.101.29 - - [30/Apr/2022:15:34:23 +0800] "GET /xingrg/kc/buy/cgsh_order_list.html HTTP/1.1" 200 50976
120.204.101.29 - - [30/Apr/2022:15:34:24 +0800] "GET /xingrg/javascript/easyui/themes/icons/import_new.png HTTP/1.1" 200 1247
120.204.101.29 - - [30/Apr/2022:15:34:24 +0800] "GET /xingrg/javascript/easyui/themes/icons/edit_add_new.png HTTP/1.1" 200 2997
120.204.101.29 - - [30/Apr/2022:15:34:24 +0800] "POST /xingrg/kc/buy/cgsh_list_operate.html HTTP/1.1" 200 876
117.143.50.163 - - [30/Apr/2022:15:34:27 +0800] "GET /xingrg/all/function/internal_message.html?_=1651304068235&CODE_STATE=getMsg HTTP/1.1" 302 -
117.143.50.163 - - [30/Apr/2022:15:34:29 +0800] "GET /xingrg/check_reg.html?_=1651304070612 HTTP/1.1" 302 -
58.39.61.91 - - [30/Apr/2022:15:34:34 +0800] "GET /xingrg/all/function/internal_message.html?_=1651303984396&CODE_STATE=getMsg HTTP/1.1" 200 27
120.204.101.29 - - [30/Apr/2022:15:34:35 +0800] "POST /xingrg/kc/buy/cgsh_list_operate.html HTTP/1.1" 200 2459
116.228.172.94 - - [30/Apr/2022:15:34:46 +0800] "GET /xingrg/all/function/internal_message.html?_=1651304082557&CODE_STATE=getMsg HTTP/1.1" 200 27
116.228.172.94 - - [30/Apr/2022:15:34:46 +0800] "GET /xingrg/check_reg.html?_=1651304082561 HTTP/1.1" 200 22
116.235.92.88 - - [30/Apr/2022:15:34:47 +0800] "GET /xingrg/all/function/internal_message.html?_=1651304257721&CODE_STATE=getMsg HTTP/1.1" 200 27
101.85.120.86 - - [30/Apr/2022:15:34:54 +0800] "GET /xingrg/all/function/internal_message.html?_=1651304094792&CODE_STATE=getMsg HTTP/1.1" 200 27
58.39.201.47 - - [30/Apr/2022:15:34:55 +0800] "GET /xingrg/all/function/internal_message.html?_=1651304097447&CODE_STATE=getMsg HTTP/1.1" 200 27
218.81.223.53 - - [30/Apr/2022:15:34:58 +0800] "GET /xingrg/all/function/internal_message.html?_=1651304117630&CODE_STATE=getMsg HTTP/1.1" 200 27
114.83.220.194 - - [30/Apr/2022:15:35:04 +0800] "GET /xingrg/check_reg.html?_=1651304104048 HTTP/1.1" 200 22
180.157.251.97 - - [30/Apr/2022:15:35:05 +0800] "GET /xingrg/all/function/internal_message.html?_=1651304106741&CODE_STATE=getMsg HTTP/1.1" 200 27
116.230.110.173 - - [30/Apr/2022:15:35:09 +0800] "GET /xingrg/check_reg.html?_=1651304109540 HTTP/1.1" 200 22
116.230.110.173 - - [30/Apr/2022:15:35:10 +0800] "GET /xingrg/all/function/internal_message.html?_=1651304109544&CODE_STATE=getMsg HTTP/1.1" 200 27
120.204.101.29 - - [30/Apr/2022:15:35:10 +0800] "GET /xingrg/kc/buy/cgsh_order_add.html HTTP/1.1" 200 66746
120.204.101.29 - - [30/Apr/2022:15:35:11 +0800] "GET /xingrg/javascript/easyui/themes/icons/copy_new.png HTTP/1.1" 200 815
120.204.101.29 - - [30/Apr/2022:15:35:11 +0800] "GET /xingrg/javascript/easyui/themes/icons/template_new.png HTTP/1.1" 200 3956
120.204.101.29 - - [30/Apr/2022:15:35:11 +0800] "GET /xingrg/javascript/easyui/themes/icons/cancel.png HTTP/1.1" 200 1133
120.204.101.29 - - [30/Apr/2022:15:35:11 +0800] "POST /xingrg/kc/buy/cgsh_order_operate.html HTTP/1.1" 200 8245
120.204.101.29 - - [30/Apr/2022:15:35:11 +0800] "GET /xingrg/javascript/easyui/themes/default/validatebox.css HTTP/1.1" 404 1104
120.204.101.29 - - [30/Apr/2022:15:35:11 +0800] "GET /xingrg/javascript/easyui/themes/icons/edit_remove.png HTTP/1.1" 200 625
120.204.101.29 - - [30/Apr/2022:15:35:16 +0800] "GET /xingrg/all/function/internal_message.html?_=1651304115011&CODE_STATE=getMsg HTTP/1.1" 200 27
120.204.101.29 - - [30/Apr/2022:15:35:16 +0800] "GET /xingrg/check_reg.html?_=1651304115014 HTTP/1.1" 200 22
114.83.220.194 - - [30/Apr/2022:15:35:17 +0800] "GET /xingrg/all/function/internal_message.html?_=1651304117535&CODE_STATE=getMsg HTTP/1.1" 200 27
58.40.7.146 - - [30/Apr/2022:15:35:20 +0800] "GET /xingrg/all/function/internal_message.html?_=1651304120853&CODE_STATE=getMsg HTTP/1.1" 200 27
117.143.50.163 - - [30/Apr/2022:15:35:27 +0800] "GET /xingrg/all/function/internal_message.html?_=1651304128223&CODE_STATE=getMsg HTTP/1.1" 302 -
58.39.61.91 - - [30/Apr/2022:15:35:34 +0800] "GET /xingrg/all/function/internal_message.html?_=1651304044423&CODE_STATE=getMsg HTTP/1.1" 200 27
120.204.101.29 - - [30/Apr/2022:15:35:37 +0800] "GET /xingrg/kc/buy/cgsh_order_operate.html?command=get_materiel&rest_code=00148&code=00101010785&supplier_code=00100327&order_time=2022-04-30 HTTP/1.1" 200 461
116.228.172.94 - - [30/Apr/2022:15:35:46 +0800] "GET /xingrg/all/function/internal_message.html?_=1651304142573&CODE_STATE=getMsg HTTP/1.1" 200 27
116.235.92.88 - - [30/Apr/2022:15:35:47 +0800] "GET /xingrg/all/function/internal_message.html?_=1651304317697&CODE_STATE=getMsg HTTP/1.1" 200 27
101.85.120.86 - - [30/Apr/2022:15:35:54 +0800] "GET /xingrg/all/function/internal_message.html?_=1651304154806&CODE_STATE=getMsg HTTP/1.1" 200 27
58.39.201.47 - - [30/Apr/2022:15:35:55 +0800] "GET /xingrg/all/function/internal_message.html?_=1651304157471&CODE_STATE=getMsg HTTP/1.1" 200 27
58.39.201.47 - - [30/Apr/2022:15:35:55 +0800] "GET /xingrg/check_reg.html?_=1651304157471 HTTP/1.1" 200 22
120.204.101.29 - - [30/Apr/2022:15:35:56 +0800] "GET /xingrg/kc/buy/cgsh_order_operate.html?command=get_materiel&rest_code=00148&code=00101010123&supplier_code=00100327&order_time=2022-04-30 HTTP/1.1" 200 417
218.81.223.53 - - [30/Apr/2022:15:35:58 +0800] "GET /xingrg/all/function/internal_message.html?_=1651304177636&CODE_STATE=getMsg HTTP/1.1" 200 27
180.157.251.97 - - [30/Apr/2022:15:36:05 +0800] "GET /xingrg/all/function/internal_message.html?_=1651304166725&CODE_STATE=getMsg HTTP/1.1" 200 27
116.230.110.173 - - [30/Apr/2022:15:36:09 +0800] "GET /xingrg/all/function/internal_message.html?_=1651304169531&CODE_STATE=getMsg HTTP/1.1" 200 27
120.204.101.29 - - [30/Apr/2022:15:36:16 +0800] "GET /xingrg/all/function/internal_message.html?_=1651304174998&CODE_STATE=getMsg HTTP/1.1" 200 27
114.83.220.194 - - [30/Apr/2022:15:36:17 +0800] "GET /xingrg/all/function/internal_message.html?_=1651304177507&CODE_STATE=getMsg HTTP/1.1" 200 27
58.40.7.146 - - [30/Apr/2022:15:36:20 +0800] "GET /xingrg/all/function/internal_message.html?_=1651304180841&CODE_STATE=getMsg HTTP/1.1" 200 27
58.39.61.91 - - [30/Apr/2022:15:36:25 +0800] "GET /xingrg/check_reg.html?_=1651304095783 HTTP/1.1" 200 22
117.143.50.163 - - [30/Apr/2022:15:36:27 +0800] "GET /xingrg/all/function/internal_message.html?_=1651304188205&CODE_STATE=getMsg HTTP/1.1" 302 -
120.204.101.29 - - [30/Apr/2022:15:36:32 +0800] "POST /xingrg/kc/buy/cgsh_order_operate.html HTTP/1.1" 200 37
120.204.101.29 - - [30/Apr/2022:15:36:33 +0800] "POST /xingrg/kc/buy/cgsh_order_operate.html HTTP/1.1" 200 3310
58.39.61.91 - - [30/Apr/2022:15:36:34 +0800] "GET /xingrg/all/function/internal_message.html?_=1651304104438&CODE_STATE=getMsg HTTP/1.1" 200 27
120.204.101.29 - - [30/Apr/2022:15:36:38 +0800] "GET /xingrg/kc/base/kc_stocks.html HTTP/1.1" 200 16443
120.204.101.29 - - [30/Apr/2022:15:36:38 +0800] "GET /xingrg/javascript/easyui/themes/sunny/easyui.css HTTP/1.1" 200 34304
120.204.101.29 - - [30/Apr/2022:15:36:38 +0800] "GET /xingrg/javascript/easyui/themes/icons/print_new.png HTTP/1.1" 200 3580
120.204.101.29 - - [30/Apr/2022:15:36:38 +0800] "GET /xingrg/javascript/easyui/themes/icons/refresh_new.png HTTP/1.1" 200 685
120.204.101.29 - - [30/Apr/2022:15:36:38 +0800] "GET /xingrg/javascript/easyui/themes/default/tree.css HTTP/1.1" 404 1090
120.204.101.29 - - [30/Apr/2022:15:36:38 +0800] "GET /xingrg/javascript/easyui/themes/icons/filter_new.png HTTP/1.1" 200 795
120.204.101.29 - - [30/Apr/2022:15:36:38 +0800] "GET /xingrg/javascript/easyui/plugins/jquery.tree.js HTTP/1.1" 200 20874
120.204.101.29 - - [30/Apr/2022:15:36:38 +0800] "GET /xingrg/all/common/auto_word.html?type=base&rest_code=00148 HTTP/1.1" 200 1799
120.204.101.29 - - [30/Apr/2022:15:36:38 +0800] "POST /xingrg/all/common/load_tree.html?tree=materiel_sort_tree_json HTTP/1.1" 200 9388
120.204.101.29 - - [30/Apr/2022:15:36:39 +0800] "GET /xingrg/javascript/easyui/themes/sunny/images/tree_arrows.gif HTTP/1.1" 200 617
120.204.101.29 - - [30/Apr/2022:15:36:39 +0800] "GET /xingrg/javascript/easyui/themes/sunny/images/tree_folder_open.gif HTTP/1.1" 200 956
120.204.101.29 - - [30/Apr/2022:15:36:39 +0800] "GET /xingrg/javascript/easyui/themes/sunny/images/tree_folder.gif HTTP/1.1" 200 952
120.204.101.29 - - [30/Apr/2022:15:36:39 +0800] "GET /xingrg/javascript/easyui/themes/sunny/images/tree_file.gif HTTP/1.1" 200 118
116.235.92.88 - - [30/Apr/2022:15:36:41 +0800] "GET /xingrg/kc/buy/cgsh_order_operate.html?command=get_materiel&rest_code=00104&code=00101009122&supplier_code=00100151&order_time=2022-04-30 HTTP/1.1" 200 405
116.228.172.94 - - [30/Apr/2022:15:36:46 +0800] "GET /xingrg/all/function/internal_message.html?_=1651304202574&CODE_STATE=getMsg HTTP/1.1" 200 27
116.235.92.88 - - [30/Apr/2022:15:36:47 +0800] "GET /xingrg/all/function/internal_message.html?_=1651304377690&CODE_STATE=getMsg HTTP/1.1" 200 27
120.204.101.29 - - [30/Apr/2022:15:36:50 +0800] "POST /xingrg/kc/base/stock_operate.html HTTP/1.1" 200 1927
120.204.101.29 - - [30/Apr/2022:15:36:50 +0800] "GET /xingrg/javascript/jquery_tools/fix_table.js HTTP/1.1" 200 6528
120.204.101.29 - - [30/Apr/2022:15:36:53 +0800] "GET /xingrg/kc/base/stock_detail.html?m=00101010123 HTTP/1.1" 200 7357
120.204.101.29 - - [30/Apr/2022:15:36:53 +0800] "GET /xingrg/css/blue.css HTTP/1.1" 200 15949
120.204.101.29 - - [30/Apr/2022:15:36:54 +0800] "GET /xingrg/javascript/jquery_easy_ui/themes/default/images/button_a_bg.gif HTTP/1.1" 200 1194
120.204.101.29 - - [30/Apr/2022:15:36:54 +0800] "GET /xingrg/javascript/jquery_easy_ui/themes/default/images/button_span_bg.gif HTTP/1.1" 200 2061
120.204.101.29 - - [30/Apr/2022:15:36:54 +0800] "GET /xingrg/javascript/jquery_easy_ui/themes/default/images/menu_downarrow.png HTTP/1.1" 200 173
120.204.101.29 - - [30/Apr/2022:15:36:54 +0800] "GET /xingrg/javascript/jquery_easy_ui/themes/default/images/menu.gif HTTP/1.1" 200 834
120.204.101.29 - - [30/Apr/2022:15:36:54 +0800] "GET /xingrg/javascript/jquery_easy_ui/themes/default/images/calendar_nextyear.gif HTTP/1.1" 200 75
101.85.120.86 - - [30/Apr/2022:15:36:54 +0800] "GET /xingrg/check_reg.html?_=1651304214805 HTTP/1.1" 200 22
120.204.101.29 - - [30/Apr/2022:15:36:54 +0800] "GET /xingrg/javascript/jquery_easy_ui/themes/icons/search.png HTTP/1.1" 200 813
120.204.101.29 - - [30/Apr/2022:15:36:54 +0800] "GET /xingrg/javascript/jquery_easy_ui/themes/default/images/calendar_prevmonth.gif HTTP/1.1" 200 66
120.204.101.29 - - [30/Apr/2022:15:36:54 +0800] "GET /xingrg/javascript/jquery_easy_ui/themes/icons/print.png HTTP/1.1" 200 1057
120.204.101.29 - - [30/Apr/2022:15:36:54 +0800] "GET /xingrg/javascript/jquery_easy_ui/themes/default/images/calendar_prevyear.gif HTTP/1.1" 200 76
120.204.101.29 - - [30/Apr/2022:15:36:54 +0800] "GET /xingrg/javascript/jquery_easy_ui/themes/default/images/calendar_nextmonth.gif HTTP/1.1" 200 64
101.85.120.86 - - [30/Apr/2022:15:36:54 +0800] "GET /xingrg/all/function/internal_message.html?_=1651304214806&CODE_STATE=getMsg HTTP/1.1" 200 27
58.39.201.47 - - [30/Apr/2022:15:36:55 +0800] "GET /xingrg/all/function/internal_message.html?_=1651304217485&CODE_STATE=getMsg HTTP/1.1" 200 27
120.204.101.29 - - [30/Apr/2022:15:36:57 +0800] "GET /xingrg/kc/base/stock_operate.html?_=1651304216800&command=get_report_file&start_day=20220301 HTTP/1.1" 200 53
120.204.101.29 - - [30/Apr/2022:15:36:57 +0800] "GET /xingrg/javascript/multi_select/jqueryMultiSelect.css HTTP/1.1" 200 951
120.204.101.29 - - [30/Apr/2022:15:36:57 +0800] "GET /xingrg/javascript/calendar/timePicker.css HTTP/1.1" 200 523
120.204.101.29 - - [30/Apr/2022:15:36:57 +0800] "GET /xingrg/all/report/report_query.html?isQuery=1&onlyBody=1&rh=2000&fileName=kc/base/kc_stock_detail_new.xml&queryString=(1=1)&queryText=&tableQueryString=init_table$sp1$$sp$crk_table$sp1$order_day%20between%2020220301%20and%2020220430&varString=start_day:20220301,materiel_code:00101010123,cost_id:3547,end_date:20220228 HTTP/1.1" 200 48701
120.204.101.29 - - [30/Apr/2022:15:36:57 +0800] "GET /xingrg/javascript/bigrid/fix.css HTTP/1.1" 200 1702
120.204.101.29 - - [30/Apr/2022:15:36:57 +0800] "GET /xingrg/dwr/interface/AjaxReportQueryService.js HTTP/1.1" 200 13203
120.204.101.29 - - [30/Apr/2022:15:36:57 +0800] "GET /xingrg/dwr/engine.js HTTP/1.1" 200 43631
120.204.101.29 - - [30/Apr/2022:15:36:57 +0800] "GET /xingrg/dwr/util.js HTTP/1.1" 200 35990
120.204.101.29 - - [30/Apr/2022:15:36:58 +0800] "GET /xingrg/javascript/myfunction.js HTTP/1.1" 200 24559
120.204.101.29 - - [30/Apr/2022:15:36:58 +0800] "GET /xingrg/javascript/jqueryMultiSelect.js HTTP/1.1" 200 11866
120.204.101.29 - - [30/Apr/2022:15:36:58 +0800] "GET /xingrg/javascript/Calendar.js HTTP/1.1" 200 31561
120.204.101.29 - - [30/Apr/2022:15:36:58 +0800] "GET /xingrg/javascript/calendar/jquery.timePicker.min.js HTTP/1.1" 200 2997
120.204.101.29 - - [30/Apr/2022:15:36:58 +0800] "GET /xingrg/javascript/bigrid/fix.js HTTP/1.1" 200 6439
120.204.101.29 - - [30/Apr/2022:15:36:58 +0800] "GET /xingrg/images/blue/button/advanceover.gif HTTP/1.1" 200 1347
120.204.101.29 - - [30/Apr/2022:15:36:58 +0800] "GET /xingrg/images/blue/button/advance2over.gif HTTP/1.1" 200 1336
120.204.101.29 - - [30/Apr/2022:15:36:58 +0800] "GET /xingrg/images/control/loading.gif HTTP/1.1" 200 13463
120.204.101.29 - - [30/Apr/2022:15:36:58 +0800] "GET /xingrg/images/blue/button/back2over.gif HTTP/1.1" 200 1335
120.204.101.29 - - [30/Apr/2022:15:36:58 +0800] "GET /xingrg/images/blue/button/backover.gif HTTP/1.1" 200 1348
120.204.101.29 - - [30/Apr/2022:15:36:58 +0800] "GET /xingrg/javascript/jquery_easy_ui/themes/icons/help.png HTTP/1.1" 200 1187
218.81.223.53 - - [30/Apr/2022:15:36:58 +0800] "GET /xingrg/check_reg.html?_=1651304237220 HTTP/1.1" 200 22
218.81.223.53 - - [30/Apr/2022:15:36:58 +0800] "GET /xingrg/all/function/internal_message.html?_=1651304237650&CODE_STATE=getMsg HTTP/1.1" 200 27
120.204.101.29 - - [30/Apr/2022:15:36:59 +0800] "POST /xingrg/all/report/load_report_page.html HTTP/1.1" 200 54424
120.204.101.29 - - [30/Apr/2022:15:36:59 +0800] "GET /xingrg/servlets/image?cache=0.080668154230369&image=px HTTP/1.1" 200 807
180.157.251.97 - - [30/Apr/2022:15:37:05 +0800] "GET /xingrg/all/function/internal_message.html?_=1651304226723&CODE_STATE=getMsg HTTP/1.1" 200 27
180.157.251.97 - - [30/Apr/2022:15:37:06 +0800] "GET /xingrg/check_reg.html?_=1651304227815 HTTP/1.1" 200 22
116.230.110.173 - - [30/Apr/2022:15:37:09 +0800] "GET /xingrg/all/function/internal_message.html?_=1651304229544&CODE_STATE=getMsg HTTP/1.1" 200 27
120.204.101.29 - - [30/Apr/2022:15:37:16 +0800] "GET /xingrg/all/function/internal_message.html?_=1651304235002&CODE_STATE=getMsg HTTP/1.1" 200 27
114.83.220.194 - - [30/Apr/2022:15:37:17 +0800] "GET /xingrg/all/function/internal_message.html?_=1651304237482&CODE_STATE=getMsg HTTP/1.1" 200 27
58.40.7.146 - - [30/Apr/2022:15:37:20 +0800] "GET /xingrg/all/function/internal_message.html?_=1651304240828&CODE_STATE=getMsg HTTP/1.1" 200 27
117.143.50.163 - - [30/Apr/2022:15:37:27 +0800] "GET /xingrg/all/function/internal_message.html?_=1651304248207&CODE_STATE=getMsg HTTP/1.1" 302 -
58.39.61.91 - - [30/Apr/2022:15:37:34 +0800] "GET /xingrg/all/function/internal_message.html?_=1651304164453&CODE_STATE=getMsg HTTP/1.1" 200 27
120.204.101.29 - - [30/Apr/2022:15:37:42 +0800] "GET /xingrg/kc/buy/cgsh_order_operate.html?command=get_materiel&rest_code=00148&code=00101006120&supplier_code=00100327&order_time=2022-04-30 HTTP/1.1" 200 429
120.204.101.29 - - [30/Apr/2022:15:37:46 +0800] "POST /xingrg/all/common/load_select.html HTTP/1.1" 200 12
116.228.172.94 - - [30/Apr/2022:15:37:46 +0800] "GET /xingrg/all/function/internal_message.html?_=1651304262571&CODE_STATE=getMsg HTTP/1.1" 200 27
116.235.92.88 - - [30/Apr/2022:15:37:47 +0800] "GET /xingrg/check_reg.html?_=1651304437688 HTTP/1.1" 200 22
116.235.92.88 - - [30/Apr/2022:15:37:47 +0800] "GET /xingrg/all/function/internal_message.html?_=1651304437689&CODE_STATE=getMsg HTTP/1.1" 200 27
120.204.101.29 - - [30/Apr/2022:15:37:48 +0800] "GET /xingrg/kc/buy/cgsh_order_operate.html?command=get_materiel_price&rest_code=00148&code=00101010123&unit_code=00100001&supplier_code=00100327&order_time=2022-04-30 HTTP/1.1" 200 28
120.204.101.29 - - [30/Apr/2022:15:37:49 +0800] "POST /xingrg/all/common/load_select.html HTTP/1.1" 200 25
120.204.101.29 - - [30/Apr/2022:15:37:54 +0800] "GET /xingrg/kc/buy/cgsh_order_operate.html?command=get_materiel_price&rest_code=00148&code=00101006120&unit_code=00100009&supplier_code=00100327&order_time=2022-04-30 HTTP/1.1" 200 30
101.85.120.86 - - [30/Apr/2022:15:37:54 +0800] "GET /xingrg/all/function/internal_message.html?_=1651304274805&CODE_STATE=getMsg HTTP/1.1" 200 27
58.39.201.47 - - [30/Apr/2022:15:37:55 +0800] "GET /xingrg/all/function/internal_message.html?_=1651304277484&CODE_STATE=getMsg HTTP/1.1" 200 27
218.81.223.53 - - [30/Apr/2022:15:37:58 +0800] "GET /xingrg/all/function/internal_message.html?_=1651304297664&CODE_STATE=getMsg HTTP/1.1" 200 27
180.157.251.97 - - [30/Apr/2022:15:38:05 +0800] "GET /xingrg/all/function/internal_message.html?_=1651304286696&CODE_STATE=getMsg HTTP/1.1" 200 27
116.230.110.173 - - [30/Apr/2022:15:38:09 +0800] "GET /xingrg/all/function/internal_message.html?_=1651304289540&CODE_STATE=getMsg HTTP/1.1" 200 27
120.204.101.29 - - [30/Apr/2022:15:38:16 +0800] "GET /xingrg/all/function/internal_message.html?_=1651304295013&CODE_STATE=getMsg HTTP/1.1" 200 27
114.83.220.194 - - [30/Apr/2022:15:38:17 +0800] "GET /xingrg/all/function/internal_message.html?_=1651304297468&CODE_STATE=getMsg HTTP/1.1" 200 27
58.40.7.146 - - [30/Apr/2022:15:38:20 +0800] "GET /xingrg/all/function/internal_message.html?_=1651304300801&CODE_STATE=getMsg HTTP/1.1" 200 27
117.143.50.163 - - [30/Apr/2022:15:38:27 +0800] "GET /xingrg/all/function/internal_message.html?_=1651304308196&CODE_STATE=getMsg HTTP/1.1" 302 -
120.204.101.29 - - [30/Apr/2022:15:38:30 +0800] "GET /xingrg/kc/buy/cgsh_order_operate.html?command=get_materiel&rest_code=00148&code=00101010535&supplier_code=00100327&order_time=2022-04-30 HTTP/1.1" 200 442
58.39.61.91 - - [30/Apr/2022:15:38:34 +0800] "GET /xingrg/all/function/internal_message.html?_=1651304224477&CODE_STATE=getMsg HTTP/1.1" 200 27
58.40.7.146 - - [30/Apr/2022:15:38:44 +0800] "GET /xingrg/check_reg.html?_=1651304324928 HTTP/1.1" 200 22
116.228.172.94 - - [30/Apr/2022:15:38:46 +0800] "GET /xingrg/all/function/internal_message.html?_=1651304322565&CODE_STATE=getMsg HTTP/1.1" 200 27
116.235.92.88 - - [30/Apr/2022:15:38:47 +0800] "GET /xingrg/all/function/internal_message.html?_=1651304497699&CODE_STATE=getMsg HTTP/1.1" 200 27
101.85.120.86 - - [30/Apr/2022:15:38:54 +0800] "GET /xingrg/all/function/internal_message.html?_=1651304334804&CODE_STATE=getMsg HTTP/1.1" 200 27
58.39.201.47 - - [30/Apr/2022:15:38:55 +0800] "GET /xingrg/all/function/internal_message.html?_=1651304337485&CODE_STATE=getMsg HTTP/1.1" 200 27
218.81.223.53 - - [30/Apr/2022:15:38:58 +0800] "GET /xingrg/all/function/internal_message.html?_=1651304357676&CODE_STATE=getMsg HTTP/1.1" 200 27
180.157.251.97 - - [30/Apr/2022:15:39:05 +0800] "GET /xingrg/all/function/internal_message.html?_=1651304346677&CODE_STATE=getMsg HTTP/1.1" 200 27
120.204.101.29 - - [30/Apr/2022:15:39:10 +0800] "POST /xingrg/kc/buy/cgsh_order_operate.html HTTP/1.1" 200 37
116.230.110.173 - - [30/Apr/2022:15:39:10 +0800] "GET /xingrg/all/function/internal_message.html?_=1651304349555&CODE_STATE=getMsg HTTP/1.1" 200 27
120.204.101.29 - - [30/Apr/2022:15:39:11 +0800] "POST /xingrg/kc/buy/cgsh_order_operate.html HTTP/1.1" 200 3931
120.204.101.29 - - [30/Apr/2022:15:39:16 +0800] "GET /xingrg/all/function/internal_message.html?_=1651304355024&CODE_STATE=getMsg HTTP/1.1" 200 27
120.204.101.29 - - [30/Apr/2022:15:39:17 +0800] "POST /xingrg/kc/buy/cgsh_order_operate.html HTTP/1.1" 200 37
114.83.220.194 - - [30/Apr/2022:15:39:17 +0800] "GET /xingrg/all/function/internal_message.html?_=1651304357452&CODE_STATE=getMsg HTTP/1.1" 200 27
58.40.7.146 - - [30/Apr/2022:15:39:20 +0800] "GET /xingrg/all/function/internal_message.html?_=1651304360775&CODE_STATE=getMsg HTTP/1.1" 200 27
120.204.101.29 - - [30/Apr/2022:15:39:23 +0800] "POST /xingrg/kc/buy/cgsh_order_operate.html HTTP/1.1" 200 12
120.204.101.29 - - [30/Apr/2022:15:39:24 +0800] "GET /xingrg/kc/buy/cgsh_order_info.html?code=212022043000195 HTTP/1.1" 200 61647
120.204.101.29 - - [30/Apr/2022:15:39:25 +0800] "GET /xingrg/javascript/easyui/themes/default/validatebox.css HTTP/1.1" 404 1104
120.204.101.29 - - [30/Apr/2022:15:39:25 +0800] "POST /xingrg/kc/buy/cgsh_order_operate.html HTTP/1.1" 200 1881
117.143.50.163 - - [30/Apr/2022:15:39:27 +0800] "GET /xingrg/all/function/internal_message.html?_=1651304368194&CODE_STATE=getMsg HTTP/1.1" 302 -
117.143.50.163 - - [30/Apr/2022:15:39:29 +0800] "GET /xingrg/check_reg.html?_=1651304370599 HTTP/1.1" 302 -
120.204.101.29 - - [30/Apr/2022:15:39:32 +0800] "POST /xingrg/kc/buy/cgsh_order_operate.html HTTP/1.1" 200 12
120.204.101.29 - - [30/Apr/2022:15:39:33 +0800] "GET /xingrg/kc/buy/cgsh_order_info.html?code=212022043000195 HTTP/1.1" 200 66755
58.39.61.91 - - [30/Apr/2022:15:39:34 +0800] "GET /xingrg/all/function/internal_message.html?_=1651304284480&CODE_STATE=getMsg HTTP/1.1" 200 27
120.204.101.29 - - [30/Apr/2022:15:39:34 +0800] "GET /xingrg/javascript/easyui/themes/default/validatebox.css HTTP/1.1" 404 1104
120.204.101.29 - - [30/Apr/2022:15:39:34 +0800] "POST /xingrg/kc/buy/cgsh_order_operate.html HTTP/1.1" 200 3931
120.204.101.29 - - [30/Apr/2022:15:39:44 +0800] "POST /xingrg/kc/buy/cgsh_order_operate.html HTTP/1.1" 200 37
116.228.172.94 - - [30/Apr/2022:15:39:46 +0800] "GET /xingrg/check_reg.html?_=1651304382558 HTTP/1.1" 200 22
116.228.172.94 - - [30/Apr/2022:15:39:46 +0800] "GET /xingrg/all/function/internal_message.html?_=1651304382560&CODE_STATE=getMsg HTTP/1.1" 200 27
116.235.92.88 - - [30/Apr/2022:15:39:47 +0800] "GET /xingrg/all/function/internal_message.html?_=1651304557734&CODE_STATE=getMsg HTTP/1.1" 200 27
120.204.101.29 - - [30/Apr/2022:15:39:52 +0800] "POST /xingrg/kc/buy/cgsh_order_operate.html HTTP/1.1" 200 12
120.204.101.29 - - [30/Apr/2022:15:39:53 +0800] "GET /xingrg/kc/buy/cgsh_order_info.html?code=212022043000195 HTTP/1.1" 200 61647
101.85.120.86 - - [30/Apr/2022:15:39:54 +0800] "GET /xingrg/all/function/internal_message.html?_=1651304394802&CODE_STATE=getMsg HTTP/1.1" 200 27
120.204.101.29 - - [30/Apr/2022:15:39:54 +0800] "GET /xingrg/javascript/easyui/themes/default/validatebox.css HTTP/1.1" 404 1104
120.204.101.29 - - [30/Apr/2022:15:39:54 +0800] "POST /xingrg/kc/buy/cgsh_order_operate.html HTTP/1.1" 200 1881
58.39.201.47 - - [30/Apr/2022:15:39:55 +0800] "GET /xingrg/all/function/internal_message.html?_=1651304397486&CODE_STATE=getMsg HTTP/1.1" 200 27
218.81.223.53 - - [30/Apr/2022:15:39:58 +0800] "GET /xingrg/all/function/internal_message.html?_=1651304417691&CODE_STATE=getMsg HTTP/1.1" 200 27
120.204.101.29 - - [30/Apr/2022:15:40:01 +0800] "GET /xingrg/kc/buy/cgsh_order_list.html HTTP/1.1" 200 50976
120.204.101.29 - - [30/Apr/2022:15:40:02 +0800] "POST /xingrg/kc/buy/cgsh_list_operate.html HTTP/1.1" 200 876
114.83.220.194 - - [30/Apr/2022:15:40:04 +0800] "GET /xingrg/check_reg.html?_=1651304404077 HTTP/1.1" 200 22
180.157.251.97 - - [30/Apr/2022:15:40:05 +0800] "GET /xingrg/all/function/internal_message.html?_=1651304406648&CODE_STATE=getMsg HTTP/1.1" 200 27
120.204.101.29 - - [30/Apr/2022:15:40:08 +0800] "POST /xingrg/kc/buy/cgsh_list_operate.html HTTP/1.1" 200 2834
116.230.110.173 - - [30/Apr/2022:15:40:10 +0800] "GET /xingrg/check_reg.html?_=1651304409553 HTTP/1.1" 200 22
116.230.110.173 - - [30/Apr/2022:15:40:10 +0800] "GET /xingrg/all/function/internal_message.html?_=1651304409557&CODE_STATE=getMsg HTTP/1.1" 200 27
120.204.101.29 - - [30/Apr/2022:15:40:16 +0800] "GET /xingrg/check_reg.html?_=1651304415001 HTTP/1.1" 200 22
120.204.101.29 - - [30/Apr/2022:15:40:16 +0800] "GET /xingrg/all/function/internal_message.html?_=1651304415016&CODE_STATE=getMsg HTTP/1.1" 200 27
114.83.220.194 - - [30/Apr/2022:15:40:17 +0800] "GET /xingrg/all/function/internal_message.html?_=1651304417438&CODE_STATE=getMsg HTTP/1.1" 200 27
120.204.101.29 - - [30/Apr/2022:15:40:19 +0800] "POST /xingrg/kc/buy/cgsh_list_operate.html HTTP/1.1" 200 585
58.40.7.146 - - [30/Apr/2022:15:40:20 +0800] "GET /xingrg/all/function/internal_message.html?_=1651304420760&CODE_STATE=getMsg HTTP/1.1" 200 27
116.235.92.88 - - [30/Apr/2022:15:40:20 +0800] "POST /xingrg/kc/buy/cgsh_order_operate.html HTTP/1.1" 200 2065
120.204.101.29 - - [30/Apr/2022:15:40:21 +0800] "POST /xingrg/kc/buy/cgsh_list_operate.html HTTP/1.1" 200 509
120.204.101.29 - - [30/Apr/2022:15:40:24 +0800] "POST /xingrg/kc/buy/cgsh_list_operate.html HTTP/1.1" 200 386
117.143.50.163 - - [30/Apr/2022:15:40:27 +0800] "GET /xingrg/all/function/internal_message.html?_=1651304428174&CODE_STATE=getMsg HTTP/1.1" 302 -
120.204.101.29 - - [30/Apr/2022:15:40:30 +0800] "POST /xingrg/kc/buy/cgsh_list_operate.html HTTP/1.1" 200 432
58.39.61.91 - - [30/Apr/2022:15:40:34 +0800] "GET /xingrg/all/function/internal_message.html?_=1651304344506&CODE_STATE=getMsg HTTP/1.1" 200 27
120.204.101.29 - - [30/Apr/2022:15:40:35 +0800] "GET /xingrg/kc/buy/cgsh_order_info.html?code=212022042600148 HTTP/1.1" 200 61647
120.204.101.29 - - [30/Apr/2022:15:40:36 +0800] "GET /xingrg/javascript/easyui/themes/default/validatebox.css HTTP/1.1" 404 1104
120.204.101.29 - - [30/Apr/2022:15:40:36 +0800] "POST /xingrg/kc/buy/cgsh_order_operate.html HTTP/1.1" 200 2409
120.204.101.29 - - [30/Apr/2022:15:40:44 +0800] "GET /xingrg/kc/buy/cgsh_order_info.html?code=212022042300114 HTTP/1.1" 200 61647
120.204.101.29 - - [30/Apr/2022:15:40:44 +0800] "GET /xingrg/javascript/easyui/themes/default/validatebox.css HTTP/1.1" 404 1104
120.204.101.29 - - [30/Apr/2022:15:40:45 +0800] "POST /xingrg/kc/buy/cgsh_order_operate.html HTTP/1.1" 200 3012
116.228.172.94 - - [30/Apr/2022:15:40:46 +0800] "GET /xingrg/all/function/internal_message.html?_=1651304442566&CODE_STATE=getMsg HTTP/1.1" 200 27
116.235.92.88 - - [30/Apr/2022:15:40:47 +0800] "GET /xingrg/all/function/internal_message.html?_=1651304617747&CODE_STATE=getMsg HTTP/1.1" 200 27
101.85.120.86 - - [30/Apr/2022:15:40:54 +0800] "GET /xingrg/all/function/internal_message.html?_=1651304454800&CODE_STATE=getMsg HTTP/1.1" 200 27
116.235.92.88 - - [30/Apr/2022:15:40:54 +0800] "POST /xingrg/kc/buy/cgsh_order_operate.html HTTP/1.1" 200 37
58.39.201.47 - - [30/Apr/2022:15:40:55 +0800] "GET /xingrg/check_reg.html?_=1651304457472 HTTP/1.1" 200 22
58.39.201.47 - - [30/Apr/2022:15:40:55 +0800] "GET /xingrg/all/function/internal_message.html?_=1651304457475&CODE_STATE=getMsg HTTP/1.1" 200 27
120.204.101.29 - - [30/Apr/2022:15:40:56 +0800] "POST /xingrg/kc/buy/cgsh_order_operate.html HTTP/1.1" 200 12
120.204.101.29 - - [30/Apr/2022:15:40:57 +0800] "GET /xingrg/kc/buy/cgsh_order_info.html?code=212022042300114 HTTP/1.1" 200 66755
116.235.92.88 - - [30/Apr/2022:15:40:57 +0800] "POST /xingrg/kc/buy/cgsh_order_operate.html HTTP/1.1" 200 13973
120.204.101.29 - - [30/Apr/2022:15:40:58 +0800] "GET /xingrg/javascript/easyui/themes/default/validatebox.css HTTP/1.1" 404 1104
218.81.223.53 - - [30/Apr/2022:15:40:58 +0800] "GET /xingrg/all/function/internal_message.html?_=1651304477711&CODE_STATE=getMsg HTTP/1.1" 200 27
120.204.101.29 - - [30/Apr/2022:15:40:58 +0800] "POST /xingrg/kc/buy/cgsh_order_operate.html HTTP/1.1" 200 5063
180.157.251.97 - - [30/Apr/2022:15:41:05 +0800] "GET /xingrg/all/function/internal_message.html?_=1651304466621&CODE_STATE=getMsg HTTP/1.1" 200 27
116.230.110.173 - - [30/Apr/2022:15:41:10 +0800] "GET /xingrg/all/function/internal_message.html?_=1651304469552&CODE_STATE=getMsg HTTP/1.1" 200 27
120.204.101.29 - - [30/Apr/2022:15:41:16 +0800] "GET /xingrg/all/function/internal_message.html?_=1651304475004&CODE_STATE=getMsg HTTP/1.1" 200 27
114.83.220.194 - - [30/Apr/2022:15:41:17 +0800] "GET /xingrg/all/function/internal_message.html?_=1651304477408&CODE_STATE=getMsg HTTP/1.1" 200 27
120.204.101.29 - - [30/Apr/2022:15:41:17 +0800] "POST /xingrg/kc/buy/cgsh_order_operate.html HTTP/1.1" 200 37
120.204.101.29 - - [30/Apr/2022:15:41:19 +0800] "POST /xingrg/kc/buy/cgsh_order_operate.html HTTP/1.1" 200 5063
58.40.7.146 - - [30/Apr/2022:15:41:19 +0800] "GET /xingrg/all/function/internal_message.html?_=1651304480731&CODE_STATE=getMsg HTTP/1.1" 200 27
120.204.101.29 - - [30/Apr/2022:15:41:23 +0800] "POST /xingrg/kc/buy/cgsh_list_operate.html HTTP/1.1" 200 2458
58.39.61.91 - - [30/Apr/2022:15:41:25 +0800] "GET /xingrg/check_reg.html?_=1651304395786 HTTP/1.1" 200 22
117.143.50.163 - - [30/Apr/2022:15:41:27 +0800] "GET /xingrg/all/function/internal_message.html?_=1651304488151&CODE_STATE=getMsg HTTP/1.1" 302 -
120.204.101.29 - - [30/Apr/2022:15:41:30 +0800] "POST /xingrg/kc/buy/cgsh_list_operate.html HTTP/1.1" 200 2458
58.39.61.91 - - [30/Apr/2022:15:41:34 +0800] "GET /xingrg/all/function/internal_message.html?_=1651304404522&CODE_STATE=getMsg HTTP/1.1" 200 27
120.204.101.29 - - [30/Apr/2022:15:41:36 +0800] "POST /xingrg/kc/buy/cgsh_list_operate.html HTTP/1.1" 200 2458
116.228.172.94 - - [30/Apr/2022:15:41:46 +0800] "GET /xingrg/all/function/internal_message.html?_=1651304502566&CODE_STATE=getMsg HTTP/1.1" 200 27
116.235.92.88 - - [30/Apr/2022:15:41:47 +0800] "GET /xingrg/all/function/internal_message.html?_=1651304677735&CODE_STATE=getMsg HTTP/1.1" 200 27
120.204.101.29 - - [30/Apr/2022:15:41:50 +0800] "POST /xingrg/kc/buy/cgsh_list_operate.html HTTP/1.1" 200 2812
120.204.101.29 - - [30/Apr/2022:15:41:52 +0800] "POST /xingrg/kc/buy/cgsh_list_operate.html HTTP/1.1" 200 386
120.204.101.29 - - [30/Apr/2022:15:41:53 +0800] "POST /xingrg/kc/buy/cgsh_list_operate.html HTTP/1.1" 200 509
101.85.120.86 - - [30/Apr/2022:15:41:54 +0800] "GET /xingrg/check_reg.html?_=1651304514800 HTTP/1.1" 200 22
101.85.120.86 - - [30/Apr/2022:15:41:54 +0800] "GET /xingrg/all/function/internal_message.html?_=1651304514798&CODE_STATE=getMsg HTTP/1.1" 200 27
120.204.101.29 - - [30/Apr/2022:15:41:54 +0800] "GET /xingrg/kc/buy/cgsh_order_info.html?code=212022042300114 HTTP/1.1" 200 66755
120.204.101.29 - - [30/Apr/2022:15:41:55 +0800] "GET /xingrg/javascript/easyui/themes/default/validatebox.css HTTP/1.1" 404 1104
58.39.201.47 - - [30/Apr/2022:15:41:55 +0800] "GET /xingrg/all/function/internal_message.html?_=1651304517474&CODE_STATE=getMsg HTTP/1.1" 200 27
120.204.101.29 - - [30/Apr/2022:15:41:56 +0800] "POST /xingrg/kc/buy/cgsh_order_operate.html HTTP/1.1" 200 5063
218.81.223.53 - - [30/Apr/2022:15:41:58 +0800] "GET /xingrg/check_reg.html?_=1651304537220 HTTP/1.1" 200 22
218.81.223.53 - - [30/Apr/2022:15:41:58 +0800] "GET /xingrg/all/function/internal_message.html?_=1651304537723&CODE_STATE=getMsg HTTP/1.1" 200 27
120.204.101.29 - - [30/Apr/2022:15:42:03 +0800] "POST /xingrg/kc/buy/cgsh_list_operate.html HTTP/1.1" 200 2812
180.157.251.97 - - [30/Apr/2022:15:42:05 +0800] "GET /xingrg/all/function/internal_message.html?_=1651304526593&CODE_STATE=getMsg HTTP/1.1" 200 27
120.204.101.29 - - [30/Apr/2022:15:42:06 +0800] "POST /xingrg/kc/buy/cgsh_list_operate.html HTTP/1.1" 200 432
180.157.251.97 - - [30/Apr/2022:15:42:06 +0800] "GET /xingrg/check_reg.html?_=1651304527793 HTTP/1.1" 200 22
116.230.110.173 - - [30/Apr/2022:15:42:09 +0800] "GET /xingrg/all/function/internal_message.html?_=1651304529545&CODE_STATE=getMsg HTTP/1.1" 200 27
120.204.101.29 - - [30/Apr/2022:15:42:16 +0800] "GET /xingrg/all/function/internal_message.html?_=1651304535005&CODE_STATE=getMsg HTTP/1.1" 200 27
114.83.220.194 - - [30/Apr/2022:15:42:17 +0800] "GET /xingrg/all/function/internal_message.html?_=1651304537384&CODE_STATE=getMsg HTTP/1.1" 200 27
58.40.7.146 - - [30/Apr/2022:15:42:19 +0800] "GET /xingrg/all/function/internal_message.html?_=1651304540717&CODE_STATE=getMsg HTTP/1.1" 200 27
117.143.50.163 - - [30/Apr/2022:15:42:27 +0800] "GET /xingrg/all/function/internal_message.html?_=1651304548134&CODE_STATE=getMsg HTTP/1.1" 302 -
120.204.101.29 - - [30/Apr/2022:15:42:27 +0800] "GET /xingrg/kc/buy/cgsh_order_add.html HTTP/1.1" 200 66746
120.204.101.29 - - [30/Apr/2022:15:42:28 +0800] "POST /xingrg/kc/buy/cgsh_order_operate.html HTTP/1.1" 200 8245
120.204.101.29 - - [30/Apr/2022:15:42:28 +0800] "GET /xingrg/javascript/easyui/themes/default/validatebox.css HTTP/1.1" 404 1104
120.204.101.29 - - [30/Apr/2022:15:42:32 +0800] "GET /xingrg/javascript/auto/indicator.gif HTTP/1.1" 404 1066
58.39.61.91 - - [30/Apr/2022:15:42:34 +0800] "GET /xingrg/all/function/internal_message.html?_=1651304464535&CODE_STATE=getMsg HTTP/1.1" 200 27
116.228.172.94 - - [30/Apr/2022:15:42:46 +0800] "GET /xingrg/all/function/internal_message.html?_=1651304562562&CODE_STATE=getMsg HTTP/1.1" 200 27
116.235.92.88 - - [30/Apr/2022:15:42:47 +0800] "GET /xingrg/check_reg.html?_=1651304737688 HTTP/1.1" 200 22
116.235.92.88 - - [30/Apr/2022:15:42:47 +0800] "GET /xingrg/all/function/internal_message.html?_=1651304737689&CODE_STATE=getMsg HTTP/1.1" 200 27
101.85.120.86 - - [30/Apr/2022:15:42:54 +0800] "GET /xingrg/all/function/internal_message.html?_=1651304574797&CODE_STATE=getMsg HTTP/1.1" 200 27
58.39.201.47 - - [30/Apr/2022:15:42:55 +0800] "GET /xingrg/all/function/internal_message.html?_=1651304577473&CODE_STATE=getMsg HTTP/1.1" 200 27
