120.204.101.29 - - [30/Apr/2022:15:23:05 +0800] "GET /xingrg/kc/mdqp/pssh_order_info.html?code=312022042400225 HTTP/1.1" 200 17256
120.204.101.29 - - [30/Apr/2022:15:23:05 +0800] "GET /xingrg/javascript/jquery_tools/jquery-1.4.2.min.js HTTP/1.1" 404 1094
180.157.251.97 - - [30/Apr/2022:15:23:06 +0800] "GET /xingrg/all/function/internal_message.html?_=1651303386997&CODE_STATE=getMsg HTTP/1.1" 200 27
218.81.223.53 - - [30/Apr/2022:15:23:06 +0800] "POST /xingrg/dwr/call/plaincall/AjaxCheckService.setItemNumber.dwr HTTP/1.1" 200 78
120.204.101.29 - - [30/Apr/2022:15:23:06 +0800] "GET /xingrg/javascript/easyui/themes/default/validatebox.css HTTP/1.1" 404 1104
120.204.101.29 - - [30/Apr/2022:15:23:06 +0800] "POST /xingrg/kc/mdqp/pssh_order_operate.html HTTP/1.1" 200 1056
218.81.223.53 - - [30/Apr/2022:15:23:07 +0800] "POST /xingrg/dwr/call/plaincall/AjaxCheckService.setItemNumber.dwr HTTP/1.1" 200 78
120.204.101.29 - - [30/Apr/2022:15:23:08 +0800] "POST /xingrg/all/common/load_combo.html?type=base&rest_code=00148 HTTP/1.1" 200 3227
116.230.110.173 - - [30/Apr/2022:15:23:09 +0800] "GET /xingrg/all/function/internal_message.html?_=1651303389537&CODE_STATE=getMsg HTTP/1.1" 200 27
218.81.223.53 - - [30/Apr/2022:15:23:10 +0800] "POST /xingrg/dwr/call/plaincall/AjaxCheckService.setItemNumber.dwr HTTP/1.1" 200 78
218.81.223.53 - - [30/Apr/2022:15:23:11 +0800] "POST /xingrg/dwr/call/plaincall/AjaxCheckService.setItemNumber.dwr HTTP/1.1" 200 78
218.81.223.53 - - [30/Apr/2022:15:23:13 +0800] "POST /xingrg/dwr/call/plaincall/AjaxCheckService.setItemNumber.dwr HTTP/1.1" 200 78
120.204.101.29 - - [30/Apr/2022:15:23:14 +0800] "POST /xingrg/all/common/load_combo.html?type=employee HTTP/1.1" 200 444
120.204.101.29 - - [30/Apr/2022:15:23:16 +0800] "GET /xingrg/all/function/internal_message.html?_=1651303395005&CODE_STATE=getMsg HTTP/1.1" 200 27
218.81.223.53 - - [30/Apr/2022:15:23:17 +0800] "POST /xingrg/dwr/call/plaincall/AjaxCheckService.setItemNumber.dwr HTTP/1.1" 200 78
114.83.220.194 - - [30/Apr/2022:15:23:17 +0800] "GET /xingrg/all/function/internal_message.html?_=1651303397729&CODE_STATE=getMsg HTTP/1.1" 200 27
218.81.223.53 - - [30/Apr/2022:15:23:18 +0800] "POST /xingrg/dwr/call/plaincall/AjaxCheckService.setItemNumber.dwr HTTP/1.1" 200 78
218.81.223.53 - - [30/Apr/2022:15:23:20 +0800] "POST /xingrg/dwr/call/plaincall/AjaxCheckService.setItemNumber.dwr HTTP/1.1" 200 78
58.40.7.146 - - [30/Apr/2022:15:23:20 +0800] "GET /xingrg/all/function/internal_message.html?_=1651303401101&CODE_STATE=getMsg HTTP/1.1" 200 27
218.81.223.53 - - [30/Apr/2022:15:23:21 +0800] "POST /xingrg/dwr/call/plaincall/AjaxCheckService.setItemNumber.dwr HTTP/1.1" 200 78
218.81.223.53 - - [30/Apr/2022:15:23:22 +0800] "POST /xingrg/dwr/call/plaincall/AjaxCheckService.setItemNumber.dwr HTTP/1.1" 200 78
218.81.223.53 - - [30/Apr/2022:15:23:24 +0800] "POST /xingrg/dwr/call/plaincall/AjaxCheckService.setItemNumber.dwr HTTP/1.1" 200 78
120.204.101.29 - - [30/Apr/2022:15:23:25 +0800] "POST /xingrg/kc/mdqp/pssh_order_operate.html HTTP/1.1" 200 37
120.204.101.29 - - [30/Apr/2022:15:23:25 +0800] "POST /xingrg/kc/mdqp/pssh_order_operate.html HTTP/1.1" 200 104
218.81.223.53 - - [30/Apr/2022:15:23:25 +0800] "POST /xingrg/dwr/call/plaincall/AjaxCheckService.setItemNumber.dwr HTTP/1.1" 200 78
218.81.223.53 - - [30/Apr/2022:15:23:27 +0800] "POST /xingrg/dwr/call/plaincall/AjaxCheckService.setItemNumber.dwr HTTP/1.1" 200 78
117.143.50.163 - - [30/Apr/2022:15:23:27 +0800] "GET /xingrg/all/function/internal_message.html?_=1651303408438&CODE_STATE=getMsg HTTP/1.1" 302 -
218.81.223.53 - - [30/Apr/2022:15:23:28 +0800] "POST /xingrg/dwr/call/plaincall/AjaxCheckService.setItemNumber.dwr HTTP/1.1" 200 78
58.39.61.91 - - [30/Apr/2022:15:23:33 +0800] "GET /xingrg/all/function/internal_message.html?_=1651303324191&CODE_STATE=getMsg HTTP/1.1" 200 27
218.81.223.53 - - [30/Apr/2022:15:23:34 +0800] "POST /xingrg/dwr/call/plaincall/AjaxCheckService.setItemNumber.dwr HTTP/1.1" 200 78
218.81.223.53 - - [30/Apr/2022:15:23:38 +0800] "POST /xingrg/dwr/call/plaincall/AjaxCheckService.setItemNumber.dwr HTTP/1.1" 200 78
120.204.101.29 - - [30/Apr/2022:15:23:38 +0800] "GET /xingrg/javascript/auto/indicator.gif HTTP/1.1" 404 1066
116.235.92.88 - - [30/Apr/2022:15:23:39 +0800] "GET /xingrg/kc/buy/cgsh_order_operate.html?command=get_materiel&rest_code=00104&code=00101008003&supplier_code=00100151&order_time=2022-04-30 HTTP/1.1" 200 410
218.81.223.53 - - [30/Apr/2022:15:23:42 +0800] "POST /xingrg/dwr/call/plaincall/AjaxCheckService.setItemNumber.dwr HTTP/1.1" 200 78
218.81.223.53 - - [30/Apr/2022:15:23:43 +0800] "POST /xingrg/dwr/call/plaincall/AjaxCheckService.setItemNumber.dwr HTTP/1.1" 200 78
58.40.7.146 - - [30/Apr/2022:15:23:44 +0800] "GET /xingrg/check_reg.html?_=1651303424980 HTTP/1.1" 200 22
120.204.101.29 - - [30/Apr/2022:15:23:44 +0800] "GET /xingrg/kc/mdqp/pssh_order_list.html?isBack=1 HTTP/1.1" 200 17778
120.204.101.29 - - [30/Apr/2022:15:23:45 +0800] "POST /xingrg/kc/mdqp/pssh_list_operate.html HTTP/1.1" 200 5425
218.81.223.53 - - [30/Apr/2022:15:23:45 +0800] "POST /xingrg/dwr/call/plaincall/AjaxCheckService.setItemNumber.dwr HTTP/1.1" 200 78
218.81.223.53 - - [30/Apr/2022:15:23:46 +0800] "POST /xingrg/dwr/call/plaincall/AjaxCheckService.setItemNumber.dwr HTTP/1.1" 200 78
116.228.172.94 - - [30/Apr/2022:15:23:46 +0800] "GET /xingrg/all/function/internal_message.html?_=1651303422573&CODE_STATE=getMsg HTTP/1.1" 200 27
116.235.92.88 - - [30/Apr/2022:15:23:47 +0800] "GET /xingrg/all/function/internal_message.html?_=1651303597686&CODE_STATE=getMsg HTTP/1.1" 200 27
120.204.101.29 - - [30/Apr/2022:15:23:47 +0800] "POST /xingrg/kc/mdqp/pssh_list_operate.html HTTP/1.1" 200 369
218.81.223.53 - - [30/Apr/2022:15:23:48 +0800] "POST /xingrg/dwr/call/plaincall/AjaxCheckService.setItemNumber.dwr HTTP/1.1" 200 78
218.81.223.53 - - [30/Apr/2022:15:23:49 +0800] "POST /xingrg/dwr/call/plaincall/AjaxCheckService.setItemNumber.dwr HTTP/1.1" 200 78
120.204.101.29 - - [30/Apr/2022:15:23:51 +0800] "GET /xingrg/kc/mdqp/pssh_order_info.html?code=312022042400225 HTTP/1.1" 200 17312
120.204.101.29 - - [30/Apr/2022:15:23:51 +0800] "GET /xingrg/javascript/jquery_tools/jquery-1.4.2.min.js HTTP/1.1" 404 1094
120.204.101.29 - - [30/Apr/2022:15:23:51 +0800] "POST /xingrg/kc/mdqp/pssh_list_operate.html HTTP/1.1" 200 5003
218.81.223.53 - - [30/Apr/2022:15:23:52 +0800] "POST /xingrg/dwr/call/plaincall/AjaxCheckService.setItemNumber.dwr HTTP/1.1" 200 78
120.204.101.29 - - [30/Apr/2022:15:23:52 +0800] "GET /xingrg/javascript/easyui/themes/default/validatebox.css HTTP/1.1" 404 1104
120.204.101.29 - - [30/Apr/2022:15:23:52 +0800] "POST /xingrg/kc/mdqp/pssh_order_operate.html HTTP/1.1" 200 1056
101.85.120.86 - - [30/Apr/2022:15:23:54 +0800] "GET /xingrg/all/function/internal_message.html?_=1651303434780&CODE_STATE=getMsg HTTP/1.1" 200 27
58.39.201.47 - - [30/Apr/2022:15:23:56 +0800] "GET /xingrg/all/function/internal_message.html?_=1651303437460&CODE_STATE=getMsg HTTP/1.1" 200 27
120.204.101.29 - - [30/Apr/2022:15:23:56 +0800] "POST /xingrg/kc/mdqp/pssh_order_operate.html HTTP/1.1" 200 37
120.204.101.29 - - [30/Apr/2022:15:23:56 +0800] "POST /xingrg/kc/mdqp/pssh_order_operate.html HTTP/1.1" 200 104
218.81.223.53 - - [30/Apr/2022:15:23:58 +0800] "GET /xingrg/all/function/internal_message.html?_=1651303457473&CODE_STATE=getMsg HTTP/1.1" 200 27
218.81.223.53 - - [30/Apr/2022:15:23:59 +0800] "POST /xingrg/dwr/call/plaincall/AjaxCheckService.setItemNumber.dwr HTTP/1.1" 200 78
218.81.223.53 - - [30/Apr/2022:15:24:02 +0800] "POST /xingrg/dwr/call/plaincall/AjaxCheckService.setItemNumber.dwr HTTP/1.1" 200 78
120.204.101.29 - - [30/Apr/2022:15:24:02 +0800] "GET /xingrg/kc/mdqp/pssh_order_list.html?isBack=1 HTTP/1.1" 200 17778
120.204.101.29 - - [30/Apr/2022:15:24:03 +0800] "POST /xingrg/kc/mdqp/pssh_list_operate.html HTTP/1.1" 200 5425
120.204.101.29 - - [30/Apr/2022:15:24:03 +0800] "POST /xingrg/all/common/list_setting.html HTTP/1.1" 200 2618
120.204.101.29 - - [30/Apr/2022:15:24:03 +0800] "GET /xingrg/javascript/easyui/plugins/jquery.draggable.js HTTP/1.1" 200 6121
120.204.101.29 - - [30/Apr/2022:15:24:03 +0800] "GET /xingrg/javascript/easyui/plugins/jquery.droppable.js HTTP/1.1" 200 1167
218.81.223.53 - - [30/Apr/2022:15:24:04 +0800] "POST /xingrg/dwr/call/plaincall/AjaxCheckService.setItemNumber.dwr HTTP/1.1" 200 78
180.157.251.97 - - [30/Apr/2022:15:24:06 +0800] "GET /xingrg/all/function/internal_message.html?_=1651303446981&CODE_STATE=getMsg HTTP/1.1" 200 27
218.81.223.53 - - [30/Apr/2022:15:24:06 +0800] "POST /xingrg/dwr/call/plaincall/AjaxCheckService.setItemNumber.dwr HTTP/1.1" 200 78
120.204.101.29 - - [30/Apr/2022:15:24:07 +0800] "POST /xingrg/kc/mdqp/pssh_list_operate.html HTTP/1.1" 200 272
218.81.223.53 - - [30/Apr/2022:15:24:07 +0800] "POST /xingrg/dwr/call/plaincall/AjaxCheckService.setItemNumber.dwr HTTP/1.1" 200 78
120.204.101.29 - - [30/Apr/2022:15:24:08 +0800] "POST /xingrg/kc/mdqp/pssh_list_operate.html HTTP/1.1" 200 5003
120.204.101.29 - - [30/Apr/2022:15:24:08 +0800] "GET /xingrg/kc/mdqp/pssh_order_info.html?code=312022042400226 HTTP/1.1" 200 17256
120.204.101.29 - - [30/Apr/2022:15:24:08 +0800] "GET /xingrg/javascript/jquery_tools/jquery-1.4.2.min.js HTTP/1.1" 404 1094
218.81.223.53 - - [30/Apr/2022:15:24:08 +0800] "POST /xingrg/dwr/call/plaincall/AjaxCheckService.setItemNumber.dwr HTTP/1.1" 200 78
120.204.101.29 - - [30/Apr/2022:15:24:09 +0800] "POST /xingrg/kc/mdqp/pssh_order_operate.html HTTP/1.1" 200 540
120.204.101.29 - - [30/Apr/2022:15:24:09 +0800] "GET /xingrg/javascript/easyui/themes/default/validatebox.css HTTP/1.1" 404 1104
116.230.110.173 - - [30/Apr/2022:15:24:09 +0800] "GET /xingrg/all/function/internal_message.html?_=1651303449546&CODE_STATE=getMsg HTTP/1.1" 200 27
120.204.101.29 - - [30/Apr/2022:15:24:10 +0800] "POST /xingrg/all/common/load_combo.html?type=base&rest_code=00148 HTTP/1.1" 200 3227
218.81.223.53 - - [30/Apr/2022:15:24:10 +0800] "POST /xingrg/dwr/call/plaincall/AjaxCheckService.setItemNumber.dwr HTTP/1.1" 200 78
218.81.223.53 - - [30/Apr/2022:15:24:11 +0800] "POST /xingrg/dwr/call/plaincall/AjaxCheckService.setItemNumber.dwr HTTP/1.1" 200 78
218.81.223.53 - - [30/Apr/2022:15:24:12 +0800] "POST /xingrg/dwr/call/plaincall/AjaxCheckService.setItemNumber.dwr HTTP/1.1" 200 78
120.204.101.29 - - [30/Apr/2022:15:24:13 +0800] "POST /xingrg/all/common/load_combo.html?type=employee HTTP/1.1" 200 444
120.204.101.29 - - [30/Apr/2022:15:24:15 +0800] "GET /xingrg/kc/mdqp/pssh_order_list.html?isBack=1 HTTP/1.1" 200 17778
120.204.101.29 - - [30/Apr/2022:15:24:16 +0800] "GET /xingrg/all/function/internal_message.html?_=1651303455043&CODE_STATE=getMsg HTTP/1.1" 200 27
120.204.101.29 - - [30/Apr/2022:15:24:16 +0800] "POST /xingrg/kc/mdqp/pssh_list_operate.html HTTP/1.1" 200 5425
218.81.223.53 - - [30/Apr/2022:15:24:17 +0800] "POST /xingrg/dwr/call/plaincall/AjaxCheckService.setItemNumber.dwr HTTP/1.1" 200 78
114.83.220.194 - - [30/Apr/2022:15:24:17 +0800] "GET /xingrg/all/function/internal_message.html?_=1651303457722&CODE_STATE=getMsg HTTP/1.1" 200 27
120.204.101.29 - - [30/Apr/2022:15:24:18 +0800] "POST /xingrg/kc/mdqp/pssh_list_operate.html HTTP/1.1" 200 259
120.204.101.29 - - [30/Apr/2022:15:24:19 +0800] "GET /xingrg/kc/mdqp/pssh_order_info.html?code=312022042400207 HTTP/1.1" 200 17278
120.204.101.29 - - [30/Apr/2022:15:24:19 +0800] "GET /xingrg/javascript/jquery_tools/jquery-1.4.2.min.js HTTP/1.1" 404 1094
120.204.101.29 - - [30/Apr/2022:15:24:19 +0800] "POST /xingrg/kc/mdqp/pssh_list_operate.html HTTP/1.1" 200 5003
218.81.223.53 - - [30/Apr/2022:15:24:19 +0800] "POST /xingrg/dwr/call/plaincall/AjaxCheckService.setItemNumber.dwr HTTP/1.1" 200 78
120.204.101.29 - - [30/Apr/2022:15:24:20 +0800] "GET /xingrg/javascript/easyui/themes/default/validatebox.css HTTP/1.1" 404 1104
120.204.101.29 - - [30/Apr/2022:15:24:20 +0800] "POST /xingrg/kc/mdqp/pssh_order_operate.html HTTP/1.1" 200 529
58.40.7.146 - - [30/Apr/2022:15:24:20 +0800] "GET /xingrg/all/function/internal_message.html?_=1651303461077&CODE_STATE=getMsg HTTP/1.1" 200 27
218.81.223.53 - - [30/Apr/2022:15:24:21 +0800] "POST /xingrg/dwr/call/plaincall/AjaxCheckService.setItemNumber.dwr HTTP/1.1" 200 78
120.204.101.29 - - [30/Apr/2022:15:24:21 +0800] "POST /xingrg/all/common/load_combo.html?type=base&rest_code=00148 HTTP/1.1" 200 3227
218.81.223.53 - - [30/Apr/2022:15:24:22 +0800] "POST /xingrg/dwr/call/plaincall/AjaxCheckService.setItemNumber.dwr HTTP/1.1" 200 78
218.81.223.53 - - [30/Apr/2022:15:24:23 +0800] "POST /xingrg/dwr/call/plaincall/AjaxCheckService.setItemNumber.dwr HTTP/1.1" 200 78
120.204.101.29 - - [30/Apr/2022:15:24:24 +0800] "POST /xingrg/all/common/load_combo.html?type=employee HTTP/1.1" 200 444
218.81.223.53 - - [30/Apr/2022:15:24:24 +0800] "POST /xingrg/dwr/call/plaincall/AjaxCheckService.setItemNumber.dwr HTTP/1.1" 200 78
218.81.223.53 - - [30/Apr/2022:15:24:25 +0800] "POST /xingrg/dwr/call/plaincall/AjaxCheckService.setItemNumber.dwr HTTP/1.1" 200 78
117.143.50.163 - - [30/Apr/2022:15:24:27 +0800] "GET /xingrg/all/function/internal_message.html?_=1651303468422&CODE_STATE=getMsg HTTP/1.1" 302 -
116.235.92.88 - - [30/Apr/2022:15:24:28 +0800] "GET /xingrg/kc/buy/cgsh_order_operate.html?command=get_materiel&rest_code=00104&code=00101019670&supplier_code=00100151&order_time=2022-04-30 HTTP/1.1" 200 435
117.143.50.163 - - [30/Apr/2022:15:24:29 +0800] "GET /xingrg/check_reg.html?_=1651303470642 HTTP/1.1" 302 -
218.81.223.53 - - [30/Apr/2022:15:24:30 +0800] "POST /xingrg/dwr/call/plaincall/AjaxCheckService.setItemNumber.dwr HTTP/1.1" 200 78
120.204.101.29 - - [30/Apr/2022:15:24:30 +0800] "POST /xingrg/kc/mdqp/pssh_order_operate.html HTTP/1.1" 200 37
120.204.101.29 - - [30/Apr/2022:15:24:31 +0800] "POST /xingrg/kc/mdqp/pssh_order_operate.html HTTP/1.1" 200 12
120.204.101.29 - - [30/Apr/2022:15:24:32 +0800] "GET /xingrg/kc/mdqp/pssh_order_info.html?code=312022042400207 HTTP/1.1" 200 14394
120.204.101.29 - - [30/Apr/2022:15:24:33 +0800] "GET /xingrg/javascript/jquery_tools/jquery-1.4.2.min.js HTTP/1.1" 404 1094
120.204.101.29 - - [30/Apr/2022:15:24:33 +0800] "POST /xingrg/kc/mdqp/pssh_order_operate.html HTTP/1.1" 200 529
120.204.101.29 - - [30/Apr/2022:15:24:33 +0800] "GET /xingrg/javascript/easyui/themes/default/validatebox.css HTTP/1.1" 404 1104
218.81.223.53 - - [30/Apr/2022:15:24:33 +0800] "POST /xingrg/dwr/call/plaincall/AjaxCheckService.setItemNumber.dwr HTTP/1.1" 200 78
58.39.61.91 - - [30/Apr/2022:15:24:33 +0800] "GET /xingrg/all/function/internal_message.html?_=1651303384197&CODE_STATE=getMsg HTTP/1.1" 200 27
120.204.101.29 - - [30/Apr/2022:15:24:35 +0800] "GET /xingrg/kc/mdqp/pssh_order_list.html?isBack=1 HTTP/1.1" 200 17778
120.204.101.29 - - [30/Apr/2022:15:24:35 +0800] "POST /xingrg/kc/mdqp/pssh_list_operate.html HTTP/1.1" 200 5415
218.81.223.53 - - [30/Apr/2022:15:24:37 +0800] "POST /xingrg/dwr/call/plaincall/AjaxCheckService.setItemNumber.dwr HTTP/1.1" 200 78
120.204.101.29 - - [30/Apr/2022:15:24:38 +0800] "POST /xingrg/kc/mdqp/pssh_list_operate.html HTTP/1.1" 200 375
218.81.223.53 - - [30/Apr/2022:15:24:38 +0800] "POST /xingrg/dwr/call/plaincall/AjaxCheckService.setItemNumber.dwr HTTP/1.1" 200 78
120.204.101.29 - - [30/Apr/2022:15:24:39 +0800] "POST /xingrg/kc/mdqp/pssh_list_operate.html HTTP/1.1" 200 5037
120.204.101.29 - - [30/Apr/2022:15:24:39 +0800] "GET /xingrg/kc/mdqp/pssh_order_info.html?code=312022042400217 HTTP/1.1" 200 17272
120.204.101.29 - - [30/Apr/2022:15:24:39 +0800] "GET /xingrg/javascript/jquery_tools/jquery-1.4.2.min.js HTTP/1.1" 404 1094
218.81.223.53 - - [30/Apr/2022:15:24:39 +0800] "POST /xingrg/dwr/call/plaincall/AjaxCheckService.setItemNumber.dwr HTTP/1.1" 200 78
120.204.101.29 - - [30/Apr/2022:15:24:40 +0800] "GET /xingrg/javascript/easyui/themes/default/validatebox.css HTTP/1.1" 404 1104
120.204.101.29 - - [30/Apr/2022:15:24:40 +0800] "POST /xingrg/kc/mdqp/pssh_order_operate.html HTTP/1.1" 200 1065
218.81.223.53 - - [30/Apr/2022:15:24:41 +0800] "POST /xingrg/dwr/call/plaincall/AjaxCheckService.setItemNumber.dwr HTTP/1.1" 200 78
120.204.101.29 - - [30/Apr/2022:15:24:42 +0800] "POST /xingrg/all/common/load_combo.html?type=base&rest_code=00148 HTTP/1.1" 200 3227
218.81.223.53 - - [30/Apr/2022:15:24:44 +0800] "POST /xingrg/dwr/call/plaincall/AjaxCheckService.setItemNumber.dwr HTTP/1.1" 200 78
116.228.172.94 - - [30/Apr/2022:15:24:46 +0800] "GET /xingrg/check_reg.html?_=1651303482575 HTTP/1.1" 200 22
116.228.172.94 - - [30/Apr/2022:15:24:46 +0800] "GET /xingrg/all/function/internal_message.html?_=1651303482578&CODE_STATE=getMsg HTTP/1.1" 200 27
116.235.92.88 - - [30/Apr/2022:15:24:47 +0800] "GET /xingrg/all/function/internal_message.html?_=1651303657698&CODE_STATE=getMsg HTTP/1.1" 200 27
120.204.101.29 - - [30/Apr/2022:15:24:49 +0800] "POST /xingrg/all/common/load_combo.html?type=employee HTTP/1.1" 200 444
218.81.223.53 - - [30/Apr/2022:15:24:49 +0800] "POST /xingrg/dwr/call/plaincall/AjaxCheckService.setItemNumber.dwr HTTP/1.1" 200 78
120.204.101.29 - - [30/Apr/2022:15:24:52 +0800] "POST /xingrg/kc/mdqp/pssh_order_operate.html HTTP/1.1" 200 37
120.204.101.29 - - [30/Apr/2022:15:24:52 +0800] "POST /xingrg/kc/mdqp/pssh_order_operate.html HTTP/1.1" 200 12
120.204.101.29 - - [30/Apr/2022:15:24:53 +0800] "GET /xingrg/kc/mdqp/pssh_order_info.html?code=312022042400217 HTTP/1.1" 200 14388
120.204.101.29 - - [30/Apr/2022:15:24:53 +0800] "GET /xingrg/javascript/jquery_tools/jquery-1.4.2.min.js HTTP/1.1" 404 1094
120.204.101.29 - - [30/Apr/2022:15:24:54 +0800] "GET /xingrg/javascript/easyui/themes/default/validatebox.css HTTP/1.1" 404 1104
120.204.101.29 - - [30/Apr/2022:15:24:54 +0800] "POST /xingrg/kc/mdqp/pssh_order_operate.html HTTP/1.1" 200 1065
101.85.120.86 - - [30/Apr/2022:15:24:54 +0800] "GET /xingrg/all/function/internal_message.html?_=1651303494779&CODE_STATE=getMsg HTTP/1.1" 200 27
218.81.223.53 - - [30/Apr/2022:15:24:54 +0800] "POST /xingrg/dwr/call/plaincall/AjaxCheckService.setItemNumber.dwr HTTP/1.1" 200 78
120.204.101.29 - - [30/Apr/2022:15:24:54 +0800] "GET /xingrg/kc/mdqp/pssh_order_list.html?isBack=1 HTTP/1.1" 200 17778
120.204.101.29 - - [30/Apr/2022:15:24:55 +0800] "POST /xingrg/kc/mdqp/pssh_list_operate.html HTTP/1.1" 200 5416
58.39.201.47 - - [30/Apr/2022:15:24:55 +0800] "GET /xingrg/all/function/internal_message.html?_=1651303497445&CODE_STATE=getMsg HTTP/1.1" 200 27
218.81.223.53 - - [30/Apr/2022:15:24:56 +0800] "POST /xingrg/dwr/call/plaincall/AjaxCheckService.setItemNumber.dwr HTTP/1.1" 200 78
120.204.101.29 - - [30/Apr/2022:15:24:58 +0800] "POST /xingrg/kc/mdqp/pssh_list_operate.html HTTP/1.1" 200 567
218.81.223.53 - - [30/Apr/2022:15:24:58 +0800] "GET /xingrg/all/function/internal_message.html?_=1651303517487&CODE_STATE=getMsg HTTP/1.1" 200 27
120.204.101.29 - - [30/Apr/2022:15:24:59 +0800] "POST /xingrg/kc/mdqp/pssh_list_operate.html HTTP/1.1" 200 5037
120.204.101.29 - - [30/Apr/2022:15:24:59 +0800] "GET /xingrg/kc/mdqp/pssh_order_info.html?code=312022042400218 HTTP/1.1" 200 17272
218.81.223.53 - - [30/Apr/2022:15:24:59 +0800] "POST /xingrg/dwr/call/plaincall/AjaxCheckService.setItemNumber.dwr HTTP/1.1" 200 78
120.204.101.29 - - [30/Apr/2022:15:24:59 +0800] "GET /xingrg/javascript/jquery_tools/jquery-1.4.2.min.js HTTP/1.1" 404 1094
120.204.101.29 - - [30/Apr/2022:15:25:00 +0800] "GET /xingrg/javascript/easyui/themes/default/validatebox.css HTTP/1.1" 404 1104
120.204.101.29 - - [30/Apr/2022:15:25:00 +0800] "POST /xingrg/kc/mdqp/pssh_order_operate.html HTTP/1.1" 200 2113
218.81.223.53 - - [30/Apr/2022:15:25:01 +0800] "POST /xingrg/dwr/call/plaincall/AjaxCheckService.setItemNumber.dwr HTTP/1.1" 200 78
120.204.101.29 - - [30/Apr/2022:15:25:02 +0800] "POST /xingrg/all/common/load_combo.html?type=base&rest_code=00148 HTTP/1.1" 200 3227
218.81.223.53 - - [30/Apr/2022:15:25:02 +0800] "POST /xingrg/dwr/call/plaincall/AjaxCheckService.setItemNumber.dwr HTTP/1.1" 200 78
218.81.223.53 - - [30/Apr/2022:15:25:04 +0800] "POST /xingrg/dwr/call/plaincall/AjaxCheckService.setItemNumber.dwr HTTP/1.1" 200 78
114.83.220.194 - - [30/Apr/2022:15:25:04 +0800] "GET /xingrg/check_reg.html?_=1651303504011 HTTP/1.1" 200 22
218.81.223.53 - - [30/Apr/2022:15:25:05 +0800] "POST /xingrg/dwr/call/plaincall/AjaxCheckService.setItemNumber.dwr HTTP/1.1" 200 78
180.157.251.97 - - [30/Apr/2022:15:25:06 +0800] "GET /xingrg/all/function/internal_message.html?_=1651303506952&CODE_STATE=getMsg HTTP/1.1" 200 27
116.230.110.173 - - [30/Apr/2022:15:25:09 +0800] "GET /xingrg/check_reg.html?_=1651303509539 HTTP/1.1" 200 22
116.230.110.173 - - [30/Apr/2022:15:25:09 +0800] "GET /xingrg/all/function/internal_message.html?_=1651303509539&CODE_STATE=getMsg HTTP/1.1" 200 27
218.81.223.53 - - [30/Apr/2022:15:25:11 +0800] "POST /xingrg/dwr/call/plaincall/AjaxCheckService.setItemNumber.dwr HTTP/1.1" 200 78
120.204.101.29 - - [30/Apr/2022:15:25:11 +0800] "POST /xingrg/all/common/load_combo.html?type=employee HTTP/1.1" 200 444
120.204.101.29 - - [30/Apr/2022:15:25:15 +0800] "POST /xingrg/kc/mdqp/pssh_order_operate.html HTTP/1.1" 200 37
120.204.101.29 - - [30/Apr/2022:15:25:16 +0800] "GET /xingrg/check_reg.html?_=1651303514991 HTTP/1.1" 200 22
120.204.101.29 - - [30/Apr/2022:15:25:16 +0800] "GET /xingrg/all/function/internal_message.html?_=1651303515021&CODE_STATE=getMsg HTTP/1.1" 200 27
120.204.101.29 - - [30/Apr/2022:15:25:16 +0800] "POST /xingrg/kc/mdqp/pssh_order_operate.html HTTP/1.1" 200 12
120.204.101.29 - - [30/Apr/2022:15:25:16 +0800] "GET /xingrg/kc/mdqp/pssh_order_info.html?code=312022042400218 HTTP/1.1" 200 14388
120.204.101.29 - - [30/Apr/2022:15:25:16 +0800] "GET /xingrg/javascript/jquery_tools/jquery-1.4.2.min.js HTTP/1.1" 404 1094
120.204.101.29 - - [30/Apr/2022:15:25:17 +0800] "GET /xingrg/javascript/easyui/themes/default/validatebox.css HTTP/1.1" 404 1104
120.204.101.29 - - [30/Apr/2022:15:25:17 +0800] "POST /xingrg/kc/mdqp/pssh_order_operate.html HTTP/1.1" 200 2113
114.83.220.194 - - [30/Apr/2022:15:25:17 +0800] "GET /xingrg/all/function/internal_message.html?_=1651303517695&CODE_STATE=getMsg HTTP/1.1" 200 27
120.204.101.29 - - [30/Apr/2022:15:25:18 +0800] "GET /xingrg/kc/mdqp/pssh_order_list.html?isBack=1 HTTP/1.1" 200 17778
120.204.101.29 - - [30/Apr/2022:15:25:19 +0800] "POST /xingrg/kc/mdqp/pssh_list_operate.html HTTP/1.1" 200 5459
58.40.7.146 - - [30/Apr/2022:15:25:20 +0800] "GET /xingrg/all/function/internal_message.html?_=1651303521064&CODE_STATE=getMsg HTTP/1.1" 200 27
117.143.50.163 - - [30/Apr/2022:15:25:27 +0800] "GET /xingrg/all/function/internal_message.html?_=1651303528400&CODE_STATE=getMsg HTTP/1.1" 302 -
120.204.101.29 - - [30/Apr/2022:15:25:27 +0800] "POST /xingrg/kc/mdqp/pssh_list_operate.html HTTP/1.1" 200 5037
120.204.101.29 - - [30/Apr/2022:15:25:30 +0800] "POST /xingrg/kc/mdqp/pssh_list_operate.html HTTP/1.1" 200 4945
58.39.61.91 - - [30/Apr/2022:15:25:33 +0800] "GET /xingrg/all/function/internal_message.html?_=1651303444224&CODE_STATE=getMsg HTTP/1.1" 200 27
120.204.101.29 - - [30/Apr/2022:15:25:34 +0800] "POST /xingrg/kc/mdqp/pssh_list_operate.html HTTP/1.1" 200 561
120.204.101.29 - - [30/Apr/2022:15:25:35 +0800] "GET /xingrg/kc/mdqp/pssh_order_info.html?code=312022042300193 HTTP/1.1" 200 17272
120.204.101.29 - - [30/Apr/2022:15:25:35 +0800] "GET /xingrg/javascript/jquery_tools/jquery-1.4.2.min.js HTTP/1.1" 404 1094
120.204.101.29 - - [30/Apr/2022:15:25:35 +0800] "POST /xingrg/kc/mdqp/pssh_list_operate.html HTTP/1.1" 200 5037
120.204.101.29 - - [30/Apr/2022:15:25:36 +0800] "GET /xingrg/javascript/easyui/themes/default/validatebox.css HTTP/1.1" 404 1104
120.204.101.29 - - [30/Apr/2022:15:25:36 +0800] "POST /xingrg/kc/mdqp/pssh_order_operate.html HTTP/1.1" 200 2081
120.204.101.29 - - [30/Apr/2022:15:25:38 +0800] "POST /xingrg/all/common/load_combo.html?type=base&rest_code=00148 HTTP/1.1" 200 3227
120.204.101.29 - - [30/Apr/2022:15:25:44 +0800] "POST /xingrg/all/common/load_combo.html?type=employee HTTP/1.1" 200 444
116.228.172.94 - - [30/Apr/2022:15:25:46 +0800] "GET /xingrg/all/function/internal_message.html?_=1651303542566&CODE_STATE=getMsg HTTP/1.1" 200 27
116.235.92.88 - - [30/Apr/2022:15:25:47 +0800] "GET /xingrg/all/function/internal_message.html?_=1651303717699&CODE_STATE=getMsg HTTP/1.1" 200 27
120.204.101.29 - - [30/Apr/2022:15:25:47 +0800] "POST /xingrg/kc/mdqp/pssh_order_operate.html HTTP/1.1" 200 37
120.204.101.29 - - [30/Apr/2022:15:25:48 +0800] "POST /xingrg/kc/mdqp/pssh_order_operate.html HTTP/1.1" 200 12
120.204.101.29 - - [30/Apr/2022:15:25:49 +0800] "GET /xingrg/kc/mdqp/pssh_order_info.html?code=312022042300193 HTTP/1.1" 200 14388
120.204.101.29 - - [30/Apr/2022:15:25:49 +0800] "GET /xingrg/javascript/jquery_tools/jquery-1.4.2.min.js HTTP/1.1" 404 1094
120.204.101.29 - - [30/Apr/2022:15:25:49 +0800] "POST /xingrg/kc/mdqp/pssh_order_operate.html HTTP/1.1" 200 2081
120.204.101.29 - - [30/Apr/2022:15:25:49 +0800] "GET /xingrg/javascript/easyui/themes/default/validatebox.css HTTP/1.1" 404 1104
120.204.101.29 - - [30/Apr/2022:15:25:52 +0800] "POST /xingrg/kc/mdqp/pssh_list_operate.html HTTP/1.1" 200 5037
101.85.120.86 - - [30/Apr/2022:15:25:54 +0800] "GET /xingrg/all/function/internal_message.html?_=1651303554778&CODE_STATE=getMsg HTTP/1.1" 200 27
120.204.101.29 - - [30/Apr/2022:15:25:54 +0800] "POST /xingrg/kc/mdqp/pssh_list_operate.html HTTP/1.1" 200 4979
58.39.201.47 - - [30/Apr/2022:15:25:55 +0800] "GET /xingrg/all/function/internal_message.html?_=1651303557459&CODE_STATE=getMsg HTTP/1.1" 200 27
58.39.201.47 - - [30/Apr/2022:15:25:55 +0800] "GET /xingrg/check_reg.html?_=1651303557462 HTTP/1.1" 200 22
120.204.101.29 - - [30/Apr/2022:15:25:57 +0800] "POST /xingrg/kc/mdqp/pssh_list_operate.html HTTP/1.1" 200 363
218.81.223.53 - - [30/Apr/2022:15:25:58 +0800] "GET /xingrg/all/function/internal_message.html?_=1651303577499&CODE_STATE=getMsg HTTP/1.1" 200 27
120.204.101.29 - - [30/Apr/2022:15:25:58 +0800] "GET /xingrg/kc/mdqp/pssh_order_info.html?code=312022042200170 HTTP/1.1" 200 17272
120.204.101.29 - - [30/Apr/2022:15:25:58 +0800] "GET /xingrg/javascript/jquery_tools/jquery-1.4.2.min.js HTTP/1.1" 404 1094
120.204.101.29 - - [30/Apr/2022:15:25:59 +0800] "GET /xingrg/javascript/easyui/themes/default/validatebox.css HTTP/1.1" 404 1104
120.204.101.29 - - [30/Apr/2022:15:25:59 +0800] "POST /xingrg/kc/mdqp/pssh_order_operate.html HTTP/1.1" 200 1063
120.204.101.29 - - [30/Apr/2022:15:26:01 +0800] "POST /xingrg/all/common/load_combo.html?type=base&rest_code=00148 HTTP/1.1" 200 3227
120.204.101.29 - - [30/Apr/2022:15:26:05 +0800] "POST /xingrg/all/common/load_combo.html?type=employee HTTP/1.1" 200 444
180.157.251.97 - - [30/Apr/2022:15:26:06 +0800] "GET /xingrg/all/function/internal_message.html?_=1651303566926&CODE_STATE=getMsg HTTP/1.1" 200 27
120.204.101.29 - - [30/Apr/2022:15:26:09 +0800] "POST /xingrg/kc/mdqp/pssh_order_operate.html HTTP/1.1" 200 37
120.204.101.29 - - [30/Apr/2022:15:26:09 +0800] "POST /xingrg/kc/mdqp/pssh_order_operate.html HTTP/1.1" 200 12
116.230.110.173 - - [30/Apr/2022:15:26:09 +0800] "GET /xingrg/all/function/internal_message.html?_=1651303569549&CODE_STATE=getMsg HTTP/1.1" 200 27
120.204.101.29 - - [30/Apr/2022:15:26:10 +0800] "GET /xingrg/kc/mdqp/pssh_order_info.html?code=312022042200170 HTTP/1.1" 200 14388
120.204.101.29 - - [30/Apr/2022:15:26:10 +0800] "GET /xingrg/javascript/jquery_tools/jquery-1.4.2.min.js HTTP/1.1" 404 1094
120.204.101.29 - - [30/Apr/2022:15:26:10 +0800] "GET /xingrg/javascript/easyui/themes/default/validatebox.css HTTP/1.1" 404 1104
120.204.101.29 - - [30/Apr/2022:15:26:10 +0800] "POST /xingrg/kc/mdqp/pssh_order_operate.html HTTP/1.1" 200 1063
116.235.92.88 - - [30/Apr/2022:15:26:11 +0800] "GET /xingrg/kc/buy/cgsh_order_operate.html?command=get_materiel&rest_code=00104&code=00101019816&supplier_code=00100151&order_time=2022-04-30 HTTP/1.1" 200 426
120.204.101.29 - - [30/Apr/2022:15:26:13 +0800] "POST /xingrg/kc/mdqp/pssh_list_operate.html HTTP/1.1" 200 5013
120.204.101.29 - - [30/Apr/2022:15:26:16 +0800] "GET /xingrg/all/function/internal_message.html?_=1651303574993&CODE_STATE=getMsg HTTP/1.1" 200 27
120.204.101.29 - - [30/Apr/2022:15:26:17 +0800] "POST /xingrg/kc/mdqp/pssh_list_operate.html HTTP/1.1" 200 366
114.83.220.194 - - [30/Apr/2022:15:26:17 +0800] "GET /xingrg/all/function/internal_message.html?_=1651303577688&CODE_STATE=getMsg HTTP/1.1" 200 27
120.204.101.29 - - [30/Apr/2022:15:26:18 +0800] "GET /xingrg/kc/mdqp/pssh_order_info.html?code=312022042200187 HTTP/1.1" 200 17272
120.204.101.29 - - [30/Apr/2022:15:26:18 +0800] "GET /xingrg/javascript/jquery_tools/jquery-1.4.2.min.js HTTP/1.1" 404 1094
120.204.101.29 - - [30/Apr/2022:15:26:19 +0800] "GET /xingrg/javascript/easyui/themes/default/validatebox.css HTTP/1.1" 404 1104
120.204.101.29 - - [30/Apr/2022:15:26:19 +0800] "POST /xingrg/kc/mdqp/pssh_order_operate.html HTTP/1.1" 200 1058
58.40.7.146 - - [30/Apr/2022:15:26:20 +0800] "GET /xingrg/all/function/internal_message.html?_=1651303581050&CODE_STATE=getMsg HTTP/1.1" 200 27
120.204.101.29 - - [30/Apr/2022:15:26:21 +0800] "POST /xingrg/all/common/load_combo.html?type=base&rest_code=00148 HTTP/1.1" 200 3227
120.204.101.29 - - [30/Apr/2022:15:26:24 +0800] "POST /xingrg/all/common/load_combo.html?type=employee HTTP/1.1" 200 444
58.39.61.91 - - [30/Apr/2022:15:26:25 +0800] "GET /xingrg/check_reg.html?_=1651303495769 HTTP/1.1" 200 22
117.143.50.163 - - [30/Apr/2022:15:26:27 +0800] "GET /xingrg/all/function/internal_message.html?_=1651303588379&CODE_STATE=getMsg HTTP/1.1" 302 -
58.39.61.91 - - [30/Apr/2022:15:26:33 +0800] "GET /xingrg/all/function/internal_message.html?_=1651303504240&CODE_STATE=getMsg HTTP/1.1" 200 27
120.204.101.29 - - [30/Apr/2022:15:26:37 +0800] "POST /xingrg/kc/mdqp/pssh_order_operate.html HTTP/1.1" 200 37
120.204.101.29 - - [30/Apr/2022:15:26:37 +0800] "POST /xingrg/kc/mdqp/pssh_order_operate.html HTTP/1.1" 200 12
120.204.101.29 - - [30/Apr/2022:15:26:38 +0800] "GET /xingrg/kc/mdqp/pssh_order_info.html?code=312022042200187 HTTP/1.1" 200 14388
120.204.101.29 - - [30/Apr/2022:15:26:38 +0800] "GET /xingrg/javascript/jquery_tools/jquery-1.4.2.min.js HTTP/1.1" 404 1094
120.204.101.29 - - [30/Apr/2022:15:26:39 +0800] "GET /xingrg/javascript/easyui/themes/default/validatebox.css HTTP/1.1" 404 1104
120.204.101.29 - - [30/Apr/2022:15:26:39 +0800] "POST /xingrg/kc/mdqp/pssh_order_operate.html HTTP/1.1" 200 1058
120.204.101.29 - - [30/Apr/2022:15:26:40 +0800] "GET /xingrg/kc/mdqp/pssh_order_list.html?isBack=1 HTTP/1.1" 200 17778
120.204.101.29 - - [30/Apr/2022:15:26:40 +0800] "POST /xingrg/kc/mdqp/pssh_list_operate.html HTTP/1.1" 200 5459
120.204.101.29 - - [30/Apr/2022:15:26:45 +0800] "POST /xingrg/kc/mdqp/pssh_list_operate.html HTTP/1.1" 200 5047
116.228.172.94 - - [30/Apr/2022:15:26:46 +0800] "GET /xingrg/all/function/internal_message.html?_=1651303602568&CODE_STATE=getMsg HTTP/1.1" 200 27
116.235.92.88 - - [30/Apr/2022:15:26:47 +0800] "GET /xingrg/all/function/internal_message.html?_=1651303777694&CODE_STATE=getMsg HTTP/1.1" 200 27
120.204.101.29 - - [30/Apr/2022:15:26:48 +0800] "POST /xingrg/kc/mdqp/pssh_list_operate.html HTTP/1.1" 200 259
120.204.101.29 - - [30/Apr/2022:15:26:49 +0800] "GET /xingrg/kc/mdqp/pssh_order_info.html?code=312022042100141 HTTP/1.1" 200 17282
120.204.101.29 - - [30/Apr/2022:15:26:49 +0800] "GET /xingrg/javascript/jquery_tools/jquery-1.4.2.min.js HTTP/1.1" 404 1094
120.204.101.29 - - [30/Apr/2022:15:26:50 +0800] "GET /xingrg/javascript/easyui/themes/default/validatebox.css HTTP/1.1" 404 1104
120.204.101.29 - - [30/Apr/2022:15:26:50 +0800] "POST /xingrg/kc/mdqp/pssh_order_operate.html HTTP/1.1" 200 529
120.204.101.29 - - [30/Apr/2022:15:26:51 +0800] "POST /xingrg/all/common/load_combo.html?type=base&rest_code=00148 HTTP/1.1" 200 3227
101.85.120.86 - - [30/Apr/2022:15:26:54 +0800] "GET /xingrg/all/function/internal_message.html?_=1651303614776&CODE_STATE=getMsg HTTP/1.1" 200 27
101.85.120.86 - - [30/Apr/2022:15:26:54 +0800] "GET /xingrg/check_reg.html?_=1651303614777 HTTP/1.1" 200 22
120.204.101.29 - - [30/Apr/2022:15:26:55 +0800] "POST /xingrg/all/common/load_combo.html?type=employee HTTP/1.1" 200 444
58.39.201.47 - - [30/Apr/2022:15:26:55 +0800] "GET /xingrg/all/function/internal_message.html?_=1651303617445&CODE_STATE=getMsg HTTP/1.1" 200 27
218.81.223.53 - - [30/Apr/2022:15:26:58 +0800] "GET /xingrg/check_reg.html?_=1651303637202 HTTP/1.1" 200 22
120.204.101.29 - - [30/Apr/2022:15:26:58 +0800] "POST /xingrg/kc/mdqp/pssh_order_operate.html HTTP/1.1" 200 37
218.81.223.53 - - [30/Apr/2022:15:26:58 +0800] "GET /xingrg/all/function/internal_message.html?_=1651303637514&CODE_STATE=getMsg HTTP/1.1" 200 27
120.204.101.29 - - [30/Apr/2022:15:26:59 +0800] "POST /xingrg/kc/mdqp/pssh_order_operate.html HTTP/1.1" 200 12
120.204.101.29 - - [30/Apr/2022:15:26:59 +0800] "GET /xingrg/kc/mdqp/pssh_order_info.html?code=312022042100141 HTTP/1.1" 200 14398
120.204.101.29 - - [30/Apr/2022:15:26:59 +0800] "GET /xingrg/javascript/jquery_tools/jquery-1.4.2.min.js HTTP/1.1" 404 1094
120.204.101.29 - - [30/Apr/2022:15:27:00 +0800] "GET /xingrg/javascript/easyui/themes/default/validatebox.css HTTP/1.1" 404 1104
120.204.101.29 - - [30/Apr/2022:15:27:00 +0800] "POST /xingrg/kc/mdqp/pssh_order_operate.html HTTP/1.1" 200 529
120.204.101.29 - - [30/Apr/2022:15:27:01 +0800] "GET /xingrg/kc/mdqp/pssh_order_list.html?isBack=1 HTTP/1.1" 200 17778
120.204.101.29 - - [30/Apr/2022:15:27:02 +0800] "POST /xingrg/kc/mdqp/pssh_list_operate.html HTTP/1.1" 200 5459
116.235.92.88 - - [30/Apr/2022:15:27:04 +0800] "GET /xingrg/kc/buy/cgsh_order_operate.html?command=get_materiel&rest_code=00104&code=00101020196&supplier_code=00100151&order_time=2022-04-30 HTTP/1.1" 200 425
120.204.101.29 - - [30/Apr/2022:15:27:04 +0800] "POST /xingrg/kc/mdqp/pssh_list_operate.html HTTP/1.1" 200 5081
180.157.251.97 - - [30/Apr/2022:15:27:06 +0800] "GET /xingrg/all/function/internal_message.html?_=1651303626907&CODE_STATE=getMsg HTTP/1.1" 200 27
120.204.101.29 - - [30/Apr/2022:15:27:06 +0800] "POST /xingrg/kc/mdqp/pssh_list_operate.html HTTP/1.1" 200 369
180.157.251.97 - - [30/Apr/2022:15:27:07 +0800] "GET /xingrg/check_reg.html?_=1651303627831 HTTP/1.1" 200 22
120.204.101.29 - - [30/Apr/2022:15:27:07 +0800] "GET /xingrg/kc/mdqp/pssh_order_info.html?code=312022042100155 HTTP/1.1" 200 17278
120.204.101.29 - - [30/Apr/2022:15:27:07 +0800] "GET /xingrg/javascript/jquery_tools/jquery-1.4.2.min.js HTTP/1.1" 404 1094
120.204.101.29 - - [30/Apr/2022:15:27:08 +0800] "GET /xingrg/javascript/easyui/themes/default/validatebox.css HTTP/1.1" 404 1104
120.204.101.29 - - [30/Apr/2022:15:27:08 +0800] "POST /xingrg/kc/mdqp/pssh_order_operate.html HTTP/1.1" 200 1059
116.230.110.173 - - [30/Apr/2022:15:27:09 +0800] "GET /xingrg/all/function/internal_message.html?_=1651303629539&CODE_STATE=getMsg HTTP/1.1" 200 27
120.204.101.29 - - [30/Apr/2022:15:27:11 +0800] "POST /xingrg/all/common/load_combo.html?type=base&rest_code=00148 HTTP/1.1" 200 3227
120.204.101.29 - - [30/Apr/2022:15:27:14 +0800] "POST /xingrg/all/common/load_combo.html?type=employee HTTP/1.1" 200 444
120.204.101.29 - - [30/Apr/2022:15:27:16 +0800] "GET /xingrg/all/function/internal_message.html?_=1651303634998&CODE_STATE=getMsg HTTP/1.1" 200 27
114.83.220.194 - - [30/Apr/2022:15:27:17 +0800] "GET /xingrg/all/function/internal_message.html?_=1651303637677&CODE_STATE=getMsg HTTP/1.1" 200 27
120.204.101.29 - - [30/Apr/2022:15:27:18 +0800] "POST /xingrg/kc/mdqp/pssh_order_operate.html HTTP/1.1" 200 37
120.204.101.29 - - [30/Apr/2022:15:27:18 +0800] "POST /xingrg/kc/mdqp/pssh_order_operate.html HTTP/1.1" 200 12
120.204.101.29 - - [30/Apr/2022:15:27:19 +0800] "GET /xingrg/kc/mdqp/pssh_order_info.html?code=312022042100155 HTTP/1.1" 200 14394
120.204.101.29 - - [30/Apr/2022:15:27:19 +0800] "GET /xingrg/javascript/jquery_tools/jquery-1.4.2.min.js HTTP/1.1" 404 1094
120.204.101.29 - - [30/Apr/2022:15:27:20 +0800] "GET /xingrg/javascript/easyui/themes/default/validatebox.css HTTP/1.1" 404 1104
120.204.101.29 - - [30/Apr/2022:15:27:20 +0800] "POST /xingrg/kc/mdqp/pssh_order_operate.html HTTP/1.1" 200 1059
58.40.7.146 - - [30/Apr/2022:15:27:20 +0800] "GET /xingrg/all/function/internal_message.html?_=1651303641020&CODE_STATE=getMsg HTTP/1.1" 200 27
120.204.101.29 - - [30/Apr/2022:15:27:22 +0800] "GET /xingrg/kc/mdqp/pssh_order_list.html?isBack=1 HTTP/1.1" 200 17778
120.204.101.29 - - [30/Apr/2022:15:27:23 +0800] "POST /xingrg/kc/mdqp/pssh_list_operate.html HTTP/1.1" 200 5459
120.204.101.29 - - [30/Apr/2022:15:27:26 +0800] "POST /xingrg/kc/mdqp/pssh_list_operate.html HTTP/1.1" 200 5115
117.143.50.163 - - [30/Apr/2022:15:27:27 +0800] "GET /xingrg/all/function/internal_message.html?_=1651303648354&CODE_STATE=getMsg HTTP/1.1" 302 -
120.204.101.29 - - [30/Apr/2022:15:27:29 +0800] "POST /xingrg/kc/mdqp/pssh_list_operate.html HTTP/1.1" 200 259
120.204.101.29 - - [30/Apr/2022:15:27:30 +0800] "GET /xingrg/kc/mdqp/pssh_order_info.html?code=312022042000120 HTTP/1.1" 200 17282
120.204.101.29 - - [30/Apr/2022:15:27:30 +0800] "GET /xingrg/javascript/jquery_tools/jquery-1.4.2.min.js HTTP/1.1" 404 1094
120.204.101.29 - - [30/Apr/2022:15:27:30 +0800] "GET /xingrg/javascript/easyui/themes/default/validatebox.css HTTP/1.1" 404 1104
120.204.101.29 - - [30/Apr/2022:15:27:31 +0800] "POST /xingrg/kc/mdqp/pssh_order_operate.html HTTP/1.1" 200 529
58.39.61.91 - - [30/Apr/2022:15:27:33 +0800] "GET /xingrg/all/function/internal_message.html?_=1651303564254&CODE_STATE=getMsg HTTP/1.1" 200 27
120.204.101.29 - - [30/Apr/2022:15:27:34 +0800] "POST /xingrg/all/common/load_combo.html?type=base&rest_code=00148 HTTP/1.1" 200 3227
120.204.101.29 - - [30/Apr/2022:15:27:37 +0800] "POST /xingrg/all/common/load_combo.html?type=employee HTTP/1.1" 200 444
120.204.101.29 - - [30/Apr/2022:15:27:42 +0800] "POST /xingrg/kc/mdqp/pssh_order_operate.html HTTP/1.1" 200 37
120.204.101.29 - - [30/Apr/2022:15:27:42 +0800] "POST /xingrg/kc/mdqp/pssh_order_operate.html HTTP/1.1" 200 12
120.204.101.29 - - [30/Apr/2022:15:27:43 +0800] "GET /xingrg/kc/mdqp/pssh_order_info.html?code=312022042000120 HTTP/1.1" 200 14398
120.204.101.29 - - [30/Apr/2022:15:27:43 +0800] "GET /xingrg/javascript/jquery_tools/jquery-1.4.2.min.js HTTP/1.1" 404 1094
120.204.101.29 - - [30/Apr/2022:15:27:44 +0800] "GET /xingrg/javascript/easyui/themes/default/validatebox.css HTTP/1.1" 404 1104
120.204.101.29 - - [30/Apr/2022:15:27:44 +0800] "POST /xingrg/kc/mdqp/pssh_order_operate.html HTTP/1.1" 200 529
116.228.172.94 - - [30/Apr/2022:15:27:46 +0800] "GET /xingrg/all/function/internal_message.html?_=1651303662567&CODE_STATE=getMsg HTTP/1.1" 200 27
116.235.92.88 - - [30/Apr/2022:15:27:47 +0800] "GET /xingrg/all/function/internal_message.html?_=1651303837688&CODE_STATE=getMsg HTTP/1.1" 200 27
116.235.92.88 - - [30/Apr/2022:15:27:47 +0800] "GET /xingrg/check_reg.html?_=1651303837689 HTTP/1.1" 200 22
120.204.101.29 - - [30/Apr/2022:15:27:48 +0800] "POST /xingrg/kc/mdqp/pssh_list_operate.html HTTP/1.1" 200 5149
120.204.101.29 - - [30/Apr/2022:15:27:49 +0800] "POST /xingrg/kc/mdqp/pssh_list_operate.html HTTP/1.1" 200 472
120.204.101.29 - - [30/Apr/2022:15:27:51 +0800] "GET /xingrg/kc/mdqp/pssh_order_info.html?code=312022042000137 HTTP/1.1" 200 17272
120.204.101.29 - - [30/Apr/2022:15:27:51 +0800] "GET /xingrg/javascript/jquery_tools/jquery-1.4.2.min.js HTTP/1.1" 404 1094
120.204.101.29 - - [30/Apr/2022:15:27:52 +0800] "GET /xingrg/javascript/easyui/themes/default/validatebox.css HTTP/1.1" 404 1104
120.204.101.29 - - [30/Apr/2022:15:27:52 +0800] "POST /xingrg/kc/mdqp/pssh_order_operate.html HTTP/1.1" 200 1573
120.204.101.29 - - [30/Apr/2022:15:27:53 +0800] "POST /xingrg/all/common/load_combo.html?type=base&rest_code=00148 HTTP/1.1" 200 3227
101.85.120.86 - - [30/Apr/2022:15:27:54 +0800] "GET /xingrg/all/function/internal_message.html?_=1651303674775&CODE_STATE=getMsg HTTP/1.1" 200 27
58.39.201.47 - - [30/Apr/2022:15:27:55 +0800] "GET /xingrg/all/function/internal_message.html?_=1651303677459&CODE_STATE=getMsg HTTP/1.1" 200 27
120.204.101.29 - - [30/Apr/2022:15:27:57 +0800] "POST /xingrg/all/common/load_combo.html?type=employee HTTP/1.1" 200 444
218.81.223.53 - - [30/Apr/2022:15:27:58 +0800] "GET /xingrg/all/function/internal_message.html?_=1651303697528&CODE_STATE=getMsg HTTP/1.1" 200 27
180.157.251.97 - - [30/Apr/2022:15:28:06 +0800] "GET /xingrg/all/function/internal_message.html?_=1651303686892&CODE_STATE=getMsg HTTP/1.1" 200 27
120.204.101.29 - - [30/Apr/2022:15:28:06 +0800] "POST /xingrg/kc/mdqp/pssh_order_operate.html HTTP/1.1" 200 37
120.204.101.29 - - [30/Apr/2022:15:28:07 +0800] "POST /xingrg/kc/mdqp/pssh_order_operate.html HTTP/1.1" 200 12
120.204.101.29 - - [30/Apr/2022:15:28:07 +0800] "GET /xingrg/kc/mdqp/pssh_order_info.html?code=312022042000137 HTTP/1.1" 200 14388
120.204.101.29 - - [30/Apr/2022:15:28:08 +0800] "GET /xingrg/javascript/jquery_tools/jquery-1.4.2.min.js HTTP/1.1" 404 1094
120.204.101.29 - - [30/Apr/2022:15:28:08 +0800] "GET /xingrg/javascript/easyui/themes/default/validatebox.css HTTP/1.1" 404 1104
120.204.101.29 - - [30/Apr/2022:15:28:08 +0800] "POST /xingrg/kc/mdqp/pssh_order_operate.html HTTP/1.1" 200 1573
120.204.101.29 - - [30/Apr/2022:15:28:09 +0800] "GET /xingrg/kc/mdqp/pssh_order_list.html?isBack=1 HTTP/1.1" 200 17778
116.230.110.173 - - [30/Apr/2022:15:28:09 +0800] "GET /xingrg/all/function/internal_message.html?_=1651303689547&CODE_STATE=getMsg HTTP/1.1" 200 27
120.204.101.29 - - [30/Apr/2022:15:28:10 +0800] "POST /xingrg/kc/mdqp/pssh_list_operate.html HTTP/1.1" 200 5459
120.204.101.29 - - [30/Apr/2022:15:28:12 +0800] "POST /xingrg/kc/mdqp/pssh_list_operate.html HTTP/1.1" 200 5183
120.204.101.29 - - [30/Apr/2022:15:28:14 +0800] "POST /xingrg/kc/mdqp/pssh_list_operate.html HTTP/1.1" 200 365
120.204.101.29 - - [30/Apr/2022:15:28:15 +0800] "GET /xingrg/kc/mdqp/pssh_order_info.html?code=312022041900094 HTTP/1.1" 200 17272
120.204.101.29 - - [30/Apr/2022:15:28:15 +0800] "GET /xingrg/javascript/jquery_tools/jquery-1.4.2.min.js HTTP/1.1" 404 1094
120.204.101.29 - - [30/Apr/2022:15:28:15 +0800] "POST /xingrg/kc/mdqp/pssh_order_operate.html HTTP/1.1" 200 1055
120.204.101.29 - - [30/Apr/2022:15:28:16 +0800] "GET /xingrg/javascript/easyui/themes/default/validatebox.css HTTP/1.1" 404 1104
120.204.101.29 - - [30/Apr/2022:15:28:16 +0800] "GET /xingrg/all/function/internal_message.html?_=1651303695050&CODE_STATE=getMsg HTTP/1.1" 200 27
120.204.101.29 - - [30/Apr/2022:15:28:17 +0800] "POST /xingrg/all/common/load_combo.html?type=base&rest_code=00148 HTTP/1.1" 200 3227
114.83.220.194 - - [30/Apr/2022:15:28:17 +0800] "GET /xingrg/all/function/internal_message.html?_=1651303697649&CODE_STATE=getMsg HTTP/1.1" 200 27
58.40.7.146 - - [30/Apr/2022:15:28:20 +0800] "GET /xingrg/all/function/internal_message.html?_=1651303701006&CODE_STATE=getMsg HTTP/1.1" 200 27
120.204.101.29 - - [30/Apr/2022:15:28:22 +0800] "POST /xingrg/all/common/load_combo.html?type=employee HTTP/1.1" 200 444
120.204.101.29 - - [30/Apr/2022:15:28:26 +0800] "POST /xingrg/kc/mdqp/pssh_order_operate.html HTTP/1.1" 200 37
120.204.101.29 - - [30/Apr/2022:15:28:26 +0800] "POST /xingrg/kc/mdqp/pssh_order_operate.html HTTP/1.1" 200 12
117.143.50.163 - - [30/Apr/2022:15:28:27 +0800] "GET /xingrg/all/function/internal_message.html?_=1651303708333&CODE_STATE=getMsg HTTP/1.1" 302 -
120.204.101.29 - - [30/Apr/2022:15:28:27 +0800] "GET /xingrg/kc/mdqp/pssh_order_info.html?code=312022041900094 HTTP/1.1" 200 14388
120.204.101.29 - - [30/Apr/2022:15:28:27 +0800] "GET /xingrg/javascript/jquery_tools/jquery-1.4.2.min.js HTTP/1.1" 404 1094
120.204.101.29 - - [30/Apr/2022:15:28:28 +0800] "POST /xingrg/kc/mdqp/pssh_order_operate.html HTTP/1.1" 200 1055
120.204.101.29 - - [30/Apr/2022:15:28:28 +0800] "GET /xingrg/javascript/easyui/themes/default/validatebox.css HTTP/1.1" 404 1104
120.204.101.29 - - [30/Apr/2022:15:28:31 +0800] "POST /xingrg/kc/mdqp/pssh_list_operate.html HTTP/1.1" 200 5217
120.204.101.29 - - [30/Apr/2022:15:28:33 +0800] "POST /xingrg/kc/mdqp/pssh_list_operate.html HTTP/1.1" 200 2806
58.39.61.91 - - [30/Apr/2022:15:28:34 +0800] "GET /xingrg/all/function/internal_message.html?_=1651303624280&CODE_STATE=getMsg HTTP/1.1" 200 27
120.204.101.29 - - [30/Apr/2022:15:28:35 +0800] "POST /xingrg/kc/mdqp/pssh_list_operate.html HTTP/1.1" 200 459
58.40.7.146 - - [30/Apr/2022:15:28:44 +0800] "GET /xingrg/check_reg.html?_=1651303724961 HTTP/1.1" 200 22
120.204.101.29 - - [30/Apr/2022:15:28:46 +0800] "GET /xingrg/kc/mdqp/pssh_order_info.html?code=312022041800084 HTTP/1.1" 200 17272
120.204.101.29 - - [30/Apr/2022:15:28:46 +0800] "GET /xingrg/javascript/jquery_tools/jquery-1.4.2.min.js HTTP/1.1" 404 1094
116.228.172.94 - - [30/Apr/2022:15:28:46 +0800] "GET /xingrg/all/function/internal_message.html?_=1651303722565&CODE_STATE=getMsg HTTP/1.1" 200 27
120.204.101.29 - - [30/Apr/2022:15:28:46 +0800] "GET /xingrg/javascript/easyui/themes/default/validatebox.css HTTP/1.1" 404 1104
120.204.101.29 - - [30/Apr/2022:15:28:46 +0800] "POST /xingrg/kc/mdqp/pssh_order_operate.html HTTP/1.1" 200 1563
116.235.92.88 - - [30/Apr/2022:15:28:47 +0800] "GET /xingrg/all/function/internal_message.html?_=1651303897683&CODE_STATE=getMsg HTTP/1.1" 200 27
120.204.101.29 - - [30/Apr/2022:15:28:47 +0800] "POST /xingrg/all/common/load_combo.html?type=base&rest_code=00148 HTTP/1.1" 200 3227
120.204.101.29 - - [30/Apr/2022:15:28:51 +0800] "POST /xingrg/all/common/load_combo.html?type=employee HTTP/1.1" 200 444
101.85.120.86 - - [30/Apr/2022:15:28:54 +0800] "GET /xingrg/all/function/internal_message.html?_=1651303734774&CODE_STATE=getMsg HTTP/1.1" 200 27
120.204.101.29 - - [30/Apr/2022:15:28:55 +0800] "POST /xingrg/kc/mdqp/pssh_order_operate.html HTTP/1.1" 200 37
58.39.201.47 - - [30/Apr/2022:15:28:55 +0800] "GET /xingrg/all/function/internal_message.html?_=1651303737457&CODE_STATE=getMsg HTTP/1.1" 200 27
120.204.101.29 - - [30/Apr/2022:15:28:56 +0800] "POST /xingrg/kc/mdqp/pssh_order_operate.html HTTP/1.1" 200 12
120.204.101.29 - - [30/Apr/2022:15:28:56 +0800] "GET /xingrg/kc/mdqp/pssh_order_info.html?code=312022041800084 HTTP/1.1" 200 14388
120.204.101.29 - - [30/Apr/2022:15:28:56 +0800] "GET /xingrg/javascript/jquery_tools/jquery-1.4.2.min.js HTTP/1.1" 404 1094
120.204.101.29 - - [30/Apr/2022:15:28:57 +0800] "GET /xingrg/javascript/easyui/themes/default/validatebox.css HTTP/1.1" 404 1104
120.204.101.29 - - [30/Apr/2022:15:28:57 +0800] "POST /xingrg/kc/mdqp/pssh_order_operate.html HTTP/1.1" 200 1563
116.235.92.88 - - [30/Apr/2022:15:28:58 +0800] "GET /xingrg/kc/buy/cgsh_order_operate.html?command=get_materiel&rest_code=00104&code=00101011003&supplier_code=00100151&order_time=2022-04-30 HTTP/1.1" 200 413
218.81.223.53 - - [30/Apr/2022:15:28:58 +0800] "GET /xingrg/all/function/internal_message.html?_=1651303757541&CODE_STATE=getMsg HTTP/1.1" 200 27
120.204.101.29 - - [30/Apr/2022:15:28:59 +0800] "GET /xingrg/kc/mdqp/pssh_order_list.html?isBack=1 HTTP/1.1" 200 17778
120.204.101.29 - - [30/Apr/2022:15:29:00 +0800] "POST /xingrg/kc/mdqp/pssh_list_operate.html HTTP/1.1" 200 -
120.204.101.29 - - [30/Apr/2022:15:29:01 +0800] "GET /xingrg/kc/mdqp/pssh_order_list.html?isBack=1 HTTP/1.1" 200 17778
120.204.101.29 - - [30/Apr/2022:15:29:02 +0800] "POST /xingrg/kc/mdqp/pssh_list_operate.html HTTP/1.1" 200 5459
180.157.251.97 - - [30/Apr/2022:15:29:06 +0800] "GET /xingrg/all/function/internal_message.html?_=1651303746866&CODE_STATE=getMsg HTTP/1.1" 200 27
120.204.101.29 - - [30/Apr/2022:15:29:06 +0800] "POST /xingrg/kc/mdqp/pssh_list_operate.html HTTP/1.1" 200 2840
120.204.101.29 - - [30/Apr/2022:15:29:07 +0800] "POST /xingrg/kc/mdqp/pssh_list_operate.html HTTP/1.1" 200 253
120.204.101.29 - - [30/Apr/2022:15:29:08 +0800] "GET /xingrg/kc/mdqp/pssh_order_info.html?code=312022041600071 HTTP/1.1" 200 17272
120.204.101.29 - - [30/Apr/2022:15:29:08 +0800] "GET /xingrg/javascript/jquery_tools/jquery-1.4.2.min.js HTTP/1.1" 404 1094
120.204.101.29 - - [30/Apr/2022:15:29:09 +0800] "GET /xingrg/javascript/easyui/themes/default/validatebox.css HTTP/1.1" 404 1104
120.204.101.29 - - [30/Apr/2022:15:29:09 +0800] "POST /xingrg/kc/mdqp/pssh_order_operate.html HTTP/1.1" 200 522
124.78.155.124 - - [30/Apr/2022:15:29:09 +0800] "POST /xingrg/services/DataTransmitService HTTP/1.1" 200 524
116.230.110.173 - - [30/Apr/2022:15:29:09 +0800] "GET /xingrg/all/function/internal_message.html?_=1651303749548&CODE_STATE=getMsg HTTP/1.1" 200 27
120.204.101.29 - - [30/Apr/2022:15:29:10 +0800] "POST /xingrg/all/common/load_combo.html?type=base&rest_code=00148 HTTP/1.1" 200 3227
120.204.101.29 - - [30/Apr/2022:15:29:14 +0800] "POST /xingrg/all/common/load_combo.html?type=employee HTTP/1.1" 200 444
120.204.101.29 - - [30/Apr/2022:15:29:16 +0800] "GET /xingrg/all/function/internal_message.html?_=1651303755035&CODE_STATE=getMsg HTTP/1.1" 200 27
114.83.220.194 - - [30/Apr/2022:15:29:17 +0800] "GET /xingrg/all/function/internal_message.html?_=1651303757633&CODE_STATE=getMsg HTTP/1.1" 200 27
120.204.101.29 - - [30/Apr/2022:15:29:18 +0800] "POST /xingrg/kc/mdqp/pssh_order_operate.html HTTP/1.1" 200 37
120.204.101.29 - - [30/Apr/2022:15:29:19 +0800] "POST /xingrg/kc/mdqp/pssh_order_operate.html HTTP/1.1" 200 12
120.204.101.29 - - [30/Apr/2022:15:29:19 +0800] "GET /xingrg/kc/mdqp/pssh_order_info.html?code=312022041600071 HTTP/1.1" 200 14388
120.204.101.29 - - [30/Apr/2022:15:29:20 +0800] "GET /xingrg/javascript/jquery_tools/jquery-1.4.2.min.js HTTP/1.1" 404 1094
58.40.7.146 - - [30/Apr/2022:15:29:20 +0800] "GET /xingrg/all/function/internal_message.html?_=1651303760977&CODE_STATE=getMsg HTTP/1.1" 200 27
120.204.101.29 - - [30/Apr/2022:15:29:20 +0800] "GET /xingrg/javascript/easyui/themes/default/validatebox.css HTTP/1.1" 404 1104
120.204.101.29 - - [30/Apr/2022:15:29:20 +0800] "POST /xingrg/kc/mdqp/pssh_order_operate.html HTTP/1.1" 200 522
120.204.101.29 - - [30/Apr/2022:15:29:23 +0800] "POST /xingrg/kc/mdqp/pssh_list_operate.html HTTP/1.1" 200 2874
120.204.101.29 - - [30/Apr/2022:15:29:24 +0800] "POST /xingrg/kc/mdqp/pssh_list_operate.html HTTP/1.1" 200 372
