114.83.221.250 - - [28/Apr/2022:15:39:31 +0800] "GET /xingrg/javascript/easyui/themes/default/images/button_plain_hover.png HTTP/1.1" 200 144
114.83.221.250 - - [28/Apr/2022:15:39:32 +0800] "GET /xingrg/kc/base/wlsy_order_add.html?syType=0 HTTP/1.1" 200 28526
114.83.221.250 - - [28/Apr/2022:15:39:32 +0800] "GET /xingrg/javascript/pic_change.js HTTP/1.1" 200 4739
114.83.221.250 - - [28/Apr/2022:15:39:32 +0800] "GET /xingrg/javascript/convert.js HTTP/1.1" 200 1239
114.83.221.250 - - [28/Apr/2022:15:39:32 +0800] "GET /xingrg/javascript/jquery_tools/order_manager.js HTTP/1.1" 200 11183
114.83.221.250 - - [28/Apr/2022:15:39:32 +0800] "GET /xingrg/javascript/json2.js HTTP/1.1" 200 11259
114.83.221.250 - - [28/Apr/2022:15:39:32 +0800] "GET /xingrg/words/20220426184638_words.js HTTP/1.1" 200 891895
114.83.221.250 - - [28/Apr/2022:15:39:32 +0800] "GET /xingrg/javascript/easyui/themes/icons/template_new.png HTTP/1.1" 200 3956
114.83.221.250 - - [28/Apr/2022:15:39:32 +0800] "GET /xingrg/javascript/easyui/themes/icons/ok.png HTTP/1.1" 200 883
114.83.221.250 - - [28/Apr/2022:15:39:32 +0800] "GET /xingrg/javascript/easyui/themes/icons/check_new.png HTTP/1.1" 200 3224
114.83.221.250 - - [28/Apr/2022:15:39:32 +0800] "GET /xingrg/javascript/easyui/themes/icons/print.png HTTP/1.1" 200 1057
114.83.221.250 - - [28/Apr/2022:15:39:32 +0800] "GET /xingrg/javascript/easyui/themes/default/images/menu_downarrow.png HTTP/1.1" 200 173
114.83.221.250 - - [28/Apr/2022:15:39:32 +0800] "GET /xingrg/javascript/easyui/themes/icons/cancel.png HTTP/1.1" 200 1133
114.83.221.250 - - [28/Apr/2022:15:39:32 +0800] "POST /xingrg/kc/base/wlsy_order_operate.html HTTP/1.1" 200 6806
114.83.221.250 - - [28/Apr/2022:15:39:32 +0800] "GET /xingrg/all/common/auto_word.html?type=base&rest_code=00149 HTTP/1.1" 200 1907
114.83.221.250 - - [28/Apr/2022:15:39:32 +0800] "GET /xingrg/javascript/easyui/themes/default/validatebox.css HTTP/1.1" 404 1104
114.83.221.250 - - [28/Apr/2022:15:39:32 +0800] "GET /xingrg/javascript/easyui/plugins/jquery.validatebox.js HTTP/1.1" 200 6103
114.83.221.250 - - [28/Apr/2022:15:39:32 +0800] "GET /xingrg/javascript/easyui/plugins/jquery.numberbox.js HTTP/1.1" 200 5213
114.83.221.250 - - [28/Apr/2022:15:39:32 +0800] "GET /xingrg/javascript/easyui/themes/icons/edit_remove.png HTTP/1.1" 200 625
114.83.221.250 - - [28/Apr/2022:15:39:34 +0800] "GET /xingrg/javascript/auto/indicator.gif HTTP/1.1" 404 1066
114.83.221.250 - - [28/Apr/2022:15:39:35 +0800] "GET /xingrg/javascript/jquery_tools/images/prev.gif HTTP/1.1" 404 1086
114.83.221.250 - - [28/Apr/2022:15:39:35 +0800] "GET /xingrg/javascript/jquery_tools/images/next.gif HTTP/1.1" 404 1086
116.235.92.88 - - [28/Apr/2022:15:39:40 +0800] "GET /xingrg/all/function/internal_message.html?_=1651131749017&CODE_STATE=getMsg HTTP/1.1" 200 27
58.39.61.91 - - [28/Apr/2022:15:39:42 +0800] "GET /xingrg/check_reg.html?_=1651131491536 HTTP/1.1" 200 22
58.39.61.91 - - [28/Apr/2022:15:39:42 +0800] "GET /xingrg/all/function/internal_message.html?_=1651131492218&CODE_STATE=getMsg HTTP/1.1" 200 27
58.39.201.47 - - [28/Apr/2022:15:39:48 +0800] "GET /xingrg/all/function/internal_message.html?_=1651131588660&CODE_STATE=getMsg HTTP/1.1" 200 27
114.83.221.250 - - [28/Apr/2022:15:39:50 +0800] "GET /xingrg/kc/base/wlsy_order_operate.html?command=get_materiel&rest_code=00149&base_code=0010401&code=00101014031 HTTP/1.1" 200 417
114.83.221.250 - - [28/Apr/2022:15:40:00 +0800] "GET /xingrg/kc/base/wlsy_order_operate.html?command=get_materiel&rest_code=00149&base_code=0010401&code=00101014040 HTTP/1.1" 200 431
116.228.172.94 - - [28/Apr/2022:15:40:04 +0800] "GET /xingrg/all/function/internal_message.html?_=1651131437461&CODE_STATE=getMsg HTTP/1.1" 200 27
58.39.61.91 - - [28/Apr/2022:15:40:05 +0800] "GET /xingrg/check_reg.html?_=1651131514278 HTTP/1.1" 200 22
58.39.61.91 - - [28/Apr/2022:15:40:14 +0800] "GET /xingrg/all/function/internal_message.html?_=1651131523699&CODE_STATE=getMsg HTTP/1.1" 200 27
114.83.221.250 - - [28/Apr/2022:15:40:20 +0800] "GET /xingrg/kc/base/wlsy_order_operate.html?command=get_materiel&rest_code=00149&base_code=0010401&code=00101008026 HTTP/1.1" 200 411
114.83.221.250 - - [28/Apr/2022:15:40:25 +0800] "GET /xingrg/all/function/internal_message.html?_=1651131622219&CODE_STATE=getMsg HTTP/1.1" 200 27
114.83.221.250 - - [28/Apr/2022:15:40:27 +0800] "GET /xingrg/kc/base/wlsy_order_operate.html?command=get_materiel&rest_code=00149&base_code=0010401&code=00101013072 HTTP/1.1" 200 414
116.235.92.88 - - [28/Apr/2022:15:40:40 +0800] "GET /xingrg/all/function/internal_message.html?_=1651131808992&CODE_STATE=getMsg HTTP/1.1" 200 27
114.83.221.250 - - [28/Apr/2022:15:40:41 +0800] "GET /xingrg/kc/base/wlsy_order_operate.html?command=get_materiel&rest_code=00149&base_code=0010401&code=00101013052 HTTP/1.1" 200 436
58.39.61.91 - - [28/Apr/2022:15:40:43 +0800] "GET /xingrg/all/function/internal_message.html?_=1651131552232&CODE_STATE=getMsg HTTP/1.1" 200 27
58.221.95.50 - - [28/Apr/2022:15:40:45 +0800] "GET /xingrg/check_reg.html?_=1651131643452 HTTP/1.1" 302 -
58.39.201.47 - - [28/Apr/2022:15:40:48 +0800] "GET /xingrg/all/function/internal_message.html?_=1651131648658&CODE_STATE=getMsg HTTP/1.1" 200 27
114.83.221.250 - - [28/Apr/2022:15:41:00 +0800] "GET /xingrg/kc/base/wlsy_order_operate.html?command=get_materiel&rest_code=00149&base_code=0010401&code=00101010256 HTTP/1.1" 200 426
116.228.172.94 - - [28/Apr/2022:15:41:04 +0800] "GET /xingrg/all/function/internal_message.html?_=1651131497463&CODE_STATE=getMsg HTTP/1.1" 200 27
58.39.61.91 - - [28/Apr/2022:15:41:14 +0800] "GET /xingrg/all/function/internal_message.html?_=1651131583712&CODE_STATE=getMsg HTTP/1.1" 200 27
114.83.221.250 - - [28/Apr/2022:15:41:25 +0800] "GET /xingrg/all/function/internal_message.html?_=1651131682214&CODE_STATE=getMsg HTTP/1.1" 200 27
116.235.92.88 - - [28/Apr/2022:15:41:40 +0800] "GET /xingrg/all/function/internal_message.html?_=1651131868968&CODE_STATE=getMsg HTTP/1.1" 200 27
58.39.61.91 - - [28/Apr/2022:15:41:43 +0800] "GET /xingrg/all/function/internal_message.html?_=1651131612246&CODE_STATE=getMsg HTTP/1.1" 200 27
58.39.201.47 - - [28/Apr/2022:15:41:48 +0800] "GET /xingrg/all/function/internal_message.html?_=1651131708657&CODE_STATE=getMsg HTTP/1.1" 200 27
58.39.201.47 - - [28/Apr/2022:15:41:48 +0800] "GET /xingrg/check_reg.html?_=1651131708657 HTTP/1.1" 200 22
116.228.172.94 - - [28/Apr/2022:15:42:04 +0800] "GET /xingrg/all/function/internal_message.html?_=1651131557463&CODE_STATE=getMsg HTTP/1.1" 200 27
58.39.61.91 - - [28/Apr/2022:15:42:14 +0800] "GET /xingrg/all/function/internal_message.html?_=1651131643760&CODE_STATE=getMsg HTTP/1.1" 200 27
116.235.92.88 - - [28/Apr/2022:15:42:17 +0800] "GET /xingrg/check_reg.html?_=1651131905457 HTTP/1.1" 200 22
114.83.221.250 - - [28/Apr/2022:15:42:25 +0800] "GET /xingrg/all/function/internal_message.html?_=1651131742218&CODE_STATE=getMsg HTTP/1.1" 200 27
114.83.221.250 - - [28/Apr/2022:15:42:39 +0800] "GET /xingrg/kc/base/check_order_list.html HTTP/1.1" 200 16226
114.83.221.250 - - [28/Apr/2022:15:42:40 +0800] "POST /xingrg/kc/base/check_list_operate.html HTTP/1.1" 200 781
116.235.92.88 - - [28/Apr/2022:15:42:40 +0800] "GET /xingrg/all/function/internal_message.html?_=1651131928949&CODE_STATE=getMsg HTTP/1.1" 200 27
58.39.61.91 - - [28/Apr/2022:15:42:43 +0800] "GET /xingrg/all/function/internal_message.html?_=1651131672263&CODE_STATE=getMsg HTTP/1.1" 200 27
114.83.221.250 - - [28/Apr/2022:15:42:44 +0800] "GET /xingrg/kc/base/check_order_add.html HTTP/1.1" 200 26520
114.83.221.250 - - [28/Apr/2022:15:42:44 +0800] "GET /xingrg/css/table.css HTTP/1.1" 200 3684
114.83.221.250 - - [28/Apr/2022:15:42:44 +0800] "GET /xingrg/dwr/interface/AjaxComOrderService.js HTTP/1.1" 200 18264
114.83.221.250 - - [28/Apr/2022:15:42:44 +0800] "GET /xingrg/css/blue.css HTTP/1.1" 200 15949
114.83.221.250 - - [28/Apr/2022:15:42:44 +0800] "GET /xingrg/javascript/AjaxInfoList.js HTTP/1.1" 200 3774
114.83.221.250 - - [28/Apr/2022:15:42:44 +0800] "GET /xingrg/dwr/interface/AjaxCheckService.js HTTP/1.1" 200 14003
114.83.221.250 - - [28/Apr/2022:15:42:44 +0800] "GET /xingrg/javascript/print/kc_print.js HTTP/1.1" 200 11415
114.83.221.250 - - [28/Apr/2022:15:42:44 +0800] "GET /xingrg/javascript/print/LodopFuncs.js HTTP/1.1" 200 5121
114.83.221.250 - - [28/Apr/2022:15:42:44 +0800] "GET /xingrg/dwr/util.js HTTP/1.1" 200 35990
114.83.221.250 - - [28/Apr/2022:15:42:44 +0800] "GET /xingrg/javascript/myfunction.js HTTP/1.1" 200 24559
114.83.221.250 - - [28/Apr/2022:15:42:44 +0800] "GET /xingrg/dwr/engine.js HTTP/1.1" 200 43631
114.83.221.250 - - [28/Apr/2022:15:42:44 +0800] "GET /xingrg/javascript/Calendar.js HTTP/1.1" 200 31561
114.83.221.250 - - [28/Apr/2022:15:42:45 +0800] "GET /xingrg/javascript/jquery_easy_ui/themes/icons/check_new.png HTTP/1.1" 200 3224
114.83.221.250 - - [28/Apr/2022:15:42:45 +0800] "GET /xingrg/javascript/jquery_easy_ui/themes/icons/cance_new.png HTTP/1.1" 200 3986
114.83.221.250 - - [28/Apr/2022:15:42:45 +0800] "GET /xingrg/javascript/jquery_easy_ui/themes/icons/print.png HTTP/1.1" 200 1057
114.83.221.250 - - [28/Apr/2022:15:42:45 +0800] "GET /xingrg/javascript/jquery_easy_ui/themes/default/images/menu_downarrow.png HTTP/1.1" 200 173
114.83.221.250 - - [28/Apr/2022:15:42:45 +0800] "GET /xingrg/javascript/jquery_easy_ui/themes/icons/back_new.png HTTP/1.1" 200 3414
58.39.201.47 - - [28/Apr/2022:15:42:48 +0800] "GET /xingrg/all/function/internal_message.html?_=1651131768655&CODE_STATE=getMsg HTTP/1.1" 200 27
114.83.221.250 - - [28/Apr/2022:15:42:53 +0800] "POST /xingrg/dwr/call/plaincall/AjaxCheckService.saveOrder.dwr HTTP/1.1" 200 78
114.83.221.250 - - [28/Apr/2022:15:42:55 +0800] "POST /xingrg/dwr/call/plaincall/AjaxCheckService.loadOrderItems.dwr HTTP/1.1" 200 367
114.83.221.250 - - [28/Apr/2022:15:42:56 +0800] "GET /xingrg/javascript/jquery_easy_ui/themes/default/images/button_a_bg.gif HTTP/1.1" 200 1194
114.83.221.250 - - [28/Apr/2022:15:42:56 +0800] "GET /xingrg/javascript/jquery_easy_ui/themes/default/images/button_span_bg.gif HTTP/1.1" 200 2061
114.83.221.250 - - [28/Apr/2022:15:42:56 +0800] "GET /xingrg/javascript/jquery_easy_ui/themes/icons/ok.png HTTP/1.1" 200 883
114.83.221.250 - - [28/Apr/2022:15:42:56 +0800] "GET /xingrg/javascript/jquery_easy_ui/themes/default/images/panel_title.png HTTP/1.1" 200 266
114.83.221.250 - - [28/Apr/2022:15:42:56 +0800] "GET /xingrg/javascript/jquery_easy_ui/themes/icons/pencil.png HTTP/1.1" 200 713
114.83.221.250 - - [28/Apr/2022:15:42:56 +0800] "GET /xingrg/javascript/jquery_easy_ui/themes/default/images/panel_tools.gif HTTP/1.1" 200 737
114.83.221.250 - - [28/Apr/2022:15:43:00 +0800] "POST /xingrg/dwr/call/plaincall/AjaxCheckService.importOrderItems.dwr HTTP/1.1" 200 78
114.83.221.250 - - [28/Apr/2022:15:43:03 +0800] "POST /xingrg/dwr/call/plaincall/AjaxCheckService.loadOrderItems.dwr HTTP/1.1" 200 60416
114.83.221.250 - - [28/Apr/2022:15:43:03 +0800] "GET /xingrg/javascript/jquery_easy_ui/themes/icons/no.png HTTP/1.1" 200 922
116.228.172.94 - - [28/Apr/2022:15:43:04 +0800] "GET /xingrg/all/function/internal_message.html?_=1651131617467&CODE_STATE=getMsg HTTP/1.1" 200 27
114.83.221.250 - - [28/Apr/2022:15:43:04 +0800] "GET /xingrg/javascript/jquery_easy_ui/themes/default/images/button_plain_hover.png HTTP/1.1" 200 252
114.83.221.250 - - [28/Apr/2022:15:43:05 +0800] "GET /xingrg/kc/print/load_config.html?_=1651131782117&kc_code=check HTTP/1.1" 200 2411
114.83.221.250 - - [28/Apr/2022:15:43:05 +0800] "GET /xingrg/kc/print/load_data.html?_=1651131782212&order_code=452022042800006&kc_code=check&condition= HTTP/1.1" 200 16841
58.39.61.91 - - [28/Apr/2022:15:43:14 +0800] "GET /xingrg/all/function/internal_message.html?_=1651131703771&CODE_STATE=getMsg HTTP/1.1" 200 27
114.83.221.250 - - [28/Apr/2022:15:43:17 +0800] "GET /xingrg/javascript/jquery_easy_ui/themes/default/images/tabs_active.png HTTP/1.1" 200 2894
114.83.221.250 - - [28/Apr/2022:15:43:20 +0800] "GET /xingrg/kc/base/check_order_add.html HTTP/1.1" 200 26520
114.83.221.250 - - [28/Apr/2022:15:43:20 +0800] "GET /xingrg/dwr/interface/AjaxCheckService.js HTTP/1.1" 200 14003
114.83.221.250 - - [28/Apr/2022:15:43:20 +0800] "GET /xingrg/dwr/interface/AjaxComOrderService.js HTTP/1.1" 200 18264
114.83.221.250 - - [28/Apr/2022:15:43:20 +0800] "GET /xingrg/dwr/engine.js HTTP/1.1" 200 43631
114.83.221.250 - - [28/Apr/2022:15:43:23 +0800] "POST /xingrg/dwr/call/plaincall/AjaxCheckService.saveOrder.dwr HTTP/1.1" 200 78
114.83.221.250 - - [28/Apr/2022:15:43:24 +0800] "POST /xingrg/dwr/call/plaincall/AjaxCheckService.loadOrderItems.dwr HTTP/1.1" 200 367
114.83.221.250 - - [28/Apr/2022:15:43:25 +0800] "GET /xingrg/all/function/internal_message.html?_=1651131802228&CODE_STATE=getMsg HTTP/1.1" 200 27
114.83.221.250 - - [28/Apr/2022:15:43:33 +0800] "POST /xingrg/dwr/call/plaincall/AjaxCheckService.importOrderItems.dwr HTTP/1.1" 200 78
114.83.221.250 - - [28/Apr/2022:15:43:34 +0800] "POST /xingrg/dwr/call/plaincall/AjaxCheckService.loadOrderItems.dwr HTTP/1.1" 200 41700
114.83.221.250 - - [28/Apr/2022:15:43:36 +0800] "GET /xingrg/kc/print/load_config.html?_=1651131813648&kc_code=check HTTP/1.1" 200 2411
114.83.221.250 - - [28/Apr/2022:15:43:36 +0800] "GET /xingrg/kc/print/load_data.html?_=1651131813679&order_code=452022042800007&kc_code=check&condition= HTTP/1.1" 200 11058
116.235.92.88 - - [28/Apr/2022:15:43:40 +0800] "GET /xingrg/all/function/internal_message.html?_=1651131988919&CODE_STATE=getMsg HTTP/1.1" 200 27
58.39.61.91 - - [28/Apr/2022:15:43:43 +0800] "GET /xingrg/all/function/internal_message.html?_=1651131732272&CODE_STATE=getMsg HTTP/1.1" 200 27
58.39.201.47 - - [28/Apr/2022:15:43:48 +0800] "GET /xingrg/all/function/internal_message.html?_=1651131828653&CODE_STATE=getMsg HTTP/1.1" 200 27
116.228.172.94 - - [28/Apr/2022:15:44:04 +0800] "GET /xingrg/check_reg.html?_=1651131677467 HTTP/1.1" 200 22
116.228.172.94 - - [28/Apr/2022:15:44:04 +0800] "GET /xingrg/all/function/internal_message.html?_=1651131677471&CODE_STATE=getMsg HTTP/1.1" 200 27
114.83.221.250 - - [28/Apr/2022:15:44:05 +0800] "GET /xingrg/kc/buy/cgsh_order_list.html HTTP/1.1" 200 49993
114.83.221.250 - - [28/Apr/2022:15:44:05 +0800] "GET /xingrg/javascript/easyui/themes/icons/import_new.png HTTP/1.1" 200 1247
114.83.221.250 - - [28/Apr/2022:15:44:06 +0800] "POST /xingrg/kc/buy/cgsh_list_operate.html HTTP/1.1" 200 876
58.39.61.91 - - [28/Apr/2022:15:44:14 +0800] "GET /xingrg/all/function/internal_message.html?_=1651131763827&CODE_STATE=getMsg HTTP/1.1" 200 27
114.83.221.250 - - [28/Apr/2022:15:44:22 +0800] "POST /xingrg/kc/buy/cgsh_list_operate.html HTTP/1.1" 200 4084
114.83.221.250 - - [28/Apr/2022:15:44:25 +0800] "GET /xingrg/check_reg.html?_=1651131862224 HTTP/1.1" 200 22
114.83.221.250 - - [28/Apr/2022:15:44:25 +0800] "GET /xingrg/all/function/internal_message.html?_=1651131862228&CODE_STATE=getMsg HTTP/1.1" 200 27
116.235.92.88 - - [28/Apr/2022:15:44:40 +0800] "GET /xingrg/all/function/internal_message.html?_=1651132048890&CODE_STATE=getMsg HTTP/1.1" 200 27
58.39.61.91 - - [28/Apr/2022:15:44:42 +0800] "GET /xingrg/check_reg.html?_=1651131791548 HTTP/1.1" 200 22
58.39.61.91 - - [28/Apr/2022:15:44:43 +0800] "GET /xingrg/all/function/internal_message.html?_=1651131792286&CODE_STATE=getMsg HTTP/1.1" 200 27
58.39.201.47 - - [28/Apr/2022:15:44:48 +0800] "GET /xingrg/all/function/internal_message.html?_=1651131888651&CODE_STATE=getMsg HTTP/1.1" 200 27
116.228.172.94 - - [28/Apr/2022:15:45:04 +0800] "GET /xingrg/all/function/internal_message.html?_=1651131737471&CODE_STATE=getMsg HTTP/1.1" 200 27
58.39.61.91 - - [28/Apr/2022:15:45:05 +0800] "GET /xingrg/check_reg.html?_=1651131814286 HTTP/1.1" 200 22
58.35.210.91 - - [28/Apr/2022:15:45:07 +0800] "POST /xingrg/services/DataTransmitService HTTP/1.1" 200 524
180.171.132.70 - - [28/Apr/2022:15:45:11 +0800] "POST /xingrg/services/DataTransmitService HTTP/1.1" 200 524
58.39.61.91 - - [28/Apr/2022:15:45:14 +0800] "GET /xingrg/all/function/internal_message.html?_=1651131823829&CODE_STATE=getMsg HTTP/1.1" 200 27
114.83.221.250 - - [28/Apr/2022:15:45:25 +0800] "GET /xingrg/all/function/internal_message.html?_=1651131922236&CODE_STATE=getMsg HTTP/1.1" 200 27
116.235.92.88 - - [28/Apr/2022:15:45:40 +0800] "GET /xingrg/all/function/internal_message.html?_=1651132108873&CODE_STATE=getMsg HTTP/1.1" 200 27
58.39.61.91 - - [28/Apr/2022:15:45:43 +0800] "GET /xingrg/all/function/internal_message.html?_=1651131852299&CODE_STATE=getMsg HTTP/1.1" 200 27
58.221.95.50 - - [28/Apr/2022:15:45:45 +0800] "GET /xingrg/check_reg.html?_=1651131943482 HTTP/1.1" 302 -
58.39.201.47 - - [28/Apr/2022:15:45:48 +0800] "GET /xingrg/all/function/internal_message.html?_=1651131948649&CODE_STATE=getMsg HTTP/1.1" 200 27
116.228.172.94 - - [28/Apr/2022:15:46:04 +0800] "GET /xingrg/all/function/internal_message.html?_=1651131797461&CODE_STATE=getMsg HTTP/1.1" 200 27
58.39.61.91 - - [28/Apr/2022:15:46:14 +0800] "GET /xingrg/all/function/internal_message.html?_=1651131883842&CODE_STATE=getMsg HTTP/1.1" 200 27
114.83.221.250 - - [28/Apr/2022:15:46:25 +0800] "GET /xingrg/all/function/internal_message.html?_=1651131982241&CODE_STATE=getMsg HTTP/1.1" 200 27
116.235.92.88 - - [28/Apr/2022:15:46:40 +0800] "GET /xingrg/all/function/internal_message.html?_=1651132168846&CODE_STATE=getMsg HTTP/1.1" 200 27
58.39.61.91 - - [28/Apr/2022:15:46:43 +0800] "GET /xingrg/all/function/internal_message.html?_=1651131912314&CODE_STATE=getMsg HTTP/1.1" 200 27
58.39.201.47 - - [28/Apr/2022:15:46:48 +0800] "GET /xingrg/all/function/internal_message.html?_=1651132008663&CODE_STATE=getMsg HTTP/1.1" 200 27
58.39.201.47 - - [28/Apr/2022:15:46:48 +0800] "GET /xingrg/check_reg.html?_=1651132008666 HTTP/1.1" 200 22
116.228.172.94 - - [28/Apr/2022:15:47:04 +0800] "GET /xingrg/all/function/internal_message.html?_=1651131857463&CODE_STATE=getMsg HTTP/1.1" 200 27
58.39.61.91 - - [28/Apr/2022:15:47:14 +0800] "GET /xingrg/all/function/internal_message.html?_=1651131943881&CODE_STATE=getMsg HTTP/1.1" 200 27
116.235.92.88 - - [28/Apr/2022:15:47:17 +0800] "GET /xingrg/check_reg.html?_=1651132205461 HTTP/1.1" 200 22
114.83.221.250 - - [28/Apr/2022:15:47:25 +0800] "GET /xingrg/all/function/internal_message.html?_=1651132042245&CODE_STATE=getMsg HTTP/1.1" 200 27
116.235.92.88 - - [28/Apr/2022:15:47:40 +0800] "GET /xingrg/all/function/internal_message.html?_=1651132228820&CODE_STATE=getMsg HTTP/1.1" 200 27
58.39.61.91 - - [28/Apr/2022:15:47:43 +0800] "GET /xingrg/all/function/internal_message.html?_=1651131972331&CODE_STATE=getMsg HTTP/1.1" 200 27
58.39.201.47 - - [28/Apr/2022:15:47:48 +0800] "GET /xingrg/all/function/internal_message.html?_=1651132068650&CODE_STATE=getMsg HTTP/1.1" 200 27
116.228.172.94 - - [28/Apr/2022:15:48:04 +0800] "GET /xingrg/all/function/internal_message.html?_=1651131917465&CODE_STATE=getMsg HTTP/1.1" 200 27
58.39.61.91 - - [28/Apr/2022:15:48:14 +0800] "GET /xingrg/all/function/internal_message.html?_=1651132003885&CODE_STATE=getMsg HTTP/1.1" 200 27
114.83.221.250 - - [28/Apr/2022:15:48:25 +0800] "GET /xingrg/all/function/internal_message.html?_=1651132102247&CODE_STATE=getMsg HTTP/1.1" 200 27
116.235.92.88 - - [28/Apr/2022:15:48:40 +0800] "GET /xingrg/all/function/internal_message.html?_=1651132288790&CODE_STATE=getMsg HTTP/1.1" 200 27
58.39.61.91 - - [28/Apr/2022:15:48:43 +0800] "GET /xingrg/all/function/internal_message.html?_=1651132032341&CODE_STATE=getMsg HTTP/1.1" 200 27
58.39.201.47 - - [28/Apr/2022:15:48:48 +0800] "GET /xingrg/all/function/internal_message.html?_=1651132128648&CODE_STATE=getMsg HTTP/1.1" 200 27
58.39.61.91 - - [28/Apr/2022:15:48:58 +0800] "POST /xingrg/services/DataTransmitService HTTP/1.1" 200 524
116.228.172.94 - - [28/Apr/2022:15:49:04 +0800] "GET /xingrg/all/function/internal_message.html?_=1651131977461&CODE_STATE=getMsg HTTP/1.1" 200 27
116.228.172.94 - - [28/Apr/2022:15:49:04 +0800] "GET /xingrg/check_reg.html?_=1651131977465 HTTP/1.1" 200 22
58.39.61.91 - - [28/Apr/2022:15:49:14 +0800] "GET /xingrg/all/function/internal_message.html?_=1651132063937&CODE_STATE=getMsg HTTP/1.1" 200 27
114.83.221.250 - - [28/Apr/2022:15:49:25 +0800] "GET /xingrg/check_reg.html?_=1651132162252 HTTP/1.1" 200 22
114.83.221.250 - - [28/Apr/2022:15:49:25 +0800] "GET /xingrg/all/function/internal_message.html?_=1651132162259&CODE_STATE=getMsg HTTP/1.1" 200 27
116.235.92.88 - - [28/Apr/2022:15:49:40 +0800] "GET /xingrg/all/function/internal_message.html?_=1651132348761&CODE_STATE=getMsg HTTP/1.1" 200 27
58.39.61.91 - - [28/Apr/2022:15:49:42 +0800] "GET /xingrg/check_reg.html?_=1651132091546 HTTP/1.1" 200 22
58.39.61.91 - - [28/Apr/2022:15:49:43 +0800] "GET /xingrg/all/function/internal_message.html?_=1651132092353&CODE_STATE=getMsg HTTP/1.1" 200 27
58.39.201.47 - - [28/Apr/2022:15:49:48 +0800] "GET /xingrg/all/function/internal_message.html?_=1651132188648&CODE_STATE=getMsg HTTP/1.1" 200 27
116.228.172.94 - - [28/Apr/2022:15:50:04 +0800] "GET /xingrg/all/function/internal_message.html?_=1651132037456&CODE_STATE=getMsg HTTP/1.1" 200 27
58.39.61.91 - - [28/Apr/2022:15:50:05 +0800] "GET /xingrg/check_reg.html?_=1651132114290 HTTP/1.1" 200 22
58.39.61.91 - - [28/Apr/2022:15:50:14 +0800] "GET /xingrg/all/function/internal_message.html?_=1651132123945&CODE_STATE=getMsg HTTP/1.1" 200 27
114.83.221.250 - - [28/Apr/2022:15:50:25 +0800] "GET /xingrg/all/function/internal_message.html?_=1651132222246&CODE_STATE=getMsg HTTP/1.1" 200 27
116.235.92.88 - - [28/Apr/2022:15:50:40 +0800] "GET /xingrg/all/function/internal_message.html?_=1651132408731&CODE_STATE=getMsg HTTP/1.1" 200 27
58.39.61.91 - - [28/Apr/2022:15:50:43 +0800] "GET /xingrg/all/function/internal_message.html?_=1651132152368&CODE_STATE=getMsg HTTP/1.1" 200 27
58.221.95.50 - - [28/Apr/2022:15:50:45 +0800] "GET /xingrg/check_reg.html?_=1651132243453 HTTP/1.1" 302 -
58.39.201.47 - - [28/Apr/2022:15:50:48 +0800] "GET /xingrg/all/function/internal_message.html?_=1651132248662&CODE_STATE=getMsg HTTP/1.1" 200 27
116.228.172.94 - - [28/Apr/2022:15:51:04 +0800] "GET /xingrg/all/function/internal_message.html?_=1651132097471&CODE_STATE=getMsg HTTP/1.1" 200 27
58.39.61.91 - - [28/Apr/2022:15:51:14 +0800] "GET /xingrg/all/function/internal_message.html?_=1651132183958&CODE_STATE=getMsg HTTP/1.1" 200 27
114.83.221.250 - - [28/Apr/2022:15:51:25 +0800] "GET /xingrg/all/function/internal_message.html?_=1651132282251&CODE_STATE=getMsg HTTP/1.1" 200 27
116.235.92.88 - - [28/Apr/2022:15:51:40 +0800] "GET /xingrg/all/function/internal_message.html?_=1651132468706&CODE_STATE=getMsg HTTP/1.1" 200 27
58.39.61.91 - - [28/Apr/2022:15:51:43 +0800] "GET /xingrg/all/function/internal_message.html?_=1651132212381&CODE_STATE=getMsg HTTP/1.1" 200 27
58.39.201.47 - - [28/Apr/2022:15:51:48 +0800] "GET /xingrg/all/function/internal_message.html?_=1651132308660&CODE_STATE=getMsg HTTP/1.1" 200 27
58.39.201.47 - - [28/Apr/2022:15:51:48 +0800] "GET /xingrg/check_reg.html?_=1651132308661 HTTP/1.1" 200 22
116.228.172.94 - - [28/Apr/2022:15:52:04 +0800] "GET /xingrg/all/function/internal_message.html?_=1651132157466&CODE_STATE=getMsg HTTP/1.1" 200 27
58.39.61.91 - - [28/Apr/2022:15:52:14 +0800] "GET /xingrg/all/function/internal_message.html?_=1651132244014&CODE_STATE=getMsg HTTP/1.1" 200 27
116.235.92.88 - - [28/Apr/2022:15:52:17 +0800] "GET /xingrg/check_reg.html?_=1651132505460 HTTP/1.1" 200 22
114.83.221.250 - - [28/Apr/2022:15:52:25 +0800] "GET /xingrg/all/function/internal_message.html?_=1651132342256&CODE_STATE=getMsg HTTP/1.1" 200 27
116.235.92.88 - - [28/Apr/2022:15:52:40 +0800] "GET /xingrg/all/function/internal_message.html?_=1651132528684&CODE_STATE=getMsg HTTP/1.1" 200 27
58.39.61.91 - - [28/Apr/2022:15:52:43 +0800] "GET /xingrg/all/function/internal_message.html?_=1651132272399&CODE_STATE=getMsg HTTP/1.1" 200 27
58.39.201.47 - - [28/Apr/2022:15:52:48 +0800] "GET /xingrg/all/function/internal_message.html?_=1651132368660&CODE_STATE=getMsg HTTP/1.1" 200 27
116.228.172.94 - - [28/Apr/2022:15:53:04 +0800] "GET /xingrg/all/function/internal_message.html?_=1651132217466&CODE_STATE=getMsg HTTP/1.1" 200 27
58.39.61.91 - - [28/Apr/2022:15:53:14 +0800] "GET /xingrg/all/function/internal_message.html?_=1651132304017&CODE_STATE=getMsg HTTP/1.1" 200 27
114.83.221.250 - - [28/Apr/2022:15:53:25 +0800] "GET /xingrg/all/function/internal_message.html?_=1651132402258&CODE_STATE=getMsg HTTP/1.1" 200 27
116.235.92.88 - - [28/Apr/2022:15:53:40 +0800] "GET /xingrg/all/function/internal_message.html?_=1651132588663&CODE_STATE=getMsg HTTP/1.1" 200 27
58.39.61.91 - - [28/Apr/2022:15:53:43 +0800] "GET /xingrg/all/function/internal_message.html?_=1651132332408&CODE_STATE=getMsg HTTP/1.1" 200 27
58.39.201.47 - - [28/Apr/2022:15:53:48 +0800] "GET /xingrg/all/function/internal_message.html?_=1651132428658&CODE_STATE=getMsg HTTP/1.1" 200 27
116.228.172.94 - - [28/Apr/2022:15:54:04 +0800] "GET /xingrg/check_reg.html?_=1651132277459 HTTP/1.1" 200 22
116.228.172.94 - - [28/Apr/2022:15:54:04 +0800] "GET /xingrg/all/function/internal_message.html?_=1651132277460&CODE_STATE=getMsg HTTP/1.1" 200 27
58.39.61.91 - - [28/Apr/2022:15:54:14 +0800] "GET /xingrg/all/function/internal_message.html?_=1651132364063&CODE_STATE=getMsg HTTP/1.1" 200 27
114.83.221.250 - - [28/Apr/2022:15:54:25 +0800] "GET /xingrg/all/function/internal_message.html?_=1651132462259&CODE_STATE=getMsg HTTP/1.1" 200 27
114.83.221.250 - - [28/Apr/2022:15:54:25 +0800] "GET /xingrg/check_reg.html?_=1651132462260 HTTP/1.1" 200 22
116.235.92.88 - - [28/Apr/2022:15:54:40 +0800] "GET /xingrg/all/function/internal_message.html?_=1651132648633&CODE_STATE=getMsg HTTP/1.1" 200 27
58.39.61.91 - - [28/Apr/2022:15:54:42 +0800] "GET /xingrg/check_reg.html?_=1651132391551 HTTP/1.1" 200 22
58.39.61.91 - - [28/Apr/2022:15:54:43 +0800] "GET /xingrg/all/function/internal_message.html?_=1651132392421&CODE_STATE=getMsg HTTP/1.1" 200 27
58.39.201.47 - - [28/Apr/2022:15:54:48 +0800] "GET /xingrg/all/function/internal_message.html?_=1651132488657&CODE_STATE=getMsg HTTP/1.1" 200 27
116.228.172.94 - - [28/Apr/2022:15:55:04 +0800] "GET /xingrg/all/function/internal_message.html?_=1651132337447&CODE_STATE=getMsg HTTP/1.1" 200 27
58.39.61.91 - - [28/Apr/2022:15:55:05 +0800] "GET /xingrg/check_reg.html?_=1651132414297 HTTP/1.1" 200 22
58.39.61.91 - - [28/Apr/2022:15:55:14 +0800] "GET /xingrg/all/function/internal_message.html?_=1651132424075&CODE_STATE=getMsg HTTP/1.1" 200 27
114.83.221.250 - - [28/Apr/2022:15:55:25 +0800] "GET /xingrg/all/function/internal_message.html?_=1651132522259&CODE_STATE=getMsg HTTP/1.1" 200 27
116.235.92.88 - - [28/Apr/2022:15:55:40 +0800] "GET /xingrg/all/function/internal_message.html?_=1651132708612&CODE_STATE=getMsg HTTP/1.1" 200 27
58.39.61.91 - - [28/Apr/2022:15:55:43 +0800] "GET /xingrg/all/function/internal_message.html?_=1651132452435&CODE_STATE=getMsg HTTP/1.1" 200 27
58.221.95.50 - - [28/Apr/2022:15:55:45 +0800] "GET /xingrg/check_reg.html?_=1651132543469 HTTP/1.1" 302 -
58.39.201.47 - - [28/Apr/2022:15:55:48 +0800] "GET /xingrg/all/function/internal_message.html?_=1651132548656&CODE_STATE=getMsg HTTP/1.1" 200 27
116.228.172.94 - - [28/Apr/2022:15:56:04 +0800] "GET /xingrg/all/function/internal_message.html?_=1651132397453&CODE_STATE=getMsg HTTP/1.1" 200 27
180.156.212.250 - - [28/Apr/2022:15:56:10 +0800] "POST /xingrg/services/DataTransmitService HTTP/1.1" 200 524
58.39.61.91 - - [28/Apr/2022:15:56:14 +0800] "GET /xingrg/all/function/internal_message.html?_=1651132484088&CODE_STATE=getMsg HTTP/1.1" 200 27
114.83.221.250 - - [28/Apr/2022:15:56:25 +0800] "GET /xingrg/all/function/internal_message.html?_=1651132582261&CODE_STATE=getMsg HTTP/1.1" 200 27
116.235.92.88 - - [28/Apr/2022:15:56:40 +0800] "GET /xingrg/all/function/internal_message.html?_=1651132768581&CODE_STATE=getMsg HTTP/1.1" 200 27
58.39.61.91 - - [28/Apr/2022:15:56:43 +0800] "GET /xingrg/all/function/internal_message.html?_=1651132512448&CODE_STATE=getMsg HTTP/1.1" 200 27
58.39.201.47 - - [28/Apr/2022:15:56:48 +0800] "GET /xingrg/all/function/internal_message.html?_=1651132608655&CODE_STATE=getMsg HTTP/1.1" 200 27
58.39.201.47 - - [28/Apr/2022:15:56:48 +0800] "GET /xingrg/check_reg.html?_=1651132608657 HTTP/1.1" 200 22
116.228.172.94 - - [28/Apr/2022:15:57:04 +0800] "GET /xingrg/all/function/internal_message.html?_=1651132457467&CODE_STATE=getMsg HTTP/1.1" 200 27
58.39.61.91 - - [28/Apr/2022:15:57:14 +0800] "GET /xingrg/all/function/internal_message.html?_=1651132544141&CODE_STATE=getMsg HTTP/1.1" 200 27
116.235.92.88 - - [28/Apr/2022:15:57:17 +0800] "GET /xingrg/check_reg.html?_=1651132805459 HTTP/1.1" 200 22
114.83.221.250 - - [28/Apr/2022:15:57:25 +0800] "GET /xingrg/all/function/internal_message.html?_=1651132642263&CODE_STATE=getMsg HTTP/1.1" 200 27
116.235.92.88 - - [28/Apr/2022:15:57:40 +0800] "GET /xingrg/all/function/internal_message.html?_=1651132828562&CODE_STATE=getMsg HTTP/1.1" 200 27
58.39.61.91 - - [28/Apr/2022:15:57:43 +0800] "GET /xingrg/all/function/internal_message.html?_=1651132572466&CODE_STATE=getMsg HTTP/1.1" 200 27
58.39.201.47 - - [28/Apr/2022:15:57:48 +0800] "GET /xingrg/all/function/internal_message.html?_=1651132668657&CODE_STATE=getMsg HTTP/1.1" 200 27
116.228.172.94 - - [28/Apr/2022:15:58:04 +0800] "GET /xingrg/all/function/internal_message.html?_=1651132517463&CODE_STATE=getMsg HTTP/1.1" 200 27
58.39.61.91 - - [28/Apr/2022:15:58:14 +0800] "GET /xingrg/all/function/internal_message.html?_=1651132604147&CODE_STATE=getMsg HTTP/1.1" 200 27
114.83.221.250 - - [28/Apr/2022:15:58:25 +0800] "GET /xingrg/all/function/internal_message.html?_=1651132702248&CODE_STATE=getMsg HTTP/1.1" 200 27
116.235.92.88 - - [28/Apr/2022:15:58:40 +0800] "GET /xingrg/all/function/internal_message.html?_=1651132888540&CODE_STATE=getMsg HTTP/1.1" 200 27
58.39.61.91 - - [28/Apr/2022:15:58:43 +0800] "GET /xingrg/all/function/internal_message.html?_=1651132632476&CODE_STATE=getMsg HTTP/1.1" 200 27
58.39.201.47 - - [28/Apr/2022:15:58:48 +0800] "GET /xingrg/all/function/internal_message.html?_=1651132728658&CODE_STATE=getMsg HTTP/1.1" 200 27
116.228.172.94 - - [28/Apr/2022:15:59:04 +0800] "GET /xingrg/check_reg.html?_=1651132577458 HTTP/1.1" 200 22
116.228.172.94 - - [28/Apr/2022:15:59:04 +0800] "GET /xingrg/all/function/internal_message.html?_=1651132577460&CODE_STATE=getMsg HTTP/1.1" 200 27
58.39.61.91 - - [28/Apr/2022:15:59:15 +0800] "GET /xingrg/all/function/internal_message.html?_=1651132664199&CODE_STATE=getMsg HTTP/1.1" 200 27
114.83.221.250 - - [28/Apr/2022:15:59:25 +0800] "GET /xingrg/all/function/internal_message.html?_=1651132762283&CODE_STATE=getMsg HTTP/1.1" 200 27
114.83.221.250 - - [28/Apr/2022:15:59:25 +0800] "GET /xingrg/check_reg.html?_=1651132762287 HTTP/1.1" 200 22
116.235.92.88 - - [28/Apr/2022:15:59:40 +0800] "GET /xingrg/all/function/internal_message.html?_=1651132948531&CODE_STATE=getMsg HTTP/1.1" 200 27
58.39.61.91 - - [28/Apr/2022:15:59:42 +0800] "GET /xingrg/check_reg.html?_=1651132691559 HTTP/1.1" 200 22
58.39.61.91 - - [28/Apr/2022:15:59:43 +0800] "GET /xingrg/all/function/internal_message.html?_=1651132692489&CODE_STATE=getMsg HTTP/1.1" 200 27
58.39.201.47 - - [28/Apr/2022:15:59:48 +0800] "GET /xingrg/all/function/internal_message.html?_=1651132788658&CODE_STATE=getMsg HTTP/1.1" 200 27
116.228.172.94 - - [28/Apr/2022:16:00:04 +0800] "GET /xingrg/all/function/internal_message.html?_=1651132637446&CODE_STATE=getMsg HTTP/1.1" 200 27
58.39.61.91 - - [28/Apr/2022:16:00:05 +0800] "GET /xingrg/check_reg.html?_=1651132714299 HTTP/1.1" 200 22
58.39.61.91 - - [28/Apr/2022:16:00:15 +0800] "GET /xingrg/all/function/internal_message.html?_=1651132724205&CODE_STATE=getMsg HTTP/1.1" 200 27
114.83.221.250 - - [28/Apr/2022:16:00:25 +0800] "GET /xingrg/all/function/internal_message.html?_=1651132822275&CODE_STATE=getMsg HTTP/1.1" 200 27
116.235.92.88 - - [28/Apr/2022:16:00:40 +0800] "GET /xingrg/all/function/internal_message.html?_=1651133008512&CODE_STATE=getMsg HTTP/1.1" 200 27
58.39.61.91 - - [28/Apr/2022:16:00:43 +0800] "GET /xingrg/all/function/internal_message.html?_=1651132752504&CODE_STATE=getMsg HTTP/1.1" 200 27
58.221.95.50 - - [28/Apr/2022:16:00:45 +0800] "GET /xingrg/check_reg.html?_=1651132843441 HTTP/1.1" 302 -
58.39.201.47 - - [28/Apr/2022:16:00:48 +0800] "GET /xingrg/all/function/internal_message.html?_=1651132848656&CODE_STATE=getMsg HTTP/1.1" 200 27
116.228.172.94 - - [28/Apr/2022:16:01:04 +0800] "GET /xingrg/all/function/internal_message.html?_=1651132697459&CODE_STATE=getMsg HTTP/1.1" 200 27
58.39.61.91 - - [28/Apr/2022:16:01:15 +0800] "GET /xingrg/all/function/internal_message.html?_=1651132784218&CODE_STATE=getMsg HTTP/1.1" 200 27
114.83.221.250 - - [28/Apr/2022:16:01:25 +0800] "GET /xingrg/all/function/internal_message.html?_=1651132882276&CODE_STATE=getMsg HTTP/1.1" 200 27
116.235.92.88 - - [28/Apr/2022:16:01:40 +0800] "GET /xingrg/all/function/internal_message.html?_=1651133068492&CODE_STATE=getMsg HTTP/1.1" 200 27
58.39.61.91 - - [28/Apr/2022:16:01:43 +0800] "GET /xingrg/all/function/internal_message.html?_=1651132812517&CODE_STATE=getMsg HTTP/1.1" 200 27
58.39.201.47 - - [28/Apr/2022:16:01:48 +0800] "GET /xingrg/all/function/internal_message.html?_=1651132908655&CODE_STATE=getMsg HTTP/1.1" 200 27
58.39.201.47 - - [28/Apr/2022:16:01:48 +0800] "GET /xingrg/check_reg.html?_=1651132908656 HTTP/1.1" 200 22
116.228.172.94 - - [28/Apr/2022:16:02:04 +0800] "GET /xingrg/all/function/internal_message.html?_=1651132757460&CODE_STATE=getMsg HTTP/1.1" 200 27
58.39.61.91 - - [28/Apr/2022:16:02:15 +0800] "GET /xingrg/all/function/internal_message.html?_=1651132844275&CODE_STATE=getMsg HTTP/1.1" 200 27
116.235.92.88 - - [28/Apr/2022:16:02:17 +0800] "GET /xingrg/check_reg.html?_=1651133105480 HTTP/1.1" 200 22
114.83.221.250 - - [28/Apr/2022:16:02:25 +0800] "GET /xingrg/all/function/internal_message.html?_=1651132942276&CODE_STATE=getMsg HTTP/1.1" 200 27
116.235.92.88 - - [28/Apr/2022:16:02:40 +0800] "GET /xingrg/all/function/internal_message.html?_=1651133128471&CODE_STATE=getMsg HTTP/1.1" 200 27
58.39.61.91 - - [28/Apr/2022:16:02:43 +0800] "GET /xingrg/all/function/internal_message.html?_=1651132872534&CODE_STATE=getMsg HTTP/1.1" 200 27
58.39.201.47 - - [28/Apr/2022:16:02:48 +0800] "GET /xingrg/all/function/internal_message.html?_=1651132968653&CODE_STATE=getMsg HTTP/1.1" 200 27
116.228.172.94 - - [28/Apr/2022:16:03:04 +0800] "GET /xingrg/all/function/internal_message.html?_=1651132817463&CODE_STATE=getMsg HTTP/1.1" 200 27
58.39.61.91 - - [28/Apr/2022:16:03:15 +0800] "GET /xingrg/all/function/internal_message.html?_=1651132904276&CODE_STATE=getMsg HTTP/1.1" 200 27
114.83.221.250 - - [28/Apr/2022:16:03:25 +0800] "GET /xingrg/all/function/internal_message.html?_=1651133002298&CODE_STATE=getMsg HTTP/1.1" 200 27
116.235.92.88 - - [28/Apr/2022:16:03:42 +0800] "GET /xingrg/all/function/internal_message.html?_=1651133188452&CODE_STATE=getMsg HTTP/1.1" 200 27
58.39.61.91 - - [28/Apr/2022:16:03:43 +0800] "GET /xingrg/all/function/internal_message.html?_=1651132932545&CODE_STATE=getMsg HTTP/1.1" 200 27
58.39.201.47 - - [28/Apr/2022:16:03:48 +0800] "GET /xingrg/all/function/internal_message.html?_=1651133028677&CODE_STATE=getMsg HTTP/1.1" 200 27
116.232.49.52 - - [28/Apr/2022:16:03:59 +0800] "POST /xingrg/services/DataTransmitService HTTP/1.1" 200 524
116.232.49.52 - - [28/Apr/2022:16:03:59 +0800] "POST /xingrg/services/DataTransmitService HTTP/1.1" 200 501
116.228.172.94 - - [28/Apr/2022:16:04:04 +0800] "GET /xingrg/check_reg.html?_=1651132877465 HTTP/1.1" 200 22
116.228.172.94 - - [28/Apr/2022:16:04:04 +0800] "GET /xingrg/all/function/internal_message.html?_=1651132877467&CODE_STATE=getMsg HTTP/1.1" 200 27
58.39.61.91 - - [28/Apr/2022:16:04:15 +0800] "GET /xingrg/all/function/internal_message.html?_=1651132964335&CODE_STATE=getMsg HTTP/1.1" 200 27
114.83.221.250 - - [28/Apr/2022:16:04:25 +0800] "GET /xingrg/all/function/internal_message.html?_=1651133062301&CODE_STATE=getMsg HTTP/1.1" 200 27
114.83.221.250 - - [28/Apr/2022:16:04:25 +0800] "GET /xingrg/check_reg.html?_=1651133062306 HTTP/1.1" 200 22
116.235.92.88 - - [28/Apr/2022:16:04:40 +0800] "GET /xingrg/all/function/internal_message.html?_=1651133248424&CODE_STATE=getMsg HTTP/1.1" 200 27
58.39.61.91 - - [28/Apr/2022:16:04:42 +0800] "GET /xingrg/check_reg.html?_=1651132991562 HTTP/1.1" 200 22
58.39.61.91 - - [28/Apr/2022:16:04:43 +0800] "GET /xingrg/all/function/internal_message.html?_=1651132992557&CODE_STATE=getMsg HTTP/1.1" 200 27
58.39.201.47 - - [28/Apr/2022:16:04:48 +0800] "GET /xingrg/all/function/internal_message.html?_=1651133088674&CODE_STATE=getMsg HTTP/1.1" 200 27
116.228.172.94 - - [28/Apr/2022:16:05:04 +0800] "GET /xingrg/all/function/internal_message.html?_=1651132937456&CODE_STATE=getMsg HTTP/1.1" 200 27
58.39.61.91 - - [28/Apr/2022:16:05:05 +0800] "GET /xingrg/check_reg.html?_=1651133014309 HTTP/1.1" 200 22
58.39.61.91 - - [28/Apr/2022:16:05:15 +0800] "GET /xingrg/all/function/internal_message.html?_=1651133024335&CODE_STATE=getMsg HTTP/1.1" 200 27
114.83.221.250 - - [28/Apr/2022:16:05:25 +0800] "GET /xingrg/all/function/internal_message.html?_=1651133122302&CODE_STATE=getMsg HTTP/1.1" 200 27
116.235.92.88 - - [28/Apr/2022:16:05:40 +0800] "GET /xingrg/all/function/internal_message.html?_=1651133308393&CODE_STATE=getMsg HTTP/1.1" 200 27
58.39.61.91 - - [28/Apr/2022:16:05:43 +0800] "GET /xingrg/all/function/internal_message.html?_=1651133052572&CODE_STATE=getMsg HTTP/1.1" 200 27
58.221.95.50 - - [28/Apr/2022:16:05:45 +0800] "GET /xingrg/check_reg.html?_=1651133143469 HTTP/1.1" 302 -
58.39.201.47 - - [28/Apr/2022:16:05:48 +0800] "GET /xingrg/all/function/internal_message.html?_=1651133148676&CODE_STATE=getMsg HTTP/1.1" 200 27
116.228.172.94 - - [28/Apr/2022:16:06:04 +0800] "GET /xingrg/all/function/internal_message.html?_=1651132997461&CODE_STATE=getMsg HTTP/1.1" 200 27
58.39.61.91 - - [28/Apr/2022:16:06:15 +0800] "GET /xingrg/all/function/internal_message.html?_=1651133084348&CODE_STATE=getMsg HTTP/1.1" 200 27
114.83.221.250 - - [28/Apr/2022:16:06:25 +0800] "GET /xingrg/all/function/internal_message.html?_=1651133182290&CODE_STATE=getMsg HTTP/1.1" 200 27
116.235.92.88 - - [28/Apr/2022:16:06:40 +0800] "GET /xingrg/all/function/internal_message.html?_=1651133368374&CODE_STATE=getMsg HTTP/1.1" 200 27
58.39.61.91 - - [28/Apr/2022:16:06:43 +0800] "GET /xingrg/all/function/internal_message.html?_=1651133112584&CODE_STATE=getMsg HTTP/1.1" 200 27
58.39.201.47 - - [28/Apr/2022:16:06:48 +0800] "GET /xingrg/all/function/internal_message.html?_=1651133208676&CODE_STATE=getMsg HTTP/1.1" 200 27
58.39.201.47 - - [28/Apr/2022:16:06:48 +0800] "GET /xingrg/check_reg.html?_=1651133208677 HTTP/1.1" 200 22
116.228.172.94 - - [28/Apr/2022:16:07:04 +0800] "GET /xingrg/all/function/internal_message.html?_=1651133057463&CODE_STATE=getMsg HTTP/1.1" 200 27
58.39.61.91 - - [28/Apr/2022:16:07:15 +0800] "GET /xingrg/all/function/internal_message.html?_=1651133144402&CODE_STATE=getMsg HTTP/1.1" 200 27
116.235.92.88 - - [28/Apr/2022:16:07:17 +0800] "GET /xingrg/check_reg.html?_=1651133405487 HTTP/1.1" 200 22
114.83.221.250 - - [28/Apr/2022:16:07:25 +0800] "GET /xingrg/all/function/internal_message.html?_=1651133242298&CODE_STATE=getMsg HTTP/1.1" 200 27
116.235.92.88 - - [28/Apr/2022:16:07:40 +0800] "GET /xingrg/all/function/internal_message.html?_=1651133428356&CODE_STATE=getMsg HTTP/1.1" 200 27
58.39.61.91 - - [28/Apr/2022:16:07:43 +0800] "GET /xingrg/all/function/internal_message.html?_=1651133172601&CODE_STATE=getMsg HTTP/1.1" 200 27
58.39.201.47 - - [28/Apr/2022:16:07:48 +0800] "GET /xingrg/all/function/internal_message.html?_=1651133268674&CODE_STATE=getMsg HTTP/1.1" 200 27
116.228.172.94 - - [28/Apr/2022:16:08:04 +0800] "GET /xingrg/all/function/internal_message.html?_=1651133117453&CODE_STATE=getMsg HTTP/1.1" 200 27
58.39.61.91 - - [28/Apr/2022:16:08:15 +0800] "GET /xingrg/all/function/internal_message.html?_=1651133204407&CODE_STATE=getMsg HTTP/1.1" 200 27
114.83.221.250 - - [28/Apr/2022:16:08:25 +0800] "GET /xingrg/all/function/internal_message.html?_=1651133302302&CODE_STATE=getMsg HTTP/1.1" 200 27
58.39.201.47 - - [28/Apr/2022:16:08:27 +0800] "POST /xingrg/services/DataTransmitService HTTP/1.1" 200 524
58.39.201.47 - - [28/Apr/2022:16:08:28 +0800] "POST /xingrg/services/DataTransmitService HTTP/1.1" 200 501
58.39.201.47 - - [28/Apr/2022:16:08:28 +0800] "POST /xingrg/services/DataTransmitService HTTP/1.1" 200 501
58.39.201.47 - - [28/Apr/2022:16:08:28 +0800] "POST /xingrg/services/DataTransmitService HTTP/1.1" 200 501
58.39.201.47 - - [28/Apr/2022:16:08:28 +0800] "POST /xingrg/services/DataTransmitService HTTP/1.1" 200 501
58.39.201.47 - - [28/Apr/2022:16:08:29 +0800] "POST /xingrg/services/DataTransmitService HTTP/1.1" 200 501
58.39.201.47 - - [28/Apr/2022:16:08:29 +0800] "POST /xingrg/services/DataTransmitService HTTP/1.1" 200 412
116.235.92.88 - - [28/Apr/2022:16:08:39 +0800] "GET /xingrg/all/function/internal_message.html?_=1651133488338&CODE_STATE=getMsg HTTP/1.1" 200 27
58.39.61.91 - - [28/Apr/2022:16:08:43 +0800] "GET /xingrg/all/function/internal_message.html?_=1651133232613&CODE_STATE=getMsg HTTP/1.1" 200 27
58.39.201.47 - - [28/Apr/2022:16:08:48 +0800] "GET /xingrg/all/function/internal_message.html?_=1651133328688&CODE_STATE=getMsg HTTP/1.1" 200 27
116.228.172.94 - - [28/Apr/2022:16:09:04 +0800] "GET /xingrg/all/function/internal_message.html?_=1651133177466&CODE_STATE=getMsg HTTP/1.1" 200 27
116.228.172.94 - - [28/Apr/2022:16:09:04 +0800] "GET /xingrg/check_reg.html?_=1651133177469 HTTP/1.1" 200 22
58.39.61.91 - - [28/Apr/2022:16:09:15 +0800] "GET /xingrg/all/function/internal_message.html?_=1651133264463&CODE_STATE=getMsg HTTP/1.1" 200 27
114.83.221.250 - - [28/Apr/2022:16:09:25 +0800] "GET /xingrg/all/function/internal_message.html?_=1651133362307&CODE_STATE=getMsg HTTP/1.1" 200 27
114.83.221.250 - - [28/Apr/2022:16:09:25 +0800] "GET /xingrg/check_reg.html?_=1651133362314 HTTP/1.1" 200 22
116.235.92.88 - - [28/Apr/2022:16:09:39 +0800] "GET /xingrg/all/function/internal_message.html?_=1651133548321&CODE_STATE=getMsg HTTP/1.1" 200 27
58.39.61.91 - - [28/Apr/2022:16:09:42 +0800] "GET /xingrg/check_reg.html?_=1651133291574 HTTP/1.1" 200 22
58.39.61.91 - - [28/Apr/2022:16:09:43 +0800] "GET /xingrg/all/function/internal_message.html?_=1651133292625&CODE_STATE=getMsg HTTP/1.1" 200 27
58.39.201.47 - - [28/Apr/2022:16:09:48 +0800] "GET /xingrg/all/function/internal_message.html?_=1651133388673&CODE_STATE=getMsg HTTP/1.1" 200 27
116.228.172.94 - - [28/Apr/2022:16:10:04 +0800] "GET /xingrg/all/function/internal_message.html?_=1651133237458&CODE_STATE=getMsg HTTP/1.1" 200 27
58.39.61.91 - - [28/Apr/2022:16:10:05 +0800] "GET /xingrg/check_reg.html?_=1651133314315 HTTP/1.1" 200 22
58.39.61.91 - - [28/Apr/2022:16:10:15 +0800] "GET /xingrg/all/function/internal_message.html?_=1651133324465&CODE_STATE=getMsg HTTP/1.1" 200 27
114.83.221.250 - - [28/Apr/2022:16:10:25 +0800] "GET /xingrg/all/function/internal_message.html?_=1651133422314&CODE_STATE=getMsg HTTP/1.1" 200 27
116.235.92.88 - - [28/Apr/2022:16:10:39 +0800] "GET /xingrg/all/function/internal_message.html?_=1651133608296&CODE_STATE=getMsg HTTP/1.1" 200 27
58.39.61.91 - - [28/Apr/2022:16:10:43 +0800] "GET /xingrg/all/function/internal_message.html?_=1651133352639&CODE_STATE=getMsg HTTP/1.1" 200 27
58.221.95.50 - - [28/Apr/2022:16:10:45 +0800] "GET /xingrg/check_reg.html?_=1651133443453 HTTP/1.1" 302 -
58.39.201.47 - - [28/Apr/2022:16:10:48 +0800] "GET /xingrg/all/function/internal_message.html?_=1651133448688&CODE_STATE=getMsg HTTP/1.1" 200 27
116.228.172.94 - - [28/Apr/2022:16:11:04 +0800] "GET /xingrg/all/function/internal_message.html?_=1651133297459&CODE_STATE=getMsg HTTP/1.1" 200 27
58.39.61.91 - - [28/Apr/2022:16:11:15 +0800] "GET /xingrg/all/function/internal_message.html?_=1651133384479&CODE_STATE=getMsg HTTP/1.1" 200 27
114.83.221.250 - - [28/Apr/2022:16:11:25 +0800] "GET /xingrg/all/function/internal_message.html?_=1651133482314&CODE_STATE=getMsg HTTP/1.1" 200 27
116.235.92.88 - - [28/Apr/2022:16:11:39 +0800] "GET /xingrg/all/function/internal_message.html?_=1651133668270&CODE_STATE=getMsg HTTP/1.1" 200 27
58.39.61.91 - - [28/Apr/2022:16:11:43 +0800] "GET /xingrg/all/function/internal_message.html?_=1651133412652&CODE_STATE=getMsg HTTP/1.1" 200 27
218.81.223.53 - - [28/Apr/2022:16:11:46 +0800] "POST /xingrg/services/DataTransmitService HTTP/1.1" 200 524
218.81.223.53 - - [28/Apr/2022:16:11:47 +0800] "POST /xingrg/services/DataTransmitService HTTP/1.1" 200 412
58.39.201.47 - - [28/Apr/2022:16:11:48 +0800] "GET /xingrg/check_reg.html?_=1651133508673 HTTP/1.1" 200 22
58.39.201.47 - - [28/Apr/2022:16:11:48 +0800] "GET /xingrg/all/function/internal_message.html?_=1651133508675&CODE_STATE=getMsg HTTP/1.1" 200 27
116.228.172.94 - - [28/Apr/2022:16:12:04 +0800] "GET /xingrg/all/function/internal_message.html?_=1651133357453&CODE_STATE=getMsg HTTP/1.1" 200 27
58.39.61.91 - - [28/Apr/2022:16:12:15 +0800] "GET /xingrg/all/function/internal_message.html?_=1651133444531&CODE_STATE=getMsg HTTP/1.1" 200 27
116.235.92.88 - - [28/Apr/2022:16:12:17 +0800] "GET /xingrg/check_reg.html?_=1651133705477 HTTP/1.1" 200 22
114.83.221.250 - - [28/Apr/2022:16:12:25 +0800] "GET /xingrg/all/function/internal_message.html?_=1651133542314&CODE_STATE=getMsg HTTP/1.1" 200 27
116.235.92.88 - - [28/Apr/2022:16:12:39 +0800] "GET /xingrg/all/function/internal_message.html?_=1651133728246&CODE_STATE=getMsg HTTP/1.1" 200 27
58.39.61.91 - - [28/Apr/2022:16:12:43 +0800] "GET /xingrg/all/function/internal_message.html?_=1651133472671&CODE_STATE=getMsg HTTP/1.1" 200 27
116.235.92.88 - - [28/Apr/2022:16:12:46 +0800] "POST /xingrg/services/DataTransmitService HTTP/1.1" 200 524
58.39.201.47 - - [28/Apr/2022:16:12:48 +0800] "GET /xingrg/all/function/internal_message.html?_=1651133568673&CODE_STATE=getMsg HTTP/1.1" 200 27
116.235.92.88 - - [28/Apr/2022:16:12:51 +0800] "POST /xingrg/services/DataTransmitService HTTP/1.1" 200 501
116.228.172.94 - - [28/Apr/2022:16:13:04 +0800] "GET /xingrg/all/function/internal_message.html?_=1651133417466&CODE_STATE=getMsg HTTP/1.1" 200 27
58.39.61.91 - - [28/Apr/2022:16:13:15 +0800] "GET /xingrg/all/function/internal_message.html?_=1651133504537&CODE_STATE=getMsg HTTP/1.1" 200 27
114.83.221.250 - - [28/Apr/2022:16:13:25 +0800] "GET /xingrg/all/function/internal_message.html?_=1651133602314&CODE_STATE=getMsg HTTP/1.1" 200 27
116.235.92.88 - - [28/Apr/2022:16:13:39 +0800] "GET /xingrg/all/function/internal_message.html?_=1651133788214&CODE_STATE=getMsg HTTP/1.1" 200 27
58.39.61.91 - - [28/Apr/2022:16:13:43 +0800] "GET /xingrg/all/function/internal_message.html?_=1651133532679&CODE_STATE=getMsg HTTP/1.1" 200 27
58.39.201.47 - - [28/Apr/2022:16:13:48 +0800] "GET /xingrg/all/function/internal_message.html?_=1651133628687&CODE_STATE=getMsg HTTP/1.1" 200 27
116.228.172.94 - - [28/Apr/2022:16:14:04 +0800] "GET /xingrg/all/function/internal_message.html?_=1651133477461&CODE_STATE=getMsg HTTP/1.1" 200 27
116.228.172.94 - - [28/Apr/2022:16:14:04 +0800] "GET /xingrg/check_reg.html?_=1651133477465 HTTP/1.1" 200 22
58.39.61.91 - - [28/Apr/2022:16:14:15 +0800] "GET /xingrg/all/function/internal_message.html?_=1651133564589&CODE_STATE=getMsg HTTP/1.1" 200 27
114.83.221.250 - - [28/Apr/2022:16:14:25 +0800] "GET /xingrg/all/function/internal_message.html?_=1651133662324&CODE_STATE=getMsg HTTP/1.1" 200 27
114.83.221.250 - - [28/Apr/2022:16:14:25 +0800] "GET /xingrg/check_reg.html?_=1651133662326 HTTP/1.1" 200 22
116.235.92.88 - - [28/Apr/2022:16:14:39 +0800] "GET /xingrg/all/function/internal_message.html?_=1651133848192&CODE_STATE=getMsg HTTP/1.1" 200 27
58.39.61.91 - - [28/Apr/2022:16:14:42 +0800] "GET /xingrg/check_reg.html?_=1651133591582 HTTP/1.1" 200 22
58.39.61.91 - - [28/Apr/2022:16:14:43 +0800] "GET /xingrg/all/function/internal_message.html?_=1651133592694&CODE_STATE=getMsg HTTP/1.1" 200 27
58.39.201.47 - - [28/Apr/2022:16:14:48 +0800] "GET /xingrg/all/function/internal_message.html?_=1651133688687&CODE_STATE=getMsg HTTP/1.1" 200 27
116.228.172.94 - - [28/Apr/2022:16:15:04 +0800] "GET /xingrg/all/function/internal_message.html?_=1651133537456&CODE_STATE=getMsg HTTP/1.1" 200 27
58.39.61.91 - - [28/Apr/2022:16:15:05 +0800] "GET /xingrg/check_reg.html?_=1651133614317 HTTP/1.1" 200 22
58.39.61.91 - - [28/Apr/2022:16:15:15 +0800] "GET /xingrg/all/function/internal_message.html?_=1651133624596&CODE_STATE=getMsg HTTP/1.1" 200 27
114.83.221.250 - - [28/Apr/2022:16:15:25 +0800] "GET /xingrg/all/function/internal_message.html?_=1651133722327&CODE_STATE=getMsg HTTP/1.1" 200 27
116.235.92.88 - - [28/Apr/2022:16:15:39 +0800] "GET /xingrg/all/function/internal_message.html?_=1651133908169&CODE_STATE=getMsg HTTP/1.1" 200 27
58.39.61.91 - - [28/Apr/2022:16:15:43 +0800] "GET /xingrg/all/function/internal_message.html?_=1651133652707&CODE_STATE=getMsg HTTP/1.1" 200 27
58.221.95.50 - - [28/Apr/2022:16:15:45 +0800] "GET /xingrg/check_reg.html?_=1651133743467 HTTP/1.1" 302 -
58.39.201.47 - - [28/Apr/2022:16:15:48 +0800] "GET /xingrg/all/function/internal_message.html?_=1651133748686&CODE_STATE=getMsg HTTP/1.1" 200 27
157.230.57.198 - - [28/Apr/2022:16:16:03 +0800] "HEAD / HTTP/1.0" 404 -
116.228.172.94 - - [28/Apr/2022:16:16:04 +0800] "GET /xingrg/all/function/internal_message.html?_=1651133597473&CODE_STATE=getMsg HTTP/1.1" 200 27
157.230.57.198 - - [28/Apr/2022:16:16:05 +0800] "GET /system_api.php HTTP/1.1" 404 -
157.230.57.198 - - [28/Apr/2022:16:16:06 +0800] "GET /c/version.js HTTP/1.1" 404 -
157.230.57.198 - - [28/Apr/2022:16:16:07 +0800] "GET /streaming/clients_live.php HTTP/1.1" 404 -
157.230.57.198 - - [28/Apr/2022:16:16:08 +0800] "GET /stalker_portal/c/version.js HTTP/1.1" 404 -
157.230.57.198 - - [28/Apr/2022:16:16:09 +0800] "GET /stream/live.php HTTP/1.1" 404 -
157.230.57.198 - - [28/Apr/2022:16:16:10 +0800] "GET /flu/403.html HTTP/1.1" 404 -
157.230.57.198 - - [28/Apr/2022:16:16:11 +0800] "GET / HTTP/1.1" 404 -
58.39.61.91 - - [28/Apr/2022:16:16:15 +0800] "GET /xingrg/all/function/internal_message.html?_=1651133684609&CODE_STATE=getMsg HTTP/1.1" 200 27
