58.39.201.47 - - [27/Apr/2022:10:06:47 +0800] "GET /xingrg/all/function/internal_message.html?_=1651025206883&CODE_STATE=getMsg HTTP/1.1" 200 27
218.81.223.53 - - [27/Apr/2022:10:06:56 +0800] "GET /xingrg/kc/buy/cgsh_order_operate.html?command=get_materiel&rest_code=00146&code=00102026001&supplier_code=00100313&order_time=2022-04-27 HTTP/1.1" 200 409
116.235.92.88 - - [27/Apr/2022:10:06:58 +0800] "GET /xingrg/kc/base/wldb_order_add.html HTTP/1.1" 200 30321
116.235.92.88 - - [27/Apr/2022:10:06:58 +0800] "POST /xingrg/kc/base/wldb_order_operate.html HTTP/1.1" 200 6806
116.235.92.88 - - [27/Apr/2022:10:06:58 +0800] "GET /xingrg/javascript/easyui/themes/default/validatebox.css HTTP/1.1" 404 1104
116.235.92.88 - - [27/Apr/2022:10:07:00 +0800] "POST /xingrg/all/common/load_combo.html?type=base HTTP/1.1" 200 3315
116.235.92.88 - - [27/Apr/2022:10:07:04 +0800] "POST /xingrg/all/common/load_combo.html?type=base HTTP/1.1" 200 3315
116.235.92.88 - - [27/Apr/2022:10:07:14 +0800] "GET /xingrg/check_reg.html?_=1651025403741 HTTP/1.1" 200 22
116.235.92.88 - - [27/Apr/2022:10:07:14 +0800] "GET /xingrg/all/function/internal_message.html?_=1651025403743&CODE_STATE=getMsg HTTP/1.1" 200 27
58.39.61.91 - - [27/Apr/2022:10:07:28 +0800] "GET /xingrg/all/function/internal_message.html?_=1651025160122&CODE_STATE=getMsg HTTP/1.1" 200 27
218.81.223.53 - - [27/Apr/2022:10:07:32 +0800] "POST /xingrg/kc/buy/cgsh_order_operate.html HTTP/1.1" 200 37
218.81.223.53 - - [27/Apr/2022:10:07:35 +0800] "POST /xingrg/kc/buy/cgsh_order_operate.html HTTP/1.1" 200 12
58.39.201.47 - - [27/Apr/2022:10:07:38 +0800] "GET /xingrg/all/function/internal_message.html?_=1651025190145&CODE_STATE=getMsg HTTP/1.1" 302 -
218.81.223.53 - - [27/Apr/2022:10:07:41 +0800] "GET /xingrg/kc/buy/cgsh_order_info.html?code=212022042700150 HTTP/1.1" 200 60675
218.81.223.53 - - [27/Apr/2022:10:07:42 +0800] "GET /xingrg/javascript/easyui/themes/default/validatebox.css HTTP/1.1" 404 1104
218.81.223.53 - - [27/Apr/2022:10:07:42 +0800] "GET /xingrg/all/function/internal_message.html?_=1651025266131&CODE_STATE=getMsg HTTP/1.1" 200 27
218.81.223.53 - - [27/Apr/2022:10:07:42 +0800] "POST /xingrg/kc/buy/cgsh_order_operate.html HTTP/1.1" 200 5941
218.81.223.53 - - [27/Apr/2022:10:07:45 +0800] "GET /xingrg/kc/print/load_config.html?kc_code=cgsh HTTP/1.1" 200 1943
218.81.223.53 - - [27/Apr/2022:10:07:45 +0800] "GET /xingrg/kc/print/load_data.html?order_code=212022042700150&kc_code=cgsh&condition= HTTP/1.1" 200 2744
58.39.201.47 - - [27/Apr/2022:10:07:47 +0800] "GET /xingrg/all/function/internal_message.html?_=1651025266886&CODE_STATE=getMsg HTTP/1.1" 200 27
218.81.223.53 - - [27/Apr/2022:10:08:05 +0800] "GET /xingrg/kc/buy/cgsh_order_add.html HTTP/1.1" 200 65768
218.81.223.53 - - [27/Apr/2022:10:08:05 +0800] "POST /xingrg/kc/buy/cgsh_order_operate.html HTTP/1.1" 200 8245
218.81.223.53 - - [27/Apr/2022:10:08:05 +0800] "GET /xingrg/javascript/easyui/themes/default/validatebox.css HTTP/1.1" 404 1104
116.235.92.88 - - [27/Apr/2022:10:08:14 +0800] "GET /xingrg/all/function/internal_message.html?_=1651025463738&CODE_STATE=getMsg HTTP/1.1" 200 27
58.39.61.91 - - [27/Apr/2022:10:08:28 +0800] "GET /xingrg/all/function/internal_message.html?_=1651025220125&CODE_STATE=getMsg HTTP/1.1" 200 27
58.39.201.47 - - [27/Apr/2022:10:08:38 +0800] "GET /xingrg/check_reg.html?_=1651025250133 HTTP/1.1" 302 -
58.39.201.47 - - [27/Apr/2022:10:08:38 +0800] "GET /xingrg/all/function/internal_message.html?_=1651025250136&CODE_STATE=getMsg HTTP/1.1" 302 -
218.81.223.53 - - [27/Apr/2022:10:08:42 +0800] "GET /xingrg/all/function/internal_message.html?_=1651025326144&CODE_STATE=getMsg HTTP/1.1" 200 27
58.39.201.47 - - [27/Apr/2022:10:08:47 +0800] "GET /xingrg/all/function/internal_message.html?_=1651025326879&CODE_STATE=getMsg HTTP/1.1" 200 27
116.235.92.88 - - [27/Apr/2022:10:09:14 +0800] "GET /xingrg/all/function/internal_message.html?_=1651025523746&CODE_STATE=getMsg HTTP/1.1" 200 27
114.88.156.203 - - [27/Apr/2022:10:09:26 +0800] "GET /xingrg/check_reg.html?_=1651025114440 HTTP/1.1" 302 -
58.39.61.91 - - [27/Apr/2022:10:09:28 +0800] "GET /xingrg/all/function/internal_message.html?_=1651025280168&CODE_STATE=getMsg HTTP/1.1" 200 27
116.235.92.88 - - [27/Apr/2022:10:09:30 +0800] "GET /xingrg/kc/base/wldb_order_operate.html?command=get_materiel&rest_code=00104&base_code=0010843&code=00101001127 HTTP/1.1" 200 450
58.39.201.47 - - [27/Apr/2022:10:09:38 +0800] "GET /xingrg/all/function/internal_message.html?_=1651025310140&CODE_STATE=getMsg HTTP/1.1" 302 -
218.81.223.53 - - [27/Apr/2022:10:09:42 +0800] "GET /xingrg/all/function/internal_message.html?_=1651025386158&CODE_STATE=getMsg HTTP/1.1" 200 27
58.39.201.47 - - [27/Apr/2022:10:09:47 +0800] "GET /xingrg/all/function/internal_message.html?_=1651025386874&CODE_STATE=getMsg HTTP/1.1" 200 27
116.235.92.88 - - [27/Apr/2022:10:09:59 +0800] "GET /xingrg/kc/base/wldb_order_operate.html?command=get_materiel&rest_code=00104&base_code=0010843&code=00101001138 HTTP/1.1" 200 434
58.39.61.91 - - [27/Apr/2022:10:09:59 +0800] "GET /xingrg/check_reg.html?_=1651025310623 HTTP/1.1" 200 22
116.235.92.88 - - [27/Apr/2022:10:10:10 +0800] "GET /xingrg/kc/base/wldb_order_operate.html?command=get_materiel&rest_code=00104&base_code=0010843&code=00101003025 HTTP/1.1" 200 431
116.235.92.88 - - [27/Apr/2022:10:10:14 +0800] "GET /xingrg/all/function/internal_message.html?_=1651025583749&CODE_STATE=getMsg HTTP/1.1" 200 27
116.235.92.88 - - [27/Apr/2022:10:10:23 +0800] "GET /xingrg/kc/base/wldb_order_operate.html?command=get_materiel&rest_code=00104&base_code=0010843&code=00101006002 HTTP/1.1" 200 439
58.39.61.91 - - [27/Apr/2022:10:10:28 +0800] "GET /xingrg/all/function/internal_message.html?_=1651025340184&CODE_STATE=getMsg HTTP/1.1" 200 27
58.39.201.47 - - [27/Apr/2022:10:10:38 +0800] "GET /xingrg/all/function/internal_message.html?_=1651025370135&CODE_STATE=getMsg HTTP/1.1" 302 -
218.81.223.53 - - [27/Apr/2022:10:10:42 +0800] "GET /xingrg/all/function/internal_message.html?_=1651025446171&CODE_STATE=getMsg HTTP/1.1" 200 27
58.39.201.47 - - [27/Apr/2022:10:10:47 +0800] "GET /xingrg/all/function/internal_message.html?_=1651025446874&CODE_STATE=getMsg HTTP/1.1" 200 27
218.81.223.53 - - [27/Apr/2022:10:10:55 +0800] "GET /xingrg/check_reg.html?_=1651025458935 HTTP/1.1" 200 22
218.81.223.53 - - [27/Apr/2022:10:11:06 +0800] "GET /xingrg/kc/buy/cgsh_order_operate.html?command=get_materiel&rest_code=00146&code=00101001194&supplier_code=00100313&order_time=2022-04-27 HTTP/1.1" 200 398
116.235.92.88 - - [27/Apr/2022:10:11:14 +0800] "GET /xingrg/all/function/internal_message.html?_=1651025643740&CODE_STATE=getMsg HTTP/1.1" 200 27
218.81.223.53 - - [27/Apr/2022:10:11:25 +0800] "GET /xingrg/kc/buy/cgsh_order_operate.html?command=get_materiel&rest_code=00146&code=00101003036&supplier_code=00100313&order_time=2022-04-27 HTTP/1.1" 200 418
58.39.61.91 - - [27/Apr/2022:10:11:29 +0800] "GET /xingrg/all/function/internal_message.html?_=1651025400197&CODE_STATE=getMsg HTTP/1.1" 200 27
218.81.223.53 - - [27/Apr/2022:10:11:29 +0800] "POST /xingrg/services/DataTransmitService HTTP/1.1" 200 524
218.81.223.53 - - [27/Apr/2022:10:11:30 +0800] "POST /xingrg/services/DataTransmitService HTTP/1.1" 200 412
58.39.201.47 - - [27/Apr/2022:10:11:38 +0800] "GET /xingrg/all/function/internal_message.html?_=1651025430139&CODE_STATE=getMsg HTTP/1.1" 302 -
218.81.223.53 - - [27/Apr/2022:10:11:42 +0800] "GET /xingrg/all/function/internal_message.html?_=1651025506185&CODE_STATE=getMsg HTTP/1.1" 200 27
58.39.201.47 - - [27/Apr/2022:10:11:47 +0800] "GET /xingrg/all/function/internal_message.html?_=1651025506889&CODE_STATE=getMsg HTTP/1.1" 200 27
58.39.201.47 - - [27/Apr/2022:10:11:47 +0800] "GET /xingrg/check_reg.html?_=1651025506891 HTTP/1.1" 200 22
116.235.92.88 - - [27/Apr/2022:10:12:02 +0800] "GET /xingrg/kc/base/wldb_order_operate.html?command=get_materiel&rest_code=00104&base_code=0010843&code=00101006012 HTTP/1.1" 200 441
116.235.92.88 - - [27/Apr/2022:10:12:14 +0800] "GET /xingrg/all/function/internal_message.html?_=1651025703761&CODE_STATE=getMsg HTTP/1.1" 200 27
116.235.92.88 - - [27/Apr/2022:10:12:14 +0800] "GET /xingrg/check_reg.html?_=1651025703762 HTTP/1.1" 200 22
116.235.92.88 - - [27/Apr/2022:10:12:20 +0800] "GET /xingrg/kc/base/wldb_order_operate.html?command=get_materiel&rest_code=00104&base_code=0010843&code=00101006029 HTTP/1.1" 200 430
58.39.61.91 - - [27/Apr/2022:10:12:29 +0800] "GET /xingrg/all/function/internal_message.html?_=1651025460239&CODE_STATE=getMsg HTTP/1.1" 200 27
116.235.92.88 - - [27/Apr/2022:10:12:37 +0800] "GET /xingrg/kc/base/wldb_order_operate.html?command=get_materiel&rest_code=00104&base_code=0010843&code=00101006037 HTTP/1.1" 200 439
58.39.201.47 - - [27/Apr/2022:10:12:38 +0800] "GET /xingrg/all/function/internal_message.html?_=1651025490143&CODE_STATE=getMsg HTTP/1.1" 302 -
218.81.223.53 - - [27/Apr/2022:10:12:42 +0800] "GET /xingrg/all/function/internal_message.html?_=1651025566199&CODE_STATE=getMsg HTTP/1.1" 200 27
116.235.92.88 - - [27/Apr/2022:10:12:42 +0800] "POST /xingrg/services/DataTransmitService HTTP/1.1" 200 524
58.39.201.47 - - [27/Apr/2022:10:12:47 +0800] "GET /xingrg/all/function/internal_message.html?_=1651025566886&CODE_STATE=getMsg HTTP/1.1" 200 27
116.235.92.88 - - [27/Apr/2022:10:12:48 +0800] "GET /xingrg/kc/base/wldb_order_operate.html?command=get_materiel&rest_code=00104&base_code=0010843&code=00101006047 HTTP/1.1" 200 432
116.235.92.88 - - [27/Apr/2022:10:12:58 +0800] "GET /xingrg/kc/base/wldb_order_operate.html?command=get_materiel&rest_code=00104&base_code=0010843&code=00101006084 HTTP/1.1" 200 433
218.81.223.53 - - [27/Apr/2022:10:13:06 +0800] "POST /xingrg/kc/buy/cgsh_order_operate.html HTTP/1.1" 200 37
218.81.223.53 - - [27/Apr/2022:10:13:10 +0800] "POST /xingrg/kc/buy/cgsh_order_operate.html HTTP/1.1" 200 12
218.81.223.53 - - [27/Apr/2022:10:13:11 +0800] "GET /xingrg/kc/buy/cgsh_order_info.html?code=212022042700151 HTTP/1.1" 200 60675
218.81.223.53 - - [27/Apr/2022:10:13:11 +0800] "GET /xingrg/javascript/easyui/themes/default/validatebox.css HTTP/1.1" 404 1104
218.81.223.53 - - [27/Apr/2022:10:13:12 +0800] "POST /xingrg/kc/buy/cgsh_order_operate.html HTTP/1.1" 200 5350
116.235.92.88 - - [27/Apr/2022:10:13:14 +0800] "GET /xingrg/all/function/internal_message.html?_=1651025763761&CODE_STATE=getMsg HTTP/1.1" 200 27
218.81.223.53 - - [27/Apr/2022:10:13:16 +0800] "GET /xingrg/kc/print/load_data.html?order_code=212022042700151&kc_code=cgsh&condition= HTTP/1.1" 200 2522
116.235.92.88 - - [27/Apr/2022:10:13:18 +0800] "GET /xingrg/kc/base/wldb_order_operate.html?command=get_materiel&rest_code=00104&base_code=0010843&code=00101006124 HTTP/1.1" 200 431
58.39.61.91 - - [27/Apr/2022:10:13:29 +0800] "GET /xingrg/all/function/internal_message.html?_=1651025520240&CODE_STATE=getMsg HTTP/1.1" 200 27
116.235.92.88 - - [27/Apr/2022:10:13:36 +0800] "GET /xingrg/kc/base/wldb_order_operate.html?command=get_materiel&rest_code=00104&base_code=0010843&code=00101006128 HTTP/1.1" 200 449
58.39.201.47 - - [27/Apr/2022:10:13:38 +0800] "GET /xingrg/check_reg.html?_=1651025550170 HTTP/1.1" 302 -
58.39.201.47 - - [27/Apr/2022:10:13:38 +0800] "GET /xingrg/all/function/internal_message.html?_=1651025550172&CODE_STATE=getMsg HTTP/1.1" 302 -
218.81.223.53 - - [27/Apr/2022:10:13:42 +0800] "GET /xingrg/all/function/internal_message.html?_=1651025626212&CODE_STATE=getMsg HTTP/1.1" 200 27
58.39.201.47 - - [27/Apr/2022:10:13:47 +0800] "GET /xingrg/all/function/internal_message.html?_=1651025626874&CODE_STATE=getMsg HTTP/1.1" 200 27
116.235.92.88 - - [27/Apr/2022:10:13:48 +0800] "GET /xingrg/kc/base/wldb_order_operate.html?command=get_materiel&rest_code=00104&base_code=0010843&code=00101006133 HTTP/1.1" 200 435
116.235.92.88 - - [27/Apr/2022:10:14:14 +0800] "GET /xingrg/all/function/internal_message.html?_=1651025823747&CODE_STATE=getMsg HTTP/1.1" 200 27
114.88.156.203 - - [27/Apr/2022:10:14:26 +0800] "GET /xingrg/check_reg.html?_=1651025414410 HTTP/1.1" 302 -
58.39.61.91 - - [27/Apr/2022:10:14:29 +0800] "GET /xingrg/all/function/internal_message.html?_=1651025580278&CODE_STATE=getMsg HTTP/1.1" 200 27
58.39.201.47 - - [27/Apr/2022:10:14:38 +0800] "GET /xingrg/all/function/internal_message.html?_=1651025610165&CODE_STATE=getMsg HTTP/1.1" 302 -
218.81.223.53 - - [27/Apr/2022:10:14:42 +0800] "GET /xingrg/all/function/internal_message.html?_=1651025686306&CODE_STATE=getMsg HTTP/1.1" 200 27
58.39.201.47 - - [27/Apr/2022:10:14:47 +0800] "GET /xingrg/all/function/internal_message.html?_=1651025686879&CODE_STATE=getMsg HTTP/1.1" 200 27
116.235.92.88 - - [27/Apr/2022:10:14:52 +0800] "GET /xingrg/kc/base/wldb_order_operate.html?command=get_materiel&rest_code=00104&base_code=0010843&code=00101006150 HTTP/1.1" 200 434
58.39.61.91 - - [27/Apr/2022:10:14:59 +0800] "GET /xingrg/check_reg.html?_=1651025610626 HTTP/1.1" 200 22
116.235.92.88 - - [27/Apr/2022:10:15:09 +0800] "GET /xingrg/kc/base/wldb_order_operate.html?command=get_materiel&rest_code=00104&base_code=0010843&code=00101007032 HTTP/1.1" 200 433
116.235.92.88 - - [27/Apr/2022:10:15:14 +0800] "GET /xingrg/all/function/internal_message.html?_=1651025883741&CODE_STATE=getMsg HTTP/1.1" 200 27
58.39.61.91 - - [27/Apr/2022:10:15:29 +0800] "GET /xingrg/all/function/internal_message.html?_=1651025640283&CODE_STATE=getMsg HTTP/1.1" 200 27
58.39.201.47 - - [27/Apr/2022:10:15:38 +0800] "GET /xingrg/all/function/internal_message.html?_=1651025670170&CODE_STATE=getMsg HTTP/1.1" 302 -
218.81.223.53 - - [27/Apr/2022:10:15:42 +0800] "GET /xingrg/all/function/internal_message.html?_=1651025746318&CODE_STATE=getMsg HTTP/1.1" 200 27
58.39.201.47 - - [27/Apr/2022:10:15:47 +0800] "GET /xingrg/all/function/internal_message.html?_=1651025746900&CODE_STATE=getMsg HTTP/1.1" 200 27
218.81.223.53 - - [27/Apr/2022:10:15:55 +0800] "GET /xingrg/check_reg.html?_=1651025758945 HTTP/1.1" 200 22
116.235.92.88 - - [27/Apr/2022:10:16:03 +0800] "GET /xingrg/kc/base/wldb_order_operate.html?command=get_materiel&rest_code=00104&base_code=0010843&code=00101007048 HTTP/1.1" 200 431
116.235.92.88 - - [27/Apr/2022:10:16:14 +0800] "GET /xingrg/all/function/internal_message.html?_=1651025943739&CODE_STATE=getMsg HTTP/1.1" 200 27
116.235.92.88 - - [27/Apr/2022:10:16:19 +0800] "GET /xingrg/kc/base/wldb_order_operate.html?command=get_materiel&rest_code=00104&base_code=0010843&code=00101008066 HTTP/1.1" 200 439
58.39.61.91 - - [27/Apr/2022:10:16:29 +0800] "GET /xingrg/all/function/internal_message.html?_=1651025700295&CODE_STATE=getMsg HTTP/1.1" 200 27
116.235.92.88 - - [27/Apr/2022:10:16:36 +0800] "GET /xingrg/kc/base/wldb_order_operate.html?command=get_materiel&rest_code=00104&base_code=0010843&code=00101008051 HTTP/1.1" 200 429
58.39.201.47 - - [27/Apr/2022:10:16:38 +0800] "GET /xingrg/all/function/internal_message.html?_=1651025730159&CODE_STATE=getMsg HTTP/1.1" 302 -
218.81.223.53 - - [27/Apr/2022:10:16:42 +0800] "GET /xingrg/all/function/internal_message.html?_=1651025806424&CODE_STATE=getMsg HTTP/1.1" 200 27
58.39.201.47 - - [27/Apr/2022:10:16:47 +0800] "GET /xingrg/all/function/internal_message.html?_=1651025806907&CODE_STATE=getMsg HTTP/1.1" 200 27
58.39.201.47 - - [27/Apr/2022:10:16:47 +0800] "GET /xingrg/check_reg.html?_=1651025806910 HTTP/1.1" 200 22
116.235.92.88 - - [27/Apr/2022:10:16:54 +0800] "GET /xingrg/kc/base/wldb_order_operate.html?command=get_materiel&rest_code=00104&base_code=0010843&code=00101008195 HTTP/1.1" 200 443
116.235.92.88 - - [27/Apr/2022:10:17:09 +0800] "GET /xingrg/kc/base/wldb_order_operate.html?command=get_materiel&rest_code=00104&base_code=0010843&code=00101008285 HTTP/1.1" 200 434
116.235.92.88 - - [27/Apr/2022:10:17:11 +0800] "POST /xingrg/kc/base/wldb_order_operate.html HTTP/1.1" 200 1710
116.235.92.88 - - [27/Apr/2022:10:17:14 +0800] "GET /xingrg/all/function/internal_message.html?_=1651026003774&CODE_STATE=getMsg HTTP/1.1" 200 27
116.235.92.88 - - [27/Apr/2022:10:17:14 +0800] "GET /xingrg/check_reg.html?_=1651026003775 HTTP/1.1" 200 22
116.235.92.88 - - [27/Apr/2022:10:17:19 +0800] "GET /xingrg/kc/base/wldb_order_operate.html?command=get_materiel&rest_code=00104&base_code=0010843&code=00101008317 HTTP/1.1" 200 432
58.39.61.91 - - [27/Apr/2022:10:17:29 +0800] "GET /xingrg/all/function/internal_message.html?_=1651025760334&CODE_STATE=getMsg HTTP/1.1" 200 27
58.39.201.47 - - [27/Apr/2022:10:17:38 +0800] "GET /xingrg/all/function/internal_message.html?_=1651025790161&CODE_STATE=getMsg HTTP/1.1" 302 -
116.235.92.88 - - [27/Apr/2022:10:17:40 +0800] "GET /xingrg/kc/base/wldb_order_operate.html?command=get_materiel&rest_code=00104&base_code=0010843&code=00101013222 HTTP/1.1" 200 427
218.81.223.53 - - [27/Apr/2022:10:17:42 +0800] "GET /xingrg/all/function/internal_message.html?_=1651025866439&CODE_STATE=getMsg HTTP/1.1" 200 27
58.39.201.47 - - [27/Apr/2022:10:17:47 +0800] "GET /xingrg/all/function/internal_message.html?_=1651025866907&CODE_STATE=getMsg HTTP/1.1" 200 27
116.235.92.88 - - [27/Apr/2022:10:17:56 +0800] "GET /xingrg/kc/base/wldb_order_operate.html?command=get_materiel&rest_code=00104&base_code=0010843&code=00101008338 HTTP/1.1" 200 431
116.235.92.88 - - [27/Apr/2022:10:18:10 +0800] "GET /xingrg/kc/base/wldb_order_operate.html?command=get_materiel&rest_code=00104&base_code=0010843&code=00101008598 HTTP/1.1" 200 435
116.235.92.88 - - [27/Apr/2022:10:18:14 +0800] "GET /xingrg/all/function/internal_message.html?_=1651026063746&CODE_STATE=getMsg HTTP/1.1" 200 27
58.39.61.91 - - [27/Apr/2022:10:18:29 +0800] "GET /xingrg/all/function/internal_message.html?_=1651025820339&CODE_STATE=getMsg HTTP/1.1" 200 27
116.235.92.88 - - [27/Apr/2022:10:18:31 +0800] "GET /xingrg/kc/base/wldb_order_operate.html?command=get_materiel&rest_code=00104&base_code=0010843&code=00101010035 HTTP/1.1" 200 432
58.39.201.47 - - [27/Apr/2022:10:18:38 +0800] "GET /xingrg/all/function/internal_message.html?_=1651025850159&CODE_STATE=getMsg HTTP/1.1" 302 -
58.39.201.47 - - [27/Apr/2022:10:18:38 +0800] "GET /xingrg/check_reg.html?_=1651025850162 HTTP/1.1" 302 -
218.81.223.53 - - [27/Apr/2022:10:18:42 +0800] "GET /xingrg/all/function/internal_message.html?_=1651025926453&CODE_STATE=getMsg HTTP/1.1" 200 27
116.235.92.88 - - [27/Apr/2022:10:18:43 +0800] "GET /xingrg/kc/base/wldb_order_operate.html?command=get_materiel&rest_code=00104&base_code=0010843&code=00101010079 HTTP/1.1" 200 432
58.39.201.47 - - [27/Apr/2022:10:18:47 +0800] "GET /xingrg/all/function/internal_message.html?_=1651025926913&CODE_STATE=getMsg HTTP/1.1" 200 27
116.235.92.88 - - [27/Apr/2022:10:18:47 +0800] "POST /xingrg/kc/base/wldb_order_operate.html HTTP/1.1" 200 1710
116.235.92.88 - - [27/Apr/2022:10:18:54 +0800] "GET /xingrg/kc/base/wldb_order_operate.html?command=get_materiel&rest_code=00104&base_code=0010843&code=00101010082 HTTP/1.1" 200 445
116.235.92.88 - - [27/Apr/2022:10:19:07 +0800] "GET /xingrg/kc/base/wldb_order_operate.html?command=get_materiel&rest_code=00104&base_code=0010843&code=00101010161 HTTP/1.1" 200 431
116.235.92.88 - - [27/Apr/2022:10:19:14 +0800] "GET /xingrg/all/function/internal_message.html?_=1651026123799&CODE_STATE=getMsg HTTP/1.1" 200 27
116.235.92.88 - - [27/Apr/2022:10:19:19 +0800] "GET /xingrg/kc/base/wldb_order_operate.html?command=get_materiel&rest_code=00104&base_code=0010843&code=00101010282 HTTP/1.1" 200 435
58.39.61.91 - - [27/Apr/2022:10:19:29 +0800] "GET /xingrg/all/function/internal_message.html?_=1651025880378&CODE_STATE=getMsg HTTP/1.1" 200 27
116.235.92.88 - - [27/Apr/2022:10:19:30 +0800] "GET /xingrg/kc/base/wldb_order_operate.html?command=get_materiel&rest_code=00104&base_code=0010843&code=00101010309 HTTP/1.1" 200 442
58.39.201.47 - - [27/Apr/2022:10:19:38 +0800] "GET /xingrg/all/function/internal_message.html?_=1651025910172&CODE_STATE=getMsg HTTP/1.1" 302 -
218.81.223.53 - - [27/Apr/2022:10:19:42 +0800] "GET /xingrg/all/function/internal_message.html?_=1651025986466&CODE_STATE=getMsg HTTP/1.1" 200 27
58.39.201.47 - - [27/Apr/2022:10:19:47 +0800] "GET /xingrg/all/function/internal_message.html?_=1651025986907&CODE_STATE=getMsg HTTP/1.1" 200 27
116.235.92.88 - - [27/Apr/2022:10:19:47 +0800] "GET /xingrg/kc/base/wldb_order_operate.html?command=get_materiel&rest_code=00104&base_code=0010843&code=00101010563 HTTP/1.1" 200 418
116.235.92.88 - - [27/Apr/2022:10:19:52 +0800] "POST /xingrg/kc/base/wldb_order_operate.html HTTP/1.1" 200 1710
116.235.92.88 - - [27/Apr/2022:10:19:59 +0800] "GET /xingrg/kc/base/wldb_order_operate.html?command=get_materiel&rest_code=00104&base_code=0010843&code=00101010658 HTTP/1.1" 200 416
58.39.61.91 - - [27/Apr/2022:10:19:59 +0800] "GET /xingrg/check_reg.html?_=1651025910632 HTTP/1.1" 200 22
116.235.92.88 - - [27/Apr/2022:10:20:14 +0800] "GET /xingrg/all/function/internal_message.html?_=1651026183749&CODE_STATE=getMsg HTTP/1.1" 200 27
116.235.92.88 - - [27/Apr/2022:10:20:20 +0800] "GET /xingrg/kc/base/wldb_order_operate.html?command=get_materiel&rest_code=00104&base_code=0010843&code=00101010672 HTTP/1.1" 200 417
58.39.61.91 - - [27/Apr/2022:10:20:29 +0800] "GET /xingrg/all/function/internal_message.html?_=1651025940381&CODE_STATE=getMsg HTTP/1.1" 200 27
116.235.92.88 - - [27/Apr/2022:10:20:31 +0800] "GET /xingrg/kc/base/wldb_order_operate.html?command=get_materiel&rest_code=00104&base_code=0010843&code=00101011003 HTTP/1.1" 200 433
58.39.201.47 - - [27/Apr/2022:10:20:38 +0800] "GET /xingrg/all/function/internal_message.html?_=1651025970160&CODE_STATE=getMsg HTTP/1.1" 302 -
116.235.92.88 - - [27/Apr/2022:10:20:42 +0800] "GET /xingrg/kc/base/wldb_order_operate.html?command=get_materiel&rest_code=00104&base_code=0010843&code=00101013044 HTTP/1.1" 200 448
218.81.223.53 - - [27/Apr/2022:10:20:42 +0800] "GET /xingrg/all/function/internal_message.html?_=1651026046572&CODE_STATE=getMsg HTTP/1.1" 200 27
58.39.201.47 - - [27/Apr/2022:10:20:47 +0800] "GET /xingrg/all/function/internal_message.html?_=1651026046899&CODE_STATE=getMsg HTTP/1.1" 200 27
218.81.223.53 - - [27/Apr/2022:10:20:55 +0800] "GET /xingrg/check_reg.html?_=1651026058951 HTTP/1.1" 200 22
116.235.92.88 - - [27/Apr/2022:10:21:01 +0800] "GET /xingrg/kc/base/wldb_order_operate.html?command=get_materiel&rest_code=00104&base_code=0010843&code=00101013067 HTTP/1.1" 200 436
116.235.92.88 - - [27/Apr/2022:10:21:05 +0800] "POST /xingrg/kc/base/wldb_order_operate.html HTTP/1.1" 200 1710
116.235.92.88 - - [27/Apr/2022:10:21:13 +0800] "GET /xingrg/kc/base/wldb_order_operate.html?command=get_materiel&rest_code=00104&base_code=0010843&code=00101013092 HTTP/1.1" 200 432
116.235.92.88 - - [27/Apr/2022:10:21:14 +0800] "GET /xingrg/all/function/internal_message.html?_=1651026243742&CODE_STATE=getMsg HTTP/1.1" 200 27
116.235.92.88 - - [27/Apr/2022:10:21:22 +0800] "GET /xingrg/kc/base/wldb_order_operate.html?command=get_materiel&rest_code=00104&base_code=0010843&code=00101013117 HTTP/1.1" 200 435
58.39.61.91 - - [27/Apr/2022:10:21:29 +0800] "GET /xingrg/all/function/internal_message.html?_=1651026000395&CODE_STATE=getMsg HTTP/1.1" 200 27
116.235.92.88 - - [27/Apr/2022:10:21:37 +0800] "GET /xingrg/kc/base/wldb_order_operate.html?command=get_materiel&rest_code=00104&base_code=0010843&code=00101013179 HTTP/1.1" 200 431
58.39.201.47 - - [27/Apr/2022:10:21:38 +0800] "GET /xingrg/all/function/internal_message.html?_=1651026030159&CODE_STATE=getMsg HTTP/1.1" 302 -
218.81.223.53 - - [27/Apr/2022:10:21:43 +0800] "GET /xingrg/all/function/internal_message.html?_=1651026106586&CODE_STATE=getMsg HTTP/1.1" 200 27
58.39.201.47 - - [27/Apr/2022:10:21:47 +0800] "GET /xingrg/all/function/internal_message.html?_=1651026106908&CODE_STATE=getMsg HTTP/1.1" 200 27
58.39.201.47 - - [27/Apr/2022:10:21:47 +0800] "GET /xingrg/check_reg.html?_=1651026106911 HTTP/1.1" 200 22
116.235.92.88 - - [27/Apr/2022:10:21:51 +0800] "GET /xingrg/kc/base/wldb_order_operate.html?command=get_materiel&rest_code=00104&base_code=0010843&code=00101013226 HTTP/1.1" 200 443
116.235.92.88 - - [27/Apr/2022:10:22:01 +0800] "GET /xingrg/kc/base/wldb_order_operate.html?command=get_materiel&rest_code=00104&base_code=0010843&code=00101016019 HTTP/1.1" 200 448
116.235.92.88 - - [27/Apr/2022:10:22:07 +0800] "POST /xingrg/kc/base/wldb_order_operate.html HTTP/1.1" 200 1710
116.235.92.88 - - [27/Apr/2022:10:22:14 +0800] "GET /xingrg/all/function/internal_message.html?_=1651026303803&CODE_STATE=getMsg HTTP/1.1" 200 27
116.235.92.88 - - [27/Apr/2022:10:22:14 +0800] "GET /xingrg/check_reg.html?_=1651026303804 HTTP/1.1" 200 22
116.235.92.88 - - [27/Apr/2022:10:22:16 +0800] "GET /xingrg/kc/base/wldb_order_operate.html?command=get_materiel&rest_code=00104&base_code=0010843&code=00101016040 HTTP/1.1" 200 458
58.39.61.91 - - [27/Apr/2022:10:22:29 +0800] "GET /xingrg/all/function/internal_message.html?_=1651026060437&CODE_STATE=getMsg HTTP/1.1" 200 27
116.235.92.88 - - [27/Apr/2022:10:22:37 +0800] "GET /xingrg/kc/base/wldb_order_operate.html?command=get_materiel&rest_code=00104&base_code=0010843&code=00101016050 HTTP/1.1" 200 464
58.39.201.47 - - [27/Apr/2022:10:22:38 +0800] "GET /xingrg/all/function/internal_message.html?_=1651026090159&CODE_STATE=getMsg HTTP/1.1" 302 -
218.81.223.53 - - [27/Apr/2022:10:22:43 +0800] "GET /xingrg/all/function/internal_message.html?_=1651026166601&CODE_STATE=getMsg HTTP/1.1" 200 27
58.39.201.47 - - [27/Apr/2022:10:22:47 +0800] "GET /xingrg/all/function/internal_message.html?_=1651026166904&CODE_STATE=getMsg HTTP/1.1" 200 27
58.39.201.47 - - [27/Apr/2022:10:22:49 +0800] "POST /xingrg/services/DataTransmitService HTTP/1.1" 200 524
58.39.201.47 - - [27/Apr/2022:10:22:49 +0800] "POST /xingrg/services/DataTransmitService HTTP/1.1" 200 501
116.235.92.88 - - [27/Apr/2022:10:23:14 +0800] "GET /xingrg/all/function/internal_message.html?_=1651026363752&CODE_STATE=getMsg HTTP/1.1" 200 27
116.235.92.88 - - [27/Apr/2022:10:23:22 +0800] "GET /xingrg/kc/base/wldb_order_operate.html?command=get_materiel&rest_code=00104&base_code=0010843&code=00101016116 HTTP/1.1" 200 416
58.39.61.91 - - [27/Apr/2022:10:23:29 +0800] "GET /xingrg/all/function/internal_message.html?_=1651026120437&CODE_STATE=getMsg HTTP/1.1" 200 27
116.235.92.88 - - [27/Apr/2022:10:23:31 +0800] "GET /xingrg/kc/base/wldb_order_operate.html?command=get_materiel&rest_code=00104&base_code=0010843&code=00101019015 HTTP/1.1" 200 437
58.39.201.47 - - [27/Apr/2022:10:23:38 +0800] "GET /xingrg/all/function/internal_message.html?_=1651026150163&CODE_STATE=getMsg HTTP/1.1" 302 -
58.39.201.47 - - [27/Apr/2022:10:23:38 +0800] "GET /xingrg/check_reg.html?_=1651026150166 HTTP/1.1" 302 -
218.81.223.53 - - [27/Apr/2022:10:23:43 +0800] "GET /xingrg/all/function/internal_message.html?_=1651026226719&CODE_STATE=getMsg HTTP/1.1" 200 27
58.39.201.47 - - [27/Apr/2022:10:23:47 +0800] "GET /xingrg/all/function/internal_message.html?_=1651026226908&CODE_STATE=getMsg HTTP/1.1" 200 27
116.235.92.88 - - [27/Apr/2022:10:23:50 +0800] "GET /xingrg/kc/base/wldb_order_operate.html?command=get_materiel&rest_code=00104&base_code=0010843&code=00101019139 HTTP/1.1" 200 440
116.235.92.88 - - [27/Apr/2022:10:23:54 +0800] "POST /xingrg/kc/base/wldb_order_operate.html HTTP/1.1" 200 1710
116.235.92.88 - - [27/Apr/2022:10:24:01 +0800] "GET /xingrg/kc/base/wldb_order_operate.html?command=get_materiel&rest_code=00104&base_code=0010843&code=00101019161 HTTP/1.1" 200 434
116.235.92.88 - - [27/Apr/2022:10:24:14 +0800] "GET /xingrg/all/function/internal_message.html?_=1651026423735&CODE_STATE=getMsg HTTP/1.1" 200 27
116.235.92.88 - - [27/Apr/2022:10:24:15 +0800] "GET /xingrg/kc/base/wldb_order_operate.html?command=get_materiel&rest_code=00104&base_code=0010843&code=00101019173 HTTP/1.1" 200 432
58.39.61.91 - - [27/Apr/2022:10:24:29 +0800] "GET /xingrg/all/function/internal_message.html?_=1651026180477&CODE_STATE=getMsg HTTP/1.1" 200 27
116.235.92.88 - - [27/Apr/2022:10:24:34 +0800] "GET /xingrg/kc/base/wldb_order_operate.html?command=get_materiel&rest_code=00104&base_code=0010843&code=00101019174 HTTP/1.1" 200 462
58.39.201.47 - - [27/Apr/2022:10:24:38 +0800] "GET /xingrg/all/function/internal_message.html?_=1651026210169&CODE_STATE=getMsg HTTP/1.1" 302 -
218.81.223.53 - - [27/Apr/2022:10:24:43 +0800] "GET /xingrg/all/function/internal_message.html?_=1651026286721&CODE_STATE=getMsg HTTP/1.1" 200 27
58.39.201.47 - - [27/Apr/2022:10:24:47 +0800] "GET /xingrg/all/function/internal_message.html?_=1651026286903&CODE_STATE=getMsg HTTP/1.1" 200 27
116.235.92.88 - - [27/Apr/2022:10:24:50 +0800] "GET /xingrg/kc/base/wldb_order_operate.html?command=get_materiel&rest_code=00104&base_code=0010843&code=00101019183 HTTP/1.1" 200 434
58.39.61.91 - - [27/Apr/2022:10:24:59 +0800] "GET /xingrg/check_reg.html?_=1651026210638 HTTP/1.1" 200 22
116.235.92.88 - - [27/Apr/2022:10:25:14 +0800] "GET /xingrg/all/function/internal_message.html?_=1651026483815&CODE_STATE=getMsg HTTP/1.1" 200 27
58.39.61.91 - - [27/Apr/2022:10:25:29 +0800] "GET /xingrg/all/function/internal_message.html?_=1651026240482&CODE_STATE=getMsg HTTP/1.1" 200 27
58.39.201.47 - - [27/Apr/2022:10:25:38 +0800] "GET /xingrg/all/function/internal_message.html?_=1651026270163&CODE_STATE=getMsg HTTP/1.1" 302 -
218.81.223.53 - - [27/Apr/2022:10:25:43 +0800] "GET /xingrg/all/function/internal_message.html?_=1651026346824&CODE_STATE=getMsg HTTP/1.1" 200 27
58.39.201.47 - - [27/Apr/2022:10:25:47 +0800] "GET /xingrg/all/function/internal_message.html?_=1651026346905&CODE_STATE=getMsg HTTP/1.1" 200 27
116.235.92.88 - - [27/Apr/2022:10:25:48 +0800] "GET /xingrg/kc/base/wldb_order_operate.html?command=get_materiel&rest_code=00104&base_code=0010843&code=00101019184 HTTP/1.1" 200 443
218.81.223.53 - - [27/Apr/2022:10:25:55 +0800] "GET /xingrg/check_reg.html?_=1651026358951 HTTP/1.1" 200 22
116.235.92.88 - - [27/Apr/2022:10:25:55 +0800] "POST /xingrg/kc/base/wldb_order_operate.html HTTP/1.1" 200 1710
116.235.92.88 - - [27/Apr/2022:10:26:04 +0800] "GET /xingrg/kc/base/wldb_order_operate.html?command=get_materiel&rest_code=00104&base_code=0010843&code=00101019185 HTTP/1.1" 200 452
116.235.92.88 - - [27/Apr/2022:10:26:14 +0800] "GET /xingrg/all/function/internal_message.html?_=1651026543750&CODE_STATE=getMsg HTTP/1.1" 200 27
116.235.92.88 - - [27/Apr/2022:10:26:15 +0800] "GET /xingrg/kc/base/wldb_order_operate.html?command=get_materiel&rest_code=00104&base_code=0010843&code=00101019243 HTTP/1.1" 200 463
58.39.61.91 - - [27/Apr/2022:10:26:29 +0800] "GET /xingrg/all/function/internal_message.html?_=1651026300494&CODE_STATE=getMsg HTTP/1.1" 200 27
116.235.92.88 - - [27/Apr/2022:10:26:29 +0800] "GET /xingrg/kc/base/wldb_order_operate.html?command=get_materiel&rest_code=00104&base_code=0010843&code=00101019344 HTTP/1.1" 200 440
58.39.201.47 - - [27/Apr/2022:10:26:38 +0800] "GET /xingrg/all/function/internal_message.html?_=1651026330166&CODE_STATE=getMsg HTTP/1.1" 302 -
218.81.223.53 - - [27/Apr/2022:10:26:43 +0800] "GET /xingrg/all/function/internal_message.html?_=1651026406826&CODE_STATE=getMsg HTTP/1.1" 200 27
58.39.201.47 - - [27/Apr/2022:10:26:47 +0800] "GET /xingrg/all/function/internal_message.html?_=1651026406898&CODE_STATE=getMsg HTTP/1.1" 200 27
58.39.201.47 - - [27/Apr/2022:10:26:47 +0800] "GET /xingrg/check_reg.html?_=1651026406901 HTTP/1.1" 200 22
116.235.92.88 - - [27/Apr/2022:10:26:53 +0800] "GET /xingrg/kc/base/wldb_order_operate.html?command=get_materiel&rest_code=00104&base_code=0010843&code=00101019345 HTTP/1.1" 200 463
116.235.92.88 - - [27/Apr/2022:10:27:14 +0800] "GET /xingrg/check_reg.html?_=1651026603823 HTTP/1.1" 200 22
116.235.92.88 - - [27/Apr/2022:10:27:14 +0800] "GET /xingrg/all/function/internal_message.html?_=1651026603822&CODE_STATE=getMsg HTTP/1.1" 200 27
116.235.92.88 - - [27/Apr/2022:10:27:22 +0800] "GET /xingrg/kc/base/wldb_order_operate.html?command=get_materiel&rest_code=00104&base_code=0010843&code=00101019346 HTTP/1.1" 200 446
58.39.61.91 - - [27/Apr/2022:10:27:29 +0800] "GET /xingrg/all/function/internal_message.html?_=1651026360537&CODE_STATE=getMsg HTTP/1.1" 200 27
58.39.201.47 - - [27/Apr/2022:10:27:38 +0800] "GET /xingrg/all/function/internal_message.html?_=1651026390172&CODE_STATE=getMsg HTTP/1.1" 302 -
116.235.92.88 - - [27/Apr/2022:10:27:41 +0800] "GET /xingrg/kc/base/wldb_order_operate.html?command=get_materiel&rest_code=00104&base_code=0010843&code=00101019372 HTTP/1.1" 200 465
218.81.223.53 - - [27/Apr/2022:10:27:43 +0800] "GET /xingrg/all/function/internal_message.html?_=1651026466840&CODE_STATE=getMsg HTTP/1.1" 200 27
58.39.201.47 - - [27/Apr/2022:10:27:47 +0800] "GET /xingrg/all/function/internal_message.html?_=1651026466905&CODE_STATE=getMsg HTTP/1.1" 200 27
116.235.92.88 - - [27/Apr/2022:10:27:54 +0800] "POST /xingrg/kc/base/wldb_order_operate.html HTTP/1.1" 200 1710
116.235.92.88 - - [27/Apr/2022:10:28:14 +0800] "GET /xingrg/all/function/internal_message.html?_=1651026663743&CODE_STATE=getMsg HTTP/1.1" 200 27
116.235.92.88 - - [27/Apr/2022:10:28:15 +0800] "GET /xingrg/kc/base/wldb_order_operate.html?command=get_materiel&rest_code=00104&base_code=0010843&code=00101019380 HTTP/1.1" 200 478
116.235.92.88 - - [27/Apr/2022:10:28:28 +0800] "GET /xingrg/kc/base/wldb_order_operate.html?command=get_materiel&rest_code=00104&base_code=0010843&code=00101019400 HTTP/1.1" 200 450
58.39.61.91 - - [27/Apr/2022:10:28:29 +0800] "GET /xingrg/all/function/internal_message.html?_=1651026420553&CODE_STATE=getMsg HTTP/1.1" 200 27
58.39.201.47 - - [27/Apr/2022:10:28:38 +0800] "GET /xingrg/check_reg.html?_=1651026450159 HTTP/1.1" 302 -
58.39.201.47 - - [27/Apr/2022:10:28:38 +0800] "GET /xingrg/all/function/internal_message.html?_=1651026450187&CODE_STATE=getMsg HTTP/1.1" 302 -
218.81.223.53 - - [27/Apr/2022:10:28:43 +0800] "GET /xingrg/all/function/internal_message.html?_=1651026526951&CODE_STATE=getMsg HTTP/1.1" 200 27
58.39.201.47 - - [27/Apr/2022:10:28:47 +0800] "GET /xingrg/all/function/internal_message.html?_=1651026526912&CODE_STATE=getMsg HTTP/1.1" 200 27
116.235.92.88 - - [27/Apr/2022:10:29:08 +0800] "GET /xingrg/kc/base/wldb_order_operate.html?command=get_materiel&rest_code=00104&base_code=0010843&code=00101019425 HTTP/1.1" 200 457
116.235.92.88 - - [27/Apr/2022:10:29:14 +0800] "GET /xingrg/all/function/internal_message.html?_=1651026723749&CODE_STATE=getMsg HTTP/1.1" 200 27
116.235.92.88 - - [27/Apr/2022:10:29:26 +0800] "GET /xingrg/kc/base/wldb_order_operate.html?command=get_materiel&rest_code=00104&base_code=0010843&code=00101019447 HTTP/1.1" 200 458
58.39.61.91 - - [27/Apr/2022:10:29:29 +0800] "GET /xingrg/all/function/internal_message.html?_=1651026480597&CODE_STATE=getMsg HTTP/1.1" 200 27
58.39.201.47 - - [27/Apr/2022:10:29:38 +0800] "GET /xingrg/all/function/internal_message.html?_=1651026510197&CODE_STATE=getMsg HTTP/1.1" 302 -
218.81.223.53 - - [27/Apr/2022:10:29:43 +0800] "GET /xingrg/all/function/internal_message.html?_=1651026586961&CODE_STATE=getMsg HTTP/1.1" 200 27
58.39.201.47 - - [27/Apr/2022:10:29:47 +0800] "GET /xingrg/all/function/internal_message.html?_=1651026586913&CODE_STATE=getMsg HTTP/1.1" 200 27
58.39.61.91 - - [27/Apr/2022:10:29:59 +0800] "GET /xingrg/check_reg.html?_=1651026510648 HTTP/1.1" 200 22
116.235.92.88 - - [27/Apr/2022:10:29:59 +0800] "GET /xingrg/kc/base/wldb_order_operate.html?command=get_materiel&rest_code=00104&base_code=0010843&code=00101019505 HTTP/1.1" 200 477
116.235.92.88 - - [27/Apr/2022:10:30:02 +0800] "POST /xingrg/kc/base/wldb_order_operate.html HTTP/1.1" 200 1710
116.235.92.88 - - [27/Apr/2022:10:30:10 +0800] "GET /xingrg/kc/base/wldb_order_operate.html?command=get_materiel&rest_code=00104&base_code=0010843&code=00101019575 HTTP/1.1" 200 443
116.235.92.88 - - [27/Apr/2022:10:30:14 +0800] "GET /xingrg/all/function/internal_message.html?_=1651026783840&CODE_STATE=getMsg HTTP/1.1" 200 27
116.235.92.88 - - [27/Apr/2022:10:30:22 +0800] "GET /xingrg/kc/base/wldb_order_operate.html?command=get_materiel&rest_code=00104&base_code=0010843&code=00101019750 HTTP/1.1" 200 442
58.39.61.91 - - [27/Apr/2022:10:30:29 +0800] "GET /xingrg/all/function/internal_message.html?_=1651026540610&CODE_STATE=getMsg HTTP/1.1" 200 27
58.39.201.47 - - [27/Apr/2022:10:30:38 +0800] "GET /xingrg/all/function/internal_message.html?_=1651026570186&CODE_STATE=getMsg HTTP/1.1" 302 -
218.81.223.53 - - [27/Apr/2022:10:30:43 +0800] "GET /xingrg/all/function/internal_message.html?_=1651026647045&CODE_STATE=getMsg HTTP/1.1" 200 27
58.39.201.47 - - [27/Apr/2022:10:30:47 +0800] "GET /xingrg/all/function/internal_message.html?_=1651026646905&CODE_STATE=getMsg HTTP/1.1" 200 27
218.81.223.53 - - [27/Apr/2022:10:30:55 +0800] "GET /xingrg/check_reg.html?_=1651026658954 HTTP/1.1" 200 22
116.235.92.88 - - [27/Apr/2022:10:31:02 +0800] "GET /xingrg/kc/base/wldb_order_operate.html?command=get_materiel&rest_code=00104&base_code=0010843&code=00101020303 HTTP/1.1" 200 437
116.235.92.88 - - [27/Apr/2022:10:31:14 +0800] "GET /xingrg/all/function/internal_message.html?_=1651026843745&CODE_STATE=getMsg HTTP/1.1" 200 27
58.39.61.91 - - [27/Apr/2022:10:31:29 +0800] "GET /xingrg/all/function/internal_message.html?_=1651026600624&CODE_STATE=getMsg HTTP/1.1" 200 27
116.235.92.88 - - [27/Apr/2022:10:31:38 +0800] "POST /xingrg/kc/base/wldb_order_operate.html HTTP/1.1" 200 37
116.235.92.88 - - [27/Apr/2022:10:31:38 +0800] "POST /xingrg/kc/base/wldb_order_operate.html HTTP/1.1" 200 31617
58.39.201.47 - - [27/Apr/2022:10:31:38 +0800] "GET /xingrg/all/function/internal_message.html?_=1651026630191&CODE_STATE=getMsg HTTP/1.1" 302 -
218.81.223.53 - - [27/Apr/2022:10:31:43 +0800] "GET /xingrg/all/function/internal_message.html?_=1651026707050&CODE_STATE=getMsg HTTP/1.1" 200 27
58.39.201.47 - - [27/Apr/2022:10:31:47 +0800] "GET /xingrg/check_reg.html?_=1651026706899 HTTP/1.1" 200 22
58.39.201.47 - - [27/Apr/2022:10:31:47 +0800] "GET /xingrg/all/function/internal_message.html?_=1651026706902&CODE_STATE=getMsg HTTP/1.1" 200 27
116.235.92.88 - - [27/Apr/2022:10:31:56 +0800] "GET /xingrg/kc/base/wldb_order_info.html?code=422022042700096 HTTP/1.1" 200 30336
116.235.92.88 - - [27/Apr/2022:10:31:56 +0800] "GET /xingrg/javascript/easyui/themes/default/validatebox.css HTTP/1.1" 404 1104
116.235.92.88 - - [27/Apr/2022:10:31:57 +0800] "POST /xingrg/kc/base/wldb_order_operate.html HTTP/1.1" 200 31617
114.88.156.203 - - [27/Apr/2022:10:31:59 +0800] "POST /xingrg/services/DataTransmitService HTTP/1.1" 200 524
116.235.92.88 - - [27/Apr/2022:10:32:14 +0800] "GET /xingrg/all/function/internal_message.html?_=1651026903771&CODE_STATE=getMsg HTTP/1.1" 200 27
116.235.92.88 - - [27/Apr/2022:10:32:14 +0800] "GET /xingrg/check_reg.html?_=1651026903817 HTTP/1.1" 200 22
58.39.61.91 - - [27/Apr/2022:10:32:29 +0800] "GET /xingrg/all/function/internal_message.html?_=1651026660661&CODE_STATE=getMsg HTTP/1.1" 200 27
58.39.201.47 - - [27/Apr/2022:10:32:38 +0800] "GET /xingrg/all/function/internal_message.html?_=1651026690195&CODE_STATE=getMsg HTTP/1.1" 302 -
218.81.223.53 - - [27/Apr/2022:10:32:43 +0800] "GET /xingrg/all/function/internal_message.html?_=1651026767063&CODE_STATE=getMsg HTTP/1.1" 200 27
58.39.201.47 - - [27/Apr/2022:10:32:47 +0800] "GET /xingrg/all/function/internal_message.html?_=1651026766911&CODE_STATE=getMsg HTTP/1.1" 200 27
116.235.92.88 - - [27/Apr/2022:10:33:14 +0800] "GET /xingrg/all/function/internal_message.html?_=1651026963780&CODE_STATE=getMsg HTTP/1.1" 200 27
58.39.61.91 - - [27/Apr/2022:10:33:29 +0800] "GET /xingrg/all/function/internal_message.html?_=1651026720667&CODE_STATE=getMsg HTTP/1.1" 200 27
58.39.201.47 - - [27/Apr/2022:10:33:38 +0800] "GET /xingrg/check_reg.html?_=1651026750192 HTTP/1.1" 302 -
58.39.201.47 - - [27/Apr/2022:10:33:38 +0800] "GET /xingrg/all/function/internal_message.html?_=1651026750195&CODE_STATE=getMsg HTTP/1.1" 302 -
218.81.223.53 - - [27/Apr/2022:10:33:43 +0800] "GET /xingrg/all/function/internal_message.html?_=1651026827183&CODE_STATE=getMsg HTTP/1.1" 200 27
58.39.201.47 - - [27/Apr/2022:10:33:47 +0800] "GET /xingrg/all/function/internal_message.html?_=1651026826904&CODE_STATE=getMsg HTTP/1.1" 200 27
116.235.92.88 - - [27/Apr/2022:10:34:14 +0800] "GET /xingrg/all/function/internal_message.html?_=1651027023770&CODE_STATE=getMsg HTTP/1.1" 200 27
58.39.61.91 - - [27/Apr/2022:10:34:29 +0800] "GET /xingrg/all/function/internal_message.html?_=1651026780708&CODE_STATE=getMsg HTTP/1.1" 200 27
116.235.92.88 - - [27/Apr/2022:10:34:32 +0800] "GET /xingrg/kc/base/wldb_order_operate.html?command=get_materiel&rest_code=00104&base_code=0010843&code=00101005037 HTTP/1.1" 200 430
58.39.201.47 - - [27/Apr/2022:10:34:38 +0800] "GET /xingrg/all/function/internal_message.html?_=1651026810183&CODE_STATE=getMsg HTTP/1.1" 302 -
218.81.223.53 - - [27/Apr/2022:10:34:43 +0800] "GET /xingrg/all/function/internal_message.html?_=1651026887184&CODE_STATE=getMsg HTTP/1.1" 200 27
58.39.201.47 - - [27/Apr/2022:10:34:47 +0800] "GET /xingrg/all/function/internal_message.html?_=1651026886906&CODE_STATE=getMsg HTTP/1.1" 200 27
116.235.92.88 - - [27/Apr/2022:10:34:48 +0800] "GET /xingrg/kc/base/wldb_order_operate.html?command=get_materiel&rest_code=00104&base_code=0010843&code=00101022087 HTTP/1.1" 200 458
58.39.61.91 - - [27/Apr/2022:10:34:59 +0800] "GET /xingrg/check_reg.html?_=1651026810651 HTTP/1.1" 200 22
116.235.92.88 - - [27/Apr/2022:10:35:04 +0800] "GET /xingrg/kc/base/wldb_order_operate.html?command=get_materiel&rest_code=00104&base_code=0010843&code=00101027001 HTTP/1.1" 200 471
116.235.92.88 - - [27/Apr/2022:10:35:14 +0800] "GET /xingrg/all/function/internal_message.html?_=1651027083816&CODE_STATE=getMsg HTTP/1.1" 200 27
116.235.92.88 - - [27/Apr/2022:10:35:18 +0800] "POST /xingrg/kc/base/wldb_order_operate.html HTTP/1.1" 200 37
116.235.92.88 - - [27/Apr/2022:10:35:18 +0800] "POST /xingrg/kc/base/wldb_order_operate.html HTTP/1.1" 200 33100
116.235.92.88 - - [27/Apr/2022:10:35:19 +0800] "GET /xingrg/kc/base/wldb_order_info.html?code=422022042700096 HTTP/1.1" 200 30337
116.235.92.88 - - [27/Apr/2022:10:35:20 +0800] "GET /xingrg/javascript/easyui/themes/default/validatebox.css HTTP/1.1" 404 1104
116.235.92.88 - - [27/Apr/2022:10:35:20 +0800] "POST /xingrg/kc/base/wldb_order_operate.html HTTP/1.1" 200 33100
116.235.92.88 - - [27/Apr/2022:10:35:21 +0800] "GET /xingrg/javascript/jquery_tools/images/prev.gif HTTP/1.1" 404 1086
116.235.92.88 - - [27/Apr/2022:10:35:21 +0800] "GET /xingrg/javascript/jquery_tools/images/next.gif HTTP/1.1" 404 1086
58.39.61.91 - - [27/Apr/2022:10:35:29 +0800] "GET /xingrg/all/function/internal_message.html?_=1651026840711&CODE_STATE=getMsg HTTP/1.1" 200 27
116.235.92.88 - - [27/Apr/2022:10:35:30 +0800] "POST /xingrg/kc/base/wldb_order_operate.html HTTP/1.1" 200 37
116.235.92.88 - - [27/Apr/2022:10:35:30 +0800] "POST /xingrg/kc/base/wldb_order_operate.html HTTP/1.1" 200 33100
116.235.92.88 - - [27/Apr/2022:10:35:31 +0800] "GET /xingrg/kc/base/wldb_order_info.html?code=422022042700096 HTTP/1.1" 200 30337
116.235.92.88 - - [27/Apr/2022:10:35:32 +0800] "GET /xingrg/javascript/easyui/themes/default/validatebox.css HTTP/1.1" 404 1104
116.235.92.88 - - [27/Apr/2022:10:35:32 +0800] "POST /xingrg/kc/base/wldb_order_operate.html HTTP/1.1" 200 33100
58.39.201.47 - - [27/Apr/2022:10:35:38 +0800] "GET /xingrg/all/function/internal_message.html?_=1651026870187&CODE_STATE=getMsg HTTP/1.1" 302 -
116.235.92.88 - - [27/Apr/2022:10:35:39 +0800] "POST /xingrg/kc/base/wldb_list_operate.html HTTP/1.1" 200 2983
218.81.223.53 - - [27/Apr/2022:10:35:43 +0800] "GET /xingrg/all/function/internal_message.html?_=1651026947294&CODE_STATE=getMsg HTTP/1.1" 200 27
116.235.92.88 - - [27/Apr/2022:10:35:45 +0800] "POST /xingrg/kc/base/wldb_list_operate.html HTTP/1.1" 200 591
116.235.92.88 - - [27/Apr/2022:10:35:45 +0800] "GET /xingrg/kc/base/wldb_order_info.html?code=422022042700096 HTTP/1.1" 200 30337
116.235.92.88 - - [27/Apr/2022:10:35:45 +0800] "GET /xingrg/javascript/easyui/themes/default/validatebox.css HTTP/1.1" 404 1104
116.235.92.88 - - [27/Apr/2022:10:35:46 +0800] "POST /xingrg/kc/base/wldb_order_operate.html HTTP/1.1" 200 33100
58.39.201.47 - - [27/Apr/2022:10:35:47 +0800] "GET /xingrg/all/function/internal_message.html?_=1651026946898&CODE_STATE=getMsg HTTP/1.1" 200 27
116.235.92.88 - - [27/Apr/2022:10:35:52 +0800] "POST /xingrg/kc/base/wldb_order_operate.html HTTP/1.1" 200 37
116.235.92.88 - - [27/Apr/2022:10:35:52 +0800] "POST /xingrg/kc/base/wldb_order_operate.html HTTP/1.1" 200 33100
116.235.92.88 - - [27/Apr/2022:10:35:53 +0800] "GET /xingrg/kc/base/wldb_order_info.html?code=422022042700096 HTTP/1.1" 200 30337
116.235.92.88 - - [27/Apr/2022:10:35:53 +0800] "GET /xingrg/javascript/easyui/themes/default/validatebox.css HTTP/1.1" 404 1104
116.235.92.88 - - [27/Apr/2022:10:35:53 +0800] "POST /xingrg/kc/base/wldb_order_operate.html HTTP/1.1" 200 33100
218.81.223.53 - - [27/Apr/2022:10:35:55 +0800] "GET /xingrg/check_reg.html?_=1651026958961 HTTP/1.1" 200 22
116.235.92.88 - - [27/Apr/2022:10:36:14 +0800] "GET /xingrg/all/function/internal_message.html?_=1651027143802&CODE_STATE=getMsg HTTP/1.1" 200 27
58.39.61.91 - - [27/Apr/2022:10:36:29 +0800] "GET /xingrg/all/function/internal_message.html?_=1651026900723&CODE_STATE=getMsg HTTP/1.1" 200 27
58.39.201.47 - - [27/Apr/2022:10:36:38 +0800] "GET /xingrg/all/function/internal_message.html?_=1651026930186&CODE_STATE=getMsg HTTP/1.1" 302 -
218.81.223.53 - - [27/Apr/2022:10:36:43 +0800] "GET /xingrg/all/function/internal_message.html?_=1651027007305&CODE_STATE=getMsg HTTP/1.1" 200 27
58.39.201.47 - - [27/Apr/2022:10:36:47 +0800] "GET /xingrg/check_reg.html?_=1651027006901 HTTP/1.1" 200 22
58.39.201.47 - - [27/Apr/2022:10:36:47 +0800] "GET /xingrg/all/function/internal_message.html?_=1651027006904&CODE_STATE=getMsg HTTP/1.1" 200 27
116.235.92.88 - - [27/Apr/2022:10:37:14 +0800] "GET /xingrg/all/function/internal_message.html?_=1651027203772&CODE_STATE=getMsg HTTP/1.1" 200 27
116.235.92.88 - - [27/Apr/2022:10:37:14 +0800] "GET /xingrg/check_reg.html?_=1651027203804 HTTP/1.1" 200 22
58.39.61.91 - - [27/Apr/2022:10:37:29 +0800] "GET /xingrg/all/function/internal_message.html?_=1651026960774&CODE_STATE=getMsg HTTP/1.1" 200 27
58.39.201.47 - - [27/Apr/2022:10:37:38 +0800] "GET /xingrg/all/function/internal_message.html?_=1651026990187&CODE_STATE=getMsg HTTP/1.1" 302 -
218.81.223.53 - - [27/Apr/2022:10:37:43 +0800] "GET /xingrg/all/function/internal_message.html?_=1651027067320&CODE_STATE=getMsg HTTP/1.1" 200 27
58.39.201.47 - - [27/Apr/2022:10:37:47 +0800] "GET /xingrg/all/function/internal_message.html?_=1651027066900&CODE_STATE=getMsg HTTP/1.1" 200 27
116.230.110.173 - - [27/Apr/2022:10:38:01 +0800] "POST /xingrg/services/DataTransmitService HTTP/1.1" 200 524
116.235.92.88 - - [27/Apr/2022:10:38:14 +0800] "GET /xingrg/all/function/internal_message.html?_=1651027263767&CODE_STATE=getMsg HTTP/1.1" 200 27
58.39.61.91 - - [27/Apr/2022:10:38:29 +0800] "GET /xingrg/all/function/internal_message.html?_=1651027020781&CODE_STATE=getMsg HTTP/1.1" 200 27
58.39.201.47 - - [27/Apr/2022:10:38:38 +0800] "GET /xingrg/all/function/internal_message.html?_=1651027050190&CODE_STATE=getMsg HTTP/1.1" 302 -
58.39.201.47 - - [27/Apr/2022:10:38:38 +0800] "GET /xingrg/check_reg.html?_=1651027050193 HTTP/1.1" 302 -
218.81.223.53 - - [27/Apr/2022:10:38:43 +0800] "GET /xingrg/all/function/internal_message.html?_=1651027127427&CODE_STATE=getMsg HTTP/1.1" 200 27
58.39.201.47 - - [27/Apr/2022:10:38:47 +0800] "GET /xingrg/all/function/internal_message.html?_=1651027126902&CODE_STATE=getMsg HTTP/1.1" 200 27
116.235.92.88 - - [27/Apr/2022:10:39:14 +0800] "GET /xingrg/all/function/internal_message.html?_=1651027323766&CODE_STATE=getMsg HTTP/1.1" 200 27
58.39.61.91 - - [27/Apr/2022:10:39:29 +0800] "GET /xingrg/all/function/internal_message.html?_=1651027080819&CODE_STATE=getMsg HTTP/1.1" 200 27
222.70.180.114 - - [27/Apr/2022:10:39:32 +0800] "POST /xingrg/services/DataTransmitService HTTP/1.1" 200 524
58.39.201.47 - - [27/Apr/2022:10:39:38 +0800] "GET /xingrg/all/function/internal_message.html?_=1651027110194&CODE_STATE=getMsg HTTP/1.1" 302 -
218.81.223.53 - - [27/Apr/2022:10:39:43 +0800] "GET /xingrg/all/function/internal_message.html?_=1651027187440&CODE_STATE=getMsg HTTP/1.1" 200 27
58.39.201.47 - - [27/Apr/2022:10:39:47 +0800] "GET /xingrg/all/function/internal_message.html?_=1651027186907&CODE_STATE=getMsg HTTP/1.1" 200 27
58.39.61.91 - - [27/Apr/2022:10:39:59 +0800] "GET /xingrg/check_reg.html?_=1651027110656 HTTP/1.1" 200 22
116.235.92.88 - - [27/Apr/2022:10:40:14 +0800] "GET /xingrg/all/function/internal_message.html?_=1651027383775&CODE_STATE=getMsg HTTP/1.1" 200 27
58.39.61.91 - - [27/Apr/2022:10:40:29 +0800] "GET /xingrg/all/function/internal_message.html?_=1651027140825&CODE_STATE=getMsg HTTP/1.1" 200 27
58.39.201.47 - - [27/Apr/2022:10:40:38 +0800] "GET /xingrg/all/function/internal_message.html?_=1651027170188&CODE_STATE=getMsg HTTP/1.1" 302 -
218.81.223.53 - - [27/Apr/2022:10:40:43 +0800] "GET /xingrg/all/function/internal_message.html?_=1651027247549&CODE_STATE=getMsg HTTP/1.1" 200 27
58.39.201.47 - - [27/Apr/2022:10:40:47 +0800] "GET /xingrg/all/function/internal_message.html?_=1651027246901&CODE_STATE=getMsg HTTP/1.1" 200 27
218.81.223.53 - - [27/Apr/2022:10:40:55 +0800] "GET /xingrg/check_reg.html?_=1651027258967 HTTP/1.1" 200 22
116.235.92.88 - - [27/Apr/2022:10:41:14 +0800] "GET /xingrg/all/function/internal_message.html?_=1651027443774&CODE_STATE=getMsg HTTP/1.1" 200 27
58.39.61.91 - - [27/Apr/2022:10:41:29 +0800] "GET /xingrg/all/function/internal_message.html?_=1651027200838&CODE_STATE=getMsg HTTP/1.1" 200 27
58.39.201.47 - - [27/Apr/2022:10:41:38 +0800] "GET /xingrg/all/function/internal_message.html?_=1651027230193&CODE_STATE=getMsg HTTP/1.1" 302 -
218.81.223.53 - - [27/Apr/2022:10:41:43 +0800] "GET /xingrg/all/function/internal_message.html?_=1651027307562&CODE_STATE=getMsg HTTP/1.1" 200 27
58.39.201.47 - - [27/Apr/2022:10:41:47 +0800] "GET /xingrg/check_reg.html?_=1651027306933 HTTP/1.1" 200 22
58.39.201.47 - - [27/Apr/2022:10:41:47 +0800] "GET /xingrg/all/function/internal_message.html?_=1651027306935&CODE_STATE=getMsg HTTP/1.1" 200 27
