120.253.135.82 - - [23/Apr/2022:09:35:52 +0800] "GET /xingrg/javascript/jquery_easy_ui/themes/icons/uncheck_new.png HTTP/1.1" 200 3197
120.253.135.82 - - [23/Apr/2022:09:35:52 +0800] "GET /xingrg/javascript/jquery_easy_ui/themes/icons/back_new.png HTTP/1.1" 200 3414
180.169.147.146 - - [23/Apr/2022:09:36:03 +0800] "GET /xingrg/all/function/internal_message.html?_=1650677760243&CODE_STATE=getMsg HTTP/1.1" 302 -
120.253.135.82 - - [23/Apr/2022:09:36:18 +0800] "GET /xingrg/kc/pszx/mdps_order_list.html?orderType=0 HTTP/1.1" 200 20966
120.253.135.82 - - [23/Apr/2022:09:36:18 +0800] "POST /xingrg/kc/pszx/mdps_list_operate.html HTTP/1.1" 200 5209
120.253.135.82 - - [23/Apr/2022:09:36:30 +0800] "GET /xingrg/check_reg.html?_=1650677593914 HTTP/1.1" 200 22
120.253.135.82 - - [23/Apr/2022:09:36:32 +0800] "POST /xingrg/kc/pszx/mdps_list_operate.html HTTP/1.1" 200 2420
120.253.135.82 - - [23/Apr/2022:09:36:34 +0800] "POST /xingrg/kc/pszx/mdps_list_operate.html HTTP/1.1" 200 203
120.253.135.82 - - [23/Apr/2022:09:36:36 +0800] "GET /xingrg/kc/pszx/mdps_order_info.html?code=312022042300189 HTTP/1.1" 200 23933
58.39.201.47 - - [23/Apr/2022:09:36:36 +0800] "GET /xingrg/all/function/internal_message.html?_=1650677796729&CODE_STATE=getMsg HTTP/1.1" 200 27
120.253.135.82 - - [23/Apr/2022:09:36:36 +0800] "GET /xingrg/javascript/easyui/themes/default/validatebox.css HTTP/1.1" 404 1104
120.253.135.82 - - [23/Apr/2022:09:36:36 +0800] "POST /xingrg/kc/pszx/mdps_order_operate.html HTTP/1.1" 200 2276
180.169.147.146 - - [23/Apr/2022:09:36:40 +0800] "GET /xingrg/all/function/internal_message.html?_=1650677796634&CODE_STATE=getMsg HTTP/1.1" 302 -
180.169.147.146 - - [23/Apr/2022:09:36:40 +0800] "GET /xingrg/check_reg.html?_=1650677796634 HTTP/1.1" 302 -
180.169.147.146 - - [23/Apr/2022:09:37:03 +0800] "GET /xingrg/all/function/internal_message.html?_=1650677820240&CODE_STATE=getMsg HTTP/1.1" 302 -
120.253.135.82 - - [23/Apr/2022:09:37:16 +0800] "GET /xingrg/kc/buy/cgsh_order_list.html HTTP/1.1" 200 49987
120.253.135.82 - - [23/Apr/2022:09:37:17 +0800] "POST /xingrg/kc/buy/cgsh_list_operate.html HTTP/1.1" 200 876
120.253.135.82 - - [23/Apr/2022:09:37:19 +0800] "GET /xingrg/kc/buy/cgsh_order_add.html HTTP/1.1" 200 64779
120.253.135.82 - - [23/Apr/2022:09:37:19 +0800] "GET /xingrg/javascript/easyui/themes/icons/template_new.png HTTP/1.1" 200 3956
120.253.135.82 - - [23/Apr/2022:09:37:19 +0800] "GET /xingrg/all/common/auto_word.html?type=employee&rest_code=00101 HTTP/1.1" 200 977
120.253.135.82 - - [23/Apr/2022:09:37:19 +0800] "GET /xingrg/all/common/auto_word.html?type=employee&rest_code=00101 HTTP/1.1" 200 977
120.253.135.82 - - [23/Apr/2022:09:37:20 +0800] "GET /xingrg/javascript/easyui/themes/default/validatebox.css HTTP/1.1" 404 1104
120.253.135.82 - - [23/Apr/2022:09:37:20 +0800] "POST /xingrg/kc/buy/cgsh_order_operate.html HTTP/1.1" 200 8245
120.253.135.82 - - [23/Apr/2022:09:37:26 +0800] "POST /xingrg/all/common/load_combo.html?type=employee HTTP/1.1" 200 1752
58.39.201.47 - - [23/Apr/2022:09:37:36 +0800] "GET /xingrg/all/function/internal_message.html?_=1650677856729&CODE_STATE=getMsg HTTP/1.1" 200 27
120.253.135.82 - - [23/Apr/2022:09:37:37 +0800] "GET /xingrg/kc/buy/cgsh_order_operate.html?command=get_materiel&rest_code=00101&code=00101002048&supplier_code=00100151&order_time=2022-04-23 HTTP/1.1" 200 418
180.169.147.146 - - [23/Apr/2022:09:37:40 +0800] "GET /xingrg/all/function/internal_message.html?_=1650677856604&CODE_STATE=getMsg HTTP/1.1" 302 -
120.253.135.82 - - [23/Apr/2022:09:37:56 +0800] "POST /xingrg/kc/buy/cgsh_order_operate.html HTTP/1.1" 200 37
120.253.135.82 - - [23/Apr/2022:09:37:58 +0800] "POST /xingrg/kc/buy/cgsh_order_operate.html HTTP/1.1" 200 2666
120.253.135.82 - - [23/Apr/2022:09:38:00 +0800] "GET /xingrg/kc/print/load_config.html?kc_code=cgsh HTTP/1.1" 200 1943
120.253.135.82 - - [23/Apr/2022:09:38:00 +0800] "GET /xingrg/kc/print/load_data.html?order_code=212022042300104&kc_code=cgsh&condition= HTTP/1.1" 200 656
180.169.147.146 - - [23/Apr/2022:09:38:03 +0800] "GET /xingrg/all/function/internal_message.html?_=1650677880255&CODE_STATE=getMsg HTTP/1.1" 302 -
58.39.201.47 - - [23/Apr/2022:09:38:36 +0800] "GET /xingrg/all/function/internal_message.html?_=1650677916740&CODE_STATE=getMsg HTTP/1.1" 200 27
180.169.147.146 - - [23/Apr/2022:09:38:40 +0800] "GET /xingrg/all/function/internal_message.html?_=1650677916607&CODE_STATE=getMsg HTTP/1.1" 302 -
180.169.147.146 - - [23/Apr/2022:09:39:03 +0800] "GET /xingrg/check_reg.html?_=1650677940246 HTTP/1.1" 302 -
180.169.147.146 - - [23/Apr/2022:09:39:03 +0800] "GET /xingrg/all/function/internal_message.html?_=1650677940248&CODE_STATE=getMsg HTTP/1.1" 302 -
58.39.201.47 - - [23/Apr/2022:09:39:36 +0800] "GET /xingrg/check_reg.html?_=1650677976740 HTTP/1.1" 200 22
58.39.201.47 - - [23/Apr/2022:09:39:36 +0800] "GET /xingrg/all/function/internal_message.html?_=1650677976741&CODE_STATE=getMsg HTTP/1.1" 200 27
180.169.147.146 - - [23/Apr/2022:09:39:40 +0800] "GET /xingrg/all/function/internal_message.html?_=1650677976625&CODE_STATE=getMsg HTTP/1.1" 302 -
180.169.147.146 - - [23/Apr/2022:09:40:03 +0800] "GET /xingrg/all/function/internal_message.html?_=1650678000244&CODE_STATE=getMsg HTTP/1.1" 302 -
120.253.135.82 - - [23/Apr/2022:09:40:06 +0800] "POST /xingrg/kc/buy/cgsh_order_operate.html HTTP/1.1" 200 37
120.253.135.82 - - [23/Apr/2022:09:40:09 +0800] "POST /xingrg/kc/buy/cgsh_order_operate.html HTTP/1.1" 200 12
120.253.135.82 - - [23/Apr/2022:09:40:12 +0800] "GET /xingrg/kc/buy/cgsh_order_info.html?code=212022042300104 HTTP/1.1" 200 59678
120.253.135.82 - - [23/Apr/2022:09:40:13 +0800] "GET /xingrg/javascript/easyui/themes/default/validatebox.css HTTP/1.1" 404 1104
120.253.135.82 - - [23/Apr/2022:09:40:14 +0800] "POST /xingrg/kc/buy/cgsh_order_operate.html HTTP/1.1" 200 616
120.253.135.82 - - [23/Apr/2022:09:40:36 +0800] "GET /xingrg/kc/buy/cgsh_order_add.html HTTP/1.1" 200 64779
58.39.201.47 - - [23/Apr/2022:09:40:36 +0800] "GET /xingrg/all/function/internal_message.html?_=1650678036737&CODE_STATE=getMsg HTTP/1.1" 200 27
120.253.135.82 - - [23/Apr/2022:09:40:36 +0800] "POST /xingrg/kc/buy/cgsh_order_operate.html HTTP/1.1" 200 8245
120.253.135.82 - - [23/Apr/2022:09:40:36 +0800] "GET /xingrg/javascript/easyui/themes/default/validatebox.css HTTP/1.1" 404 1104
180.169.147.146 - - [23/Apr/2022:09:40:40 +0800] "GET /xingrg/all/function/internal_message.html?_=1650678036622&CODE_STATE=getMsg HTTP/1.1" 302 -
120.253.135.82 - - [23/Apr/2022:09:40:41 +0800] "POST /xingrg/all/common/load_combo.html?type=employee HTTP/1.1" 200 1752
120.253.135.82 - - [23/Apr/2022:09:40:51 +0800] "GET /xingrg/kc/buy/cgsh_order_operate.html?command=get_materiel&rest_code=00101&code=00102002326&supplier_code=00100151&order_time=2022-04-23 HTTP/1.1" 200 414
180.169.147.146 - - [23/Apr/2022:09:41:03 +0800] "GET /xingrg/all/function/internal_message.html?_=1650678060234&CODE_STATE=getMsg HTTP/1.1" 302 -
120.253.135.82 - - [23/Apr/2022:09:41:30 +0800] "GET /xingrg/check_reg.html?_=1650677893915 HTTP/1.1" 200 22
120.253.135.82 - - [23/Apr/2022:09:41:31 +0800] "POST /xingrg/kc/buy/cgsh_order_operate.html HTTP/1.1" 200 37
58.39.201.47 - - [23/Apr/2022:09:41:36 +0800] "GET /xingrg/all/function/internal_message.html?_=1650678096733&CODE_STATE=getMsg HTTP/1.1" 200 27
120.253.135.82 - - [23/Apr/2022:09:41:36 +0800] "POST /xingrg/kc/buy/cgsh_order_operate.html HTTP/1.1" 200 2668
120.253.135.82 - - [23/Apr/2022:09:41:39 +0800] "GET /xingrg/kc/print/load_data.html?order_code=212022042300105&kc_code=cgsh&condition= HTTP/1.1" 200 662
180.169.147.146 - - [23/Apr/2022:09:41:40 +0800] "GET /xingrg/check_reg.html?_=1650678096611 HTTP/1.1" 302 -
180.169.147.146 - - [23/Apr/2022:09:41:40 +0800] "GET /xingrg/all/function/internal_message.html?_=1650678096611&CODE_STATE=getMsg HTTP/1.1" 302 -
180.169.147.146 - - [23/Apr/2022:09:42:03 +0800] "GET /xingrg/all/function/internal_message.html?_=1650678120238&CODE_STATE=getMsg HTTP/1.1" 302 -
58.39.201.47 - - [23/Apr/2022:09:42:36 +0800] "GET /xingrg/all/function/internal_message.html?_=1650678156730&CODE_STATE=getMsg HTTP/1.1" 200 27
180.169.147.146 - - [23/Apr/2022:09:42:40 +0800] "GET /xingrg/all/function/internal_message.html?_=1650678156620&CODE_STATE=getMsg HTTP/1.1" 302 -
120.253.135.82 - - [23/Apr/2022:09:42:59 +0800] "POST /xingrg/kc/buy/cgsh_order_operate.html HTTP/1.1" 200 37
180.169.147.146 - - [23/Apr/2022:09:43:03 +0800] "GET /xingrg/all/function/internal_message.html?_=1650678180245&CODE_STATE=getMsg HTTP/1.1" 302 -
120.253.135.82 - - [23/Apr/2022:09:43:11 +0800] "POST /xingrg/kc/buy/cgsh_order_operate.html HTTP/1.1" 200 12
120.253.135.82 - - [23/Apr/2022:09:43:13 +0800] "GET /xingrg/kc/buy/cgsh_order_info.html?code=212022042300105 HTTP/1.1" 200 59678
120.253.135.82 - - [23/Apr/2022:09:43:14 +0800] "GET /xingrg/javascript/easyui/themes/default/validatebox.css HTTP/1.1" 404 1104
120.253.135.82 - - [23/Apr/2022:09:43:15 +0800] "POST /xingrg/kc/buy/cgsh_order_operate.html HTTP/1.1" 200 618
120.253.135.82 - - [23/Apr/2022:09:43:17 +0800] "POST /xingrg/kc/buy/cgsh_list_operate.html HTTP/1.1" 200 876
120.253.135.82 - - [23/Apr/2022:09:43:21 +0800] "GET /xingrg/kc/pszx/mdps_order_list.html?orderType=0 HTTP/1.1" 200 20966
120.253.135.82 - - [23/Apr/2022:09:43:21 +0800] "POST /xingrg/kc/pszx/mdps_list_operate.html HTTP/1.1" 200 5209
120.253.135.82 - - [23/Apr/2022:09:43:27 +0800] "POST /xingrg/kc/pszx/mdps_list_operate.html HTTP/1.1" 200 2420
58.39.201.47 - - [23/Apr/2022:09:43:36 +0800] "GET /xingrg/all/function/internal_message.html?_=1650678216730&CODE_STATE=getMsg HTTP/1.1" 200 27
120.253.135.82 - - [23/Apr/2022:09:43:37 +0800] "POST /xingrg/kc/pszx/mdps_list_operate.html HTTP/1.1" 200 203
120.253.135.82 - - [23/Apr/2022:09:43:37 +0800] "GET /xingrg/kc/pszx/mdps_order_info.html?code=312022042300189 HTTP/1.1" 200 23933
120.253.135.82 - - [23/Apr/2022:09:43:38 +0800] "POST /xingrg/kc/pszx/mdps_order_operate.html HTTP/1.1" 200 2278
120.253.135.82 - - [23/Apr/2022:09:43:38 +0800] "GET /xingrg/javascript/easyui/themes/default/validatebox.css HTTP/1.1" 404 1104
180.169.147.146 - - [23/Apr/2022:09:43:40 +0800] "GET /xingrg/all/function/internal_message.html?_=1650678216606&CODE_STATE=getMsg HTTP/1.1" 302 -
120.253.135.82 - - [23/Apr/2022:09:43:41 +0800] "POST /xingrg/kc/pszx/mdps_order_operate.html HTTP/1.1" 200 37
120.253.135.82 - - [23/Apr/2022:09:43:43 +0800] "POST /xingrg/kc/pszx/mdps_order_operate.html HTTP/1.1" 200 12
120.253.135.82 - - [23/Apr/2022:09:43:44 +0800] "GET /xingrg/kc/pszx/mdps_order_info.html?code=312022042300189 HTTP/1.1" 200 19593
120.253.135.82 - - [23/Apr/2022:09:43:45 +0800] "POST /xingrg/kc/pszx/mdps_order_operate.html HTTP/1.1" 200 498
120.253.135.82 - - [23/Apr/2022:09:43:45 +0800] "GET /xingrg/javascript/easyui/themes/default/validatebox.css HTTP/1.1" 404 1104
120.253.135.82 - - [23/Apr/2022:09:43:49 +0800] "POST /xingrg/kc/pszx/mdps_list_operate.html HTTP/1.1" 200 374
120.253.135.82 - - [23/Apr/2022:09:43:50 +0800] "GET /xingrg/kc/pszx/mdps_order_info.html?code=312022042300190 HTTP/1.1" 200 23925
120.253.135.82 - - [23/Apr/2022:09:43:51 +0800] "POST /xingrg/kc/pszx/mdps_order_operate.html HTTP/1.1" 200 3306
120.253.135.82 - - [23/Apr/2022:09:43:51 +0800] "GET /xingrg/javascript/easyui/themes/default/validatebox.css HTTP/1.1" 404 1104
120.253.135.82 - - [23/Apr/2022:09:43:57 +0800] "POST /xingrg/kc/pszx/mdps_order_operate.html HTTP/1.1" 200 37
120.253.135.82 - - [23/Apr/2022:09:43:58 +0800] "POST /xingrg/kc/pszx/mdps_order_operate.html HTTP/1.1" 200 12
120.253.135.82 - - [23/Apr/2022:09:44:00 +0800] "GET /xingrg/kc/pszx/mdps_order_info.html?code=312022042300190 HTTP/1.1" 200 19585
120.253.135.82 - - [23/Apr/2022:09:44:01 +0800] "POST /xingrg/kc/pszx/mdps_order_operate.html HTTP/1.1" 200 1518
120.253.135.82 - - [23/Apr/2022:09:44:01 +0800] "GET /xingrg/javascript/easyui/themes/default/validatebox.css HTTP/1.1" 404 1104
120.253.135.82 - - [23/Apr/2022:09:44:02 +0800] "POST /xingrg/kc/pszx/mdps_list_operate.html HTTP/1.1" 200 1681
180.169.147.146 - - [23/Apr/2022:09:44:03 +0800] "GET /xingrg/all/function/internal_message.html?_=1650678240235&CODE_STATE=getMsg HTTP/1.1" 302 -
180.169.147.146 - - [23/Apr/2022:09:44:03 +0800] "GET /xingrg/check_reg.html?_=1650678240236 HTTP/1.1" 302 -
120.253.135.82 - - [23/Apr/2022:09:44:04 +0800] "POST /xingrg/kc/pszx/mdps_list_operate.html HTTP/1.1" 200 290
120.253.135.82 - - [23/Apr/2022:09:44:05 +0800] "GET /xingrg/kc/pszx/mdps_order_info.html?code=312022042300191 HTTP/1.1" 200 23925
120.253.135.82 - - [23/Apr/2022:09:44:05 +0800] "POST /xingrg/kc/pszx/mdps_order_operate.html HTTP/1.1" 200 2781
120.253.135.82 - - [23/Apr/2022:09:44:05 +0800] "GET /xingrg/javascript/easyui/themes/default/validatebox.css HTTP/1.1" 404 1104
120.253.135.82 - - [23/Apr/2022:09:44:11 +0800] "POST /xingrg/kc/pszx/mdps_order_operate.html HTTP/1.1" 200 37
120.253.135.82 - - [23/Apr/2022:09:44:13 +0800] "POST /xingrg/kc/pszx/mdps_order_operate.html HTTP/1.1" 200 12
120.253.135.82 - - [23/Apr/2022:09:44:15 +0800] "GET /xingrg/kc/pszx/mdps_order_info.html?code=312022042300191 HTTP/1.1" 200 19585
120.253.135.82 - - [23/Apr/2022:09:44:15 +0800] "POST /xingrg/kc/pszx/mdps_order_operate.html HTTP/1.1" 200 997
120.253.135.82 - - [23/Apr/2022:09:44:15 +0800] "GET /xingrg/javascript/easyui/themes/default/validatebox.css HTTP/1.1" 404 1104
58.39.201.47 - - [23/Apr/2022:09:44:36 +0800] "GET /xingrg/all/function/internal_message.html?_=1650678276740&CODE_STATE=getMsg HTTP/1.1" 200 27
58.39.201.47 - - [23/Apr/2022:09:44:36 +0800] "GET /xingrg/check_reg.html?_=1650678276741 HTTP/1.1" 200 22
180.169.147.146 - - [23/Apr/2022:09:44:40 +0800] "GET /xingrg/all/function/internal_message.html?_=1650678276621&CODE_STATE=getMsg HTTP/1.1" 302 -
58.35.210.91 - - [23/Apr/2022:09:45:02 +0800] "POST /xingrg/services/DataTransmitService HTTP/1.1" 200 524
180.169.147.146 - - [23/Apr/2022:09:45:03 +0800] "GET /xingrg/all/function/internal_message.html?_=1650678300244&CODE_STATE=getMsg HTTP/1.1" 302 -
116.232.39.122 - - [23/Apr/2022:09:45:09 +0800] "POST /xingrg/services/DataTransmitService HTTP/1.1" 200 524
58.39.201.47 - - [23/Apr/2022:09:45:36 +0800] "GET /xingrg/all/function/internal_message.html?_=1650678336729&CODE_STATE=getMsg HTTP/1.1" 200 27
180.169.147.146 - - [23/Apr/2022:09:45:40 +0800] "GET /xingrg/all/function/internal_message.html?_=1650678336617&CODE_STATE=getMsg HTTP/1.1" 302 -
180.169.147.146 - - [23/Apr/2022:09:46:03 +0800] "GET /xingrg/all/function/internal_message.html?_=1650678360254&CODE_STATE=getMsg HTTP/1.1" 302 -
120.253.135.82 - - [23/Apr/2022:09:46:30 +0800] "GET /xingrg/check_reg.html?_=1650678193924 HTTP/1.1" 200 22
58.39.201.47 - - [23/Apr/2022:09:46:36 +0800] "GET /xingrg/all/function/internal_message.html?_=1650678396741&CODE_STATE=getMsg HTTP/1.1" 200 27
180.169.147.146 - - [23/Apr/2022:09:46:40 +0800] "GET /xingrg/check_reg.html?_=1650678396606 HTTP/1.1" 302 -
180.169.147.146 - - [23/Apr/2022:09:46:40 +0800] "GET /xingrg/all/function/internal_message.html?_=1650678396608&CODE_STATE=getMsg HTTP/1.1" 302 -
180.169.147.146 - - [23/Apr/2022:09:47:03 +0800] "GET /xingrg/all/function/internal_message.html?_=1650678420249&CODE_STATE=getMsg HTTP/1.1" 302 -
58.39.201.47 - - [23/Apr/2022:09:47:36 +0800] "GET /xingrg/all/function/internal_message.html?_=1650678456740&CODE_STATE=getMsg HTTP/1.1" 200 27
180.169.147.146 - - [23/Apr/2022:09:47:40 +0800] "GET /xingrg/all/function/internal_message.html?_=1650678456625&CODE_STATE=getMsg HTTP/1.1" 302 -
180.169.147.146 - - [23/Apr/2022:09:48:03 +0800] "GET /xingrg/all/function/internal_message.html?_=1650678480243&CODE_STATE=getMsg HTTP/1.1" 302 -
58.39.201.47 - - [23/Apr/2022:09:48:36 +0800] "GET /xingrg/all/function/internal_message.html?_=1650678516759&CODE_STATE=getMsg HTTP/1.1" 200 27
180.169.147.146 - - [23/Apr/2022:09:48:40 +0800] "GET /xingrg/all/function/internal_message.html?_=1650678516620&CODE_STATE=getMsg HTTP/1.1" 302 -
58.39.61.91 - - [23/Apr/2022:09:48:56 +0800] "POST /xingrg/services/DataTransmitService HTTP/1.1" 200 524
180.169.147.146 - - [23/Apr/2022:09:49:03 +0800] "GET /xingrg/check_reg.html?_=1650678540261 HTTP/1.1" 302 -
180.169.147.146 - - [23/Apr/2022:09:49:03 +0800] "GET /xingrg/all/function/internal_message.html?_=1650678540263&CODE_STATE=getMsg HTTP/1.1" 302 -
58.39.201.47 - - [23/Apr/2022:09:49:36 +0800] "GET /xingrg/all/function/internal_message.html?_=1650678576759&CODE_STATE=getMsg HTTP/1.1" 200 27
58.39.201.47 - - [23/Apr/2022:09:49:36 +0800] "GET /xingrg/check_reg.html?_=1650678576760 HTTP/1.1" 200 22
180.169.147.146 - - [23/Apr/2022:09:49:40 +0800] "GET /xingrg/all/function/internal_message.html?_=1650678576620&CODE_STATE=getMsg HTTP/1.1" 302 -
180.169.147.146 - - [23/Apr/2022:09:50:03 +0800] "GET /xingrg/all/function/internal_message.html?_=1650678600254&CODE_STATE=getMsg HTTP/1.1" 302 -
58.39.201.47 - - [23/Apr/2022:09:50:36 +0800] "GET /xingrg/all/function/internal_message.html?_=1650678636762&CODE_STATE=getMsg HTTP/1.1" 200 27
180.169.147.146 - - [23/Apr/2022:09:50:40 +0800] "GET /xingrg/all/function/internal_message.html?_=1650678636620&CODE_STATE=getMsg HTTP/1.1" 302 -
180.169.147.146 - - [23/Apr/2022:09:51:03 +0800] "GET /xingrg/all/function/internal_message.html?_=1650678660250&CODE_STATE=getMsg HTTP/1.1" 302 -
120.253.135.82 - - [23/Apr/2022:09:51:30 +0800] "GET /xingrg/check_reg.html?_=1650678493926 HTTP/1.1" 200 22
58.39.201.47 - - [23/Apr/2022:09:51:36 +0800] "GET /xingrg/all/function/internal_message.html?_=1650678696759&CODE_STATE=getMsg HTTP/1.1" 200 27
180.169.147.146 - - [23/Apr/2022:09:51:40 +0800] "GET /xingrg/check_reg.html?_=1650678696614 HTTP/1.1" 302 -
180.169.147.146 - - [23/Apr/2022:09:51:40 +0800] "GET /xingrg/all/function/internal_message.html?_=1650678696616&CODE_STATE=getMsg HTTP/1.1" 302 -
180.169.147.146 - - [23/Apr/2022:09:52:03 +0800] "GET /xingrg/all/function/internal_message.html?_=1650678720242&CODE_STATE=getMsg HTTP/1.1" 302 -
58.39.201.47 - - [23/Apr/2022:09:52:36 +0800] "GET /xingrg/all/function/internal_message.html?_=1650678756760&CODE_STATE=getMsg HTTP/1.1" 200 27
180.169.147.146 - - [23/Apr/2022:09:52:40 +0800] "GET /xingrg/all/function/internal_message.html?_=1650678756609&CODE_STATE=getMsg HTTP/1.1" 302 -
180.169.147.146 - - [23/Apr/2022:09:53:03 +0800] "GET /xingrg/all/function/internal_message.html?_=1650678780249&CODE_STATE=getMsg HTTP/1.1" 302 -
58.39.201.47 - - [23/Apr/2022:09:53:36 +0800] "GET /xingrg/all/function/internal_message.html?_=1650678816754&CODE_STATE=getMsg HTTP/1.1" 200 27
180.169.147.146 - - [23/Apr/2022:09:53:40 +0800] "GET /xingrg/all/function/internal_message.html?_=1650678816615&CODE_STATE=getMsg HTTP/1.1" 302 -
180.169.147.146 - - [23/Apr/2022:09:54:03 +0800] "GET /xingrg/all/function/internal_message.html?_=1650678840240&CODE_STATE=getMsg HTTP/1.1" 302 -
180.169.147.146 - - [23/Apr/2022:09:54:03 +0800] "GET /xingrg/check_reg.html?_=1650678840240 HTTP/1.1" 302 -
58.39.201.47 - - [23/Apr/2022:09:54:36 +0800] "GET /xingrg/check_reg.html?_=1650678876756 HTTP/1.1" 200 22
58.39.201.47 - - [23/Apr/2022:09:54:36 +0800] "GET /xingrg/all/function/internal_message.html?_=1650678876753&CODE_STATE=getMsg HTTP/1.1" 200 27
180.169.147.146 - - [23/Apr/2022:09:54:40 +0800] "GET /xingrg/all/function/internal_message.html?_=1650678876633&CODE_STATE=getMsg HTTP/1.1" 302 -
116.235.92.88 - - [23/Apr/2022:09:54:58 +0800] "POST /xingrg/login.do HTTP/1.1" 200 2421
116.235.92.88 - - [23/Apr/2022:09:54:58 +0800] "GET /xingrg/images/blue/pic_top.gif HTTP/1.1" 200 3656
116.235.92.88 - - [23/Apr/2022:09:54:58 +0800] "GET /xingrg/images/blue/error_buttom.gif HTTP/1.1" 200 1750
116.235.92.88 - - [23/Apr/2022:09:54:58 +0800] "GET /xingrg/images/blue/error_top.gif HTTP/1.1" 200 1790
116.235.92.88 - - [23/Apr/2022:09:54:58 +0800] "GET /xingrg/images/blue/error_mid.gif HTTP/1.1" 200 215
180.169.147.146 - - [23/Apr/2022:09:55:03 +0800] "GET /xingrg/all/function/internal_message.html?_=1650678900246&CODE_STATE=getMsg HTTP/1.1" 302 -
116.235.92.88 - - [23/Apr/2022:09:55:29 +0800] "GET /xingrg/login.html HTTP/1.1" 200 7641
116.235.92.88 - - [23/Apr/2022:09:55:29 +0800] "GET /favicon.ico HTTP/1.1" 404 -
58.39.201.47 - - [23/Apr/2022:09:55:36 +0800] "GET /xingrg/all/function/internal_message.html?_=1650678936765&CODE_STATE=getMsg HTTP/1.1" 200 27
180.169.147.146 - - [23/Apr/2022:09:55:40 +0800] "GET /xingrg/all/function/internal_message.html?_=1650678936617&CODE_STATE=getMsg HTTP/1.1" 302 -
116.235.92.88 - - [23/Apr/2022:09:55:42 +0800] "POST /xingrg/login.do HTTP/1.1" 302 -
116.235.92.88 - - [23/Apr/2022:09:55:42 +0800] "GET /xingrg/index.html?sysBaseUrl=http%3A%2F%2F180.169.147.146%3A18081%2Fxingrg%2F&costTime=39×tamp=1650678942003 HTTP/1.1" 200 17179
116.235.92.88 - - [23/Apr/2022:09:55:42 +0800] "GET /favicon.ico HTTP/1.1" 404 -
116.235.92.88 - - [23/Apr/2022:09:55:42 +0800] "POST /xingrg/all/common/load_tree.html?tree=area_rest_tree_json&manage=1 HTTP/1.1" 200 351
116.235.92.88 - - [23/Apr/2022:09:55:42 +0800] "GET /xingrg/all/function/internal_message.html?_=1650679107476&CODE_STATE=count HTTP/1.1" 200 11
116.235.92.88 - - [23/Apr/2022:09:55:42 +0800] "GET /xingrg/check_reg.html?_=1650679107476 HTTP/1.1" 200 22
116.235.92.88 - - [23/Apr/2022:09:55:42 +0800] "POST /xingrg/load_menu.html HTTP/1.1" 200 5138
116.235.92.88 - - [23/Apr/2022:09:55:47 +0800] "GET /xingrg/kc/buy/cgsh_order_list.html HTTP/1.1" 200 49993
116.235.92.88 - - [23/Apr/2022:09:55:48 +0800] "POST /xingrg/kc/buy/cgsh_list_operate.html HTTP/1.1" 200 876
116.235.92.88 - - [23/Apr/2022:09:55:53 +0800] "GET /xingrg/kc/base/wldb_order_list.html HTTP/1.1" 200 19107
116.235.92.88 - - [23/Apr/2022:09:55:53 +0800] "POST /xingrg/kc/base/wldb_list_operate.html HTTP/1.1" 200 4597
180.169.147.146 - - [23/Apr/2022:09:56:03 +0800] "GET /xingrg/all/function/internal_message.html?_=1650678960261&CODE_STATE=getMsg HTTP/1.1" 302 -
180.156.212.250 - - [23/Apr/2022:09:56:08 +0800] "POST /xingrg/services/DataTransmitService HTTP/1.1" 200 524
116.235.92.88 - - [23/Apr/2022:09:56:20 +0800] "POST /xingrg/kc/base/wldb_list_operate.html HTTP/1.1" 200 4
116.235.92.88 - - [23/Apr/2022:09:56:24 +0800] "POST /xingrg/kc/base/wldb_list_operate.html HTTP/1.1" 200 928
120.253.135.82 - - [23/Apr/2022:09:56:30 +0800] "GET /xingrg/check_reg.html?_=1650678793936 HTTP/1.1" 200 22
58.39.201.47 - - [23/Apr/2022:09:56:36 +0800] "GET /xingrg/all/function/internal_message.html?_=1650678996765&CODE_STATE=getMsg HTTP/1.1" 200 27
180.169.147.146 - - [23/Apr/2022:09:56:40 +0800] "GET /xingrg/check_reg.html?_=1650678996627 HTTP/1.1" 302 -
180.169.147.146 - - [23/Apr/2022:09:56:40 +0800] "GET /xingrg/all/function/internal_message.html?_=1650678996629&CODE_STATE=getMsg HTTP/1.1" 302 -
116.235.92.88 - - [23/Apr/2022:09:56:42 +0800] "GET /xingrg/all/function/internal_message.html?_=1650679167489&CODE_STATE=getMsg HTTP/1.1" 200 27
180.169.147.146 - - [23/Apr/2022:09:57:03 +0800] "GET /xingrg/all/function/internal_message.html?_=1650679020255&CODE_STATE=getMsg HTTP/1.1" 302 -
58.39.201.47 - - [23/Apr/2022:09:57:36 +0800] "GET /xingrg/all/function/internal_message.html?_=1650679056761&CODE_STATE=getMsg HTTP/1.1" 200 27
180.169.147.146 - - [23/Apr/2022:09:57:40 +0800] "GET /xingrg/all/function/internal_message.html?_=1650679056622&CODE_STATE=getMsg HTTP/1.1" 302 -
116.235.92.88 - - [23/Apr/2022:09:57:42 +0800] "GET /xingrg/all/function/internal_message.html?_=1650679227485&CODE_STATE=getMsg HTTP/1.1" 200 27
180.169.147.146 - - [23/Apr/2022:09:58:03 +0800] "GET /xingrg/all/function/internal_message.html?_=1650679080253&CODE_STATE=getMsg HTTP/1.1" 302 -
58.39.201.47 - - [23/Apr/2022:09:58:36 +0800] "GET /xingrg/all/function/internal_message.html?_=1650679116757&CODE_STATE=getMsg HTTP/1.1" 200 27
180.169.147.146 - - [23/Apr/2022:09:58:40 +0800] "GET /xingrg/all/function/internal_message.html?_=1650679116615&CODE_STATE=getMsg HTTP/1.1" 302 -
116.235.92.88 - - [23/Apr/2022:09:58:42 +0800] "GET /xingrg/all/function/internal_message.html?_=1650679287484&CODE_STATE=getMsg HTTP/1.1" 200 27
180.169.147.146 - - [23/Apr/2022:09:59:03 +0800] "GET /xingrg/check_reg.html?_=1650679140256 HTTP/1.1" 302 -
180.169.147.146 - - [23/Apr/2022:09:59:03 +0800] "GET /xingrg/all/function/internal_message.html?_=1650679140257&CODE_STATE=getMsg HTTP/1.1" 302 -
120.253.135.82 - - [23/Apr/2022:09:59:17 +0800] "POST /xingrg/kc/pszx/mdps_list_operate.html HTTP/1.1" 200 868
58.39.201.47 - - [23/Apr/2022:09:59:36 +0800] "GET /xingrg/check_reg.html?_=1650679176752 HTTP/1.1" 200 22
58.39.201.47 - - [23/Apr/2022:09:59:36 +0800] "GET /xingrg/all/function/internal_message.html?_=1650679176754&CODE_STATE=getMsg HTTP/1.1" 200 27
180.169.147.146 - - [23/Apr/2022:09:59:40 +0800] "GET /xingrg/all/function/internal_message.html?_=1650679176627&CODE_STATE=getMsg HTTP/1.1" 302 -
116.235.92.88 - - [23/Apr/2022:09:59:42 +0800] "GET /xingrg/all/function/internal_message.html?_=1650679347482&CODE_STATE=getMsg HTTP/1.1" 200 27
120.253.135.82 - - [23/Apr/2022:09:59:50 +0800] "POST /xingrg/kc/pszx/mdps_list_operate.html HTTP/1.1" 200 2071
120.253.135.82 - - [23/Apr/2022:09:59:52 +0800] "POST /xingrg/kc/pszx/mdps_list_operate.html HTTP/1.1" 200 465
180.169.147.146 - - [23/Apr/2022:10:00:03 +0800] "GET /xingrg/all/function/internal_message.html?_=1650679200246&CODE_STATE=getMsg HTTP/1.1" 302 -
120.253.135.82 - - [23/Apr/2022:10:00:04 +0800] "GET /xingrg/kc/pszx/mdps_order_info.html?code=312022042200184 HTTP/1.1" 200 23937
120.253.135.82 - - [23/Apr/2022:10:00:05 +0800] "POST /xingrg/kc/pszx/mdps_order_operate.html HTTP/1.1" 200 3791
120.253.135.82 - - [23/Apr/2022:10:00:05 +0800] "GET /xingrg/javascript/easyui/themes/default/validatebox.css HTTP/1.1" 404 1104
120.253.135.82 - - [23/Apr/2022:10:00:19 +0800] "POST /xingrg/kc/pszx/mdps_order_operate.html HTTP/1.1" 200 37
120.253.135.82 - - [23/Apr/2022:10:00:20 +0800] "POST /xingrg/kc/pszx/mdps_order_operate.html HTTP/1.1" 200 12
120.253.135.82 - - [23/Apr/2022:10:00:22 +0800] "GET /xingrg/kc/pszx/mdps_order_info.html?code=312022042200184 HTTP/1.1" 200 19597
120.253.135.82 - - [23/Apr/2022:10:00:23 +0800] "POST /xingrg/kc/pszx/mdps_order_operate.html HTTP/1.1" 200 1991
120.253.135.82 - - [23/Apr/2022:10:00:23 +0800] "GET /xingrg/javascript/easyui/themes/default/validatebox.css HTTP/1.1" 404 1104
120.253.135.82 - - [23/Apr/2022:10:00:23 +0800] "POST /xingrg/kc/pszx/mdps_list_operate.html HTTP/1.1" 200 1690
120.253.135.82 - - [23/Apr/2022:10:00:25 +0800] "POST /xingrg/kc/pszx/mdps_list_operate.html HTTP/1.1" 200 304
120.253.135.82 - - [23/Apr/2022:10:00:26 +0800] "GET /xingrg/kc/pszx/mdps_order_info.html?code=312022042300195 HTTP/1.1" 200 23931
120.253.135.82 - - [23/Apr/2022:10:00:26 +0800] "POST /xingrg/kc/pszx/mdps_order_operate.html HTTP/1.1" 200 2816
120.253.135.82 - - [23/Apr/2022:10:00:26 +0800] "GET /xingrg/javascript/easyui/themes/default/validatebox.css HTTP/1.1" 404 1104
120.253.135.82 - - [23/Apr/2022:10:00:30 +0800] "POST /xingrg/kc/pszx/mdps_order_operate.html HTTP/1.1" 200 37
120.253.135.82 - - [23/Apr/2022:10:00:32 +0800] "POST /xingrg/kc/pszx/mdps_order_operate.html HTTP/1.1" 200 12
58.39.201.47 - - [23/Apr/2022:10:00:36 +0800] "GET /xingrg/all/function/internal_message.html?_=1650679236760&CODE_STATE=getMsg HTTP/1.1" 200 27
180.169.147.146 - - [23/Apr/2022:10:00:40 +0800] "GET /xingrg/all/function/internal_message.html?_=1650679236627&CODE_STATE=getMsg HTTP/1.1" 302 -
116.235.92.88 - - [23/Apr/2022:10:00:42 +0800] "GET /xingrg/check_reg.html?_=1650679407480 HTTP/1.1" 200 22
116.235.92.88 - - [23/Apr/2022:10:00:42 +0800] "GET /xingrg/all/function/internal_message.html?_=1650679407481&CODE_STATE=getMsg HTTP/1.1" 200 27
120.253.135.82 - - [23/Apr/2022:10:01:03 +0800] "GET /xingrg/kc/pszx/mdps_order_info.html?code=312022042300195 HTTP/1.1" 200 19591
180.169.147.146 - - [23/Apr/2022:10:01:03 +0800] "GET /xingrg/all/function/internal_message.html?_=1650679260262&CODE_STATE=getMsg HTTP/1.1" 302 -
120.253.135.82 - - [23/Apr/2022:10:01:03 +0800] "POST /xingrg/kc/pszx/mdps_order_operate.html HTTP/1.1" 200 1035
120.253.135.82 - - [23/Apr/2022:10:01:04 +0800] "GET /xingrg/javascript/easyui/themes/default/validatebox.css HTTP/1.1" 404 1104
120.253.135.82 - - [23/Apr/2022:10:01:05 +0800] "POST /xingrg/kc/pszx/mdps_list_operate.html HTTP/1.1" 200 868
120.253.135.82 - - [23/Apr/2022:10:01:08 +0800] "GET /xingrg/kc/pszx/mdqp_order_list.html?state=10 HTTP/1.1" 200 10217
120.253.135.82 - - [23/Apr/2022:10:01:08 +0800] "GET /xingrg/dwr/interface/AjaxQqpsService.js HTTP/1.1" 200 16326
120.253.135.82 - - [23/Apr/2022:10:01:08 +0800] "GET /xingrg/dwr/interface/AjaxReportQueryService.js HTTP/1.1" 200 13203
120.253.135.82 - - [23/Apr/2022:10:01:08 +0800] "GET /xingrg/dwr/engine.js HTTP/1.1" 200 43631
120.253.135.82 - - [23/Apr/2022:10:01:08 +0800] "GET /xingrg/javascript/jquery_easy_ui/themes/default/easyui.css HTTP/1.1" 200 26500
120.253.135.82 - - [23/Apr/2022:10:01:10 +0800] "GET /xingrg/kc/pszx/mdps_order_list.html?orderType=0 HTTP/1.1" 200 20966
120.253.135.82 - - [23/Apr/2022:10:01:11 +0800] "POST /xingrg/kc/pszx/mdps_list_operate.html HTTP/1.1" 200 5039
114.86.224.80 - - [23/Apr/2022:10:01:24 +0800] "POST /xingrg/services/DataTransmitService HTTP/1.1" 200 524
120.253.135.82 - - [23/Apr/2022:10:01:30 +0800] "GET /xingrg/check_reg.html?_=1650679094115 HTTP/1.1" 200 22
58.39.201.47 - - [23/Apr/2022:10:01:36 +0800] "GET /xingrg/all/function/internal_message.html?_=1650679296755&CODE_STATE=getMsg HTTP/1.1" 200 27
180.169.147.146 - - [23/Apr/2022:10:01:40 +0800] "GET /xingrg/all/function/internal_message.html?_=1650679296624&CODE_STATE=getMsg HTTP/1.1" 302 -
180.169.147.146 - - [23/Apr/2022:10:01:40 +0800] "GET /xingrg/check_reg.html?_=1650679296625 HTTP/1.1" 302 -
180.169.147.146 - - [23/Apr/2022:10:02:03 +0800] "GET /xingrg/all/function/internal_message.html?_=1650679320248&CODE_STATE=getMsg HTTP/1.1" 302 -
116.235.92.88 - - [23/Apr/2022:10:02:04 +0800] "GET /xingrg/all/function/internal_message.html?_=1650679467479&CODE_STATE=getMsg HTTP/1.1" 200 27
114.85.120.137 - - [23/Apr/2022:10:02:21 +0800] "GET /favicon.ico HTTP/1.1" 404 -
58.39.201.47 - - [23/Apr/2022:10:02:36 +0800] "GET /xingrg/all/function/internal_message.html?_=1650679356765&CODE_STATE=getMsg HTTP/1.1" 200 27
180.169.147.146 - - [23/Apr/2022:10:02:40 +0800] "GET /xingrg/all/function/internal_message.html?_=1650679356614&CODE_STATE=getMsg HTTP/1.1" 302 -
116.235.92.88 - - [23/Apr/2022:10:02:42 +0800] "GET /xingrg/all/function/internal_message.html?_=1650679527493&CODE_STATE=getMsg HTTP/1.1" 200 27
120.253.135.82 - - [23/Apr/2022:10:02:54 +0800] "POST /xingrg/kc/pszx/mdps_list_operate.html HTTP/1.1" 200 1682
120.253.135.82 - - [23/Apr/2022:10:02:56 +0800] "POST /xingrg/kc/pszx/mdps_list_operate.html HTTP/1.1" 200 205
120.253.135.82 - - [23/Apr/2022:10:03:01 +0800] "GET /xingrg/kc/pszx/mdps_order_add.html HTTP/1.1" 200 28988
120.253.135.82 - - [23/Apr/2022:10:03:02 +0800] "POST /xingrg/kc/pszx/mdps_order_operate.html HTTP/1.1" 200 7126
120.253.135.82 - - [23/Apr/2022:10:03:02 +0800] "GET /xingrg/javascript/easyui/themes/default/validatebox.css HTTP/1.1" 404 1104
180.169.147.146 - - [23/Apr/2022:10:03:03 +0800] "GET /xingrg/all/function/internal_message.html?_=1650679380260&CODE_STATE=getMsg HTTP/1.1" 302 -
120.253.135.82 - - [23/Apr/2022:10:03:06 +0800] "POST /xingrg/all/common/load_combo.html?type=base HTTP/1.1" 200 1075
120.253.135.82 - - [23/Apr/2022:10:03:16 +0800] "GET /xingrg/kc/pszx/mdps_order_operate.html?command=get_materiel&pszx_code=00101&rest_code=00106&base_code=0010250&code=00102002426 HTTP/1.1" 200 447
120.253.135.82 - - [23/Apr/2022:10:03:28 +0800] "POST /xingrg/kc/pszx/mdps_order_operate.html HTTP/1.1" 200 37
120.253.135.82 - - [23/Apr/2022:10:03:28 +0800] "GET /xingrg/kc/pszx/mdps_order_info.html?code=312022042300196 HTTP/1.1" 200 23925
120.253.135.82 - - [23/Apr/2022:10:03:29 +0800] "POST /xingrg/kc/pszx/mdps_order_operate.html HTTP/1.1" 200 2290
120.253.135.82 - - [23/Apr/2022:10:03:29 +0800] "GET /xingrg/javascript/easyui/themes/default/validatebox.css HTTP/1.1" 404 1104
120.253.135.82 - - [23/Apr/2022:10:03:34 +0800] "POST /xingrg/kc/pszx/mdps_list_operate.html HTTP/1.1" 200 2046
120.253.135.82 - - [23/Apr/2022:10:03:35 +0800] "POST /xingrg/kc/pszx/mdps_list_operate.html HTTP/1.1" 200 205
120.253.135.82 - - [23/Apr/2022:10:03:36 +0800] "POST /xingrg/kc/pszx/mdps_list_operate.html HTTP/1.1" 200 209
58.39.201.47 - - [23/Apr/2022:10:03:36 +0800] "GET /xingrg/all/function/internal_message.html?_=1650679416764&CODE_STATE=getMsg HTTP/1.1" 200 27
180.169.147.146 - - [23/Apr/2022:10:03:40 +0800] "GET /xingrg/all/function/internal_message.html?_=1650679416621&CODE_STATE=getMsg HTTP/1.1" 302 -
116.235.92.88 - - [23/Apr/2022:10:03:42 +0800] "GET /xingrg/all/function/internal_message.html?_=1650679587491&CODE_STATE=getMsg HTTP/1.1" 200 27
180.169.147.146 - - [23/Apr/2022:10:04:03 +0800] "GET /xingrg/check_reg.html?_=1650679440257 HTTP/1.1" 302 -
180.169.147.146 - - [23/Apr/2022:10:04:03 +0800] "GET /xingrg/all/function/internal_message.html?_=1650679440260&CODE_STATE=getMsg HTTP/1.1" 302 -
58.39.201.47 - - [23/Apr/2022:10:04:36 +0800] "GET /xingrg/check_reg.html?_=1650679476760 HTTP/1.1" 200 22
58.39.201.47 - - [23/Apr/2022:10:04:36 +0800] "GET /xingrg/all/function/internal_message.html?_=1650679476760&CODE_STATE=getMsg HTTP/1.1" 200 27
180.169.147.146 - - [23/Apr/2022:10:04:40 +0800] "GET /xingrg/all/function/internal_message.html?_=1650679476623&CODE_STATE=getMsg HTTP/1.1" 302 -
116.235.92.88 - - [23/Apr/2022:10:04:42 +0800] "GET /xingrg/all/function/internal_message.html?_=1650679647490&CODE_STATE=getMsg HTTP/1.1" 200 27
180.169.147.146 - - [23/Apr/2022:10:05:03 +0800] "GET /xingrg/all/function/internal_message.html?_=1650679500246&CODE_STATE=getMsg HTTP/1.1" 302 -
58.39.201.47 - - [23/Apr/2022:10:05:36 +0800] "GET /xingrg/all/function/internal_message.html?_=1650679536759&CODE_STATE=getMsg HTTP/1.1" 200 27
180.169.147.146 - - [23/Apr/2022:10:05:40 +0800] "GET /xingrg/all/function/internal_message.html?_=1650679536610&CODE_STATE=getMsg HTTP/1.1" 302 -
116.235.92.88 - - [23/Apr/2022:10:05:42 +0800] "GET /xingrg/check_reg.html?_=1650679707490 HTTP/1.1" 200 22
116.235.92.88 - - [23/Apr/2022:10:05:42 +0800] "GET /xingrg/all/function/internal_message.html?_=1650679707491&CODE_STATE=getMsg HTTP/1.1" 200 27
180.169.147.146 - - [23/Apr/2022:10:06:03 +0800] "GET /xingrg/all/function/internal_message.html?_=1650679560250&CODE_STATE=getMsg HTTP/1.1" 302 -
120.253.135.82 - - [23/Apr/2022:10:06:30 +0800] "GET /xingrg/check_reg.html?_=1650679394118 HTTP/1.1" 200 22
58.39.201.47 - - [23/Apr/2022:10:06:36 +0800] "GET /xingrg/all/function/internal_message.html?_=1650679596756&CODE_STATE=getMsg HTTP/1.1" 200 27
180.169.147.146 - - [23/Apr/2022:10:06:40 +0800] "GET /xingrg/all/function/internal_message.html?_=1650679596616&CODE_STATE=getMsg HTTP/1.1" 302 -
180.169.147.146 - - [23/Apr/2022:10:06:40 +0800] "GET /xingrg/check_reg.html?_=1650679596617 HTTP/1.1" 302 -
116.235.92.88 - - [23/Apr/2022:10:06:42 +0800] "GET /xingrg/all/function/internal_message.html?_=1650679767489&CODE_STATE=getMsg HTTP/1.1" 200 27
180.169.147.146 - - [23/Apr/2022:10:07:03 +0800] "GET /xingrg/all/function/internal_message.html?_=1650679620264&CODE_STATE=getMsg HTTP/1.1" 302 -
58.39.201.47 - - [23/Apr/2022:10:07:36 +0800] "GET /xingrg/all/function/internal_message.html?_=1650679656753&CODE_STATE=getMsg HTTP/1.1" 200 27
180.169.147.146 - - [23/Apr/2022:10:07:40 +0800] "GET /xingrg/all/function/internal_message.html?_=1650679656632&CODE_STATE=getMsg HTTP/1.1" 302 -
116.235.92.88 - - [23/Apr/2022:10:07:42 +0800] "GET /xingrg/all/function/internal_message.html?_=1650679827488&CODE_STATE=getMsg HTTP/1.1" 200 27
180.169.147.146 - - [23/Apr/2022:10:08:03 +0800] "GET /xingrg/all/function/internal_message.html?_=1650679680261&CODE_STATE=getMsg HTTP/1.1" 302 -
58.39.201.47 - - [23/Apr/2022:10:08:36 +0800] "GET /xingrg/all/function/internal_message.html?_=1650679716750&CODE_STATE=getMsg HTTP/1.1" 200 27
180.169.147.146 - - [23/Apr/2022:10:08:40 +0800] "GET /xingrg/all/function/internal_message.html?_=1650679716632&CODE_STATE=getMsg HTTP/1.1" 302 -
116.235.92.88 - - [23/Apr/2022:10:08:42 +0800] "GET /xingrg/all/function/internal_message.html?_=1650679887486&CODE_STATE=getMsg HTTP/1.1" 200 27
120.253.135.82 - - [23/Apr/2022:10:08:47 +0800] "GET /xingrg/kc/report/report_main.html HTTP/1.1" 200 8599
120.253.135.82 - - [23/Apr/2022:10:08:47 +0800] "GET /xingrg/javascript/jquery-1.4.2.min.js HTTP/1.1" 200 72205
120.253.135.82 - - [23/Apr/2022:10:08:47 +0800] "GET /xingrg/javascript/jquery_ui/themes/humanity/humanity.css HTTP/1.1" 200 27801
120.253.135.82 - - [23/Apr/2022:10:08:47 +0800] "GET /xingrg/javascript/jquery_easy_ui/themes/icons/settle_new.png HTTP/1.1" 200 826
120.253.135.82 - - [23/Apr/2022:10:08:51 +0800] "GET /xingrg/kc/base/kc_stocks.html HTTP/1.1" 200 16437
120.253.135.82 - - [23/Apr/2022:10:08:51 +0800] "GET /xingrg/javascript/easyui/themes/sunny/easyui.css HTTP/1.1" 200 34304
120.253.135.82 - - [23/Apr/2022:10:08:51 +0800] "GET /xingrg/javascript/easyui/themes/icons/filter_new.png HTTP/1.1" 200 795
120.253.135.82 - - [23/Apr/2022:10:08:51 +0800] "GET /xingrg/javascript/easyui/themes/icons/print_new.png HTTP/1.1" 200 3580
120.253.135.82 - - [23/Apr/2022:10:08:51 +0800] "GET /xingrg/javascript/easyui/themes/icons/refresh_new.png HTTP/1.1" 200 685
120.253.135.82 - - [23/Apr/2022:10:08:51 +0800] "GET /xingrg/javascript/easyui/plugins/jquery.draggable.js HTTP/1.1" 200 6121
120.253.135.82 - - [23/Apr/2022:10:08:51 +0800] "GET /xingrg/javascript/easyui/plugins/jquery.droppable.js HTTP/1.1" 200 1167
120.253.135.82 - - [23/Apr/2022:10:08:51 +0800] "GET /xingrg/javascript/easyui/themes/default/tree.css HTTP/1.1" 404 1090
120.253.135.82 - - [23/Apr/2022:10:08:51 +0800] "GET /xingrg/javascript/easyui/plugins/jquery.tree.js HTTP/1.1" 200 20874
120.253.135.82 - - [23/Apr/2022:10:08:51 +0800] "POST /xingrg/all/common/load_tree.html?tree=materiel_sort_tree_json HTTP/1.1" 200 9388
120.253.135.82 - - [23/Apr/2022:10:08:52 +0800] "GET /xingrg/javascript/easyui/themes/sunny/images/tree_arrows.gif HTTP/1.1" 200 617
120.253.135.82 - - [23/Apr/2022:10:08:52 +0800] "GET /xingrg/javascript/easyui/themes/sunny/images/tree_folder.gif HTTP/1.1" 200 952
120.253.135.82 - - [23/Apr/2022:10:08:52 +0800] "GET /xingrg/javascript/easyui/themes/sunny/images/tree_folder_open.gif HTTP/1.1" 200 956
120.253.135.82 - - [23/Apr/2022:10:08:52 +0800] "GET /xingrg/javascript/easyui/themes/sunny/images/tree_file.gif HTTP/1.1" 200 118
120.253.135.82 - - [23/Apr/2022:10:09:00 +0800] "POST /xingrg/kc/base/stock_operate.html HTTP/1.1" 200 1720
120.253.135.82 - - [23/Apr/2022:10:09:00 +0800] "GET /xingrg/javascript/jquery_tools/fix_table.js HTTP/1.1" 200 6528
180.169.147.146 - - [23/Apr/2022:10:09:03 +0800] "GET /xingrg/check_reg.html?_=1650679740259 HTTP/1.1" 302 -
180.169.147.146 - - [23/Apr/2022:10:09:03 +0800] "GET /xingrg/all/function/internal_message.html?_=1650679740260&CODE_STATE=getMsg HTTP/1.1" 302 -
120.253.135.82 - - [23/Apr/2022:10:09:15 +0800] "POST /xingrg/kc/base/stock_operate.html HTTP/1.1" 200 765
58.39.201.47 - - [23/Apr/2022:10:09:36 +0800] "GET /xingrg/all/function/internal_message.html?_=1650679776763&CODE_STATE=getMsg HTTP/1.1" 200 27
58.39.201.47 - - [23/Apr/2022:10:09:36 +0800] "GET /xingrg/check_reg.html?_=1650679776764 HTTP/1.1" 200 22
180.169.147.146 - - [23/Apr/2022:10:09:40 +0800] "GET /xingrg/all/function/internal_message.html?_=1650679776621&CODE_STATE=getMsg HTTP/1.1" 302 -
116.235.92.88 - - [23/Apr/2022:10:09:42 +0800] "GET /xingrg/all/function/internal_message.html?_=1650679947484&CODE_STATE=getMsg HTTP/1.1" 200 27
180.169.147.146 - - [23/Apr/2022:10:10:03 +0800] "GET /xingrg/all/function/internal_message.html?_=1650679800258&CODE_STATE=getMsg HTTP/1.1" 302 -
218.81.223.53 - - [23/Apr/2022:10:10:36 +0800] "POST /xingrg/services/DataTransmitService HTTP/1.1" 200 524
58.39.201.47 - - [23/Apr/2022:10:10:36 +0800] "GET /xingrg/all/function/internal_message.html?_=1650679836759&CODE_STATE=getMsg HTTP/1.1" 200 27
218.81.223.53 - - [23/Apr/2022:10:10:37 +0800] "POST /xingrg/services/DataTransmitService HTTP/1.1" 200 412
180.169.147.146 - - [23/Apr/2022:10:10:40 +0800] "GET /xingrg/all/function/internal_message.html?_=1650679836639&CODE_STATE=getMsg HTTP/1.1" 302 -
116.235.92.88 - - [23/Apr/2022:10:10:42 +0800] "GET /xingrg/all/function/internal_message.html?_=1650680007484&CODE_STATE=getMsg HTTP/1.1" 200 27
116.235.92.88 - - [23/Apr/2022:10:10:42 +0800] "GET /xingrg/check_reg.html?_=1650680007485 HTTP/1.1" 200 22
180.169.147.146 - - [23/Apr/2022:10:11:03 +0800] "GET /xingrg/all/function/internal_message.html?_=1650679860256&CODE_STATE=getMsg HTTP/1.1" 302 -
120.253.135.82 - - [23/Apr/2022:10:11:32 +0800] "GET /xingrg/check_reg.html?_=1650679694197 HTTP/1.1" 200 22
58.39.201.47 - - [23/Apr/2022:10:11:36 +0800] "GET /xingrg/all/function/internal_message.html?_=1650679896762&CODE_STATE=getMsg HTTP/1.1" 200 27
180.169.147.146 - - [23/Apr/2022:10:11:40 +0800] "GET /xingrg/check_reg.html?_=1650679896627 HTTP/1.1" 302 -
180.169.147.146 - - [23/Apr/2022:10:11:40 +0800] "GET /xingrg/all/function/internal_message.html?_=1650679896628&CODE_STATE=getMsg HTTP/1.1" 302 -
116.235.92.88 - - [23/Apr/2022:10:11:42 +0800] "GET /xingrg/all/function/internal_message.html?_=1650680067483&CODE_STATE=getMsg HTTP/1.1" 200 27
180.169.147.146 - - [23/Apr/2022:10:12:03 +0800] "GET /xingrg/all/function/internal_message.html?_=1650679920244&CODE_STATE=getMsg HTTP/1.1" 302 -
116.235.92.88 - - [23/Apr/2022:10:12:15 +0800] "POST /xingrg/services/DataTransmitService HTTP/1.1" 200 524
58.39.201.47 - - [23/Apr/2022:10:12:36 +0800] "GET /xingrg/all/function/internal_message.html?_=1650679956752&CODE_STATE=getMsg HTTP/1.1" 200 27
180.169.147.146 - - [23/Apr/2022:10:12:40 +0800] "GET /xingrg/all/function/internal_message.html?_=1650679956618&CODE_STATE=getMsg HTTP/1.1" 302 -
180.169.147.146 - - [23/Apr/2022:10:13:03 +0800] "GET /xingrg/all/function/internal_message.html?_=1650679980254&CODE_STATE=getMsg HTTP/1.1" 302 -
58.39.201.47 - - [23/Apr/2022:10:13:36 +0800] "GET /xingrg/all/function/internal_message.html?_=1650680016759&CODE_STATE=getMsg HTTP/1.1" 200 27
180.169.147.146 - - [23/Apr/2022:10:13:40 +0800] "GET /xingrg/all/function/internal_message.html?_=1650680016630&CODE_STATE=getMsg HTTP/1.1" 302 -
180.169.147.146 - - [23/Apr/2022:10:14:03 +0800] "GET /xingrg/check_reg.html?_=1650680040270 HTTP/1.1" 302 -
180.169.147.146 - - [23/Apr/2022:10:14:03 +0800] "GET /xingrg/all/function/internal_message.html?_=1650680040269&CODE_STATE=getMsg HTTP/1.1" 302 -
58.39.201.47 - - [23/Apr/2022:10:14:36 +0800] "GET /xingrg/all/function/internal_message.html?_=1650680076787&CODE_STATE=getMsg HTTP/1.1" 200 27
58.39.201.47 - - [23/Apr/2022:10:14:36 +0800] "GET /xingrg/check_reg.html?_=1650680076787 HTTP/1.1" 200 22
180.169.147.146 - - [23/Apr/2022:10:14:40 +0800] "GET /xingrg/all/function/internal_message.html?_=1650680076631&CODE_STATE=getMsg HTTP/1.1" 302 -
180.169.147.146 - - [23/Apr/2022:10:15:03 +0800] "GET /xingrg/all/function/internal_message.html?_=1650680100262&CODE_STATE=getMsg HTTP/1.1" 302 -
58.39.201.47 - - [23/Apr/2022:10:15:36 +0800] "GET /xingrg/all/function/internal_message.html?_=1650680136780&CODE_STATE=getMsg HTTP/1.1" 200 27
180.169.147.146 - - [23/Apr/2022:10:15:40 +0800] "GET /xingrg/all/function/internal_message.html?_=1650680136632&CODE_STATE=getMsg HTTP/1.1" 302 -
180.169.147.146 - - [23/Apr/2022:10:16:03 +0800] "GET /xingrg/all/function/internal_message.html?_=1650680160263&CODE_STATE=getMsg HTTP/1.1" 302 -
120.253.135.82 - - [23/Apr/2022:10:16:31 +0800] "GET /xingrg/check_reg.html?_=1650679995030 HTTP/1.1" 200 22
58.39.201.47 - - [23/Apr/2022:10:16:36 +0800] "GET /xingrg/all/function/internal_message.html?_=1650680196781&CODE_STATE=getMsg HTTP/1.1" 200 27
180.169.147.146 - - [23/Apr/2022:10:16:40 +0800] "GET /xingrg/check_reg.html?_=1650680196629 HTTP/1.1" 302 -
180.169.147.146 - - [23/Apr/2022:10:16:40 +0800] "GET /xingrg/all/function/internal_message.html?_=1650680196631&CODE_STATE=getMsg HTTP/1.1" 302 -
180.169.147.146 - - [23/Apr/2022:10:17:03 +0800] "GET /xingrg/all/function/internal_message.html?_=1650680220258&CODE_STATE=getMsg HTTP/1.1" 302 -
58.39.201.47 - - [23/Apr/2022:10:17:36 +0800] "GET /xingrg/all/function/internal_message.html?_=1650680256782&CODE_STATE=getMsg HTTP/1.1" 200 27
180.169.147.146 - - [23/Apr/2022:10:17:40 +0800] "GET /xingrg/all/function/internal_message.html?_=1650680256630&CODE_STATE=getMsg HTTP/1.1" 302 -
180.169.147.146 - - [23/Apr/2022:10:18:03 +0800] "GET /xingrg/all/function/internal_message.html?_=1650680280258&CODE_STATE=getMsg HTTP/1.1" 302 -
58.39.201.47 - - [23/Apr/2022:10:18:36 +0800] "GET /xingrg/all/function/internal_message.html?_=1650680316780&CODE_STATE=getMsg HTTP/1.1" 200 27
180.169.147.146 - - [23/Apr/2022:10:18:40 +0800] "GET /xingrg/all/function/internal_message.html?_=1650680316622&CODE_STATE=getMsg HTTP/1.1" 302 -
180.169.147.146 - - [23/Apr/2022:10:19:03 +0800] "GET /xingrg/all/function/internal_message.html?_=1650680340260&CODE_STATE=getMsg HTTP/1.1" 302 -
180.169.147.146 - - [23/Apr/2022:10:19:03 +0800] "GET /xingrg/check_reg.html?_=1650680340260 HTTP/1.1" 302 -
58.39.201.47 - - [23/Apr/2022:10:19:36 +0800] "GET /xingrg/check_reg.html?_=1650680376790 HTTP/1.1" 200 22
58.39.201.47 - - [23/Apr/2022:10:19:36 +0800] "GET /xingrg/all/function/internal_message.html?_=1650680376789&CODE_STATE=getMsg HTTP/1.1" 200 27
180.169.147.146 - - [23/Apr/2022:10:19:40 +0800] "GET /xingrg/all/function/internal_message.html?_=1650680376629&CODE_STATE=getMsg HTTP/1.1" 302 -
180.169.147.146 - - [23/Apr/2022:10:20:03 +0800] "GET /xingrg/all/function/internal_message.html?_=1650680400264&CODE_STATE=getMsg HTTP/1.1" 302 -
58.39.201.47 - - [23/Apr/2022:10:20:36 +0800] "GET /xingrg/all/function/internal_message.html?_=1650680436790&CODE_STATE=getMsg HTTP/1.1" 200 27
180.169.147.146 - - [23/Apr/2022:10:20:40 +0800] "GET /xingrg/all/function/internal_message.html?_=1650680436616&CODE_STATE=getMsg HTTP/1.1" 302 -
180.169.147.146 - - [23/Apr/2022:10:21:03 +0800] "GET /xingrg/all/function/internal_message.html?_=1650680460260&CODE_STATE=getMsg HTTP/1.1" 302 -
58.39.201.47 - - [23/Apr/2022:10:21:22 +0800] "POST /xingrg/services/DataTransmitService HTTP/1.1" 200 524
120.253.135.82 - - [23/Apr/2022:10:21:31 +0800] "GET /xingrg/check_reg.html?_=1650680295040 HTTP/1.1" 200 22
58.39.201.47 - - [23/Apr/2022:10:21:36 +0800] "GET /xingrg/all/function/internal_message.html?_=1650680496784&CODE_STATE=getMsg HTTP/1.1" 200 27
180.169.147.146 - - [23/Apr/2022:10:21:40 +0800] "GET /xingrg/all/function/internal_message.html?_=1650680496619&CODE_STATE=getMsg HTTP/1.1" 302 -
180.169.147.146 - - [23/Apr/2022:10:21:40 +0800] "GET /xingrg/check_reg.html?_=1650680496621 HTTP/1.1" 302 -
180.169.147.146 - - [23/Apr/2022:10:22:03 +0800] "GET /xingrg/all/function/internal_message.html?_=1650680520252&CODE_STATE=getMsg HTTP/1.1" 302 -
58.39.201.47 - - [23/Apr/2022:10:22:36 +0800] "GET /xingrg/all/function/internal_message.html?_=1650680556791&CODE_STATE=getMsg HTTP/1.1" 200 27
180.169.147.146 - - [23/Apr/2022:10:22:40 +0800] "GET /xingrg/all/function/internal_message.html?_=1650680556635&CODE_STATE=getMsg HTTP/1.1" 302 -
180.169.147.146 - - [23/Apr/2022:10:23:03 +0800] "GET /xingrg/all/function/internal_message.html?_=1650680580267&CODE_STATE=getMsg HTTP/1.1" 302 -
58.39.201.47 - - [23/Apr/2022:10:23:36 +0800] "GET /xingrg/all/function/internal_message.html?_=1650680616786&CODE_STATE=getMsg HTTP/1.1" 200 27
180.169.147.146 - - [23/Apr/2022:10:23:40 +0800] "GET /xingrg/all/function/internal_message.html?_=1650680616631&CODE_STATE=getMsg HTTP/1.1" 302 -
116.230.110.173 - - [23/Apr/2022:10:23:45 +0800] "POST /xingrg/services/DataTransmitService HTTP/1.1" 200 524
180.169.147.146 - - [23/Apr/2022:10:24:03 +0800] "GET /xingrg/check_reg.html?_=1650680640266 HTTP/1.1" 302 -
180.169.147.146 - - [23/Apr/2022:10:24:03 +0800] "GET /xingrg/all/function/internal_message.html?_=1650680640267&CODE_STATE=getMsg HTTP/1.1" 302 -
58.39.201.47 - - [23/Apr/2022:10:24:36 +0800] "GET /xingrg/all/function/internal_message.html?_=1650680676786&CODE_STATE=getMsg HTTP/1.1" 200 27
58.39.201.47 - - [23/Apr/2022:10:24:36 +0800] "GET /xingrg/check_reg.html?_=1650680676790 HTTP/1.1" 200 22
180.169.147.146 - - [23/Apr/2022:10:24:40 +0800] "GET /xingrg/all/function/internal_message.html?_=1650680676623&CODE_STATE=getMsg HTTP/1.1" 302 -
180.169.147.146 - - [23/Apr/2022:10:25:03 +0800] "GET /xingrg/all/function/internal_message.html?_=1650680700259&CODE_STATE=getMsg HTTP/1.1" 302 -
58.39.201.47 - - [23/Apr/2022:10:25:36 +0800] "GET /xingrg/all/function/internal_message.html?_=1650680736786&CODE_STATE=getMsg HTTP/1.1" 200 27
180.169.147.146 - - [23/Apr/2022:10:25:40 +0800] "GET /xingrg/all/function/internal_message.html?_=1650680736631&CODE_STATE=getMsg HTTP/1.1" 302 -
180.169.147.146 - - [23/Apr/2022:10:26:03 +0800] "GET /xingrg/all/function/internal_message.html?_=1650680760271&CODE_STATE=getMsg HTTP/1.1" 302 -
120.253.135.82 - - [23/Apr/2022:10:26:31 +0800] "GET /xingrg/check_reg.html?_=1650680595041 HTTP/1.1" 200 22
58.39.201.47 - - [23/Apr/2022:10:26:36 +0800] "GET /xingrg/all/function/internal_message.html?_=1650680796781&CODE_STATE=getMsg HTTP/1.1" 200 27
180.169.147.146 - - [23/Apr/2022:10:26:40 +0800] "GET /xingrg/check_reg.html?_=1650680796629 HTTP/1.1" 302 -
180.169.147.146 - - [23/Apr/2022:10:26:40 +0800] "GET /xingrg/all/function/internal_message.html?_=1650680796631&CODE_STATE=getMsg HTTP/1.1" 302 -
180.169.147.146 - - [23/Apr/2022:10:27:03 +0800] "GET /xingrg/all/function/internal_message.html?_=1650680820272&CODE_STATE=getMsg HTTP/1.1" 302 -
218.81.223.53 - - [23/Apr/2022:10:27:16 +0800] "POST /xingrg/services/DataTransmitService HTTP/1.1" 200 524
58.39.201.47 - - [23/Apr/2022:10:27:36 +0800] "GET /xingrg/all/function/internal_message.html?_=1650680856787&CODE_STATE=getMsg HTTP/1.1" 200 27
