120.253.135.82 - - [22/Apr/2022:13:41:40 +0800] "GET /xingrg/all/function/internal_message.html?_=1650605904409&CODE_STATE=getMsg HTTP/1.1" 200 27
180.169.147.146 - - [22/Apr/2022:13:42:02 +0800] "GET /xingrg/all/function/internal_message.html?_=1650606119643&CODE_STATE=getMsg HTTP/1.1" 302 -
58.39.61.91 - - [22/Apr/2022:13:42:07 +0800] "GET /xingrg/all/function/internal_message.html?_=1650606042038&CODE_STATE=getMsg HTTP/1.1" 200 27
58.221.95.50 - - [22/Apr/2022:13:42:17 +0800] "GET /xingrg/kc/buy/cgsh_order_operate.html?command=get_materiel&rest_code=00152&code=00102002117&supplier_code=00100151&order_time=2022-04-18 HTTP/1.1" 200 432
58.39.201.47 - - [22/Apr/2022:13:42:35 +0800] "GET /xingrg/all/function/internal_message.html?_=1650606155549&CODE_STATE=getMsg HTTP/1.1" 200 27
180.169.147.146 - - [22/Apr/2022:13:42:38 +0800] "GET /xingrg/all/function/internal_message.html?_=1650606156018&CODE_STATE=getMsg HTTP/1.1" 302 -
120.253.135.82 - - [22/Apr/2022:13:42:40 +0800] "GET /xingrg/all/function/internal_message.html?_=1650605964424&CODE_STATE=getMsg HTTP/1.1" 200 27
58.221.95.50 - - [22/Apr/2022:13:42:53 +0800] "POST /xingrg/kc/buy/cgsh_order_operate.html HTTP/1.1" 200 37
180.169.147.146 - - [22/Apr/2022:13:43:02 +0800] "GET /xingrg/all/function/internal_message.html?_=1650606179648&CODE_STATE=getMsg HTTP/1.1" 302 -
58.39.61.91 - - [22/Apr/2022:13:43:07 +0800] "GET /xingrg/all/function/internal_message.html?_=1650606102051&CODE_STATE=getMsg HTTP/1.1" 200 27
114.88.156.203 - - [22/Apr/2022:13:43:09 +0800] "POST /xingrg/services/DataTransmitService HTTP/1.1" 200 524
58.39.201.47 - - [22/Apr/2022:13:43:35 +0800] "GET /xingrg/all/function/internal_message.html?_=1650606215549&CODE_STATE=getMsg HTTP/1.1" 200 27
180.169.147.146 - - [22/Apr/2022:13:43:39 +0800] "GET /xingrg/all/function/internal_message.html?_=1650606216035&CODE_STATE=getMsg HTTP/1.1" 302 -
120.253.135.82 - - [22/Apr/2022:13:43:40 +0800] "GET /xingrg/all/function/internal_message.html?_=1650606024437&CODE_STATE=getMsg HTTP/1.1" 200 27
180.169.147.146 - - [22/Apr/2022:13:44:02 +0800] "GET /xingrg/all/function/internal_message.html?_=1650606239657&CODE_STATE=getMsg HTTP/1.1" 302 -
180.169.147.146 - - [22/Apr/2022:13:44:02 +0800] "GET /xingrg/check_reg.html?_=1650606239659 HTTP/1.1" 302 -
58.39.61.91 - - [22/Apr/2022:13:44:07 +0800] "GET /xingrg/all/function/internal_message.html?_=1650606162104&CODE_STATE=getMsg HTTP/1.1" 200 27
58.39.201.47 - - [22/Apr/2022:13:44:35 +0800] "GET /xingrg/check_reg.html?_=1650606275551 HTTP/1.1" 200 22
58.39.201.47 - - [22/Apr/2022:13:44:35 +0800] "GET /xingrg/all/function/internal_message.html?_=1650606275554&CODE_STATE=getMsg HTTP/1.1" 200 27
180.169.147.146 - - [22/Apr/2022:13:44:38 +0800] "GET /xingrg/all/function/internal_message.html?_=1650606276025&CODE_STATE=getMsg HTTP/1.1" 302 -
120.253.135.82 - - [22/Apr/2022:13:44:40 +0800] "GET /xingrg/all/function/internal_message.html?_=1650606084459&CODE_STATE=getMsg HTTP/1.1" 200 27
180.169.147.146 - - [22/Apr/2022:13:45:02 +0800] "GET /xingrg/all/function/internal_message.html?_=1650606299652&CODE_STATE=getMsg HTTP/1.1" 302 -
58.39.61.91 - - [22/Apr/2022:13:45:07 +0800] "GET /xingrg/all/function/internal_message.html?_=1650606222109&CODE_STATE=getMsg HTTP/1.1" 200 27
58.221.95.50 - - [22/Apr/2022:13:45:16 +0800] "POST /xingrg/kc/buy/cgsh_order_operate.html HTTP/1.1" 200 3259
58.221.95.50 - - [22/Apr/2022:13:45:18 +0800] "GET /xingrg/kc/print/load_data.html?order_code=212022042200094&kc_code=cgsh&condition= HTTP/1.1" 200 888
58.39.201.47 - - [22/Apr/2022:13:45:35 +0800] "GET /xingrg/all/function/internal_message.html?_=1650606335538&CODE_STATE=getMsg HTTP/1.1" 200 27
180.169.147.146 - - [22/Apr/2022:13:45:38 +0800] "GET /xingrg/all/function/internal_message.html?_=1650606336028&CODE_STATE=getMsg HTTP/1.1" 302 -
120.253.135.82 - - [22/Apr/2022:13:45:40 +0800] "GET /xingrg/all/function/internal_message.html?_=1650606144463&CODE_STATE=getMsg HTTP/1.1" 200 27
180.169.147.146 - - [22/Apr/2022:13:46:02 +0800] "GET /xingrg/all/function/internal_message.html?_=1650606359667&CODE_STATE=getMsg HTTP/1.1" 302 -
58.39.61.91 - - [22/Apr/2022:13:46:06 +0800] "GET /xingrg/check_reg.html?_=1650606280805 HTTP/1.1" 200 22
58.39.61.91 - - [22/Apr/2022:13:46:07 +0800] "GET /xingrg/all/function/internal_message.html?_=1650606282123&CODE_STATE=getMsg HTTP/1.1" 200 27
58.39.201.47 - - [22/Apr/2022:13:46:35 +0800] "GET /xingrg/all/function/internal_message.html?_=1650606395538&CODE_STATE=getMsg HTTP/1.1" 200 27
180.169.147.146 - - [22/Apr/2022:13:46:38 +0800] "GET /xingrg/all/function/internal_message.html?_=1650606396030&CODE_STATE=getMsg HTTP/1.1" 302 -
180.169.147.146 - - [22/Apr/2022:13:46:39 +0800] "GET /xingrg/check_reg.html?_=1650606396032 HTTP/1.1" 302 -
120.253.135.82 - - [22/Apr/2022:13:46:40 +0800] "GET /xingrg/check_reg.html?_=1650606204218 HTTP/1.1" 200 22
120.253.135.82 - - [22/Apr/2022:13:46:40 +0800] "GET /xingrg/all/function/internal_message.html?_=1650606204477&CODE_STATE=getMsg HTTP/1.1" 200 27
180.169.147.146 - - [22/Apr/2022:13:47:02 +0800] "GET /xingrg/all/function/internal_message.html?_=1650606419665&CODE_STATE=getMsg HTTP/1.1" 302 -
58.39.61.91 - - [22/Apr/2022:13:47:07 +0800] "GET /xingrg/all/function/internal_message.html?_=1650606342136&CODE_STATE=getMsg HTTP/1.1" 200 27
58.39.201.47 - - [22/Apr/2022:13:47:35 +0800] "GET /xingrg/all/function/internal_message.html?_=1650606455539&CODE_STATE=getMsg HTTP/1.1" 200 27
180.169.147.146 - - [22/Apr/2022:13:47:38 +0800] "GET /xingrg/all/function/internal_message.html?_=1650606456020&CODE_STATE=getMsg HTTP/1.1" 302 -
120.253.135.82 - - [22/Apr/2022:13:47:40 +0800] "GET /xingrg/all/function/internal_message.html?_=1650606264491&CODE_STATE=getMsg HTTP/1.1" 200 27
180.169.147.146 - - [22/Apr/2022:13:48:02 +0800] "GET /xingrg/all/function/internal_message.html?_=1650606479658&CODE_STATE=getMsg HTTP/1.1" 302 -
58.39.61.91 - - [22/Apr/2022:13:48:07 +0800] "GET /xingrg/all/function/internal_message.html?_=1650606402150&CODE_STATE=getMsg HTTP/1.1" 200 27
58.39.201.47 - - [22/Apr/2022:13:48:35 +0800] "GET /xingrg/all/function/internal_message.html?_=1650606515553&CODE_STATE=getMsg HTTP/1.1" 200 27
180.169.147.146 - - [22/Apr/2022:13:48:38 +0800] "GET /xingrg/all/function/internal_message.html?_=1650606516026&CODE_STATE=getMsg HTTP/1.1" 302 -
120.253.135.82 - - [22/Apr/2022:13:48:40 +0800] "GET /xingrg/all/function/internal_message.html?_=1650606324504&CODE_STATE=getMsg HTTP/1.1" 200 27
120.253.135.82 - - [22/Apr/2022:13:49:00 +0800] "POST /xingrg/kc/pszx/mdps_list_operate.html HTTP/1.1" 200 1682
120.253.135.82 - - [22/Apr/2022:13:49:02 +0800] "POST /xingrg/kc/pszx/mdps_list_operate.html HTTP/1.1" 200 205
180.169.147.146 - - [22/Apr/2022:13:49:02 +0800] "GET /xingrg/all/function/internal_message.html?_=1650606539655&CODE_STATE=getMsg HTTP/1.1" 302 -
180.169.147.146 - - [22/Apr/2022:13:49:02 +0800] "GET /xingrg/check_reg.html?_=1650606539656 HTTP/1.1" 302 -
58.39.61.91 - - [22/Apr/2022:13:49:07 +0800] "GET /xingrg/all/function/internal_message.html?_=1650606462193&CODE_STATE=getMsg HTTP/1.1" 200 27
58.39.201.47 - - [22/Apr/2022:13:49:35 +0800] "GET /xingrg/check_reg.html?_=1650606575539 HTTP/1.1" 200 22
58.39.201.47 - - [22/Apr/2022:13:49:35 +0800] "GET /xingrg/all/function/internal_message.html?_=1650606575542&CODE_STATE=getMsg HTTP/1.1" 200 27
180.169.147.146 - - [22/Apr/2022:13:49:38 +0800] "GET /xingrg/all/function/internal_message.html?_=1650606576031&CODE_STATE=getMsg HTTP/1.1" 302 -
120.253.135.82 - - [22/Apr/2022:13:49:39 +0800] "GET /xingrg/kc/pszx/mdps_order_list.html?orderType=0 HTTP/1.1" 200 20966
120.253.135.82 - - [22/Apr/2022:13:49:39 +0800] "POST /xingrg/kc/pszx/mdps_list_operate.html HTTP/1.1" 200 5321
120.253.135.82 - - [22/Apr/2022:13:49:40 +0800] "GET /xingrg/all/function/internal_message.html?_=1650606384518&CODE_STATE=getMsg HTTP/1.1" 200 27
58.221.95.50 - - [22/Apr/2022:13:49:42 +0800] "GET /xingrg/check_reg.html?_=1650606579100 HTTP/1.1" 200 22
120.253.135.82 - - [22/Apr/2022:13:49:51 +0800] "POST /xingrg/kc/pszx/mdps_list_operate.html HTTP/1.1" 200 868
120.253.135.82 - - [22/Apr/2022:13:49:59 +0800] "GET /xingrg/kc/pszx/mdps_order_add.html HTTP/1.1" 200 28988
120.253.135.82 - - [22/Apr/2022:13:50:00 +0800] "POST /xingrg/kc/pszx/mdps_order_operate.html HTTP/1.1" 200 7126
120.253.135.82 - - [22/Apr/2022:13:50:00 +0800] "GET /xingrg/javascript/easyui/themes/default/validatebox.css HTTP/1.1" 404 1104
180.169.147.146 - - [22/Apr/2022:13:50:02 +0800] "GET /xingrg/all/function/internal_message.html?_=1650606599660&CODE_STATE=getMsg HTTP/1.1" 302 -
120.253.135.82 - - [22/Apr/2022:13:50:07 +0800] "GET /xingrg/css/images/panel_loading.gif HTTP/1.1" 304 -
120.253.135.82 - - [22/Apr/2022:13:50:07 +0800] "POST /xingrg/all/common/load_combo.html?type=base HTTP/1.1" 200 1075
58.39.61.91 - - [22/Apr/2022:13:50:07 +0800] "GET /xingrg/all/function/internal_message.html?_=1650606522209&CODE_STATE=getMsg HTTP/1.1" 200 27
120.253.135.82 - - [22/Apr/2022:13:50:26 +0800] "GET /xingrg/kc/pszx/mdps_order_operate.html?command=get_materiel&pszx_code=00101&rest_code=00150&base_code=0010246&code=00102034042 HTTP/1.1" 200 437
58.39.201.47 - - [22/Apr/2022:13:50:35 +0800] "GET /xingrg/all/function/internal_message.html?_=1650606635541&CODE_STATE=getMsg HTTP/1.1" 200 27
180.157.251.97 - - [22/Apr/2022:13:50:38 +0800] "POST /xingrg/services/DataTransmitService HTTP/1.1" 200 524
180.169.147.146 - - [22/Apr/2022:13:50:38 +0800] "GET /xingrg/all/function/internal_message.html?_=1650606636032&CODE_STATE=getMsg HTTP/1.1" 302 -
120.253.135.82 - - [22/Apr/2022:13:50:40 +0800] "GET /xingrg/all/function/internal_message.html?_=1650606444531&CODE_STATE=getMsg HTTP/1.1" 200 27
120.253.135.82 - - [22/Apr/2022:13:50:48 +0800] "GET /xingrg/kc/pszx/mdps_order_operate.html?command=get_materiel&pszx_code=00101&rest_code=00150&base_code=0010250&code=00102034042 HTTP/1.1" 200 438
180.169.147.146 - - [22/Apr/2022:13:51:02 +0800] "GET /xingrg/all/function/internal_message.html?_=1650606659650&CODE_STATE=getMsg HTTP/1.1" 302 -
120.253.135.82 - - [22/Apr/2022:13:51:04 +0800] "GET /xingrg/kc/pszx/mdps_order_operate.html?command=get_materiel&pszx_code=00101&rest_code=00150&base_code=0010250&code=00102002939 HTTP/1.1" 200 427
58.39.61.91 - - [22/Apr/2022:13:51:06 +0800] "GET /xingrg/check_reg.html?_=1650606580839 HTTP/1.1" 200 22
58.39.61.91 - - [22/Apr/2022:13:51:07 +0800] "GET /xingrg/all/function/internal_message.html?_=1650606582222&CODE_STATE=getMsg HTTP/1.1" 200 27
120.253.135.82 - - [22/Apr/2022:13:51:19 +0800] "POST /xingrg/kc/pszx/mdps_order_operate.html HTTP/1.1" 200 37
120.253.135.82 - - [22/Apr/2022:13:51:20 +0800] "GET /xingrg/kc/pszx/mdps_order_info.html?code=312022042200181 HTTP/1.1" 200 23931
120.253.135.82 - - [22/Apr/2022:13:51:21 +0800] "POST /xingrg/kc/pszx/mdps_order_operate.html HTTP/1.1" 200 2800
120.253.135.82 - - [22/Apr/2022:13:51:21 +0800] "GET /xingrg/javascript/easyui/themes/default/validatebox.css HTTP/1.1" 404 1104
58.39.201.47 - - [22/Apr/2022:13:51:35 +0800] "GET /xingrg/all/function/internal_message.html?_=1650606695541&CODE_STATE=getMsg HTTP/1.1" 200 27
180.169.147.146 - - [22/Apr/2022:13:51:39 +0800] "GET /xingrg/all/function/internal_message.html?_=1650606696037&CODE_STATE=getMsg HTTP/1.1" 302 -
180.169.147.146 - - [22/Apr/2022:13:51:39 +0800] "GET /xingrg/check_reg.html?_=1650606696039 HTTP/1.1" 302 -
120.253.135.82 - - [22/Apr/2022:13:51:40 +0800] "GET /xingrg/check_reg.html?_=1650606504224 HTTP/1.1" 200 22
120.253.135.82 - - [22/Apr/2022:13:51:40 +0800] "GET /xingrg/all/function/internal_message.html?_=1650606504545&CODE_STATE=getMsg HTTP/1.1" 200 27
180.169.147.146 - - [22/Apr/2022:13:52:02 +0800] "GET /xingrg/all/function/internal_message.html?_=1650606719656&CODE_STATE=getMsg HTTP/1.1" 302 -
58.39.61.91 - - [22/Apr/2022:13:52:07 +0800] "GET /xingrg/all/function/internal_message.html?_=1650606642235&CODE_STATE=getMsg HTTP/1.1" 200 27
180.156.212.250 - - [22/Apr/2022:13:52:25 +0800] "POST /xingrg/services/DataTransmitService HTTP/1.1" 200 524
58.39.201.47 - - [22/Apr/2022:13:52:35 +0800] "GET /xingrg/all/function/internal_message.html?_=1650606755540&CODE_STATE=getMsg HTTP/1.1" 200 27
180.169.147.146 - - [22/Apr/2022:13:52:38 +0800] "GET /xingrg/all/function/internal_message.html?_=1650606756034&CODE_STATE=getMsg HTTP/1.1" 302 -
120.253.135.82 - - [22/Apr/2022:13:52:40 +0800] "GET /xingrg/all/function/internal_message.html?_=1650606564558&CODE_STATE=getMsg HTTP/1.1" 200 27
180.169.147.146 - - [22/Apr/2022:13:53:02 +0800] "GET /xingrg/all/function/internal_message.html?_=1650606779666&CODE_STATE=getMsg HTTP/1.1" 302 -
58.39.61.91 - - [22/Apr/2022:13:53:07 +0800] "GET /xingrg/all/function/internal_message.html?_=1650606702249&CODE_STATE=getMsg HTTP/1.1" 200 27
120.253.135.82 - - [22/Apr/2022:13:53:08 +0800] "POST /xingrg/kc/pszx/mdps_order_operate.html HTTP/1.1" 200 37
120.253.135.82 - - [22/Apr/2022:13:53:09 +0800] "GET /xingrg/kc/pszx/mdps_order_info.html?code=312022042200181 HTTP/1.1" 200 23931
120.253.135.82 - - [22/Apr/2022:13:53:09 +0800] "POST /xingrg/kc/pszx/mdps_order_operate.html HTTP/1.1" 200 2800
120.253.135.82 - - [22/Apr/2022:13:53:10 +0800] "GET /xingrg/javascript/easyui/themes/default/validatebox.css HTTP/1.1" 404 1104
120.253.135.82 - - [22/Apr/2022:13:53:12 +0800] "GET /xingrg/kc/print/load_config.html?kc_code=mdps HTTP/1.1" 200 2390
120.253.135.82 - - [22/Apr/2022:13:53:12 +0800] "GET /xingrg/kc/print/load_data.html?order_code=312022042200181&kc_code=mdps&condition= HTTP/1.1" 200 942
120.253.135.82 - - [22/Apr/2022:13:53:21 +0800] "POST /xingrg/kc/pszx/mdps_list_operate.html HTTP/1.1" 200 1692
120.253.135.82 - - [22/Apr/2022:13:53:22 +0800] "POST /xingrg/kc/pszx/mdps_list_operate.html HTTP/1.1" 200 298
120.253.135.82 - - [22/Apr/2022:13:53:23 +0800] "GET /xingrg/kc/pszx/mdps_order_info.html?code=312022042200181 HTTP/1.1" 200 23931
120.253.135.82 - - [22/Apr/2022:13:53:24 +0800] "POST /xingrg/kc/pszx/mdps_order_operate.html HTTP/1.1" 200 2800
120.253.135.82 - - [22/Apr/2022:13:53:24 +0800] "GET /xingrg/javascript/easyui/themes/default/validatebox.css HTTP/1.1" 404 1104
58.39.201.47 - - [22/Apr/2022:13:53:35 +0800] "GET /xingrg/all/function/internal_message.html?_=1650606815568&CODE_STATE=getMsg HTTP/1.1" 200 27
180.169.147.146 - - [22/Apr/2022:13:53:38 +0800] "GET /xingrg/all/function/internal_message.html?_=1650606816022&CODE_STATE=getMsg HTTP/1.1" 302 -
120.253.135.82 - - [22/Apr/2022:13:53:40 +0800] "GET /xingrg/all/function/internal_message.html?_=1650606624572&CODE_STATE=getMsg HTTP/1.1" 200 27
180.169.147.146 - - [22/Apr/2022:13:54:02 +0800] "GET /xingrg/check_reg.html?_=1650606839659 HTTP/1.1" 302 -
180.169.147.146 - - [22/Apr/2022:13:54:02 +0800] "GET /xingrg/all/function/internal_message.html?_=1650606839660&CODE_STATE=getMsg HTTP/1.1" 302 -
58.39.61.91 - - [22/Apr/2022:13:54:07 +0800] "GET /xingrg/all/function/internal_message.html?_=1650606762304&CODE_STATE=getMsg HTTP/1.1" 200 27
120.253.135.82 - - [22/Apr/2022:13:54:09 +0800] "POST /xingrg/kc/pszx/mdps_order_operate.html HTTP/1.1" 200 37
120.253.135.82 - - [22/Apr/2022:13:54:11 +0800] "POST /xingrg/kc/pszx/mdps_order_operate.html HTTP/1.1" 200 12
120.253.135.82 - - [22/Apr/2022:13:54:12 +0800] "GET /xingrg/kc/pszx/mdps_order_info.html?code=312022042200181 HTTP/1.1" 200 19591
120.253.135.82 - - [22/Apr/2022:13:54:13 +0800] "POST /xingrg/kc/pszx/mdps_order_operate.html HTTP/1.1" 200 1015
120.253.135.82 - - [22/Apr/2022:13:54:13 +0800] "GET /xingrg/javascript/easyui/themes/default/validatebox.css HTTP/1.1" 404 1104
120.253.135.82 - - [22/Apr/2022:13:54:17 +0800] "POST /xingrg/kc/pszx/mdps_list_operate.html HTTP/1.1" 200 868
120.253.135.82 - - [22/Apr/2022:13:54:24 +0800] "POST /xingrg/kc/pszx/mdps_list_operate.html HTTP/1.1" 200 1696
120.253.135.82 - - [22/Apr/2022:13:54:25 +0800] "POST /xingrg/kc/pszx/mdps_list_operate.html HTTP/1.1" 200 205
120.253.135.82 - - [22/Apr/2022:13:54:27 +0800] "GET /xingrg/kc/pszx/mdps_order_info.html?code=312022042200180 HTTP/1.1" 200 23935
120.253.135.82 - - [22/Apr/2022:13:54:27 +0800] "POST /xingrg/kc/pszx/mdps_order_operate.html HTTP/1.1" 200 2292
120.253.135.82 - - [22/Apr/2022:13:54:27 +0800] "GET /xingrg/javascript/easyui/themes/default/validatebox.css HTTP/1.1" 404 1104
120.253.135.82 - - [22/Apr/2022:13:54:29 +0800] "GET /xingrg/kc/print/load_data.html?order_code=312022042200180&kc_code=mdps&condition= HTTP/1.1" 200 699
58.39.201.47 - - [22/Apr/2022:13:54:35 +0800] "GET /xingrg/check_reg.html?_=1650606875569 HTTP/1.1" 200 22
58.39.201.47 - - [22/Apr/2022:13:54:35 +0800] "GET /xingrg/all/function/internal_message.html?_=1650606875570&CODE_STATE=getMsg HTTP/1.1" 200 27
120.253.135.82 - - [22/Apr/2022:13:54:36 +0800] "POST /xingrg/kc/pszx/mdps_order_operate.html HTTP/1.1" 200 37
120.253.135.82 - - [22/Apr/2022:13:54:38 +0800] "POST /xingrg/kc/pszx/mdps_order_operate.html HTTP/1.1" 200 12
180.169.147.146 - - [22/Apr/2022:13:54:39 +0800] "GET /xingrg/all/function/internal_message.html?_=1650606876038&CODE_STATE=getMsg HTTP/1.1" 302 -
120.253.135.82 - - [22/Apr/2022:13:54:39 +0800] "GET /xingrg/kc/pszx/mdps_order_info.html?code=312022042200180 HTTP/1.1" 200 19595
120.253.135.82 - - [22/Apr/2022:13:54:40 +0800] "POST /xingrg/kc/pszx/mdps_order_operate.html HTTP/1.1" 200 514
120.253.135.82 - - [22/Apr/2022:13:54:40 +0800] "GET /xingrg/javascript/easyui/themes/default/validatebox.css HTTP/1.1" 404 1104
120.253.135.82 - - [22/Apr/2022:13:54:40 +0800] "GET /xingrg/all/function/internal_message.html?_=1650606684586&CODE_STATE=getMsg HTTP/1.1" 200 27
58.221.95.50 - - [22/Apr/2022:13:54:42 +0800] "GET /xingrg/check_reg.html?_=1650606879119 HTTP/1.1" 200 22
180.169.147.146 - - [22/Apr/2022:13:55:02 +0800] "GET /xingrg/all/function/internal_message.html?_=1650606899669&CODE_STATE=getMsg HTTP/1.1" 302 -
58.39.61.91 - - [22/Apr/2022:13:55:07 +0800] "GET /xingrg/all/function/internal_message.html?_=1650606822308&CODE_STATE=getMsg HTTP/1.1" 200 27
58.39.201.47 - - [22/Apr/2022:13:55:35 +0800] "GET /xingrg/all/function/internal_message.html?_=1650606935569&CODE_STATE=getMsg HTTP/1.1" 200 27
180.169.147.146 - - [22/Apr/2022:13:55:38 +0800] "GET /xingrg/all/function/internal_message.html?_=1650606936028&CODE_STATE=getMsg HTTP/1.1" 302 -
120.253.135.82 - - [22/Apr/2022:13:55:40 +0800] "GET /xingrg/all/function/internal_message.html?_=1650606744600&CODE_STATE=getMsg HTTP/1.1" 200 27
120.253.135.82 - - [22/Apr/2022:13:55:54 +0800] "POST /xingrg/kc/pszx/mdps_list_operate.html HTTP/1.1" 200 868
180.169.147.146 - - [22/Apr/2022:13:56:02 +0800] "GET /xingrg/all/function/internal_message.html?_=1650606959659&CODE_STATE=getMsg HTTP/1.1" 302 -
58.39.61.91 - - [22/Apr/2022:13:56:06 +0800] "GET /xingrg/check_reg.html?_=1650606880886 HTTP/1.1" 200 22
58.39.61.91 - - [22/Apr/2022:13:56:07 +0800] "GET /xingrg/all/function/internal_message.html?_=1650606882320&CODE_STATE=getMsg HTTP/1.1" 200 27
120.253.135.82 - - [22/Apr/2022:13:56:14 +0800] "POST /xingrg/kc/pszx/mdps_list_operate.html HTTP/1.1" 200 1690
120.253.135.82 - - [22/Apr/2022:13:56:15 +0800] "POST /xingrg/kc/pszx/mdps_list_operate.html HTTP/1.1" 200 216
120.253.135.82 - - [22/Apr/2022:13:56:16 +0800] "GET /xingrg/kc/pszx/mdps_order_info.html?code=312022042200179 HTTP/1.1" 200 23931
120.253.135.82 - - [22/Apr/2022:13:56:16 +0800] "POST /xingrg/kc/pszx/mdps_order_operate.html HTTP/1.1" 200 2300
120.253.135.82 - - [22/Apr/2022:13:56:16 +0800] "GET /xingrg/javascript/easyui/themes/default/validatebox.css HTTP/1.1" 404 1104
120.253.135.82 - - [22/Apr/2022:13:56:20 +0800] "POST /xingrg/kc/pszx/mdps_order_operate.html HTTP/1.1" 200 37
120.253.135.82 - - [22/Apr/2022:13:56:21 +0800] "POST /xingrg/kc/pszx/mdps_order_operate.html HTTP/1.1" 200 12
116.228.172.94 - - [22/Apr/2022:13:56:28 +0800] "GET /xingrg/login.html HTTP/1.1" 200 7641
116.228.172.94 - - [22/Apr/2022:13:56:29 +0800] "GET /favicon.ico HTTP/1.1" 404 -
116.228.172.94 - - [22/Apr/2022:13:56:32 +0800] "POST /xingrg/login.do HTTP/1.1" 302 -
116.228.172.94 - - [22/Apr/2022:13:56:32 +0800] "GET /xingrg/index.html?sysBaseUrl=http%3A%2F%2F180.169.147.146%3A18081%2Fxingrg%2F&costTime=40×tamp=1650606992188 HTTP/1.1" 200 17417
116.228.172.94 - - [22/Apr/2022:13:56:32 +0800] "GET /favicon.ico HTTP/1.1" 404 -
116.228.172.94 - - [22/Apr/2022:13:56:32 +0800] "POST /xingrg/all/common/load_tree.html?tree=area_rest_tree_json&manage=1 HTTP/1.1" 200 348
116.228.172.94 - - [22/Apr/2022:13:56:32 +0800] "GET /xingrg/all/function/internal_message.html?_=1650606841155&CODE_STATE=count HTTP/1.1" 200 11
116.228.172.94 - - [22/Apr/2022:13:56:32 +0800] "GET /xingrg/check_reg.html?_=1650606841156 HTTP/1.1" 200 22
116.228.172.94 - - [22/Apr/2022:13:56:32 +0800] "POST /xingrg/load_menu.html HTTP/1.1" 200 9959
116.228.172.94 - - [22/Apr/2022:13:56:34 +0800] "GET /xingrg/kc/buy/buy_main.html HTTP/1.1" 200 12412
116.228.172.94 - - [22/Apr/2022:13:56:34 +0800] "GET /xingrg/css/new_ie.css HTTP/1.1" 404 1036
116.228.172.94 - - [22/Apr/2022:13:56:34 +0800] "GET /xingrg/images/yd/bt.gif HTTP/1.1" 404 1040
120.253.135.82 - - [22/Apr/2022:13:56:35 +0800] "GET /xingrg/kc/pszx/mdps_order_info.html?code=312022042200179 HTTP/1.1" 200 19591
58.39.201.47 - - [22/Apr/2022:13:56:35 +0800] "GET /xingrg/all/function/internal_message.html?_=1650606995568&CODE_STATE=getMsg HTTP/1.1" 200 27
116.228.172.94 - - [22/Apr/2022:13:56:35 +0800] "GET /xingrg/kc/buy/cgsh_order_list.html HTTP/1.1" 200 49935
120.253.135.82 - - [22/Apr/2022:13:56:35 +0800] "POST /xingrg/kc/pszx/mdps_order_operate.html HTTP/1.1" 200 522
120.253.135.82 - - [22/Apr/2022:13:56:35 +0800] "GET /xingrg/javascript/easyui/themes/default/validatebox.css HTTP/1.1" 404 1104
120.253.135.82 - - [22/Apr/2022:13:56:36 +0800] "POST /xingrg/kc/pszx/mdps_list_operate.html HTTP/1.1" 200 868
116.228.172.94 - - [22/Apr/2022:13:56:36 +0800] "POST /xingrg/kc/buy/cgsh_list_operate.html HTTP/1.1" 200 876
180.169.147.146 - - [22/Apr/2022:13:56:39 +0800] "GET /xingrg/check_reg.html?_=1650606996043 HTTP/1.1" 302 -
180.169.147.146 - - [22/Apr/2022:13:56:39 +0800] "GET /xingrg/all/function/internal_message.html?_=1650606996040&CODE_STATE=getMsg HTTP/1.1" 302 -
120.253.135.82 - - [22/Apr/2022:13:56:40 +0800] "GET /xingrg/check_reg.html?_=1650606804223 HTTP/1.1" 200 22
120.253.135.82 - - [22/Apr/2022:13:56:40 +0800] "GET /xingrg/all/function/internal_message.html?_=1650606804613&CODE_STATE=getMsg HTTP/1.1" 200 27
120.253.135.82 - - [22/Apr/2022:13:56:51 +0800] "POST /xingrg/kc/pszx/mdps_list_operate.html HTTP/1.1" 200 2074
120.253.135.82 - - [22/Apr/2022:13:56:52 +0800] "POST /xingrg/kc/pszx/mdps_list_operate.html HTTP/1.1" 200 375
120.253.135.82 - - [22/Apr/2022:13:56:53 +0800] "GET /xingrg/kc/pszx/mdps_order_info.html?code=312022042100152 HTTP/1.1" 200 23939
120.253.135.82 - - [22/Apr/2022:13:56:54 +0800] "POST /xingrg/kc/pszx/mdps_order_operate.html HTTP/1.1" 200 3290
120.253.135.82 - - [22/Apr/2022:13:56:54 +0800] "GET /xingrg/javascript/easyui/themes/default/validatebox.css HTTP/1.1" 404 1104
120.253.135.82 - - [22/Apr/2022:13:57:01 +0800] "POST /xingrg/kc/pszx/mdps_order_operate.html HTTP/1.1" 200 37
180.169.147.146 - - [22/Apr/2022:13:57:02 +0800] "GET /xingrg/all/function/internal_message.html?_=1650607019681&CODE_STATE=getMsg HTTP/1.1" 302 -
120.253.135.82 - - [22/Apr/2022:13:57:03 +0800] "POST /xingrg/kc/pszx/mdps_order_operate.html HTTP/1.1" 200 12
120.253.135.82 - - [22/Apr/2022:13:57:05 +0800] "GET /xingrg/kc/pszx/mdps_order_info.html?code=312022042100152 HTTP/1.1" 200 19599
120.253.135.82 - - [22/Apr/2022:13:57:06 +0800] "POST /xingrg/kc/pszx/mdps_order_operate.html HTTP/1.1" 200 1497
120.253.135.82 - - [22/Apr/2022:13:57:06 +0800] "GET /xingrg/javascript/easyui/themes/default/validatebox.css HTTP/1.1" 404 1104
120.253.135.82 - - [22/Apr/2022:13:57:07 +0800] "POST /xingrg/kc/pszx/mdps_list_operate.html HTTP/1.1" 200 1690
58.39.61.91 - - [22/Apr/2022:13:57:07 +0800] "GET /xingrg/all/function/internal_message.html?_=1650606942335&CODE_STATE=getMsg HTTP/1.1" 200 27
120.253.135.82 - - [22/Apr/2022:13:57:08 +0800] "POST /xingrg/kc/pszx/mdps_list_operate.html HTTP/1.1" 200 289
120.253.135.82 - - [22/Apr/2022:13:57:08 +0800] "GET /xingrg/kc/pszx/mdps_order_info.html?code=312022042200174 HTTP/1.1" 200 23931
120.253.135.82 - - [22/Apr/2022:13:57:09 +0800] "POST /xingrg/kc/pszx/mdps_order_operate.html HTTP/1.1" 200 2790
120.253.135.82 - - [22/Apr/2022:13:57:09 +0800] "GET /xingrg/javascript/easyui/themes/default/validatebox.css HTTP/1.1" 404 1104
120.253.135.82 - - [22/Apr/2022:13:57:12 +0800] "POST /xingrg/kc/pszx/mdps_order_operate.html HTTP/1.1" 200 37
120.253.135.82 - - [22/Apr/2022:13:57:14 +0800] "POST /xingrg/kc/pszx/mdps_order_operate.html HTTP/1.1" 200 12
116.228.172.94 - - [22/Apr/2022:13:57:32 +0800] "GET /xingrg/all/function/internal_message.html?_=1650606901175&CODE_STATE=getMsg HTTP/1.1" 200 27
120.253.135.82 - - [22/Apr/2022:13:57:33 +0800] "GET /xingrg/kc/pszx/mdps_order_info.html?code=312022042200174 HTTP/1.1" 200 19591
120.253.135.82 - - [22/Apr/2022:13:57:34 +0800] "POST /xingrg/kc/pszx/mdps_order_operate.html HTTP/1.1" 200 1009
120.253.135.82 - - [22/Apr/2022:13:57:34 +0800] "GET /xingrg/javascript/easyui/themes/default/validatebox.css HTTP/1.1" 404 1104
58.39.201.47 - - [22/Apr/2022:13:57:35 +0800] "GET /xingrg/all/function/internal_message.html?_=1650607055567&CODE_STATE=getMsg HTTP/1.1" 200 27
120.253.135.82 - - [22/Apr/2022:13:57:35 +0800] "POST /xingrg/kc/pszx/mdps_list_operate.html HTTP/1.1" 200 868
180.169.147.146 - - [22/Apr/2022:13:57:39 +0800] "GET /xingrg/all/function/internal_message.html?_=1650607056040&CODE_STATE=getMsg HTTP/1.1" 302 -
120.253.135.82 - - [22/Apr/2022:13:57:40 +0800] "GET /xingrg/all/function/internal_message.html?_=1650606864627&CODE_STATE=getMsg HTTP/1.1" 200 27
120.253.135.82 - - [22/Apr/2022:13:57:42 +0800] "POST /xingrg/kc/pszx/mdps_list_operate.html HTTP/1.1" 200 2056
120.253.135.82 - - [22/Apr/2022:13:57:43 +0800] "POST /xingrg/kc/pszx/mdps_list_operate.html HTTP/1.1" 200 209
120.253.135.82 - - [22/Apr/2022:13:57:44 +0800] "GET /xingrg/kc/pszx/mdps_order_info.html?code=312022042100158 HTTP/1.1" 200 23933
120.253.135.82 - - [22/Apr/2022:13:57:44 +0800] "POST /xingrg/kc/pszx/mdps_order_operate.html HTTP/1.1" 200 2287
120.253.135.82 - - [22/Apr/2022:13:57:44 +0800] "GET /xingrg/javascript/easyui/themes/default/validatebox.css HTTP/1.1" 404 1104
120.253.135.82 - - [22/Apr/2022:13:57:48 +0800] "POST /xingrg/kc/pszx/mdps_order_operate.html HTTP/1.1" 200 37
120.253.135.82 - - [22/Apr/2022:13:57:49 +0800] "POST /xingrg/kc/pszx/mdps_order_operate.html HTTP/1.1" 200 12
120.253.135.82 - - [22/Apr/2022:13:57:51 +0800] "GET /xingrg/kc/pszx/mdps_order_info.html?code=312022042100158 HTTP/1.1" 200 19593
120.253.135.82 - - [22/Apr/2022:13:57:52 +0800] "POST /xingrg/kc/pszx/mdps_order_operate.html HTTP/1.1" 200 506
120.253.135.82 - - [22/Apr/2022:13:57:52 +0800] "GET /xingrg/javascript/easyui/themes/default/validatebox.css HTTP/1.1" 404 1104
120.253.135.82 - - [22/Apr/2022:13:57:53 +0800] "POST /xingrg/kc/pszx/mdps_list_operate.html HTTP/1.1" 200 1681
120.253.135.82 - - [22/Apr/2022:13:57:54 +0800] "POST /xingrg/kc/pszx/mdps_list_operate.html HTTP/1.1" 200 289
120.253.135.82 - - [22/Apr/2022:13:57:55 +0800] "GET /xingrg/kc/pszx/mdps_order_info.html?code=312022042200177 HTTP/1.1" 200 23925
120.253.135.82 - - [22/Apr/2022:13:57:55 +0800] "POST /xingrg/kc/pszx/mdps_order_operate.html HTTP/1.1" 200 2790
120.253.135.82 - - [22/Apr/2022:13:57:55 +0800] "GET /xingrg/javascript/easyui/themes/default/validatebox.css HTTP/1.1" 404 1104
120.253.135.82 - - [22/Apr/2022:13:57:58 +0800] "POST /xingrg/kc/pszx/mdps_order_operate.html HTTP/1.1" 200 37
120.253.135.82 - - [22/Apr/2022:13:58:00 +0800] "POST /xingrg/kc/pszx/mdps_order_operate.html HTTP/1.1" 200 12
180.169.147.146 - - [22/Apr/2022:13:58:02 +0800] "GET /xingrg/all/function/internal_message.html?_=1650607079677&CODE_STATE=getMsg HTTP/1.1" 302 -
58.39.61.91 - - [22/Apr/2022:13:58:07 +0800] "GET /xingrg/all/function/internal_message.html?_=1650607002348&CODE_STATE=getMsg HTTP/1.1" 200 27
120.253.135.82 - - [22/Apr/2022:13:58:19 +0800] "GET /xingrg/kc/pszx/mdps_order_info.html?code=312022042200177 HTTP/1.1" 200 19585
120.253.135.82 - - [22/Apr/2022:13:58:20 +0800] "POST /xingrg/kc/pszx/mdps_order_operate.html HTTP/1.1" 200 1009
120.253.135.82 - - [22/Apr/2022:13:58:20 +0800] "GET /xingrg/javascript/easyui/themes/default/validatebox.css HTTP/1.1" 404 1104
120.253.135.82 - - [22/Apr/2022:13:58:21 +0800] "POST /xingrg/kc/pszx/mdps_list_operate.html HTTP/1.1" 200 868
120.253.135.82 - - [22/Apr/2022:13:58:27 +0800] "POST /xingrg/kc/pszx/mdps_list_operate.html HTTP/1.1" 200 2830
120.253.135.82 - - [22/Apr/2022:13:58:32 +0800] "POST /xingrg/kc/pszx/mdps_list_operate.html HTTP/1.1" 200 203
116.228.172.94 - - [22/Apr/2022:13:58:32 +0800] "GET /xingrg/all/function/internal_message.html?_=1650606961177&CODE_STATE=getMsg HTTP/1.1" 200 27
120.253.135.82 - - [22/Apr/2022:13:58:33 +0800] "GET /xingrg/kc/pszx/mdps_order_info.html?code=312022042100163 HTTP/1.1" 200 23941
120.253.135.82 - - [22/Apr/2022:13:58:34 +0800] "POST /xingrg/kc/pszx/mdps_order_operate.html HTTP/1.1" 200 2278
120.253.135.82 - - [22/Apr/2022:13:58:34 +0800] "GET /xingrg/javascript/easyui/themes/default/validatebox.css HTTP/1.1" 404 1104
58.39.201.47 - - [22/Apr/2022:13:58:35 +0800] "GET /xingrg/all/function/internal_message.html?_=1650607115566&CODE_STATE=getMsg HTTP/1.1" 200 27
120.253.135.82 - - [22/Apr/2022:13:58:37 +0800] "POST /xingrg/kc/pszx/mdps_order_operate.html HTTP/1.1" 200 37
180.169.147.146 - - [22/Apr/2022:13:58:38 +0800] "GET /xingrg/all/function/internal_message.html?_=1650607116033&CODE_STATE=getMsg HTTP/1.1" 302 -
120.253.135.82 - - [22/Apr/2022:13:58:39 +0800] "POST /xingrg/kc/pszx/mdps_order_operate.html HTTP/1.1" 200 12
120.253.135.82 - - [22/Apr/2022:13:58:44 +0800] "GET /xingrg/kc/pszx/mdps_order_info.html?code=312022042100163 HTTP/1.1" 200 19601
120.253.135.82 - - [22/Apr/2022:13:58:44 +0800] "POST /xingrg/kc/pszx/mdps_order_operate.html HTTP/1.1" 200 498
120.253.135.82 - - [22/Apr/2022:13:58:44 +0800] "GET /xingrg/javascript/easyui/themes/default/validatebox.css HTTP/1.1" 404 1104
120.253.135.82 - - [22/Apr/2022:13:58:45 +0800] "GET /xingrg/all/function/internal_message.html?_=1650606929351&CODE_STATE=getMsg HTTP/1.1" 200 27
120.253.135.82 - - [22/Apr/2022:13:58:48 +0800] "POST /xingrg/kc/pszx/mdps_list_operate.html HTTP/1.1" 200 2443
120.253.135.82 - - [22/Apr/2022:13:58:49 +0800] "POST /xingrg/kc/pszx/mdps_list_operate.html HTTP/1.1" 200 289
120.253.135.82 - - [22/Apr/2022:13:58:53 +0800] "GET /xingrg/kc/pszx/mdps_order_info.html?code=312022042200175 HTTP/1.1" 200 23931
120.253.135.82 - - [22/Apr/2022:13:58:54 +0800] "POST /xingrg/kc/pszx/mdps_order_operate.html HTTP/1.1" 200 2790
120.253.135.82 - - [22/Apr/2022:13:58:54 +0800] "GET /xingrg/javascript/easyui/themes/default/validatebox.css HTTP/1.1" 404 1104
120.253.135.82 - - [22/Apr/2022:13:58:57 +0800] "POST /xingrg/kc/pszx/mdps_order_operate.html HTTP/1.1" 200 37
116.228.172.94 - - [22/Apr/2022:13:58:59 +0800] "GET /xingrg/kc/buy/cgsh_order_add.html HTTP/1.1" 200 64753
116.228.172.94 - - [22/Apr/2022:13:58:59 +0800] "GET /xingrg/words/20220421150307_words.js HTTP/1.1" 200 891490
120.253.135.82 - - [22/Apr/2022:13:58:59 +0800] "POST /xingrg/kc/pszx/mdps_order_operate.html HTTP/1.1" 200 12
116.228.172.94 - - [22/Apr/2022:13:58:59 +0800] "POST /xingrg/kc/buy/cgsh_order_operate.html HTTP/1.1" 200 8245
116.228.172.94 - - [22/Apr/2022:13:58:59 +0800] "GET /xingrg/javascript/easyui/themes/default/validatebox.css HTTP/1.1" 404 1104
116.228.172.94 - - [22/Apr/2022:13:58:59 +0800] "GET /xingrg/all/common/auto_word.html?type=employee&rest_code=00153 HTTP/1.1" 200 47
116.228.172.94 - - [22/Apr/2022:13:58:59 +0800] "GET /xingrg/all/common/auto_word.html?type=employee&rest_code=00153 HTTP/1.1" 200 47
120.253.135.82 - - [22/Apr/2022:13:59:00 +0800] "GET /xingrg/kc/pszx/mdps_order_info.html?code=312022042200175 HTTP/1.1" 200 19591
120.253.135.82 - - [22/Apr/2022:13:59:00 +0800] "POST /xingrg/kc/pszx/mdps_order_operate.html HTTP/1.1" 200 1009
120.253.135.82 - - [22/Apr/2022:13:59:00 +0800] "GET /xingrg/javascript/easyui/themes/default/validatebox.css HTTP/1.1" 404 1104
120.253.135.82 - - [22/Apr/2022:13:59:01 +0800] "POST /xingrg/kc/pszx/mdps_list_operate.html HTTP/1.1" 200 2072
180.169.147.146 - - [22/Apr/2022:13:59:02 +0800] "GET /xingrg/check_reg.html?_=1650607139671 HTTP/1.1" 302 -
180.169.147.146 - - [22/Apr/2022:13:59:02 +0800] "GET /xingrg/all/function/internal_message.html?_=1650607139673&CODE_STATE=getMsg HTTP/1.1" 302 -
120.253.135.82 - - [22/Apr/2022:13:59:03 +0800] "POST /xingrg/kc/pszx/mdps_list_operate.html HTTP/1.1" 200 216
120.253.135.82 - - [22/Apr/2022:13:59:05 +0800] "GET /xingrg/kc/pszx/mdps_order_info.html?code=312022042200176 HTTP/1.1" 200 23931
120.253.135.82 - - [22/Apr/2022:13:59:05 +0800] "POST /xingrg/kc/pszx/mdps_order_operate.html HTTP/1.1" 200 2302
120.253.135.82 - - [22/Apr/2022:13:59:05 +0800] "GET /xingrg/javascript/easyui/themes/default/validatebox.css HTTP/1.1" 404 1104
124.78.155.134 - - [22/Apr/2022:13:59:07 +0800] "POST /xingrg/services/DataTransmitService HTTP/1.1" 200 524
58.39.61.91 - - [22/Apr/2022:13:59:07 +0800] "GET /xingrg/all/function/internal_message.html?_=1650607062401&CODE_STATE=getMsg HTTP/1.1" 200 27
120.253.135.82 - - [22/Apr/2022:13:59:10 +0800] "POST /xingrg/kc/pszx/mdps_order_operate.html HTTP/1.1" 200 37
120.253.135.82 - - [22/Apr/2022:13:59:11 +0800] "POST /xingrg/kc/pszx/mdps_order_operate.html HTTP/1.1" 200 12
120.253.135.82 - - [22/Apr/2022:13:59:15 +0800] "GET /xingrg/kc/pszx/mdps_order_info.html?code=312022042200176 HTTP/1.1" 200 19591
120.253.135.82 - - [22/Apr/2022:13:59:15 +0800] "POST /xingrg/kc/pszx/mdps_order_operate.html HTTP/1.1" 200 524
120.253.135.82 - - [22/Apr/2022:13:59:15 +0800] "GET /xingrg/javascript/easyui/themes/default/validatebox.css HTTP/1.1" 404 1104
116.228.172.94 - - [22/Apr/2022:13:59:32 +0800] "GET /xingrg/all/function/internal_message.html?_=1650607021172&CODE_STATE=getMsg HTTP/1.1" 200 27
58.39.201.47 - - [22/Apr/2022:13:59:35 +0800] "GET /xingrg/all/function/internal_message.html?_=1650607175565&CODE_STATE=getMsg HTTP/1.1" 200 27
58.39.201.47 - - [22/Apr/2022:13:59:35 +0800] "GET /xingrg/check_reg.html?_=1650607175568 HTTP/1.1" 200 22
120.253.135.82 - - [22/Apr/2022:13:59:37 +0800] "POST /xingrg/kc/pszx/mdps_list_operate.html HTTP/1.1" 200 1701
180.169.147.146 - - [22/Apr/2022:13:59:39 +0800] "GET /xingrg/all/function/internal_message.html?_=1650607176049&CODE_STATE=getMsg HTTP/1.1" 302 -
58.221.95.50 - - [22/Apr/2022:13:59:42 +0800] "GET /xingrg/check_reg.html?_=1650607179096 HTTP/1.1" 200 22
120.253.135.82 - - [22/Apr/2022:13:59:45 +0800] "GET /xingrg/all/function/internal_message.html?_=1650606989365&CODE_STATE=getMsg HTTP/1.1" 200 27
120.253.135.82 - - [22/Apr/2022:13:59:49 +0800] "POST /xingrg/kc/pszx/mdps_list_operate.html HTTP/1.1" 200 2059
120.253.135.82 - - [22/Apr/2022:13:59:50 +0800] "POST /xingrg/kc/pszx/mdps_list_operate.html HTTP/1.1" 200 203
120.253.135.82 - - [22/Apr/2022:13:59:51 +0800] "GET /xingrg/kc/pszx/mdps_order_info.html?code=312022042100162 HTTP/1.1" 200 23935
120.253.135.82 - - [22/Apr/2022:13:59:52 +0800] "POST /xingrg/kc/pszx/mdps_order_operate.html HTTP/1.1" 200 2278
120.253.135.82 - - [22/Apr/2022:13:59:52 +0800] "GET /xingrg/javascript/easyui/themes/default/validatebox.css HTTP/1.1" 404 1104
120.253.135.82 - - [22/Apr/2022:13:59:56 +0800] "POST /xingrg/kc/pszx/mdps_order_operate.html HTTP/1.1" 200 37
120.253.135.82 - - [22/Apr/2022:13:59:57 +0800] "POST /xingrg/kc/pszx/mdps_order_operate.html HTTP/1.1" 200 12
120.253.135.82 - - [22/Apr/2022:13:59:58 +0800] "GET /xingrg/kc/pszx/mdps_order_info.html?code=312022042100162 HTTP/1.1" 200 19595
120.253.135.82 - - [22/Apr/2022:13:59:59 +0800] "POST /xingrg/kc/pszx/mdps_order_operate.html HTTP/1.1" 200 498
120.253.135.82 - - [22/Apr/2022:13:59:59 +0800] "GET /xingrg/javascript/easyui/themes/default/validatebox.css HTTP/1.1" 404 1104
180.169.147.146 - - [22/Apr/2022:14:00:02 +0800] "GET /xingrg/all/function/internal_message.html?_=1650607199670&CODE_STATE=getMsg HTTP/1.1" 302 -
58.39.61.91 - - [22/Apr/2022:14:00:07 +0800] "GET /xingrg/all/function/internal_message.html?_=1650607122406&CODE_STATE=getMsg HTTP/1.1" 200 27
120.253.135.82 - - [22/Apr/2022:14:00:08 +0800] "POST /xingrg/kc/pszx/mdps_list_operate.html HTTP/1.1" 200 1681
120.253.135.82 - - [22/Apr/2022:14:00:09 +0800] "POST /xingrg/kc/pszx/mdps_list_operate.html HTTP/1.1" 200 289
120.253.135.82 - - [22/Apr/2022:14:00:10 +0800] "GET /xingrg/kc/pszx/mdps_order_info.html?code=312022042200171 HTTP/1.1" 200 23925
120.253.135.82 - - [22/Apr/2022:14:00:10 +0800] "POST /xingrg/kc/pszx/mdps_order_operate.html HTTP/1.1" 200 2790
120.253.135.82 - - [22/Apr/2022:14:00:10 +0800] "GET /xingrg/javascript/easyui/themes/default/validatebox.css HTTP/1.1" 404 1104
120.253.135.82 - - [22/Apr/2022:14:00:14 +0800] "POST /xingrg/kc/pszx/mdps_order_operate.html HTTP/1.1" 200 37
120.253.135.82 - - [22/Apr/2022:14:00:16 +0800] "POST /xingrg/kc/pszx/mdps_order_operate.html HTTP/1.1" 200 12
116.228.172.94 - - [22/Apr/2022:14:00:32 +0800] "GET /xingrg/all/function/internal_message.html?_=1650607081162&CODE_STATE=getMsg HTTP/1.1" 200 27
58.39.201.47 - - [22/Apr/2022:14:00:35 +0800] "GET /xingrg/all/function/internal_message.html?_=1650607235566&CODE_STATE=getMsg HTTP/1.1" 200 27
180.169.147.146 - - [22/Apr/2022:14:00:39 +0800] "GET /xingrg/all/function/internal_message.html?_=1650607236048&CODE_STATE=getMsg HTTP/1.1" 302 -
120.253.135.82 - - [22/Apr/2022:14:00:40 +0800] "GET /xingrg/kc/pszx/mdps_order_info.html?code=312022042200171 HTTP/1.1" 200 19585
120.253.135.82 - - [22/Apr/2022:14:00:41 +0800] "POST /xingrg/kc/pszx/mdps_order_operate.html HTTP/1.1" 200 1009
120.253.135.82 - - [22/Apr/2022:14:00:41 +0800] "GET /xingrg/javascript/easyui/themes/default/validatebox.css HTTP/1.1" 404 1104
120.253.135.82 - - [22/Apr/2022:14:00:41 +0800] "POST /xingrg/kc/pszx/mdps_list_operate.html HTTP/1.1" 200 868
120.253.135.82 - - [22/Apr/2022:14:00:45 +0800] "GET /xingrg/kc/pszx/mdps_order_list.html?orderType=0 HTTP/1.1" 200 20966
120.253.135.82 - - [22/Apr/2022:14:00:45 +0800] "POST /xingrg/kc/pszx/mdps_list_operate.html HTTP/1.1" 200 5059
120.253.135.82 - - [22/Apr/2022:14:00:45 +0800] "GET /xingrg/all/function/internal_message.html?_=1650607049574&CODE_STATE=getMsg HTTP/1.1" 200 27
120.253.135.82 - - [22/Apr/2022:14:00:48 +0800] "POST /xingrg/kc/pszx/mdps_list_operate.html HTTP/1.1" 200 203
120.253.135.82 - - [22/Apr/2022:14:00:53 +0800] "POST /xingrg/kc/pszx/mdps_list_operate.html HTTP/1.1" 200 211
120.253.135.82 - - [22/Apr/2022:14:00:55 +0800] "POST /xingrg/kc/pszx/mdps_list_operate.html HTTP/1.1" 200 200
116.228.172.94 - - [22/Apr/2022:14:01:00 +0800] "GET /xingrg/javascript/auto/indicator.gif HTTP/1.1" 404 1066
180.169.147.146 - - [22/Apr/2022:14:01:02 +0800] "GET /xingrg/all/function/internal_message.html?_=1650607259685&CODE_STATE=getMsg HTTP/1.1" 302 -
120.253.135.82 - - [22/Apr/2022:14:01:04 +0800] "GET /xingrg/kc/report/report_main.html HTTP/1.1" 200 8599
120.253.135.82 - - [22/Apr/2022:14:01:04 +0800] "GET /xingrg/javascript/jquery_ui/themes/humanity/humanity.css HTTP/1.1" 304 -
116.228.172.94 - - [22/Apr/2022:14:01:05 +0800] "GET /xingrg/javascript/jquery_tools/images/prev.gif HTTP/1.1" 404 1086
120.253.135.82 - - [22/Apr/2022:14:01:05 +0800] "GET /xingrg/kc/base/kc_stocks.html HTTP/1.1" 200 16437
116.228.172.94 - - [22/Apr/2022:14:01:05 +0800] "GET /xingrg/javascript/jquery_tools/images/next.gif HTTP/1.1" 404 1086
120.253.135.82 - - [22/Apr/2022:14:01:05 +0800] "GET /xingrg/javascript/easyui/themes/sunny/easyui.css HTTP/1.1" 304 -
120.253.135.82 - - [22/Apr/2022:14:01:05 +0800] "GET /xingrg/javascript/easyui/themes/icons/filter_new.png HTTP/1.1" 304 -
120.253.135.82 - - [22/Apr/2022:14:01:05 +0800] "GET /xingrg/javascript/easyui/themes/icons/print_new.png HTTP/1.1" 304 -
120.253.135.82 - - [22/Apr/2022:14:01:05 +0800] "GET /xingrg/javascript/easyui/themes/icons/refresh_new.png HTTP/1.1" 304 -
120.253.135.82 - - [22/Apr/2022:14:01:05 +0800] "GET /xingrg/javascript/easyui/plugins/jquery.draggable.js HTTP/1.1" 304 -
120.253.135.82 - - [22/Apr/2022:14:01:05 +0800] "GET /xingrg/javascript/easyui/plugins/jquery.droppable.js HTTP/1.1" 304 -
120.253.135.82 - - [22/Apr/2022:14:01:05 +0800] "GET /xingrg/javascript/easyui/plugins/jquery.tree.js HTTP/1.1" 304 -
120.253.135.82 - - [22/Apr/2022:14:01:05 +0800] "GET /xingrg/javascript/easyui/themes/default/tree.css HTTP/1.1" 404 1090
120.253.135.82 - - [22/Apr/2022:14:01:05 +0800] "POST /xingrg/all/common/load_tree.html?tree=materiel_sort_tree_json HTTP/1.1" 200 9388
120.253.135.82 - - [22/Apr/2022:14:01:05 +0800] "GET /xingrg/javascript/easyui/themes/sunny/images/tree_arrows.gif HTTP/1.1" 304 -
120.253.135.82 - - [22/Apr/2022:14:01:06 +0800] "GET /xingrg/javascript/easyui/themes/sunny/images/tree_folder.gif HTTP/1.1" 304 -
120.253.135.82 - - [22/Apr/2022:14:01:06 +0800] "GET /xingrg/javascript/easyui/themes/sunny/images/tree_folder_open.gif HTTP/1.1" 304 -
120.253.135.82 - - [22/Apr/2022:14:01:06 +0800] "GET /xingrg/javascript/easyui/themes/sunny/images/tree_file.gif HTTP/1.1" 304 -
58.39.61.91 - - [22/Apr/2022:14:01:06 +0800] "GET /xingrg/check_reg.html?_=1650607180932 HTTP/1.1" 200 22
120.253.135.82 - - [22/Apr/2022:14:01:06 +0800] "POST /xingrg/all/common/load_combo.html?type=base HTTP/1.1" 200 1075
58.39.61.91 - - [22/Apr/2022:14:01:07 +0800] "GET /xingrg/all/function/internal_message.html?_=1650607182420&CODE_STATE=getMsg HTTP/1.1" 200 27
120.253.135.82 - - [22/Apr/2022:14:01:15 +0800] "POST /xingrg/kc/base/stock_operate.html HTTP/1.1" 200 1470
120.253.135.82 - - [22/Apr/2022:14:01:15 +0800] "GET /xingrg/javascript/jquery_tools/fix_table.js HTTP/1.1" 304 -
116.228.172.94 - - [22/Apr/2022:14:01:25 +0800] "GET /xingrg/kc/buy/cgsh_order_operate.html?command=get_materiel&rest_code=00153&code=00101042003&supplier_code=00100224&order_time=2022-04-11 HTTP/1.1" 200 442
116.228.172.94 - - [22/Apr/2022:14:01:28 +0800] "POST /xingrg/all/common/load_select.html HTTP/1.1" 200 25
116.228.172.94 - - [22/Apr/2022:14:01:32 +0800] "GET /xingrg/check_reg.html?_=1650607141171 HTTP/1.1" 200 22
116.228.172.94 - - [22/Apr/2022:14:01:32 +0800] "GET /xingrg/all/function/internal_message.html?_=1650607141173&CODE_STATE=getMsg HTTP/1.1" 200 27
116.228.172.94 - - [22/Apr/2022:14:01:32 +0800] "GET /xingrg/kc/buy/cgsh_order_operate.html?command=get_materiel_price&rest_code=00153&code=00101042003&unit_code=00100071&supplier_code=00100224&order_time=2022-04-11 HTTP/1.1" 200 30
58.39.201.47 - - [22/Apr/2022:14:01:35 +0800] "GET /xingrg/all/function/internal_message.html?_=1650607295566&CODE_STATE=getMsg HTTP/1.1" 200 27
180.169.147.146 - - [22/Apr/2022:14:01:39 +0800] "GET /xingrg/check_reg.html?_=1650607296045 HTTP/1.1" 302 -
180.169.147.146 - - [22/Apr/2022:14:01:39 +0800] "GET /xingrg/all/function/internal_message.html?_=1650607296046&CODE_STATE=getMsg HTTP/1.1" 302 -
120.253.135.82 - - [22/Apr/2022:14:01:40 +0800] "GET /xingrg/check_reg.html?_=1650607104228 HTTP/1.1" 200 22
120.253.135.82 - - [22/Apr/2022:14:01:45 +0800] "GET /xingrg/all/function/internal_message.html?_=1650607109580&CODE_STATE=getMsg HTTP/1.1" 200 27
120.253.135.82 - - [22/Apr/2022:14:02:00 +0800] "GET /xingrg/javascript/easyui/themes/sunny/images/ui-bg_gloss-wave_60_fece2f_500x100.png HTTP/1.1" 200 3512
120.253.135.82 - - [22/Apr/2022:14:02:02 +0800] "GET /xingrg/kc/pszx/mdps_order_list.html?orderType=0 HTTP/1.1" 200 20966
120.253.135.82 - - [22/Apr/2022:14:02:02 +0800] "POST /xingrg/kc/pszx/mdps_list_operate.html HTTP/1.1" 200 5059
180.169.147.146 - - [22/Apr/2022:14:02:02 +0800] "GET /xingrg/all/function/internal_message.html?_=1650607319682&CODE_STATE=getMsg HTTP/1.1" 302 -
58.39.61.91 - - [22/Apr/2022:14:02:07 +0800] "GET /xingrg/all/function/internal_message.html?_=1650607242434&CODE_STATE=getMsg HTTP/1.1" 200 27
120.253.135.82 - - [22/Apr/2022:14:02:08 +0800] "POST /xingrg/kc/pszx/mdps_list_operate.html HTTP/1.1" 200 205
120.253.135.82 - - [22/Apr/2022:14:02:09 +0800] "POST /xingrg/kc/pszx/mdps_list_operate.html HTTP/1.1" 200 205
120.253.135.82 - - [22/Apr/2022:14:02:11 +0800] "POST /xingrg/kc/pszx/mdps_list_operate.html HTTP/1.1" 200 200
120.253.135.82 - - [22/Apr/2022:14:02:12 +0800] "POST /xingrg/kc/pszx/mdps_list_operate.html HTTP/1.1" 200 211
120.253.135.82 - - [22/Apr/2022:14:02:13 +0800] "POST /xingrg/kc/pszx/mdps_list_operate.html HTTP/1.1" 200 205
120.253.135.82 - - [22/Apr/2022:14:02:15 +0800] "POST /xingrg/kc/pszx/mdps_list_operate.html HTTP/1.1" 200 289
120.253.135.82 - - [22/Apr/2022:14:02:22 +0800] "POST /xingrg/kc/pszx/mdps_list_operate.html HTTP/1.1" 200 289
120.253.135.82 - - [22/Apr/2022:14:02:23 +0800] "POST /xingrg/kc/pszx/mdps_list_operate.html HTTP/1.1" 200 289
116.228.172.94 - - [22/Apr/2022:14:02:32 +0800] "GET /xingrg/all/function/internal_message.html?_=1650607201194&CODE_STATE=getMsg HTTP/1.1" 200 27
58.39.201.47 - - [22/Apr/2022:14:02:35 +0800] "GET /xingrg/all/function/internal_message.html?_=1650607355564&CODE_STATE=getMsg HTTP/1.1" 200 27
180.169.147.146 - - [22/Apr/2022:14:02:39 +0800] "GET /xingrg/all/function/internal_message.html?_=1650607356043&CODE_STATE=getMsg HTTP/1.1" 302 -
120.253.135.82 - - [22/Apr/2022:14:02:42 +0800] "POST /xingrg/kc/pszx/mdps_list_operate.html HTTP/1.1" 200 1690
120.253.135.82 - - [22/Apr/2022:14:02:43 +0800] "POST /xingrg/kc/pszx/mdps_list_operate.html HTTP/1.1" 200 289
120.253.135.82 - - [22/Apr/2022:14:02:45 +0800] "GET /xingrg/kc/pszx/mdps_order_info.html?code=312022042200170 HTTP/1.1" 200 23931
120.253.135.82 - - [22/Apr/2022:14:02:45 +0800] "GET /xingrg/javascript/easyui/themes/default/validatebox.css HTTP/1.1" 404 1104
120.253.135.82 - - [22/Apr/2022:14:02:45 +0800] "POST /xingrg/kc/pszx/mdps_order_operate.html HTTP/1.1" 200 2790
120.253.135.82 - - [22/Apr/2022:14:02:45 +0800] "GET /xingrg/all/function/internal_message.html?_=1650607169664&CODE_STATE=getMsg HTTP/1.1" 200 27
180.169.147.146 - - [22/Apr/2022:14:03:02 +0800] "GET /xingrg/all/function/internal_message.html?_=1650607379674&CODE_STATE=getMsg HTTP/1.1" 302 -
58.39.61.91 - - [22/Apr/2022:14:03:07 +0800] "GET /xingrg/all/function/internal_message.html?_=1650607302447&CODE_STATE=getMsg HTTP/1.1" 200 27
116.228.172.94 - - [22/Apr/2022:14:03:15 +0800] "GET /xingrg/kc/buy/cgsh_order_operate.html?command=get_materiel&rest_code=00153&code=00101010193&supplier_code=00100224&order_time=2022-04-11 HTTP/1.1" 200 414
120.253.135.82 - - [22/Apr/2022:14:03:16 +0800] "GET /xingrg/kc/pszx/mdps_order_info.html?code=312022042200170 HTTP/1.1" 200 23931
120.253.135.82 - - [22/Apr/2022:14:03:16 +0800] "GET /xingrg/javascript/easyui/themes/default/validatebox.css HTTP/1.1" 404 1104
120.253.135.82 - - [22/Apr/2022:14:03:16 +0800] "POST /xingrg/kc/pszx/mdps_order_operate.html HTTP/1.1" 200 2790
120.253.135.82 - - [22/Apr/2022:14:03:18 +0800] "POST /xingrg/kc/pszx/mdps_list_operate.html HTTP/1.1" 200 1690
120.253.135.82 - - [22/Apr/2022:14:03:28 +0800] "POST /xingrg/kc/pszx/mdps_list_operate.html HTTP/1.1" 200 1690
120.253.135.82 - - [22/Apr/2022:14:03:28 +0800] "POST /xingrg/kc/pszx/mdps_list_operate.html HTTP/1.1" 200 1690
120.253.135.82 - - [22/Apr/2022:14:03:30 +0800] "GET /xingrg/kc/pszx/mdps_order_list.html?orderType=0 HTTP/1.1" 200 20966
120.253.135.82 - - [22/Apr/2022:14:03:30 +0800] "POST /xingrg/kc/pszx/mdps_list_operate.html HTTP/1.1" 200 5059
116.228.172.94 - - [22/Apr/2022:14:03:32 +0800] "GET /xingrg/all/function/internal_message.html?_=1650607261168&CODE_STATE=getMsg HTTP/1.1" 200 27
120.253.135.82 - - [22/Apr/2022:14:03:32 +0800] "POST /xingrg/kc/pszx/mdps_list_operate.html HTTP/1.1" 200 203
120.253.135.82 - - [22/Apr/2022:14:03:34 +0800] "POST /xingrg/kc/pszx/mdps_list_operate.html HTTP/1.1" 200 367
58.39.201.47 - - [22/Apr/2022:14:03:35 +0800] "GET /xingrg/all/function/internal_message.html?_=1650607415580&CODE_STATE=getMsg HTTP/1.1" 200 27
120.253.135.82 - - [22/Apr/2022:14:03:36 +0800] "POST /xingrg/kc/pszx/mdps_list_operate.html HTTP/1.1" 200 289
180.169.147.146 - - [22/Apr/2022:14:03:38 +0800] "GET /xingrg/all/function/internal_message.html?_=1650607416031&CODE_STATE=getMsg HTTP/1.1" 302 -
120.253.135.82 - - [22/Apr/2022:14:03:40 +0800] "POST /xingrg/kc/pszx/mdps_list_operate.html HTTP/1.1" 200 289
120.253.135.82 - - [22/Apr/2022:14:03:45 +0800] "GET /xingrg/all/function/internal_message.html?_=1650607229669&CODE_STATE=getMsg HTTP/1.1" 200 27
120.253.135.82 - - [22/Apr/2022:14:03:46 +0800] "POST /xingrg/kc/pszx/mdps_list_operate.html HTTP/1.1" 200 289
120.253.135.82 - - [22/Apr/2022:14:03:51 +0800] "POST /xingrg/kc/pszx/mdps_list_operate.html HTTP/1.1" 200 205
120.253.135.82 - - [22/Apr/2022:14:03:55 +0800] "POST /xingrg/kc/pszx/mdps_list_operate.html HTTP/1.1" 200 211
120.253.135.82 - - [22/Apr/2022:14:03:56 +0800] "POST /xingrg/kc/pszx/mdps_list_operate.html HTTP/1.1" 200 200
180.169.147.146 - - [22/Apr/2022:14:04:02 +0800] "GET /xingrg/check_reg.html?_=1650607439690 HTTP/1.1" 302 -
180.169.147.146 - - [22/Apr/2022:14:04:02 +0800] "GET /xingrg/all/function/internal_message.html?_=1650607439691&CODE_STATE=getMsg HTTP/1.1" 302 -
58.39.61.91 - - [22/Apr/2022:14:04:07 +0800] "GET /xingrg/all/function/internal_message.html?_=1650607362490&CODE_STATE=getMsg HTTP/1.1" 200 27
116.228.172.94 - - [22/Apr/2022:14:04:18 +0800] "GET /xingrg/kc/buy/cgsh_order_operate.html?command=get_materiel&rest_code=00153&code=00101042005&supplier_code=00100224&order_time=2022-04-11 HTTP/1.1" 200 445
116.228.172.94 - - [22/Apr/2022:14:04:20 +0800] "POST /xingrg/all/common/load_select.html HTTP/1.1" 200 25
116.228.172.94 - - [22/Apr/2022:14:04:24 +0800] "GET /xingrg/kc/buy/cgsh_order_operate.html?command=get_materiel_price&rest_code=00153&code=00101042005&unit_code=00100036&supplier_code=00100224&order_time=2022-04-11 HTTP/1.1" 200 27
