120.253.135.82 - - [18/Apr/2022:16:53:22 +0800] "GET /xingrg/all/function/internal_message.html?_=1650271808015&CODE_STATE=getMsg HTTP/1.1" 200 27
114.86.224.69 - - [18/Apr/2022:16:53:25 +0800] "GET /xingrg/all/function/internal_message.html?_=1650272009920&CODE_STATE=getMsg HTTP/1.1" 200 27
58.221.95.50 - - [18/Apr/2022:16:53:27 +0800] "POST /xingrg/dwr/call/plaincall/AjaxCheckService.setItemNumber.dwr HTTP/1.1" 200 77
58.40.7.146 - - [18/Apr/2022:16:53:30 +0800] "POST /xingrg/services/DataTransmitService HTTP/1.1" 200 524
58.221.95.50 - - [18/Apr/2022:16:53:38 +0800] "POST /xingrg/dwr/call/plaincall/AjaxCheckService.setItemNumber.dwr HTTP/1.1" 200 77
58.221.95.50 - - [18/Apr/2022:16:53:49 +0800] "GET /xingrg/check_reg.html?_=1650272028276 HTTP/1.1" 200 22
58.221.95.50 - - [18/Apr/2022:16:53:53 +0800] "POST /xingrg/dwr/call/plaincall/AjaxCheckService.setItemNumber.dwr HTTP/1.1" 200 77
58.39.201.47 - - [18/Apr/2022:16:54:00 +0800] "GET /xingrg/all/function/internal_message.html?_=1650272041039&CODE_STATE=getMsg HTTP/1.1" 200 27
116.235.92.88 - - [18/Apr/2022:16:54:02 +0800] "GET /xingrg/all/function/internal_message.html?_=1650272212485&CODE_STATE=getMsg HTTP/1.1" 200 27
116.235.92.88 - - [18/Apr/2022:16:54:02 +0800] "GET /xingrg/check_reg.html?_=1650272212487 HTTP/1.1" 200 22
180.169.147.146 - - [18/Apr/2022:16:54:15 +0800] "GET /xingrg/all/function/internal_message.html?_=1650272055344&CODE_STATE=getMsg HTTP/1.1" 200 27
180.169.147.146 - - [18/Apr/2022:16:54:16 +0800] "GET /xingrg/check_reg.html?_=1650272055346 HTTP/1.1" 200 22
120.253.135.82 - - [18/Apr/2022:16:54:22 +0800] "GET /xingrg/all/function/internal_message.html?_=1650271868030&CODE_STATE=getMsg HTTP/1.1" 200 27
114.86.224.69 - - [18/Apr/2022:16:54:25 +0800] "GET /xingrg/all/function/internal_message.html?_=1650272069919&CODE_STATE=getMsg HTTP/1.1" 200 27
58.39.201.47 - - [18/Apr/2022:16:55:00 +0800] "GET /xingrg/all/function/internal_message.html?_=1650272101038&CODE_STATE=getMsg HTTP/1.1" 200 27
58.39.201.47 - - [18/Apr/2022:16:55:00 +0800] "GET /xingrg/check_reg.html?_=1650272101039 HTTP/1.1" 200 22
116.235.92.88 - - [18/Apr/2022:16:55:02 +0800] "GET /xingrg/all/function/internal_message.html?_=1650272272484&CODE_STATE=getMsg HTTP/1.1" 200 27
180.169.147.146 - - [18/Apr/2022:16:55:16 +0800] "GET /xingrg/all/function/internal_message.html?_=1650272115361&CODE_STATE=getMsg HTTP/1.1" 200 27
120.253.135.82 - - [18/Apr/2022:16:55:22 +0800] "GET /xingrg/all/function/internal_message.html?_=1650271928042&CODE_STATE=getMsg HTTP/1.1" 200 27
114.86.224.69 - - [18/Apr/2022:16:55:25 +0800] "GET /xingrg/all/function/internal_message.html?_=1650272129920&CODE_STATE=getMsg HTTP/1.1" 200 27
114.86.224.69 - - [18/Apr/2022:16:55:25 +0800] "GET /xingrg/check_reg.html?_=1650272129923 HTTP/1.1" 200 22
58.39.201.47 - - [18/Apr/2022:16:56:00 +0800] "GET /xingrg/all/function/internal_message.html?_=1650272161036&CODE_STATE=getMsg HTTP/1.1" 200 27
116.235.92.88 - - [18/Apr/2022:16:56:02 +0800] "GET /xingrg/all/function/internal_message.html?_=1650272332509&CODE_STATE=getMsg HTTP/1.1" 200 27
180.169.147.146 - - [18/Apr/2022:16:56:16 +0800] "GET /xingrg/all/function/internal_message.html?_=1650272175362&CODE_STATE=getMsg HTTP/1.1" 200 27
120.253.135.82 - - [18/Apr/2022:16:56:22 +0800] "GET /xingrg/all/function/internal_message.html?_=1650271988130&CODE_STATE=getMsg HTTP/1.1" 200 27
114.86.224.69 - - [18/Apr/2022:16:56:25 +0800] "GET /xingrg/all/function/internal_message.html?_=1650272189923&CODE_STATE=getMsg HTTP/1.1" 200 27
58.221.95.50 - - [18/Apr/2022:16:56:30 +0800] "POST /xingrg/dwr/call/plaincall/AjaxCheckService.setItemNumber.dwr HTTP/1.1" 200 77
58.221.95.50 - - [18/Apr/2022:16:56:38 +0800] "POST /xingrg/dwr/call/plaincall/AjaxCheckService.setItemNumber.dwr HTTP/1.1" 200 77
58.39.201.47 - - [18/Apr/2022:16:57:00 +0800] "GET /xingrg/all/function/internal_message.html?_=1650272221035&CODE_STATE=getMsg HTTP/1.1" 200 27
116.235.92.88 - - [18/Apr/2022:16:57:02 +0800] "GET /xingrg/all/function/internal_message.html?_=1650272392506&CODE_STATE=getMsg HTTP/1.1" 200 27
180.169.147.146 - - [18/Apr/2022:16:57:15 +0800] "GET /xingrg/all/function/internal_message.html?_=1650272235343&CODE_STATE=getMsg HTTP/1.1" 200 27
120.253.135.82 - - [18/Apr/2022:16:57:22 +0800] "GET /xingrg/all/function/internal_message.html?_=1650272048132&CODE_STATE=getMsg HTTP/1.1" 200 27
114.86.224.69 - - [18/Apr/2022:16:57:25 +0800] "GET /xingrg/all/function/internal_message.html?_=1650272249922&CODE_STATE=getMsg HTTP/1.1" 200 27
114.88.156.203 - - [18/Apr/2022:16:57:47 +0800] "GET /xingrg/check_reg.html?_=1650272021458 HTTP/1.1" 302 -
58.39.201.47 - - [18/Apr/2022:16:58:00 +0800] "GET /xingrg/all/function/internal_message.html?_=1650272281033&CODE_STATE=getMsg HTTP/1.1" 200 27
116.235.92.88 - - [18/Apr/2022:16:58:02 +0800] "GET /xingrg/all/function/internal_message.html?_=1650272452504&CODE_STATE=getMsg HTTP/1.1" 200 27
180.169.147.146 - - [18/Apr/2022:16:58:15 +0800] "GET /xingrg/all/function/internal_message.html?_=1650272295349&CODE_STATE=getMsg HTTP/1.1" 200 27
120.253.135.82 - - [18/Apr/2022:16:58:21 +0800] "GET /xingrg/check_reg.html?_=1650272107129 HTTP/1.1" 200 22
120.253.135.82 - - [18/Apr/2022:16:58:22 +0800] "GET /xingrg/all/function/internal_message.html?_=1650272108145&CODE_STATE=getMsg HTTP/1.1" 200 27
114.86.224.69 - - [18/Apr/2022:16:58:25 +0800] "GET /xingrg/all/function/internal_message.html?_=1650272309923&CODE_STATE=getMsg HTTP/1.1" 200 27
58.221.95.50 - - [18/Apr/2022:16:58:49 +0800] "GET /xingrg/check_reg.html?_=1650272328250 HTTP/1.1" 200 22
124.78.154.24 - - [18/Apr/2022:16:59:00 +0800] "POST /xingrg/services/DataTransmitService HTTP/1.1" 200 524
58.39.201.47 - - [18/Apr/2022:16:59:00 +0800] "GET /xingrg/all/function/internal_message.html?_=1650272341032&CODE_STATE=getMsg HTTP/1.1" 200 27
116.235.92.88 - - [18/Apr/2022:16:59:02 +0800] "GET /xingrg/all/function/internal_message.html?_=1650272512502&CODE_STATE=getMsg HTTP/1.1" 200 27
116.235.92.88 - - [18/Apr/2022:16:59:02 +0800] "GET /xingrg/check_reg.html?_=1650272512503 HTTP/1.1" 200 22
180.169.147.146 - - [18/Apr/2022:16:59:15 +0800] "GET /xingrg/check_reg.html?_=1650272355345 HTTP/1.1" 200 22
180.169.147.146 - - [18/Apr/2022:16:59:16 +0800] "GET /xingrg/all/function/internal_message.html?_=1650272355347&CODE_STATE=getMsg HTTP/1.1" 200 27
120.253.135.82 - - [18/Apr/2022:16:59:22 +0800] "GET /xingrg/all/function/internal_message.html?_=1650272168159&CODE_STATE=getMsg HTTP/1.1" 200 27
114.86.224.69 - - [18/Apr/2022:16:59:25 +0800] "GET /xingrg/all/function/internal_message.html?_=1650272369922&CODE_STATE=getMsg HTTP/1.1" 200 27
58.39.201.47 - - [18/Apr/2022:17:00:00 +0800] "GET /xingrg/all/function/internal_message.html?_=1650272401030&CODE_STATE=getMsg HTTP/1.1" 200 27
58.39.201.47 - - [18/Apr/2022:17:00:00 +0800] "GET /xingrg/check_reg.html?_=1650272401032 HTTP/1.1" 200 22
116.235.92.88 - - [18/Apr/2022:17:00:02 +0800] "GET /xingrg/all/function/internal_message.html?_=1650272572501&CODE_STATE=getMsg HTTP/1.1" 200 27
180.169.147.146 - - [18/Apr/2022:17:00:16 +0800] "GET /xingrg/all/function/internal_message.html?_=1650272415361&CODE_STATE=getMsg HTTP/1.1" 200 27
120.253.135.82 - - [18/Apr/2022:17:00:22 +0800] "GET /xingrg/all/function/internal_message.html?_=1650272228250&CODE_STATE=getMsg HTTP/1.1" 200 27
114.86.224.69 - - [18/Apr/2022:17:00:25 +0800] "GET /xingrg/all/function/internal_message.html?_=1650272429923&CODE_STATE=getMsg HTTP/1.1" 200 27
114.86.224.69 - - [18/Apr/2022:17:00:25 +0800] "GET /xingrg/check_reg.html?_=1650272429926 HTTP/1.1" 200 22
58.39.201.47 - - [18/Apr/2022:17:01:00 +0800] "GET /xingrg/all/function/internal_message.html?_=1650272461031&CODE_STATE=getMsg HTTP/1.1" 200 27
116.235.92.88 - - [18/Apr/2022:17:01:02 +0800] "GET /xingrg/all/function/internal_message.html?_=1650272632500&CODE_STATE=getMsg HTTP/1.1" 200 27
180.169.147.146 - - [18/Apr/2022:17:01:16 +0800] "GET /xingrg/all/function/internal_message.html?_=1650272475351&CODE_STATE=getMsg HTTP/1.1" 200 27
120.253.135.82 - - [18/Apr/2022:17:01:22 +0800] "GET /xingrg/all/function/internal_message.html?_=1650272288344&CODE_STATE=getMsg HTTP/1.1" 200 27
114.86.224.69 - - [18/Apr/2022:17:01:25 +0800] "GET /xingrg/all/function/internal_message.html?_=1650272489925&CODE_STATE=getMsg HTTP/1.1" 200 27
58.221.95.50 - - [18/Apr/2022:17:01:56 +0800] "POST /xingrg/dwr/call/plaincall/AjaxCheckService.setItemNumber.dwr HTTP/1.1" 200 77
58.39.201.47 - - [18/Apr/2022:17:02:00 +0800] "GET /xingrg/all/function/internal_message.html?_=1650272521031&CODE_STATE=getMsg HTTP/1.1" 200 27
58.221.95.50 - - [18/Apr/2022:17:02:00 +0800] "POST /xingrg/dwr/call/plaincall/AjaxCheckService.setItemNumber.dwr HTTP/1.1" 200 77
116.235.92.88 - - [18/Apr/2022:17:02:02 +0800] "GET /xingrg/all/function/internal_message.html?_=1650272692498&CODE_STATE=getMsg HTTP/1.1" 200 27
180.169.147.146 - - [18/Apr/2022:17:02:16 +0800] "GET /xingrg/all/function/internal_message.html?_=1650272535346&CODE_STATE=getMsg HTTP/1.1" 200 27
120.253.135.82 - - [18/Apr/2022:17:02:22 +0800] "GET /xingrg/all/function/internal_message.html?_=1650272348356&CODE_STATE=getMsg HTTP/1.1" 200 27
114.86.224.69 - - [18/Apr/2022:17:02:25 +0800] "GET /xingrg/all/function/internal_message.html?_=1650272549953&CODE_STATE=getMsg HTTP/1.1" 200 27
114.88.156.203 - - [18/Apr/2022:17:02:47 +0800] "GET /xingrg/check_reg.html?_=1650272321473 HTTP/1.1" 302 -
58.39.201.47 - - [18/Apr/2022:17:03:00 +0800] "GET /xingrg/all/function/internal_message.html?_=1650272581030&CODE_STATE=getMsg HTTP/1.1" 200 27
116.235.92.88 - - [18/Apr/2022:17:03:02 +0800] "GET /xingrg/all/function/internal_message.html?_=1650272752496&CODE_STATE=getMsg HTTP/1.1" 200 27
180.169.147.146 - - [18/Apr/2022:17:03:15 +0800] "GET /xingrg/all/function/internal_message.html?_=1650272595342&CODE_STATE=getMsg HTTP/1.1" 200 27
120.253.135.82 - - [18/Apr/2022:17:03:21 +0800] "GET /xingrg/check_reg.html?_=1650272407185 HTTP/1.1" 200 22
120.253.135.82 - - [18/Apr/2022:17:03:22 +0800] "GET /xingrg/all/function/internal_message.html?_=1650272408368&CODE_STATE=getMsg HTTP/1.1" 200 27
114.86.224.69 - - [18/Apr/2022:17:03:25 +0800] "GET /xingrg/all/function/internal_message.html?_=1650272609952&CODE_STATE=getMsg HTTP/1.1" 200 27
58.221.95.50 - - [18/Apr/2022:17:03:49 +0800] "GET /xingrg/check_reg.html?_=1650272628227 HTTP/1.1" 200 22
58.39.201.47 - - [18/Apr/2022:17:04:00 +0800] "GET /xingrg/all/function/internal_message.html?_=1650272641030&CODE_STATE=getMsg HTTP/1.1" 200 27
116.235.92.88 - - [18/Apr/2022:17:04:02 +0800] "GET /xingrg/all/function/internal_message.html?_=1650272812510&CODE_STATE=getMsg HTTP/1.1" 200 27
116.235.92.88 - - [18/Apr/2022:17:04:02 +0800] "GET /xingrg/check_reg.html?_=1650272812512 HTTP/1.1" 200 22
180.169.147.146 - - [18/Apr/2022:17:04:16 +0800] "GET /xingrg/all/function/internal_message.html?_=1650272655350&CODE_STATE=getMsg HTTP/1.1" 200 27
180.169.147.146 - - [18/Apr/2022:17:04:16 +0800] "GET /xingrg/check_reg.html?_=1650272655351 HTTP/1.1" 200 22
120.253.135.82 - - [18/Apr/2022:17:04:22 +0800] "GET /xingrg/all/function/internal_message.html?_=1650272468383&CODE_STATE=getMsg HTTP/1.1" 200 27
114.86.224.69 - - [18/Apr/2022:17:04:25 +0800] "GET /xingrg/all/function/internal_message.html?_=1650272669952&CODE_STATE=getMsg HTTP/1.1" 200 27
58.221.95.50 - - [18/Apr/2022:17:04:49 +0800] "POST /xingrg/dwr/call/plaincall/AjaxCheckService.setItemNumber.dwr HTTP/1.1" 200 77
58.39.201.47 - - [18/Apr/2022:17:05:00 +0800] "GET /xingrg/check_reg.html?_=1650272701031 HTTP/1.1" 200 22
58.39.201.47 - - [18/Apr/2022:17:05:00 +0800] "GET /xingrg/all/function/internal_message.html?_=1650272701029&CODE_STATE=getMsg HTTP/1.1" 200 27
116.235.92.88 - - [18/Apr/2022:17:05:02 +0800] "GET /xingrg/all/function/internal_message.html?_=1650272872510&CODE_STATE=getMsg HTTP/1.1" 200 27
180.169.147.146 - - [18/Apr/2022:17:05:16 +0800] "GET /xingrg/all/function/internal_message.html?_=1650272715344&CODE_STATE=getMsg HTTP/1.1" 200 27
120.253.135.82 - - [18/Apr/2022:17:05:22 +0800] "GET /xingrg/all/function/internal_message.html?_=1650272528396&CODE_STATE=getMsg HTTP/1.1" 200 27
114.86.224.69 - - [18/Apr/2022:17:05:25 +0800] "GET /xingrg/all/function/internal_message.html?_=1650272729952&CODE_STATE=getMsg HTTP/1.1" 200 27
114.86.224.69 - - [18/Apr/2022:17:05:25 +0800] "GET /xingrg/check_reg.html?_=1650272729955 HTTP/1.1" 200 22
58.39.201.47 - - [18/Apr/2022:17:06:00 +0800] "GET /xingrg/all/function/internal_message.html?_=1650272761029&CODE_STATE=getMsg HTTP/1.1" 200 27
116.235.92.88 - - [18/Apr/2022:17:06:02 +0800] "GET /xingrg/all/function/internal_message.html?_=1650272932508&CODE_STATE=getMsg HTTP/1.1" 200 27
180.169.147.146 - - [18/Apr/2022:17:06:16 +0800] "GET /xingrg/all/function/internal_message.html?_=1650272775359&CODE_STATE=getMsg HTTP/1.1" 200 27
120.253.135.82 - - [18/Apr/2022:17:06:22 +0800] "GET /xingrg/all/function/internal_message.html?_=1650272588491&CODE_STATE=getMsg HTTP/1.1" 200 27
114.86.224.69 - - [18/Apr/2022:17:06:25 +0800] "GET /xingrg/all/function/internal_message.html?_=1650272789954&CODE_STATE=getMsg HTTP/1.1" 200 27
58.39.201.47 - - [18/Apr/2022:17:07:00 +0800] "GET /xingrg/all/function/internal_message.html?_=1650272821043&CODE_STATE=getMsg HTTP/1.1" 200 27
116.235.92.88 - - [18/Apr/2022:17:07:02 +0800] "GET /xingrg/all/function/internal_message.html?_=1650272992506&CODE_STATE=getMsg HTTP/1.1" 200 27
180.169.147.146 - - [18/Apr/2022:17:07:16 +0800] "GET /xingrg/all/function/internal_message.html?_=1650272835349&CODE_STATE=getMsg HTTP/1.1" 200 27
120.253.135.82 - - [18/Apr/2022:17:07:22 +0800] "GET /xingrg/all/function/internal_message.html?_=1650272648517&CODE_STATE=getMsg HTTP/1.1" 200 27
114.86.224.69 - - [18/Apr/2022:17:07:25 +0800] "GET /xingrg/all/function/internal_message.html?_=1650272849954&CODE_STATE=getMsg HTTP/1.1" 200 27
114.88.156.203 - - [18/Apr/2022:17:07:47 +0800] "GET /xingrg/check_reg.html?_=1650272621451 HTTP/1.1" 302 -
58.39.201.47 - - [18/Apr/2022:17:08:00 +0800] "GET /xingrg/all/function/internal_message.html?_=1650272881042&CODE_STATE=getMsg HTTP/1.1" 200 27
116.235.92.88 - - [18/Apr/2022:17:08:02 +0800] "GET /xingrg/all/function/internal_message.html?_=1650273052504&CODE_STATE=getMsg HTTP/1.1" 200 27
180.169.147.146 - - [18/Apr/2022:17:08:16 +0800] "GET /xingrg/all/function/internal_message.html?_=1650272895344&CODE_STATE=getMsg HTTP/1.1" 200 27
120.253.135.82 - - [18/Apr/2022:17:08:21 +0800] "GET /xingrg/check_reg.html?_=1650272707266 HTTP/1.1" 200 22
120.253.135.82 - - [18/Apr/2022:17:08:22 +0800] "GET /xingrg/all/function/internal_message.html?_=1650272708609&CODE_STATE=getMsg HTTP/1.1" 200 27
114.86.224.69 - - [18/Apr/2022:17:08:25 +0800] "GET /xingrg/all/function/internal_message.html?_=1650272909955&CODE_STATE=getMsg HTTP/1.1" 200 27
58.221.95.50 - - [18/Apr/2022:17:08:49 +0800] "GET /xingrg/check_reg.html?_=1650272928210 HTTP/1.1" 200 22
58.39.201.47 - - [18/Apr/2022:17:09:00 +0800] "GET /xingrg/all/function/internal_message.html?_=1650272941041&CODE_STATE=getMsg HTTP/1.1" 200 27
116.235.92.88 - - [18/Apr/2022:17:09:02 +0800] "GET /xingrg/all/function/internal_message.html?_=1650273112502&CODE_STATE=getMsg HTTP/1.1" 200 27
116.235.92.88 - - [18/Apr/2022:17:09:02 +0800] "GET /xingrg/check_reg.html?_=1650273112503 HTTP/1.1" 200 22
180.169.147.146 - - [18/Apr/2022:17:09:16 +0800] "GET /xingrg/all/function/internal_message.html?_=1650272955362&CODE_STATE=getMsg HTTP/1.1" 200 27
180.169.147.146 - - [18/Apr/2022:17:09:16 +0800] "GET /xingrg/check_reg.html?_=1650272955364 HTTP/1.1" 200 22
120.253.135.82 - - [18/Apr/2022:17:09:22 +0800] "GET /xingrg/all/function/internal_message.html?_=1650272768622&CODE_STATE=getMsg HTTP/1.1" 200 27
114.86.224.69 - - [18/Apr/2022:17:09:25 +0800] "GET /xingrg/all/function/internal_message.html?_=1650272969955&CODE_STATE=getMsg HTTP/1.1" 200 27
58.39.201.47 - - [18/Apr/2022:17:10:00 +0800] "GET /xingrg/check_reg.html?_=1650273001039 HTTP/1.1" 200 22
58.39.201.47 - - [18/Apr/2022:17:10:00 +0800] "GET /xingrg/all/function/internal_message.html?_=1650273001040&CODE_STATE=getMsg HTTP/1.1" 200 27
116.235.92.88 - - [18/Apr/2022:17:10:02 +0800] "GET /xingrg/all/function/internal_message.html?_=1650273172501&CODE_STATE=getMsg HTTP/1.1" 200 27
180.169.147.146 - - [18/Apr/2022:17:10:16 +0800] "GET /xingrg/all/function/internal_message.html?_=1650273015349&CODE_STATE=getMsg HTTP/1.1" 200 27
120.253.135.82 - - [18/Apr/2022:17:10:22 +0800] "GET /xingrg/all/function/internal_message.html?_=1650272828636&CODE_STATE=getMsg HTTP/1.1" 200 27
114.86.224.69 - - [18/Apr/2022:17:10:25 +0800] "GET /xingrg/check_reg.html?_=1650273029957 HTTP/1.1" 200 22
114.86.224.69 - - [18/Apr/2022:17:10:25 +0800] "GET /xingrg/all/function/internal_message.html?_=1650273029959&CODE_STATE=getMsg HTTP/1.1" 200 27
58.39.201.47 - - [18/Apr/2022:17:11:00 +0800] "GET /xingrg/all/function/internal_message.html?_=1650273061039&CODE_STATE=getMsg HTTP/1.1" 200 27
116.235.92.88 - - [18/Apr/2022:17:11:02 +0800] "GET /xingrg/all/function/internal_message.html?_=1650273232499&CODE_STATE=getMsg HTTP/1.1" 200 27
180.169.147.146 - - [18/Apr/2022:17:11:16 +0800] "GET /xingrg/all/function/internal_message.html?_=1650273075346&CODE_STATE=getMsg HTTP/1.1" 200 27
120.253.135.82 - - [18/Apr/2022:17:11:23 +0800] "GET /xingrg/all/function/internal_message.html?_=1650272888717&CODE_STATE=getMsg HTTP/1.1" 200 27
114.86.224.69 - - [18/Apr/2022:17:11:25 +0800] "GET /xingrg/all/function/internal_message.html?_=1650273089946&CODE_STATE=getMsg HTTP/1.1" 200 27
58.39.201.47 - - [18/Apr/2022:17:12:00 +0800] "GET /xingrg/all/function/internal_message.html?_=1650273121036&CODE_STATE=getMsg HTTP/1.1" 200 27
116.235.92.88 - - [18/Apr/2022:17:12:02 +0800] "GET /xingrg/all/function/internal_message.html?_=1650273292498&CODE_STATE=getMsg HTTP/1.1" 200 27
180.169.147.146 - - [18/Apr/2022:17:12:16 +0800] "GET /xingrg/all/function/internal_message.html?_=1650273135356&CODE_STATE=getMsg HTTP/1.1" 200 27
120.253.135.82 - - [18/Apr/2022:17:12:23 +0800] "GET /xingrg/all/function/internal_message.html?_=1650272948725&CODE_STATE=getMsg HTTP/1.1" 200 27
114.86.224.69 - - [18/Apr/2022:17:12:25 +0800] "GET /xingrg/all/function/internal_message.html?_=1650273149946&CODE_STATE=getMsg HTTP/1.1" 200 27
114.88.156.203 - - [18/Apr/2022:17:12:47 +0800] "GET /xingrg/check_reg.html?_=1650272921430 HTTP/1.1" 302 -
58.39.201.47 - - [18/Apr/2022:17:13:00 +0800] "GET /xingrg/all/function/internal_message.html?_=1650273181035&CODE_STATE=getMsg HTTP/1.1" 200 27
116.235.92.88 - - [18/Apr/2022:17:13:02 +0800] "GET /xingrg/all/function/internal_message.html?_=1650273352496&CODE_STATE=getMsg HTTP/1.1" 200 27
180.169.147.146 - - [18/Apr/2022:17:13:16 +0800] "GET /xingrg/all/function/internal_message.html?_=1650273195350&CODE_STATE=getMsg HTTP/1.1" 200 27
120.253.135.82 - - [18/Apr/2022:17:13:21 +0800] "GET /xingrg/check_reg.html?_=1650273007352 HTTP/1.1" 200 22
120.253.135.82 - - [18/Apr/2022:17:13:23 +0800] "GET /xingrg/all/function/internal_message.html?_=1650273008739&CODE_STATE=getMsg HTTP/1.1" 200 27
114.86.224.69 - - [18/Apr/2022:17:13:25 +0800] "GET /xingrg/all/function/internal_message.html?_=1650273209974&CODE_STATE=getMsg HTTP/1.1" 200 27
58.221.95.50 - - [18/Apr/2022:17:13:49 +0800] "GET /xingrg/check_reg.html?_=1650273228223 HTTP/1.1" 200 22
58.39.201.47 - - [18/Apr/2022:17:14:00 +0800] "GET /xingrg/all/function/internal_message.html?_=1650273241033&CODE_STATE=getMsg HTTP/1.1" 200 27
116.235.92.88 - - [18/Apr/2022:17:14:02 +0800] "GET /xingrg/all/function/internal_message.html?_=1650273412510&CODE_STATE=getMsg HTTP/1.1" 200 27
116.235.92.88 - - [18/Apr/2022:17:14:02 +0800] "GET /xingrg/check_reg.html?_=1650273412511 HTTP/1.1" 200 22
180.169.147.146 - - [18/Apr/2022:17:14:16 +0800] "GET /xingrg/all/function/internal_message.html?_=1650273255351&CODE_STATE=getMsg HTTP/1.1" 200 27
180.169.147.146 - - [18/Apr/2022:17:14:16 +0800] "GET /xingrg/check_reg.html?_=1650273255353 HTTP/1.1" 200 22
120.253.135.82 - - [18/Apr/2022:17:14:23 +0800] "GET /xingrg/all/function/internal_message.html?_=1650273068752&CODE_STATE=getMsg HTTP/1.1" 200 27
114.86.224.69 - - [18/Apr/2022:17:14:25 +0800] "GET /xingrg/all/function/internal_message.html?_=1650273269973&CODE_STATE=getMsg HTTP/1.1" 200 27
58.35.210.91 - - [18/Apr/2022:17:14:52 +0800] "POST /xingrg/services/DataTransmitService HTTP/1.1" 200 524
58.39.201.47 - - [18/Apr/2022:17:15:00 +0800] "GET /xingrg/all/function/internal_message.html?_=1650273301032&CODE_STATE=getMsg HTTP/1.1" 200 27
58.39.201.47 - - [18/Apr/2022:17:15:00 +0800] "GET /xingrg/check_reg.html?_=1650273301033 HTTP/1.1" 200 22
116.232.34.220 - - [18/Apr/2022:17:15:02 +0800] "POST /xingrg/services/DataTransmitService HTTP/1.1" 200 524
116.235.92.88 - - [18/Apr/2022:17:15:02 +0800] "GET /xingrg/all/function/internal_message.html?_=1650273472509&CODE_STATE=getMsg HTTP/1.1" 200 27
180.169.147.146 - - [18/Apr/2022:17:15:16 +0800] "GET /xingrg/all/function/internal_message.html?_=1650273315341&CODE_STATE=getMsg HTTP/1.1" 200 27
120.253.135.82 - - [18/Apr/2022:17:15:23 +0800] "GET /xingrg/all/function/internal_message.html?_=1650273128766&CODE_STATE=getMsg HTTP/1.1" 200 27
114.86.224.69 - - [18/Apr/2022:17:15:25 +0800] "GET /xingrg/all/function/internal_message.html?_=1650273329973&CODE_STATE=getMsg HTTP/1.1" 200 27
114.86.224.69 - - [18/Apr/2022:17:15:25 +0800] "GET /xingrg/check_reg.html?_=1650273329976 HTTP/1.1" 200 22
42.236.10.93 - - [18/Apr/2022:17:15:32 +0800] "GET /xingrg/index.html HTTP/1.1" 302 -
27.115.124.101 - - [18/Apr/2022:17:15:33 +0800] "GET / HTTP/1.1" 404 -
42.236.10.93 - - [18/Apr/2022:17:15:34 +0800] "GET /xingrg/index.html HTTP/1.1" 302 -
42.236.10.93 - - [18/Apr/2022:17:15:36 +0800] "GET /xingrg/login.html HTTP/1.1" 200 2139
27.115.124.101 - - [18/Apr/2022:17:15:37 +0800] "GET / HTTP/1.1" 404 -
42.236.10.93 - - [18/Apr/2022:17:15:40 +0800] "GET /xingrg/javascript/mobile/jquery.mobile-1.3.2.min.css HTTP/1.1" 200 94670
42.236.10.84 - - [18/Apr/2022:17:15:41 +0800] "GET /xingrg/javascript/mobile/jquery-1.8.3.min.js HTTP/1.1" 200 93637
42.236.10.78 - - [18/Apr/2022:17:15:41 +0800] "GET /xingrg/javascript/mobile/jquery.mobile-1.3.2.min.js HTTP/1.1" 200 145396
58.39.201.47 - - [18/Apr/2022:17:15:41 +0800] "GET /xingrg/javascript/jquery_easy_ui/themes/icons/rest.png HTTP/1.1" 304 -
58.39.201.47 - - [18/Apr/2022:17:15:41 +0800] "GET /xingrg/javascript/jquery_easy_ui/themes/icons/area.png HTTP/1.1" 304 -
58.39.201.47 - - [18/Apr/2022:17:15:41 +0800] "GET /xingrg/javascript/jquery_easy_ui/themes/icons/manage.png HTTP/1.1" 304 -
180.163.220.5 - - [18/Apr/2022:17:15:46 +0800] "GET / HTTP/1.1" 404 -
42.236.10.78 - - [18/Apr/2022:17:15:48 +0800] "GET /xingrg/javascript/mobile/images/ajax-loader.gif HTTP/1.1" 200 7825
180.163.220.68 - - [18/Apr/2022:17:15:51 +0800] "GET / HTTP/1.1" 404 -
58.39.201.47 - - [18/Apr/2022:17:16:00 +0800] "GET /xingrg/all/function/internal_message.html?_=1650273361068&CODE_STATE=getMsg HTTP/1.1" 200 27
58.39.201.47 - - [18/Apr/2022:17:16:01 +0800] "GET /xingrg/kc/mdqp/pssh_order_list.html HTTP/1.1" 200 17862
58.39.201.47 - - [18/Apr/2022:17:16:01 +0800] "POST /xingrg/kc/mdqp/pssh_list_operate.html HTTP/1.1" 200 5325
116.235.92.88 - - [18/Apr/2022:17:16:02 +0800] "GET /xingrg/all/function/internal_message.html?_=1650273532507&CODE_STATE=getMsg HTTP/1.1" 200 27
58.39.201.47 - - [18/Apr/2022:17:16:03 +0800] "POST /xingrg/kc/mdqp/pssh_list_operate.html HTTP/1.1" 200 361
58.39.201.47 - - [18/Apr/2022:17:16:04 +0800] "GET /xingrg/kc/mdqp/pssh_order_info.html?code=312022041700079 HTTP/1.1" 200 17266
58.39.201.47 - - [18/Apr/2022:17:16:04 +0800] "GET /xingrg/javascript/jquery_tools/jquery-1.4.2.min.js HTTP/1.1" 404 1094
58.39.201.47 - - [18/Apr/2022:17:16:04 +0800] "GET /xingrg/javascript/easyui/themes/default/validatebox.css HTTP/1.1" 404 1104
58.39.201.47 - - [18/Apr/2022:17:16:04 +0800] "POST /xingrg/kc/mdqp/pssh_order_operate.html HTTP/1.1" 200 1052
58.39.201.47 - - [18/Apr/2022:17:16:13 +0800] "GET /xingrg/kc/mdqp/pssh_order_list.html HTTP/1.1" 200 17862
58.39.201.47 - - [18/Apr/2022:17:16:13 +0800] "POST /xingrg/kc/mdqp/pssh_list_operate.html HTTP/1.1" 200 5325
58.39.201.47 - - [18/Apr/2022:17:16:14 +0800] "POST /xingrg/kc/mdqp/pssh_list_operate.html HTTP/1.1" 200 562
180.169.147.146 - - [18/Apr/2022:17:16:16 +0800] "GET /xingrg/all/function/internal_message.html?_=1650273375349&CODE_STATE=getMsg HTTP/1.1" 200 27
58.39.201.47 - - [18/Apr/2022:17:16:16 +0800] "GET /xingrg/kc/mdqp/pssh_order_info.html?code=312022041500061 HTTP/1.1" 200 17266
58.39.201.47 - - [18/Apr/2022:17:16:16 +0800] "GET /xingrg/javascript/jquery_tools/jquery-1.4.2.min.js HTTP/1.1" 404 1094
58.39.201.47 - - [18/Apr/2022:17:16:17 +0800] "POST /xingrg/kc/mdqp/pssh_order_operate.html HTTP/1.1" 200 2079
58.39.201.47 - - [18/Apr/2022:17:16:17 +0800] "GET /xingrg/javascript/easyui/themes/default/validatebox.css HTTP/1.1" 404 1104
120.253.135.82 - - [18/Apr/2022:17:16:23 +0800] "GET /xingrg/all/function/internal_message.html?_=1650273188851&CODE_STATE=getMsg HTTP/1.1" 200 27
114.86.224.69 - - [18/Apr/2022:17:16:25 +0800] "GET /xingrg/all/function/internal_message.html?_=1650273389975&CODE_STATE=getMsg HTTP/1.1" 200 27
58.39.201.47 - - [18/Apr/2022:17:17:00 +0800] "GET /xingrg/all/function/internal_message.html?_=1650273421064&CODE_STATE=getMsg HTTP/1.1" 200 27
116.235.92.88 - - [18/Apr/2022:17:17:02 +0800] "GET /xingrg/all/function/internal_message.html?_=1650273592505&CODE_STATE=getMsg HTTP/1.1" 200 27
180.169.147.146 - - [18/Apr/2022:17:17:16 +0800] "GET /xingrg/all/function/internal_message.html?_=1650273435338&CODE_STATE=getMsg HTTP/1.1" 200 27
120.253.135.82 - - [18/Apr/2022:17:17:23 +0800] "GET /xingrg/all/function/internal_message.html?_=1650273248856&CODE_STATE=getMsg HTTP/1.1" 200 27
114.86.224.69 - - [18/Apr/2022:17:17:25 +0800] "GET /xingrg/all/function/internal_message.html?_=1650273449975&CODE_STATE=getMsg HTTP/1.1" 200 27
114.88.156.203 - - [18/Apr/2022:17:17:47 +0800] "GET /xingrg/check_reg.html?_=1650273221434 HTTP/1.1" 302 -
58.39.201.47 - - [18/Apr/2022:17:18:00 +0800] "GET /xingrg/all/function/internal_message.html?_=1650273481063&CODE_STATE=getMsg HTTP/1.1" 200 27
116.235.92.88 - - [18/Apr/2022:17:18:02 +0800] "GET /xingrg/all/function/internal_message.html?_=1650273652503&CODE_STATE=getMsg HTTP/1.1" 200 27
180.169.147.146 - - [18/Apr/2022:17:18:16 +0800] "GET /xingrg/all/function/internal_message.html?_=1650273495344&CODE_STATE=getMsg HTTP/1.1" 200 27
120.253.135.82 - - [18/Apr/2022:17:18:21 +0800] "GET /xingrg/check_reg.html?_=1650273307415 HTTP/1.1" 200 22
120.253.135.82 - - [18/Apr/2022:17:18:23 +0800] "GET /xingrg/all/function/internal_message.html?_=1650273308869&CODE_STATE=getMsg HTTP/1.1" 200 27
114.86.224.69 - - [18/Apr/2022:17:18:25 +0800] "GET /xingrg/all/function/internal_message.html?_=1650273509976&CODE_STATE=getMsg HTTP/1.1" 200 27
58.221.95.50 - - [18/Apr/2022:17:18:49 +0800] "GET /xingrg/check_reg.html?_=1650273528205 HTTP/1.1" 200 22
58.39.61.91 - - [18/Apr/2022:17:18:49 +0800] "POST /xingrg/services/DataTransmitService HTTP/1.1" 200 524
58.39.201.47 - - [18/Apr/2022:17:19:00 +0800] "GET /xingrg/all/function/internal_message.html?_=1650273541060&CODE_STATE=getMsg HTTP/1.1" 200 27
116.235.92.88 - - [18/Apr/2022:17:19:02 +0800] "GET /xingrg/all/function/internal_message.html?_=1650273712502&CODE_STATE=getMsg HTTP/1.1" 200 27
116.235.92.88 - - [18/Apr/2022:17:19:02 +0800] "GET /xingrg/check_reg.html?_=1650273712503 HTTP/1.1" 200 22
180.169.147.146 - - [18/Apr/2022:17:19:16 +0800] "GET /xingrg/all/function/internal_message.html?_=1650273555348&CODE_STATE=getMsg HTTP/1.1" 200 27
180.169.147.146 - - [18/Apr/2022:17:19:16 +0800] "GET /xingrg/check_reg.html?_=1650273555350 HTTP/1.1" 200 22
120.253.135.82 - - [18/Apr/2022:17:19:23 +0800] "GET /xingrg/all/function/internal_message.html?_=1650273368884&CODE_STATE=getMsg HTTP/1.1" 200 27
114.86.224.69 - - [18/Apr/2022:17:19:25 +0800] "GET /xingrg/all/function/internal_message.html?_=1650273569976&CODE_STATE=getMsg HTTP/1.1" 200 27
58.39.201.47 - - [18/Apr/2022:17:20:00 +0800] "GET /xingrg/check_reg.html?_=1650273601059 HTTP/1.1" 200 22
58.39.201.47 - - [18/Apr/2022:17:20:00 +0800] "GET /xingrg/all/function/internal_message.html?_=1650273601060&CODE_STATE=getMsg HTTP/1.1" 200 27
116.235.92.88 - - [18/Apr/2022:17:20:02 +0800] "GET /xingrg/all/function/internal_message.html?_=1650273772501&CODE_STATE=getMsg HTTP/1.1" 200 27
180.169.147.146 - - [18/Apr/2022:17:20:16 +0800] "GET /xingrg/all/function/internal_message.html?_=1650273615336&CODE_STATE=getMsg HTTP/1.1" 200 27
120.253.135.82 - - [18/Apr/2022:17:20:23 +0800] "GET /xingrg/all/function/internal_message.html?_=1650273428897&CODE_STATE=getMsg HTTP/1.1" 200 27
114.86.224.69 - - [18/Apr/2022:17:20:25 +0800] "GET /xingrg/check_reg.html?_=1650273629974 HTTP/1.1" 200 22
114.86.224.69 - - [18/Apr/2022:17:20:25 +0800] "GET /xingrg/all/function/internal_message.html?_=1650273629977&CODE_STATE=getMsg HTTP/1.1" 200 27
58.39.201.47 - - [18/Apr/2022:17:21:00 +0800] "GET /xingrg/all/function/internal_message.html?_=1650273661058&CODE_STATE=getMsg HTTP/1.1" 200 27
116.235.92.88 - - [18/Apr/2022:17:21:02 +0800] "GET /xingrg/all/function/internal_message.html?_=1650273832499&CODE_STATE=getMsg HTTP/1.1" 200 27
180.169.147.146 - - [18/Apr/2022:17:21:16 +0800] "GET /xingrg/all/function/internal_message.html?_=1650273675350&CODE_STATE=getMsg HTTP/1.1" 200 27
120.253.135.82 - - [18/Apr/2022:17:21:23 +0800] "GET /xingrg/all/function/internal_message.html?_=1650273488980&CODE_STATE=getMsg HTTP/1.1" 200 27
114.86.224.69 - - [18/Apr/2022:17:21:25 +0800] "GET /xingrg/all/function/internal_message.html?_=1650273689977&CODE_STATE=getMsg HTTP/1.1" 200 27
58.39.201.47 - - [18/Apr/2022:17:22:00 +0800] "GET /xingrg/all/function/internal_message.html?_=1650273721057&CODE_STATE=getMsg HTTP/1.1" 200 27
116.235.92.88 - - [18/Apr/2022:17:22:02 +0800] "GET /xingrg/all/function/internal_message.html?_=1650273892497&CODE_STATE=getMsg HTTP/1.1" 200 27
180.169.147.146 - - [18/Apr/2022:17:22:16 +0800] "GET /xingrg/all/function/internal_message.html?_=1650273735348&CODE_STATE=getMsg HTTP/1.1" 200 27
120.253.135.82 - - [18/Apr/2022:17:22:23 +0800] "GET /xingrg/all/function/internal_message.html?_=1650273549033&CODE_STATE=getMsg HTTP/1.1" 200 27
114.86.224.69 - - [18/Apr/2022:17:22:25 +0800] "GET /xingrg/all/function/internal_message.html?_=1650273749976&CODE_STATE=getMsg HTTP/1.1" 200 27
58.221.95.50 - - [18/Apr/2022:17:22:37 +0800] "POST /xingrg/dwr/call/plaincall/AjaxCheckService.setItemNumber.dwr HTTP/1.1" 200 77
58.221.95.50 - - [18/Apr/2022:17:22:38 +0800] "POST /xingrg/dwr/call/plaincall/AjaxCheckService.setItemNumber.dwr HTTP/1.1" 200 77
58.221.95.50 - - [18/Apr/2022:17:22:49 +0800] "POST /xingrg/dwr/call/plaincall/AjaxCheckService.setItemNumber.dwr HTTP/1.1" 200 77
58.39.201.47 - - [18/Apr/2022:17:23:00 +0800] "GET /xingrg/all/function/internal_message.html?_=1650273781055&CODE_STATE=getMsg HTTP/1.1" 200 27
116.235.92.88 - - [18/Apr/2022:17:23:02 +0800] "GET /xingrg/all/function/internal_message.html?_=1650273952512&CODE_STATE=getMsg HTTP/1.1" 200 27
180.169.147.146 - - [18/Apr/2022:17:23:16 +0800] "GET /xingrg/all/function/internal_message.html?_=1650273795336&CODE_STATE=getMsg HTTP/1.1" 200 27
120.253.135.82 - - [18/Apr/2022:17:23:21 +0800] "GET /xingrg/check_reg.html?_=1650273607482 HTTP/1.1" 200 22
120.253.135.82 - - [18/Apr/2022:17:23:23 +0800] "GET /xingrg/all/function/internal_message.html?_=1650273609047&CODE_STATE=getMsg HTTP/1.1" 200 27
114.86.224.69 - - [18/Apr/2022:17:23:25 +0800] "GET /xingrg/all/function/internal_message.html?_=1650273809977&CODE_STATE=getMsg HTTP/1.1" 200 27
58.39.61.91 - - [18/Apr/2022:17:23:38 +0800] "POST /xingrg/services/DataTransmitService HTTP/1.1" 200 524
58.221.95.50 - - [18/Apr/2022:17:23:48 +0800] "GET /xingrg/check_reg.html?_=1650273828178 HTTP/1.1" 200 22
58.39.201.47 - - [18/Apr/2022:17:24:00 +0800] "GET /xingrg/all/function/internal_message.html?_=1650273841069&CODE_STATE=getMsg HTTP/1.1" 200 27
116.235.92.88 - - [18/Apr/2022:17:24:02 +0800] "GET /xingrg/check_reg.html?_=1650274012510 HTTP/1.1" 200 22
116.235.92.88 - - [18/Apr/2022:17:24:02 +0800] "GET /xingrg/all/function/internal_message.html?_=1650274012511&CODE_STATE=getMsg HTTP/1.1" 200 27
180.169.147.146 - - [18/Apr/2022:17:24:16 +0800] "GET /xingrg/all/function/internal_message.html?_=1650273855348&CODE_STATE=getMsg HTTP/1.1" 200 27
180.169.147.146 - - [18/Apr/2022:17:24:16 +0800] "GET /xingrg/check_reg.html?_=1650273855349 HTTP/1.1" 200 22
58.221.95.50 - - [18/Apr/2022:17:24:22 +0800] "POST /xingrg/kc/base/check_list_operate.html HTTP/1.1" 200 2241
120.253.135.82 - - [18/Apr/2022:17:24:23 +0800] "GET /xingrg/all/function/internal_message.html?_=1650273669060&CODE_STATE=getMsg HTTP/1.1" 200 27
114.86.224.69 - - [18/Apr/2022:17:24:25 +0800] "GET /xingrg/all/function/internal_message.html?_=1650273870005&CODE_STATE=getMsg HTTP/1.1" 200 27
58.39.201.47 - - [18/Apr/2022:17:25:00 +0800] "GET /xingrg/check_reg.html?_=1650273901068 HTTP/1.1" 200 22
58.39.201.47 - - [18/Apr/2022:17:25:00 +0800] "GET /xingrg/all/function/internal_message.html?_=1650273901069&CODE_STATE=getMsg HTTP/1.1" 200 27
116.235.92.88 - - [18/Apr/2022:17:25:02 +0800] "GET /xingrg/all/function/internal_message.html?_=1650274072509&CODE_STATE=getMsg HTTP/1.1" 200 27
180.169.147.146 - - [18/Apr/2022:17:25:16 +0800] "GET /xingrg/all/function/internal_message.html?_=1650273915340&CODE_STATE=getMsg HTTP/1.1" 200 27
58.221.95.50 - - [18/Apr/2022:17:25:19 +0800] "POST /xingrg/kc/base/check_list_operate.html HTTP/1.1" 200 4
120.253.135.82 - - [18/Apr/2022:17:25:23 +0800] "GET /xingrg/all/function/internal_message.html?_=1650273729074&CODE_STATE=getMsg HTTP/1.1" 200 27
114.86.224.69 - - [18/Apr/2022:17:25:25 +0800] "GET /xingrg/check_reg.html?_=1650273930004 HTTP/1.1" 200 22
114.86.224.69 - - [18/Apr/2022:17:25:25 +0800] "GET /xingrg/all/function/internal_message.html?_=1650273930007&CODE_STATE=getMsg HTTP/1.1" 200 27
58.39.201.47 - - [18/Apr/2022:17:26:00 +0800] "GET /xingrg/all/function/internal_message.html?_=1650273961067&CODE_STATE=getMsg HTTP/1.1" 200 27
180.156.212.250 - - [18/Apr/2022:17:26:00 +0800] "POST /xingrg/services/DataTransmitService HTTP/1.1" 200 524
58.221.95.50 - - [18/Apr/2022:17:26:02 +0800] "POST /xingrg/kc/base/check_list_operate.html HTTP/1.1" 200 781
116.235.92.88 - - [18/Apr/2022:17:26:02 +0800] "GET /xingrg/all/function/internal_message.html?_=1650274132507&CODE_STATE=getMsg HTTP/1.1" 200 27
58.221.95.50 - - [18/Apr/2022:17:26:05 +0800] "POST /xingrg/kc/base/check_list_operate.html HTTP/1.1" 200 5450
180.169.147.146 - - [18/Apr/2022:17:26:16 +0800] "GET /xingrg/all/function/internal_message.html?_=1650273975343&CODE_STATE=getMsg HTTP/1.1" 200 27
120.253.135.82 - - [18/Apr/2022:17:26:23 +0800] "GET /xingrg/all/function/internal_message.html?_=1650273789159&CODE_STATE=getMsg HTTP/1.1" 200 27
114.86.224.69 - - [18/Apr/2022:17:26:25 +0800] "GET /xingrg/all/function/internal_message.html?_=1650273990006&CODE_STATE=getMsg HTTP/1.1" 200 27
58.39.201.47 - - [18/Apr/2022:17:27:00 +0800] "GET /xingrg/all/function/internal_message.html?_=1650274021067&CODE_STATE=getMsg HTTP/1.1" 200 27
116.235.92.88 - - [18/Apr/2022:17:27:02 +0800] "GET /xingrg/all/function/internal_message.html?_=1650274192505&CODE_STATE=getMsg HTTP/1.1" 200 27
180.169.147.146 - - [18/Apr/2022:17:27:16 +0800] "GET /xingrg/all/function/internal_message.html?_=1650274035359&CODE_STATE=getMsg HTTP/1.1" 200 27
120.253.135.82 - - [18/Apr/2022:17:27:23 +0800] "GET /xingrg/all/function/internal_message.html?_=1650273849163&CODE_STATE=getMsg HTTP/1.1" 200 27
114.86.224.69 - - [18/Apr/2022:17:27:25 +0800] "GET /xingrg/all/function/internal_message.html?_=1650274050006&CODE_STATE=getMsg HTTP/1.1" 200 27
58.39.201.47 - - [18/Apr/2022:17:28:00 +0800] "GET /xingrg/all/function/internal_message.html?_=1650274081068&CODE_STATE=getMsg HTTP/1.1" 200 27
116.235.92.88 - - [18/Apr/2022:17:28:02 +0800] "GET /xingrg/all/function/internal_message.html?_=1650274252503&CODE_STATE=getMsg HTTP/1.1" 200 27
180.169.147.146 - - [18/Apr/2022:17:28:16 +0800] "GET /xingrg/all/function/internal_message.html?_=1650274095352&CODE_STATE=getMsg HTTP/1.1" 200 27
120.253.135.82 - - [18/Apr/2022:17:28:21 +0800] "GET /xingrg/check_reg.html?_=1650273907551 HTTP/1.1" 200 22
120.253.135.82 - - [18/Apr/2022:17:28:23 +0800] "GET /xingrg/all/function/internal_message.html?_=1650273909177&CODE_STATE=getMsg HTTP/1.1" 200 27
114.86.224.69 - - [18/Apr/2022:17:28:25 +0800] "GET /xingrg/all/function/internal_message.html?_=1650274110007&CODE_STATE=getMsg HTTP/1.1" 200 27
58.221.95.50 - - [18/Apr/2022:17:28:48 +0800] "GET /xingrg/check_reg.html?_=1650274128156 HTTP/1.1" 200 22
58.39.201.47 - - [18/Apr/2022:17:29:00 +0800] "GET /xingrg/all/function/internal_message.html?_=1650274141068&CODE_STATE=getMsg HTTP/1.1" 200 27
116.235.92.88 - - [18/Apr/2022:17:29:02 +0800] "GET /xingrg/all/function/internal_message.html?_=1650274312501&CODE_STATE=getMsg HTTP/1.1" 200 27
116.235.92.88 - - [18/Apr/2022:17:29:02 +0800] "GET /xingrg/check_reg.html?_=1650274312502 HTTP/1.1" 200 22
180.169.147.146 - - [18/Apr/2022:17:29:16 +0800] "GET /xingrg/check_reg.html?_=1650274155344 HTTP/1.1" 200 22
180.169.147.146 - - [18/Apr/2022:17:29:16 +0800] "GET /xingrg/all/function/internal_message.html?_=1650274155347&CODE_STATE=getMsg HTTP/1.1" 200 27
120.253.135.82 - - [18/Apr/2022:17:29:23 +0800] "GET /xingrg/all/function/internal_message.html?_=1650273969191&CODE_STATE=getMsg HTTP/1.1" 200 27
114.86.224.69 - - [18/Apr/2022:17:29:25 +0800] "GET /xingrg/all/function/internal_message.html?_=1650274170006&CODE_STATE=getMsg HTTP/1.1" 200 27
58.39.201.47 - - [18/Apr/2022:17:30:00 +0800] "GET /xingrg/all/function/internal_message.html?_=1650274201062&CODE_STATE=getMsg HTTP/1.1" 200 27
58.39.201.47 - - [18/Apr/2022:17:30:00 +0800] "GET /xingrg/check_reg.html?_=1650274201063 HTTP/1.1" 200 22
116.235.92.88 - - [18/Apr/2022:17:30:02 +0800] "GET /xingrg/all/function/internal_message.html?_=1650274372500&CODE_STATE=getMsg HTTP/1.1" 200 27
180.169.147.146 - - [18/Apr/2022:17:30:16 +0800] "GET /xingrg/all/function/internal_message.html?_=1650274215349&CODE_STATE=getMsg HTTP/1.1" 200 27
120.253.135.82 - - [18/Apr/2022:17:30:23 +0800] "GET /xingrg/all/function/internal_message.html?_=1650274029281&CODE_STATE=getMsg HTTP/1.1" 200 27
114.86.224.69 - - [18/Apr/2022:17:30:25 +0800] "GET /xingrg/check_reg.html?_=1650274230006 HTTP/1.1" 200 22
114.86.224.69 - - [18/Apr/2022:17:30:25 +0800] "GET /xingrg/all/function/internal_message.html?_=1650274230008&CODE_STATE=getMsg HTTP/1.1" 200 27
58.39.201.47 - - [18/Apr/2022:17:30:30 +0800] "POST /xingrg/all/common/load_combo.html?type=employee HTTP/1.1" 200 356
58.39.201.47 - - [18/Apr/2022:17:30:33 +0800] "POST /xingrg/kc/mdqp/pssh_order_operate.html HTTP/1.1" 200 37
58.39.201.47 - - [18/Apr/2022:17:30:33 +0800] "POST /xingrg/kc/mdqp/pssh_order_operate.html HTTP/1.1" 200 2100
58.39.201.47 - - [18/Apr/2022:17:30:34 +0800] "GET /xingrg/javascript/jquery_tools/images/next.gif HTTP/1.1" 404 1086
58.39.201.47 - - [18/Apr/2022:17:30:34 +0800] "GET /xingrg/javascript/jquery_tools/images/prev.gif HTTP/1.1" 404 1086
58.39.201.47 - - [18/Apr/2022:17:30:39 +0800] "POST /xingrg/kc/mdqp/pssh_order_operate.html HTTP/1.1" 200 37
58.39.201.47 - - [18/Apr/2022:17:30:40 +0800] "POST /xingrg/kc/mdqp/pssh_order_operate.html HTTP/1.1" 200 2100
58.39.201.47 - - [18/Apr/2022:17:30:41 +0800] "GET /xingrg/kc/mdqp/pssh_order_list.html HTTP/1.1" 200 17862
58.39.201.47 - - [18/Apr/2022:17:30:41 +0800] "POST /xingrg/kc/mdqp/pssh_list_operate.html HTTP/1.1" 200 5340
58.39.201.47 - - [18/Apr/2022:17:30:44 +0800] "POST /xingrg/kc/mdqp/pssh_list_operate.html HTTP/1.1" 200 361
58.39.201.47 - - [18/Apr/2022:17:30:45 +0800] "GET /xingrg/kc/mdqp/pssh_order_info.html?code=312022041700079 HTTP/1.1" 200 17266
58.39.201.47 - - [18/Apr/2022:17:30:45 +0800] "GET /xingrg/javascript/jquery_tools/jquery-1.4.2.min.js HTTP/1.1" 404 1094
58.39.201.47 - - [18/Apr/2022:17:30:46 +0800] "POST /xingrg/kc/mdqp/pssh_order_operate.html HTTP/1.1" 200 1052
58.39.201.47 - - [18/Apr/2022:17:30:46 +0800] "GET /xingrg/javascript/easyui/themes/default/validatebox.css HTTP/1.1" 404 1104
58.39.201.47 - - [18/Apr/2022:17:30:51 +0800] "POST /xingrg/all/common/load_combo.html?type=base&rest_code=00105 HTTP/1.1" 200 3409
58.39.201.47 - - [18/Apr/2022:17:31:00 +0800] "GET /xingrg/all/function/internal_message.html?_=1650274261071&CODE_STATE=getMsg HTTP/1.1" 200 27
58.39.201.47 - - [18/Apr/2022:17:31:01 +0800] "POST /xingrg/all/common/load_combo.html?type=employee HTTP/1.1" 200 356
116.235.92.88 - - [18/Apr/2022:17:31:02 +0800] "GET /xingrg/all/function/internal_message.html?_=1650274432498&CODE_STATE=getMsg HTTP/1.1" 200 27
58.39.201.47 - - [18/Apr/2022:17:31:08 +0800] "POST /xingrg/kc/mdqp/pssh_order_operate.html HTTP/1.1" 200 37
58.39.201.47 - - [18/Apr/2022:17:31:08 +0800] "POST /xingrg/kc/mdqp/pssh_order_operate.html HTTP/1.1" 200 1052
58.39.201.47 - - [18/Apr/2022:17:31:11 +0800] "GET /xingrg/kc/mdqp/pssh_order_list.html HTTP/1.1" 200 17862
58.39.201.47 - - [18/Apr/2022:17:31:11 +0800] "POST /xingrg/kc/mdqp/pssh_list_operate.html HTTP/1.1" 200 5361
58.39.201.47 - - [18/Apr/2022:17:31:13 +0800] "POST /xingrg/kc/mdqp/pssh_list_operate.html HTTP/1.1" 200 359
58.39.201.47 - - [18/Apr/2022:17:31:14 +0800] "GET /xingrg/kc/mdqp/pssh_order_info.html?code=312022041800083 HTTP/1.1" 200 17266
58.39.201.47 - - [18/Apr/2022:17:31:14 +0800] "GET /xingrg/javascript/jquery_tools/jquery-1.4.2.min.js HTTP/1.1" 404 1094
58.39.201.47 - - [18/Apr/2022:17:31:14 +0800] "POST /xingrg/kc/mdqp/pssh_order_operate.html HTTP/1.1" 200 1048
58.39.201.47 - - [18/Apr/2022:17:31:14 +0800] "GET /xingrg/javascript/easyui/themes/default/validatebox.css HTTP/1.1" 404 1104
180.169.147.146 - - [18/Apr/2022:17:31:16 +0800] "GET /xingrg/all/function/internal_message.html?_=1650274275342&CODE_STATE=getMsg HTTP/1.1" 200 27
114.86.224.69 - - [18/Apr/2022:17:31:17 +0800] "POST /xingrg/services/DataTransmitService HTTP/1.1" 200 524
120.253.135.82 - - [18/Apr/2022:17:31:23 +0800] "GET /xingrg/all/function/internal_message.html?_=1650274089367&CODE_STATE=getMsg HTTP/1.1" 200 27
114.86.224.69 - - [18/Apr/2022:17:31:25 +0800] "GET /xingrg/all/function/internal_message.html?_=1650274290007&CODE_STATE=getMsg HTTP/1.1" 200 27
58.39.201.47 - - [18/Apr/2022:17:31:28 +0800] "POST /xingrg/all/common/load_combo.html?type=employee HTTP/1.1" 200 356
58.39.201.47 - - [18/Apr/2022:17:32:00 +0800] "GET /xingrg/all/function/internal_message.html?_=1650274321077&CODE_STATE=getMsg HTTP/1.1" 200 27
58.39.201.47 - - [18/Apr/2022:17:32:02 +0800] "POST /xingrg/kc/mdqp/pssh_order_operate.html HTTP/1.1" 200 37
116.235.92.88 - - [18/Apr/2022:17:32:02 +0800] "GET /xingrg/all/function/internal_message.html?_=1650274492496&CODE_STATE=getMsg HTTP/1.1" 200 27
58.39.201.47 - - [18/Apr/2022:17:32:03 +0800] "POST /xingrg/kc/mdqp/pssh_order_operate.html HTTP/1.1" 200 1066
58.39.201.47 - - [18/Apr/2022:17:32:04 +0800] "GET /xingrg/kc/mdqp/pssh_order_list.html HTTP/1.1" 200 17862
58.39.201.47 - - [18/Apr/2022:17:32:04 +0800] "POST /xingrg/kc/mdqp/pssh_list_operate.html HTTP/1.1" 200 5387
58.39.201.47 - - [18/Apr/2022:17:32:05 +0800] "POST /xingrg/kc/mdqp/pssh_list_operate.html HTTP/1.1" 200 692
58.39.201.47 - - [18/Apr/2022:17:32:06 +0800] "GET /xingrg/kc/mdqp/pssh_order_info.html?code=312022041800082 HTTP/1.1" 200 17266
58.39.201.47 - - [18/Apr/2022:17:32:06 +0800] "GET /xingrg/javascript/jquery_tools/jquery-1.4.2.min.js HTTP/1.1" 404 1094
58.39.201.47 - - [18/Apr/2022:17:32:06 +0800] "POST /xingrg/kc/mdqp/pssh_order_operate.html HTTP/1.1" 200 2630
58.39.201.47 - - [18/Apr/2022:17:32:06 +0800] "GET /xingrg/javascript/easyui/themes/default/validatebox.css HTTP/1.1" 404 1104
58.39.201.47 - - [18/Apr/2022:17:32:11 +0800] "POST /xingrg/all/common/load_combo.html?type=base&rest_code=00105 HTTP/1.1" 200 3409
180.169.147.146 - - [18/Apr/2022:17:32:16 +0800] "GET /xingrg/all/function/internal_message.html?_=1650274335350&CODE_STATE=getMsg HTTP/1.1" 200 27
58.39.201.47 - - [18/Apr/2022:17:32:17 +0800] "POST /xingrg/all/common/load_combo.html?type=employee HTTP/1.1" 200 356
58.39.201.47 - - [18/Apr/2022:17:32:20 +0800] "POST /xingrg/kc/mdqp/pssh_order_operate.html HTTP/1.1" 200 37
58.39.201.47 - - [18/Apr/2022:17:32:21 +0800] "POST /xingrg/kc/mdqp/pssh_order_operate.html HTTP/1.1" 200 2630
58.39.201.47 - - [18/Apr/2022:17:32:22 +0800] "POST /xingrg/kc/mdqp/pssh_list_operate.html HTTP/1.1" 200 1583
120.253.135.82 - - [18/Apr/2022:17:32:23 +0800] "GET /xingrg/all/function/internal_message.html?_=1650274149372&CODE_STATE=getMsg HTTP/1.1" 200 27
114.86.224.69 - - [18/Apr/2022:17:32:25 +0800] "GET /xingrg/all/function/internal_message.html?_=1650274350008&CODE_STATE=getMsg HTTP/1.1" 200 27
58.39.201.47 - - [18/Apr/2022:17:33:00 +0800] "GET /xingrg/all/function/internal_message.html?_=1650274381085&CODE_STATE=getMsg HTTP/1.1" 200 27
116.235.92.88 - - [18/Apr/2022:17:33:02 +0800] "GET /xingrg/all/function/internal_message.html?_=1650274552510&CODE_STATE=getMsg HTTP/1.1" 200 27
180.169.147.146 - - [18/Apr/2022:17:33:16 +0800] "GET /xingrg/all/function/internal_message.html?_=1650274395349&CODE_STATE=getMsg HTTP/1.1" 200 27
120.253.135.82 - - [18/Apr/2022:17:33:21 +0800] "GET /xingrg/check_reg.html?_=1650274207619 HTTP/1.1" 200 22
120.253.135.82 - - [18/Apr/2022:17:33:23 +0800] "GET /xingrg/all/function/internal_message.html?_=1650274209385&CODE_STATE=getMsg HTTP/1.1" 200 27
114.86.224.69 - - [18/Apr/2022:17:33:25 +0800] "GET /xingrg/all/function/internal_message.html?_=1650274410007&CODE_STATE=getMsg HTTP/1.1" 200 27
58.221.95.50 - - [18/Apr/2022:17:33:48 +0800] "GET /xingrg/check_reg.html?_=1650274428134 HTTP/1.1" 200 22
58.39.201.47 - - [18/Apr/2022:17:34:00 +0800] "GET /xingrg/all/function/internal_message.html?_=1650274441075&CODE_STATE=getMsg HTTP/1.1" 200 27
116.235.92.88 - - [18/Apr/2022:17:34:02 +0800] "GET /xingrg/all/function/internal_message.html?_=1650274612510&CODE_STATE=getMsg HTTP/1.1" 200 27
116.235.92.88 - - [18/Apr/2022:17:34:02 +0800] "GET /xingrg/check_reg.html?_=1650274612509 HTTP/1.1" 200 22
180.169.147.146 - - [18/Apr/2022:17:34:16 +0800] "GET /xingrg/check_reg.html?_=1650274455351 HTTP/1.1" 200 22
180.169.147.146 - - [18/Apr/2022:17:34:16 +0800] "GET /xingrg/all/function/internal_message.html?_=1650274455355&CODE_STATE=getMsg HTTP/1.1" 200 27
120.253.135.82 - - [18/Apr/2022:17:34:23 +0800] "GET /xingrg/all/function/internal_message.html?_=1650274269399&CODE_STATE=getMsg HTTP/1.1" 200 27
114.86.224.69 - - [18/Apr/2022:17:34:25 +0800] "GET /xingrg/all/function/internal_message.html?_=1650274470008&CODE_STATE=getMsg HTTP/1.1" 200 27
58.39.201.47 - - [18/Apr/2022:17:35:00 +0800] "GET /xingrg/all/function/internal_message.html?_=1650274501076&CODE_STATE=getMsg HTTP/1.1" 200 27
58.39.201.47 - - [18/Apr/2022:17:35:00 +0800] "GET /xingrg/check_reg.html?_=1650274501077 HTTP/1.1" 200 22
116.235.92.88 - - [18/Apr/2022:17:35:02 +0800] "GET /xingrg/all/function/internal_message.html?_=1650274672508&CODE_STATE=getMsg HTTP/1.1" 200 27
180.169.147.146 - - [18/Apr/2022:17:35:16 +0800] "GET /xingrg/all/function/internal_message.html?_=1650274515352&CODE_STATE=getMsg HTTP/1.1" 200 27
120.253.135.82 - - [18/Apr/2022:17:35:23 +0800] "GET /xingrg/all/function/internal_message.html?_=1650274329412&CODE_STATE=getMsg HTTP/1.1" 200 27
114.86.224.69 - - [18/Apr/2022:17:35:25 +0800] "GET /xingrg/check_reg.html?_=1650274530032 HTTP/1.1" 200 22
114.86.224.69 - - [18/Apr/2022:17:35:25 +0800] "GET /xingrg/all/function/internal_message.html?_=1650274530035&CODE_STATE=getMsg HTTP/1.1" 200 27
58.39.201.47 - - [18/Apr/2022:17:36:00 +0800] "GET /xingrg/all/function/internal_message.html?_=1650274561075&CODE_STATE=getMsg HTTP/1.1" 200 27
116.235.92.88 - - [18/Apr/2022:17:36:02 +0800] "GET /xingrg/all/function/internal_message.html?_=1650274732506&CODE_STATE=getMsg HTTP/1.1" 200 27
58.39.201.47 - - [18/Apr/2022:17:36:06 +0800] "POST /xingrg/kc/mdqp/pssh_list_operate.html HTTP/1.1" 200 355
58.39.201.47 - - [18/Apr/2022:17:36:12 +0800] "GET /xingrg/kc/mdqp/pssh_order_info.html?code=312022041800092 HTTP/1.1" 200 17250
58.39.201.47 - - [18/Apr/2022:17:36:12 +0800] "GET /xingrg/javascript/jquery_tools/jquery-1.4.2.min.js HTTP/1.1" 404 1094
58.39.201.47 - - [18/Apr/2022:17:36:12 +0800] "POST /xingrg/kc/mdqp/pssh_order_operate.html HTTP/1.1" 200 1037
58.39.201.47 - - [18/Apr/2022:17:36:13 +0800] "GET /xingrg/javascript/easyui/themes/default/validatebox.css HTTP/1.1" 404 1104
180.169.147.146 - - [18/Apr/2022:17:36:16 +0800] "GET /xingrg/all/function/internal_message.html?_=1650274575342&CODE_STATE=getMsg HTTP/1.1" 200 27
120.253.135.82 - - [18/Apr/2022:17:36:23 +0800] "GET /xingrg/all/function/internal_message.html?_=1650274389502&CODE_STATE=getMsg HTTP/1.1" 200 27
114.86.224.69 - - [18/Apr/2022:17:36:25 +0800] "GET /xingrg/all/function/internal_message.html?_=1650274590038&CODE_STATE=getMsg HTTP/1.1" 200 27
58.39.201.47 - - [18/Apr/2022:17:36:29 +0800] "POST /xingrg/kc/mdqp/pssh_list_operate.html HTTP/1.1" 200 1583
58.39.201.47 - - [18/Apr/2022:17:37:00 +0800] "GET /xingrg/all/function/internal_message.html?_=1650274621095&CODE_STATE=getMsg HTTP/1.1" 200 27
116.235.92.88 - - [18/Apr/2022:17:37:02 +0800] "GET /xingrg/all/function/internal_message.html?_=1650274792504&CODE_STATE=getMsg HTTP/1.1" 200 27
180.169.147.146 - - [18/Apr/2022:17:37:16 +0800] "GET /xingrg/all/function/internal_message.html?_=1650274635348&CODE_STATE=getMsg HTTP/1.1" 200 27
120.253.135.82 - - [18/Apr/2022:17:37:23 +0800] "GET /xingrg/all/function/internal_message.html?_=1650274449502&CODE_STATE=getMsg HTTP/1.1" 200 27
114.86.224.69 - - [18/Apr/2022:17:37:25 +0800] "GET /xingrg/all/function/internal_message.html?_=1650274650037&CODE_STATE=getMsg HTTP/1.1" 200 27
