116.228.172.94 - - [17/Apr/2022:10:13:47 +0800] "POST /xingrg/kc/base/wldb_order_operate.html HTTP/1.1" 200 6806
116.228.172.94 - - [17/Apr/2022:10:13:47 +0800] "GET /xingrg/all/common/auto_word.html?type=base&rest_code=00153 HTTP/1.1" 200 651
116.228.172.94 - - [17/Apr/2022:10:13:47 +0800] "GET /xingrg/all/common/auto_word.html?type=base&rest_code=00153 HTTP/1.1" 200 651
116.228.172.94 - - [17/Apr/2022:10:13:47 +0800] "GET /xingrg/javascript/easyui/themes/default/validatebox.css HTTP/1.1" 404 1104
116.228.172.94 - - [17/Apr/2022:10:13:47 +0800] "POST /xingrg/all/common/load_combo.html?type=base HTTP/1.1" 200 1154
116.228.172.94 - - [17/Apr/2022:10:13:49 +0800] "POST /xingrg/all/common/load_combo.html?type=base HTTP/1.1" 200 1154
116.228.172.94 - - [17/Apr/2022:10:13:51 +0800] "GET /xingrg/javascript/jquery_tools/images/prev.gif HTTP/1.1" 404 1086
116.228.172.94 - - [17/Apr/2022:10:13:51 +0800] "GET /xingrg/javascript/jquery_tools/images/next.gif HTTP/1.1" 404 1086
116.228.172.94 - - [17/Apr/2022:10:13:55 +0800] "GET /xingrg/javascript/auto/indicator.gif HTTP/1.1" 404 1066
116.235.92.88 - - [17/Apr/2022:10:14:02 +0800] "GET /xingrg/all/function/internal_message.html?_=1650161805945&CODE_STATE=getMsg HTTP/1.1" 200 27
116.228.172.94 - - [17/Apr/2022:10:14:05 +0800] "GET /xingrg/kc/base/wldb_order_operate.html?command=get_materiel&rest_code=00153&base_code=0010656&code=00102021013 HTTP/1.1" 200 455
116.228.172.94 - - [17/Apr/2022:10:14:12 +0800] "GET /xingrg/kc/base/wldb_order_operate.html?command=get_materiel&rest_code=00153&base_code=0010656&code=00102021012 HTTP/1.1" 200 455
116.228.172.94 - - [17/Apr/2022:10:14:20 +0800] "GET /xingrg/kc/base/wldb_order_operate.html?command=get_materiel&rest_code=00153&base_code=0010656&code=00102021014 HTTP/1.1" 200 437
58.39.61.91 - - [17/Apr/2022:10:14:23 +0800] "GET /xingrg/all/function/internal_message.html?_=1650161581678&CODE_STATE=getMsg HTTP/1.1" 200 27
116.228.172.94 - - [17/Apr/2022:10:14:35 +0800] "GET /xingrg/kc/base/wldb_order_operate.html?command=get_materiel&rest_code=00153&base_code=0010656&code=00102021023 HTTP/1.1" 200 442
116.228.172.94 - - [17/Apr/2022:10:14:37 +0800] "GET /xingrg/all/function/internal_message.html?_=1650161536857&CODE_STATE=getMsg HTTP/1.1" 200 27
120.253.135.82 - - [17/Apr/2022:10:14:40 +0800] "GET /xingrg/all/function/internal_message.html?_=1650161482764&CODE_STATE=getMsg HTTP/1.1" 200 27
116.228.172.94 - - [17/Apr/2022:10:14:58 +0800] "GET /xingrg/kc/base/wldb_order_operate.html?command=get_materiel&rest_code=00153&base_code=0010656&code=00102002118 HTTP/1.1" 200 453
116.235.92.88 - - [17/Apr/2022:10:15:02 +0800] "GET /xingrg/all/function/internal_message.html?_=1650161865925&CODE_STATE=getMsg HTTP/1.1" 200 27
116.228.172.94 - - [17/Apr/2022:10:15:04 +0800] "POST /xingrg/kc/base/wldb_order_operate.html HTTP/1.1" 200 37
116.228.172.94 - - [17/Apr/2022:10:15:07 +0800] "POST /xingrg/kc/base/wldb_order_operate.html HTTP/1.1" 200 12
116.228.172.94 - - [17/Apr/2022:10:15:07 +0800] "POST /xingrg/kc/base/wldb_order_operate.html HTTP/1.1" 200 4186
116.228.172.94 - - [17/Apr/2022:10:15:11 +0800] "GET /xingrg/kc/base/wldb_order_info.html?code=422022041700043 HTTP/1.1" 200 26195
116.228.172.94 - - [17/Apr/2022:10:15:11 +0800] "GET /xingrg/javascript/easyui/themes/default/validatebox.css HTTP/1.1" 404 1104
116.228.172.94 - - [17/Apr/2022:10:15:11 +0800] "POST /xingrg/kc/base/wldb_order_operate.html HTTP/1.1" 200 2426
58.39.61.91 - - [17/Apr/2022:10:15:23 +0800] "GET /xingrg/all/function/internal_message.html?_=1650161641692&CODE_STATE=getMsg HTTP/1.1" 200 27
116.228.172.94 - - [17/Apr/2022:10:15:37 +0800] "GET /xingrg/all/function/internal_message.html?_=1650161596849&CODE_STATE=getMsg HTTP/1.1" 200 27
120.253.135.82 - - [17/Apr/2022:10:15:40 +0800] "GET /xingrg/all/function/internal_message.html?_=1650161542768&CODE_STATE=getMsg HTTP/1.1" 200 27
116.235.92.88 - - [17/Apr/2022:10:16:02 +0800] "GET /xingrg/all/function/internal_message.html?_=1650161925903&CODE_STATE=getMsg HTTP/1.1" 200 27
58.39.61.91 - - [17/Apr/2022:10:16:23 +0800] "GET /xingrg/all/function/internal_message.html?_=1650161701706&CODE_STATE=getMsg HTTP/1.1" 200 27
116.228.172.94 - - [17/Apr/2022:10:16:35 +0800] "GET /xingrg/kc/buy/buy_main.html HTTP/1.1" 200 12412
116.228.172.94 - - [17/Apr/2022:10:16:35 +0800] "GET /xingrg/css/new_ie.css HTTP/1.1" 404 1036
116.228.172.94 - - [17/Apr/2022:10:16:35 +0800] "GET /xingrg/images/yd/bt.gif HTTP/1.1" 404 1040
116.228.172.94 - - [17/Apr/2022:10:16:36 +0800] "GET /xingrg/kc/buy/cgsh_order_list.html HTTP/1.1" 200 49935
116.228.172.94 - - [17/Apr/2022:10:16:37 +0800] "GET /xingrg/all/function/internal_message.html?_=1650161656856&CODE_STATE=getMsg HTTP/1.1" 200 27
116.228.172.94 - - [17/Apr/2022:10:16:37 +0800] "POST /xingrg/kc/buy/cgsh_list_operate.html HTTP/1.1" 200 876
116.228.172.94 - - [17/Apr/2022:10:16:37 +0800] "GET /xingrg/kc/buy/cgsh_order_add.html HTTP/1.1" 200 64753
116.228.172.94 - - [17/Apr/2022:10:16:37 +0800] "POST /xingrg/kc/buy/cgsh_order_operate.html HTTP/1.1" 200 8245
116.228.172.94 - - [17/Apr/2022:10:16:37 +0800] "GET /xingrg/all/common/auto_word.html?type=employee&rest_code=00153 HTTP/1.1" 200 47
116.228.172.94 - - [17/Apr/2022:10:16:37 +0800] "GET /xingrg/all/common/auto_word.html?type=employee&rest_code=00153 HTTP/1.1" 200 47
116.228.172.94 - - [17/Apr/2022:10:16:37 +0800] "GET /xingrg/javascript/easyui/themes/default/validatebox.css HTTP/1.1" 404 1104
120.253.135.82 - - [17/Apr/2022:10:16:40 +0800] "GET /xingrg/all/function/internal_message.html?_=1650161602929&CODE_STATE=getMsg HTTP/1.1" 200 27
116.228.172.94 - - [17/Apr/2022:10:16:55 +0800] "GET /xingrg/kc/buy/cgsh_order_operate.html?command=get_materiel&rest_code=00153&code=00102015055&supplier_code=00100224&order_time=2022-04-17 HTTP/1.1" 200 436
116.235.92.88 - - [17/Apr/2022:10:17:02 +0800] "GET /xingrg/all/function/internal_message.html?_=1650161985871&CODE_STATE=getMsg HTTP/1.1" 200 27
58.39.61.91 - - [17/Apr/2022:10:17:23 +0800] "GET /xingrg/all/function/internal_message.html?_=1650161761719&CODE_STATE=getMsg HTTP/1.1" 200 27
116.235.92.88 - - [17/Apr/2022:10:17:24 +0800] "GET /xingrg/check_reg.html?_=1650162007231 HTTP/1.1" 200 22
120.253.135.82 - - [17/Apr/2022:10:17:36 +0800] "GET /xingrg/check_reg.html?_=1650161658911 HTTP/1.1" 200 22
116.228.172.94 - - [17/Apr/2022:10:17:37 +0800] "GET /xingrg/all/function/internal_message.html?_=1650161716860&CODE_STATE=getMsg HTTP/1.1" 200 27
120.253.135.82 - - [17/Apr/2022:10:17:40 +0800] "GET /xingrg/all/function/internal_message.html?_=1650161662936&CODE_STATE=getMsg HTTP/1.1" 200 27
116.235.92.88 - - [17/Apr/2022:10:18:02 +0800] "GET /xingrg/all/function/internal_message.html?_=1650162045840&CODE_STATE=getMsg HTTP/1.1" 200 27
116.228.172.94 - - [17/Apr/2022:10:18:15 +0800] "GET /xingrg/kc/buy/cgsh_order_operate.html?command=get_materiel&rest_code=00153&code=00102015099&supplier_code=00100224&order_time=2022-04-17 HTTP/1.1" 200 414
58.39.61.91 - - [17/Apr/2022:10:18:22 +0800] "GET /xingrg/check_reg.html?_=1650161820453 HTTP/1.1" 200 22
58.39.61.91 - - [17/Apr/2022:10:18:23 +0800] "GET /xingrg/all/function/internal_message.html?_=1650161821732&CODE_STATE=getMsg HTTP/1.1" 200 27
116.228.172.94 - - [17/Apr/2022:10:18:37 +0800] "GET /xingrg/check_reg.html?_=1650161776874 HTTP/1.1" 200 22
116.228.172.94 - - [17/Apr/2022:10:18:37 +0800] "GET /xingrg/all/function/internal_message.html?_=1650161776877&CODE_STATE=getMsg HTTP/1.1" 200 27
120.253.135.82 - - [17/Apr/2022:10:18:40 +0800] "GET /xingrg/all/function/internal_message.html?_=1650161722949&CODE_STATE=getMsg HTTP/1.1" 200 27
116.228.172.94 - - [17/Apr/2022:10:18:53 +0800] "GET /xingrg/kc/buy/cgsh_order_operate.html?command=get_materiel&rest_code=00153&code=00102002610&supplier_code=00100224&order_time=2022-04-17 HTTP/1.1" 200 428
116.235.92.88 - - [17/Apr/2022:10:19:02 +0800] "GET /xingrg/all/function/internal_message.html?_=1650162105811&CODE_STATE=getMsg HTTP/1.1" 200 27
58.39.61.91 - - [17/Apr/2022:10:19:23 +0800] "GET /xingrg/all/function/internal_message.html?_=1650161881746&CODE_STATE=getMsg HTTP/1.1" 200 27
116.228.172.94 - - [17/Apr/2022:10:19:30 +0800] "GET /xingrg/kc/buy/cgsh_order_operate.html?command=get_materiel&rest_code=00153&code=00102002616&supplier_code=00100224&order_time=2022-04-17 HTTP/1.1" 200 443
116.228.172.94 - - [17/Apr/2022:10:19:37 +0800] "GET /xingrg/all/function/internal_message.html?_=1650161836854&CODE_STATE=getMsg HTTP/1.1" 200 27
120.253.135.82 - - [17/Apr/2022:10:19:40 +0800] "GET /xingrg/all/function/internal_message.html?_=1650161783119&CODE_STATE=getMsg HTTP/1.1" 200 27
116.235.92.88 - - [17/Apr/2022:10:20:02 +0800] "GET /xingrg/all/function/internal_message.html?_=1650162165793&CODE_STATE=getMsg HTTP/1.1" 200 27
58.39.61.91 - - [17/Apr/2022:10:20:23 +0800] "GET /xingrg/all/function/internal_message.html?_=1650161941760&CODE_STATE=getMsg HTTP/1.1" 200 27
116.228.172.94 - - [17/Apr/2022:10:20:37 +0800] "GET /xingrg/all/function/internal_message.html?_=1650161896865&CODE_STATE=getMsg HTTP/1.1" 200 27
120.253.135.82 - - [17/Apr/2022:10:20:40 +0800] "GET /xingrg/all/function/internal_message.html?_=1650161843179&CODE_STATE=getMsg HTTP/1.1" 200 27
116.228.172.94 - - [17/Apr/2022:10:20:55 +0800] "GET /xingrg/kc/buy/cgsh_order_operate.html?command=get_materiel&rest_code=00153&code=00102002472&supplier_code=00100224&order_time=2022-04-17 HTTP/1.1" 200 408
116.235.92.88 - - [17/Apr/2022:10:21:02 +0800] "GET /xingrg/all/function/internal_message.html?_=1650162225761&CODE_STATE=getMsg HTTP/1.1" 200 27
58.39.61.91 - - [17/Apr/2022:10:21:23 +0800] "GET /xingrg/all/function/internal_message.html?_=1650162001782&CODE_STATE=getMsg HTTP/1.1" 200 27
116.228.172.94 - - [17/Apr/2022:10:21:37 +0800] "GET /xingrg/all/function/internal_message.html?_=1650161956861&CODE_STATE=getMsg HTTP/1.1" 200 27
120.253.135.82 - - [17/Apr/2022:10:21:41 +0800] "GET /xingrg/all/function/internal_message.html?_=1650161903339&CODE_STATE=getMsg HTTP/1.1" 200 27
116.235.92.88 - - [17/Apr/2022:10:22:02 +0800] "GET /xingrg/all/function/internal_message.html?_=1650162285742&CODE_STATE=getMsg HTTP/1.1" 200 27
116.228.172.94 - - [17/Apr/2022:10:22:08 +0800] "GET /xingrg/kc/buy/cgsh_order_operate.html?command=get_materiel&rest_code=00153&code=00102015100&supplier_code=00100224&order_time=2022-04-17 HTTP/1.1" 200 421
58.39.61.91 - - [17/Apr/2022:10:22:23 +0800] "GET /xingrg/all/function/internal_message.html?_=1650162061787&CODE_STATE=getMsg HTTP/1.1" 200 27
116.235.92.88 - - [17/Apr/2022:10:22:24 +0800] "GET /xingrg/check_reg.html?_=1650162307239 HTTP/1.1" 200 22
120.253.135.82 - - [17/Apr/2022:10:22:36 +0800] "GET /xingrg/check_reg.html?_=1650161958916 HTTP/1.1" 200 22
116.228.172.94 - - [17/Apr/2022:10:22:37 +0800] "GET /xingrg/all/function/internal_message.html?_=1650162017201&CODE_STATE=getMsg HTTP/1.1" 200 27
120.253.135.82 - - [17/Apr/2022:10:22:41 +0800] "GET /xingrg/all/function/internal_message.html?_=1650161963347&CODE_STATE=getMsg HTTP/1.1" 200 27
116.228.172.94 - - [17/Apr/2022:10:22:47 +0800] "GET /xingrg/kc/buy/cgsh_order_operate.html?command=get_materiel&rest_code=00153&code=00102009477&supplier_code=00100224&order_time=2022-04-17 HTTP/1.1" 200 412
116.235.92.88 - - [17/Apr/2022:10:23:02 +0800] "GET /xingrg/all/function/internal_message.html?_=1650162345746&CODE_STATE=getMsg HTTP/1.1" 200 27
58.39.61.91 - - [17/Apr/2022:10:23:22 +0800] "GET /xingrg/check_reg.html?_=1650162120472 HTTP/1.1" 200 22
58.39.61.91 - - [17/Apr/2022:10:23:23 +0800] "GET /xingrg/all/function/internal_message.html?_=1650162121800&CODE_STATE=getMsg HTTP/1.1" 200 27
116.228.172.94 - - [17/Apr/2022:10:23:37 +0800] "GET /xingrg/check_reg.html?_=1650162076853 HTTP/1.1" 200 22
116.228.172.94 - - [17/Apr/2022:10:23:37 +0800] "GET /xingrg/all/function/internal_message.html?_=1650162077200&CODE_STATE=getMsg HTTP/1.1" 200 27
120.253.135.82 - - [17/Apr/2022:10:23:41 +0800] "GET /xingrg/all/function/internal_message.html?_=1650162023361&CODE_STATE=getMsg HTTP/1.1" 200 27
116.235.92.88 - - [17/Apr/2022:10:24:02 +0800] "GET /xingrg/all/function/internal_message.html?_=1650162405723&CODE_STATE=getMsg HTTP/1.1" 200 27
116.228.172.94 - - [17/Apr/2022:10:24:18 +0800] "GET /xingrg/kc/buy/cgsh_order_operate.html?command=get_materiel&rest_code=00153&code=00102031026&supplier_code=00100224&order_time=2022-04-17 HTTP/1.1" 200 413
58.39.61.91 - - [17/Apr/2022:10:24:23 +0800] "GET /xingrg/all/function/internal_message.html?_=1650162181815&CODE_STATE=getMsg HTTP/1.1" 200 27
116.228.172.94 - - [17/Apr/2022:10:24:37 +0800] "GET /xingrg/all/function/internal_message.html?_=1650162137188&CODE_STATE=getMsg HTTP/1.1" 200 27
120.253.135.82 - - [17/Apr/2022:10:24:41 +0800] "GET /xingrg/all/function/internal_message.html?_=1650162083500&CODE_STATE=getMsg HTTP/1.1" 200 27
116.235.92.88 - - [17/Apr/2022:10:25:02 +0800] "GET /xingrg/all/function/internal_message.html?_=1650162465692&CODE_STATE=getMsg HTTP/1.1" 200 27
116.228.172.94 - - [17/Apr/2022:10:25:05 +0800] "POST /xingrg/kc/buy/cgsh_order_operate.html HTTP/1.1" 200 37
116.228.172.94 - - [17/Apr/2022:10:25:07 +0800] "POST /xingrg/kc/buy/cgsh_order_operate.html HTTP/1.1" 200 6306
58.39.61.91 - - [17/Apr/2022:10:25:23 +0800] "GET /xingrg/all/function/internal_message.html?_=1650162241827&CODE_STATE=getMsg HTTP/1.1" 200 27
116.228.172.94 - - [17/Apr/2022:10:25:37 +0800] "GET /xingrg/all/function/internal_message.html?_=1650162197175&CODE_STATE=getMsg HTTP/1.1" 200 27
120.253.135.82 - - [17/Apr/2022:10:25:41 +0800] "GET /xingrg/all/function/internal_message.html?_=1650162143512&CODE_STATE=getMsg HTTP/1.1" 200 27
116.235.92.88 - - [17/Apr/2022:10:26:02 +0800] "GET /xingrg/all/function/internal_message.html?_=1650162525671&CODE_STATE=getMsg HTTP/1.1" 200 27
58.39.61.91 - - [17/Apr/2022:10:26:23 +0800] "GET /xingrg/all/function/internal_message.html?_=1650162301851&CODE_STATE=getMsg HTTP/1.1" 200 27
116.228.172.94 - - [17/Apr/2022:10:26:37 +0800] "GET /xingrg/all/function/internal_message.html?_=1650162257165&CODE_STATE=getMsg HTTP/1.1" 200 27
120.253.135.82 - - [17/Apr/2022:10:26:41 +0800] "GET /xingrg/all/function/internal_message.html?_=1650162203671&CODE_STATE=getMsg HTTP/1.1" 200 27
116.235.92.88 - - [17/Apr/2022:10:27:02 +0800] "GET /xingrg/all/function/internal_message.html?_=1650162585640&CODE_STATE=getMsg HTTP/1.1" 200 27
58.39.61.91 - - [17/Apr/2022:10:27:23 +0800] "GET /xingrg/all/function/internal_message.html?_=1650162361854&CODE_STATE=getMsg HTTP/1.1" 200 27
116.235.92.88 - - [17/Apr/2022:10:27:24 +0800] "GET /xingrg/check_reg.html?_=1650162607221 HTTP/1.1" 200 22
120.253.135.82 - - [17/Apr/2022:10:27:36 +0800] "GET /xingrg/check_reg.html?_=1650162258922 HTTP/1.1" 200 22
116.228.172.94 - - [17/Apr/2022:10:27:37 +0800] "GET /xingrg/all/function/internal_message.html?_=1650162317153&CODE_STATE=getMsg HTTP/1.1" 200 27
120.253.135.82 - - [17/Apr/2022:10:27:41 +0800] "GET /xingrg/all/function/internal_message.html?_=1650162263680&CODE_STATE=getMsg HTTP/1.1" 200 27
116.235.92.88 - - [17/Apr/2022:10:28:02 +0800] "GET /xingrg/all/function/internal_message.html?_=1650162645612&CODE_STATE=getMsg HTTP/1.1" 200 27
58.39.61.91 - - [17/Apr/2022:10:28:22 +0800] "GET /xingrg/check_reg.html?_=1650162420493 HTTP/1.1" 200 22
58.39.61.91 - - [17/Apr/2022:10:28:23 +0800] "GET /xingrg/all/function/internal_message.html?_=1650162421869&CODE_STATE=getMsg HTTP/1.1" 200 27
116.228.172.94 - - [17/Apr/2022:10:28:37 +0800] "GET /xingrg/check_reg.html?_=1650162376859 HTTP/1.1" 200 22
116.228.172.94 - - [17/Apr/2022:10:28:37 +0800] "GET /xingrg/all/function/internal_message.html?_=1650162377140&CODE_STATE=getMsg HTTP/1.1" 200 27
120.253.135.82 - - [17/Apr/2022:10:28:41 +0800] "GET /xingrg/all/function/internal_message.html?_=1650162323694&CODE_STATE=getMsg HTTP/1.1" 200 27
116.235.92.88 - - [17/Apr/2022:10:29:02 +0800] "GET /xingrg/all/function/internal_message.html?_=1650162705590&CODE_STATE=getMsg HTTP/1.1" 200 27
58.39.61.91 - - [17/Apr/2022:10:29:23 +0800] "GET /xingrg/all/function/internal_message.html?_=1650162481883&CODE_STATE=getMsg HTTP/1.1" 200 27
116.228.172.94 - - [17/Apr/2022:10:29:37 +0800] "GET /xingrg/all/function/internal_message.html?_=1650162437121&CODE_STATE=getMsg HTTP/1.1" 200 27
120.253.135.82 - - [17/Apr/2022:10:29:41 +0800] "GET /xingrg/all/function/internal_message.html?_=1650162383872&CODE_STATE=getMsg HTTP/1.1" 200 27
116.235.92.88 - - [17/Apr/2022:10:30:02 +0800] "GET /xingrg/all/function/internal_message.html?_=1650162765562&CODE_STATE=getMsg HTTP/1.1" 200 27
58.39.61.91 - - [17/Apr/2022:10:30:23 +0800] "GET /xingrg/all/function/internal_message.html?_=1650162541896&CODE_STATE=getMsg HTTP/1.1" 200 27
116.228.172.94 - - [17/Apr/2022:10:30:37 +0800] "GET /xingrg/all/function/internal_message.html?_=1650162497099&CODE_STATE=getMsg HTTP/1.1" 200 27
120.253.135.82 - - [17/Apr/2022:10:30:41 +0800] "GET /xingrg/all/function/internal_message.html?_=1650162443877&CODE_STATE=getMsg HTTP/1.1" 200 27
116.235.92.88 - - [17/Apr/2022:10:31:02 +0800] "GET /xingrg/all/function/internal_message.html?_=1650162825531&CODE_STATE=getMsg HTTP/1.1" 200 27
116.228.172.94 - - [17/Apr/2022:10:31:07 +0800] "POST /xingrg/kc/buy/cgsh_order_operate.html HTTP/1.1" 200 37
116.228.172.94 - - [17/Apr/2022:10:31:09 +0800] "POST /xingrg/kc/buy/cgsh_order_operate.html HTTP/1.1" 200 6306
58.39.61.91 - - [17/Apr/2022:10:31:23 +0800] "GET /xingrg/all/function/internal_message.html?_=1650162601918&CODE_STATE=getMsg HTTP/1.1" 200 27
116.228.172.94 - - [17/Apr/2022:10:31:37 +0800] "GET /xingrg/all/function/internal_message.html?_=1650162557084&CODE_STATE=getMsg HTTP/1.1" 200 27
120.253.135.82 - - [17/Apr/2022:10:31:41 +0800] "GET /xingrg/all/function/internal_message.html?_=1650162504041&CODE_STATE=getMsg HTTP/1.1" 200 27
116.235.92.88 - - [17/Apr/2022:10:32:02 +0800] "GET /xingrg/all/function/internal_message.html?_=1650162885506&CODE_STATE=getMsg HTTP/1.1" 200 27
58.39.61.91 - - [17/Apr/2022:10:32:23 +0800] "GET /xingrg/all/function/internal_message.html?_=1650162661922&CODE_STATE=getMsg HTTP/1.1" 200 27
116.235.92.88 - - [17/Apr/2022:10:32:24 +0800] "GET /xingrg/check_reg.html?_=1650162907200 HTTP/1.1" 200 22
117.143.49.12 - - [17/Apr/2022:10:32:29 +0800] "GET /xingrg/login.html HTTP/1.1" 200 7641
117.143.49.12 - - [17/Apr/2022:10:32:30 +0800] "GET /favicon.ico HTTP/1.1" 404 -
120.253.135.82 - - [17/Apr/2022:10:32:36 +0800] "GET /xingrg/check_reg.html?_=1650162558990 HTTP/1.1" 200 22
117.143.49.12 - - [17/Apr/2022:10:32:37 +0800] "POST /xingrg/login.do HTTP/1.1" 302 -
117.143.49.12 - - [17/Apr/2022:10:32:37 +0800] "GET /xingrg/index.html?sysBaseUrl=http%3A%2F%2F180.169.147.146%3A18081%2Fxingrg%2F&costTime=43×tamp=1650162757042 HTTP/1.1" 200 17503
117.143.49.12 - - [17/Apr/2022:10:32:37 +0800] "POST /xingrg/login.do HTTP/1.1" 302 -
117.143.49.12 - - [17/Apr/2022:10:32:37 +0800] "GET /xingrg/index.html?sysBaseUrl=http%3A%2F%2F180.169.147.146%3A18081%2Fxingrg%2F&costTime=41×tamp=1650162757208 HTTP/1.1" 200 17503
116.228.172.94 - - [17/Apr/2022:10:32:37 +0800] "GET /xingrg/all/function/internal_message.html?_=1650162617089&CODE_STATE=getMsg HTTP/1.1" 200 27
117.143.49.12 - - [17/Apr/2022:10:32:37 +0800] "POST /xingrg/all/common/load_tree.html?tree=area_rest_tree_json&manage=1 HTTP/1.1" 200 3472
117.143.49.12 - - [17/Apr/2022:10:32:37 +0800] "GET /xingrg/check_reg.html?_=1650162753560 HTTP/1.1" 200 22
117.143.49.12 - - [17/Apr/2022:10:32:37 +0800] "GET /favicon.ico HTTP/1.1" 404 -
117.143.49.12 - - [17/Apr/2022:10:32:37 +0800] "GET /xingrg/all/function/internal_message.html?_=1650162753560&CODE_STATE=count HTTP/1.1" 200 11
117.143.49.12 - - [17/Apr/2022:10:32:37 +0800] "POST /xingrg/load_menu.html HTTP/1.1" 200 11564
120.253.135.82 - - [17/Apr/2022:10:32:41 +0800] "GET /xingrg/all/function/internal_message.html?_=1650162564045&CODE_STATE=getMsg HTTP/1.1" 200 27
183.193.170.89 - - [17/Apr/2022:10:32:42 +0800] "GET /xingrg/all/function/internal_message.html?_=1650162750402&CODE_STATE=getMsg HTTP/1.1" 200 27
183.193.170.89 - - [17/Apr/2022:10:32:42 +0800] "GET /xingrg/check_reg.html?_=1650162760597 HTTP/1.1" 200 22
117.143.49.12 - - [17/Apr/2022:10:32:44 +0800] "GET /xingrg/system/info/materiel_manager.html HTTP/1.1" 200 19497
117.143.49.12 - - [17/Apr/2022:10:32:45 +0800] "GET /xingrg/dwr/interface/AjaxBaseInfoService.js HTTP/1.1" 200 21363
117.143.49.12 - - [17/Apr/2022:10:32:45 +0800] "GET /xingrg/dwr/interface/AjaxComOrderService.js HTTP/1.1" 200 18264
117.143.49.12 - - [17/Apr/2022:10:32:45 +0800] "GET /xingrg/dwr/engine.js HTTP/1.1" 200 43631
117.143.49.12 - - [17/Apr/2022:10:32:45 +0800] "POST /xingrg/dwr/call/plaincall/AjaxBaseInfoService.getSubMaterielSorts.dwr HTTP/1.1" 200 219
117.143.49.12 - - [17/Apr/2022:10:32:46 +0800] "POST /xingrg/dwr/call/plaincall/AjaxBaseInfoService.getMateriels.dwr HTTP/1.1" 200 2930
117.143.49.12 - - [17/Apr/2022:10:32:51 +0800] "POST /xingrg/dwr/call/plaincall/AjaxBaseInfoService.searchMateriels.dwr HTTP/1.1" 200 492
116.235.92.88 - - [17/Apr/2022:10:33:02 +0800] "GET /xingrg/all/function/internal_message.html?_=1650162945489&CODE_STATE=getMsg HTTP/1.1" 200 27
117.143.49.12 - - [17/Apr/2022:10:33:09 +0800] "POST /xingrg/dwr/call/plaincall/AjaxBaseInfoService.searchMateriels.dwr HTTP/1.1" 200 338
117.143.49.12 - - [17/Apr/2022:10:33:12 +0800] "POST /xingrg/dwr/call/plaincall/AjaxBaseInfoService.getSubMaterielSorts.dwr HTTP/1.1" 200 3953
117.143.49.12 - - [17/Apr/2022:10:33:12 +0800] "POST /xingrg/dwr/call/plaincall/AjaxBaseInfoService.searchMateriels.dwr HTTP/1.1" 200 2727
116.228.172.94 - - [17/Apr/2022:10:33:13 +0800] "GET /xingrg/kc/buy/cgsh_order_operate.html?command=get_materiel&rest_code=00153&code=00102007120&supplier_code=00100224&order_time=2022-04-17 HTTP/1.1" 200 419
117.143.49.12 - - [17/Apr/2022:10:33:15 +0800] "POST /xingrg/dwr/call/plaincall/AjaxBaseInfoService.getSubMaterielSorts.dwr HTTP/1.1" 200 3802
117.143.49.12 - - [17/Apr/2022:10:33:15 +0800] "GET /xingrg/images/xtree/blank.png HTTP/1.1" 200 144
117.143.49.12 - - [17/Apr/2022:10:33:15 +0800] "GET /xingrg/images/xtree/Lminus.png HTTP/1.1" 200 219
117.143.49.12 - - [17/Apr/2022:10:33:15 +0800] "POST /xingrg/dwr/call/plaincall/AjaxBaseInfoService.searchMateriels.dwr HTTP/1.1" 200 2743
117.143.49.12 - - [17/Apr/2022:10:33:21 +0800] "POST /xingrg/dwr/call/plaincall/AjaxBaseInfoService.getMateriels.dwr HTTP/1.1" 200 2922
58.39.61.91 - - [17/Apr/2022:10:33:22 +0800] "GET /xingrg/check_reg.html?_=1650162720512 HTTP/1.1" 200 22
117.143.49.12 - - [17/Apr/2022:10:33:22 +0800] "GET /xingrg/system/info/materiel_info.html?code=00102015&isAdd=1 HTTP/1.1" 200 36051
117.143.49.12 - - [17/Apr/2022:10:33:22 +0800] "GET /xingrg/dwr/interface/AjaxGetFirstChart.js HTTP/1.1" 200 631
117.143.49.12 - - [17/Apr/2022:10:33:22 +0800] "GET /xingrg/dwr/engine.js HTTP/1.1" 200 43631
117.143.49.12 - - [17/Apr/2022:10:33:23 +0800] "POST /xingrg/all/common/load_tree.html?tree=area_rest_tree_json HTTP/1.1" 200 3472
117.143.49.12 - - [17/Apr/2022:10:33:23 +0800] "GET /favicon.ico HTTP/1.1" 404 -
117.143.49.12 - - [17/Apr/2022:10:33:23 +0800] "POST /xingrg/dwr/call/plaincall/AjaxBaseInfoService.getMaterielInfo.dwr HTTP/1.1" 200 222
117.143.49.12 - - [17/Apr/2022:10:33:23 +0800] "POST /xingrg/all/common/load_tree.html?tree=area_rest_tree_json&defaultRests=undefined HTTP/1.1" 200 3472
58.39.61.91 - - [17/Apr/2022:10:33:23 +0800] "GET /xingrg/all/function/internal_message.html?_=1650162721936&CODE_STATE=getMsg HTTP/1.1" 200 27
117.143.49.12 - - [17/Apr/2022:10:33:34 +0800] "POST /xingrg/dwr/call/plaincall/AjaxGetFirstChart.getFirstChart.dwr HTTP/1.1" 200 83
116.228.172.94 - - [17/Apr/2022:10:33:37 +0800] "GET /xingrg/check_reg.html?_=1650162676871 HTTP/1.1" 200 22
116.228.172.94 - - [17/Apr/2022:10:33:37 +0800] "GET /xingrg/all/function/internal_message.html?_=1650162677072&CODE_STATE=getMsg HTTP/1.1" 200 27
117.143.49.12 - - [17/Apr/2022:10:33:37 +0800] "GET /xingrg/all/function/internal_message.html?_=1650162813571&CODE_STATE=getMsg HTTP/1.1" 200 27
120.253.135.82 - - [17/Apr/2022:10:33:41 +0800] "GET /xingrg/all/function/internal_message.html?_=1650162624058&CODE_STATE=getMsg HTTP/1.1" 200 27
183.193.170.89 - - [17/Apr/2022:10:33:42 +0800] "GET /xingrg/all/function/internal_message.html?_=1650162811229&CODE_STATE=getMsg HTTP/1.1" 200 27
116.235.92.88 - - [17/Apr/2022:10:34:02 +0800] "GET /xingrg/all/function/internal_message.html?_=1650163005469&CODE_STATE=getMsg HTTP/1.1" 200 27
58.35.210.91 - - [17/Apr/2022:10:34:05 +0800] "POST /xingrg/services/DataTransmitService HTTP/1.1" 200 524
58.39.61.91 - - [17/Apr/2022:10:34:23 +0800] "GET /xingrg/all/function/internal_message.html?_=1650162781951&CODE_STATE=getMsg HTTP/1.1" 200 27
117.143.49.12 - - [17/Apr/2022:10:34:24 +0800] "POST /xingrg/dwr/call/plaincall/AjaxBaseInfoService.changeUnitGroup.dwr HTTP/1.1" 200 243
117.143.49.12 - - [17/Apr/2022:10:34:28 +0800] "POST /xingrg/dwr/call/plaincall/AjaxBaseInfoService.saveMateriel.dwr HTTP/1.1" 200 108
117.143.49.12 - - [17/Apr/2022:10:34:28 +0800] "POST /xingrg/dwr/call/plaincall/AjaxBaseInfoService.getMateriels.dwr HTTP/1.1" 200 2922
116.228.172.94 - - [17/Apr/2022:10:34:37 +0800] "GET /xingrg/all/function/internal_message.html?_=1650162737056&CODE_STATE=getMsg HTTP/1.1" 200 27
117.143.49.12 - - [17/Apr/2022:10:34:37 +0800] "GET /xingrg/all/function/internal_message.html?_=1650162873583&CODE_STATE=getMsg HTTP/1.1" 200 27
117.143.49.12 - - [17/Apr/2022:10:34:39 +0800] "GET /xingrg/system/info/materiel_info.html?code=00102015&isAdd=1 HTTP/1.1" 200 36051
117.143.49.12 - - [17/Apr/2022:10:34:39 +0800] "GET /xingrg/dwr/interface/AjaxBaseInfoService.js HTTP/1.1" 200 21363
117.143.49.12 - - [17/Apr/2022:10:34:39 +0800] "GET /xingrg/dwr/interface/AjaxGetFirstChart.js HTTP/1.1" 200 631
117.143.49.12 - - [17/Apr/2022:10:34:39 +0800] "GET /xingrg/dwr/interface/AjaxComOrderService.js HTTP/1.1" 200 18264
117.143.49.12 - - [17/Apr/2022:10:34:40 +0800] "GET /xingrg/dwr/engine.js HTTP/1.1" 200 43631
117.143.49.12 - - [17/Apr/2022:10:34:40 +0800] "POST /xingrg/all/common/load_tree.html?tree=area_rest_tree_json HTTP/1.1" 200 3472
117.143.49.12 - - [17/Apr/2022:10:34:40 +0800] "POST /xingrg/dwr/call/plaincall/AjaxBaseInfoService.getMaterielInfo.dwr HTTP/1.1" 200 222
117.143.49.12 - - [17/Apr/2022:10:34:40 +0800] "POST /xingrg/all/common/load_tree.html?tree=area_rest_tree_json&defaultRests=undefined HTTP/1.1" 200 3472
120.253.135.82 - - [17/Apr/2022:10:34:41 +0800] "GET /xingrg/all/function/internal_message.html?_=1650162684215&CODE_STATE=getMsg HTTP/1.1" 200 27
117.143.49.12 - - [17/Apr/2022:10:34:42 +0800] "POST /xingrg/dwr/call/plaincall/AjaxBaseInfoService.getMateriels.dwr HTTP/1.1" 200 3017
117.143.49.12 - - [17/Apr/2022:10:34:44 +0800] "POST /xingrg/dwr/call/plaincall/AjaxBaseInfoService.getMateriels.dwr HTTP/1.1" 200 3118
183.193.170.89 - - [17/Apr/2022:10:34:44 +0800] "GET /xingrg/all/function/internal_message.html?_=1650162871211&CODE_STATE=getMsg HTTP/1.1" 200 27
117.143.49.12 - - [17/Apr/2022:10:34:46 +0800] "GET /xingrg/system/info/materiel_info.html?code=00102034&isAdd=1 HTTP/1.1" 200 36051
117.143.49.12 - - [17/Apr/2022:10:34:47 +0800] "GET /xingrg/dwr/engine.js HTTP/1.1" 200 43631
117.143.49.12 - - [17/Apr/2022:10:34:47 +0800] "GET /favicon.ico HTTP/1.1" 404 -
117.143.49.12 - - [17/Apr/2022:10:34:47 +0800] "POST /xingrg/all/common/load_tree.html?tree=area_rest_tree_json HTTP/1.1" 200 3472
117.143.49.12 - - [17/Apr/2022:10:34:47 +0800] "POST /xingrg/dwr/call/plaincall/AjaxBaseInfoService.getMaterielInfo.dwr HTTP/1.1" 200 229
117.143.49.12 - - [17/Apr/2022:10:34:47 +0800] "POST /xingrg/all/common/load_tree.html?tree=area_rest_tree_json&defaultRests=undefined HTTP/1.1" 200 3472
116.235.92.88 - - [17/Apr/2022:10:35:02 +0800] "GET /xingrg/all/function/internal_message.html?_=1650163065444&CODE_STATE=getMsg HTTP/1.1" 200 27
117.143.49.12 - - [17/Apr/2022:10:35:07 +0800] "POST /xingrg/dwr/call/plaincall/AjaxGetFirstChart.getFirstChart.dwr HTTP/1.1" 200 84
58.39.61.91 - - [17/Apr/2022:10:35:23 +0800] "GET /xingrg/all/function/internal_message.html?_=1650162841964&CODE_STATE=getMsg HTTP/1.1" 200 27
180.171.132.157 - - [17/Apr/2022:10:35:26 +0800] "POST /xingrg/services/DataTransmitService HTTP/1.1" 200 524
117.143.49.12 - - [17/Apr/2022:10:35:32 +0800] "GET /xingrg/system/info/unit_group_info.html?isAdd=1&isMt=1 HTTP/1.1" 200 7935
183.193.170.89 - - [17/Apr/2022:10:35:32 +0800] "GET /xingrg/all/function/internal_message.html?_=1650162931190&CODE_STATE=getMsg HTTP/1.1" 200 27
117.143.49.12 - - [17/Apr/2022:10:35:32 +0800] "GET /xingrg/dwr/engine.js HTTP/1.1" 200 43631
117.143.49.12 - - [17/Apr/2022:10:35:32 +0800] "GET /favicon.ico HTTP/1.1" 404 -
116.228.172.94 - - [17/Apr/2022:10:35:36 +0800] "POST /xingrg/kc/buy/cgsh_order_operate.html HTTP/1.1" 200 37
117.143.49.12 - - [17/Apr/2022:10:35:37 +0800] "GET /xingrg/all/function/internal_message.html?_=1650162933577&CODE_STATE=getMsg HTTP/1.1" 200 27
116.228.172.94 - - [17/Apr/2022:10:35:37 +0800] "GET /xingrg/all/function/internal_message.html?_=1650162797426&CODE_STATE=getMsg HTTP/1.1" 200 27
116.228.172.94 - - [17/Apr/2022:10:35:38 +0800] "POST /xingrg/kc/buy/cgsh_order_operate.html HTTP/1.1" 200 6905
120.253.135.82 - - [17/Apr/2022:10:35:41 +0800] "GET /xingrg/all/function/internal_message.html?_=1650162744226&CODE_STATE=getMsg HTTP/1.1" 200 27
116.228.172.94 - - [17/Apr/2022:10:35:42 +0800] "POST /xingrg/kc/buy/cgsh_list_operate.html HTTP/1.1" 200 1670
116.228.172.94 - - [17/Apr/2022:10:35:44 +0800] "POST /xingrg/kc/buy/cgsh_list_operate.html HTTP/1.1" 200 609
116.228.172.94 - - [17/Apr/2022:10:35:46 +0800] "GET /xingrg/kc/buy/cgsh_order_info.html?code=212022041700055 HTTP/1.1" 200 64755
116.228.172.94 - - [17/Apr/2022:10:35:46 +0800] "GET /xingrg/words/20220417103428_words.js HTTP/1.1" 200 890739
116.228.172.94 - - [17/Apr/2022:10:35:47 +0800] "GET /xingrg/javascript/easyui/themes/default/validatebox.css HTTP/1.1" 404 1104
117.143.49.12 - - [17/Apr/2022:10:35:47 +0800] "POST /xingrg/dwr/call/plaincall/AjaxBaseInfoService.saveUnitGroup.dwr HTTP/1.1" 200 78
116.228.172.94 - - [17/Apr/2022:10:35:48 +0800] "POST /xingrg/kc/buy/cgsh_order_operate.html HTTP/1.1" 200 6905
117.143.49.12 - - [17/Apr/2022:10:35:48 +0800] "GET /xingrg/system/info/unit_group_info.html?isAdd=1 HTTP/1.1" 200 7702
117.143.49.12 - - [17/Apr/2022:10:35:54 +0800] "GET /xingrg/system/info/materiel_info.html?code=00102034&isAdd=1 HTTP/1.1" 200 36092
117.143.49.12 - - [17/Apr/2022:10:35:54 +0800] "GET /xingrg/dwr/engine.js HTTP/1.1" 200 43631
117.143.49.12 - - [17/Apr/2022:10:35:54 +0800] "POST /xingrg/all/common/load_tree.html?tree=area_rest_tree_json HTTP/1.1" 200 3472
117.143.49.12 - - [17/Apr/2022:10:35:54 +0800] "POST /xingrg/dwr/call/plaincall/AjaxBaseInfoService.getMaterielInfo.dwr HTTP/1.1" 200 229
117.143.49.12 - - [17/Apr/2022:10:35:54 +0800] "GET /favicon.ico HTTP/1.1" 404 -
117.143.49.12 - - [17/Apr/2022:10:35:54 +0800] "POST /xingrg/all/common/load_tree.html?tree=area_rest_tree_json&defaultRests=undefined HTTP/1.1" 200 3472
117.143.49.12 - - [17/Apr/2022:10:35:57 +0800] "POST /xingrg/dwr/call/plaincall/AjaxGetFirstChart.getFirstChart.dwr HTTP/1.1" 200 84
116.235.92.88 - - [17/Apr/2022:10:36:02 +0800] "GET /xingrg/all/function/internal_message.html?_=1650163125424&CODE_STATE=getMsg HTTP/1.1" 200 27
117.143.49.12 - - [17/Apr/2022:10:36:04 +0800] "POST /xingrg/dwr/call/plaincall/AjaxBaseInfoService.changeUnitGroup.dwr HTTP/1.1" 200 333
117.143.49.12 - - [17/Apr/2022:10:36:06 +0800] "POST /xingrg/dwr/call/plaincall/AjaxBaseInfoService.changeUnitGroup.dwr HTTP/1.1" 200 312
117.143.49.12 - - [17/Apr/2022:10:36:15 +0800] "POST /xingrg/dwr/call/plaincall/AjaxBaseInfoService.saveMateriel.dwr HTTP/1.1" 200 108
117.143.49.12 - - [17/Apr/2022:10:36:15 +0800] "POST /xingrg/dwr/call/plaincall/AjaxBaseInfoService.getMateriels.dwr HTTP/1.1" 200 3118
117.143.49.12 - - [17/Apr/2022:10:36:17 +0800] "GET /xingrg/system/info/materiel_info.html?code=00102034&isAdd=1 HTTP/1.1" 200 36092
117.143.49.12 - - [17/Apr/2022:10:36:17 +0800] "GET /xingrg/dwr/interface/AjaxBaseInfoService.js HTTP/1.1" 200 21363
117.143.49.12 - - [17/Apr/2022:10:36:17 +0800] "GET /xingrg/dwr/engine.js HTTP/1.1" 200 43631
117.143.49.12 - - [17/Apr/2022:10:36:17 +0800] "GET /xingrg/dwr/interface/AjaxGetFirstChart.js HTTP/1.1" 200 631
117.143.49.12 - - [17/Apr/2022:10:36:17 +0800] "GET /xingrg/dwr/interface/AjaxComOrderService.js HTTP/1.1" 200 18264
117.143.49.12 - - [17/Apr/2022:10:36:17 +0800] "POST /xingrg/all/common/load_tree.html?tree=area_rest_tree_json HTTP/1.1" 200 3472
117.143.49.12 - - [17/Apr/2022:10:36:17 +0800] "POST /xingrg/dwr/call/plaincall/AjaxBaseInfoService.getMaterielInfo.dwr HTTP/1.1" 200 229
117.143.49.12 - - [17/Apr/2022:10:36:18 +0800] "POST /xingrg/all/common/load_tree.html?tree=area_rest_tree_json&defaultRests=undefined HTTP/1.1" 200 3472
58.39.61.91 - - [17/Apr/2022:10:36:23 +0800] "GET /xingrg/all/function/internal_message.html?_=1650162901985&CODE_STATE=getMsg HTTP/1.1" 200 27
117.143.49.12 - - [17/Apr/2022:10:36:28 +0800] "POST /xingrg/dwr/call/plaincall/AjaxBaseInfoService.getMateriels.dwr HTTP/1.1" 200 3082
117.143.49.12 - - [17/Apr/2022:10:36:29 +0800] "GET /xingrg/system/info/materiel_info.html?code=00101016&isAdd=1 HTTP/1.1" 200 36092
117.143.49.12 - - [17/Apr/2022:10:36:29 +0800] "GET /xingrg/dwr/engine.js HTTP/1.1" 200 43631
117.143.49.12 - - [17/Apr/2022:10:36:29 +0800] "GET /favicon.ico HTTP/1.1" 404 -
117.143.49.12 - - [17/Apr/2022:10:36:29 +0800] "POST /xingrg/all/common/load_tree.html?tree=area_rest_tree_json HTTP/1.1" 200 3472
117.143.49.12 - - [17/Apr/2022:10:36:29 +0800] "POST /xingrg/dwr/call/plaincall/AjaxBaseInfoService.getMaterielInfo.dwr HTTP/1.1" 200 210
117.143.49.12 - - [17/Apr/2022:10:36:29 +0800] "POST /xingrg/all/common/load_tree.html?tree=area_rest_tree_json&defaultRests=undefined HTTP/1.1" 200 3472
183.193.170.89 - - [17/Apr/2022:10:36:32 +0800] "GET /xingrg/all/function/internal_message.html?_=1650162991169&CODE_STATE=getMsg HTTP/1.1" 200 27
117.143.49.12 - - [17/Apr/2022:10:36:37 +0800] "GET /xingrg/all/function/internal_message.html?_=1650162993592&CODE_STATE=getMsg HTTP/1.1" 200 27
116.228.172.94 - - [17/Apr/2022:10:36:37 +0800] "GET /xingrg/all/function/internal_message.html?_=1650162857400&CODE_STATE=getMsg HTTP/1.1" 200 27
116.228.172.94 - - [17/Apr/2022:10:36:39 +0800] "GET /xingrg/kc/buy/cgsh_order_operate.html?command=get_materiel&rest_code=00153&code=00102015101&supplier_code=00100224&order_time=2022-04-17 HTTP/1.1" 200 414
120.253.135.82 - - [17/Apr/2022:10:36:42 +0800] "GET /xingrg/all/function/internal_message.html?_=1650162804386&CODE_STATE=getMsg HTTP/1.1" 200 27
117.143.49.12 - - [17/Apr/2022:10:36:43 +0800] "POST /xingrg/dwr/call/plaincall/AjaxGetFirstChart.getFirstChart.dwr HTTP/1.1" 200 80
117.143.49.12 - - [17/Apr/2022:10:36:51 +0800] "POST /xingrg/dwr/call/plaincall/AjaxBaseInfoService.changeUnitGroup.dwr HTTP/1.1" 200 308
117.143.49.12 - - [17/Apr/2022:10:36:59 +0800] "GET /xingrg/check_reg.html?_=1650163015395 HTTP/1.1" 200 22
117.143.49.12 - - [17/Apr/2022:10:37:01 +0800] "POST /xingrg/dwr/call/plaincall/AjaxBaseInfoService.saveMateriel.dwr HTTP/1.1" 200 109
117.143.49.12 - - [17/Apr/2022:10:37:01 +0800] "POST /xingrg/dwr/call/plaincall/AjaxBaseInfoService.getMateriels.dwr HTTP/1.1" 200 3082
116.235.92.88 - - [17/Apr/2022:10:37:02 +0800] "GET /xingrg/all/function/internal_message.html?_=1650163185392&CODE_STATE=getMsg HTTP/1.1" 200 27
117.143.49.12 - - [17/Apr/2022:10:37:02 +0800] "GET /xingrg/system/info/materiel_info.html?code=00101016&isAdd=1 HTTP/1.1" 200 36092
117.143.49.12 - - [17/Apr/2022:10:37:03 +0800] "GET /xingrg/dwr/interface/AjaxGetFirstChart.js HTTP/1.1" 200 631
117.143.49.12 - - [17/Apr/2022:10:37:03 +0800] "GET /xingrg/dwr/interface/AjaxBaseInfoService.js HTTP/1.1" 200 21363
117.143.49.12 - - [17/Apr/2022:10:37:03 +0800] "GET /xingrg/dwr/interface/AjaxComOrderService.js HTTP/1.1" 200 18264
117.143.49.12 - - [17/Apr/2022:10:37:03 +0800] "GET /xingrg/dwr/engine.js HTTP/1.1" 200 43631
117.143.49.12 - - [17/Apr/2022:10:37:03 +0800] "POST /xingrg/all/common/load_tree.html?tree=area_rest_tree_json HTTP/1.1" 200 3472
117.143.49.12 - - [17/Apr/2022:10:37:03 +0800] "POST /xingrg/dwr/call/plaincall/AjaxBaseInfoService.getMaterielInfo.dwr HTTP/1.1" 200 210
117.143.49.12 - - [17/Apr/2022:10:37:03 +0800] "POST /xingrg/all/common/load_tree.html?tree=area_rest_tree_json&defaultRests=undefined HTTP/1.1" 200 3472
58.39.61.91 - - [17/Apr/2022:10:37:23 +0800] "GET /xingrg/all/function/internal_message.html?_=1650162961991&CODE_STATE=getMsg HTTP/1.1" 200 27
116.235.92.88 - - [17/Apr/2022:10:37:24 +0800] "GET /xingrg/check_reg.html?_=1650163207176 HTTP/1.1" 200 22
116.228.172.94 - - [17/Apr/2022:10:37:26 +0800] "POST /xingrg/kc/buy/cgsh_order_operate.html HTTP/1.1" 200 37
116.228.172.94 - - [17/Apr/2022:10:37:28 +0800] "POST /xingrg/kc/buy/cgsh_order_operate.html HTTP/1.1" 200 6906
183.193.170.89 - - [17/Apr/2022:10:37:32 +0800] "GET /xingrg/all/function/internal_message.html?_=1650163051149&CODE_STATE=getMsg HTTP/1.1" 200 27
116.228.172.94 - - [17/Apr/2022:10:37:36 +0800] "POST /xingrg/kc/buy/cgsh_list_operate.html HTTP/1.1" 200 1670
120.253.135.82 - - [17/Apr/2022:10:37:36 +0800] "GET /xingrg/check_reg.html?_=1650162858997 HTTP/1.1" 200 22
117.143.49.12 - - [17/Apr/2022:10:37:37 +0800] "GET /xingrg/check_reg.html?_=1650163053571 HTTP/1.1" 200 22
117.143.49.12 - - [17/Apr/2022:10:37:37 +0800] "GET /xingrg/all/function/internal_message.html?_=1650163053572&CODE_STATE=getMsg HTTP/1.1" 200 27
116.228.172.94 - - [17/Apr/2022:10:37:37 +0800] "POST /xingrg/kc/buy/cgsh_list_operate.html HTTP/1.1" 200 609
116.228.172.94 - - [17/Apr/2022:10:37:37 +0800] "GET /xingrg/all/function/internal_message.html?_=1650162917379&CODE_STATE=getMsg HTTP/1.1" 200 27
116.228.172.94 - - [17/Apr/2022:10:37:38 +0800] "GET /xingrg/kc/buy/cgsh_order_info.html?code=212022041700055 HTTP/1.1" 200 64755
116.228.172.94 - - [17/Apr/2022:10:37:38 +0800] "GET /xingrg/words/20220417103701_words.js HTTP/1.1" 200 890861
116.228.172.94 - - [17/Apr/2022:10:37:39 +0800] "GET /xingrg/javascript/easyui/themes/default/validatebox.css HTTP/1.1" 404 1104
116.228.172.94 - - [17/Apr/2022:10:37:39 +0800] "POST /xingrg/kc/buy/cgsh_order_operate.html HTTP/1.1" 200 6906
183.193.170.89 - - [17/Apr/2022:10:37:40 +0800] "GET /xingrg/check_reg.html?_=1650163059845 HTTP/1.1" 200 22
120.253.135.82 - - [17/Apr/2022:10:37:42 +0800] "GET /xingrg/all/function/internal_message.html?_=1650162864393&CODE_STATE=getMsg HTTP/1.1" 200 27
116.228.172.94 - - [17/Apr/2022:10:37:46 +0800] "POST /xingrg/kc/buy/cgsh_order_operate.html HTTP/1.1" 200 37
116.228.172.94 - - [17/Apr/2022:10:37:52 +0800] "POST /xingrg/kc/buy/cgsh_order_operate.html HTTP/1.1" 200 12
116.230.110.173 - - [17/Apr/2022:10:37:54 +0800] "POST /xingrg/services/DataTransmitService HTTP/1.1" 200 524
116.235.92.88 - - [17/Apr/2022:10:38:02 +0800] "GET /xingrg/all/function/internal_message.html?_=1650163245372&CODE_STATE=getMsg HTTP/1.1" 200 27
120.253.135.82 - - [17/Apr/2022:10:38:08 +0800] "POST /xingrg/kc/buy/cgsh_list_operate.html HTTP/1.1" 200 286
120.253.135.82 - - [17/Apr/2022:10:38:09 +0800] "GET /xingrg/kc/buy/cgsh_order_info.html?code=212022041600054 HTTP/1.1" 200 64722
120.253.135.82 - - [17/Apr/2022:10:38:09 +0800] "GET /xingrg/words/20220417103701_words.js HTTP/1.1" 200 890861
120.253.135.82 - - [17/Apr/2022:10:38:10 +0800] "GET /xingrg/javascript/easyui/themes/default/validatebox.css HTTP/1.1" 404 1104
120.253.135.82 - - [17/Apr/2022:10:38:10 +0800] "POST /xingrg/kc/buy/cgsh_order_operate.html HTTP/1.1" 200 3289
58.39.61.91 - - [17/Apr/2022:10:38:22 +0800] "GET /xingrg/check_reg.html?_=1650163020520 HTTP/1.1" 200 22
58.39.61.91 - - [17/Apr/2022:10:38:23 +0800] "GET /xingrg/all/function/internal_message.html?_=1650163022004&CODE_STATE=getMsg HTTP/1.1" 200 27
120.253.135.82 - - [17/Apr/2022:10:38:26 +0800] "POST /xingrg/kc/buy/cgsh_order_operate.html HTTP/1.1" 200 37
183.193.170.89 - - [17/Apr/2022:10:38:32 +0800] "GET /xingrg/all/function/internal_message.html?_=1650163111120&CODE_STATE=getMsg HTTP/1.1" 200 27
120.253.135.82 - - [17/Apr/2022:10:38:37 +0800] "POST /xingrg/kc/buy/cgsh_order_operate.html HTTP/1.1" 200 12
117.143.49.12 - - [17/Apr/2022:10:38:37 +0800] "GET /xingrg/all/function/internal_message.html?_=1650163113589&CODE_STATE=getMsg HTTP/1.1" 200 27
120.253.135.82 - - [17/Apr/2022:10:38:50 +0800] "GET /xingrg/kc/buy/cgsh_order_info.html?code=212022041600054 HTTP/1.1" 200 59622
120.253.135.82 - - [17/Apr/2022:10:38:51 +0800] "GET /xingrg/javascript/easyui/themes/default/validatebox.css HTTP/1.1" 404 1104
120.253.135.82 - - [17/Apr/2022:10:38:51 +0800] "GET /xingrg/all/function/internal_message.html?_=1650162933502&CODE_STATE=getMsg HTTP/1.1" 200 27
120.253.135.82 - - [17/Apr/2022:10:38:51 +0800] "POST /xingrg/kc/buy/cgsh_order_operate.html HTTP/1.1" 200 1239
120.253.135.82 - - [17/Apr/2022:10:38:58 +0800] "GET /xingrg/kc/buy/cgsh_order_add.html HTTP/1.1" 200 64723
120.253.135.82 - - [17/Apr/2022:10:38:58 +0800] "POST /xingrg/kc/buy/cgsh_order_operate.html HTTP/1.1" 200 8245
120.253.135.82 - - [17/Apr/2022:10:38:59 +0800] "GET /xingrg/javascript/easyui/themes/default/validatebox.css HTTP/1.1" 404 1104
116.235.92.88 - - [17/Apr/2022:10:39:02 +0800] "GET /xingrg/all/function/internal_message.html?_=1650163305366&CODE_STATE=getMsg HTTP/1.1" 200 27
120.253.135.82 - - [17/Apr/2022:10:39:05 +0800] "GET /xingrg/css/images/panel_loading.gif HTTP/1.1" 200 1737
120.253.135.82 - - [17/Apr/2022:10:39:06 +0800] "POST /xingrg/all/common/load_combo.html?type=employee HTTP/1.1" 200 1752
120.253.135.82 - - [17/Apr/2022:10:39:18 +0800] "GET /xingrg/kc/buy/cgsh_order_operate.html?command=get_materiel&rest_code=00101&code=00102034042&supplier_code=00100151&order_time=2022-04-17 HTTP/1.1" 200 418
222.70.180.114 - - [17/Apr/2022:10:39:20 +0800] "POST /xingrg/services/DataTransmitService HTTP/1.1" 200 524
58.39.61.91 - - [17/Apr/2022:10:39:23 +0800] "GET /xingrg/all/function/internal_message.html?_=1650163082018&CODE_STATE=getMsg HTTP/1.1" 200 27
116.228.172.94 - - [17/Apr/2022:10:39:24 +0800] "GET /xingrg/all/function/internal_message.html?_=1650163023807&CODE_STATE=getMsg HTTP/1.1" 200 27
116.228.172.94 - - [17/Apr/2022:10:39:24 +0800] "GET /xingrg/check_reg.html?_=1650163023806 HTTP/1.1" 200 22
116.228.172.94 - - [17/Apr/2022:10:39:24 +0800] "GET /xingrg/kc/buy/cgsh_order_info.html?code=212022041700055 HTTP/1.1" 200 59653
116.228.172.94 - - [17/Apr/2022:10:39:24 +0800] "GET /xingrg/words/20220417103701_words.js HTTP/1.1" 304 -
116.228.172.94 - - [17/Apr/2022:10:39:24 +0800] "GET /xingrg/javascript/easyui/themes/default/validatebox.css HTTP/1.1" 404 1104
116.228.172.94 - - [17/Apr/2022:10:39:25 +0800] "POST /xingrg/kc/buy/cgsh_order_operate.html HTTP/1.1" 200 4852
116.228.172.94 - - [17/Apr/2022:10:39:27 +0800] "GET /xingrg/kc/print/load_config.html?kc_code=cgsh HTTP/1.1" 200 1943
116.228.172.94 - - [17/Apr/2022:10:39:27 +0800] "GET /xingrg/kc/print/load_data.html?order_code=212022041700055&kc_code=cgsh&condition= HTTP/1.1" 200 2358
183.193.170.89 - - [17/Apr/2022:10:39:32 +0800] "GET /xingrg/all/function/internal_message.html?_=1650163171090&CODE_STATE=getMsg HTTP/1.1" 200 27
117.143.49.12 - - [17/Apr/2022:10:39:37 +0800] "GET /xingrg/all/function/internal_message.html?_=1650163173580&CODE_STATE=getMsg HTTP/1.1" 200 27
120.253.135.82 - - [17/Apr/2022:10:39:49 +0800] "GET /xingrg/kc/buy/cgsh_order_operate.html?command=get_materiel&rest_code=00101&code=00102002422&supplier_code=00100151&order_time=2022-04-17 HTTP/1.1" 200 439
120.253.135.82 - - [17/Apr/2022:10:39:51 +0800] "GET /xingrg/all/function/internal_message.html?_=1650162993516&CODE_STATE=getMsg HTTP/1.1" 200 27
120.253.135.82 - - [17/Apr/2022:10:40:01 +0800] "POST /xingrg/kc/buy/cgsh_order_operate.html HTTP/1.1" 200 37
116.235.92.88 - - [17/Apr/2022:10:40:02 +0800] "GET /xingrg/all/function/internal_message.html?_=1650163365335&CODE_STATE=getMsg HTTP/1.1" 200 27
120.253.135.82 - - [17/Apr/2022:10:40:05 +0800] "POST /xingrg/kc/buy/cgsh_order_operate.html HTTP/1.1" 200 3285
120.253.135.82 - - [17/Apr/2022:10:40:11 +0800] "GET /xingrg/kc/print/load_config.html?kc_code=cgsh HTTP/1.1" 200 1943
120.253.135.82 - - [17/Apr/2022:10:40:11 +0800] "GET /xingrg/kc/print/load_data.html?order_code=212022041700056&kc_code=cgsh&condition= HTTP/1.1" 200 909
58.39.61.91 - - [17/Apr/2022:10:40:23 +0800] "GET /xingrg/all/function/internal_message.html?_=1650163142031&CODE_STATE=getMsg HTTP/1.1" 200 27
116.228.172.94 - - [17/Apr/2022:10:40:24 +0800] "GET /xingrg/all/function/internal_message.html?_=1650163083782&CODE_STATE=getMsg HTTP/1.1" 200 27
120.253.135.82 - - [17/Apr/2022:10:40:25 +0800] "POST /xingrg/kc/buy/cgsh_order_operate.html HTTP/1.1" 200 37
58.39.201.47 - - [17/Apr/2022:10:40:30 +0800] "POST /xingrg/services/DataTransmitService HTTP/1.1" 200 524
120.253.135.82 - - [17/Apr/2022:10:40:31 +0800] "POST /xingrg/kc/buy/cgsh_order_operate.html HTTP/1.1" 200 12
183.193.170.89 - - [17/Apr/2022:10:40:32 +0800] "GET /xingrg/all/function/internal_message.html?_=1650163231060&CODE_STATE=getMsg HTTP/1.1" 200 27
120.253.135.82 - - [17/Apr/2022:10:40:32 +0800] "GET /xingrg/kc/buy/cgsh_order_info.html?code=212022041700056 HTTP/1.1" 200 59622
120.253.135.82 - - [17/Apr/2022:10:40:33 +0800] "GET /xingrg/javascript/easyui/themes/default/validatebox.css HTTP/1.1" 404 1104
120.253.135.82 - - [17/Apr/2022:10:40:34 +0800] "POST /xingrg/kc/buy/cgsh_order_operate.html HTTP/1.1" 200 1235
117.143.49.12 - - [17/Apr/2022:10:40:37 +0800] "GET /xingrg/all/function/internal_message.html?_=1650163233577&CODE_STATE=getMsg HTTP/1.1" 200 27
120.253.135.82 - - [17/Apr/2022:10:40:51 +0800] "GET /xingrg/all/function/internal_message.html?_=1650163053529&CODE_STATE=getMsg HTTP/1.1" 200 27
116.235.92.88 - - [17/Apr/2022:10:41:02 +0800] "GET /xingrg/all/function/internal_message.html?_=1650163425310&CODE_STATE=getMsg HTTP/1.1" 200 27
58.39.61.91 - - [17/Apr/2022:10:41:23 +0800] "GET /xingrg/all/function/internal_message.html?_=1650163202054&CODE_STATE=getMsg HTTP/1.1" 200 27
116.228.172.94 - - [17/Apr/2022:10:41:24 +0800] "GET /xingrg/all/function/internal_message.html?_=1650163143758&CODE_STATE=getMsg HTTP/1.1" 200 27
183.193.170.89 - - [17/Apr/2022:10:41:32 +0800] "GET /xingrg/all/function/internal_message.html?_=1650163291070&CODE_STATE=getMsg HTTP/1.1" 200 27
117.143.49.12 - - [17/Apr/2022:10:41:37 +0800] "GET /xingrg/all/function/internal_message.html?_=1650163293572&CODE_STATE=getMsg HTTP/1.1" 200 27
120.253.135.82 - - [17/Apr/2022:10:41:51 +0800] "GET /xingrg/all/function/internal_message.html?_=1650163113543&CODE_STATE=getMsg HTTP/1.1" 200 27
117.143.49.12 - - [17/Apr/2022:10:41:59 +0800] "GET /xingrg/check_reg.html?_=1650163315371 HTTP/1.1" 200 22
120.253.135.82 - - [17/Apr/2022:10:42:01 +0800] "POST /xingrg/kc/buy/cgsh_list_operate.html HTTP/1.1" 200 876
116.235.92.88 - - [17/Apr/2022:10:42:02 +0800] "GET /xingrg/all/function/internal_message.html?_=1650163485290&CODE_STATE=getMsg HTTP/1.1" 200 27
120.253.135.82 - - [17/Apr/2022:10:42:05 +0800] "GET /xingrg/kc/pszx/mdqp_order_list.html?state=10 HTTP/1.1" 200 10217
120.253.135.82 - - [17/Apr/2022:10:42:05 +0800] "GET /xingrg/css/blue.css HTTP/1.1" 200 15949
120.253.135.82 - - [17/Apr/2022:10:42:05 +0800] "GET /xingrg/dwr/interface/AjaxQqpsService.js HTTP/1.1" 200 16326
120.253.135.82 - - [17/Apr/2022:10:42:06 +0800] "GET /xingrg/dwr/interface/AjaxReportQueryService.js HTTP/1.1" 200 13203
120.253.135.82 - - [17/Apr/2022:10:42:06 +0800] "GET /xingrg/dwr/util.js HTTP/1.1" 200 35990
120.253.135.82 - - [17/Apr/2022:10:42:06 +0800] "GET /xingrg/javascript/jquery_easy_ui/themes/default/easyui.css HTTP/1.1" 200 26500
120.253.135.82 - - [17/Apr/2022:10:42:06 +0800] "GET /xingrg/javascript/jquery_easy_ui/themes/icon.css HTTP/1.1" 200 3949
120.253.135.82 - - [17/Apr/2022:10:42:06 +0800] "GET /xingrg/javascript/Calendar.js HTTP/1.1" 200 31561
120.253.135.82 - - [17/Apr/2022:10:42:06 +0800] "GET /xingrg/dwr/engine.js HTTP/1.1" 200 43631
120.253.135.82 - - [17/Apr/2022:10:42:06 +0800] "GET /xingrg/javascript/jquery_easy_ui/themes/icons/check_new.png HTTP/1.1" 200 3224
120.253.135.82 - - [17/Apr/2022:10:42:06 +0800] "GET /xingrg/javascript/jquery_easy_ui/themes/icons/uncheck_new.png HTTP/1.1" 200 3197
120.253.135.82 - - [17/Apr/2022:10:42:06 +0800] "GET /xingrg/javascript/jquery_easy_ui/themes/icons/back_new.png HTTP/1.1" 200 3414
120.253.135.82 - - [17/Apr/2022:10:42:06 +0800] "POST /xingrg/kc/buy/cgsh_list_operate.html HTTP/1.1" 200 876
120.253.135.82 - - [17/Apr/2022:10:42:08 +0800] "GET /xingrg/kc/pszx/mdps_order_list.html?orderType=0 HTTP/1.1" 200 20966
120.253.135.82 - - [17/Apr/2022:10:42:08 +0800] "POST /xingrg/kc/pszx/mdps_list_operate.html HTTP/1.1" 200 4621
120.253.135.82 - - [17/Apr/2022:10:42:16 +0800] "POST /xingrg/kc/pszx/mdps_list_operate.html HTTP/1.1" 200 1692
120.253.135.82 - - [17/Apr/2022:10:42:17 +0800] "POST /xingrg/kc/pszx/mdps_list_operate.html HTTP/1.1" 200 202
120.253.135.82 - - [17/Apr/2022:10:42:18 +0800] "GET /xingrg/kc/pszx/mdps_order_info.html?code=312022041700075 HTTP/1.1" 200 23931
120.253.135.82 - - [17/Apr/2022:10:42:18 +0800] "POST /xingrg/kc/pszx/mdps_order_operate.html HTTP/1.1" 200 2277
120.253.135.82 - - [17/Apr/2022:10:42:18 +0800] "GET /xingrg/javascript/easyui/themes/default/validatebox.css HTTP/1.1" 404 1104
120.253.135.82 - - [17/Apr/2022:10:42:22 +0800] "GET /xingrg/kc/print/load_data.html?order_code=312022041700075&kc_code=mdps&condition= HTTP/1.1" 200 677
58.39.61.91 - - [17/Apr/2022:10:42:23 +0800] "GET /xingrg/all/function/internal_message.html?_=1650163262059&CODE_STATE=getMsg HTTP/1.1" 200 27
116.228.172.94 - - [17/Apr/2022:10:42:24 +0800] "GET /xingrg/all/function/internal_message.html?_=1650163203736&CODE_STATE=getMsg HTTP/1.1" 200 27
116.235.92.88 - - [17/Apr/2022:10:42:24 +0800] "GET /xingrg/check_reg.html?_=1650163507171 HTTP/1.1" 200 22
