114.86.230.19 - - [16/Apr/2022:10:01:18 +0800] "POST /xingrg/services/DataTransmitService HTTP/1.1" 200 524
116.235.92.88 - - [16/Apr/2022:10:01:26 +0800] "GET /xingrg/all/function/internal_message.html?_=1650074650239&CODE_STATE=getMsg HTTP/1.1" 200 27
58.39.201.47 - - [16/Apr/2022:10:01:40 +0800] "GET /xingrg/all/function/internal_message.html?_=1650074499756&CODE_STATE=getMsg HTTP/1.1" 200 27
114.86.230.19 - - [16/Apr/2022:10:02:16 +0800] "POST /xingrg/services/DataTransmitService HTTP/1.1" 200 524
116.235.92.88 - - [16/Apr/2022:10:02:26 +0800] "GET /xingrg/check_reg.html?_=1650074710224 HTTP/1.1" 200 22
116.235.92.88 - - [16/Apr/2022:10:02:26 +0800] "GET /xingrg/all/function/internal_message.html?_=1650074710225&CODE_STATE=getMsg HTTP/1.1" 200 27
58.39.201.47 - - [16/Apr/2022:10:02:39 +0800] "GET /xingrg/all/function/internal_message.html?_=1650074559737&CODE_STATE=getMsg HTTP/1.1" 200 27
120.253.135.82 - - [16/Apr/2022:10:03:23 +0800] "GET /xingrg/javascript/easyui/themes/default/images/button_plain_hover.png HTTP/1.1" 200 144
120.253.135.82 - - [16/Apr/2022:10:03:25 +0800] "POST /xingrg/kc/pszx/mdps_order_operate.html HTTP/1.1" 200 37
116.235.92.88 - - [16/Apr/2022:10:03:26 +0800] "GET /xingrg/all/function/internal_message.html?_=1650074770223&CODE_STATE=getMsg HTTP/1.1" 200 27
120.253.135.82 - - [16/Apr/2022:10:03:26 +0800] "GET /xingrg/kc/pszx/mdps_order_info.html?code=312022041600065 HTTP/1.1" 200 23931
120.253.135.82 - - [16/Apr/2022:10:03:26 +0800] "GET /xingrg/javascript/jquery_tools/jquery.tools.min.js HTTP/1.1" 200 138801
120.253.135.82 - - [16/Apr/2022:10:03:26 +0800] "GET /xingrg/css/site.css HTTP/1.1" 200 7541
120.253.135.82 - - [16/Apr/2022:10:03:26 +0800] "GET /xingrg/javascript/jquery_easy_ui/jquery.easyui.min.js HTTP/1.1" 200 213662
120.253.135.82 - - [16/Apr/2022:10:03:26 +0800] "GET /xingrg/javascript/jquery_tools/datebox.css HTTP/1.1" 200 2597
120.253.135.82 - - [16/Apr/2022:10:03:26 +0800] "GET /xingrg/javascript/easyui/easyloader.js HTTP/1.1" 200 5975
120.253.135.82 - - [16/Apr/2022:10:03:26 +0800] "GET /xingrg/css/base.css HTTP/1.1" 200 2811
120.253.135.82 - - [16/Apr/2022:10:03:26 +0800] "GET /xingrg/javascript/jquery_tools/jquery.tools.hotkey.js HTTP/1.1" 200 3242
120.253.135.82 - - [16/Apr/2022:10:03:26 +0800] "GET /xingrg/javascript/auto/jquery.autocomplete.js HTTP/1.1" 200 21624
120.253.135.82 - - [16/Apr/2022:10:03:26 +0800] "GET /xingrg/javascript/json2.js HTTP/1.1" 200 11259
120.253.135.82 - - [16/Apr/2022:10:03:26 +0800] "GET /xingrg/javascript/convert.js HTTP/1.1" 200 1239
120.253.135.82 - - [16/Apr/2022:10:03:26 +0800] "GET /xingrg/javascript/print/LodopFuncs.js HTTP/1.1" 200 5121
120.253.135.82 - - [16/Apr/2022:10:03:26 +0800] "GET /xingrg/javascript/jquery_tools/order_manager.js HTTP/1.1" 200 11183
120.253.135.82 - - [16/Apr/2022:10:03:26 +0800] "GET /xingrg/javascript/print/kc_print.js HTTP/1.1" 200 11415
120.253.135.82 - - [16/Apr/2022:10:03:26 +0800] "GET /xingrg/javascript/jquery.utils.js HTTP/1.1" 200 11805
120.253.135.82 - - [16/Apr/2022:10:03:26 +0800] "GET /xingrg/javascript/easyui/themes/default/easyui.css HTTP/1.1" 200 30432
120.253.135.82 - - [16/Apr/2022:10:03:26 +0800] "GET /xingrg/javascript/auto/jquery.autocomplete.css HTTP/1.1" 200 587
120.253.135.82 - - [16/Apr/2022:10:03:26 +0800] "GET /xingrg/javascript/jquery_tools/jquery.tools.extend.js HTTP/1.1" 200 15385
120.253.135.82 - - [16/Apr/2022:10:03:26 +0800] "GET /xingrg/javascript/pic_change.js HTTP/1.1" 200 4739
120.253.135.82 - - [16/Apr/2022:10:03:26 +0800] "GET /xingrg/javascript/easyui/themes/icon.css HTTP/1.1" 200 4483
120.253.135.82 - - [16/Apr/2022:10:03:26 +0800] "GET /xingrg/javascript/myfunction.js HTTP/1.1" 200 24559
120.253.135.82 - - [16/Apr/2022:10:03:26 +0800] "GET /xingrg/words/20220415133243_words.js HTTP/1.1" 200 890619
120.253.135.82 - - [16/Apr/2022:10:03:26 +0800] "GET /xingrg/javascript/easyui/themes/default/images/menu_downarrow.png HTTP/1.1" 200 173
120.253.135.82 - - [16/Apr/2022:10:03:26 +0800] "GET /xingrg/javascript/easyui/themes/icons/copy_new.png HTTP/1.1" 200 815
120.253.135.82 - - [16/Apr/2022:10:03:26 +0800] "GET /xingrg/javascript/easyui/themes/icons/cancel.png HTTP/1.1" 200 1133
120.253.135.82 - - [16/Apr/2022:10:03:26 +0800] "GET /xingrg/javascript/easyui/themes/icons/print.png HTTP/1.1" 200 1057
120.253.135.82 - - [16/Apr/2022:10:03:27 +0800] "GET /xingrg/javascript/easyui/plugins/jquery.parser.js HTTP/1.1" 200 1142
120.253.135.82 - - [16/Apr/2022:10:03:27 +0800] "GET /xingrg/all/common/auto_word.html?type=base&rest_code=00101 HTTP/1.1" 200 613
120.253.135.82 - - [16/Apr/2022:10:03:27 +0800] "GET /xingrg/javascript/easyui/themes/default/validatebox.css HTTP/1.1" 404 1104
120.253.135.82 - - [16/Apr/2022:10:03:27 +0800] "GET /xingrg/javascript/easyui/plugins/jquery.validatebox.js HTTP/1.1" 200 6103
120.253.135.82 - - [16/Apr/2022:10:03:27 +0800] "POST /xingrg/kc/pszx/mdps_order_operate.html HTTP/1.1" 200 2764
120.253.135.82 - - [16/Apr/2022:10:03:27 +0800] "GET /xingrg/javascript/easyui/plugins/jquery.numberbox.js HTTP/1.1" 200 5213
120.253.135.82 - - [16/Apr/2022:10:03:27 +0800] "GET /xingrg/javascript/easyui/themes/icons/edit_remove.png HTTP/1.1" 200 625
120.253.135.82 - - [16/Apr/2022:10:03:29 +0800] "POST /xingrg/kc/pszx/mdps_list_operate.html HTTP/1.1" 200 2065
120.253.135.82 - - [16/Apr/2022:10:03:38 +0800] "POST /xingrg/kc/pszx/mdps_list_operate.html HTTP/1.1" 200 2480
58.39.201.47 - - [16/Apr/2022:10:03:39 +0800] "GET /xingrg/all/function/internal_message.html?_=1650074619716&CODE_STATE=getMsg HTTP/1.1" 200 27
120.253.135.82 - - [16/Apr/2022:10:03:40 +0800] "POST /xingrg/kc/pszx/mdps_list_operate.html HTTP/1.1" 200 377
120.253.135.82 - - [16/Apr/2022:10:03:40 +0800] "GET /xingrg/kc/pszx/mdps_order_info.html?code=312022041500045 HTTP/1.1" 200 23941
120.253.135.82 - - [16/Apr/2022:10:03:41 +0800] "GET /xingrg/javascript/easyui/themes/icons/ok.png HTTP/1.1" 200 883
120.253.135.82 - - [16/Apr/2022:10:03:41 +0800] "GET /xingrg/javascript/easyui/themes/default/validatebox.css HTTP/1.1" 404 1104
120.253.135.82 - - [16/Apr/2022:10:03:41 +0800] "POST /xingrg/kc/pszx/mdps_order_operate.html HTTP/1.1" 200 3294
120.253.135.82 - - [16/Apr/2022:10:03:43 +0800] "GET /xingrg/kc/print/load_config.html?kc_code=mdps HTTP/1.1" 200 2390
120.253.135.82 - - [16/Apr/2022:10:03:43 +0800] "GET /xingrg/kc/print/load_data.html?order_code=312022041500045&kc_code=mdps&condition= HTTP/1.1" 200 1189
120.253.135.82 - - [16/Apr/2022:10:03:52 +0800] "GET /xingrg/check_reg.html?_=1650074435022 HTTP/1.1" 200 22
120.253.135.82 - - [16/Apr/2022:10:03:52 +0800] "POST /xingrg/kc/pszx/mdps_list_operate.html HTTP/1.1" 200 2480
120.253.135.82 - - [16/Apr/2022:10:03:53 +0800] "POST /xingrg/kc/pszx/mdps_list_operate.html HTTP/1.1" 200 205
120.253.135.82 - - [16/Apr/2022:10:03:55 +0800] "GET /xingrg/kc/pszx/mdps_order_info.html?code=312022041500047 HTTP/1.1" 200 23941
120.253.135.82 - - [16/Apr/2022:10:03:55 +0800] "GET /xingrg/javascript/easyui/themes/default/validatebox.css HTTP/1.1" 404 1104
120.253.135.82 - - [16/Apr/2022:10:03:55 +0800] "POST /xingrg/kc/pszx/mdps_order_operate.html HTTP/1.1" 200 2280
120.253.135.82 - - [16/Apr/2022:10:04:00 +0800] "GET /xingrg/kc/print/load_data.html?order_code=312022041500047&kc_code=mdps&condition= HTTP/1.1" 200 691
120.253.135.82 - - [16/Apr/2022:10:04:08 +0800] "POST /xingrg/kc/pszx/mdps_list_operate.html HTTP/1.1" 200 2480
120.253.135.82 - - [16/Apr/2022:10:04:09 +0800] "POST /xingrg/kc/pszx/mdps_list_operate.html HTTP/1.1" 200 212
120.253.135.82 - - [16/Apr/2022:10:04:11 +0800] "GET /xingrg/kc/pszx/mdps_order_info.html?code=312022041500056 HTTP/1.1" 200 23941
120.253.135.82 - - [16/Apr/2022:10:04:11 +0800] "POST /xingrg/kc/pszx/mdps_order_operate.html HTTP/1.1" 200 2292
120.253.135.82 - - [16/Apr/2022:10:04:12 +0800] "GET /xingrg/javascript/easyui/themes/default/validatebox.css HTTP/1.1" 404 1104
120.253.135.82 - - [16/Apr/2022:10:04:13 +0800] "GET /xingrg/kc/print/load_data.html?order_code=312022041500056&kc_code=mdps&condition= HTTP/1.1" 200 706
120.253.135.82 - - [16/Apr/2022:10:04:18 +0800] "POST /xingrg/kc/pszx/mdps_list_operate.html HTTP/1.1" 200 2480
120.253.135.82 - - [16/Apr/2022:10:04:19 +0800] "GET /xingrg/kc/pszx/mdps_order_add.html HTTP/1.1" 200 28988
120.253.135.82 - - [16/Apr/2022:10:04:20 +0800] "POST /xingrg/kc/pszx/mdps_order_operate.html HTTP/1.1" 200 7126
120.253.135.82 - - [16/Apr/2022:10:04:20 +0800] "GET /xingrg/javascript/easyui/themes/default/validatebox.css HTTP/1.1" 404 1104
116.235.92.88 - - [16/Apr/2022:10:04:26 +0800] "GET /xingrg/all/function/internal_message.html?_=1650074830238&CODE_STATE=getMsg HTTP/1.1" 200 27
120.253.135.82 - - [16/Apr/2022:10:04:32 +0800] "GET /xingrg/css/images/panel_loading.gif HTTP/1.1" 200 1737
120.253.135.82 - - [16/Apr/2022:10:04:32 +0800] "POST /xingrg/all/common/load_combo.html?type=base HTTP/1.1" 200 1075
58.39.201.47 - - [16/Apr/2022:10:04:39 +0800] "GET /xingrg/all/function/internal_message.html?_=1650074679692&CODE_STATE=getMsg HTTP/1.1" 200 27
120.253.135.82 - - [16/Apr/2022:10:04:40 +0800] "GET /xingrg/kc/pszx/mdps_order_operate.html?command=get_materiel&pszx_code=00101&rest_code=00104&base_code=0010246&code=00101020139 HTTP/1.1" 200 455
120.253.135.82 - - [16/Apr/2022:10:04:57 +0800] "GET /xingrg/kc/pszx/mdps_order_operate.html?command=get_materiel&pszx_code=00101&rest_code=00104&base_code=0010246&code=00101008663 HTTP/1.1" 200 428
120.253.135.82 - - [16/Apr/2022:10:05:22 +0800] "POST /xingrg/kc/pszx/mdps_order_operate.html HTTP/1.1" 200 37
120.253.135.82 - - [16/Apr/2022:10:05:23 +0800] "GET /xingrg/kc/pszx/mdps_order_info.html?code=312022041600066 HTTP/1.1" 200 23931
120.253.135.82 - - [16/Apr/2022:10:05:24 +0800] "GET /xingrg/javascript/easyui/themes/default/validatebox.css HTTP/1.1" 404 1104
120.253.135.82 - - [16/Apr/2022:10:05:24 +0800] "POST /xingrg/kc/pszx/mdps_order_operate.html HTTP/1.1" 200 2777
116.235.92.88 - - [16/Apr/2022:10:05:26 +0800] "GET /xingrg/all/function/internal_message.html?_=1650074890236&CODE_STATE=getMsg HTTP/1.1" 200 27
120.253.135.82 - - [16/Apr/2022:10:05:35 +0800] "POST /xingrg/kc/pszx/mdps_order_operate.html HTTP/1.1" 200 37
120.253.135.82 - - [16/Apr/2022:10:05:36 +0800] "GET /xingrg/kc/pszx/mdps_order_info.html?code=312022041600066 HTTP/1.1" 200 23931
120.253.135.82 - - [16/Apr/2022:10:05:37 +0800] "GET /xingrg/javascript/easyui/themes/default/validatebox.css HTTP/1.1" 404 1104
120.253.135.82 - - [16/Apr/2022:10:05:37 +0800] "POST /xingrg/kc/pszx/mdps_order_operate.html HTTP/1.1" 200 2777
120.253.135.82 - - [16/Apr/2022:10:05:39 +0800] "GET /xingrg/kc/print/load_data.html?order_code=312022041600066&kc_code=mdps&condition= HTTP/1.1" 200 923
58.39.201.47 - - [16/Apr/2022:10:05:39 +0800] "GET /xingrg/all/function/internal_message.html?_=1650074739670&CODE_STATE=getMsg HTTP/1.1" 200 27
58.39.201.47 - - [16/Apr/2022:10:06:11 +0800] "GET /xingrg/check_reg.html?_=1650074771155 HTTP/1.1" 200 22
116.235.92.88 - - [16/Apr/2022:10:06:26 +0800] "GET /xingrg/all/function/internal_message.html?_=1650074950235&CODE_STATE=getMsg HTTP/1.1" 200 27
58.39.201.47 - - [16/Apr/2022:10:06:39 +0800] "GET /xingrg/all/function/internal_message.html?_=1650074799668&CODE_STATE=getMsg HTTP/1.1" 200 27
116.235.92.88 - - [16/Apr/2022:10:07:26 +0800] "GET /xingrg/check_reg.html?_=1650075010226 HTTP/1.1" 200 22
116.235.92.88 - - [16/Apr/2022:10:07:26 +0800] "GET /xingrg/all/function/internal_message.html?_=1650075010227&CODE_STATE=getMsg HTTP/1.1" 200 27
58.39.201.47 - - [16/Apr/2022:10:07:39 +0800] "GET /xingrg/all/function/internal_message.html?_=1650074859641&CODE_STATE=getMsg HTTP/1.1" 200 27
116.235.92.88 - - [16/Apr/2022:10:08:26 +0800] "GET /xingrg/all/function/internal_message.html?_=1650075070225&CODE_STATE=getMsg HTTP/1.1" 200 27
58.39.201.47 - - [16/Apr/2022:10:08:39 +0800] "GET /xingrg/all/function/internal_message.html?_=1650074919612&CODE_STATE=getMsg HTTP/1.1" 200 27
120.253.135.82 - - [16/Apr/2022:10:08:52 +0800] "GET /xingrg/check_reg.html?_=1650074735091 HTTP/1.1" 200 22
218.81.223.53 - - [16/Apr/2022:10:09:01 +0800] "POST /xingrg/services/DataTransmitService HTTP/1.1" 200 524
218.81.223.53 - - [16/Apr/2022:10:09:02 +0800] "POST /xingrg/services/DataTransmitService HTTP/1.1" 200 412
116.235.92.88 - - [16/Apr/2022:10:09:26 +0800] "GET /xingrg/all/function/internal_message.html?_=1650075130239&CODE_STATE=getMsg HTTP/1.1" 200 27
58.39.201.47 - - [16/Apr/2022:10:09:39 +0800] "GET /xingrg/all/function/internal_message.html?_=1650074979584&CODE_STATE=getMsg HTTP/1.1" 200 27
116.235.92.88 - - [16/Apr/2022:10:10:26 +0800] "GET /xingrg/all/function/internal_message.html?_=1650075190237&CODE_STATE=getMsg HTTP/1.1" 200 27
58.39.201.47 - - [16/Apr/2022:10:10:39 +0800] "GET /xingrg/all/function/internal_message.html?_=1650075039558&CODE_STATE=getMsg HTTP/1.1" 200 27
58.39.201.47 - - [16/Apr/2022:10:11:11 +0800] "GET /xingrg/check_reg.html?_=1650075071151 HTTP/1.1" 200 22
116.235.92.88 - - [16/Apr/2022:10:11:16 +0800] "POST /xingrg/services/DataTransmitService HTTP/1.1" 200 524
116.235.92.88 - - [16/Apr/2022:10:11:26 +0800] "GET /xingrg/all/function/internal_message.html?_=1650075250236&CODE_STATE=getMsg HTTP/1.1" 200 27
58.39.201.47 - - [16/Apr/2022:10:11:39 +0800] "GET /xingrg/all/function/internal_message.html?_=1650075099535&CODE_STATE=getMsg HTTP/1.1" 200 27
116.235.92.88 - - [16/Apr/2022:10:12:26 +0800] "GET /xingrg/check_reg.html?_=1650075310234 HTTP/1.1" 200 22
116.235.92.88 - - [16/Apr/2022:10:12:26 +0800] "GET /xingrg/all/function/internal_message.html?_=1650075310235&CODE_STATE=getMsg HTTP/1.1" 200 27
58.39.201.47 - - [16/Apr/2022:10:12:39 +0800] "GET /xingrg/all/function/internal_message.html?_=1650075159504&CODE_STATE=getMsg HTTP/1.1" 200 27
116.235.92.88 - - [16/Apr/2022:10:13:26 +0800] "GET /xingrg/all/function/internal_message.html?_=1650075370232&CODE_STATE=getMsg HTTP/1.1" 200 27
58.39.201.47 - - [16/Apr/2022:10:13:39 +0800] "GET /xingrg/all/function/internal_message.html?_=1650075219475&CODE_STATE=getMsg HTTP/1.1" 200 27
120.253.135.82 - - [16/Apr/2022:10:13:52 +0800] "GET /xingrg/check_reg.html?_=1650075035090 HTTP/1.1" 200 22
116.235.92.88 - - [16/Apr/2022:10:14:26 +0800] "GET /xingrg/all/function/internal_message.html?_=1650075430230&CODE_STATE=getMsg HTTP/1.1" 200 27
58.39.201.47 - - [16/Apr/2022:10:14:39 +0800] "GET /xingrg/all/function/internal_message.html?_=1650075279444&CODE_STATE=getMsg HTTP/1.1" 200 27
116.235.92.88 - - [16/Apr/2022:10:15:26 +0800] "GET /xingrg/all/function/internal_message.html?_=1650075490228&CODE_STATE=getMsg HTTP/1.1" 200 27
58.39.201.47 - - [16/Apr/2022:10:15:39 +0800] "GET /xingrg/all/function/internal_message.html?_=1650075339415&CODE_STATE=getMsg HTTP/1.1" 200 27
58.39.201.47 - - [16/Apr/2022:10:16:11 +0800] "GET /xingrg/check_reg.html?_=1650075371125 HTTP/1.1" 200 22
116.235.92.88 - - [16/Apr/2022:10:16:26 +0800] "GET /xingrg/all/function/internal_message.html?_=1650075550226&CODE_STATE=getMsg HTTP/1.1" 200 27
58.39.201.47 - - [16/Apr/2022:10:16:39 +0800] "GET /xingrg/all/function/internal_message.html?_=1650075399385&CODE_STATE=getMsg HTTP/1.1" 200 27
116.235.92.88 - - [16/Apr/2022:10:17:26 +0800] "GET /xingrg/check_reg.html?_=1650075610227 HTTP/1.1" 200 22
116.235.92.88 - - [16/Apr/2022:10:17:26 +0800] "GET /xingrg/all/function/internal_message.html?_=1650075610225&CODE_STATE=getMsg HTTP/1.1" 200 27
58.39.201.47 - - [16/Apr/2022:10:17:39 +0800] "GET /xingrg/all/function/internal_message.html?_=1650075459358&CODE_STATE=getMsg HTTP/1.1" 200 27
116.235.92.88 - - [16/Apr/2022:10:18:26 +0800] "GET /xingrg/all/function/internal_message.html?_=1650075670250&CODE_STATE=getMsg HTTP/1.1" 200 27
58.39.201.47 - - [16/Apr/2022:10:18:39 +0800] "GET /xingrg/all/function/internal_message.html?_=1650075519338&CODE_STATE=getMsg HTTP/1.1" 200 27
120.253.135.82 - - [16/Apr/2022:10:18:52 +0800] "GET /xingrg/check_reg.html?_=1650075335099 HTTP/1.1" 200 22
116.235.92.88 - - [16/Apr/2022:10:19:26 +0800] "GET /xingrg/all/function/internal_message.html?_=1650075730264&CODE_STATE=getMsg HTTP/1.1" 200 27
58.39.201.47 - - [16/Apr/2022:10:19:39 +0800] "GET /xingrg/all/function/internal_message.html?_=1650075579311&CODE_STATE=getMsg HTTP/1.1" 200 27
116.235.92.88 - - [16/Apr/2022:10:20:26 +0800] "GET /xingrg/all/function/internal_message.html?_=1650075790263&CODE_STATE=getMsg HTTP/1.1" 200 27
58.39.201.47 - - [16/Apr/2022:10:20:39 +0800] "GET /xingrg/all/function/internal_message.html?_=1650075639282&CODE_STATE=getMsg HTTP/1.1" 200 27
120.253.135.82 - - [16/Apr/2022:10:21:04 +0800] "POST /xingrg/kc/pszx/mdps_order_operate.html HTTP/1.1" 200 37
120.253.135.82 - - [16/Apr/2022:10:21:06 +0800] "POST /xingrg/kc/pszx/mdps_order_operate.html HTTP/1.1" 200 12
58.39.201.47 - - [16/Apr/2022:10:21:11 +0800] "GET /xingrg/check_reg.html?_=1650075671094 HTTP/1.1" 200 22
120.253.135.82 - - [16/Apr/2022:10:21:16 +0800] "GET /xingrg/kc/pszx/mdps_order_info.html?code=312022041600066 HTTP/1.1" 200 19591
120.253.135.82 - - [16/Apr/2022:10:21:17 +0800] "POST /xingrg/kc/pszx/mdps_order_operate.html HTTP/1.1" 200 995
120.253.135.82 - - [16/Apr/2022:10:21:17 +0800] "GET /xingrg/javascript/easyui/themes/default/validatebox.css HTTP/1.1" 404 1104
120.253.135.82 - - [16/Apr/2022:10:21:19 +0800] "POST /xingrg/kc/pszx/mdps_list_operate.html HTTP/1.1" 200 2480
120.253.135.82 - - [16/Apr/2022:10:21:25 +0800] "POST /xingrg/kc/pszx/mdps_list_operate.html HTTP/1.1" 200 212
116.235.92.88 - - [16/Apr/2022:10:21:26 +0800] "GET /xingrg/all/function/internal_message.html?_=1650075850261&CODE_STATE=getMsg HTTP/1.1" 200 27
120.253.135.82 - - [16/Apr/2022:10:21:26 +0800] "GET /xingrg/kc/pszx/mdps_order_info.html?code=312022041500056 HTTP/1.1" 200 23941
120.253.135.82 - - [16/Apr/2022:10:21:27 +0800] "POST /xingrg/kc/pszx/mdps_order_operate.html HTTP/1.1" 200 2292
120.253.135.82 - - [16/Apr/2022:10:21:27 +0800] "GET /xingrg/javascript/easyui/themes/default/validatebox.css HTTP/1.1" 404 1104
120.253.135.82 - - [16/Apr/2022:10:21:31 +0800] "POST /xingrg/kc/pszx/mdps_order_operate.html HTTP/1.1" 200 37
120.253.135.82 - - [16/Apr/2022:10:21:32 +0800] "POST /xingrg/kc/pszx/mdps_order_operate.html HTTP/1.1" 200 12
58.39.201.47 - - [16/Apr/2022:10:21:39 +0800] "GET /xingrg/all/function/internal_message.html?_=1650075699260&CODE_STATE=getMsg HTTP/1.1" 200 27
120.253.135.82 - - [16/Apr/2022:10:21:50 +0800] "GET /xingrg/kc/pszx/mdps_order_info.html?code=312022041500056 HTTP/1.1" 200 19601
120.253.135.82 - - [16/Apr/2022:10:21:51 +0800] "POST /xingrg/kc/pszx/mdps_order_operate.html HTTP/1.1" 200 511
120.253.135.82 - - [16/Apr/2022:10:21:51 +0800] "GET /xingrg/javascript/easyui/themes/default/validatebox.css HTTP/1.1" 404 1104
120.253.135.82 - - [16/Apr/2022:10:21:55 +0800] "POST /xingrg/kc/pszx/mdps_list_operate.html HTTP/1.1" 200 2093
120.253.135.82 - - [16/Apr/2022:10:21:56 +0800] "POST /xingrg/kc/pszx/mdps_list_operate.html HTTP/1.1" 200 205
120.253.135.82 - - [16/Apr/2022:10:21:57 +0800] "GET /xingrg/kc/pszx/mdps_order_info.html?code=312022041500047 HTTP/1.1" 200 23941
120.253.135.82 - - [16/Apr/2022:10:21:57 +0800] "POST /xingrg/kc/pszx/mdps_order_operate.html HTTP/1.1" 200 2280
120.253.135.82 - - [16/Apr/2022:10:21:57 +0800] "GET /xingrg/javascript/easyui/themes/default/validatebox.css HTTP/1.1" 404 1104
120.253.135.82 - - [16/Apr/2022:10:22:02 +0800] "POST /xingrg/kc/pszx/mdps_order_operate.html HTTP/1.1" 200 37
120.253.135.82 - - [16/Apr/2022:10:22:03 +0800] "POST /xingrg/kc/pszx/mdps_order_operate.html HTTP/1.1" 200 12
120.253.135.82 - - [16/Apr/2022:10:22:17 +0800] "GET /xingrg/kc/pszx/mdps_order_info.html?code=312022041500047 HTTP/1.1" 200 19601
120.253.135.82 - - [16/Apr/2022:10:22:18 +0800] "POST /xingrg/kc/pszx/mdps_order_operate.html HTTP/1.1" 200 500
120.253.135.82 - - [16/Apr/2022:10:22:18 +0800] "GET /xingrg/javascript/easyui/themes/default/validatebox.css HTTP/1.1" 404 1104
120.253.135.82 - - [16/Apr/2022:10:22:20 +0800] "POST /xingrg/kc/pszx/mdps_list_operate.html HTTP/1.1" 200 1708
120.253.135.82 - - [16/Apr/2022:10:22:21 +0800] "POST /xingrg/kc/pszx/mdps_list_operate.html HTTP/1.1" 200 377
120.253.135.82 - - [16/Apr/2022:10:22:22 +0800] "GET /xingrg/kc/pszx/mdps_order_info.html?code=312022041500045 HTTP/1.1" 200 23941
120.253.135.82 - - [16/Apr/2022:10:22:22 +0800] "POST /xingrg/kc/pszx/mdps_order_operate.html HTTP/1.1" 200 3294
120.253.135.82 - - [16/Apr/2022:10:22:23 +0800] "GET /xingrg/javascript/easyui/themes/default/validatebox.css HTTP/1.1" 404 1104
116.235.92.88 - - [16/Apr/2022:10:22:26 +0800] "GET /xingrg/check_reg.html?_=1650075910254 HTTP/1.1" 200 22
116.235.92.88 - - [16/Apr/2022:10:22:26 +0800] "GET /xingrg/all/function/internal_message.html?_=1650075910255&CODE_STATE=getMsg HTTP/1.1" 200 27
120.253.135.82 - - [16/Apr/2022:10:22:26 +0800] "POST /xingrg/kc/pszx/mdps_order_operate.html HTTP/1.1" 200 37
120.253.135.82 - - [16/Apr/2022:10:22:28 +0800] "POST /xingrg/kc/pszx/mdps_order_operate.html HTTP/1.1" 200 12
58.39.201.47 - - [16/Apr/2022:10:22:39 +0800] "GET /xingrg/all/function/internal_message.html?_=1650075759229&CODE_STATE=getMsg HTTP/1.1" 200 27
120.253.135.82 - - [16/Apr/2022:10:22:52 +0800] "GET /xingrg/kc/pszx/mdps_order_info.html?code=312022041500045 HTTP/1.1" 200 19601
120.253.135.82 - - [16/Apr/2022:10:22:53 +0800] "POST /xingrg/kc/pszx/mdps_order_operate.html HTTP/1.1" 200 1501
120.253.135.82 - - [16/Apr/2022:10:22:53 +0800] "GET /xingrg/javascript/easyui/themes/default/validatebox.css HTTP/1.1" 404 1104
120.253.135.82 - - [16/Apr/2022:10:22:54 +0800] "POST /xingrg/kc/pszx/mdps_list_operate.html HTTP/1.1" 200 868
120.253.135.82 - - [16/Apr/2022:10:23:00 +0800] "POST /xingrg/kc/pszx/mdps_list_operate.html HTTP/1.1" 200 2787
120.253.135.82 - - [16/Apr/2022:10:23:04 +0800] "POST /xingrg/kc/pszx/mdps_list_operate.html HTTP/1.1" 200 209
120.253.135.82 - - [16/Apr/2022:10:23:04 +0800] "GET /xingrg/kc/pszx/mdps_order_info.html?code=312022041500062 HTTP/1.1" 200 23925
120.253.135.82 - - [16/Apr/2022:10:23:05 +0800] "POST /xingrg/kc/pszx/mdps_order_operate.html HTTP/1.1" 200 2286
120.253.135.82 - - [16/Apr/2022:10:23:05 +0800] "GET /xingrg/javascript/easyui/themes/default/validatebox.css HTTP/1.1" 404 1104
120.253.135.82 - - [16/Apr/2022:10:23:24 +0800] "POST /xingrg/kc/pszx/mdps_order_operate.html HTTP/1.1" 200 37
120.253.135.82 - - [16/Apr/2022:10:23:25 +0800] "GET /xingrg/kc/pszx/mdps_order_info.html?code=312022041500062 HTTP/1.1" 200 23931
120.253.135.82 - - [16/Apr/2022:10:23:25 +0800] "POST /xingrg/kc/pszx/mdps_order_operate.html HTTP/1.1" 200 2286
120.253.135.82 - - [16/Apr/2022:10:23:25 +0800] "GET /xingrg/javascript/easyui/themes/default/validatebox.css HTTP/1.1" 404 1104
116.235.92.88 - - [16/Apr/2022:10:23:26 +0800] "GET /xingrg/all/function/internal_message.html?_=1650075970253&CODE_STATE=getMsg HTTP/1.1" 200 27
120.253.135.82 - - [16/Apr/2022:10:23:26 +0800] "POST /xingrg/kc/pszx/mdps_list_operate.html HTTP/1.1" 200 2796
58.39.201.47 - - [16/Apr/2022:10:23:39 +0800] "GET /xingrg/all/function/internal_message.html?_=1650075819205&CODE_STATE=getMsg HTTP/1.1" 200 27
120.253.135.82 - - [16/Apr/2022:10:23:40 +0800] "POST /xingrg/kc/pszx/mdps_list_operate.html HTTP/1.1" 200 209
120.253.135.82 - - [16/Apr/2022:10:23:41 +0800] "GET /xingrg/kc/pszx/mdps_order_info.html?code=312022041500062 HTTP/1.1" 200 23931
120.253.135.82 - - [16/Apr/2022:10:23:41 +0800] "POST /xingrg/kc/pszx/mdps_order_operate.html HTTP/1.1" 200 2286
120.253.135.82 - - [16/Apr/2022:10:23:41 +0800] "GET /xingrg/javascript/easyui/themes/default/validatebox.css HTTP/1.1" 404 1104
120.253.135.82 - - [16/Apr/2022:10:23:48 +0800] "POST /xingrg/kc/pszx/mdps_list_operate.html HTTP/1.1" 200 1690
120.253.135.82 - - [16/Apr/2022:10:23:52 +0800] "GET /xingrg/check_reg.html?_=1650075635117 HTTP/1.1" 200 22
120.253.135.82 - - [16/Apr/2022:10:23:53 +0800] "POST /xingrg/kc/pszx/mdps_list_operate.html HTTP/1.1" 200 209
120.253.135.82 - - [16/Apr/2022:10:23:54 +0800] "GET /xingrg/kc/pszx/mdps_order_info.html?code=312022041500063 HTTP/1.1" 200 23931
120.253.135.82 - - [16/Apr/2022:10:23:55 +0800] "POST /xingrg/kc/pszx/mdps_order_operate.html HTTP/1.1" 200 2286
120.253.135.82 - - [16/Apr/2022:10:23:55 +0800] "GET /xingrg/javascript/easyui/themes/default/validatebox.css HTTP/1.1" 404 1104
120.253.135.82 - - [16/Apr/2022:10:23:56 +0800] "POST /xingrg/kc/pszx/mdps_list_operate.html HTTP/1.1" 200 1690
116.235.92.88 - - [16/Apr/2022:10:24:26 +0800] "GET /xingrg/all/function/internal_message.html?_=1650076030251&CODE_STATE=getMsg HTTP/1.1" 200 27
58.39.201.47 - - [16/Apr/2022:10:24:39 +0800] "GET /xingrg/all/function/internal_message.html?_=1650075879186&CODE_STATE=getMsg HTTP/1.1" 200 27
116.235.92.88 - - [16/Apr/2022:10:25:26 +0800] "GET /xingrg/all/function/internal_message.html?_=1650076090249&CODE_STATE=getMsg HTTP/1.1" 200 27
58.39.201.47 - - [16/Apr/2022:10:25:39 +0800] "GET /xingrg/all/function/internal_message.html?_=1650075939161&CODE_STATE=getMsg HTTP/1.1" 200 27
58.39.201.47 - - [16/Apr/2022:10:26:11 +0800] "GET /xingrg/check_reg.html?_=1650075971070 HTTP/1.1" 200 22
116.235.92.88 - - [16/Apr/2022:10:26:26 +0800] "GET /xingrg/all/function/internal_message.html?_=1650076150263&CODE_STATE=getMsg HTTP/1.1" 200 27
58.39.201.47 - - [16/Apr/2022:10:26:39 +0800] "GET /xingrg/all/function/internal_message.html?_=1650075999140&CODE_STATE=getMsg HTTP/1.1" 200 27
116.235.92.88 - - [16/Apr/2022:10:27:26 +0800] "GET /xingrg/check_reg.html?_=1650076210258 HTTP/1.1" 200 22
116.235.92.88 - - [16/Apr/2022:10:27:26 +0800] "GET /xingrg/all/function/internal_message.html?_=1650076210259&CODE_STATE=getMsg HTTP/1.1" 200 27
58.39.201.47 - - [16/Apr/2022:10:27:39 +0800] "GET /xingrg/all/function/internal_message.html?_=1650076059122&CODE_STATE=getMsg HTTP/1.1" 200 27
116.235.92.88 - - [16/Apr/2022:10:28:26 +0800] "GET /xingrg/all/function/internal_message.html?_=1650076270256&CODE_STATE=getMsg HTTP/1.1" 200 27
58.39.201.47 - - [16/Apr/2022:10:28:39 +0800] "GET /xingrg/all/function/internal_message.html?_=1650076119094&CODE_STATE=getMsg HTTP/1.1" 200 27
120.253.135.82 - - [16/Apr/2022:10:28:52 +0800] "GET /xingrg/check_reg.html?_=1650075935122 HTTP/1.1" 200 22
116.235.92.88 - - [16/Apr/2022:10:29:26 +0800] "GET /xingrg/all/function/internal_message.html?_=1650076330254&CODE_STATE=getMsg HTTP/1.1" 200 27
58.39.201.47 - - [16/Apr/2022:10:29:39 +0800] "GET /xingrg/all/function/internal_message.html?_=1650076179070&CODE_STATE=getMsg HTTP/1.1" 200 27
116.235.92.88 - - [16/Apr/2022:10:30:26 +0800] "GET /xingrg/all/function/internal_message.html?_=1650076390252&CODE_STATE=getMsg HTTP/1.1" 200 27
58.39.201.47 - - [16/Apr/2022:10:30:39 +0800] "GET /xingrg/all/function/internal_message.html?_=1650076239040&CODE_STATE=getMsg HTTP/1.1" 200 27
58.39.201.47 - - [16/Apr/2022:10:31:11 +0800] "GET /xingrg/check_reg.html?_=1650076271040 HTTP/1.1" 200 22
116.235.92.88 - - [16/Apr/2022:10:31:26 +0800] "GET /xingrg/all/function/internal_message.html?_=1650076450252&CODE_STATE=getMsg HTTP/1.1" 200 27
58.39.201.47 - - [16/Apr/2022:10:31:39 +0800] "GET /xingrg/all/function/internal_message.html?_=1650076299040&CODE_STATE=getMsg HTTP/1.1" 200 27
116.235.92.88 - - [16/Apr/2022:10:32:26 +0800] "GET /xingrg/all/function/internal_message.html?_=1650076510251&CODE_STATE=getMsg HTTP/1.1" 200 27
116.235.92.88 - - [16/Apr/2022:10:32:26 +0800] "GET /xingrg/check_reg.html?_=1650076510252 HTTP/1.1" 200 22
58.39.201.47 - - [16/Apr/2022:10:32:39 +0800] "GET /xingrg/all/function/internal_message.html?_=1650076359021&CODE_STATE=getMsg HTTP/1.1" 200 27
116.235.92.88 - - [16/Apr/2022:10:33:26 +0800] "GET /xingrg/all/function/internal_message.html?_=1650076570249&CODE_STATE=getMsg HTTP/1.1" 200 27
58.39.201.47 - - [16/Apr/2022:10:33:39 +0800] "GET /xingrg/all/function/internal_message.html?_=1650076418994&CODE_STATE=getMsg HTTP/1.1" 200 27
120.253.135.82 - - [16/Apr/2022:10:33:54 +0800] "GET /xingrg/check_reg.html?_=1650076235190 HTTP/1.1" 200 22
116.235.92.88 - - [16/Apr/2022:10:34:26 +0800] "GET /xingrg/all/function/internal_message.html?_=1650076630264&CODE_STATE=getMsg HTTP/1.1" 200 27
58.39.201.47 - - [16/Apr/2022:10:34:39 +0800] "GET /xingrg/all/function/internal_message.html?_=1650076478965&CODE_STATE=getMsg HTTP/1.1" 200 27
116.235.92.88 - - [16/Apr/2022:10:35:26 +0800] "GET /xingrg/all/function/internal_message.html?_=1650076690289&CODE_STATE=getMsg HTTP/1.1" 200 27
58.39.201.47 - - [16/Apr/2022:10:35:39 +0800] "GET /xingrg/all/function/internal_message.html?_=1650076538946&CODE_STATE=getMsg HTTP/1.1" 200 27
58.39.201.47 - - [16/Apr/2022:10:36:11 +0800] "GET /xingrg/check_reg.html?_=1650076571046 HTTP/1.1" 200 22
116.235.92.88 - - [16/Apr/2022:10:36:26 +0800] "GET /xingrg/all/function/internal_message.html?_=1650076750287&CODE_STATE=getMsg HTTP/1.1" 200 27
58.39.201.47 - - [16/Apr/2022:10:36:39 +0800] "GET /xingrg/all/function/internal_message.html?_=1650076598919&CODE_STATE=getMsg HTTP/1.1" 200 27
116.235.92.88 - - [16/Apr/2022:10:37:26 +0800] "GET /xingrg/check_reg.html?_=1650076810285 HTTP/1.1" 200 22
116.235.92.88 - - [16/Apr/2022:10:37:26 +0800] "GET /xingrg/all/function/internal_message.html?_=1650076810286&CODE_STATE=getMsg HTTP/1.1" 200 27
58.39.201.47 - - [16/Apr/2022:10:37:39 +0800] "GET /xingrg/all/function/internal_message.html?_=1650076658893&CODE_STATE=getMsg HTTP/1.1" 200 27
116.230.110.173 - - [16/Apr/2022:10:37:52 +0800] "POST /xingrg/services/DataTransmitService HTTP/1.1" 200 524
116.235.92.88 - - [16/Apr/2022:10:38:26 +0800] "GET /xingrg/all/function/internal_message.html?_=1650076870285&CODE_STATE=getMsg HTTP/1.1" 200 27
58.39.61.91 - - [16/Apr/2022:10:38:38 +0800] "POST /xingrg/services/DataTransmitService HTTP/1.1" 200 524
58.39.201.47 - - [16/Apr/2022:10:38:39 +0800] "GET /xingrg/all/function/internal_message.html?_=1650076718871&CODE_STATE=getMsg HTTP/1.1" 200 27
120.253.135.82 - - [16/Apr/2022:10:38:53 +0800] "GET /xingrg/check_reg.html?_=1650076536147 HTTP/1.1" 200 22
222.70.180.114 - - [16/Apr/2022:10:39:13 +0800] "POST /xingrg/services/DataTransmitService HTTP/1.1" 200 524
116.235.92.88 - - [16/Apr/2022:10:39:26 +0800] "GET /xingrg/all/function/internal_message.html?_=1650076930283&CODE_STATE=getMsg HTTP/1.1" 200 27
58.39.201.47 - - [16/Apr/2022:10:39:39 +0800] "GET /xingrg/all/function/internal_message.html?_=1650076778846&CODE_STATE=getMsg HTTP/1.1" 200 27
58.39.201.47 - - [16/Apr/2022:10:40:13 +0800] "POST /xingrg/services/DataTransmitService HTTP/1.1" 200 524
58.39.201.47 - - [16/Apr/2022:10:40:14 +0800] "POST /xingrg/services/DataTransmitService HTTP/1.1" 200 501
116.235.92.88 - - [16/Apr/2022:10:40:26 +0800] "GET /xingrg/all/function/internal_message.html?_=1650076990285&CODE_STATE=getMsg HTTP/1.1" 200 27
58.39.201.47 - - [16/Apr/2022:10:40:39 +0800] "GET /xingrg/all/function/internal_message.html?_=1650076838823&CODE_STATE=getMsg HTTP/1.1" 200 27
58.39.201.47 - - [16/Apr/2022:10:41:11 +0800] "GET /xingrg/check_reg.html?_=1650076871017 HTTP/1.1" 200 22
116.235.92.88 - - [16/Apr/2022:10:41:26 +0800] "GET /xingrg/all/function/internal_message.html?_=1650077050283&CODE_STATE=getMsg HTTP/1.1" 200 27
58.39.201.47 - - [16/Apr/2022:10:41:39 +0800] "GET /xingrg/all/function/internal_message.html?_=1650076898803&CODE_STATE=getMsg HTTP/1.1" 200 27
116.235.92.88 - - [16/Apr/2022:10:42:26 +0800] "GET /xingrg/all/function/internal_message.html?_=1650077110282&CODE_STATE=getMsg HTTP/1.1" 200 27
116.235.92.88 - - [16/Apr/2022:10:42:26 +0800] "GET /xingrg/check_reg.html?_=1650077110283 HTTP/1.1" 200 22
58.39.201.47 - - [16/Apr/2022:10:42:38 +0800] "GET /xingrg/all/function/internal_message.html?_=1650076958779&CODE_STATE=getMsg HTTP/1.1" 200 27
114.88.156.203 - - [16/Apr/2022:10:43:07 +0800] "POST /xingrg/services/DataTransmitService HTTP/1.1" 200 524
116.235.92.88 - - [16/Apr/2022:10:43:26 +0800] "GET /xingrg/all/function/internal_message.html?_=1650077170282&CODE_STATE=getMsg HTTP/1.1" 200 27
58.39.201.47 - - [16/Apr/2022:10:43:38 +0800] "GET /xingrg/all/function/internal_message.html?_=1650077018752&CODE_STATE=getMsg HTTP/1.1" 200 27
120.253.135.82 - - [16/Apr/2022:10:43:53 +0800] "GET /xingrg/check_reg.html?_=1650076836157 HTTP/1.1" 200 22
116.235.92.88 - - [16/Apr/2022:10:44:26 +0800] "GET /xingrg/all/function/internal_message.html?_=1650077230280&CODE_STATE=getMsg HTTP/1.1" 200 27
58.39.201.47 - - [16/Apr/2022:10:44:38 +0800] "GET /xingrg/all/function/internal_message.html?_=1650077078722&CODE_STATE=getMsg HTTP/1.1" 200 27
116.235.92.88 - - [16/Apr/2022:10:45:26 +0800] "GET /xingrg/all/function/internal_message.html?_=1650077290279&CODE_STATE=getMsg HTTP/1.1" 200 27
58.39.201.47 - - [16/Apr/2022:10:45:38 +0800] "GET /xingrg/all/function/internal_message.html?_=1650077138694&CODE_STATE=getMsg HTTP/1.1" 200 27
58.39.201.47 - - [16/Apr/2022:10:46:11 +0800] "GET /xingrg/check_reg.html?_=1650077170987 HTTP/1.1" 200 22
116.235.92.88 - - [16/Apr/2022:10:46:26 +0800] "GET /xingrg/all/function/internal_message.html?_=1650077350277&CODE_STATE=getMsg HTTP/1.1" 200 27
58.39.201.47 - - [16/Apr/2022:10:46:38 +0800] "GET /xingrg/all/function/internal_message.html?_=1650077198662&CODE_STATE=getMsg HTTP/1.1" 200 27
120.253.135.82 - - [16/Apr/2022:10:46:58 +0800] "POST /xingrg/kc/pszx/mdps_list_operate.html HTTP/1.1" 200 1690
120.253.135.82 - - [16/Apr/2022:10:47:00 +0800] "GET /xingrg/kc/pszx/mdps_order_add.html HTTP/1.1" 200 28988
120.253.135.82 - - [16/Apr/2022:10:47:01 +0800] "POST /xingrg/kc/pszx/mdps_order_operate.html HTTP/1.1" 200 7126
120.253.135.82 - - [16/Apr/2022:10:47:01 +0800] "GET /xingrg/javascript/easyui/themes/default/validatebox.css HTTP/1.1" 404 1104
120.253.135.82 - - [16/Apr/2022:10:47:13 +0800] "POST /xingrg/all/common/load_combo.html?type=base HTTP/1.1" 200 1075
116.235.92.88 - - [16/Apr/2022:10:47:26 +0800] "GET /xingrg/all/function/internal_message.html?_=1650077410291&CODE_STATE=getMsg HTTP/1.1" 200 27
116.235.92.88 - - [16/Apr/2022:10:47:26 +0800] "GET /xingrg/check_reg.html?_=1650077410291 HTTP/1.1" 200 22
58.39.201.47 - - [16/Apr/2022:10:47:38 +0800] "GET /xingrg/all/function/internal_message.html?_=1650077258643&CODE_STATE=getMsg HTTP/1.1" 200 27
120.253.135.82 - - [16/Apr/2022:10:47:40 +0800] "GET /xingrg/kc/pszx/mdps_order_operate.html?command=get_materiel&pszx_code=00101&rest_code=00141&base_code=0010246&code=00101019063 HTTP/1.1" 200 446
120.253.135.82 - - [16/Apr/2022:10:47:42 +0800] "POST /xingrg/all/common/load_select.html HTTP/1.1" 200 25
120.253.135.82 - - [16/Apr/2022:10:47:44 +0800] "GET /xingrg/kc/pszx/mdps_order_operate.html?command=get_materiel_price&pszx_code=00101&rest_code=00141&base_code=0010246&code=00101019063&unit_code=00100088&order_time=2022-04-16 HTTP/1.1" 200 35
120.253.135.82 - - [16/Apr/2022:10:47:59 +0800] "GET /xingrg/kc/pszx/mdps_order_operate.html?command=get_materiel&pszx_code=00101&rest_code=00141&base_code=0010246&code=00101019131 HTTP/1.1" 200 440
120.253.135.82 - - [16/Apr/2022:10:48:09 +0800] "GET /xingrg/kc/pszx/mdps_order_operate.html?command=get_materiel&pszx_code=00101&rest_code=00141&base_code=0010246&code=00101019184 HTTP/1.1" 200 443
120.253.135.82 - - [16/Apr/2022:10:48:11 +0800] "POST /xingrg/all/common/load_select.html HTTP/1.1" 200 25
120.253.135.82 - - [16/Apr/2022:10:48:12 +0800] "GET /xingrg/kc/pszx/mdps_order_operate.html?command=get_materiel_price&pszx_code=00101&rest_code=00141&base_code=0010246&code=00101019184&unit_code=00100037&order_time=2022-04-16 HTTP/1.1" 200 35
120.253.135.82 - - [16/Apr/2022:10:48:22 +0800] "GET /xingrg/kc/pszx/mdps_order_operate.html?command=get_materiel&pszx_code=00101&rest_code=00141&base_code=0010246&code=00101019133 HTTP/1.1" 200 479
120.253.135.82 - - [16/Apr/2022:10:48:24 +0800] "POST /xingrg/all/common/load_select.html HTTP/1.1" 200 25
120.253.135.82 - - [16/Apr/2022:10:48:25 +0800] "GET /xingrg/kc/pszx/mdps_order_operate.html?command=get_materiel_price&pszx_code=00101&rest_code=00141&base_code=0010246&code=00101019133&unit_code=00100189&order_time=2022-04-16 HTTP/1.1" 200 35
116.235.92.88 - - [16/Apr/2022:10:48:26 +0800] "GET /xingrg/all/function/internal_message.html?_=1650077470286&CODE_STATE=getMsg HTTP/1.1" 200 27
120.253.135.82 - - [16/Apr/2022:10:48:31 +0800] "POST /xingrg/kc/pszx/mdps_order_operate.html HTTP/1.1" 200 37
120.253.135.82 - - [16/Apr/2022:10:48:32 +0800] "GET /xingrg/kc/pszx/mdps_order_info.html?code=312022041600067 HTTP/1.1" 200 23931
120.253.135.82 - - [16/Apr/2022:10:48:33 +0800] "POST /xingrg/kc/pszx/mdps_order_operate.html HTTP/1.1" 200 3835
120.253.135.82 - - [16/Apr/2022:10:48:33 +0800] "GET /xingrg/javascript/easyui/themes/default/validatebox.css HTTP/1.1" 404 1104
120.253.135.82 - - [16/Apr/2022:10:48:35 +0800] "GET /xingrg/kc/print/load_data.html?order_code=312022041600067&kc_code=mdps&condition= HTTP/1.1" 200 1437
58.39.201.47 - - [16/Apr/2022:10:48:38 +0800] "GET /xingrg/all/function/internal_message.html?_=1650077318613&CODE_STATE=getMsg HTTP/1.1" 200 27
120.253.135.82 - - [16/Apr/2022:10:48:43 +0800] "POST /xingrg/kc/pszx/mdps_list_operate.html HTTP/1.1" 200 2063
120.253.135.82 - - [16/Apr/2022:10:48:44 +0800] "POST /xingrg/kc/pszx/mdps_list_operate.html HTTP/1.1" 200 209
120.253.135.82 - - [16/Apr/2022:10:48:45 +0800] "GET /xingrg/kc/pszx/mdps_order_info.html?code=312022041500063 HTTP/1.1" 200 23931
120.253.135.82 - - [16/Apr/2022:10:48:46 +0800] "POST /xingrg/kc/pszx/mdps_order_operate.html HTTP/1.1" 200 2286
120.253.135.82 - - [16/Apr/2022:10:48:46 +0800] "GET /xingrg/javascript/easyui/themes/default/validatebox.css HTTP/1.1" 404 1104
120.253.135.82 - - [16/Apr/2022:10:48:48 +0800] "GET /xingrg/kc/print/load_data.html?order_code=312022041500063&kc_code=mdps&condition= HTTP/1.1" 200 676
120.253.135.82 - - [16/Apr/2022:10:48:53 +0800] "GET /xingrg/check_reg.html?_=1650077136158 HTTP/1.1" 200 22
116.235.92.88 - - [16/Apr/2022:10:49:26 +0800] "GET /xingrg/all/function/internal_message.html?_=1650077530283&CODE_STATE=getMsg HTTP/1.1" 200 27
58.39.201.47 - - [16/Apr/2022:10:49:38 +0800] "GET /xingrg/all/function/internal_message.html?_=1650077378593&CODE_STATE=getMsg HTTP/1.1" 200 27
116.235.92.88 - - [16/Apr/2022:10:50:26 +0800] "GET /xingrg/all/function/internal_message.html?_=1650077590281&CODE_STATE=getMsg HTTP/1.1" 200 27
180.157.251.97 - - [16/Apr/2022:10:50:33 +0800] "POST /xingrg/services/DataTransmitService HTTP/1.1" 200 524
58.39.201.47 - - [16/Apr/2022:10:50:38 +0800] "GET /xingrg/all/function/internal_message.html?_=1650077438573&CODE_STATE=getMsg HTTP/1.1" 200 27
58.39.201.47 - - [16/Apr/2022:10:51:11 +0800] "GET /xingrg/check_reg.html?_=1650077470968 HTTP/1.1" 200 22
116.235.92.88 - - [16/Apr/2022:10:51:26 +0800] "GET /xingrg/all/function/internal_message.html?_=1650077650279&CODE_STATE=getMsg HTTP/1.1" 200 27
58.39.201.47 - - [16/Apr/2022:10:51:38 +0800] "GET /xingrg/all/function/internal_message.html?_=1650077498549&CODE_STATE=getMsg HTTP/1.1" 200 27
116.235.92.88 - - [16/Apr/2022:10:52:26 +0800] "GET /xingrg/all/function/internal_message.html?_=1650077710303&CODE_STATE=getMsg HTTP/1.1" 200 27
116.235.92.88 - - [16/Apr/2022:10:52:26 +0800] "GET /xingrg/check_reg.html?_=1650077710304 HTTP/1.1" 200 22
58.39.201.47 - - [16/Apr/2022:10:52:38 +0800] "GET /xingrg/all/function/internal_message.html?_=1650077558519&CODE_STATE=getMsg HTTP/1.1" 200 27
116.235.92.88 - - [16/Apr/2022:10:53:26 +0800] "GET /xingrg/all/function/internal_message.html?_=1650077770315&CODE_STATE=getMsg HTTP/1.1" 200 27
58.39.201.47 - - [16/Apr/2022:10:53:38 +0800] "GET /xingrg/all/function/internal_message.html?_=1650077618501&CODE_STATE=getMsg HTTP/1.1" 200 27
120.253.135.82 - - [16/Apr/2022:10:53:53 +0800] "GET /xingrg/check_reg.html?_=1650077436168 HTTP/1.1" 200 22
116.235.92.88 - - [16/Apr/2022:10:54:26 +0800] "GET /xingrg/all/function/internal_message.html?_=1650077830314&CODE_STATE=getMsg HTTP/1.1" 200 27
58.39.201.47 - - [16/Apr/2022:10:54:38 +0800] "GET /xingrg/all/function/internal_message.html?_=1650077678482&CODE_STATE=getMsg HTTP/1.1" 200 27
116.235.92.88 - - [16/Apr/2022:10:55:26 +0800] "GET /xingrg/all/function/internal_message.html?_=1650077890312&CODE_STATE=getMsg HTTP/1.1" 200 27
120.253.135.82 - - [16/Apr/2022:10:55:29 +0800] "POST /xingrg/kc/pszx/mdps_list_operate.html HTTP/1.1" 200 2063
120.253.135.82 - - [16/Apr/2022:10:55:33 +0800] "POST /xingrg/kc/pszx/mdps_list_operate.html HTTP/1.1" 200 209
120.253.135.82 - - [16/Apr/2022:10:55:34 +0800] "GET /xingrg/kc/pszx/mdps_order_info.html?code=312022041500063 HTTP/1.1" 200 23931
120.253.135.82 - - [16/Apr/2022:10:55:34 +0800] "POST /xingrg/kc/pszx/mdps_order_operate.html HTTP/1.1" 200 2286
120.253.135.82 - - [16/Apr/2022:10:55:34 +0800] "GET /xingrg/javascript/easyui/themes/default/validatebox.css HTTP/1.1" 404 1104
58.39.201.47 - - [16/Apr/2022:10:55:38 +0800] "GET /xingrg/all/function/internal_message.html?_=1650077738450&CODE_STATE=getMsg HTTP/1.1" 200 27
120.253.135.82 - - [16/Apr/2022:10:55:38 +0800] "POST /xingrg/kc/pszx/mdps_order_operate.html HTTP/1.1" 200 37
120.253.135.82 - - [16/Apr/2022:10:55:40 +0800] "POST /xingrg/kc/pszx/mdps_order_operate.html HTTP/1.1" 200 12
120.253.135.82 - - [16/Apr/2022:10:55:47 +0800] "GET /xingrg/kc/pszx/mdps_order_info.html?code=312022041500063 HTTP/1.1" 200 19591
120.253.135.82 - - [16/Apr/2022:10:55:47 +0800] "POST /xingrg/kc/pszx/mdps_order_operate.html HTTP/1.1" 200 505
120.253.135.82 - - [16/Apr/2022:10:55:47 +0800] "GET /xingrg/javascript/easyui/themes/default/validatebox.css HTTP/1.1" 404 1104
120.253.135.82 - - [16/Apr/2022:10:55:49 +0800] "POST /xingrg/kc/pszx/mdps_list_operate.html HTTP/1.1" 200 1692
120.253.135.82 - - [16/Apr/2022:10:55:50 +0800] "POST /xingrg/kc/pszx/mdps_list_operate.html HTTP/1.1" 200 468
120.253.135.82 - - [16/Apr/2022:10:55:51 +0800] "GET /xingrg/kc/pszx/mdps_order_info.html?code=312022041600067 HTTP/1.1" 200 23931
120.253.135.82 - - [16/Apr/2022:10:55:52 +0800] "POST /xingrg/kc/pszx/mdps_order_operate.html HTTP/1.1" 200 3835
120.253.135.82 - - [16/Apr/2022:10:55:52 +0800] "GET /xingrg/javascript/easyui/themes/default/validatebox.css HTTP/1.1" 404 1104
120.253.135.82 - - [16/Apr/2022:10:55:55 +0800] "POST /xingrg/kc/pszx/mdps_order_operate.html HTTP/1.1" 200 37
120.253.135.82 - - [16/Apr/2022:10:55:57 +0800] "POST /xingrg/kc/pszx/mdps_order_operate.html HTTP/1.1" 200 12
120.253.135.82 - - [16/Apr/2022:10:55:58 +0800] "GET /xingrg/kc/pszx/mdps_order_info.html?code=312022041600067 HTTP/1.1" 200 19591
120.253.135.82 - - [16/Apr/2022:10:55:58 +0800] "POST /xingrg/kc/pszx/mdps_order_operate.html HTTP/1.1" 200 2044
120.253.135.82 - - [16/Apr/2022:10:55:58 +0800] "GET /xingrg/javascript/easyui/themes/default/validatebox.css HTTP/1.1" 404 1104
120.253.135.82 - - [16/Apr/2022:10:56:00 +0800] "POST /xingrg/kc/pszx/mdps_list_operate.html HTTP/1.1" 200 868
58.39.201.47 - - [16/Apr/2022:10:56:11 +0800] "GET /xingrg/check_reg.html?_=1650077770949 HTTP/1.1" 200 22
116.235.92.88 - - [16/Apr/2022:10:56:26 +0800] "GET /xingrg/all/function/internal_message.html?_=1650077950311&CODE_STATE=getMsg HTTP/1.1" 200 27
58.39.201.47 - - [16/Apr/2022:10:56:38 +0800] "GET /xingrg/all/function/internal_message.html?_=1650077798433&CODE_STATE=getMsg HTTP/1.1" 200 27
116.235.92.88 - - [16/Apr/2022:10:57:26 +0800] "GET /xingrg/check_reg.html?_=1650078010310 HTTP/1.1" 200 22
116.235.92.88 - - [16/Apr/2022:10:57:26 +0800] "GET /xingrg/all/function/internal_message.html?_=1650078010311&CODE_STATE=getMsg HTTP/1.1" 200 27
58.39.201.47 - - [16/Apr/2022:10:57:38 +0800] "GET /xingrg/all/function/internal_message.html?_=1650077858438&CODE_STATE=getMsg HTTP/1.1" 200 27
58.40.7.146 - - [16/Apr/2022:10:57:41 +0800] "POST /xingrg/services/DataTransmitService HTTP/1.1" 200 524
120.253.135.82 - - [16/Apr/2022:10:58:00 +0800] "GET /xingrg/kc/pszx/mdqp_order_list.html?state=10 HTTP/1.1" 200 10217
120.253.135.82 - - [16/Apr/2022:10:58:00 +0800] "GET /xingrg/dwr/interface/AjaxQqpsService.js HTTP/1.1" 200 16326
120.253.135.82 - - [16/Apr/2022:10:58:00 +0800] "GET /xingrg/css/blue.css HTTP/1.1" 200 15949
120.253.135.82 - - [16/Apr/2022:10:58:00 +0800] "GET /xingrg/dwr/interface/AjaxReportQueryService.js HTTP/1.1" 200 13203
120.253.135.82 - - [16/Apr/2022:10:58:00 +0800] "GET /xingrg/dwr/engine.js HTTP/1.1" 200 43631
120.253.135.82 - - [16/Apr/2022:10:58:00 +0800] "GET /xingrg/javascript/Calendar.js HTTP/1.1" 200 31561
120.253.135.82 - - [16/Apr/2022:10:58:00 +0800] "GET /xingrg/dwr/util.js HTTP/1.1" 200 35990
120.253.135.82 - - [16/Apr/2022:10:58:00 +0800] "GET /xingrg/javascript/jquery_easy_ui/themes/icon.css HTTP/1.1" 200 3949
120.253.135.82 - - [16/Apr/2022:10:58:00 +0800] "GET /xingrg/javascript/jquery_easy_ui/themes/default/easyui.css HTTP/1.1" 200 26500
120.253.135.82 - - [16/Apr/2022:10:58:00 +0800] "GET /xingrg/javascript/jquery_easy_ui/themes/icons/uncheck_new.png HTTP/1.1" 200 3197
120.253.135.82 - - [16/Apr/2022:10:58:00 +0800] "GET /xingrg/javascript/jquery_easy_ui/themes/icons/back_new.png HTTP/1.1" 200 3414
120.253.135.82 - - [16/Apr/2022:10:58:00 +0800] "GET /xingrg/javascript/jquery_easy_ui/themes/icons/check_new.png HTTP/1.1" 200 3224
120.253.135.82 - - [16/Apr/2022:10:58:03 +0800] "GET /xingrg/javascript/jquery_tools/fix.css HTTP/1.1" 200 1702
120.253.135.82 - - [16/Apr/2022:10:58:03 +0800] "GET /xingrg/javascript/jquery_tools/table.css HTTP/1.1" 200 1032
120.253.135.82 - - [16/Apr/2022:10:58:03 +0800] "GET /xingrg/javascript/jquery_tools/jquery.tools.table.js HTTP/1.1" 200 6994
120.253.135.82 - - [16/Apr/2022:10:58:03 +0800] "GET /xingrg/javascript/jquery_tools/list_manager.js HTTP/1.1" 200 3652
120.253.135.82 - - [16/Apr/2022:10:58:03 +0800] "GET /xingrg/kc/pszx/mdps_order_list.html?orderType=0 HTTP/1.1" 200 20966
120.253.135.82 - - [16/Apr/2022:10:58:03 +0800] "GET /xingrg/javascript/jquery.cookie.js HTTP/1.1" 200 5513
120.253.135.82 - - [16/Apr/2022:10:58:04 +0800] "GET /xingrg/javascript/easyui/themes/icons/import_new.png HTTP/1.1" 200 1247
120.253.135.82 - - [16/Apr/2022:10:58:04 +0800] "GET /xingrg/javascript/easyui/themes/icons/field_new.png HTTP/1.1" 200 1097
120.253.135.82 - - [16/Apr/2022:10:58:04 +0800] "GET /xingrg/javascript/easyui/themes/icons/edit_add_new.png HTTP/1.1" 200 2997
120.253.135.82 - - [16/Apr/2022:10:58:04 +0800] "GET /xingrg/javascript/easyui/themes/icons/cance_new.png HTTP/1.1" 200 3986
120.253.135.82 - - [16/Apr/2022:10:58:04 +0800] "GET /xingrg/javascript/easyui/themes/icons/uncheck_new.png HTTP/1.1" 200 3197
120.253.135.82 - - [16/Apr/2022:10:58:04 +0800] "GET /xingrg/images/control/ajaxLoader.gif HTTP/1.1" 200 4659
120.253.135.82 - - [16/Apr/2022:10:58:04 +0800] "POST /xingrg/kc/pszx/mdps_list_operate.html HTTP/1.1" 200 5033
120.253.135.82 - - [16/Apr/2022:10:58:14 +0800] "POST /xingrg/kc/pszx/mdps_list_operate.html HTTP/1.1" 200 2065
120.253.135.82 - - [16/Apr/2022:10:58:15 +0800] "POST /xingrg/kc/pszx/mdps_list_operate.html HTTP/1.1" 200 277
120.253.135.82 - - [16/Apr/2022:10:58:19 +0800] "POST /xingrg/kc/pszx/mdps_list_operate.html HTTP/1.1" 200 645
120.253.135.82 - - [16/Apr/2022:10:58:24 +0800] "GET /xingrg/kc/pszx/mdps_order_info.html?code=312022041600065 HTTP/1.1" 200 23931
120.253.135.82 - - [16/Apr/2022:10:58:24 +0800] "GET /xingrg/javascript/easyui/themes/default/validatebox.css HTTP/1.1" 404 1104
120.253.135.82 - - [16/Apr/2022:10:58:24 +0800] "POST /xingrg/kc/pszx/mdps_order_operate.html HTTP/1.1" 200 2764
116.235.92.88 - - [16/Apr/2022:10:58:26 +0800] "GET /xingrg/all/function/internal_message.html?_=1650078070309&CODE_STATE=getMsg HTTP/1.1" 200 27
58.39.201.47 - - [16/Apr/2022:10:58:38 +0800] "GET /xingrg/all/function/internal_message.html?_=1650077918413&CODE_STATE=getMsg HTTP/1.1" 200 27
120.253.135.82 - - [16/Apr/2022:10:58:53 +0800] "GET /xingrg/check_reg.html?_=1650077736171 HTTP/1.1" 200 22
116.237.76.197 - - [16/Apr/2022:10:59:01 +0800] "POST /xingrg/services/DataTransmitService HTTP/1.1" 200 524
116.235.92.88 - - [16/Apr/2022:10:59:26 +0800] "GET /xingrg/all/function/internal_message.html?_=1650078130307&CODE_STATE=getMsg HTTP/1.1" 200 27
58.39.201.47 - - [16/Apr/2022:10:59:38 +0800] "GET /xingrg/all/function/internal_message.html?_=1650077978392&CODE_STATE=getMsg HTTP/1.1" 200 27
120.253.135.82 - - [16/Apr/2022:11:00:03 +0800] "POST /xingrg/kc/pszx/mdps_order_operate.html HTTP/1.1" 200 37
120.253.135.82 - - [16/Apr/2022:11:00:04 +0800] "GET /xingrg/kc/pszx/mdps_order_info.html?code=312022041600065 HTTP/1.1" 200 23931
120.253.135.82 - - [16/Apr/2022:11:00:05 +0800] "POST /xingrg/kc/pszx/mdps_order_operate.html HTTP/1.1" 200 2764
120.253.135.82 - - [16/Apr/2022:11:00:05 +0800] "GET /xingrg/javascript/easyui/themes/default/validatebox.css HTTP/1.1" 404 1104
120.253.135.82 - - [16/Apr/2022:11:00:09 +0800] "GET /xingrg/kc/pszx/mdps_order_add.html HTTP/1.1" 200 28988
120.253.135.82 - - [16/Apr/2022:11:00:09 +0800] "POST /xingrg/kc/pszx/mdps_order_operate.html HTTP/1.1" 200 7126
120.253.135.82 - - [16/Apr/2022:11:00:10 +0800] "GET /xingrg/javascript/easyui/themes/default/validatebox.css HTTP/1.1" 404 1104
120.253.135.82 - - [16/Apr/2022:11:00:17 +0800] "POST /xingrg/all/common/load_combo.html?type=base HTTP/1.1" 200 1075
116.235.92.88 - - [16/Apr/2022:11:00:26 +0800] "GET /xingrg/all/function/internal_message.html?_=1650078190305&CODE_STATE=getMsg HTTP/1.1" 200 27
58.39.201.47 - - [16/Apr/2022:11:00:38 +0800] "GET /xingrg/all/function/internal_message.html?_=1650078038360&CODE_STATE=getMsg HTTP/1.1" 200 27
120.253.135.82 - - [16/Apr/2022:11:00:39 +0800] "GET /xingrg/kc/pszx/mdps_order_operate.html?command=get_materiel&pszx_code=00101&rest_code=00150&base_code=0010250&code=00102034041 HTTP/1.1" 200 415
120.253.135.82 - - [16/Apr/2022:11:00:56 +0800] "POST /xingrg/kc/pszx/mdps_order_operate.html HTTP/1.1" 200 37
120.253.135.82 - - [16/Apr/2022:11:00:57 +0800] "GET /xingrg/kc/pszx/mdps_order_info.html?code=312022041600068 HTTP/1.1" 200 23931
120.253.135.82 - - [16/Apr/2022:11:00:57 +0800] "GET /xingrg/javascript/easyui/themes/default/validatebox.css HTTP/1.1" 404 1104
120.253.135.82 - - [16/Apr/2022:11:00:57 +0800] "POST /xingrg/kc/pszx/mdps_order_operate.html HTTP/1.1" 200 2272
