117.143.44.208 - - [14/Apr/2022:10:45:26 +0800] "GET /xingrg/images/blue/bg2_midright.gif HTTP/1.1" 200 45
117.143.44.208 - - [14/Apr/2022:10:45:26 +0800] "GET /xingrg/images/blue/bg2_topright.gif HTTP/1.1" 200 132
117.143.44.208 - - [14/Apr/2022:10:45:26 +0800] "GET /xingrg/images/blue/bg2_bottomleft.gif HTTP/1.1" 200 299
117.143.44.208 - - [14/Apr/2022:10:45:26 +0800] "GET /xingrg/images/blue/bg2_bottommid.gif HTTP/1.1" 200 45
117.143.44.208 - - [14/Apr/2022:10:45:26 +0800] "GET /xingrg/images/blue/bg2_bottomright.gif HTTP/1.1" 200 284
117.143.44.208 - - [14/Apr/2022:10:45:26 +0800] "POST /xingrg/all/common/load_tree.html?tree=area_tree_json HTTP/1.1" 200 206
117.143.44.208 - - [14/Apr/2022:10:45:26 +0800] "GET /xingrg/images/blue/wait.gif HTTP/1.1" 200 1100
117.143.44.208 - - [14/Apr/2022:10:45:26 +0800] "POST /xingrg/all/common/load_tree.html?tree=area_tree_json HTTP/1.1" 200 206
117.143.44.208 - - [14/Apr/2022:10:45:26 +0800] "POST /xingrg/all/common/load_tree.html?tree=area_rest_tree_json HTTP/1.1" 200 3472
117.143.44.208 - - [14/Apr/2022:10:45:26 +0800] "GET /xingrg/javascript/jquery_easy_ui/themes/default/images/combo_arrow_dot.gif HTTP/1.1" 200 79
117.143.44.208 - - [14/Apr/2022:10:45:26 +0800] "GET /xingrg/javascript/jquery_easy_ui/themes/default/images/calendar_prevmonth.gif HTTP/1.1" 200 66
117.143.44.208 - - [14/Apr/2022:10:45:26 +0800] "GET /xingrg/javascript/jquery_easy_ui/themes/default/images/calendar_nextmonth.gif HTTP/1.1" 200 64
117.143.44.208 - - [14/Apr/2022:10:45:26 +0800] "GET /xingrg/javascript/jquery_easy_ui/themes/default/images/calendar_prevyear.gif HTTP/1.1" 200 76
117.143.44.208 - - [14/Apr/2022:10:45:26 +0800] "GET /xingrg/javascript/jquery_easy_ui/themes/default/images/calendar_nextyear.gif HTTP/1.1" 200 75
117.143.44.208 - - [14/Apr/2022:10:45:26 +0800] "POST /xingrg/dwr/call/plaincall/AjaxKcSupplierService.modifyKcSupplier.dwr HTTP/1.1" 200 123
117.143.44.208 - - [14/Apr/2022:10:45:26 +0800] "GET /xingrg/javascript/jquery_easy_ui/themes/default/images/tree_checkbox_0.gif HTTP/1.1" 200 168
117.143.44.208 - - [14/Apr/2022:10:45:26 +0800] "GET /xingrg/javascript/jquery_easy_ui/themes/icons/manage.png HTTP/1.1" 200 696
117.143.44.208 - - [14/Apr/2022:10:45:26 +0800] "GET /xingrg/javascript/jquery_easy_ui/themes/icons/rest.png HTTP/1.1" 200 695
117.143.44.208 - - [14/Apr/2022:10:45:26 +0800] "POST /xingrg/all/common/load_tree.html?tree=area_tree_json HTTP/1.1" 200 206
117.143.44.208 - - [14/Apr/2022:10:45:26 +0800] "POST /xingrg/all/common/load_tree.html?tree=area_rest_tree_json&defaultRests= HTTP/1.1" 200 3472
117.143.44.208 - - [14/Apr/2022:10:45:26 +0800] "GET /favicon.ico HTTP/1.1" 404 -
117.143.44.208 - - [14/Apr/2022:10:45:26 +0800] "POST /xingrg/all/common/load_tree.html?tree=area_rest_tree_json&areaId=1&defaultRests= HTTP/1.1" 200 3472
117.143.44.208 - - [14/Apr/2022:10:45:29 +0800] "POST /xingrg/system/supplier/kc_supplier_operate.html HTTP/1.1" 200 1594
117.143.44.208 - - [14/Apr/2022:10:45:35 +0800] "POST /xingrg/system/supplier/kc_supplier_operate.html HTTP/1.1" 200 15618
58.39.61.91 - - [14/Apr/2022:10:45:35 +0800] "POST /xingrg/dwr/call/plaincall/AjaxCheckService.setItemNumber.dwr HTTP/1.1" 200 77
117.143.44.208 - - [14/Apr/2022:10:45:36 +0800] "GET /xingrg/system/supplier/kcSupplier_info.html?isAdd=1&type=sort&id=00112 HTTP/1.1" 200 26466
117.143.44.208 - - [14/Apr/2022:10:45:36 +0800] "GET /xingrg/dwr/engine.js HTTP/1.1" 200 43631
117.143.44.208 - - [14/Apr/2022:10:45:36 +0800] "POST /xingrg/all/common/load_tree.html?tree=area_tree_json HTTP/1.1" 200 206
117.143.44.208 - - [14/Apr/2022:10:45:36 +0800] "POST /xingrg/all/common/load_tree.html?tree=area_tree_json HTTP/1.1" 200 206
117.143.44.208 - - [14/Apr/2022:10:45:36 +0800] "POST /xingrg/all/common/load_tree.html?tree=area_rest_tree_json HTTP/1.1" 200 3472
117.143.44.208 - - [14/Apr/2022:10:45:36 +0800] "POST /xingrg/dwr/call/plaincall/AjaxKcSupplierService.modifyKcSupplier.dwr HTTP/1.1" 200 123
117.143.44.208 - - [14/Apr/2022:10:45:36 +0800] "GET /favicon.ico HTTP/1.1" 404 -
117.143.44.208 - - [14/Apr/2022:10:45:36 +0800] "POST /xingrg/all/common/load_tree.html?tree=area_tree_json HTTP/1.1" 200 206
117.143.44.208 - - [14/Apr/2022:10:45:36 +0800] "POST /xingrg/all/common/load_tree.html?tree=area_rest_tree_json&defaultRests= HTTP/1.1" 200 3472
117.143.44.208 - - [14/Apr/2022:10:45:36 +0800] "POST /xingrg/all/common/load_tree.html?tree=area_rest_tree_json&areaId=1&defaultRests= HTTP/1.1" 200 3472
117.143.44.208 - - [14/Apr/2022:10:45:40 +0800] "POST /xingrg/dwr/call/plaincall/AjaxGetFirstChart.getFirstChart.dwr HTTP/1.1" 200 79
58.39.61.91 - - [14/Apr/2022:10:45:48 +0800] "POST /xingrg/dwr/call/plaincall/AjaxCheckService.setItemNumber.dwr HTTP/1.1" 200 77
117.143.44.208 - - [14/Apr/2022:10:45:52 +0800] "POST /xingrg/dwr/call/plaincall/AjaxKcSupplierService.modifyKcSupplier.dwr HTTP/1.1" 200 76
117.143.44.208 - - [14/Apr/2022:10:45:52 +0800] "POST /xingrg/system/supplier/kc_supplier_operate.html HTTP/1.1" 200 15768
120.253.135.82 - - [14/Apr/2022:10:46:08 +0800] "GET /xingrg/all/function/internal_message.html?_=1649904171499&CODE_STATE=getMsg HTTP/1.1" 200 27
58.39.61.91 - - [14/Apr/2022:10:46:08 +0800] "GET /xingrg/check_reg.html?_=1649904291241 HTTP/1.1" 200 22
58.39.61.91 - - [14/Apr/2022:10:46:09 +0800] "GET /xingrg/all/function/internal_message.html?_=1649904291928&CODE_STATE=getMsg HTTP/1.1" 200 27
117.143.44.208 - - [14/Apr/2022:10:46:09 +0800] "GET /xingrg/login.html HTTP/1.1" 200 7641
117.143.44.208 - - [14/Apr/2022:10:46:09 +0800] "GET /favicon.ico HTTP/1.1" 404 -
117.143.44.208 - - [14/Apr/2022:10:46:16 +0800] "POST /xingrg/login.do HTTP/1.1" 302 -
117.143.44.208 - - [14/Apr/2022:10:46:16 +0800] "GET /xingrg/index.html?sysBaseUrl=http%3A%2F%2F180.169.147.146%3A18081%2Fxingrg%2F&costTime=41×tamp=1649904376417 HTTP/1.1" 200 17503
117.143.44.208 - - [14/Apr/2022:10:46:16 +0800] "GET /favicon.ico HTTP/1.1" 404 -
117.143.44.208 - - [14/Apr/2022:10:46:16 +0800] "POST /xingrg/all/common/load_tree.html?tree=area_rest_tree_json&manage=1 HTTP/1.1" 200 3472
117.143.44.208 - - [14/Apr/2022:10:46:16 +0800] "GET /xingrg/all/function/internal_message.html?_=1649904374118&CODE_STATE=count HTTP/1.1" 200 11
117.143.44.208 - - [14/Apr/2022:10:46:16 +0800] "GET /xingrg/check_reg.html?_=1649904374118 HTTP/1.1" 200 22
117.143.44.208 - - [14/Apr/2022:10:46:16 +0800] "POST /xingrg/load_menu.html HTTP/1.1" 200 11564
116.235.92.88 - - [14/Apr/2022:10:46:19 +0800] "GET /xingrg/all/function/internal_message.html?_=1649904545950&CODE_STATE=getMsg HTTP/1.1" 200 27
117.143.44.208 - - [14/Apr/2022:10:46:21 +0800] "GET /xingrg/css/base.css HTTP/1.1" 200 2811
117.143.44.208 - - [14/Apr/2022:10:46:21 +0800] "GET /xingrg/css/site.css HTTP/1.1" 200 7541
117.143.44.208 - - [14/Apr/2022:10:46:21 +0800] "GET /xingrg/javascript/jquery_tools/datebox.css HTTP/1.1" 200 2597
117.143.44.208 - - [14/Apr/2022:10:46:21 +0800] "GET /xingrg/kc/buy/cgsh_order_list.html HTTP/1.1" 200 50187
117.143.44.208 - - [14/Apr/2022:10:46:21 +0800] "GET /xingrg/javascript/easyui/themes/icon.css HTTP/1.1" 200 4483
117.143.44.208 - - [14/Apr/2022:10:46:21 +0800] "GET /xingrg/javascript/jquery_tools/fix.css HTTP/1.1" 200 1702
117.143.44.208 - - [14/Apr/2022:10:46:21 +0800] "GET /xingrg/javascript/jquery_tools/table.css HTTP/1.1" 200 1032
117.143.44.208 - - [14/Apr/2022:10:46:21 +0800] "GET /xingrg/javascript/jquery_tools/jquery.tools.min.js HTTP/1.1" 200 138801
117.143.44.208 - - [14/Apr/2022:10:46:21 +0800] "GET /xingrg/javascript/jquery_tools/jquery.tools.table.js HTTP/1.1" 200 6994
117.143.44.208 - - [14/Apr/2022:10:46:21 +0800] "GET /xingrg/javascript/jquery_tools/list_manager.js HTTP/1.1" 200 3652
117.143.44.208 - - [14/Apr/2022:10:46:21 +0800] "GET /xingrg/javascript/easyui/easyloader.js HTTP/1.1" 200 5975
117.143.44.208 - - [14/Apr/2022:10:46:21 +0800] "GET /xingrg/javascript/jquery_tools/jquery.tools.extend.js HTTP/1.1" 200 15385
117.143.44.208 - - [14/Apr/2022:10:46:21 +0800] "GET /xingrg/javascript/jquery.cookie.js HTTP/1.1" 200 5513
117.143.44.208 - - [14/Apr/2022:10:46:21 +0800] "GET /xingrg/javascript/jquery_tools/jquery.tools.hotkey.js HTTP/1.1" 200 3242
117.143.44.208 - - [14/Apr/2022:10:46:21 +0800] "GET /xingrg/javascript/auto/jquery.autocomplete.js HTTP/1.1" 200 21624
117.143.44.208 - - [14/Apr/2022:10:46:21 +0800] "GET /xingrg/javascript/easyui/themes/default/easyui.css HTTP/1.1" 200 30432
117.143.44.208 - - [14/Apr/2022:10:46:21 +0800] "GET /xingrg/javascript/auto/jquery.autocomplete.css HTTP/1.1" 200 587
117.143.44.208 - - [14/Apr/2022:10:46:22 +0800] "GET /xingrg/javascript/easyui/themes/icons/edit_add_new.png HTTP/1.1" 200 2997
117.143.44.208 - - [14/Apr/2022:10:46:22 +0800] "GET /xingrg/javascript/easyui/themes/icons/cance_new.png HTTP/1.1" 200 3986
117.143.44.208 - - [14/Apr/2022:10:46:22 +0800] "GET /xingrg/javascript/easyui/themes/icons/check_new.png HTTP/1.1" 200 3224
117.143.44.208 - - [14/Apr/2022:10:46:22 +0800] "GET /xingrg/javascript/easyui/themes/icons/field_new.png HTTP/1.1" 200 1097
117.143.44.208 - - [14/Apr/2022:10:46:22 +0800] "GET /xingrg/javascript/easyui/themes/icons/uncheck_new.png HTTP/1.1" 200 3197
117.143.44.208 - - [14/Apr/2022:10:46:22 +0800] "GET /xingrg/javascript/easyui/themes/icons/import_new.png HTTP/1.1" 200 1247
117.143.44.208 - - [14/Apr/2022:10:46:22 +0800] "GET /xingrg/javascript/easyui/plugins/jquery.parser.js HTTP/1.1" 200 1142
117.143.44.208 - - [14/Apr/2022:10:46:23 +0800] "POST /xingrg/kc/buy/cgsh_list_operate.html HTTP/1.1" 200 876
117.143.44.208 - - [14/Apr/2022:10:46:23 +0800] "GET /xingrg/javascript/easyui/themes/default/images/button_plain_hover.png HTTP/1.1" 200 144
117.143.44.208 - - [14/Apr/2022:10:46:24 +0800] "GET /xingrg/kc/buy/cgsh_order_add.html HTTP/1.1" 200 64718
117.143.44.208 - - [14/Apr/2022:10:46:24 +0800] "GET /xingrg/javascript/jquery_tools/order_manager.js HTTP/1.1" 200 11183
117.143.44.208 - - [14/Apr/2022:10:46:24 +0800] "GET /xingrg/javascript/json2.js HTTP/1.1" 200 11259
117.143.44.208 - - [14/Apr/2022:10:46:24 +0800] "GET /xingrg/javascript/print/kc_print.js HTTP/1.1" 200 11415
117.143.44.208 - - [14/Apr/2022:10:46:24 +0800] "GET /xingrg/words/20220412150258_words.js HTTP/1.1" 200 890038
117.143.44.208 - - [14/Apr/2022:10:46:24 +0800] "GET /xingrg/javascript/easyui/themes/icons/copy_new.png HTTP/1.1" 200 815
117.143.44.208 - - [14/Apr/2022:10:46:24 +0800] "GET /xingrg/javascript/easyui/themes/icons/template_new.png HTTP/1.1" 200 3956
117.143.44.208 - - [14/Apr/2022:10:46:24 +0800] "GET /xingrg/javascript/easyui/themes/icons/ok.png HTTP/1.1" 200 883
117.143.44.208 - - [14/Apr/2022:10:46:24 +0800] "GET /xingrg/javascript/easyui/themes/icons/print.png HTTP/1.1" 200 1057
117.143.44.208 - - [14/Apr/2022:10:46:24 +0800] "GET /xingrg/javascript/easyui/themes/default/images/menu_downarrow.png HTTP/1.1" 200 173
117.143.44.208 - - [14/Apr/2022:10:46:24 +0800] "GET /xingrg/javascript/easyui/themes/icons/cancel.png HTTP/1.1" 200 1133
117.143.44.208 - - [14/Apr/2022:10:46:24 +0800] "POST /xingrg/kc/buy/cgsh_order_operate.html HTTP/1.1" 200 8245
117.143.44.208 - - [14/Apr/2022:10:46:24 +0800] "GET /xingrg/all/common/auto_word.html?type=employee&rest_code=00101 HTTP/1.1" 200 927
117.143.44.208 - - [14/Apr/2022:10:46:24 +0800] "GET /xingrg/javascript/easyui/themes/default/validatebox.css HTTP/1.1" 404 1104
117.143.44.208 - - [14/Apr/2022:10:46:24 +0800] "GET /xingrg/all/common/auto_word.html?type=employee&rest_code=00101 HTTP/1.1" 200 927
117.143.44.208 - - [14/Apr/2022:10:46:25 +0800] "GET /xingrg/javascript/easyui/plugins/jquery.validatebox.js HTTP/1.1" 200 6103
117.143.44.208 - - [14/Apr/2022:10:46:25 +0800] "GET /xingrg/javascript/easyui/themes/icons/edit_remove.png HTTP/1.1" 200 625
117.143.44.208 - - [14/Apr/2022:10:46:25 +0800] "GET /xingrg/javascript/easyui/plugins/jquery.numberbox.js HTTP/1.1" 200 5213
117.143.44.208 - - [14/Apr/2022:10:46:27 +0800] "GET /xingrg/css/images/panel_loading.gif HTTP/1.1" 200 1737
117.143.44.208 - - [14/Apr/2022:10:46:27 +0800] "POST /xingrg/all/common/load_combo.html?type=employee HTTP/1.1" 200 1664
58.39.61.91 - - [14/Apr/2022:10:46:29 +0800] "POST /xingrg/dwr/call/plaincall/AjaxCheckService.setItemNumber.dwr HTTP/1.1" 200 77
117.143.44.208 - - [14/Apr/2022:10:46:35 +0800] "GET /xingrg/system/sys_right.html HTTP/1.1" 200 10939
117.143.44.208 - - [14/Apr/2022:10:46:35 +0800] "GET /xingrg/dwr/interface/AjaxSystemService.js HTTP/1.1" 200 13657
117.143.44.208 - - [14/Apr/2022:10:46:35 +0800] "GET /xingrg/dwr/engine.js HTTP/1.1" 200 43631
117.143.44.208 - - [14/Apr/2022:10:46:35 +0800] "GET /xingrg/images/blue/ygxx.png HTTP/1.1" 200 2850
117.143.44.208 - - [14/Apr/2022:10:46:35 +0800] "GET /xingrg/images/blue/tyydxt.png HTTP/1.1" 200 5622
117.143.44.208 - - [14/Apr/2022:10:46:35 +0800] "GET /xingrg/images/blue/xtyhgl.png HTTP/1.1" 200 3198
117.143.44.208 - - [14/Apr/2022:10:46:35 +0800] "GET /xingrg/images/blue/zxyhgl.png HTTP/1.1" 200 3025
117.143.44.208 - - [14/Apr/2022:10:46:35 +0800] "GET /xingrg/images/blue/rjxxgl.png HTTP/1.1" 200 1509
117.143.44.208 - - [14/Apr/2022:10:46:35 +0800] "GET /xingrg/images/blue/webjbsz.png HTTP/1.1" 200 1449
117.143.44.208 - - [14/Apr/2022:10:46:35 +0800] "GET /xingrg/images/blue/khdxgl.png HTTP/1.1" 200 3777
117.143.44.208 - - [14/Apr/2022:10:46:35 +0800] "GET /xingrg/images/blue/jcsz.png HTTP/1.1" 200 3405
117.143.44.208 - - [14/Apr/2022:10:46:35 +0800] "GET /xingrg/images/blue/cy_cpzs.png HTTP/1.1" 200 2732
117.143.44.208 - - [14/Apr/2022:10:46:35 +0800] "GET /xingrg/images/blue/xtjssz.png HTTP/1.1" 200 3013
117.143.44.208 - - [14/Apr/2022:10:46:35 +0800] "GET /xingrg/images/blue/logsz.png HTTP/1.1" 200 2214
117.143.44.208 - - [14/Apr/2022:10:46:37 +0800] "GET /xingrg/system/info/employee_manager.html HTTP/1.1" 200 8913
117.143.44.208 - - [14/Apr/2022:10:46:37 +0800] "GET /xingrg/javascript/help.js HTTP/1.1" 200 1647
117.143.44.208 - - [14/Apr/2022:10:46:37 +0800] "POST /xingrg/system/info/area_operate.html HTTP/1.1" 200 2448
117.143.44.208 - - [14/Apr/2022:10:46:37 +0800] "GET /xingrg/javascript/jquery_simple_tree/themes/images/spacer.gif HTTP/1.1" 200 43
117.143.44.208 - - [14/Apr/2022:10:46:38 +0800] "GET /xingrg/javascript/jquery_simple_tree/themes/images/root.gif HTTP/1.1" 200 1004
117.143.44.208 - - [14/Apr/2022:10:46:38 +0800] "GET /xingrg/javascript/jquery_simple_tree/themes/images/leaf_manage.gif HTTP/1.1" 200 1479
117.143.44.208 - - [14/Apr/2022:10:46:38 +0800] "GET /xingrg/javascript/jquery_simple_tree/themes/images/collapsable-last_area.gif HTTP/1.1" 200 441
117.143.44.208 - - [14/Apr/2022:10:46:38 +0800] "GET /xingrg/javascript/jquery_simple_tree/themes/images/leaf_rest.gif HTTP/1.1" 200 1479
117.143.44.208 - - [14/Apr/2022:10:46:38 +0800] "GET /xingrg/javascript/jquery_simple_tree/themes/images/line_bg.gif HTTP/1.1" 200 93
117.143.44.208 - - [14/Apr/2022:10:46:38 +0800] "GET /xingrg/javascript/jquery_simple_tree/themes/images/leaf-last_rest.gif HTTP/1.1" 200 639
117.143.44.208 - - [14/Apr/2022:10:46:38 +0800] "POST /xingrg/system/info/area_operate.html HTTP/1.1" 200 2571
42.236.10.114 - - [14/Apr/2022:10:46:39 +0800] "GET /xingrg/system/supplier/kcSupplier_info.html HTTP/1.1" 302 -
42.236.10.114 - - [14/Apr/2022:10:46:40 +0800] "GET /xingrg/login.html HTTP/1.1" 200 2139
42.236.10.114 - - [14/Apr/2022:10:46:40 +0800] "GET /xingrg/system/supplier/kcSupplier_info.html HTTP/1.1" 302 -
42.236.10.114 - - [14/Apr/2022:10:46:40 +0800] "GET /xingrg/login.html HTTP/1.1" 200 2139
42.236.10.114 - - [14/Apr/2022:10:46:40 +0800] "GET /xingrg/javascript/mobile/jquery.mobile-1.3.2.min.css HTTP/1.1" 200 94670
42.236.10.106 - - [14/Apr/2022:10:46:40 +0800] "GET /xingrg/javascript/mobile/jquery.mobile-1.3.2.min.js HTTP/1.1" 200 145396
42.236.10.78 - - [14/Apr/2022:10:46:40 +0800] "GET /xingrg/javascript/mobile/jquery-1.8.3.min.js HTTP/1.1" 200 93637
117.143.44.208 - - [14/Apr/2022:10:46:41 +0800] "GET /xingrg/system/info/dp_em_info.html?code=00101&isAdd=1&number=2.866906292420931 HTTP/1.1" 200 19646
117.143.44.208 - - [14/Apr/2022:10:46:41 +0800] "GET /xingrg/dwr/interface/AjaxSystemSettingService.js HTTP/1.1" 200 12839
117.143.44.208 - - [14/Apr/2022:10:46:41 +0800] "GET /xingrg/dwr/interface/AjaxBaseInfoService.js HTTP/1.1" 200 21363
117.143.44.208 - - [14/Apr/2022:10:46:41 +0800] "GET /xingrg/dwr/interface/AjaxGetFirstChart.js HTTP/1.1" 200 631
117.143.44.208 - - [14/Apr/2022:10:46:41 +0800] "GET /xingrg/dwr/engine.js HTTP/1.1" 200 43631
117.143.44.208 - - [14/Apr/2022:10:46:41 +0800] "GET /favicon.ico HTTP/1.1" 404 -
117.143.44.208 - - [14/Apr/2022:10:46:41 +0800] "POST /xingrg/all/common/load_tree.html?tree=area_rest_tree_json HTTP/1.1" 200 3472
117.143.44.208 - - [14/Apr/2022:10:46:41 +0800] "POST /xingrg/dwr/call/plaincall/AjaxBaseInfoService.getEmployeeInfo.dwr HTTP/1.1" 200 140
117.143.44.208 - - [14/Apr/2022:10:46:41 +0800] "POST /xingrg/dwr/call/plaincall/AjaxSystemSettingService.modifyUserRange.dwr HTTP/1.1" 200 102
42.236.10.106 - - [14/Apr/2022:10:46:41 +0800] "GET /xingrg/javascript/mobile/images/ajax-loader.gif HTTP/1.1" 200 7825
117.143.44.208 - - [14/Apr/2022:10:46:41 +0800] "POST /xingrg/all/common/load_tree.html?tree=area_tree_json HTTP/1.1" 200 206
117.143.44.208 - - [14/Apr/2022:10:46:41 +0800] "POST /xingrg/all/common/load_tree.html?tree=area_rest_tree_json&defaultRests= HTTP/1.1" 200 3472
117.143.44.208 - - [14/Apr/2022:10:46:41 +0800] "POST /xingrg/all/common/load_tree.html?tree=area_rest_tree_json&areaId=1&defaultRests= HTTP/1.1" 200 3472
117.143.44.208 - - [14/Apr/2022:10:46:53 +0800] "POST /xingrg/dwr/call/plaincall/AjaxGetFirstChart.getFirstChart.dwr HTTP/1.1" 200 79
117.143.44.208 - - [14/Apr/2022:10:46:57 +0800] "POST /xingrg/system/info/save_employee.html HTTP/1.1" 200 -
117.143.44.208 - - [14/Apr/2022:10:46:58 +0800] "GET /xingrg/system/info/dp_em_info.html?code=0170&number=2.8136550375389086 HTTP/1.1" 200 19644
117.143.44.208 - - [14/Apr/2022:10:46:58 +0800] "GET /xingrg/dwr/engine.js HTTP/1.1" 200 43631
117.143.44.208 - - [14/Apr/2022:10:46:58 +0800] "GET /favicon.ico HTTP/1.1" 404 -
117.143.44.208 - - [14/Apr/2022:10:46:58 +0800] "POST /xingrg/dwr/call/plaincall/AjaxSystemSettingService.modifyUserRange.dwr HTTP/1.1" 200 102
117.143.44.208 - - [14/Apr/2022:10:46:58 +0800] "POST /xingrg/all/common/load_tree.html?tree=area_rest_tree_json HTTP/1.1" 200 3472
117.143.44.208 - - [14/Apr/2022:10:46:58 +0800] "POST /xingrg/dwr/call/plaincall/AjaxBaseInfoService.getEmployeeInfo.dwr HTTP/1.1" 200 514
117.143.44.208 - - [14/Apr/2022:10:46:58 +0800] "POST /xingrg/dwr/call/plaincall/AjaxGetFirstChart.getFirstChart.dwr HTTP/1.1" 200 79
117.143.44.208 - - [14/Apr/2022:10:46:58 +0800] "POST /xingrg/all/common/load_tree.html?tree=area_tree_json HTTP/1.1" 200 206
117.143.44.208 - - [14/Apr/2022:10:46:58 +0800] "POST /xingrg/all/common/load_tree.html?tree=area_rest_tree_json&defaultRests= HTTP/1.1" 200 3472
117.143.44.208 - - [14/Apr/2022:10:46:58 +0800] "POST /xingrg/all/common/load_tree.html?tree=area_rest_tree_json&areaId=1&defaultRests= HTTP/1.1" 200 3472
117.143.44.208 - - [14/Apr/2022:10:47:06 +0800] "GET /xingrg/kc/buy/cgsh_order_add.html HTTP/1.1" 200 64759
117.143.44.208 - - [14/Apr/2022:10:47:07 +0800] "POST /xingrg/kc/buy/cgsh_order_operate.html HTTP/1.1" 200 8245
117.143.44.208 - - [14/Apr/2022:10:47:07 +0800] "GET /xingrg/javascript/easyui/themes/default/validatebox.css HTTP/1.1" 404 1104
120.253.135.82 - - [14/Apr/2022:10:47:08 +0800] "GET /xingrg/all/function/internal_message.html?_=1649904231513&CODE_STATE=getMsg HTTP/1.1" 200 27
117.143.44.208 - - [14/Apr/2022:10:47:08 +0800] "POST /xingrg/all/common/load_combo.html?type=employee HTTP/1.1" 200 1752
58.39.61.91 - - [14/Apr/2022:10:47:09 +0800] "GET /xingrg/all/function/internal_message.html?_=1649904351941&CODE_STATE=getMsg HTTP/1.1" 200 27
117.143.44.208 - - [14/Apr/2022:10:47:16 +0800] "GET /xingrg/system/supplier/kcSupplier.html?isKc=1 HTTP/1.1" 200 10949
117.143.44.208 - - [14/Apr/2022:10:47:16 +0800] "GET /xingrg/all/function/internal_message.html?_=1649904434171&CODE_STATE=getMsg HTTP/1.1" 200 27
117.143.44.208 - - [14/Apr/2022:10:47:16 +0800] "POST /xingrg/all/common/load_tree.html?tree=area_tree_json HTTP/1.1" 200 206
117.143.44.208 - - [14/Apr/2022:10:47:16 +0800] "POST /xingrg/all/common/load_tree.html?tree=supplier_sort_tree_json HTTP/1.1" 200 2515
117.143.44.208 - - [14/Apr/2022:10:47:17 +0800] "POST /xingrg/all/common/load_tree.html?tree=area_tree_json HTTP/1.1" 200 206
117.143.44.208 - - [14/Apr/2022:10:47:17 +0800] "POST /xingrg/all/common/load_tree.html?tree=supplier_sort_tree_json HTTP/1.1" 200 2515
116.235.92.88 - - [14/Apr/2022:10:47:19 +0800] "GET /xingrg/all/function/internal_message.html?_=1649904605948&CODE_STATE=getMsg HTTP/1.1" 200 27
116.235.92.88 - - [14/Apr/2022:10:47:19 +0800] "GET /xingrg/check_reg.html?_=1649904605948 HTTP/1.1" 200 22
117.143.44.208 - - [14/Apr/2022:10:47:20 +0800] "POST /xingrg/system/supplier/kc_supplier_operate.html HTTP/1.1" 200 15768
117.143.44.208 - - [14/Apr/2022:10:47:25 +0800] "POST /xingrg/system/supplier/kc_supplier_operate.html HTTP/1.1" 200 7
117.143.44.208 - - [14/Apr/2022:10:47:25 +0800] "POST /xingrg/system/supplier/kc_supplier_operate.html HTTP/1.1" 200 15618
117.143.44.208 - - [14/Apr/2022:10:47:32 +0800] "GET /xingrg/javascript/jquery_easy_ui/themes/default/images/button_plain_hover.png HTTP/1.1" 200 252
128.199.26.169 - - [14/Apr/2022:10:47:58 +0800] "HEAD / HTTP/1.0" 404 -
128.199.26.169 - - [14/Apr/2022:10:48:00 +0800] "GET /system_api.php HTTP/1.1" 404 -
128.199.26.169 - - [14/Apr/2022:10:48:01 +0800] "GET /c/version.js HTTP/1.1" 404 -
128.199.26.169 - - [14/Apr/2022:10:48:02 +0800] "GET /streaming/clients_live.php HTTP/1.1" 404 -
128.199.26.169 - - [14/Apr/2022:10:48:03 +0800] "GET /stalker_portal/c/version.js HTTP/1.1" 404 -
128.199.26.169 - - [14/Apr/2022:10:48:04 +0800] "GET /stream/live.php HTTP/1.1" 404 -
128.199.26.169 - - [14/Apr/2022:10:48:05 +0800] "GET /flu/403.html HTTP/1.1" 404 -
58.39.61.91 - - [14/Apr/2022:10:48:05 +0800] "POST /xingrg/dwr/call/plaincall/AjaxCheckService.setItemNumber.dwr HTTP/1.1" 200 77
128.199.26.169 - - [14/Apr/2022:10:48:05 +0800] "GET / HTTP/1.1" 404 -
120.253.135.82 - - [14/Apr/2022:10:48:08 +0800] "GET /xingrg/all/function/internal_message.html?_=1649904291907&CODE_STATE=getMsg HTTP/1.1" 200 27
58.39.61.91 - - [14/Apr/2022:10:48:09 +0800] "GET /xingrg/all/function/internal_message.html?_=1649904411955&CODE_STATE=getMsg HTTP/1.1" 200 27
116.235.92.88 - - [14/Apr/2022:10:48:19 +0800] "GET /xingrg/all/function/internal_message.html?_=1649904665946&CODE_STATE=getMsg HTTP/1.1" 200 27
58.39.61.91 - - [14/Apr/2022:10:48:29 +0800] "POST /xingrg/dwr/call/plaincall/AjaxCheckService.setItemNumber.dwr HTTP/1.1" 200 77
58.39.61.91 - - [14/Apr/2022:10:48:39 +0800] "POST /xingrg/dwr/call/plaincall/AjaxCheckService.setItemNumber.dwr HTTP/1.1" 200 77
58.39.61.91 - - [14/Apr/2022:10:48:44 +0800] "POST /xingrg/dwr/call/plaincall/AjaxCheckService.setItemNumber.dwr HTTP/1.1" 200 77
58.39.61.91 - - [14/Apr/2022:10:48:50 +0800] "POST /xingrg/dwr/call/plaincall/AjaxCheckService.setItemNumber.dwr HTTP/1.1" 200 77
180.163.220.4 - - [14/Apr/2022:10:48:56 +0800] "GET /xingrg/system/info/dp_em_info.html HTTP/1.1" 302 -
180.163.220.4 - - [14/Apr/2022:10:48:56 +0800] "GET /xingrg/login.html HTTP/1.1" 200 2139
180.163.220.4 - - [14/Apr/2022:10:48:56 +0800] "GET /xingrg/system/info/dp_em_info.html HTTP/1.1" 302 -
180.163.220.4 - - [14/Apr/2022:10:48:56 +0800] "GET /xingrg/login.html HTTP/1.1" 200 2139
180.163.220.4 - - [14/Apr/2022:10:48:56 +0800] "GET /xingrg/javascript/mobile/jquery.mobile-1.3.2.min.css HTTP/1.1" 200 94670
180.163.220.3 - - [14/Apr/2022:10:48:56 +0800] "GET /xingrg/javascript/mobile/jquery-1.8.3.min.js HTTP/1.1" 200 93637
180.163.220.4 - - [14/Apr/2022:10:48:56 +0800] "GET /xingrg/javascript/mobile/jquery.mobile-1.3.2.min.js HTTP/1.1" 200 145396
180.163.220.4 - - [14/Apr/2022:10:48:58 +0800] "GET /xingrg/javascript/mobile/images/ajax-loader.gif HTTP/1.1" 200 7825
58.39.61.91 - - [14/Apr/2022:10:48:58 +0800] "POST /xingrg/dwr/call/plaincall/AjaxCheckService.setItemNumber.dwr HTTP/1.1" 200 77
120.253.135.82 - - [14/Apr/2022:10:49:08 +0800] "GET /xingrg/all/function/internal_message.html?_=1649904351915&CODE_STATE=getMsg HTTP/1.1" 200 27
58.39.61.91 - - [14/Apr/2022:10:49:09 +0800] "POST /xingrg/dwr/call/plaincall/AjaxCheckService.setItemNumber.dwr HTTP/1.1" 200 77
58.39.61.91 - - [14/Apr/2022:10:49:09 +0800] "GET /xingrg/all/function/internal_message.html?_=1649904472594&CODE_STATE=getMsg HTTP/1.1" 200 27
58.39.61.91 - - [14/Apr/2022:10:49:16 +0800] "POST /xingrg/dwr/call/plaincall/AjaxCheckService.setItemNumber.dwr HTTP/1.1" 200 77
116.235.92.88 - - [14/Apr/2022:10:49:19 +0800] "GET /xingrg/all/function/internal_message.html?_=1649904725942&CODE_STATE=getMsg HTTP/1.1" 200 27
58.39.61.91 - - [14/Apr/2022:10:49:30 +0800] "POST /xingrg/dwr/call/plaincall/AjaxCheckService.setItemNumber.dwr HTTP/1.1" 200 77
58.39.61.91 - - [14/Apr/2022:10:49:38 +0800] "POST /xingrg/dwr/call/plaincall/AjaxCheckService.setItemNumber.dwr HTTP/1.1" 200 77
58.39.61.91 - - [14/Apr/2022:10:49:46 +0800] "POST /xingrg/dwr/call/plaincall/AjaxCheckService.setItemNumber.dwr HTTP/1.1" 200 77
58.39.61.91 - - [14/Apr/2022:10:49:51 +0800] "POST /xingrg/dwr/call/plaincall/AjaxCheckService.setItemNumber.dwr HTTP/1.1" 200 77
58.39.61.91 - - [14/Apr/2022:10:50:02 +0800] "POST /xingrg/dwr/call/plaincall/AjaxCheckService.setItemNumber.dwr HTTP/1.1" 200 77
120.253.135.82 - - [14/Apr/2022:10:50:07 +0800] "GET /xingrg/check_reg.html?_=1649904411163 HTTP/1.1" 200 22
120.253.135.82 - - [14/Apr/2022:10:50:08 +0800] "GET /xingrg/all/function/internal_message.html?_=1649904411929&CODE_STATE=getMsg HTTP/1.1" 200 27
58.39.61.91 - - [14/Apr/2022:10:50:09 +0800] "POST /xingrg/dwr/call/plaincall/AjaxCheckService.setItemNumber.dwr HTTP/1.1" 200 77
58.39.61.91 - - [14/Apr/2022:10:50:09 +0800] "GET /xingrg/all/function/internal_message.html?_=1649904532742&CODE_STATE=getMsg HTTP/1.1" 200 27
58.39.61.91 - - [14/Apr/2022:10:50:14 +0800] "POST /xingrg/dwr/call/plaincall/AjaxCheckService.setItemNumber.dwr HTTP/1.1" 200 77
116.235.92.88 - - [14/Apr/2022:10:50:19 +0800] "GET /xingrg/all/function/internal_message.html?_=1649904785957&CODE_STATE=getMsg HTTP/1.1" 200 27
58.39.61.91 - - [14/Apr/2022:10:50:20 +0800] "POST /xingrg/dwr/call/plaincall/AjaxCheckService.setItemNumber.dwr HTTP/1.1" 200 77
58.39.61.91 - - [14/Apr/2022:10:50:29 +0800] "POST /xingrg/dwr/call/plaincall/AjaxCheckService.setItemNumber.dwr HTTP/1.1" 200 77
180.157.251.97 - - [14/Apr/2022:10:50:30 +0800] "POST /xingrg/services/DataTransmitService HTTP/1.1" 200 524
58.39.61.91 - - [14/Apr/2022:10:50:38 +0800] "POST /xingrg/dwr/call/plaincall/AjaxCheckService.setItemNumber.dwr HTTP/1.1" 200 77
58.39.61.91 - - [14/Apr/2022:10:50:42 +0800] "POST /xingrg/dwr/call/plaincall/AjaxCheckService.setItemNumber.dwr HTTP/1.1" 200 77
58.39.61.91 - - [14/Apr/2022:10:50:49 +0800] "POST /xingrg/dwr/call/plaincall/AjaxCheckService.setItemNumber.dwr HTTP/1.1" 200 77
120.253.135.82 - - [14/Apr/2022:10:50:51 +0800] "POST /xingrg/kc/pszx/mdps_list_operate.html HTTP/1.1" 200 2825
120.253.135.82 - - [14/Apr/2022:10:50:53 +0800] "POST /xingrg/kc/pszx/mdps_list_operate.html HTTP/1.1" 200 216
58.39.61.91 - - [14/Apr/2022:10:50:59 +0800] "POST /xingrg/dwr/call/plaincall/AjaxCheckService.setItemNumber.dwr HTTP/1.1" 200 77
120.253.135.82 - - [14/Apr/2022:10:51:00 +0800] "POST /xingrg/kc/pszx/mdps_list_operate.html HTTP/1.1" 200 376
120.253.135.82 - - [14/Apr/2022:10:51:00 +0800] "GET /xingrg/kc/pszx/mdps_order_info.html?code=312022041200007 HTTP/1.1" 200 23937
120.253.135.82 - - [14/Apr/2022:10:51:01 +0800] "POST /xingrg/kc/pszx/mdps_order_operate.html HTTP/1.1" 200 3285
120.253.135.82 - - [14/Apr/2022:10:51:01 +0800] "GET /xingrg/javascript/easyui/themes/default/validatebox.css HTTP/1.1" 404 1104
120.253.135.82 - - [14/Apr/2022:10:51:06 +0800] "POST /xingrg/kc/pszx/mdps_order_operate.html HTTP/1.1" 200 37
120.253.135.82 - - [14/Apr/2022:10:51:07 +0800] "POST /xingrg/kc/pszx/mdps_order_operate.html HTTP/1.1" 200 12
58.39.61.91 - - [14/Apr/2022:10:51:08 +0800] "GET /xingrg/check_reg.html?_=1649904591250 HTTP/1.1" 200 22
58.39.61.91 - - [14/Apr/2022:10:51:09 +0800] "GET /xingrg/all/function/internal_message.html?_=1649904592744&CODE_STATE=getMsg HTTP/1.1" 200 27
58.39.61.91 - - [14/Apr/2022:10:51:14 +0800] "POST /xingrg/dwr/call/plaincall/AjaxCheckService.setItemNumber.dwr HTTP/1.1" 200 77
120.253.135.82 - - [14/Apr/2022:10:51:17 +0800] "GET /xingrg/kc/pszx/mdps_order_info.html?code=312022041200007 HTTP/1.1" 200 19597
120.253.135.82 - - [14/Apr/2022:10:51:18 +0800] "GET /xingrg/javascript/easyui/themes/default/validatebox.css HTTP/1.1" 404 1104
120.253.135.82 - - [14/Apr/2022:10:51:18 +0800] "GET /xingrg/all/function/internal_message.html?_=1649904482374&CODE_STATE=getMsg HTTP/1.1" 200 27
120.253.135.82 - - [14/Apr/2022:10:51:19 +0800] "POST /xingrg/kc/pszx/mdps_order_operate.html HTTP/1.1" 200 1495
58.39.61.91 - - [14/Apr/2022:10:51:19 +0800] "POST /xingrg/dwr/call/plaincall/AjaxCheckService.setItemNumber.dwr HTTP/1.1" 200 77
116.235.92.88 - - [14/Apr/2022:10:51:19 +0800] "GET /xingrg/all/function/internal_message.html?_=1649904845955&CODE_STATE=getMsg HTTP/1.1" 200 27
120.253.135.82 - - [14/Apr/2022:10:51:21 +0800] "POST /xingrg/kc/pszx/mdps_list_operate.html HTTP/1.1" 200 2443
58.39.61.91 - - [14/Apr/2022:10:51:23 +0800] "POST /xingrg/dwr/call/plaincall/AjaxCheckService.setItemNumber.dwr HTTP/1.1" 200 77
120.253.135.82 - - [14/Apr/2022:10:51:23 +0800] "POST /xingrg/kc/pszx/mdps_list_operate.html HTTP/1.1" 200 216
120.253.135.82 - - [14/Apr/2022:10:51:24 +0800] "GET /xingrg/kc/pszx/mdps_order_info.html?code=312022032800230 HTTP/1.1" 200 23937
120.253.135.82 - - [14/Apr/2022:10:51:24 +0800] "GET /xingrg/javascript/easyui/themes/default/validatebox.css HTTP/1.1" 404 1104
120.253.135.82 - - [14/Apr/2022:10:51:24 +0800] "POST /xingrg/kc/pszx/mdps_order_operate.html HTTP/1.1" 200 2302
120.253.135.82 - - [14/Apr/2022:10:51:28 +0800] "POST /xingrg/kc/pszx/mdps_order_operate.html HTTP/1.1" 200 37
120.253.135.82 - - [14/Apr/2022:10:51:30 +0800] "POST /xingrg/kc/pszx/mdps_order_operate.html HTTP/1.1" 200 12
58.39.61.91 - - [14/Apr/2022:10:51:31 +0800] "POST /xingrg/dwr/call/plaincall/AjaxCheckService.setItemNumber.dwr HTTP/1.1" 200 77
120.253.135.82 - - [14/Apr/2022:10:51:36 +0800] "GET /xingrg/kc/pszx/mdps_order_info.html?code=312022032800230 HTTP/1.1" 200 19597
120.253.135.82 - - [14/Apr/2022:10:51:37 +0800] "GET /xingrg/javascript/easyui/themes/default/validatebox.css HTTP/1.1" 404 1104
120.253.135.82 - - [14/Apr/2022:10:51:37 +0800] "POST /xingrg/kc/pszx/mdps_order_operate.html HTTP/1.1" 200 524
120.253.135.82 - - [14/Apr/2022:10:51:38 +0800] "POST /xingrg/kc/pszx/mdps_list_operate.html HTTP/1.1" 200 2063
58.39.61.91 - - [14/Apr/2022:10:51:39 +0800] "POST /xingrg/dwr/call/plaincall/AjaxCheckService.setItemNumber.dwr HTTP/1.1" 200 77
120.253.135.82 - - [14/Apr/2022:10:51:40 +0800] "POST /xingrg/kc/pszx/mdps_list_operate.html HTTP/1.1" 200 218
120.253.135.82 - - [14/Apr/2022:10:51:40 +0800] "GET /xingrg/kc/pszx/mdps_order_info.html?code=312022041400036 HTTP/1.1" 200 23931
120.253.135.82 - - [14/Apr/2022:10:51:41 +0800] "GET /xingrg/javascript/easyui/themes/default/validatebox.css HTTP/1.1" 404 1104
120.253.135.82 - - [14/Apr/2022:10:51:41 +0800] "POST /xingrg/kc/pszx/mdps_order_operate.html HTTP/1.1" 200 2315
58.39.61.91 - - [14/Apr/2022:10:51:44 +0800] "POST /xingrg/dwr/call/plaincall/AjaxCheckService.setItemNumber.dwr HTTP/1.1" 200 77
120.253.135.82 - - [14/Apr/2022:10:51:46 +0800] "POST /xingrg/kc/pszx/mdps_order_operate.html HTTP/1.1" 200 37
120.253.135.82 - - [14/Apr/2022:10:51:47 +0800] "POST /xingrg/kc/pszx/mdps_order_operate.html HTTP/1.1" 200 12
58.39.61.91 - - [14/Apr/2022:10:51:49 +0800] "POST /xingrg/dwr/call/plaincall/AjaxCheckService.setItemNumber.dwr HTTP/1.1" 200 77
120.253.135.82 - - [14/Apr/2022:10:51:55 +0800] "GET /xingrg/kc/pszx/mdps_order_info.html?code=312022041400036 HTTP/1.1" 200 19591
120.253.135.82 - - [14/Apr/2022:10:51:56 +0800] "GET /xingrg/javascript/easyui/themes/default/validatebox.css HTTP/1.1" 404 1104
120.253.135.82 - - [14/Apr/2022:10:51:56 +0800] "POST /xingrg/kc/pszx/mdps_order_operate.html HTTP/1.1" 200 536
58.39.61.91 - - [14/Apr/2022:10:51:57 +0800] "POST /xingrg/dwr/call/plaincall/AjaxCheckService.setItemNumber.dwr HTTP/1.1" 200 77
120.253.135.82 - - [14/Apr/2022:10:51:57 +0800] "POST /xingrg/kc/pszx/mdps_list_operate.html HTTP/1.1" 200 1692
120.253.135.82 - - [14/Apr/2022:10:51:59 +0800] "POST /xingrg/kc/pszx/mdps_list_operate.html HTTP/1.1" 200 533
120.253.135.82 - - [14/Apr/2022:10:52:00 +0800] "GET /xingrg/kc/pszx/mdps_order_info.html?code=312022041400037 HTTP/1.1" 200 23931
120.253.135.82 - - [14/Apr/2022:10:52:00 +0800] "GET /xingrg/javascript/easyui/themes/default/validatebox.css HTTP/1.1" 404 1104
120.253.135.82 - - [14/Apr/2022:10:52:00 +0800] "POST /xingrg/kc/pszx/mdps_order_operate.html HTTP/1.1" 200 4271
58.39.61.91 - - [14/Apr/2022:10:52:05 +0800] "POST /xingrg/dwr/call/plaincall/AjaxCheckService.setItemNumber.dwr HTTP/1.1" 200 77
120.253.135.82 - - [14/Apr/2022:10:52:05 +0800] "POST /xingrg/kc/pszx/mdps_order_operate.html HTTP/1.1" 200 37
120.253.135.82 - - [14/Apr/2022:10:52:07 +0800] "POST /xingrg/kc/pszx/mdps_order_operate.html HTTP/1.1" 200 12
58.39.61.91 - - [14/Apr/2022:10:52:09 +0800] "GET /xingrg/all/function/internal_message.html?_=1649904652758&CODE_STATE=getMsg HTTP/1.1" 200 27
58.39.61.91 - - [14/Apr/2022:10:52:19 +0800] "POST /xingrg/dwr/call/plaincall/AjaxCheckService.setItemNumber.dwr HTTP/1.1" 200 77
116.235.92.88 - - [14/Apr/2022:10:52:19 +0800] "GET /xingrg/check_reg.html?_=1649904905954 HTTP/1.1" 200 22
116.235.92.88 - - [14/Apr/2022:10:52:19 +0800] "GET /xingrg/all/function/internal_message.html?_=1649904905955&CODE_STATE=getMsg HTTP/1.1" 200 27
120.253.135.82 - - [14/Apr/2022:10:52:28 +0800] "GET /xingrg/kc/pszx/mdps_order_info.html?code=312022041400037 HTTP/1.1" 200 19591
120.253.135.82 - - [14/Apr/2022:10:52:29 +0800] "GET /xingrg/javascript/easyui/themes/default/validatebox.css HTTP/1.1" 404 1104
120.253.135.82 - - [14/Apr/2022:10:52:29 +0800] "GET /xingrg/all/function/internal_message.html?_=1649904552625&CODE_STATE=getMsg HTTP/1.1" 200 27
120.253.135.82 - - [14/Apr/2022:10:52:29 +0800] "POST /xingrg/kc/pszx/mdps_order_operate.html HTTP/1.1" 200 2467
120.253.135.82 - - [14/Apr/2022:10:52:30 +0800] "POST /xingrg/kc/pszx/mdps_list_operate.html HTTP/1.1" 200 868
58.39.61.91 - - [14/Apr/2022:10:52:30 +0800] "POST /xingrg/dwr/call/plaincall/AjaxCheckService.setItemNumber.dwr HTTP/1.1" 200 77
120.253.135.82 - - [14/Apr/2022:10:52:35 +0800] "GET /xingrg/kc/pszx/mdps_order_list.html?orderType=0 HTTP/1.1" 200 20966
120.253.135.82 - - [14/Apr/2022:10:52:35 +0800] "POST /xingrg/kc/pszx/mdps_list_operate.html HTTP/1.1" 200 5289
58.39.61.91 - - [14/Apr/2022:10:52:35 +0800] "POST /xingrg/dwr/call/plaincall/AjaxCheckService.setItemNumber.dwr HTTP/1.1" 200 77
58.39.61.91 - - [14/Apr/2022:10:52:40 +0800] "POST /xingrg/dwr/call/plaincall/AjaxCheckService.setItemNumber.dwr HTTP/1.1" 200 77
58.39.61.91 - - [14/Apr/2022:10:52:46 +0800] "POST /xingrg/dwr/call/plaincall/AjaxCheckService.setItemNumber.dwr HTTP/1.1" 200 77
58.39.61.91 - - [14/Apr/2022:10:52:50 +0800] "POST /xingrg/dwr/call/plaincall/AjaxCheckService.setItemNumber.dwr HTTP/1.1" 200 77
58.39.61.91 - - [14/Apr/2022:10:52:59 +0800] "POST /xingrg/dwr/call/plaincall/AjaxCheckService.setItemNumber.dwr HTTP/1.1" 200 77
58.39.61.91 - - [14/Apr/2022:10:53:05 +0800] "POST /xingrg/dwr/call/plaincall/AjaxCheckService.setItemNumber.dwr HTTP/1.1" 200 77
58.39.61.91 - - [14/Apr/2022:10:53:09 +0800] "GET /xingrg/all/function/internal_message.html?_=1649904712772&CODE_STATE=getMsg HTTP/1.1" 200 27
58.39.61.91 - - [14/Apr/2022:10:53:12 +0800] "POST /xingrg/dwr/call/plaincall/AjaxCheckService.setItemNumber.dwr HTTP/1.1" 200 77
58.39.61.91 - - [14/Apr/2022:10:53:19 +0800] "POST /xingrg/dwr/call/plaincall/AjaxCheckService.setItemNumber.dwr HTTP/1.1" 200 77
116.235.92.88 - - [14/Apr/2022:10:53:19 +0800] "GET /xingrg/all/function/internal_message.html?_=1649904965953&CODE_STATE=getMsg HTTP/1.1" 200 27
58.39.61.91 - - [14/Apr/2022:10:53:25 +0800] "POST /xingrg/dwr/call/plaincall/AjaxCheckService.setItemNumber.dwr HTTP/1.1" 200 77
58.39.61.91 - - [14/Apr/2022:10:53:29 +0800] "POST /xingrg/dwr/call/plaincall/AjaxCheckService.setItemNumber.dwr HTTP/1.1" 200 78
120.253.135.82 - - [14/Apr/2022:10:53:29 +0800] "GET /xingrg/all/function/internal_message.html?_=1649904612941&CODE_STATE=getMsg HTTP/1.1" 200 27
58.39.61.91 - - [14/Apr/2022:10:53:30 +0800] "POST /xingrg/dwr/call/plaincall/AjaxCheckService.setItemNumber.dwr HTTP/1.1" 200 78
58.39.61.91 - - [14/Apr/2022:10:53:33 +0800] "POST /xingrg/dwr/call/plaincall/AjaxCheckService.setItemNumber.dwr HTTP/1.1" 200 78
58.39.61.91 - - [14/Apr/2022:10:53:37 +0800] "POST /xingrg/dwr/call/plaincall/AjaxCheckService.setItemNumber.dwr HTTP/1.1" 200 78
58.39.61.91 - - [14/Apr/2022:10:54:00 +0800] "POST /xingrg/dwr/call/plaincall/AjaxCheckService.setItemNumber.dwr HTTP/1.1" 200 78
58.39.61.91 - - [14/Apr/2022:10:54:02 +0800] "POST /xingrg/dwr/call/plaincall/AjaxCheckService.setItemNumber.dwr HTTP/1.1" 200 78
58.39.61.91 - - [14/Apr/2022:10:54:10 +0800] "GET /xingrg/all/function/internal_message.html?_=1649904772796&CODE_STATE=getMsg HTTP/1.1" 200 27
58.39.61.91 - - [14/Apr/2022:10:54:13 +0800] "POST /xingrg/dwr/call/plaincall/AjaxCheckService.setItemNumber.dwr HTTP/1.1" 200 78
58.39.61.91 - - [14/Apr/2022:10:54:18 +0800] "POST /xingrg/dwr/call/plaincall/AjaxCheckService.setItemNumber.dwr HTTP/1.1" 200 78
116.235.92.88 - - [14/Apr/2022:10:54:19 +0800] "GET /xingrg/all/function/internal_message.html?_=1649905025951&CODE_STATE=getMsg HTTP/1.1" 200 27
58.39.61.91 - - [14/Apr/2022:10:54:21 +0800] "POST /xingrg/dwr/call/plaincall/AjaxCheckService.setItemNumber.dwr HTTP/1.1" 200 78
58.39.61.91 - - [14/Apr/2022:10:54:25 +0800] "POST /xingrg/dwr/call/plaincall/AjaxCheckService.setItemNumber.dwr HTTP/1.1" 200 78
58.39.61.91 - - [14/Apr/2022:10:54:28 +0800] "POST /xingrg/dwr/call/plaincall/AjaxCheckService.setItemNumber.dwr HTTP/1.1" 200 78
120.253.135.82 - - [14/Apr/2022:10:54:29 +0800] "GET /xingrg/all/function/internal_message.html?_=1649904672949&CODE_STATE=getMsg HTTP/1.1" 200 27
58.39.61.91 - - [14/Apr/2022:10:54:32 +0800] "POST /xingrg/dwr/call/plaincall/AjaxCheckService.setItemNumber.dwr HTTP/1.1" 200 78
120.253.135.82 - - [14/Apr/2022:10:54:35 +0800] "GET /xingrg/kc/buy/cgsh_order_list.html HTTP/1.1" 200 49931
58.39.61.91 - - [14/Apr/2022:10:54:36 +0800] "POST /xingrg/dwr/call/plaincall/AjaxCheckService.setItemNumber.dwr HTTP/1.1" 200 78
120.253.135.82 - - [14/Apr/2022:10:54:36 +0800] "POST /xingrg/kc/buy/cgsh_list_operate.html HTTP/1.1" 200 876
120.253.135.82 - - [14/Apr/2022:10:54:40 +0800] "GET /xingrg/kc/buy/cgsh_order_add.html HTTP/1.1" 200 64723
120.253.135.82 - - [14/Apr/2022:10:54:41 +0800] "GET /xingrg/javascript/easyui/themes/default/validatebox.css HTTP/1.1" 404 1104
120.253.135.82 - - [14/Apr/2022:10:54:41 +0800] "POST /xingrg/kc/buy/cgsh_order_operate.html HTTP/1.1" 200 8245
120.253.135.82 - - [14/Apr/2022:10:54:53 +0800] "POST /xingrg/all/common/load_combo.html?type=employee HTTP/1.1" 200 1752
120.253.135.82 - - [14/Apr/2022:10:55:07 +0800] "GET /xingrg/check_reg.html?_=1649904711221 HTTP/1.1" 200 22
58.39.61.91 - - [14/Apr/2022:10:55:10 +0800] "GET /xingrg/all/function/internal_message.html?_=1649904832798&CODE_STATE=getMsg HTTP/1.1" 200 27
116.235.92.88 - - [14/Apr/2022:10:55:19 +0800] "GET /xingrg/all/function/internal_message.html?_=1649905085950&CODE_STATE=getMsg HTTP/1.1" 200 27
120.253.135.82 - - [14/Apr/2022:10:55:29 +0800] "GET /xingrg/all/function/internal_message.html?_=1649904732962&CODE_STATE=getMsg HTTP/1.1" 200 27
120.253.135.82 - - [14/Apr/2022:10:55:45 +0800] "GET /xingrg/kc/buy/cgsh_order_operate.html?command=get_materiel&rest_code=00101&code=00101010375&supplier_code=00100151&order_time=2022-04-14 HTTP/1.1" 200 406
120.253.135.82 - - [14/Apr/2022:10:56:07 +0800] "GET /xingrg/kc/buy/cgsh_order_operate.html?command=get_materiel&rest_code=00101&code=00101006001&supplier_code=00100151&order_time=2022-04-14 HTTP/1.1" 200 443
58.39.61.91 - - [14/Apr/2022:10:56:08 +0800] "GET /xingrg/check_reg.html?_=1649904891252 HTTP/1.1" 200 22
58.39.61.91 - - [14/Apr/2022:10:56:10 +0800] "GET /xingrg/all/function/internal_message.html?_=1649904892812&CODE_STATE=getMsg HTTP/1.1" 200 27
116.235.92.88 - - [14/Apr/2022:10:56:19 +0800] "GET /xingrg/all/function/internal_message.html?_=1649905145949&CODE_STATE=getMsg HTTP/1.1" 200 27
58.39.61.91 - - [14/Apr/2022:10:56:23 +0800] "POST /xingrg/dwr/call/plaincall/AjaxCheckService.setItemNumber.dwr HTTP/1.1" 200 78
120.253.135.82 - - [14/Apr/2022:10:56:29 +0800] "GET /xingrg/all/function/internal_message.html?_=1649904792976&CODE_STATE=getMsg HTTP/1.1" 200 27
58.39.61.91 - - [14/Apr/2022:10:56:32 +0800] "POST /xingrg/dwr/call/plaincall/AjaxCheckService.setItemNumber.dwr HTTP/1.1" 200 78
58.39.61.91 - - [14/Apr/2022:10:56:38 +0800] "POST /xingrg/dwr/call/plaincall/AjaxCheckService.setItemNumber.dwr HTTP/1.1" 200 78
58.39.61.91 - - [14/Apr/2022:10:56:40 +0800] "POST /xingrg/dwr/call/plaincall/AjaxCheckService.setItemNumber.dwr HTTP/1.1" 200 78
58.39.61.91 - - [14/Apr/2022:10:56:45 +0800] "POST /xingrg/dwr/call/plaincall/AjaxCheckService.setItemNumber.dwr HTTP/1.1" 200 78
58.39.61.91 - - [14/Apr/2022:10:56:50 +0800] "POST /xingrg/dwr/call/plaincall/AjaxCheckService.setItemNumber.dwr HTTP/1.1" 200 78
120.253.135.82 - - [14/Apr/2022:10:56:52 +0800] "POST /xingrg/kc/buy/cgsh_order_operate.html HTTP/1.1" 200 37
120.253.135.82 - - [14/Apr/2022:10:56:54 +0800] "POST /xingrg/kc/buy/cgsh_order_operate.html HTTP/1.1" 200 2682
58.39.61.91 - - [14/Apr/2022:10:56:56 +0800] "POST /xingrg/dwr/call/plaincall/AjaxCheckService.setItemNumber.dwr HTTP/1.1" 200 78
58.39.61.91 - - [14/Apr/2022:10:57:01 +0800] "POST /xingrg/dwr/call/plaincall/AjaxCheckService.setItemNumber.dwr HTTP/1.1" 200 78
58.39.61.91 - - [14/Apr/2022:10:57:10 +0800] "POST /xingrg/dwr/call/plaincall/AjaxCheckService.setItemNumber.dwr HTTP/1.1" 200 78
120.253.135.82 - - [14/Apr/2022:10:57:10 +0800] "GET /xingrg/kc/print/load_config.html?kc_code=cgsh HTTP/1.1" 200 1943
120.253.135.82 - - [14/Apr/2022:10:57:10 +0800] "GET /xingrg/kc/print/load_data.html?order_code=212022041400028&kc_code=cgsh&condition= HTTP/1.1" 200 683
58.39.61.91 - - [14/Apr/2022:10:57:10 +0800] "GET /xingrg/all/function/internal_message.html?_=1649904953472&CODE_STATE=getMsg HTTP/1.1" 200 27
58.39.61.91 - - [14/Apr/2022:10:57:14 +0800] "POST /xingrg/dwr/call/plaincall/AjaxCheckService.setItemNumber.dwr HTTP/1.1" 200 78
116.235.92.88 - - [14/Apr/2022:10:57:19 +0800] "GET /xingrg/all/function/internal_message.html?_=1649905205951&CODE_STATE=getMsg HTTP/1.1" 200 27
116.235.92.88 - - [14/Apr/2022:10:57:19 +0800] "GET /xingrg/check_reg.html?_=1649905205952 HTTP/1.1" 200 22
58.39.61.91 - - [14/Apr/2022:10:57:23 +0800] "POST /xingrg/dwr/call/plaincall/AjaxCheckService.setItemNumber.dwr HTTP/1.1" 200 78
58.39.61.91 - - [14/Apr/2022:10:57:28 +0800] "POST /xingrg/dwr/call/plaincall/AjaxCheckService.setItemNumber.dwr HTTP/1.1" 200 78
120.253.135.82 - - [14/Apr/2022:10:57:29 +0800] "GET /xingrg/all/function/internal_message.html?_=1649904853261&CODE_STATE=getMsg HTTP/1.1" 200 27
58.39.61.91 - - [14/Apr/2022:10:57:35 +0800] "POST /xingrg/dwr/call/plaincall/AjaxCheckService.setItemNumber.dwr HTTP/1.1" 200 78
58.40.7.146 - - [14/Apr/2022:10:57:38 +0800] "POST /xingrg/services/DataTransmitService HTTP/1.1" 200 524
58.39.61.91 - - [14/Apr/2022:10:57:43 +0800] "POST /xingrg/dwr/call/plaincall/AjaxCheckService.setItemNumber.dwr HTTP/1.1" 200 78
58.39.61.91 - - [14/Apr/2022:10:57:48 +0800] "POST /xingrg/dwr/call/plaincall/AjaxCheckService.setItemNumber.dwr HTTP/1.1" 200 78
58.39.61.91 - - [14/Apr/2022:10:57:52 +0800] "POST /xingrg/dwr/call/plaincall/AjaxCheckService.setItemNumber.dwr HTTP/1.1" 200 78
58.39.61.91 - - [14/Apr/2022:10:57:55 +0800] "POST /xingrg/dwr/call/plaincall/AjaxCheckService.setItemNumber.dwr HTTP/1.1" 200 78
58.39.61.91 - - [14/Apr/2022:10:58:00 +0800] "POST /xingrg/dwr/call/plaincall/AjaxCheckService.setItemNumber.dwr HTTP/1.1" 200 78
58.39.61.91 - - [14/Apr/2022:10:58:05 +0800] "POST /xingrg/dwr/call/plaincall/AjaxCheckService.setItemNumber.dwr HTTP/1.1" 200 78
120.253.135.82 - - [14/Apr/2022:10:58:05 +0800] "POST /xingrg/kc/buy/cgsh_order_operate.html HTTP/1.1" 200 37
58.39.61.91 - - [14/Apr/2022:10:58:10 +0800] "GET /xingrg/all/function/internal_message.html?_=1649905013479&CODE_STATE=getMsg HTTP/1.1" 200 27
116.235.92.88 - - [14/Apr/2022:10:58:19 +0800] "GET /xingrg/all/function/internal_message.html?_=1649905265944&CODE_STATE=getMsg HTTP/1.1" 200 27
120.253.135.82 - - [14/Apr/2022:10:58:27 +0800] "POST /xingrg/kc/buy/cgsh_order_operate.html HTTP/1.1" 200 12
58.39.61.91 - - [14/Apr/2022:10:58:43 +0800] "POST /xingrg/dwr/call/plaincall/AjaxCheckService.setItemNumber.dwr HTTP/1.1" 200 78
58.39.61.91 - - [14/Apr/2022:10:58:46 +0800] "POST /xingrg/dwr/call/plaincall/AjaxCheckService.setItemNumber.dwr HTTP/1.1" 200 78
58.39.61.91 - - [14/Apr/2022:10:58:48 +0800] "POST /xingrg/dwr/call/plaincall/AjaxCheckService.setItemNumber.dwr HTTP/1.1" 200 78
58.39.61.91 - - [14/Apr/2022:10:58:51 +0800] "POST /xingrg/dwr/call/plaincall/AjaxCheckService.setItemNumber.dwr HTTP/1.1" 200 78
116.237.75.77 - - [14/Apr/2022:10:58:57 +0800] "POST /xingrg/services/DataTransmitService HTTP/1.1" 200 524
58.39.61.91 - - [14/Apr/2022:10:58:57 +0800] "POST /xingrg/dwr/call/plaincall/AjaxCheckService.setItemNumber.dwr HTTP/1.1" 200 78
58.39.61.91 - - [14/Apr/2022:10:59:01 +0800] "POST /xingrg/dwr/call/plaincall/AjaxCheckService.setItemNumber.dwr HTTP/1.1" 200 78
58.39.61.91 - - [14/Apr/2022:10:59:03 +0800] "POST /xingrg/dwr/call/plaincall/AjaxCheckService.setItemNumber.dwr HTTP/1.1" 200 78
58.39.61.91 - - [14/Apr/2022:10:59:04 +0800] "POST /xingrg/dwr/call/plaincall/AjaxCheckService.setItemNumber.dwr HTTP/1.1" 200 78
58.39.61.91 - - [14/Apr/2022:10:59:08 +0800] "POST /xingrg/dwr/call/plaincall/AjaxCheckService.setItemNumber.dwr HTTP/1.1" 200 78
58.39.61.91 - - [14/Apr/2022:10:59:10 +0800] "GET /xingrg/all/function/internal_message.html?_=1649905073493&CODE_STATE=getMsg HTTP/1.1" 200 27
58.39.61.91 - - [14/Apr/2022:10:59:12 +0800] "POST /xingrg/dwr/call/plaincall/AjaxCheckService.setItemNumber.dwr HTTP/1.1" 200 78
120.253.135.82 - - [14/Apr/2022:10:59:13 +0800] "GET /xingrg/kc/buy/cgsh_order_info.html?code=212022041400028 HTTP/1.1" 200 59622
120.253.135.82 - - [14/Apr/2022:10:59:14 +0800] "GET /xingrg/all/function/internal_message.html?_=1649904958163&CODE_STATE=getMsg HTTP/1.1" 200 27
120.253.135.82 - - [14/Apr/2022:10:59:14 +0800] "GET /xingrg/javascript/easyui/themes/default/validatebox.css HTTP/1.1" 404 1104
120.253.135.82 - - [14/Apr/2022:10:59:15 +0800] "POST /xingrg/kc/buy/cgsh_order_operate.html HTTP/1.1" 200 632
58.39.61.91 - - [14/Apr/2022:10:59:16 +0800] "POST /xingrg/dwr/call/plaincall/AjaxCheckService.setItemNumber.dwr HTTP/1.1" 200 78
120.253.135.82 - - [14/Apr/2022:10:59:19 +0800] "GET /xingrg/kc/pszx/mdps_order_list.html?orderType=0 HTTP/1.1" 200 20966
120.253.135.82 - - [14/Apr/2022:10:59:19 +0800] "POST /xingrg/kc/pszx/mdps_list_operate.html HTTP/1.1" 200 5289
116.235.92.88 - - [14/Apr/2022:10:59:19 +0800] "GET /xingrg/all/function/internal_message.html?_=1649905325952&CODE_STATE=getMsg HTTP/1.1" 200 27
58.39.61.91 - - [14/Apr/2022:10:59:22 +0800] "POST /xingrg/dwr/call/plaincall/AjaxCheckService.setItemNumber.dwr HTTP/1.1" 200 78
120.253.135.82 - - [14/Apr/2022:10:59:29 +0800] "POST /xingrg/kc/pszx/mdps_list_operate.html HTTP/1.1" 200 2075
120.253.135.82 - - [14/Apr/2022:10:59:31 +0800] "POST /xingrg/kc/pszx/mdps_list_operate.html HTTP/1.1" 200 212
120.253.135.82 - - [14/Apr/2022:10:59:33 +0800] "GET /xingrg/kc/pszx/mdps_order_info.html?code=312022041300025 HTTP/1.1" 200 23937
120.253.135.82 - - [14/Apr/2022:10:59:33 +0800] "POST /xingrg/kc/pszx/mdps_order_operate.html HTTP/1.1" 200 2290
120.253.135.82 - - [14/Apr/2022:10:59:33 +0800] "GET /xingrg/javascript/easyui/themes/default/validatebox.css HTTP/1.1" 404 1104
58.39.61.91 - - [14/Apr/2022:10:59:34 +0800] "POST /xingrg/dwr/call/plaincall/AjaxCheckService.setItemNumber.dwr HTTP/1.1" 200 78
120.253.135.82 - - [14/Apr/2022:10:59:40 +0800] "POST /xingrg/kc/pszx/mdps_order_operate.html HTTP/1.1" 200 37
120.253.135.82 - - [14/Apr/2022:10:59:42 +0800] "POST /xingrg/kc/pszx/mdps_order_operate.html HTTP/1.1" 200 12
120.253.135.82 - - [14/Apr/2022:10:59:43 +0800] "GET /xingrg/kc/pszx/mdps_order_info.html?code=312022041300025 HTTP/1.1" 200 19597
120.253.135.82 - - [14/Apr/2022:10:59:44 +0800] "POST /xingrg/kc/pszx/mdps_order_operate.html HTTP/1.1" 200 510
120.253.135.82 - - [14/Apr/2022:10:59:44 +0800] "GET /xingrg/javascript/easyui/themes/default/validatebox.css HTTP/1.1" 404 1104
58.39.61.91 - - [14/Apr/2022:10:59:47 +0800] "POST /xingrg/dwr/call/plaincall/AjaxCheckService.setItemNumber.dwr HTTP/1.1" 200 78
120.253.135.82 - - [14/Apr/2022:10:59:48 +0800] "POST /xingrg/kc/pszx/mdps_list_operate.html HTTP/1.1" 200 645
120.253.135.82 - - [14/Apr/2022:10:59:50 +0800] "GET /xingrg/kc/pszx/mdps_order_info.html?code=312022041300025 HTTP/1.1" 200 19597
120.253.135.82 - - [14/Apr/2022:10:59:51 +0800] "POST /xingrg/kc/pszx/mdps_order_operate.html HTTP/1.1" 200 510
120.253.135.82 - - [14/Apr/2022:10:59:51 +0800] "GET /xingrg/javascript/easyui/themes/default/validatebox.css HTTP/1.1" 404 1104
58.39.61.91 - - [14/Apr/2022:10:59:52 +0800] "POST /xingrg/dwr/call/plaincall/AjaxCheckService.setItemNumber.dwr HTTP/1.1" 200 78
120.253.135.82 - - [14/Apr/2022:10:59:54 +0800] "POST /xingrg/kc/pszx/mdps_list_operate.html HTTP/1.1" 200 1694
58.39.61.91 - - [14/Apr/2022:10:59:55 +0800] "POST /xingrg/dwr/call/plaincall/AjaxCheckService.setItemNumber.dwr HTTP/1.1" 200 78
