120.253.135.82 - - [12/Apr/2022:12:32:16 +0800] "GET /xingrg/check_reg.html?_=1649737740161 HTTP/1.1" 200 22
120.253.135.82 - - [12/Apr/2022:12:32:16 +0800] "GET /xingrg/javascript/jquery_easy_ui/themes/default/images/tree_arrows.gif HTTP/1.1" 200 1043
120.253.135.82 - - [12/Apr/2022:12:32:16 +0800] "POST /xingrg/load_menu.html HTTP/1.1" 200 6743
120.253.135.82 - - [12/Apr/2022:12:32:16 +0800] "GET /xingrg/javascript/jquery_easy_ui/themes/default/images/tree_folder_open.gif HTTP/1.1" 200 956
120.253.135.82 - - [12/Apr/2022:12:32:16 +0800] "GET /xingrg/javascript/jquery_easy_ui/themes/icons/search_new.png HTTP/1.1" 200 586
120.253.135.82 - - [12/Apr/2022:12:32:16 +0800] "GET /xingrg/javascript/jquery_easy_ui/themes/icons/storage_new.png HTTP/1.1" 200 853
120.253.135.82 - - [12/Apr/2022:12:32:16 +0800] "GET /xingrg/javascript/jquery_easy_ui/themes/icons/delivery_new.png HTTP/1.1" 200 700
120.253.135.82 - - [12/Apr/2022:12:32:16 +0800] "GET /xingrg/javascript/jquery_easy_ui/themes/icons/forms_new.png HTTP/1.1" 200 350
120.253.135.82 - - [12/Apr/2022:12:32:16 +0800] "GET /xingrg/javascript/jquery_easy_ui/themes/default/images/tree_file.gif HTTP/1.1" 200 118
120.253.135.82 - - [12/Apr/2022:12:32:16 +0800] "GET /xingrg/javascript/jquery_easy_ui/themes/default/images/tree_folder.gif HTTP/1.1" 200 952
120.253.135.82 - - [12/Apr/2022:12:32:19 +0800] "GET /xingrg/javascript/jquery_easy_ui/themes/default/images/tabs_close.gif HTTP/1.1" 200 829
120.253.135.82 - - [12/Apr/2022:12:32:19 +0800] "GET /xingrg/kc/pszx/mdqp_order_list.html?state=10 HTTP/1.1" 200 10217
120.253.135.82 - - [12/Apr/2022:12:32:19 +0800] "GET /xingrg/javascript/pic_change.js HTTP/1.1" 200 4739
120.253.135.82 - - [12/Apr/2022:12:32:19 +0800] "GET /xingrg/dwr/interface/AjaxQqpsService.js HTTP/1.1" 200 16326
120.253.135.82 - - [12/Apr/2022:12:32:19 +0800] "GET /xingrg/dwr/interface/AjaxReportQueryService.js HTTP/1.1" 200 13203
120.253.135.82 - - [12/Apr/2022:12:32:19 +0800] "GET /xingrg/dwr/util.js HTTP/1.1" 200 35990
120.253.135.82 - - [12/Apr/2022:12:32:19 +0800] "GET /xingrg/javascript/myfunction.js HTTP/1.1" 200 24559
120.253.135.82 - - [12/Apr/2022:12:32:19 +0800] "GET /xingrg/css/blue.css HTTP/1.1" 200 15949
120.253.135.82 - - [12/Apr/2022:12:32:19 +0800] "GET /xingrg/javascript/Calendar.js HTTP/1.1" 200 31561
120.253.135.82 - - [12/Apr/2022:12:32:19 +0800] "GET /xingrg/dwr/engine.js HTTP/1.1" 200 43631
120.253.135.82 - - [12/Apr/2022:12:32:19 +0800] "GET /xingrg/javascript/jquery_easy_ui/themes/icons/check_new.png HTTP/1.1" 200 3224
120.253.135.82 - - [12/Apr/2022:12:32:19 +0800] "GET /xingrg/javascript/jquery_easy_ui/themes/icons/uncheck_new.png HTTP/1.1" 200 3197
120.253.135.82 - - [12/Apr/2022:12:32:19 +0800] "GET /xingrg/javascript/jquery_easy_ui/themes/icons/back_new.png HTTP/1.1" 200 3414
120.253.135.82 - - [12/Apr/2022:12:32:21 +0800] "GET /xingrg/kc/pszx/mdps_order_list.html?orderType=0 HTTP/1.1" 200 20925
120.253.135.82 - - [12/Apr/2022:12:32:21 +0800] "GET /xingrg/javascript/jquery_tools/fix.css HTTP/1.1" 200 1702
120.253.135.82 - - [12/Apr/2022:12:32:21 +0800] "GET /xingrg/css/base.css HTTP/1.1" 200 2811
120.253.135.82 - - [12/Apr/2022:12:32:21 +0800] "GET /xingrg/javascript/auto/jquery.autocomplete.css HTTP/1.1" 200 587
120.253.135.82 - - [12/Apr/2022:12:32:21 +0800] "GET /xingrg/javascript/jquery_tools/table.css HTTP/1.1" 200 1032
120.253.135.82 - - [12/Apr/2022:12:32:21 +0800] "GET /xingrg/javascript/easyui/themes/icon.css HTTP/1.1" 200 4483
120.253.135.82 - - [12/Apr/2022:12:32:21 +0800] "GET /xingrg/javascript/jquery_tools/datebox.css HTTP/1.1" 200 2597
120.253.135.82 - - [12/Apr/2022:12:32:21 +0800] "GET /xingrg/css/site.css HTTP/1.1" 200 7541
120.253.135.82 - - [12/Apr/2022:12:32:21 +0800] "GET /xingrg/javascript/jquery_tools/jquery.tools.extend.js HTTP/1.1" 200 15385
120.253.135.82 - - [12/Apr/2022:12:32:21 +0800] "GET /xingrg/javascript/jquery_tools/jquery.tools.hotkey.js HTTP/1.1" 200 3242
120.253.135.82 - - [12/Apr/2022:12:32:21 +0800] "GET /xingrg/javascript/easyui/themes/default/easyui.css HTTP/1.1" 200 30432
120.253.135.82 - - [12/Apr/2022:12:32:21 +0800] "GET /xingrg/javascript/jquery_tools/jquery.tools.table.js HTTP/1.1" 200 6994
120.253.135.82 - - [12/Apr/2022:12:32:21 +0800] "GET /xingrg/javascript/jquery.cookie.js HTTP/1.1" 200 5513
120.253.135.82 - - [12/Apr/2022:12:32:21 +0800] "GET /xingrg/javascript/jquery_tools/list_manager.js HTTP/1.1" 200 3652
120.253.135.82 - - [12/Apr/2022:12:32:21 +0800] "GET /xingrg/javascript/print/LodopFuncs.js HTTP/1.1" 200 5121
120.253.135.82 - - [12/Apr/2022:12:32:21 +0800] "GET /xingrg/javascript/easyui/easyloader.js HTTP/1.1" 200 5975
120.253.135.82 - - [12/Apr/2022:12:32:21 +0800] "GET /xingrg/javascript/jquery_tools/jquery.tools.min.js HTTP/1.1" 200 138801
120.253.135.82 - - [12/Apr/2022:12:32:21 +0800] "GET /xingrg/javascript/auto/jquery.autocomplete.js HTTP/1.1" 200 21624
120.253.135.82 - - [12/Apr/2022:12:32:21 +0800] "GET /xingrg/javascript/easyui/themes/icons/uncheck_new.png HTTP/1.1" 200 3197
120.253.135.82 - - [12/Apr/2022:12:32:21 +0800] "GET /xingrg/javascript/easyui/themes/icons/check_new.png HTTP/1.1" 200 3224
120.253.135.82 - - [12/Apr/2022:12:32:21 +0800] "GET /xingrg/javascript/easyui/themes/icons/field_new.png HTTP/1.1" 200 1097
120.253.135.82 - - [12/Apr/2022:12:32:21 +0800] "GET /xingrg/javascript/easyui/themes/icons/edit_add_new.png HTTP/1.1" 200 2997
120.253.135.82 - - [12/Apr/2022:12:32:21 +0800] "GET /xingrg/javascript/easyui/themes/icons/import_new.png HTTP/1.1" 200 1247
120.253.135.82 - - [12/Apr/2022:12:32:21 +0800] "GET /xingrg/javascript/easyui/themes/icons/cance_new.png HTTP/1.1" 200 3986
120.253.135.82 - - [12/Apr/2022:12:32:21 +0800] "GET /xingrg/javascript/jquery_easy_ui/themes/icons/area.png HTTP/1.1" 200 262
120.253.135.82 - - [12/Apr/2022:12:32:21 +0800] "GET /xingrg/javascript/jquery_easy_ui/themes/icons/manage.png HTTP/1.1" 200 696
120.253.135.82 - - [12/Apr/2022:12:32:21 +0800] "GET /xingrg/javascript/easyui/plugins/jquery.parser.js HTTP/1.1" 200 1142
120.253.135.82 - - [12/Apr/2022:12:32:21 +0800] "GET /xingrg/images/control/ajaxLoader.gif HTTP/1.1" 200 4659
120.253.135.82 - - [12/Apr/2022:12:32:22 +0800] "POST /xingrg/kc/pszx/mdps_list_operate.html HTTP/1.1" 200 5282
58.39.61.91 - - [12/Apr/2022:12:32:46 +0800] "GET /xingrg/all/function/internal_message.html?_=1649737892167&CODE_STATE=getMsg HTTP/1.1" 200 27
58.39.61.91 - - [12/Apr/2022:12:32:49 +0800] "GET /xingrg/check_reg.html?_=1649737969826 HTTP/1.1" 200 22
58.39.61.91 - - [12/Apr/2022:12:32:49 +0800] "GET /xingrg/all/function/internal_message.html?_=1649737969829&CODE_STATE=getMsg HTTP/1.1" 200 27
116.235.92.88 - - [12/Apr/2022:12:33:13 +0800] "GET /xingrg/all/function/internal_message.html?_=1649738161738&CODE_STATE=getMsg HTTP/1.1" 200 27
120.253.135.82 - - [12/Apr/2022:12:33:16 +0800] "GET /xingrg/all/function/internal_message.html?_=1649737800166&CODE_STATE=getMsg HTTP/1.1" 200 27
120.253.135.82 - - [12/Apr/2022:12:33:33 +0800] "GET /xingrg/javascript/auto/indicator.gif HTTP/1.1" 404 1066
58.39.61.91 - - [12/Apr/2022:12:33:44 +0800] "GET /xingrg/check_reg.html?_=1649737950224 HTTP/1.1" 200 22
58.39.61.91 - - [12/Apr/2022:12:33:46 +0800] "GET /xingrg/all/function/internal_message.html?_=1649737952179&CODE_STATE=getMsg HTTP/1.1" 200 27
58.39.61.91 - - [12/Apr/2022:12:33:49 +0800] "GET /xingrg/all/function/internal_message.html?_=1649738029814&CODE_STATE=getMsg HTTP/1.1" 200 27
120.253.135.82 - - [12/Apr/2022:12:33:55 +0800] "POST /xingrg/kc/pszx/mdps_list_operate.html HTTP/1.1" 200 2081
120.253.135.82 - - [12/Apr/2022:12:33:56 +0800] "POST /xingrg/kc/pszx/mdps_list_operate.html HTTP/1.1" 200 376
120.253.135.82 - - [12/Apr/2022:12:33:58 +0800] "POST /xingrg/kc/pszx/mdps_list_operate.html HTTP/1.1" 200 216
120.253.135.82 - - [12/Apr/2022:12:34:12 +0800] "POST /xingrg/kc/pszx/mdps_list_operate.html HTTP/1.1" 200 868
116.235.92.88 - - [12/Apr/2022:12:34:13 +0800] "GET /xingrg/all/function/internal_message.html?_=1649738221736&CODE_STATE=getMsg HTTP/1.1" 200 27
120.253.135.82 - - [12/Apr/2022:12:34:13 +0800] "GET /xingrg/javascript/easyui/themes/default/images/button_plain_hover.png HTTP/1.1" 200 144
120.253.135.82 - - [12/Apr/2022:12:34:13 +0800] "GET /xingrg/javascript/easyui/themes/default/images/button_plain_hover.png HTTP/1.1" 200 144
120.253.135.82 - - [12/Apr/2022:12:34:13 +0800] "GET /xingrg/javascript/easyui/themes/default/images/button_plain_hover.png HTTP/1.1" 200 144
120.253.135.82 - - [12/Apr/2022:12:34:14 +0800] "GET /xingrg/kc/pszx/mdps_order_add.html HTTP/1.1" 200 28947
120.253.135.82 - - [12/Apr/2022:12:34:14 +0800] "GET /xingrg/javascript/convert.js HTTP/1.1" 200 1239
120.253.135.82 - - [12/Apr/2022:12:34:14 +0800] "GET /xingrg/javascript/jquery_tools/order_manager.js HTTP/1.1" 200 11183
120.253.135.82 - - [12/Apr/2022:12:34:14 +0800] "GET /xingrg/javascript/print/kc_print.js HTTP/1.1" 200 11415
120.253.135.82 - - [12/Apr/2022:12:34:14 +0800] "GET /xingrg/javascript/json2.js HTTP/1.1" 200 11259
120.253.135.82 - - [12/Apr/2022:12:34:14 +0800] "GET /xingrg/words/20220411182121_words.js HTTP/1.1" 200 889930
120.253.135.82 - - [12/Apr/2022:12:34:14 +0800] "GET /xingrg/javascript/easyui/themes/icons/copy_new.png HTTP/1.1" 200 815
120.253.135.82 - - [12/Apr/2022:12:34:14 +0800] "GET /xingrg/javascript/easyui/themes/default/images/menu_downarrow.png HTTP/1.1" 200 173
120.253.135.82 - - [12/Apr/2022:12:34:14 +0800] "GET /xingrg/javascript/easyui/themes/icons/print.png HTTP/1.1" 200 1057
120.253.135.82 - - [12/Apr/2022:12:34:14 +0800] "GET /xingrg/javascript/easyui/themes/icons/ok.png HTTP/1.1" 200 883
120.253.135.82 - - [12/Apr/2022:12:34:14 +0800] "GET /xingrg/javascript/easyui/themes/icons/cancel.png HTTP/1.1" 200 1133
120.253.135.82 - - [12/Apr/2022:12:34:15 +0800] "POST /xingrg/kc/pszx/mdps_order_operate.html HTTP/1.1" 200 7126
120.253.135.82 - - [12/Apr/2022:12:34:15 +0800] "GET /xingrg/javascript/easyui/themes/icons/edit_remove.png HTTP/1.1" 200 625
120.253.135.82 - - [12/Apr/2022:12:34:15 +0800] "GET /xingrg/all/common/auto_word.html?type=base&rest_code=00101 HTTP/1.1" 200 613
120.253.135.82 - - [12/Apr/2022:12:34:15 +0800] "GET /xingrg/javascript/easyui/themes/default/validatebox.css HTTP/1.1" 404 1104
120.253.135.82 - - [12/Apr/2022:12:34:15 +0800] "GET /xingrg/javascript/easyui/plugins/jquery.validatebox.js HTTP/1.1" 200 6103
120.253.135.82 - - [12/Apr/2022:12:34:15 +0800] "GET /xingrg/javascript/easyui/plugins/jquery.numberbox.js HTTP/1.1" 200 5213
120.253.135.82 - - [12/Apr/2022:12:34:16 +0800] "GET /xingrg/all/function/internal_message.html?_=1649737860188&CODE_STATE=getMsg HTTP/1.1" 200 27
120.253.135.82 - - [12/Apr/2022:12:34:26 +0800] "GET /xingrg/css/images/panel_loading.gif HTTP/1.1" 200 1737
120.253.135.82 - - [12/Apr/2022:12:34:27 +0800] "POST /xingrg/all/common/load_combo.html?type=base HTTP/1.1" 200 1075
58.39.61.91 - - [12/Apr/2022:12:34:46 +0800] "GET /xingrg/all/function/internal_message.html?_=1649738012194&CODE_STATE=getMsg HTTP/1.1" 200 27
58.39.61.91 - - [12/Apr/2022:12:34:49 +0800] "GET /xingrg/all/function/internal_message.html?_=1649738089813&CODE_STATE=getMsg HTTP/1.1" 200 27
120.253.135.82 - - [12/Apr/2022:12:34:51 +0800] "GET /xingrg/kc/pszx/mdps_order_operate.html?command=get_materiel&pszx_code=00101&rest_code=00104&base_code=0010246&code=00101016050 HTTP/1.1" 200 464
120.253.135.82 - - [12/Apr/2022:12:34:53 +0800] "POST /xingrg/all/common/load_select.html HTTP/1.1" 200 25
120.253.135.82 - - [12/Apr/2022:12:34:55 +0800] "GET /xingrg/kc/pszx/mdps_order_operate.html?command=get_materiel_price&pszx_code=00101&rest_code=00104&base_code=0010246&code=00101016050&unit_code=00100088&order_time=2022-04-12 HTTP/1.1" 200 35
120.253.135.82 - - [12/Apr/2022:12:35:06 +0800] "POST /xingrg/kc/pszx/mdps_order_operate.html HTTP/1.1" 200 37
120.253.135.82 - - [12/Apr/2022:12:35:06 +0800] "GET /xingrg/kc/pszx/mdps_order_info.html?code=312022041200008 HTTP/1.1" 200 23937
120.253.135.82 - - [12/Apr/2022:12:35:07 +0800] "GET /xingrg/javascript/easyui/themes/default/validatebox.css HTTP/1.1" 404 1104
120.253.135.82 - - [12/Apr/2022:12:35:07 +0800] "POST /xingrg/kc/pszx/mdps_order_operate.html HTTP/1.1" 200 2298
120.253.135.82 - - [12/Apr/2022:12:35:12 +0800] "GET /xingrg/kc/pszx/mdps_order_add.html HTTP/1.1" 200 28947
120.253.135.82 - - [12/Apr/2022:12:35:13 +0800] "POST /xingrg/kc/pszx/mdps_order_operate.html HTTP/1.1" 200 7126
120.253.135.82 - - [12/Apr/2022:12:35:13 +0800] "GET /xingrg/javascript/easyui/themes/default/validatebox.css HTTP/1.1" 404 1104
116.235.92.88 - - [12/Apr/2022:12:35:13 +0800] "GET /xingrg/all/function/internal_message.html?_=1649738281761&CODE_STATE=getMsg HTTP/1.1" 200 27
120.253.135.82 - - [12/Apr/2022:12:35:16 +0800] "GET /xingrg/all/function/internal_message.html?_=1649737920189&CODE_STATE=getMsg HTTP/1.1" 200 27
120.253.135.82 - - [12/Apr/2022:12:35:22 +0800] "POST /xingrg/all/common/load_combo.html?type=base HTTP/1.1" 200 1075
120.253.135.82 - - [12/Apr/2022:12:35:39 +0800] "GET /xingrg/kc/pszx/mdps_order_operate.html?command=get_materiel&pszx_code=00101&rest_code=00104&base_code=0010250&code=00102002425 HTTP/1.1" 200 430
58.39.61.91 - - [12/Apr/2022:12:35:46 +0800] "GET /xingrg/all/function/internal_message.html?_=1649738072208&CODE_STATE=getMsg HTTP/1.1" 200 27
58.39.61.91 - - [12/Apr/2022:12:35:49 +0800] "GET /xingrg/all/function/internal_message.html?_=1649738149828&CODE_STATE=getMsg HTTP/1.1" 200 27
120.253.135.82 - - [12/Apr/2022:12:35:56 +0800] "GET /xingrg/kc/pszx/mdps_order_operate.html?command=get_materiel&pszx_code=00101&rest_code=00104&base_code=0010250&code=00102002426 HTTP/1.1" 200 430
116.235.92.88 - - [12/Apr/2022:12:36:13 +0800] "GET /xingrg/all/function/internal_message.html?_=1649738341759&CODE_STATE=getMsg HTTP/1.1" 200 27
120.253.135.82 - - [12/Apr/2022:12:36:16 +0800] "GET /xingrg/all/function/internal_message.html?_=1649737980203&CODE_STATE=getMsg HTTP/1.1" 200 27
58.39.61.91 - - [12/Apr/2022:12:36:46 +0800] "GET /xingrg/all/function/internal_message.html?_=1649738132297&CODE_STATE=getMsg HTTP/1.1" 200 27
58.39.61.91 - - [12/Apr/2022:12:36:49 +0800] "GET /xingrg/all/function/internal_message.html?_=1649738209827&CODE_STATE=getMsg HTTP/1.1" 200 27
116.235.92.88 - - [12/Apr/2022:12:37:13 +0800] "GET /xingrg/all/function/internal_message.html?_=1649738401758&CODE_STATE=getMsg HTTP/1.1" 200 27
116.235.92.88 - - [12/Apr/2022:12:37:13 +0800] "GET /xingrg/check_reg.html?_=1649738401759 HTTP/1.1" 200 22
120.253.135.82 - - [12/Apr/2022:12:37:16 +0800] "GET /xingrg/check_reg.html?_=1649738040154 HTTP/1.1" 200 22
120.253.135.82 - - [12/Apr/2022:12:37:16 +0800] "GET /xingrg/all/function/internal_message.html?_=1649738040216&CODE_STATE=getMsg HTTP/1.1" 200 27
58.39.61.91 - - [12/Apr/2022:12:37:46 +0800] "GET /xingrg/all/function/internal_message.html?_=1649738192312&CODE_STATE=getMsg HTTP/1.1" 200 27
58.39.61.91 - - [12/Apr/2022:12:37:49 +0800] "GET /xingrg/all/function/internal_message.html?_=1649738269841&CODE_STATE=getMsg HTTP/1.1" 200 27
58.39.61.91 - - [12/Apr/2022:12:37:49 +0800] "GET /xingrg/check_reg.html?_=1649738269845 HTTP/1.1" 200 22
116.235.92.88 - - [12/Apr/2022:12:38:13 +0800] "GET /xingrg/all/function/internal_message.html?_=1649738461757&CODE_STATE=getMsg HTTP/1.1" 200 27
120.253.135.82 - - [12/Apr/2022:12:38:16 +0800] "GET /xingrg/all/function/internal_message.html?_=1649738100230&CODE_STATE=getMsg HTTP/1.1" 200 27
120.253.135.82 - - [12/Apr/2022:12:38:41 +0800] "GET /xingrg/kc/pszx/mdps_order_operate.html?command=get_materiel&pszx_code=00101&rest_code=00104&base_code=0010250&code=00102015100 HTTP/1.1" 200 419
58.39.61.91 - - [12/Apr/2022:12:38:44 +0800] "GET /xingrg/check_reg.html?_=1649738250304 HTTP/1.1" 200 22
58.39.61.91 - - [12/Apr/2022:12:38:46 +0800] "GET /xingrg/all/function/internal_message.html?_=1649738252325&CODE_STATE=getMsg HTTP/1.1" 200 27
58.39.61.91 - - [12/Apr/2022:12:38:49 +0800] "GET /xingrg/all/function/internal_message.html?_=1649738329837&CODE_STATE=getMsg HTTP/1.1" 200 27
120.253.135.82 - - [12/Apr/2022:12:39:09 +0800] "GET /xingrg/kc/pszx/mdps_order_operate.html?command=get_materiel&pszx_code=00101&rest_code=00104&base_code=0010250&code=00102007120 HTTP/1.1" 200 417
116.235.92.88 - - [12/Apr/2022:12:39:13 +0800] "GET /xingrg/all/function/internal_message.html?_=1649738521772&CODE_STATE=getMsg HTTP/1.1" 200 27
120.253.135.82 - - [12/Apr/2022:12:39:16 +0800] "GET /xingrg/all/function/internal_message.html?_=1649738160244&CODE_STATE=getMsg HTTP/1.1" 200 27
120.253.135.82 - - [12/Apr/2022:12:39:40 +0800] "POST /xingrg/kc/pszx/mdps_order_operate.html HTTP/1.1" 200 37
120.253.135.82 - - [12/Apr/2022:12:39:40 +0800] "GET /xingrg/kc/pszx/mdps_order_info.html?code=312022041200009 HTTP/1.1" 200 23931
120.253.135.82 - - [12/Apr/2022:12:39:41 +0800] "POST /xingrg/kc/pszx/mdps_order_operate.html HTTP/1.1" 200 3753
120.253.135.82 - - [12/Apr/2022:12:39:41 +0800] "GET /xingrg/javascript/easyui/themes/default/validatebox.css HTTP/1.1" 404 1104
58.39.61.91 - - [12/Apr/2022:12:39:46 +0800] "GET /xingrg/all/function/internal_message.html?_=1649738312339&CODE_STATE=getMsg HTTP/1.1" 200 27
58.39.61.91 - - [12/Apr/2022:12:39:49 +0800] "GET /xingrg/all/function/internal_message.html?_=1649738389835&CODE_STATE=getMsg HTTP/1.1" 200 27
120.253.135.82 - - [12/Apr/2022:12:39:55 +0800] "POST /xingrg/kc/pszx/mdps_order_operate.html HTTP/1.1" 200 37
120.253.135.82 - - [12/Apr/2022:12:39:56 +0800] "GET /xingrg/kc/pszx/mdps_order_info.html?code=312022041200009 HTTP/1.1" 200 23937
120.253.135.82 - - [12/Apr/2022:12:39:56 +0800] "POST /xingrg/kc/pszx/mdps_order_operate.html HTTP/1.1" 200 3753
120.253.135.82 - - [12/Apr/2022:12:39:56 +0800] "GET /xingrg/javascript/easyui/themes/default/validatebox.css HTTP/1.1" 404 1104
120.253.135.82 - - [12/Apr/2022:12:40:10 +0800] "POST /xingrg/kc/pszx/mdps_order_operate.html HTTP/1.1" 200 37
120.253.135.82 - - [12/Apr/2022:12:40:11 +0800] "GET /xingrg/kc/pszx/mdps_order_info.html?code=312022041200009 HTTP/1.1" 200 23937
120.253.135.82 - - [12/Apr/2022:12:40:11 +0800] "GET /xingrg/javascript/easyui/themes/default/validatebox.css HTTP/1.1" 404 1104
120.253.135.82 - - [12/Apr/2022:12:40:11 +0800] "POST /xingrg/kc/pszx/mdps_order_operate.html HTTP/1.1" 200 3753
116.235.92.88 - - [12/Apr/2022:12:40:13 +0800] "GET /xingrg/all/function/internal_message.html?_=1649738581771&CODE_STATE=getMsg HTTP/1.1" 200 27
120.253.135.82 - - [12/Apr/2022:12:40:14 +0800] "POST /xingrg/kc/pszx/mdps_list_operate.html HTTP/1.1" 200 2081
120.253.135.82 - - [12/Apr/2022:12:40:16 +0800] "GET /xingrg/all/function/internal_message.html?_=1649738220258&CODE_STATE=getMsg HTTP/1.1" 200 27
120.253.135.82 - - [12/Apr/2022:12:40:17 +0800] "POST /xingrg/kc/pszx/mdps_list_operate.html HTTP/1.1" 200 444
120.253.135.82 - - [12/Apr/2022:12:40:18 +0800] "POST /xingrg/kc/pszx/mdps_list_operate.html HTTP/1.1" 200 211
58.39.61.91 - - [12/Apr/2022:12:40:46 +0800] "GET /xingrg/all/function/internal_message.html?_=1649738372354&CODE_STATE=getMsg HTTP/1.1" 200 27
58.39.61.91 - - [12/Apr/2022:12:40:49 +0800] "GET /xingrg/all/function/internal_message.html?_=1649738449836&CODE_STATE=getMsg HTTP/1.1" 200 27
120.253.135.82 - - [12/Apr/2022:12:41:02 +0800] "POST /xingrg/kc/pszx/mdps_list_operate.html HTTP/1.1" 200 868
120.253.135.82 - - [12/Apr/2022:12:41:04 +0800] "GET /xingrg/kc/pszx/mdps_order_add.html HTTP/1.1" 200 28947
120.253.135.82 - - [12/Apr/2022:12:41:04 +0800] "POST /xingrg/kc/pszx/mdps_order_operate.html HTTP/1.1" 200 7126
120.253.135.82 - - [12/Apr/2022:12:41:04 +0800] "GET /xingrg/javascript/easyui/themes/default/validatebox.css HTTP/1.1" 404 1104
120.253.135.82 - - [12/Apr/2022:12:41:11 +0800] "POST /xingrg/all/common/load_combo.html?type=base HTTP/1.1" 200 1075
116.235.92.88 - - [12/Apr/2022:12:41:13 +0800] "GET /xingrg/all/function/internal_message.html?_=1649738641769&CODE_STATE=getMsg HTTP/1.1" 200 27
120.253.135.82 - - [12/Apr/2022:12:41:16 +0800] "GET /xingrg/all/function/internal_message.html?_=1649738280271&CODE_STATE=getMsg HTTP/1.1" 200 27
120.253.135.82 - - [12/Apr/2022:12:41:36 +0800] "GET /xingrg/kc/pszx/mdps_order_operate.html?command=get_materiel&pszx_code=00101&rest_code=00109&base_code=0010250&code=00102002425 HTTP/1.1" 200 430
58.39.61.91 - - [12/Apr/2022:12:41:46 +0800] "GET /xingrg/all/function/internal_message.html?_=1649738432448&CODE_STATE=getMsg HTTP/1.1" 200 27
58.39.61.91 - - [12/Apr/2022:12:41:49 +0800] "GET /xingrg/all/function/internal_message.html?_=1649738509845&CODE_STATE=getMsg HTTP/1.1" 200 27
120.253.135.82 - - [12/Apr/2022:12:41:55 +0800] "GET /xingrg/kc/pszx/mdps_order_operate.html?command=get_materiel&pszx_code=00101&rest_code=00109&base_code=0010250&code=00102002304 HTTP/1.1" 200 463
120.253.135.82 - - [12/Apr/2022:12:41:59 +0800] "POST /xingrg/all/common/load_select.html HTTP/1.1" 200 25
120.253.135.82 - - [12/Apr/2022:12:42:01 +0800] "GET /xingrg/kc/pszx/mdps_order_operate.html?command=get_materiel_price&pszx_code=00101&rest_code=00109&base_code=0010250&code=00102002304&unit_code=00100113&order_time=2022-04-12 HTTP/1.1" 200 35
116.235.92.88 - - [12/Apr/2022:12:42:13 +0800] "GET /xingrg/check_reg.html?_=1649738701767 HTTP/1.1" 200 22
116.235.92.88 - - [12/Apr/2022:12:42:13 +0800] "GET /xingrg/all/function/internal_message.html?_=1649738701768&CODE_STATE=getMsg HTTP/1.1" 200 27
120.253.135.82 - - [12/Apr/2022:12:42:16 +0800] "GET /xingrg/check_reg.html?_=1649738340162 HTTP/1.1" 200 22
120.253.135.82 - - [12/Apr/2022:12:42:16 +0800] "GET /xingrg/all/function/internal_message.html?_=1649738340284&CODE_STATE=getMsg HTTP/1.1" 200 27
120.253.135.82 - - [12/Apr/2022:12:42:23 +0800] "GET /xingrg/kc/pszx/mdps_order_operate.html?command=get_materiel&pszx_code=00101&rest_code=00109&base_code=0010250&code=00102002410 HTTP/1.1" 200 425
58.39.61.91 - - [12/Apr/2022:12:42:46 +0800] "GET /xingrg/all/function/internal_message.html?_=1649738492459&CODE_STATE=getMsg HTTP/1.1" 200 27
58.39.61.91 - - [12/Apr/2022:12:42:49 +0800] "GET /xingrg/all/function/internal_message.html?_=1649738569844&CODE_STATE=getMsg HTTP/1.1" 200 27
58.39.61.91 - - [12/Apr/2022:12:42:49 +0800] "GET /xingrg/check_reg.html?_=1649738569845 HTTP/1.1" 200 22
120.253.135.82 - - [12/Apr/2022:12:42:52 +0800] "GET /xingrg/kc/pszx/mdps_order_operate.html?command=get_materiel&pszx_code=00101&rest_code=00109&base_code=0010250&code=00102034039 HTTP/1.1" 200 424
116.235.92.88 - - [12/Apr/2022:12:43:13 +0800] "GET /xingrg/all/function/internal_message.html?_=1649738761766&CODE_STATE=getMsg HTTP/1.1" 200 27
120.253.135.82 - - [12/Apr/2022:12:43:16 +0800] "GET /xingrg/all/function/internal_message.html?_=1649738400298&CODE_STATE=getMsg HTTP/1.1" 200 27
120.253.135.82 - - [12/Apr/2022:12:43:19 +0800] "POST /xingrg/kc/pszx/mdps_order_operate.html HTTP/1.1" 200 37
120.253.135.82 - - [12/Apr/2022:12:43:20 +0800] "GET /xingrg/kc/pszx/mdps_order_info.html?code=312022041200010 HTTP/1.1" 200 23931
120.253.135.82 - - [12/Apr/2022:12:43:21 +0800] "POST /xingrg/kc/pszx/mdps_order_operate.html HTTP/1.1" 200 3786
120.253.135.82 - - [12/Apr/2022:12:43:21 +0800] "GET /xingrg/javascript/easyui/themes/default/validatebox.css HTTP/1.1" 404 1104
58.39.61.91 - - [12/Apr/2022:12:43:44 +0800] "GET /xingrg/check_reg.html?_=1649738550384 HTTP/1.1" 200 22
58.39.61.91 - - [12/Apr/2022:12:43:46 +0800] "GET /xingrg/all/function/internal_message.html?_=1649738552471&CODE_STATE=getMsg HTTP/1.1" 200 27
58.39.61.91 - - [12/Apr/2022:12:43:49 +0800] "GET /xingrg/all/function/internal_message.html?_=1649738629844&CODE_STATE=getMsg HTTP/1.1" 200 27
120.253.135.82 - - [12/Apr/2022:12:44:07 +0800] "POST /xingrg/kc/pszx/mdps_order_operate.html HTTP/1.1" 200 37
120.253.135.82 - - [12/Apr/2022:12:44:08 +0800] "GET /xingrg/kc/pszx/mdps_order_info.html?code=312022041200010 HTTP/1.1" 200 23931
120.253.135.82 - - [12/Apr/2022:12:44:09 +0800] "POST /xingrg/kc/pszx/mdps_order_operate.html HTTP/1.1" 200 3786
120.253.135.82 - - [12/Apr/2022:12:44:09 +0800] "GET /xingrg/javascript/easyui/themes/default/validatebox.css HTTP/1.1" 404 1104
120.253.135.82 - - [12/Apr/2022:12:44:11 +0800] "POST /xingrg/kc/pszx/mdps_list_operate.html HTTP/1.1" 200 1692
116.235.92.88 - - [12/Apr/2022:12:44:13 +0800] "GET /xingrg/all/function/internal_message.html?_=1649738821764&CODE_STATE=getMsg HTTP/1.1" 200 27
120.253.135.82 - - [12/Apr/2022:12:44:14 +0800] "POST /xingrg/kc/pszx/mdps_list_operate.html HTTP/1.1" 200 1692
120.253.135.82 - - [12/Apr/2022:12:44:16 +0800] "POST /xingrg/kc/pszx/mdps_list_operate.html HTTP/1.1" 200 459
120.253.135.82 - - [12/Apr/2022:12:44:16 +0800] "GET /xingrg/all/function/internal_message.html?_=1649738460319&CODE_STATE=getMsg HTTP/1.1" 200 27
58.35.210.91 - - [12/Apr/2022:12:44:44 +0800] "POST /xingrg/services/DataTransmitService HTTP/1.1" 200 524
58.39.61.91 - - [12/Apr/2022:12:44:46 +0800] "GET /xingrg/all/function/internal_message.html?_=1649738612485&CODE_STATE=getMsg HTTP/1.1" 200 27
58.39.61.91 - - [12/Apr/2022:12:44:49 +0800] "GET /xingrg/all/function/internal_message.html?_=1649738689851&CODE_STATE=getMsg HTTP/1.1" 200 27
116.232.34.22 - - [12/Apr/2022:12:44:56 +0800] "POST /xingrg/services/DataTransmitService HTTP/1.1" 200 524
116.235.92.88 - - [12/Apr/2022:12:45:13 +0800] "GET /xingrg/all/function/internal_message.html?_=1649738881762&CODE_STATE=getMsg HTTP/1.1" 200 27
120.253.135.82 - - [12/Apr/2022:12:45:16 +0800] "GET /xingrg/all/function/internal_message.html?_=1649738520326&CODE_STATE=getMsg HTTP/1.1" 200 27
58.39.61.91 - - [12/Apr/2022:12:45:46 +0800] "GET /xingrg/all/function/internal_message.html?_=1649738672498&CODE_STATE=getMsg HTTP/1.1" 200 27
58.39.61.91 - - [12/Apr/2022:12:45:49 +0800] "GET /xingrg/all/function/internal_message.html?_=1649738749866&CODE_STATE=getMsg HTTP/1.1" 200 27
120.253.135.82 - - [12/Apr/2022:12:46:08 +0800] "GET /xingrg/kc/buy/cgsh_order_list.html HTTP/1.1" 200 49890
120.253.135.82 - - [12/Apr/2022:12:46:12 +0800] "POST /xingrg/kc/buy/cgsh_list_operate.html HTTP/1.1" 200 2372
116.235.92.88 - - [12/Apr/2022:12:46:13 +0800] "GET /xingrg/all/function/internal_message.html?_=1649738941760&CODE_STATE=getMsg HTTP/1.1" 200 27
120.253.135.82 - - [12/Apr/2022:12:46:16 +0800] "GET /xingrg/all/function/internal_message.html?_=1649738580339&CODE_STATE=getMsg HTTP/1.1" 200 27
120.253.135.82 - - [12/Apr/2022:12:46:17 +0800] "GET /xingrg/kc/buy/cgsh_order_add.html HTTP/1.1" 200 64682
120.253.135.82 - - [12/Apr/2022:12:46:17 +0800] "GET /xingrg/javascript/easyui/themes/icons/template_new.png HTTP/1.1" 200 3956
120.253.135.82 - - [12/Apr/2022:12:46:17 +0800] "POST /xingrg/kc/buy/cgsh_order_operate.html HTTP/1.1" 200 8245
120.253.135.82 - - [12/Apr/2022:12:46:18 +0800] "GET /xingrg/all/common/auto_word.html?type=employee&rest_code=00101 HTTP/1.1" 200 927
120.253.135.82 - - [12/Apr/2022:12:46:18 +0800] "GET /xingrg/all/common/auto_word.html?type=employee&rest_code=00101 HTTP/1.1" 200 927
120.253.135.82 - - [12/Apr/2022:12:46:18 +0800] "GET /xingrg/javascript/easyui/themes/default/validatebox.css HTTP/1.1" 404 1104
120.253.135.82 - - [12/Apr/2022:12:46:26 +0800] "POST /xingrg/all/common/load_combo.html?type=employee HTTP/1.1" 200 1664
180.156.212.250 - - [12/Apr/2022:12:46:32 +0800] "GET /favicon.ico HTTP/1.1" 404 -
120.253.135.82 - - [12/Apr/2022:12:46:44 +0800] "GET /xingrg/kc/buy/cgsh_order_operate.html?command=get_materiel&rest_code=00101&code=00102002426&supplier_code=00100380&order_time=2022-04-12 HTTP/1.1" 200 441
58.39.61.91 - - [12/Apr/2022:12:46:46 +0800] "GET /xingrg/all/function/internal_message.html?_=1649738732592&CODE_STATE=getMsg HTTP/1.1" 200 27
58.39.61.91 - - [12/Apr/2022:12:46:49 +0800] "GET /xingrg/all/function/internal_message.html?_=1649738809871&CODE_STATE=getMsg HTTP/1.1" 200 27
116.235.92.88 - - [12/Apr/2022:12:47:13 +0800] "GET /xingrg/all/function/internal_message.html?_=1649739001757&CODE_STATE=getMsg HTTP/1.1" 200 27
116.235.92.88 - - [12/Apr/2022:12:47:13 +0800] "GET /xingrg/check_reg.html?_=1649739001758 HTTP/1.1" 200 22
120.253.135.82 - - [12/Apr/2022:12:47:16 +0800] "GET /xingrg/check_reg.html?_=1649738640165 HTTP/1.1" 200 22
120.253.135.82 - - [12/Apr/2022:12:47:16 +0800] "GET /xingrg/all/function/internal_message.html?_=1649738640353&CODE_STATE=getMsg HTTP/1.1" 200 27
58.39.61.91 - - [12/Apr/2022:12:47:46 +0800] "GET /xingrg/all/function/internal_message.html?_=1649738792605&CODE_STATE=getMsg HTTP/1.1" 200 27
58.39.61.91 - - [12/Apr/2022:12:47:49 +0800] "GET /xingrg/check_reg.html?_=1649738869872 HTTP/1.1" 200 22
58.39.61.91 - - [12/Apr/2022:12:47:49 +0800] "GET /xingrg/all/function/internal_message.html?_=1649738869874&CODE_STATE=getMsg HTTP/1.1" 200 27
120.253.135.82 - - [12/Apr/2022:12:47:50 +0800] "GET /xingrg/kc/buy/cgsh_order_operate.html?command=get_materiel&rest_code=00101&code=00102002795&supplier_code=00100380&order_time=2022-04-12 HTTP/1.1" 200 418
116.235.92.88 - - [12/Apr/2022:12:48:13 +0800] "GET /xingrg/all/function/internal_message.html?_=1649739061756&CODE_STATE=getMsg HTTP/1.1" 200 27
58.39.61.91 - - [12/Apr/2022:12:48:16 +0800] "POST /xingrg/services/DataTransmitService HTTP/1.1" 200 524
120.253.135.82 - - [12/Apr/2022:12:48:16 +0800] "GET /xingrg/all/function/internal_message.html?_=1649738700367&CODE_STATE=getMsg HTTP/1.1" 200 27
58.39.61.91 - - [12/Apr/2022:12:48:44 +0800] "GET /xingrg/check_reg.html?_=1649738850467 HTTP/1.1" 200 22
58.39.61.91 - - [12/Apr/2022:12:48:46 +0800] "GET /xingrg/all/function/internal_message.html?_=1649738852618&CODE_STATE=getMsg HTTP/1.1" 200 27
58.39.61.91 - - [12/Apr/2022:12:48:49 +0800] "GET /xingrg/all/function/internal_message.html?_=1649738929873&CODE_STATE=getMsg HTTP/1.1" 200 27
120.253.135.82 - - [12/Apr/2022:12:48:56 +0800] "GET /xingrg/kc/buy/cgsh_order_operate.html?command=get_materiel&rest_code=00101&code=00102034039&supplier_code=00100380&order_time=2022-04-12 HTTP/1.1" 200 437
116.235.92.88 - - [12/Apr/2022:12:49:13 +0800] "GET /xingrg/all/function/internal_message.html?_=1649739121770&CODE_STATE=getMsg HTTP/1.1" 200 27
120.253.135.82 - - [12/Apr/2022:12:49:16 +0800] "GET /xingrg/all/function/internal_message.html?_=1649738760380&CODE_STATE=getMsg HTTP/1.1" 200 27
58.39.61.91 - - [12/Apr/2022:12:49:46 +0800] "GET /xingrg/all/function/internal_message.html?_=1649738912631&CODE_STATE=getMsg HTTP/1.1" 200 27
58.39.61.91 - - [12/Apr/2022:12:49:49 +0800] "GET /xingrg/all/function/internal_message.html?_=1649738989872&CODE_STATE=getMsg HTTP/1.1" 200 27
116.235.92.88 - - [12/Apr/2022:12:50:13 +0800] "GET /xingrg/all/function/internal_message.html?_=1649739181769&CODE_STATE=getMsg HTTP/1.1" 200 27
120.253.135.82 - - [12/Apr/2022:12:50:16 +0800] "GET /xingrg/all/function/internal_message.html?_=1649738820393&CODE_STATE=getMsg HTTP/1.1" 200 27
116.228.172.94 - - [12/Apr/2022:12:50:31 +0800] "GET /xingrg/login.html HTTP/1.1" 200 7641
116.228.172.94 - - [12/Apr/2022:12:50:32 +0800] "GET /favicon.ico HTTP/1.1" 404 -
116.228.172.94 - - [12/Apr/2022:12:50:33 +0800] "POST /xingrg/login.do HTTP/1.1" 302 -
116.228.172.94 - - [12/Apr/2022:12:50:33 +0800] "GET /xingrg/index.html?sysBaseUrl=http%3A%2F%2F180.169.147.146%3A18081%2Fxingrg%2F&costTime=38×tamp=1649739033235 HTTP/1.1" 200 17417
116.228.172.94 - - [12/Apr/2022:12:50:33 +0800] "GET /favicon.ico HTTP/1.1" 404 -
116.228.172.94 - - [12/Apr/2022:12:50:33 +0800] "POST /xingrg/all/common/load_tree.html?tree=area_rest_tree_json&manage=1 HTTP/1.1" 200 348
116.228.172.94 - - [12/Apr/2022:12:50:33 +0800] "GET /xingrg/all/function/internal_message.html?_=1649738908932&CODE_STATE=count HTTP/1.1" 200 11
116.228.172.94 - - [12/Apr/2022:12:50:33 +0800] "GET /xingrg/check_reg.html?_=1649738908933 HTTP/1.1" 200 22
116.228.172.94 - - [12/Apr/2022:12:50:33 +0800] "POST /xingrg/load_menu.html HTTP/1.1" 200 9959
116.228.172.94 - - [12/Apr/2022:12:50:35 +0800] "GET /xingrg/kc/buy/buy_main.html HTTP/1.1" 200 12412
116.228.172.94 - - [12/Apr/2022:12:50:35 +0800] "GET /xingrg/css/new_ie.css HTTP/1.1" 404 1036
116.228.172.94 - - [12/Apr/2022:12:50:36 +0800] "GET /xingrg/images/yd/bt.gif HTTP/1.1" 404 1040
116.228.172.94 - - [12/Apr/2022:12:50:37 +0800] "GET /xingrg/kc/buy/cgsh_order_list.html HTTP/1.1" 200 49894
116.228.172.94 - - [12/Apr/2022:12:50:38 +0800] "POST /xingrg/kc/buy/cgsh_list_operate.html HTTP/1.1" 200 876
116.228.172.94 - - [12/Apr/2022:12:50:39 +0800] "GET /xingrg/kc/buy/cgsh_order_add.html HTTP/1.1" 200 64712
116.228.172.94 - - [12/Apr/2022:12:50:39 +0800] "GET /xingrg/words/20220411182121_words.js HTTP/1.1" 200 889930
116.228.172.94 - - [12/Apr/2022:12:50:40 +0800] "POST /xingrg/kc/buy/cgsh_order_operate.html HTTP/1.1" 200 8245
116.228.172.94 - - [12/Apr/2022:12:50:40 +0800] "GET /xingrg/all/common/auto_word.html?type=employee&rest_code=00153 HTTP/1.1" 200 47
116.228.172.94 - - [12/Apr/2022:12:50:40 +0800] "GET /xingrg/javascript/easyui/themes/default/validatebox.css HTTP/1.1" 404 1104
116.228.172.94 - - [12/Apr/2022:12:50:40 +0800] "GET /xingrg/all/common/auto_word.html?type=employee&rest_code=00153 HTTP/1.1" 200 47
116.228.172.94 - - [12/Apr/2022:12:50:41 +0800] "GET /xingrg/javascript/auto/indicator.gif HTTP/1.1" 404 1066
58.39.61.91 - - [12/Apr/2022:12:50:46 +0800] "GET /xingrg/all/function/internal_message.html?_=1649738972644&CODE_STATE=getMsg HTTP/1.1" 200 27
116.228.172.94 - - [12/Apr/2022:12:50:47 +0800] "GET /xingrg/javascript/jquery_tools/images/prev.gif HTTP/1.1" 404 1086
116.228.172.94 - - [12/Apr/2022:12:50:47 +0800] "GET /xingrg/javascript/jquery_tools/images/next.gif HTTP/1.1" 404 1086
58.39.61.91 - - [12/Apr/2022:12:50:49 +0800] "GET /xingrg/all/function/internal_message.html?_=1649739049878&CODE_STATE=getMsg HTTP/1.1" 200 27
116.228.172.94 - - [12/Apr/2022:12:51:11 +0800] "GET /xingrg/kc/buy/cgsh_order_operate.html?command=get_materiel&rest_code=00153&code=00101029013&supplier_code=00100224&order_time=2022-04-12 HTTP/1.1" 200 456
116.235.92.88 - - [12/Apr/2022:12:51:13 +0800] "GET /xingrg/all/function/internal_message.html?_=1649739241768&CODE_STATE=getMsg HTTP/1.1" 200 27
120.253.135.82 - - [12/Apr/2022:12:51:16 +0800] "GET /xingrg/all/function/internal_message.html?_=1649738880469&CODE_STATE=getMsg HTTP/1.1" 200 27
116.228.172.94 - - [12/Apr/2022:12:51:33 +0800] "GET /xingrg/all/function/internal_message.html?_=1649738968953&CODE_STATE=getMsg HTTP/1.1" 200 27
58.39.61.91 - - [12/Apr/2022:12:51:46 +0800] "GET /xingrg/all/function/internal_message.html?_=1649739032740&CODE_STATE=getMsg HTTP/1.1" 200 27
58.39.61.91 - - [12/Apr/2022:12:51:49 +0800] "GET /xingrg/all/function/internal_message.html?_=1649739109880&CODE_STATE=getMsg HTTP/1.1" 200 27
120.253.135.82 - - [12/Apr/2022:12:52:00 +0800] "POST /xingrg/kc/buy/cgsh_order_operate.html HTTP/1.1" 200 37
120.253.135.82 - - [12/Apr/2022:12:52:01 +0800] "POST /xingrg/kc/buy/cgsh_order_operate.html HTTP/1.1" 200 3899
116.235.92.88 - - [12/Apr/2022:12:52:13 +0800] "GET /xingrg/check_reg.html?_=1649739301793 HTTP/1.1" 200 22
116.235.92.88 - - [12/Apr/2022:12:52:13 +0800] "GET /xingrg/all/function/internal_message.html?_=1649739301794&CODE_STATE=getMsg HTTP/1.1" 200 27
120.253.135.82 - - [12/Apr/2022:12:52:16 +0800] "GET /xingrg/check_reg.html?_=1649738940175 HTTP/1.1" 200 22
120.253.135.82 - - [12/Apr/2022:12:52:16 +0800] "GET /xingrg/all/function/internal_message.html?_=1649738940483&CODE_STATE=getMsg HTTP/1.1" 200 27
120.253.135.82 - - [12/Apr/2022:12:52:25 +0800] "POST /xingrg/kc/buy/cgsh_order_operate.html HTTP/1.1" 200 37
116.228.172.94 - - [12/Apr/2022:12:52:33 +0800] "GET /xingrg/all/function/internal_message.html?_=1649739028954&CODE_STATE=getMsg HTTP/1.1" 200 27
58.39.61.91 - - [12/Apr/2022:12:52:46 +0800] "GET /xingrg/all/function/internal_message.html?_=1649739092751&CODE_STATE=getMsg HTTP/1.1" 200 27
58.39.61.91 - - [12/Apr/2022:12:52:49 +0800] "GET /xingrg/all/function/internal_message.html?_=1649739169882&CODE_STATE=getMsg HTTP/1.1" 200 27
58.39.61.91 - - [12/Apr/2022:12:52:49 +0800] "GET /xingrg/check_reg.html?_=1649739169886 HTTP/1.1" 200 22
116.235.92.88 - - [12/Apr/2022:12:53:13 +0800] "GET /xingrg/all/function/internal_message.html?_=1649739361791&CODE_STATE=getMsg HTTP/1.1" 200 27
120.253.135.82 - - [12/Apr/2022:12:53:30 +0800] "POST /xingrg/kc/buy/cgsh_order_operate.html HTTP/1.1" 200 3900
116.228.172.94 - - [12/Apr/2022:12:53:33 +0800] "GET /xingrg/all/function/internal_message.html?_=1649739088965&CODE_STATE=getMsg HTTP/1.1" 200 27
58.39.61.91 - - [12/Apr/2022:12:53:44 +0800] "GET /xingrg/check_reg.html?_=1649739150550 HTTP/1.1" 200 22
58.39.61.91 - - [12/Apr/2022:12:53:46 +0800] "GET /xingrg/all/function/internal_message.html?_=1649739152763&CODE_STATE=getMsg HTTP/1.1" 200 27
58.39.61.91 - - [12/Apr/2022:12:53:49 +0800] "GET /xingrg/all/function/internal_message.html?_=1649739229886&CODE_STATE=getMsg HTTP/1.1" 200 27
116.235.92.88 - - [12/Apr/2022:12:54:13 +0800] "GET /xingrg/all/function/internal_message.html?_=1649739421789&CODE_STATE=getMsg HTTP/1.1" 200 27
120.253.135.82 - - [12/Apr/2022:12:54:16 +0800] "GET /xingrg/all/function/internal_message.html?_=1649739060509&CODE_STATE=getMsg HTTP/1.1" 200 27
116.228.172.94 - - [12/Apr/2022:12:54:33 +0800] "GET /xingrg/all/function/internal_message.html?_=1649739148947&CODE_STATE=getMsg HTTP/1.1" 200 27
58.39.61.91 - - [12/Apr/2022:12:54:47 +0800] "GET /xingrg/all/function/internal_message.html?_=1649739212778&CODE_STATE=getMsg HTTP/1.1" 200 27
58.39.61.91 - - [12/Apr/2022:12:54:49 +0800] "GET /xingrg/all/function/internal_message.html?_=1649739289885&CODE_STATE=getMsg HTTP/1.1" 200 27
116.235.92.88 - - [12/Apr/2022:12:55:13 +0800] "GET /xingrg/all/function/internal_message.html?_=1649739481787&CODE_STATE=getMsg HTTP/1.1" 200 27
120.253.135.82 - - [12/Apr/2022:12:55:16 +0800] "GET /xingrg/all/function/internal_message.html?_=1649739120524&CODE_STATE=getMsg HTTP/1.1" 200 27
116.228.172.94 - - [12/Apr/2022:12:55:33 +0800] "GET /xingrg/check_reg.html?_=1649739208956 HTTP/1.1" 200 22
116.228.172.94 - - [12/Apr/2022:12:55:33 +0800] "GET /xingrg/all/function/internal_message.html?_=1649739208959&CODE_STATE=getMsg HTTP/1.1" 200 27
58.39.61.91 - - [12/Apr/2022:12:55:47 +0800] "GET /xingrg/all/function/internal_message.html?_=1649739272790&CODE_STATE=getMsg HTTP/1.1" 200 27
58.39.61.91 - - [12/Apr/2022:12:55:49 +0800] "GET /xingrg/all/function/internal_message.html?_=1649739349884&CODE_STATE=getMsg HTTP/1.1" 200 27
180.156.212.250 - - [12/Apr/2022:12:55:55 +0800] "POST /xingrg/services/DataTransmitService HTTP/1.1" 200 524
116.235.92.88 - - [12/Apr/2022:12:56:13 +0800] "GET /xingrg/all/function/internal_message.html?_=1649739541785&CODE_STATE=getMsg HTTP/1.1" 200 27
120.253.135.82 - - [12/Apr/2022:12:56:16 +0800] "GET /xingrg/all/function/internal_message.html?_=1649739180537&CODE_STATE=getMsg HTTP/1.1" 200 27
116.228.172.94 - - [12/Apr/2022:12:56:33 +0800] "GET /xingrg/all/function/internal_message.html?_=1649739268945&CODE_STATE=getMsg HTTP/1.1" 200 27
58.39.61.91 - - [12/Apr/2022:12:56:47 +0800] "GET /xingrg/all/function/internal_message.html?_=1649739332889&CODE_STATE=getMsg HTTP/1.1" 200 27
58.39.61.91 - - [12/Apr/2022:12:56:49 +0800] "GET /xingrg/all/function/internal_message.html?_=1649739409881&CODE_STATE=getMsg HTTP/1.1" 200 27
116.235.92.88 - - [12/Apr/2022:12:57:13 +0800] "GET /xingrg/all/function/internal_message.html?_=1649739601794&CODE_STATE=getMsg HTTP/1.1" 200 27
116.235.92.88 - - [12/Apr/2022:12:57:13 +0800] "GET /xingrg/check_reg.html?_=1649739601795 HTTP/1.1" 200 22
120.253.135.82 - - [12/Apr/2022:12:57:16 +0800] "GET /xingrg/check_reg.html?_=1649739240177 HTTP/1.1" 200 22
120.253.135.82 - - [12/Apr/2022:12:57:16 +0800] "GET /xingrg/all/function/internal_message.html?_=1649739240551&CODE_STATE=getMsg HTTP/1.1" 200 27
116.228.172.94 - - [12/Apr/2022:12:57:33 +0800] "GET /xingrg/all/function/internal_message.html?_=1649739328964&CODE_STATE=getMsg HTTP/1.1" 200 27
58.39.61.91 - - [12/Apr/2022:12:57:47 +0800] "GET /xingrg/all/function/internal_message.html?_=1649739392898&CODE_STATE=getMsg HTTP/1.1" 200 27
58.39.61.91 - - [12/Apr/2022:12:57:49 +0800] "GET /xingrg/all/function/internal_message.html?_=1649739469881&CODE_STATE=getMsg HTTP/1.1" 200 27
58.39.61.91 - - [12/Apr/2022:12:57:49 +0800] "GET /xingrg/check_reg.html?_=1649739469883 HTTP/1.1" 200 22
180.156.212.250 - - [12/Apr/2022:12:58:10 +0800] "POST /xingrg/services/DataTransmitService HTTP/1.1" 200 524
116.235.92.88 - - [12/Apr/2022:12:58:13 +0800] "GET /xingrg/all/function/internal_message.html?_=1649739661794&CODE_STATE=getMsg HTTP/1.1" 200 27
120.253.135.82 - - [12/Apr/2022:12:58:16 +0800] "GET /xingrg/all/function/internal_message.html?_=1649739300564&CODE_STATE=getMsg HTTP/1.1" 200 27
116.228.172.94 - - [12/Apr/2022:12:58:33 +0800] "GET /xingrg/all/function/internal_message.html?_=1649739388945&CODE_STATE=getMsg HTTP/1.1" 200 27
58.39.61.91 - - [12/Apr/2022:12:58:44 +0800] "GET /xingrg/check_reg.html?_=1649739450640 HTTP/1.1" 200 22
58.39.61.91 - - [12/Apr/2022:12:58:47 +0800] "GET /xingrg/all/function/internal_message.html?_=1649739452909&CODE_STATE=getMsg HTTP/1.1" 200 27
58.39.61.91 - - [12/Apr/2022:12:58:49 +0800] "GET /xingrg/all/function/internal_message.html?_=1649739529883&CODE_STATE=getMsg HTTP/1.1" 200 27
116.235.92.88 - - [12/Apr/2022:12:59:13 +0800] "GET /xingrg/all/function/internal_message.html?_=1649739721792&CODE_STATE=getMsg HTTP/1.1" 200 27
120.253.135.82 - - [12/Apr/2022:12:59:16 +0800] "GET /xingrg/all/function/internal_message.html?_=1649739360578&CODE_STATE=getMsg HTTP/1.1" 200 27
116.228.172.94 - - [12/Apr/2022:12:59:33 +0800] "GET /xingrg/all/function/internal_message.html?_=1649739448957&CODE_STATE=getMsg HTTP/1.1" 200 27
58.39.61.91 - - [12/Apr/2022:12:59:47 +0800] "GET /xingrg/all/function/internal_message.html?_=1649739512924&CODE_STATE=getMsg HTTP/1.1" 200 27
58.39.61.91 - - [12/Apr/2022:12:59:49 +0800] "GET /xingrg/all/function/internal_message.html?_=1649739589894&CODE_STATE=getMsg HTTP/1.1" 200 27
116.235.92.88 - - [12/Apr/2022:13:00:13 +0800] "GET /xingrg/all/function/internal_message.html?_=1649739781791&CODE_STATE=getMsg HTTP/1.1" 200 27
120.253.135.82 - - [12/Apr/2022:13:00:16 +0800] "GET /xingrg/all/function/internal_message.html?_=1649739420675&CODE_STATE=getMsg HTTP/1.1" 200 27
116.228.172.94 - - [12/Apr/2022:13:00:33 +0800] "GET /xingrg/check_reg.html?_=1649739508959 HTTP/1.1" 200 22
116.228.172.94 - - [12/Apr/2022:13:00:33 +0800] "GET /xingrg/all/function/internal_message.html?_=1649739508963&CODE_STATE=getMsg HTTP/1.1" 200 27
58.39.61.91 - - [12/Apr/2022:13:00:47 +0800] "GET /xingrg/all/function/internal_message.html?_=1649739572936&CODE_STATE=getMsg HTTP/1.1" 200 27
58.39.61.91 - - [12/Apr/2022:13:00:49 +0800] "GET /xingrg/all/function/internal_message.html?_=1649739649893&CODE_STATE=getMsg HTTP/1.1" 200 27
116.233.73.191 - - [12/Apr/2022:13:01:12 +0800] "POST /xingrg/services/DataTransmitService HTTP/1.1" 200 524
116.235.92.88 - - [12/Apr/2022:13:01:13 +0800] "GET /xingrg/all/function/internal_message.html?_=1649739841789&CODE_STATE=getMsg HTTP/1.1" 200 27
120.253.135.82 - - [12/Apr/2022:13:01:16 +0800] "GET /xingrg/all/function/internal_message.html?_=1649739480682&CODE_STATE=getMsg HTTP/1.1" 200 27
116.228.172.94 - - [12/Apr/2022:13:01:33 +0800] "GET /xingrg/all/function/internal_message.html?_=1649739568955&CODE_STATE=getMsg HTTP/1.1" 200 27
58.39.61.91 - - [12/Apr/2022:13:01:47 +0800] "GET /xingrg/all/function/internal_message.html?_=1649739633035&CODE_STATE=getMsg HTTP/1.1" 200 27
58.39.61.91 - - [12/Apr/2022:13:01:49 +0800] "GET /xingrg/all/function/internal_message.html?_=1649739709893&CODE_STATE=getMsg HTTP/1.1" 200 27
116.235.92.88 - - [12/Apr/2022:13:02:13 +0800] "GET /xingrg/check_reg.html?_=1649739901788 HTTP/1.1" 200 22
116.235.92.88 - - [12/Apr/2022:13:02:13 +0800] "GET /xingrg/all/function/internal_message.html?_=1649739901787&CODE_STATE=getMsg HTTP/1.1" 200 27
120.253.135.82 - - [12/Apr/2022:13:02:16 +0800] "GET /xingrg/check_reg.html?_=1649739540184 HTTP/1.1" 200 22
120.253.135.82 - - [12/Apr/2022:13:02:16 +0800] "GET /xingrg/all/function/internal_message.html?_=1649739540697&CODE_STATE=getMsg HTTP/1.1" 200 27
120.253.135.82 - - [12/Apr/2022:13:02:17 +0800] "POST /xingrg/kc/buy/cgsh_order_operate.html HTTP/1.1" 200 37
120.253.135.82 - - [12/Apr/2022:13:02:19 +0800] "POST /xingrg/kc/buy/cgsh_order_operate.html HTTP/1.1" 200 4511
116.228.172.94 - - [12/Apr/2022:13:02:33 +0800] "GET /xingrg/all/function/internal_message.html?_=1649739628955&CODE_STATE=getMsg HTTP/1.1" 200 27
58.39.61.91 - - [12/Apr/2022:13:02:47 +0800] "GET /xingrg/all/function/internal_message.html?_=1649739693041&CODE_STATE=getMsg HTTP/1.1" 200 27
58.39.61.91 - - [12/Apr/2022:13:02:49 +0800] "GET /xingrg/all/function/internal_message.html?_=1649739769891&CODE_STATE=getMsg HTTP/1.1" 200 27
58.39.61.91 - - [12/Apr/2022:13:02:49 +0800] "GET /xingrg/check_reg.html?_=1649739769892 HTTP/1.1" 200 22
116.235.92.88 - - [12/Apr/2022:13:03:13 +0800] "GET /xingrg/all/function/internal_message.html?_=1649739961786&CODE_STATE=getMsg HTTP/1.1" 200 27
120.253.135.82 - - [12/Apr/2022:13:03:16 +0800] "GET /xingrg/all/function/internal_message.html?_=1649739600710&CODE_STATE=getMsg HTTP/1.1" 200 27
116.228.172.94 - - [12/Apr/2022:13:03:33 +0800] "GET /xingrg/all/function/internal_message.html?_=1649739688946&CODE_STATE=getMsg HTTP/1.1" 200 27
58.39.61.91 - - [12/Apr/2022:13:03:44 +0800] "GET /xingrg/check_reg.html?_=1649739750724 HTTP/1.1" 200 22
58.39.61.91 - - [12/Apr/2022:13:03:47 +0800] "GET /xingrg/all/function/internal_message.html?_=1649739753056&CODE_STATE=getMsg HTTP/1.1" 200 27
58.39.61.91 - - [12/Apr/2022:13:03:49 +0800] "GET /xingrg/all/function/internal_message.html?_=1649739829891&CODE_STATE=getMsg HTTP/1.1" 200 27
120.253.135.82 - - [12/Apr/2022:13:04:03 +0800] "POST /xingrg/kc/buy/cgsh_order_operate.html HTTP/1.1" 200 37
120.253.135.82 - - [12/Apr/2022:13:04:04 +0800] "POST /xingrg/kc/buy/cgsh_order_operate.html HTTP/1.1" 200 4511
116.235.92.88 - - [12/Apr/2022:13:04:13 +0800] "GET /xingrg/all/function/internal_message.html?_=1649740021785&CODE_STATE=getMsg HTTP/1.1" 200 27
120.253.135.82 - - [12/Apr/2022:13:04:16 +0800] "GET /xingrg/all/function/internal_message.html?_=1649739660724&CODE_STATE=getMsg HTTP/1.1" 200 27
116.228.172.94 - - [12/Apr/2022:13:04:33 +0800] "GET /xingrg/all/function/internal_message.html?_=1649739748954&CODE_STATE=getMsg HTTP/1.1" 200 27
58.39.61.91 - - [12/Apr/2022:13:04:47 +0800] "GET /xingrg/all/function/internal_message.html?_=1649739813070&CODE_STATE=getMsg HTTP/1.1" 200 27
58.39.61.91 - - [12/Apr/2022:13:04:49 +0800] "GET /xingrg/all/function/internal_message.html?_=1649739889906&CODE_STATE=getMsg HTTP/1.1" 200 27
116.235.92.88 - - [12/Apr/2022:13:05:13 +0800] "GET /xingrg/all/function/internal_message.html?_=1649740081788&CODE_STATE=getMsg HTTP/1.1" 200 27
120.253.135.82 - - [12/Apr/2022:13:05:16 +0800] "GET /xingrg/all/function/internal_message.html?_=1649739720738&CODE_STATE=getMsg HTTP/1.1" 200 27
116.228.172.94 - - [12/Apr/2022:13:05:33 +0800] "GET /xingrg/all/function/internal_message.html?_=1649739808944&CODE_STATE=getMsg HTTP/1.1" 200 27
116.228.172.94 - - [12/Apr/2022:13:05:33 +0800] "GET /xingrg/check_reg.html?_=1649739808948 HTTP/1.1" 200 22
58.39.61.91 - - [12/Apr/2022:13:05:47 +0800] "GET /xingrg/all/function/internal_message.html?_=1649739873083&CODE_STATE=getMsg HTTP/1.1" 200 27
58.39.61.91 - - [12/Apr/2022:13:05:49 +0800] "GET /xingrg/all/function/internal_message.html?_=1649739949921&CODE_STATE=getMsg HTTP/1.1" 200 27
116.235.92.88 - - [12/Apr/2022:13:06:13 +0800] "GET /xingrg/all/function/internal_message.html?_=1649740141787&CODE_STATE=getMsg HTTP/1.1" 200 27
120.253.135.82 - - [12/Apr/2022:13:06:16 +0800] "GET /xingrg/all/function/internal_message.html?_=1649739780830&CODE_STATE=getMsg HTTP/1.1" 200 27
116.228.172.94 - - [12/Apr/2022:13:06:33 +0800] "GET /xingrg/all/function/internal_message.html?_=1649739868953&CODE_STATE=getMsg HTTP/1.1" 200 27
58.39.61.91 - - [12/Apr/2022:13:06:47 +0800] "GET /xingrg/all/function/internal_message.html?_=1649739933175&CODE_STATE=getMsg HTTP/1.1" 200 27
58.39.61.91 - - [12/Apr/2022:13:06:49 +0800] "GET /xingrg/all/function/internal_message.html?_=1649740009919&CODE_STATE=getMsg HTTP/1.1" 200 27
116.235.92.88 - - [12/Apr/2022:13:07:13 +0800] "GET /xingrg/check_reg.html?_=1649740201788 HTTP/1.1" 200 22
116.235.92.88 - - [12/Apr/2022:13:07:13 +0800] "GET /xingrg/all/function/internal_message.html?_=1649740201786&CODE_STATE=getMsg HTTP/1.1" 200 27
120.253.135.82 - - [12/Apr/2022:13:07:16 +0800] "GET /xingrg/check_reg.html?_=1649739840288 HTTP/1.1" 200 22
120.253.135.82 - - [12/Apr/2022:13:07:16 +0800] "GET /xingrg/all/function/internal_message.html?_=1649739840843&CODE_STATE=getMsg HTTP/1.1" 200 27
120.253.135.82 - - [12/Apr/2022:13:07:21 +0800] "GET /xingrg/kc/buy/cgsh_order_operate.html?command=get_materiel&rest_code=00101&code=00102002410&supplier_code=00100380&order_time=2022-04-12 HTTP/1.1" 200 440
116.228.172.94 - - [12/Apr/2022:13:07:33 +0800] "GET /xingrg/all/function/internal_message.html?_=1649739928948&CODE_STATE=getMsg HTTP/1.1" 200 27
120.253.135.82 - - [12/Apr/2022:13:07:38 +0800] "POST /xingrg/kc/buy/cgsh_order_operate.html HTTP/1.1" 200 37
120.253.135.82 - - [12/Apr/2022:13:07:40 +0800] "POST /xingrg/kc/buy/cgsh_order_operate.html HTTP/1.1" 200 5118
58.39.61.91 - - [12/Apr/2022:13:07:47 +0800] "GET /xingrg/all/function/internal_message.html?_=1649739993187&CODE_STATE=getMsg HTTP/1.1" 200 27
120.253.135.82 - - [12/Apr/2022:13:07:48 +0800] "POST /xingrg/kc/buy/cgsh_order_operate.html HTTP/1.1" 200 37
58.39.61.91 - - [12/Apr/2022:13:07:49 +0800] "GET /xingrg/check_reg.html?_=1649740069918 HTTP/1.1" 200 22
58.39.61.91 - - [12/Apr/2022:13:07:49 +0800] "GET /xingrg/all/function/internal_message.html?_=1649740069919&CODE_STATE=getMsg HTTP/1.1" 200 27
120.253.135.82 - - [12/Apr/2022:13:07:50 +0800] "POST /xingrg/kc/buy/cgsh_order_operate.html HTTP/1.1" 200 5118
120.253.135.82 - - [12/Apr/2022:13:08:01 +0800] "POST /xingrg/kc/buy/cgsh_order_operate.html HTTP/1.1" 200 37
