116.233.76.43 - - [31/Mar/2022:15:31:50 +0800] "GET /xingrg/all/function/internal_message.html?_=1648711908862&CODE_STATE=getMsg HTTP/1.1" 200 27
58.39.168.32 - - [31/Mar/2022:15:31:54 +0800] "GET /xingrg/all/function/internal_message.html?_=1648711849709&CODE_STATE=getMsg HTTP/1.1" 200 27
116.228.172.94 - - [31/Mar/2022:15:32:07 +0800] "GET /xingrg/all/function/internal_message.html?_=1648711832672&CODE_STATE=getMsg HTTP/1.1" 200 27
218.81.223.53 - - [31/Mar/2022:15:32:14 +0800] "GET /xingrg/all/function/internal_message.html?_=1648711951090&CODE_STATE=getMsg HTTP/1.1" 200 27
58.39.61.91 - - [31/Mar/2022:15:32:19 +0800] "GET /xingrg/all/report/report_query.html?isQuery=1&fileName=kc/buy/wlcg_cate_hz.xml&queryString=(CONVERT(char(10)%252Ca.order_time%252C%2520120)%253E%253D'2022-03-01')%2520and%2520(CONVERT(char(10)%252Ca.order_time%252C%2520120)%253C%253D'2022-03-31')%2520and%2520(a.number%253E0%2520and%2520a.supplier_code%253D'00100085')&queryText=%25E3%2580%2590%25E9%2587%2587%25E8%25B4%25AD%25E6%2597%25A5%25E6%259C%259F%253A2022-03-01%2520%25E8%2587%25B3%25202022-03-31%25E3%2580%2591%2520%25E5%25B9%25B6%25E4%25B8%2594%2520%25E3%2580%2590%25E4%25BE%259B%25E5%25BA%2594%25E5%2595%2586%253D%25E5%25B0%258F%25E6%259D%258E%25E8%259A%258C%25EF%25BC%2588%25E6%259D%258E%25E6%2598%258E%25E6%2597%25BA%25EF%25BC%2589%25E3%2580%2591 HTTP/1.1" 200 54378
58.39.61.91 - - [31/Mar/2022:15:32:19 +0800] "GET /xingrg/dwr/interface/AjaxReportQueryService.js HTTP/1.1" 200 13203
58.39.61.91 - - [31/Mar/2022:15:32:19 +0800] "GET /xingrg/dwr/engine.js HTTP/1.1" 200 43631
58.39.61.91 - - [31/Mar/2022:15:32:21 +0800] "POST /xingrg/all/report/load_report_page.html HTTP/1.1" 200 8712
58.39.61.91 - - [31/Mar/2022:15:32:21 +0800] "GET /xingrg/servlets/image?cache=0.5871263275882329&image=px HTTP/1.1" 200 807
58.39.61.91 - - [31/Mar/2022:15:32:22 +0800] "POST /xingrg/all/report/load_report_page.html HTTP/1.1" 200 13013
58.39.61.91 - - [31/Mar/2022:15:32:22 +0800] "GET /xingrg/servlets/image?cache=0.83949656484253&image=px HTTP/1.1" 200 807
58.39.61.91 - - [31/Mar/2022:15:32:25 +0800] "POST /xingrg/all/report/report_print.html HTTP/1.1" 302 -
58.39.61.91 - - [31/Mar/2022:15:32:25 +0800] "GET /xingrg/servlets/html?sysBaseUrl=http%3A%2F%2F180.169.147.146%3A18081%2Fxingrg%2F&costTime=183×tamp=1648711945613 HTTP/1.1" 200 14710
58.39.61.91 - - [31/Mar/2022:15:32:25 +0800] "GET /xingrg/servlets/image?image=px HTTP/1.1" 200 807
58.39.61.91 - - [31/Mar/2022:15:32:25 +0800] "GET /favicon.ico HTTP/1.1" 404 -
222.69.132.164 - - [31/Mar/2022:15:32:26 +0800] "GET /xingrg/all/function/internal_message.html?_=1648712054244&CODE_STATE=getMsg HTTP/1.1" 200 27
117.143.49.41 - - [31/Mar/2022:15:32:33 +0800] "GET /xingrg/all/function/internal_message.html?_=1648711952665&CODE_STATE=getMsg HTTP/1.1" 200 27
58.39.61.91 - - [31/Mar/2022:15:32:37 +0800] "GET /xingrg/all/report/report_query.html?isQuery=1&fileName=kc/buy/wlcg_cate_hz.xml&queryString=(CONVERT(char(10)%252Ca.order_time%252C%2520120)%253E%253D'2022-03-01')%2520and%2520(CONVERT(char(10)%252Ca.order_time%252C%2520120)%253C%253D'2022-03-31')%2520and%2520(a.number%253E0%2520and%2520a.supplier_code%253D'00100086')&queryText=%25E3%2580%2590%25E9%2587%2587%25E8%25B4%25AD%25E6%2597%25A5%25E6%259C%259F%253A2022-03-01%2520%25E8%2587%25B3%25202022-03-31%25E3%2580%2591%2520%25E5%25B9%25B6%25E4%25B8%2594%2520%25E3%2580%2590%25E4%25BE%259B%25E5%25BA%2594%25E5%2595%2586%253D%25E9%2591%25AB%25E4%25BC%259F%25E9%25B2%258D%25E9%25B1%25BC%25EF%25BC%2588%25E9%2599%2588%25E5%25BD%25A9%25E6%2581%258B%25EF%25BC%2589%25E3%2580%2591 HTTP/1.1" 200 54382
58.39.61.91 - - [31/Mar/2022:15:32:37 +0800] "GET /xingrg/dwr/interface/AjaxReportQueryService.js HTTP/1.1" 200 13203
58.39.61.91 - - [31/Mar/2022:15:32:37 +0800] "GET /xingrg/dwr/engine.js HTTP/1.1" 200 43631
58.39.61.91 - - [31/Mar/2022:15:32:39 +0800] "POST /xingrg/all/report/load_report_page.html HTTP/1.1" 200 8715
58.39.61.91 - - [31/Mar/2022:15:32:39 +0800] "GET /xingrg/servlets/image?cache=0.20663975450537653&image=px HTTP/1.1" 200 807
58.39.61.91 - - [31/Mar/2022:15:32:40 +0800] "POST /xingrg/all/report/load_report_page.html HTTP/1.1" 200 13032
58.39.61.91 - - [31/Mar/2022:15:32:40 +0800] "GET /xingrg/servlets/image?cache=0.8254038991052769&image=px HTTP/1.1" 200 807
58.39.61.91 - - [31/Mar/2022:15:32:42 +0800] "POST /xingrg/all/report/report_print.html HTTP/1.1" 302 -
58.39.61.91 - - [31/Mar/2022:15:32:42 +0800] "GET /xingrg/servlets/html?sysBaseUrl=http%3A%2F%2F180.169.147.146%3A18081%2Fxingrg%2F&costTime=200×tamp=1648711962832 HTTP/1.1" 200 14705
58.39.61.91 - - [31/Mar/2022:15:32:42 +0800] "GET /xingrg/servlets/image?image=px HTTP/1.1" 200 807
58.39.61.91 - - [31/Mar/2022:15:32:42 +0800] "GET /favicon.ico HTTP/1.1" 404 -
58.39.61.91 - - [31/Mar/2022:15:32:43 +0800] "GET /xingrg/all/function/internal_message.html?_=1648711961691&CODE_STATE=getMsg HTTP/1.1" 200 27
58.39.168.32 - - [31/Mar/2022:15:32:47 +0800] "GET /xingrg/all/function/internal_message.html?_=1648711965701&CODE_STATE=getMsg HTTP/1.1" 200 27
116.233.76.43 - - [31/Mar/2022:15:32:50 +0800] "GET /xingrg/all/function/internal_message.html?_=1648711968864&CODE_STATE=getMsg HTTP/1.1" 200 27
58.39.61.91 - - [31/Mar/2022:15:32:53 +0800] "GET /xingrg/all/report/report_query.html?isQuery=1&fileName=kc/buy/wlcg_cate_hz.xml&queryString=(CONVERT(char(10)%252Ca.order_time%252C%2520120)%253E%253D'2022-03-01')%2520and%2520(CONVERT(char(10)%252Ca.order_time%252C%2520120)%253C%253D'2022-03-31')%2520and%2520(a.number%253E0%2520and%2520a.supplier_code%253D'00100087')&queryText=%25E3%2580%2590%25E9%2587%2587%25E8%25B4%25AD%25E6%2597%25A5%25E6%259C%259F%253A2022-03-01%2520%25E8%2587%25B3%25202022-03-31%25E3%2580%2591%2520%25E5%25B9%25B6%25E4%25B8%2594%2520%25E3%2580%2590%25E4%25BE%259B%25E5%25BA%2594%25E5%2595%2586%253D%25E9%25BE%2599%25E8%2599%25BE%25EF%25BC%2588%25E9%2583%2591%25E6%25B5%25B7%25E6%25BB%25A8%25EF%25BC%2589%25E3%2580%2591 HTTP/1.1" 200 54374
58.39.61.91 - - [31/Mar/2022:15:32:53 +0800] "GET /xingrg/dwr/interface/AjaxReportQueryService.js HTTP/1.1" 200 13203
58.39.61.91 - - [31/Mar/2022:15:32:53 +0800] "GET /xingrg/dwr/engine.js HTTP/1.1" 200 43631
58.39.168.32 - - [31/Mar/2022:15:32:54 +0800] "GET /xingrg/all/function/internal_message.html?_=1648711909709&CODE_STATE=getMsg HTTP/1.1" 200 27
58.39.61.91 - - [31/Mar/2022:15:32:54 +0800] "POST /xingrg/all/report/load_report_page.html HTTP/1.1" 200 8704
58.39.61.91 - - [31/Mar/2022:15:32:55 +0800] "GET /xingrg/servlets/image?cache=0.504572193367824&image=px HTTP/1.1" 200 807
58.39.61.91 - - [31/Mar/2022:15:32:56 +0800] "POST /xingrg/all/report/load_report_page.html HTTP/1.1" 200 16423
58.39.61.91 - - [31/Mar/2022:15:32:56 +0800] "GET /xingrg/servlets/image?cache=0.9209607569952806&image=px HTTP/1.1" 200 807
58.39.61.91 - - [31/Mar/2022:15:32:58 +0800] "POST /xingrg/all/report/report_print.html HTTP/1.1" 302 -
58.39.61.91 - - [31/Mar/2022:15:32:58 +0800] "GET /xingrg/servlets/html?sysBaseUrl=http%3A%2F%2F180.169.147.146%3A18081%2Fxingrg%2F&costTime=180×tamp=1648711978483 HTTP/1.1" 200 17850
58.39.61.91 - - [31/Mar/2022:15:32:58 +0800] "GET /xingrg/servlets/image?image=px HTTP/1.1" 200 807
58.39.61.91 - - [31/Mar/2022:15:32:58 +0800] "GET /favicon.ico HTTP/1.1" 404 -
222.69.132.164 - - [31/Mar/2022:15:33:05 +0800] "GET /xingrg/kc/base/wldb_order_operate.html?command=get_materiel&rest_code=00154&base_code=0010724&code=00101019536 HTTP/1.1" 200 471
58.39.61.91 - - [31/Mar/2022:15:33:06 +0800] "GET /xingrg/all/report/report_query.html?isQuery=1&fileName=kc/buy/wlcg_cate_hz.xml&queryString=(CONVERT(char(10)%252Ca.order_time%252C%2520120)%253E%253D'2022-03-01')%2520and%2520(CONVERT(char(10)%252Ca.order_time%252C%2520120)%253C%253D'2022-03-31')%2520and%2520(a.number%253E0%2520and%2520a.supplier_code%253D'00100088')&queryText=%25E3%2580%2590%25E9%2587%2587%25E8%25B4%25AD%25E6%2597%25A5%25E6%259C%259F%253A2022-03-01%2520%25E8%2587%25B3%25202022-03-31%25E3%2580%2591%2520%25E5%25B9%25B6%25E4%25B8%2594%2520%25E3%2580%2590%25E4%25BE%259B%25E5%25BA%2594%25E5%2595%2586%253D%25E6%25A2%25AD%25E5%25AD%2590%25E8%259F%25B9%25EF%25BC%2588%25E6%259D%258E%25E5%25AE%2589%25E6%25B9%2598%25EF%25BC%2589%25E3%2580%2591 HTTP/1.1" 200 54378
58.39.61.91 - - [31/Mar/2022:15:33:06 +0800] "GET /xingrg/dwr/interface/AjaxReportQueryService.js HTTP/1.1" 200 13203
58.39.61.91 - - [31/Mar/2022:15:33:06 +0800] "GET /xingrg/dwr/engine.js HTTP/1.1" 200 43631
116.228.172.94 - - [31/Mar/2022:15:33:07 +0800] "GET /xingrg/all/function/internal_message.html?_=1648711892673&CODE_STATE=getMsg HTTP/1.1" 200 27
58.39.61.91 - - [31/Mar/2022:15:33:08 +0800] "POST /xingrg/all/report/load_report_page.html HTTP/1.1" 200 8702
58.39.61.91 - - [31/Mar/2022:15:33:08 +0800] "GET /xingrg/servlets/image?cache=0.580145030286503&image=px HTTP/1.1" 200 807
58.39.61.91 - - [31/Mar/2022:15:33:10 +0800] "POST /xingrg/all/report/load_report_page.html HTTP/1.1" 200 13039
58.39.61.91 - - [31/Mar/2022:15:33:10 +0800] "GET /xingrg/servlets/image?cache=0.8304619194800716&image=px HTTP/1.1" 200 807
58.39.61.91 - - [31/Mar/2022:15:33:12 +0800] "POST /xingrg/all/report/report_print.html HTTP/1.1" 302 -
58.39.61.91 - - [31/Mar/2022:15:33:12 +0800] "GET /xingrg/servlets/html?sysBaseUrl=http%3A%2F%2F180.169.147.146%3A18081%2Fxingrg%2F&costTime=186×tamp=1648711992072 HTTP/1.1" 200 14708
58.39.61.91 - - [31/Mar/2022:15:33:12 +0800] "GET /xingrg/servlets/image?image=px HTTP/1.1" 200 807
58.39.61.91 - - [31/Mar/2022:15:33:12 +0800] "GET /favicon.ico HTTP/1.1" 404 -
218.81.223.53 - - [31/Mar/2022:15:33:14 +0800] "GET /xingrg/all/function/internal_message.html?_=1648712011139&CODE_STATE=getMsg HTTP/1.1" 200 27
222.69.132.164 - - [31/Mar/2022:15:33:18 +0800] "GET /xingrg/kc/base/wldb_order_operate.html?command=get_materiel&rest_code=00154&base_code=0010724&code=00101019792 HTTP/1.1" 200 443
222.69.132.164 - - [31/Mar/2022:15:33:26 +0800] "GET /xingrg/all/function/internal_message.html?_=1648712114239&CODE_STATE=getMsg HTTP/1.1" 200 27
58.39.61.91 - - [31/Mar/2022:15:33:27 +0800] "GET /xingrg/all/report/report_query.html?isQuery=1&fileName=kc/buy/wlcg_cate_hz.xml&queryString=(CONVERT(char(10)%252Ca.order_time%252C%2520120)%253E%253D'2022-03-01')%2520and%2520(CONVERT(char(10)%252Ca.order_time%252C%2520120)%253C%253D'2022-03-31')%2520and%2520(a.number%253E0%2520and%2520a.supplier_code%253D'00100091')&queryText=%25E3%2580%2590%25E9%2587%2587%25E8%25B4%25AD%25E6%2597%25A5%25E6%259C%259F%253A2022-03-01%2520%25E8%2587%25B3%25202022-03-31%25E3%2580%2591%2520%25E5%25B9%25B6%25E4%25B8%2594%2520%25E3%2580%2590%25E4%25BE%259B%25E5%25BA%2594%25E5%2595%2586%253D%25E5%258D%2597%25E5%25AE%2589%25E6%25B0%25B4%25E4%25BA%25A7%25EF%25BC%2588%25E9%2599%2588%25E7%258E%2589%25E7%25A7%2580%25EF%25BC%2589%25E3%2580%2591 HTTP/1.1" 200 54382
58.39.61.91 - - [31/Mar/2022:15:33:27 +0800] "GET /xingrg/dwr/interface/AjaxReportQueryService.js HTTP/1.1" 200 13203
58.39.61.91 - - [31/Mar/2022:15:33:27 +0800] "GET /xingrg/dwr/engine.js HTTP/1.1" 200 43631
58.39.61.91 - - [31/Mar/2022:15:33:29 +0800] "POST /xingrg/all/report/load_report_page.html HTTP/1.1" 200 8712
58.39.61.91 - - [31/Mar/2022:15:33:29 +0800] "GET /xingrg/servlets/image?cache=0.5300422245799088&image=px HTTP/1.1" 200 807
58.39.61.91 - - [31/Mar/2022:15:33:31 +0800] "POST /xingrg/all/report/load_report_page.html HTTP/1.1" 200 13039
58.39.61.91 - - [31/Mar/2022:15:33:31 +0800] "GET /xingrg/servlets/image?cache=0.1820683856034916&image=px HTTP/1.1" 200 807
117.143.49.41 - - [31/Mar/2022:15:33:33 +0800] "GET /xingrg/all/function/internal_message.html?_=1648712012660&CODE_STATE=getMsg HTTP/1.1" 200 27
58.39.61.91 - - [31/Mar/2022:15:33:34 +0800] "POST /xingrg/all/report/report_print.html HTTP/1.1" 302 -
58.39.61.91 - - [31/Mar/2022:15:33:34 +0800] "GET /xingrg/servlets/html?sysBaseUrl=http%3A%2F%2F180.169.147.146%3A18081%2Fxingrg%2F&costTime=202×tamp=1648712014277 HTTP/1.1" 200 14710
58.39.61.91 - - [31/Mar/2022:15:33:34 +0800] "GET /xingrg/servlets/image?image=px HTTP/1.1" 200 807
58.39.61.91 - - [31/Mar/2022:15:33:34 +0800] "GET /favicon.ico HTTP/1.1" 404 -
58.39.61.91 - - [31/Mar/2022:15:33:43 +0800] "GET /xingrg/all/function/internal_message.html?_=1648712021724&CODE_STATE=getMsg HTTP/1.1" 200 27
58.39.61.91 - - [31/Mar/2022:15:33:43 +0800] "GET /xingrg/check_reg.html?_=1648712021726 HTTP/1.1" 200 22
58.39.61.91 - - [31/Mar/2022:15:33:43 +0800] "GET /xingrg/all/report/report_query.html?isQuery=1&fileName=kc/buy/wlcg_cate_hz.xml&queryString=(CONVERT(char(10)%252Ca.order_time%252C%2520120)%253E%253D'2022-03-01')%2520and%2520(CONVERT(char(10)%252Ca.order_time%252C%2520120)%253C%253D'2022-03-31')%2520and%2520(a.number%253E0%2520and%2520a.supplier_code%253D'00100093')&queryText=%25E3%2580%2590%25E9%2587%2587%25E8%25B4%25AD%25E6%2597%25A5%25E6%259C%259F%253A2022-03-01%2520%25E8%2587%25B3%25202022-03-31%25E3%2580%2591%2520%25E5%25B9%25B6%25E4%25B8%2594%2520%25E3%2580%2590%25E4%25BE%259B%25E5%25BA%2594%25E5%2595%2586%253D%25E5%25B0%258F%25E5%25AE%2581%25E6%25B3%25A2%25EF%25BC%2588%25E4%25BD%2595%25E7%2588%25B1%25E4%25BC%259F%25EF%25BC%2589%25E3%2580%2591 HTTP/1.1" 200 54378
58.39.61.91 - - [31/Mar/2022:15:33:43 +0800] "GET /xingrg/dwr/interface/AjaxReportQueryService.js HTTP/1.1" 200 13203
58.39.61.91 - - [31/Mar/2022:15:33:43 +0800] "GET /xingrg/dwr/engine.js HTTP/1.1" 200 43631
58.39.61.91 - - [31/Mar/2022:15:33:45 +0800] "POST /xingrg/all/report/load_report_page.html HTTP/1.1" 200 8714
58.39.61.91 - - [31/Mar/2022:15:33:45 +0800] "GET /xingrg/servlets/image?cache=0.9878751520844246&image=px HTTP/1.1" 200 807
222.69.132.164 - - [31/Mar/2022:15:33:46 +0800] "GET /xingrg/kc/base/wldb_order_operate.html?command=get_materiel&rest_code=00154&base_code=0010724&code=00101032011 HTTP/1.1" 200 418
58.39.61.91 - - [31/Mar/2022:15:33:47 +0800] "POST /xingrg/all/report/load_report_page.html HTTP/1.1" 200 13043
58.39.61.91 - - [31/Mar/2022:15:33:47 +0800] "GET /xingrg/servlets/image?cache=0.8772222578490197&image=px HTTP/1.1" 200 807
58.39.168.32 - - [31/Mar/2022:15:33:47 +0800] "GET /xingrg/all/function/internal_message.html?_=1648712025701&CODE_STATE=getMsg HTTP/1.1" 200 27
58.39.61.91 - - [31/Mar/2022:15:33:48 +0800] "POST /xingrg/all/report/report_print.html HTTP/1.1" 302 -
58.39.61.91 - - [31/Mar/2022:15:33:49 +0800] "GET /xingrg/servlets/html?sysBaseUrl=http%3A%2F%2F180.169.147.146%3A18081%2Fxingrg%2F&costTime=185×tamp=1648712028984 HTTP/1.1" 200 14712
58.39.61.91 - - [31/Mar/2022:15:33:49 +0800] "GET /xingrg/servlets/image?image=px HTTP/1.1" 200 807
58.39.61.91 - - [31/Mar/2022:15:33:49 +0800] "GET /favicon.ico HTTP/1.1" 404 -
116.233.76.43 - - [31/Mar/2022:15:33:50 +0800] "GET /xingrg/all/function/internal_message.html?_=1648712028866&CODE_STATE=getMsg HTTP/1.1" 200 27
58.39.168.32 - - [31/Mar/2022:15:33:54 +0800] "GET /xingrg/all/function/internal_message.html?_=1648711969709&CODE_STATE=getMsg HTTP/1.1" 200 27
58.39.61.91 - - [31/Mar/2022:15:33:57 +0800] "GET /xingrg/all/report/report_query.html?isQuery=1&fileName=kc/buy/wlcg_cate_hz.xml&queryString=(CONVERT(char(10)%252Ca.order_time%252C%2520120)%253E%253D'2022-03-01')%2520and%2520(CONVERT(char(10)%252Ca.order_time%252C%2520120)%253C%253D'2022-03-31')%2520and%2520(a.number%253E0%2520and%2520a.supplier_code%253D'00100094')&queryText=%25E3%2580%2590%25E9%2587%2587%25E8%25B4%25AD%25E6%2597%25A5%25E6%259C%259F%253A2022-03-01%2520%25E8%2587%25B3%25202022-03-31%25E3%2580%2591%2520%25E5%25B9%25B6%25E4%25B8%2594%2520%25E3%2580%2590%25E4%25BE%259B%25E5%25BA%2594%25E5%2595%2586%253D%25E6%25B5%25B7%25E5%258D%2587%25EF%25BC%2588%25E9%2583%2591%25E5%25B0%258F%25E8%259D%25B6%25EF%25BC%2589%25E3%2580%2591 HTTP/1.1" 200 54374
58.39.61.91 - - [31/Mar/2022:15:33:57 +0800] "GET /xingrg/dwr/interface/AjaxReportQueryService.js HTTP/1.1" 200 13203
58.39.61.91 - - [31/Mar/2022:15:33:57 +0800] "GET /xingrg/dwr/engine.js HTTP/1.1" 200 43631
222.69.132.164 - - [31/Mar/2022:15:33:58 +0800] "GET /xingrg/kc/base/wldb_order_operate.html?command=get_materiel&rest_code=00154&base_code=0010724&code=00101019738 HTTP/1.1" 200 455
58.39.61.91 - - [31/Mar/2022:15:33:59 +0800] "POST /xingrg/all/report/load_report_page.html HTTP/1.1" 200 8708
58.39.61.91 - - [31/Mar/2022:15:33:59 +0800] "GET /xingrg/servlets/image?cache=0.8858622030570192&image=px HTTP/1.1" 200 807
58.39.61.91 - - [31/Mar/2022:15:34:01 +0800] "POST /xingrg/all/report/load_report_page.html HTTP/1.1" 200 13061
58.39.61.91 - - [31/Mar/2022:15:34:01 +0800] "GET /xingrg/servlets/image?cache=0.23700915562433766&image=px HTTP/1.1" 200 807
58.39.61.91 - - [31/Mar/2022:15:34:03 +0800] "POST /xingrg/all/report/report_print.html HTTP/1.1" 302 -
58.39.61.91 - - [31/Mar/2022:15:34:03 +0800] "GET /xingrg/servlets/html?sysBaseUrl=http%3A%2F%2F180.169.147.146%3A18081%2Fxingrg%2F&costTime=214×tamp=1648712043533 HTTP/1.1" 200 14710
58.39.61.91 - - [31/Mar/2022:15:34:03 +0800] "GET /xingrg/servlets/image?image=px HTTP/1.1" 200 807
58.39.61.91 - - [31/Mar/2022:15:34:03 +0800] "GET /favicon.ico HTTP/1.1" 404 -
116.228.172.94 - - [31/Mar/2022:15:34:07 +0800] "GET /xingrg/all/function/internal_message.html?_=1648711952662&CODE_STATE=getMsg HTTP/1.1" 200 27
222.69.132.164 - - [31/Mar/2022:15:34:09 +0800] "GET /xingrg/kc/base/wldb_order_operate.html?command=get_materiel&rest_code=00154&base_code=0010724&code=00101019739 HTTP/1.1" 200 455
218.81.223.53 - - [31/Mar/2022:15:34:14 +0800] "GET /xingrg/all/function/internal_message.html?_=1648712071150&CODE_STATE=getMsg HTTP/1.1" 200 27
222.69.132.164 - - [31/Mar/2022:15:34:21 +0800] "GET /xingrg/kc/base/wldb_order_operate.html?command=get_materiel&rest_code=00154&base_code=0010724&code=00101019836 HTTP/1.1" 200 438
222.69.132.164 - - [31/Mar/2022:15:34:26 +0800] "GET /xingrg/all/function/internal_message.html?_=1648712174237&CODE_STATE=getMsg HTTP/1.1" 200 27
222.69.132.164 - - [31/Mar/2022:15:34:26 +0800] "GET /xingrg/check_reg.html?_=1648712174241 HTTP/1.1" 200 22
58.39.61.91 - - [31/Mar/2022:15:34:29 +0800] "GET /xingrg/all/report/report_query.html?isQuery=1&fileName=kc/buy/wlcg_cate_hz.xml&queryString=(CONVERT(char(10)%252Ca.order_time%252C%2520120)%253E%253D'2022-03-01')%2520and%2520(CONVERT(char(10)%252Ca.order_time%252C%2520120)%253C%253D'2022-03-31')%2520and%2520(a.number%253E0%2520and%2520a.supplier_code%253D'00100211')&queryText=%25E3%2580%2590%25E9%2587%2587%25E8%25B4%25AD%25E6%2597%25A5%25E6%259C%259F%253A2022-03-01%2520%25E8%2587%25B3%25202022-03-31%25E3%2580%2591%2520%25E5%25B9%25B6%25E4%25B8%2594%2520%25E3%2580%2590%25E4%25BE%259B%25E5%25BA%2594%25E5%2595%2586%253D%25E5%25BE%25B7%25E7%25BC%2598%25E7%2587%2595%25E9%25B2%258D%25E7%25BF%2585%25E8%25A1%258C%25E3%2580%2591 HTTP/1.1" 200 54370
58.39.61.91 - - [31/Mar/2022:15:34:29 +0800] "GET /xingrg/dwr/interface/AjaxReportQueryService.js HTTP/1.1" 200 13203
58.39.61.91 - - [31/Mar/2022:15:34:29 +0800] "GET /xingrg/dwr/engine.js HTTP/1.1" 200 43631
58.39.61.91 - - [31/Mar/2022:15:34:31 +0800] "POST /xingrg/all/report/load_report_page.html HTTP/1.1" 200 8711
58.39.61.91 - - [31/Mar/2022:15:34:31 +0800] "GET /xingrg/servlets/image?cache=0.9047808164397891&image=px HTTP/1.1" 200 807
58.39.61.91 - - [31/Mar/2022:15:34:32 +0800] "POST /xingrg/all/report/load_report_page.html HTTP/1.1" 200 13054
58.39.61.91 - - [31/Mar/2022:15:34:32 +0800] "GET /xingrg/servlets/image?cache=0.20002305855240665&image=px HTTP/1.1" 200 807
117.143.49.41 - - [31/Mar/2022:15:34:33 +0800] "GET /xingrg/all/function/internal_message.html?_=1648712072657&CODE_STATE=getMsg HTTP/1.1" 200 27
58.39.61.91 - - [31/Mar/2022:15:34:34 +0800] "POST /xingrg/all/report/report_print.html HTTP/1.1" 302 -
58.39.61.91 - - [31/Mar/2022:15:34:34 +0800] "GET /xingrg/servlets/html?sysBaseUrl=http%3A%2F%2F180.169.147.146%3A18081%2Fxingrg%2F&costTime=178×tamp=1648712074666 HTTP/1.1" 200 14705
58.39.61.91 - - [31/Mar/2022:15:34:34 +0800] "GET /xingrg/servlets/image?image=px HTTP/1.1" 200 807
58.39.61.91 - - [31/Mar/2022:15:34:34 +0800] "GET /favicon.ico HTTP/1.1" 404 -
222.69.132.164 - - [31/Mar/2022:15:34:40 +0800] "GET /xingrg/kc/base/wldb_order_operate.html?command=get_materiel&rest_code=00154&base_code=0010724&code=00101020144 HTTP/1.1" 200 448
58.39.61.91 - - [31/Mar/2022:15:34:43 +0800] "GET /xingrg/all/function/internal_message.html?_=1648712081697&CODE_STATE=getMsg HTTP/1.1" 200 27
58.39.168.32 - - [31/Mar/2022:15:34:47 +0800] "GET /xingrg/all/function/internal_message.html?_=1648712085700&CODE_STATE=getMsg HTTP/1.1" 200 27
116.233.76.43 - - [31/Mar/2022:15:34:50 +0800] "GET /xingrg/all/function/internal_message.html?_=1648712088866&CODE_STATE=getMsg HTTP/1.1" 200 27
116.233.76.43 - - [31/Mar/2022:15:34:50 +0800] "GET /xingrg/check_reg.html?_=1648712088866 HTTP/1.1" 200 22
222.69.132.164 - - [31/Mar/2022:15:34:50 +0800] "GET /xingrg/kc/base/wldb_order_operate.html?command=get_materiel&rest_code=00154&base_code=0010724&code=00101020335 HTTP/1.1" 200 442
58.39.168.32 - - [31/Mar/2022:15:34:54 +0800] "GET /xingrg/all/function/internal_message.html?_=1648712029707&CODE_STATE=getMsg HTTP/1.1" 200 27
222.69.132.164 - - [31/Mar/2022:15:35:01 +0800] "GET /xingrg/kc/base/wldb_order_operate.html?command=get_materiel&rest_code=00154&base_code=0010724&code=00102012003 HTTP/1.1" 200 444
58.39.61.91 - - [31/Mar/2022:15:35:05 +0800] "GET /xingrg/all/report/report_query.html?isQuery=1&fileName=kc/buy/wlcg_cate_hz.xml&queryString=(CONVERT(char(10)%252Ca.order_time%252C%2520120)%253E%253D'2022-03-01')%2520and%2520(CONVERT(char(10)%252Ca.order_time%252C%2520120)%253C%253D'2022-03-31')%2520and%2520(a.number%253E0%2520and%2520a.supplier_code%253D'00100497')&queryText=%25E3%2580%2590%25E9%2587%2587%25E8%25B4%25AD%25E6%2597%25A5%25E6%259C%259F%253A2022-03-01%2520%25E8%2587%25B3%25202022-03-31%25E3%2580%2591%2520%25E5%25B9%25B6%25E4%25B8%2594%2520%25E3%2580%2590%25E4%25BE%259B%25E5%25BA%2594%25E5%2595%2586%253D%25E4%25B8%258A%25E6%25B5%25B7%25E6%259D%25B0%25E9%259A%25A7%25E5%25AE%259E%25E4%25B8%259A%25E6%259C%2589%25E9%2599%2590%25E5%2585%25AC%25E5%258F%25B8%25E3%2580%2591 HTTP/1.1" 200 54386
58.39.61.91 - - [31/Mar/2022:15:35:05 +0800] "GET /xingrg/dwr/interface/AjaxReportQueryService.js HTTP/1.1" 200 13203
58.39.61.91 - - [31/Mar/2022:15:35:05 +0800] "GET /xingrg/dwr/engine.js HTTP/1.1" 200 43631
58.39.61.91 - - [31/Mar/2022:15:35:07 +0800] "POST /xingrg/all/report/load_report_page.html HTTP/1.1" 200 8712
116.228.172.94 - - [31/Mar/2022:15:35:07 +0800] "GET /xingrg/all/function/internal_message.html?_=1648712012673&CODE_STATE=getMsg HTTP/1.1" 200 27
58.39.61.91 - - [31/Mar/2022:15:35:07 +0800] "GET /xingrg/servlets/image?cache=0.6576165597107181&image=px HTTP/1.1" 200 807
58.39.61.91 - - [31/Mar/2022:15:35:09 +0800] "POST /xingrg/all/report/load_report_page.html HTTP/1.1" 200 16419
58.39.61.91 - - [31/Mar/2022:15:35:09 +0800] "GET /xingrg/servlets/image?cache=0.49730712743637506&image=px HTTP/1.1" 200 807
58.39.61.91 - - [31/Mar/2022:15:35:11 +0800] "POST /xingrg/all/report/report_print.html HTTP/1.1" 302 -
58.39.61.91 - - [31/Mar/2022:15:35:11 +0800] "GET /xingrg/servlets/html?sysBaseUrl=http%3A%2F%2F180.169.147.146%3A18081%2Fxingrg%2F&costTime=180×tamp=1648712111387 HTTP/1.1" 200 17844
58.39.61.91 - - [31/Mar/2022:15:35:11 +0800] "GET /xingrg/servlets/image?image=px HTTP/1.1" 200 807
58.39.61.91 - - [31/Mar/2022:15:35:11 +0800] "GET /favicon.ico HTTP/1.1" 404 -
218.81.223.53 - - [31/Mar/2022:15:35:14 +0800] "GET /xingrg/check_reg.html?_=1648712130748 HTTP/1.1" 200 22
218.81.223.53 - - [31/Mar/2022:15:35:14 +0800] "GET /xingrg/all/function/internal_message.html?_=1648712131162&CODE_STATE=getMsg HTTP/1.1" 200 27
222.69.132.164 - - [31/Mar/2022:15:35:15 +0800] "POST /xingrg/kc/base/wldb_order_operate.html HTTP/1.1" 200 37
222.69.132.164 - - [31/Mar/2022:15:35:17 +0800] "POST /xingrg/kc/base/wldb_order_operate.html HTTP/1.1" 200 12
222.69.132.164 - - [31/Mar/2022:15:35:17 +0800] "POST /xingrg/kc/base/wldb_order_operate.html HTTP/1.1" 200 7131
222.69.132.164 - - [31/Mar/2022:15:35:18 +0800] "GET /xingrg/kc/base/wldb_order_info.html?code=422022033101254 HTTP/1.1" 200 26159
222.69.132.164 - - [31/Mar/2022:15:35:18 +0800] "GET /xingrg/words/20220331150227_words.js HTTP/1.1" 304 -
222.69.132.164 - - [31/Mar/2022:15:35:18 +0800] "GET /xingrg/javascript/easyui/themes/default/validatebox.css HTTP/1.1" 404 1104
222.69.132.164 - - [31/Mar/2022:15:35:19 +0800] "POST /xingrg/kc/base/wldb_order_operate.html HTTP/1.1" 200 5314
222.69.132.164 - - [31/Mar/2022:15:35:26 +0800] "GET /xingrg/all/function/internal_message.html?_=1648712234227&CODE_STATE=getMsg HTTP/1.1" 200 27
117.143.49.41 - - [31/Mar/2022:15:35:33 +0800] "GET /xingrg/all/function/internal_message.html?_=1648712132664&CODE_STATE=getMsg HTTP/1.1" 200 27
58.39.61.91 - - [31/Mar/2022:15:35:39 +0800] "GET /xingrg/all/report/report_query.html?isQuery=1&fileName=kc/buy/wlcg_cate_hz.xml&queryString=(CONVERT(char(10)%252Ca.order_time%252C%2520120)%253E%253D'2022-03-01')%2520and%2520(CONVERT(char(10)%252Ca.order_time%252C%2520120)%253C%253D'2022-03-31')%2520and%2520(a.number%253E0%2520and%2520a.supplier_code%253D'00100496')&queryText=%25E3%2580%2590%25E9%2587%2587%25E8%25B4%25AD%25E6%2597%25A5%25E6%259C%259F%253A2022-03-01%2520%25E8%2587%25B3%25202022-03-31%25E3%2580%2591%2520%25E5%25B9%25B6%25E4%25B8%2594%2520%25E3%2580%2590%25E4%25BE%259B%25E5%25BA%2594%25E5%2595%2586%253D%25E4%25B8%258A%25E6%25B5%25B7%25E5%2590%2589%25E7%259B%259B%25E9%25A3%259F%25E5%2593%2581%25E6%259C%2589%25E9%2599%2590%25E5%2585%25AC%25E5%258F%25B8%25E3%2580%2591 HTTP/1.1" 200 54386
58.39.61.91 - - [31/Mar/2022:15:35:39 +0800] "GET /xingrg/dwr/interface/AjaxReportQueryService.js HTTP/1.1" 200 13203
58.39.61.91 - - [31/Mar/2022:15:35:39 +0800] "GET /xingrg/dwr/engine.js HTTP/1.1" 200 43631
222.69.132.164 - - [31/Mar/2022:15:35:41 +0800] "GET /xingrg/kc/base/wldb_order_add.html HTTP/1.1" 200 30280
58.39.61.91 - - [31/Mar/2022:15:35:41 +0800] "POST /xingrg/all/report/load_report_page.html HTTP/1.1" 200 8720
58.39.61.91 - - [31/Mar/2022:15:35:41 +0800] "GET /xingrg/servlets/image?cache=0.38918373667725314&image=px HTTP/1.1" 200 807
222.69.132.164 - - [31/Mar/2022:15:35:41 +0800] "POST /xingrg/kc/base/wldb_order_operate.html HTTP/1.1" 200 6806
222.69.132.164 - - [31/Mar/2022:15:35:41 +0800] "GET /xingrg/javascript/easyui/themes/default/validatebox.css HTTP/1.1" 404 1104
58.39.61.91 - - [31/Mar/2022:15:35:42 +0800] "POST /xingrg/all/report/load_report_page.html HTTP/1.1" 200 13071
58.39.61.91 - - [31/Mar/2022:15:35:43 +0800] "GET /xingrg/servlets/image?cache=0.33136386665874573&image=px HTTP/1.1" 200 807
58.39.61.91 - - [31/Mar/2022:15:35:43 +0800] "GET /xingrg/all/function/internal_message.html?_=1648712141719&CODE_STATE=getMsg HTTP/1.1" 200 27
222.69.132.164 - - [31/Mar/2022:15:35:43 +0800] "POST /xingrg/all/common/load_combo.html?type=base HTTP/1.1" 200 1403
58.39.61.91 - - [31/Mar/2022:15:35:45 +0800] "POST /xingrg/all/report/report_print.html HTTP/1.1" 302 -
58.39.61.91 - - [31/Mar/2022:15:35:45 +0800] "GET /xingrg/servlets/html?sysBaseUrl=http%3A%2F%2F180.169.147.146%3A18081%2Fxingrg%2F&costTime=183×tamp=1648712145227 HTTP/1.1" 200 14724
58.39.61.91 - - [31/Mar/2022:15:35:45 +0800] "GET /xingrg/servlets/image?image=px HTTP/1.1" 200 807
58.39.61.91 - - [31/Mar/2022:15:35:45 +0800] "GET /favicon.ico HTTP/1.1" 404 -
222.69.132.164 - - [31/Mar/2022:15:35:45 +0800] "POST /xingrg/all/common/load_combo.html?type=base HTTP/1.1" 200 1403
58.39.168.32 - - [31/Mar/2022:15:35:47 +0800] "GET /xingrg/all/function/internal_message.html?_=1648712145698&CODE_STATE=getMsg HTTP/1.1" 200 27
116.233.76.43 - - [31/Mar/2022:15:35:50 +0800] "GET /xingrg/all/function/internal_message.html?_=1648712148859&CODE_STATE=getMsg HTTP/1.1" 200 27
58.39.168.32 - - [31/Mar/2022:15:35:54 +0800] "GET /xingrg/all/function/internal_message.html?_=1648712089705&CODE_STATE=getMsg HTTP/1.1" 200 27
58.39.168.32 - - [31/Mar/2022:15:35:54 +0800] "GET /xingrg/check_reg.html?_=1648712089706 HTTP/1.1" 200 22
116.228.172.94 - - [31/Mar/2022:15:36:07 +0800] "GET /xingrg/all/function/internal_message.html?_=1648712072675&CODE_STATE=getMsg HTTP/1.1" 200 27
116.228.172.94 - - [31/Mar/2022:15:36:07 +0800] "GET /xingrg/check_reg.html?_=1648712072679 HTTP/1.1" 200 22
218.81.223.53 - - [31/Mar/2022:15:36:14 +0800] "GET /xingrg/all/function/internal_message.html?_=1648712191176&CODE_STATE=getMsg HTTP/1.1" 200 27
222.69.132.164 - - [31/Mar/2022:15:36:26 +0800] "GET /xingrg/all/function/internal_message.html?_=1648712294236&CODE_STATE=getMsg HTTP/1.1" 200 27
117.143.49.41 - - [31/Mar/2022:15:36:33 +0800] "GET /xingrg/check_reg.html?_=1648712192657 HTTP/1.1" 200 22
117.143.49.41 - - [31/Mar/2022:15:36:33 +0800] "GET /xingrg/all/function/internal_message.html?_=1648712192657&CODE_STATE=getMsg HTTP/1.1" 200 27
58.39.61.91 - - [31/Mar/2022:15:36:43 +0800] "GET /xingrg/all/function/internal_message.html?_=1648712201708&CODE_STATE=getMsg HTTP/1.1" 200 27
58.39.168.32 - - [31/Mar/2022:15:36:47 +0800] "GET /xingrg/all/function/internal_message.html?_=1648712205697&CODE_STATE=getMsg HTTP/1.1" 200 27
58.39.168.32 - - [31/Mar/2022:15:36:47 +0800] "GET /xingrg/check_reg.html?_=1648712205699 HTTP/1.1" 200 22
116.233.76.43 - - [31/Mar/2022:15:36:50 +0800] "GET /xingrg/all/function/internal_message.html?_=1648712208853&CODE_STATE=getMsg HTTP/1.1" 200 27
58.39.168.32 - - [31/Mar/2022:15:36:54 +0800] "GET /xingrg/all/function/internal_message.html?_=1648712149704&CODE_STATE=getMsg HTTP/1.1" 200 27
58.39.61.91 - - [31/Mar/2022:15:37:04 +0800] "POST /xingrg/all/user/operate.html HTTP/1.1" 200 36
58.39.61.91 - - [31/Mar/2022:15:37:05 +0800] "GET /xingrg/index.html?sysBaseUrl=http%3A%2F%2F180.169.147.146%3A18081%2Fxingrg%2F&costTime=52×tamp=1648707125496 HTTP/1.1" 200 17177
58.39.61.91 - - [31/Mar/2022:15:37:05 +0800] "GET /xingrg/javascript/jquery_easy_ui/themes/default/easyui.css HTTP/1.1" 304 -
58.39.61.91 - - [31/Mar/2022:15:37:05 +0800] "GET /xingrg/javascript/jquery_easy_ui/themes/icon.css HTTP/1.1" 304 -
58.39.61.91 - - [31/Mar/2022:15:37:05 +0800] "GET /xingrg/css/form.css HTTP/1.1" 304 -
58.39.61.91 - - [31/Mar/2022:15:37:05 +0800] "GET /xingrg/javascript/jquery-1.4.2.min.js HTTP/1.1" 304 -
58.39.61.91 - - [31/Mar/2022:15:37:05 +0800] "GET /xingrg/javascript/jquery_easy_ui/jquery.easyui.min.js HTTP/1.1" 304 -
58.39.61.91 - - [31/Mar/2022:15:37:05 +0800] "GET /xingrg/javascript/jquery_easy_ui/easyui-lang-zh_CN.js HTTP/1.1" 304 -
58.39.61.91 - - [31/Mar/2022:15:37:05 +0800] "GET /xingrg/javascript/jquery.form.js HTTP/1.1" 304 -
58.39.61.91 - - [31/Mar/2022:15:37:05 +0800] "GET /xingrg/javascript/jquery.utils.js HTTP/1.1" 304 -
58.39.61.91 - - [31/Mar/2022:15:37:05 +0800] "GET /xingrg/javascript/jquery.timers.js HTTP/1.1" 304 -
58.39.61.91 - - [31/Mar/2022:15:37:05 +0800] "GET /xingrg/images/blue/jxLogo.png HTTP/1.1" 304 -
58.39.61.91 - - [31/Mar/2022:15:37:05 +0800] "GET /xingrg/images/blue/navBackgound.jpg HTTP/1.1" 304 -
58.39.61.91 - - [31/Mar/2022:15:37:05 +0800] "GET /xingrg/javascript/jquery_easy_ui/themes/icons/settle_new.png HTTP/1.1" 304 -
58.39.61.91 - - [31/Mar/2022:15:37:05 +0800] "POST /xingrg/all/common/load_tree.html?tree=area_rest_tree_json&manage=1 HTTP/1.1" 200 476
58.39.61.91 - - [31/Mar/2022:15:37:05 +0800] "GET /xingrg/all/function/internal_message.html?_=1648712224071&CODE_STATE=count HTTP/1.1" 200 11
58.39.61.91 - - [31/Mar/2022:15:37:05 +0800] "GET /xingrg/check_reg.html?_=1648712224072 HTTP/1.1" 200 22
58.39.61.91 - - [31/Mar/2022:15:37:05 +0800] "GET /xingrg/javascript/jquery_easy_ui/themes/default/images/panel_tool_collapse.gif HTTP/1.1" 304 -
58.39.61.91 - - [31/Mar/2022:15:37:05 +0800] "GET /xingrg/javascript/jquery_easy_ui/themes/default/images/tabs_leftarrow.png HTTP/1.1" 304 -
58.39.61.91 - - [31/Mar/2022:15:37:05 +0800] "POST /xingrg/load_menu.html HTTP/1.1" 200 5138
58.39.61.91 - - [31/Mar/2022:15:37:05 +0800] "GET /xingrg/javascript/jquery_easy_ui/themes/default/images/tabs_rightarrow.png HTTP/1.1" 304 -
58.39.61.91 - - [31/Mar/2022:15:37:05 +0800] "GET /xingrg/images/blue/pingpu.png HTTP/1.1" 304 -
58.39.61.91 - - [31/Mar/2022:15:37:05 +0800] "GET /xingrg/javascript/jquery_easy_ui/themes/default/images/tree_folder_open.gif HTTP/1.1" 304 -
58.39.61.91 - - [31/Mar/2022:15:37:05 +0800] "GET /xingrg/javascript/jquery_easy_ui/themes/default/images/tree_arrows.gif HTTP/1.1" 304 -
58.39.61.91 - - [31/Mar/2022:15:37:05 +0800] "GET /xingrg/javascript/jquery_easy_ui/themes/icons/search_new.png HTTP/1.1" 304 -
58.39.61.91 - - [31/Mar/2022:15:37:05 +0800] "GET /xingrg/javascript/jquery_easy_ui/themes/default/images/tree_folder.gif HTTP/1.1" 304 -
58.39.61.91 - - [31/Mar/2022:15:37:05 +0800] "GET /xingrg/javascript/jquery_easy_ui/themes/default/images/tree_file.gif HTTP/1.1" 304 -
58.39.61.91 - - [31/Mar/2022:15:37:05 +0800] "GET /xingrg/javascript/jquery_easy_ui/themes/icons/storage_new.png HTTP/1.1" 304 -
58.39.61.91 - - [31/Mar/2022:15:37:05 +0800] "GET /xingrg/javascript/jquery_easy_ui/themes/icons/forms_new.png HTTP/1.1" 304 -
116.228.172.94 - - [31/Mar/2022:15:37:07 +0800] "GET /xingrg/all/function/internal_message.html?_=1648712132671&CODE_STATE=getMsg HTTP/1.1" 200 27
58.39.61.91 - - [31/Mar/2022:15:37:08 +0800] "GET /xingrg/kc/base/wldb_order_list.html HTTP/1.1" 200 19064
58.39.61.91 - - [31/Mar/2022:15:37:08 +0800] "POST /xingrg/kc/base/wldb_list_operate.html HTTP/1.1" 200 928
58.39.61.91 - - [31/Mar/2022:15:37:09 +0800] "GET /xingrg/kc/base/wldb_order_add.html HTTP/1.1" 200 30278
58.39.61.91 - - [31/Mar/2022:15:37:09 +0800] "GET /xingrg/words/20220331150227_words.js HTTP/1.1" 200 889873
58.39.61.91 - - [31/Mar/2022:15:37:10 +0800] "GET /xingrg/all/common/auto_word.html?type=base&rest_code=00151 HTTP/1.1" 200 1315
58.39.61.91 - - [31/Mar/2022:15:37:10 +0800] "GET /xingrg/all/common/auto_word.html?type=base&rest_code=00151 HTTP/1.1" 200 1315
58.39.61.91 - - [31/Mar/2022:15:37:10 +0800] "GET /xingrg/javascript/easyui/themes/default/validatebox.css HTTP/1.1" 404 1104
58.39.61.91 - - [31/Mar/2022:15:37:10 +0800] "POST /xingrg/kc/base/wldb_order_operate.html HTTP/1.1" 200 6806
218.81.223.53 - - [31/Mar/2022:15:37:14 +0800] "GET /xingrg/all/function/internal_message.html?_=1648712251190&CODE_STATE=getMsg HTTP/1.1" 200 27
58.39.61.91 - - [31/Mar/2022:15:37:17 +0800] "GET /xingrg/javascript/auto/indicator.gif HTTP/1.1" 404 1066
58.39.61.91 - - [31/Mar/2022:15:37:23 +0800] "GET /xingrg/kc/base/wldb_order_operate.html?command=get_materiel&rest_code=00151&base_code=0010610&code=00101019816 HTTP/1.1" 200 434
222.69.132.164 - - [31/Mar/2022:15:37:26 +0800] "GET /xingrg/all/function/internal_message.html?_=1648712354240&CODE_STATE=getMsg HTTP/1.1" 200 27
58.39.61.91 - - [31/Mar/2022:15:37:26 +0800] "POST /xingrg/all/common/load_select.html HTTP/1.1" 200 25
58.39.61.91 - - [31/Mar/2022:15:37:28 +0800] "GET /xingrg/kc/base/wldb_order_operate.html?command=get_materiel_price&rest_code=00151&base_code=0010610&code=00101019816&unit_code=00100074 HTTP/1.1" 200 36
117.143.49.41 - - [31/Mar/2022:15:37:33 +0800] "GET /xingrg/all/function/internal_message.html?_=1648712252675&CODE_STATE=getMsg HTTP/1.1" 200 27
58.39.61.91 - - [31/Mar/2022:15:37:46 +0800] "GET /xingrg/kc/base/wldb_order_operate.html?command=get_materiel&rest_code=00151&base_code=0010610&code=00101009066 HTTP/1.1" 200 435
58.39.168.32 - - [31/Mar/2022:15:37:47 +0800] "GET /xingrg/all/function/internal_message.html?_=1648712265699&CODE_STATE=getMsg HTTP/1.1" 200 27
116.233.76.43 - - [31/Mar/2022:15:37:50 +0800] "GET /xingrg/all/function/internal_message.html?_=1648712268847&CODE_STATE=getMsg HTTP/1.1" 200 27
58.39.168.32 - - [31/Mar/2022:15:37:54 +0800] "GET /xingrg/all/function/internal_message.html?_=1648712209718&CODE_STATE=getMsg HTTP/1.1" 200 27
58.39.61.91 - - [31/Mar/2022:15:38:05 +0800] "GET /xingrg/kc/base/wldb_order_operate.html?command=get_materiel&rest_code=00151&base_code=0010610&code=00101009118 HTTP/1.1" 200 410
58.39.61.91 - - [31/Mar/2022:15:38:05 +0800] "GET /xingrg/all/function/internal_message.html?_=1648712284080&CODE_STATE=getMsg HTTP/1.1" 200 27
116.228.172.94 - - [31/Mar/2022:15:38:07 +0800] "GET /xingrg/all/function/internal_message.html?_=1648712192666&CODE_STATE=getMsg HTTP/1.1" 200 27
218.81.223.53 - - [31/Mar/2022:15:38:14 +0800] "GET /xingrg/all/function/internal_message.html?_=1648712311247&CODE_STATE=getMsg HTTP/1.1" 200 27
58.39.61.91 - - [31/Mar/2022:15:38:25 +0800] "POST /xingrg/kc/base/wldb_order_operate.html HTTP/1.1" 200 37
222.69.132.164 - - [31/Mar/2022:15:38:26 +0800] "GET /xingrg/all/function/internal_message.html?_=1648712414221&CODE_STATE=getMsg HTTP/1.1" 200 27
58.39.61.91 - - [31/Mar/2022:15:38:27 +0800] "POST /xingrg/kc/base/wldb_order_operate.html HTTP/1.1" 200 12
58.39.61.91 - - [31/Mar/2022:15:38:27 +0800] "POST /xingrg/kc/base/wldb_order_operate.html HTTP/1.1" 200 2192
117.143.49.41 - - [31/Mar/2022:15:38:33 +0800] "GET /xingrg/all/function/internal_message.html?_=1648712312669&CODE_STATE=getMsg HTTP/1.1" 200 27
58.39.61.91 - - [31/Mar/2022:15:38:34 +0800] "GET /xingrg/kc/base/wldb_order_info.html?code=422022033101255 HTTP/1.1" 200 26163
58.39.61.91 - - [31/Mar/2022:15:38:34 +0800] "GET /xingrg/javascript/easyui/themes/default/validatebox.css HTTP/1.1" 404 1104
58.39.61.91 - - [31/Mar/2022:15:38:34 +0800] "POST /xingrg/kc/base/wldb_order_operate.html HTTP/1.1" 200 487
58.39.61.91 - - [31/Mar/2022:15:38:36 +0800] "GET /xingrg/kc/base/wldb_order_add.html HTTP/1.1" 200 30278
58.39.61.91 - - [31/Mar/2022:15:38:37 +0800] "POST /xingrg/kc/base/wldb_order_operate.html HTTP/1.1" 200 6806
58.39.61.91 - - [31/Mar/2022:15:38:37 +0800] "GET /xingrg/javascript/easyui/themes/default/validatebox.css HTTP/1.1" 404 1104
58.39.61.91 - - [31/Mar/2022:15:38:47 +0800] "GET /xingrg/kc/base/wldb_order_operate.html?command=get_materiel&rest_code=00151&base_code=0010610&code=00101016037 HTTP/1.1" 200 453
58.39.168.32 - - [31/Mar/2022:15:38:47 +0800] "GET /xingrg/all/function/internal_message.html?_=1648712325698&CODE_STATE=getMsg HTTP/1.1" 200 27
116.233.76.43 - - [31/Mar/2022:15:38:50 +0800] "GET /xingrg/all/function/internal_message.html?_=1648712328841&CODE_STATE=getMsg HTTP/1.1" 200 27
58.39.168.32 - - [31/Mar/2022:15:38:54 +0800] "GET /xingrg/all/function/internal_message.html?_=1648712269717&CODE_STATE=getMsg HTTP/1.1" 200 27
58.39.61.91 - - [31/Mar/2022:15:38:56 +0800] "GET /xingrg/kc/base/wldb_order_operate.html?command=get_materiel&rest_code=00151&base_code=0010610&code=00101008118 HTTP/1.1" 200 440
58.39.61.91 - - [31/Mar/2022:15:39:04 +0800] "GET /xingrg/kc/base/wldb_order_operate.html?command=get_materiel&rest_code=00151&base_code=0010610&code=00101010415 HTTP/1.1" 200 437
58.39.61.91 - - [31/Mar/2022:15:39:05 +0800] "GET /xingrg/all/function/internal_message.html?_=1648712344081&CODE_STATE=getMsg HTTP/1.1" 200 27
116.228.172.94 - - [31/Mar/2022:15:39:07 +0800] "GET /xingrg/all/function/internal_message.html?_=1648712252679&CODE_STATE=getMsg HTTP/1.1" 200 27
218.81.223.53 - - [31/Mar/2022:15:39:14 +0800] "GET /xingrg/all/function/internal_message.html?_=1648712371248&CODE_STATE=getMsg HTTP/1.1" 200 27
58.39.61.91 - - [31/Mar/2022:15:39:24 +0800] "GET /xingrg/kc/base/wldb_order_operate.html?command=get_materiel&rest_code=00151&base_code=0010610&code=00101010024 HTTP/1.1" 200 427
222.69.132.164 - - [31/Mar/2022:15:39:26 +0800] "GET /xingrg/all/function/internal_message.html?_=1648712474243&CODE_STATE=getMsg HTTP/1.1" 200 27
222.69.132.164 - - [31/Mar/2022:15:39:26 +0800] "GET /xingrg/check_reg.html?_=1648712474247 HTTP/1.1" 200 22
58.39.168.32 - - [31/Mar/2022:15:39:27 +0800] "POST /xingrg/services/DataTransmitService HTTP/1.1" 200 524
58.39.168.32 - - [31/Mar/2022:15:39:32 +0800] "POST /xingrg/services/DataTransmitService HTTP/1.1" 200 501
117.143.49.41 - - [31/Mar/2022:15:39:33 +0800] "GET /xingrg/all/function/internal_message.html?_=1648712372661&CODE_STATE=getMsg HTTP/1.1" 200 27
58.39.61.91 - - [31/Mar/2022:15:39:46 +0800] "GET /xingrg/kc/base/wldb_order_operate.html?command=get_materiel&rest_code=00151&base_code=0010610&code=00101037210 HTTP/1.1" 200 439
58.39.168.32 - - [31/Mar/2022:15:39:47 +0800] "GET /xingrg/all/function/internal_message.html?_=1648712385698&CODE_STATE=getMsg HTTP/1.1" 200 27
116.233.76.43 - - [31/Mar/2022:15:39:50 +0800] "GET /xingrg/all/function/internal_message.html?_=1648712388835&CODE_STATE=getMsg HTTP/1.1" 200 27
116.233.76.43 - - [31/Mar/2022:15:39:50 +0800] "GET /xingrg/check_reg.html?_=1648712388836 HTTP/1.1" 200 22
58.39.168.32 - - [31/Mar/2022:15:39:54 +0800] "GET /xingrg/all/function/internal_message.html?_=1648712329715&CODE_STATE=getMsg HTTP/1.1" 200 27
58.39.61.91 - - [31/Mar/2022:15:40:05 +0800] "GET /xingrg/all/function/internal_message.html?_=1648712404084&CODE_STATE=getMsg HTTP/1.1" 200 27
116.228.172.94 - - [31/Mar/2022:15:40:07 +0800] "GET /xingrg/all/function/internal_message.html?_=1648712312676&CODE_STATE=getMsg HTTP/1.1" 200 27
218.81.223.53 - - [31/Mar/2022:15:40:14 +0800] "GET /xingrg/check_reg.html?_=1648712430792 HTTP/1.1" 200 22
218.81.223.53 - - [31/Mar/2022:15:40:14 +0800] "GET /xingrg/all/function/internal_message.html?_=1648712431263&CODE_STATE=getMsg HTTP/1.1" 200 27
222.69.132.164 - - [31/Mar/2022:15:40:26 +0800] "GET /xingrg/all/function/internal_message.html?_=1648712534242&CODE_STATE=getMsg HTTP/1.1" 200 27
58.39.61.91 - - [31/Mar/2022:15:40:28 +0800] "GET /xingrg/kc/base/wldb_order_operate.html?command=get_materiel&rest_code=00151&base_code=0010610&code=00101010414 HTTP/1.1" 200 437
58.39.61.91 - - [31/Mar/2022:15:40:32 +0800] "POST /xingrg/all/common/load_select.html HTTP/1.1" 200 25
117.143.49.41 - - [31/Mar/2022:15:40:33 +0800] "GET /xingrg/all/function/internal_message.html?_=1648712432656&CODE_STATE=getMsg HTTP/1.1" 200 27
58.39.61.91 - - [31/Mar/2022:15:40:34 +0800] "GET /xingrg/kc/base/wldb_order_operate.html?command=get_materiel_price&rest_code=00151&base_code=0010610&code=00101010414&unit_code=00100111 HTTP/1.1" 200 36
58.39.61.91 - - [31/Mar/2022:15:40:40 +0800] "GET /xingrg/kc/base/wldb_order_operate.html?command=get_materiel&rest_code=00151&base_code=0010610&code=00101012039 HTTP/1.1" 200 429
58.39.168.32 - - [31/Mar/2022:15:40:47 +0800] "GET /xingrg/all/function/internal_message.html?_=1648712445699&CODE_STATE=getMsg HTTP/1.1" 200 27
116.233.76.43 - - [31/Mar/2022:15:40:50 +0800] "GET /xingrg/all/function/internal_message.html?_=1648712448838&CODE_STATE=getMsg HTTP/1.1" 200 27
58.39.168.32 - - [31/Mar/2022:15:40:54 +0800] "GET /xingrg/check_reg.html?_=1648712389715 HTTP/1.1" 200 22
58.39.168.32 - - [31/Mar/2022:15:40:54 +0800] "GET /xingrg/all/function/internal_message.html?_=1648712389716&CODE_STATE=getMsg HTTP/1.1" 200 27
58.39.61.91 - - [31/Mar/2022:15:41:05 +0800] "GET /xingrg/all/function/internal_message.html?_=1648712464087&CODE_STATE=getMsg HTTP/1.1" 200 27
116.228.172.94 - - [31/Mar/2022:15:41:07 +0800] "GET /xingrg/all/function/internal_message.html?_=1648712372663&CODE_STATE=getMsg HTTP/1.1" 200 27
116.228.172.94 - - [31/Mar/2022:15:41:07 +0800] "GET /xingrg/check_reg.html?_=1648712372666 HTTP/1.1" 200 22
218.81.223.53 - - [31/Mar/2022:15:41:14 +0800] "GET /xingrg/all/function/internal_message.html?_=1648712491276&CODE_STATE=getMsg HTTP/1.1" 200 27
114.83.219.95 - - [31/Mar/2022:15:41:25 +0800] "POST /xingrg/services/DataTransmitService HTTP/1.1" 401 565
114.83.219.95 - - [31/Mar/2022:15:41:25 +0800] "POST /xingrg/services/DataTransmitService HTTP/1.1" 200 478
114.83.219.95 - - [31/Mar/2022:15:41:25 +0800] "POST /xingrg/services/DataTransmitService HTTP/1.1" 200 1319
114.83.219.95 - - [31/Mar/2022:15:41:25 +0800] "POST /xingrg/services/DataTransmitService HTTP/1.1" 200 478
114.83.219.95 - - [31/Mar/2022:15:41:25 +0800] "POST /xingrg/services/DataTransmitService HTTP/1.1" 200 1319
114.83.219.95 - - [31/Mar/2022:15:41:25 +0800] "POST /xingrg/services/DataTransmitService HTTP/1.1" 200 524
114.83.219.95 - - [31/Mar/2022:15:41:26 +0800] "POST /xingrg/services/DataTransmitService HTTP/1.1" 200 2075
114.83.219.95 - - [31/Mar/2022:15:41:26 +0800] "POST /xingrg/services/DataTransmitService HTTP/1.1" 200 45454
114.83.219.95 - - [31/Mar/2022:15:41:26 +0800] "POST /xingrg/services/DataTransmitService HTTP/1.1" 200 19237
222.69.132.164 - - [31/Mar/2022:15:41:26 +0800] "GET /xingrg/all/function/internal_message.html?_=1648712594237&CODE_STATE=getMsg HTTP/1.1" 200 27
117.143.49.41 - - [31/Mar/2022:15:41:33 +0800] "GET /xingrg/all/function/internal_message.html?_=1648712492674&CODE_STATE=getMsg HTTP/1.1" 200 27
117.143.49.41 - - [31/Mar/2022:15:41:33 +0800] "GET /xingrg/check_reg.html?_=1648712492675 HTTP/1.1" 200 22
58.39.168.32 - - [31/Mar/2022:15:41:47 +0800] "GET /xingrg/check_reg.html?_=1648712505697 HTTP/1.1" 200 22
58.39.168.32 - - [31/Mar/2022:15:41:47 +0800] "GET /xingrg/all/function/internal_message.html?_=1648712505699&CODE_STATE=getMsg HTTP/1.1" 200 27
116.233.76.43 - - [31/Mar/2022:15:41:50 +0800] "GET /xingrg/all/function/internal_message.html?_=1648712508840&CODE_STATE=getMsg HTTP/1.1" 200 27
58.39.168.32 - - [31/Mar/2022:15:41:54 +0800] "GET /xingrg/all/function/internal_message.html?_=1648712449714&CODE_STATE=getMsg HTTP/1.1" 200 27
58.39.61.91 - - [31/Mar/2022:15:42:05 +0800] "GET /xingrg/check_reg.html?_=1648712524087 HTTP/1.1" 200 22
58.39.61.91 - - [31/Mar/2022:15:42:05 +0800] "GET /xingrg/all/function/internal_message.html?_=1648712524090&CODE_STATE=getMsg HTTP/1.1" 200 27
116.228.172.94 - - [31/Mar/2022:15:42:07 +0800] "GET /xingrg/all/function/internal_message.html?_=1648712432674&CODE_STATE=getMsg HTTP/1.1" 200 27
218.81.223.53 - - [31/Mar/2022:15:42:14 +0800] "GET /xingrg/all/function/internal_message.html?_=1648712551289&CODE_STATE=getMsg HTTP/1.1" 200 27
222.69.132.164 - - [31/Mar/2022:15:42:26 +0800] "GET /xingrg/all/function/internal_message.html?_=1648712654244&CODE_STATE=getMsg HTTP/1.1" 200 27
117.143.49.41 - - [31/Mar/2022:15:42:33 +0800] "GET /xingrg/all/function/internal_message.html?_=1648712552660&CODE_STATE=getMsg HTTP/1.1" 200 27
222.69.132.164 - - [31/Mar/2022:15:42:34 +0800] "GET /xingrg/kc/base/wldb_order_operate.html?command=get_materiel&rest_code=00154&base_code=0010724&code=00101020357 HTTP/1.1" 200 434
58.39.168.32 - - [31/Mar/2022:15:42:47 +0800] "GET /xingrg/all/function/internal_message.html?_=1648712565697&CODE_STATE=getMsg HTTP/1.1" 200 27
116.233.76.43 - - [31/Mar/2022:15:42:50 +0800] "GET /xingrg/all/function/internal_message.html?_=1648712568842&CODE_STATE=getMsg HTTP/1.1" 200 27
58.39.168.32 - - [31/Mar/2022:15:42:54 +0800] "GET /xingrg/all/function/internal_message.html?_=1648712509714&CODE_STATE=getMsg HTTP/1.1" 200 27
222.69.132.164 - - [31/Mar/2022:15:42:55 +0800] "GET /xingrg/kc/base/wldb_order_operate.html?command=get_materiel&rest_code=00154&base_code=0010724&code=00101020206 HTTP/1.1" 200 416
58.39.61.91 - - [31/Mar/2022:15:43:05 +0800] "GET /xingrg/all/function/internal_message.html?_=1648712584101&CODE_STATE=getMsg HTTP/1.1" 200 27
116.228.172.94 - - [31/Mar/2022:15:43:07 +0800] "GET /xingrg/all/function/internal_message.html?_=1648712492670&CODE_STATE=getMsg HTTP/1.1" 200 27
222.69.132.164 - - [31/Mar/2022:15:43:08 +0800] "GET /xingrg/kc/base/wldb_order_operate.html?command=get_materiel&rest_code=00154&base_code=0010724&code=00101020361 HTTP/1.1" 200 423
218.81.223.53 - - [31/Mar/2022:15:43:14 +0800] "GET /xingrg/all/function/internal_message.html?_=1648712611322&CODE_STATE=getMsg HTTP/1.1" 200 27
222.69.132.164 - - [31/Mar/2022:15:43:26 +0800] "GET /xingrg/all/function/internal_message.html?_=1648712714252&CODE_STATE=getMsg HTTP/1.1" 200 27
222.69.132.164 - - [31/Mar/2022:15:43:28 +0800] "GET /xingrg/kc/base/wldb_order_operate.html?command=get_materiel&rest_code=00154&base_code=0010724&code=00101020362 HTTP/1.1" 200 429
117.143.49.41 - - [31/Mar/2022:15:43:33 +0800] "GET /xingrg/all/function/internal_message.html?_=1648712612676&CODE_STATE=getMsg HTTP/1.1" 200 27
58.39.61.91 - - [31/Mar/2022:15:43:44 +0800] "GET /xingrg/kc/base/wldb_order_operate.html?command=get_materiel&rest_code=00151&base_code=0010610&code=00101020115 HTTP/1.1" 200 430
58.39.168.32 - - [31/Mar/2022:15:43:47 +0800] "GET /xingrg/all/function/internal_message.html?_=1648712625697&CODE_STATE=getMsg HTTP/1.1" 200 27
116.233.76.43 - - [31/Mar/2022:15:43:50 +0800] "GET /xingrg/all/function/internal_message.html?_=1648712628844&CODE_STATE=getMsg HTTP/1.1" 200 27
58.39.168.32 - - [31/Mar/2022:15:43:54 +0800] "GET /xingrg/all/function/internal_message.html?_=1648712569713&CODE_STATE=getMsg HTTP/1.1" 200 27
58.39.61.91 - - [31/Mar/2022:15:43:54 +0800] "GET /xingrg/kc/base/wldb_order_operate.html?command=get_materiel&rest_code=00151&base_code=0010610&code=00101008323 HTTP/1.1" 200 431
58.39.61.91 - - [31/Mar/2022:15:44:02 +0800] "GET /xingrg/kc/base/wldb_order_operate.html?command=get_materiel&rest_code=00151&base_code=0010610&code=00101006112 HTTP/1.1" 200 431
58.39.61.91 - - [31/Mar/2022:15:44:05 +0800] "GET /xingrg/all/function/internal_message.html?_=1648712644088&CODE_STATE=getMsg HTTP/1.1" 200 27
116.228.172.94 - - [31/Mar/2022:15:44:07 +0800] "GET /xingrg/all/function/internal_message.html?_=1648712552662&CODE_STATE=getMsg HTTP/1.1" 200 27
58.39.61.91 - - [31/Mar/2022:15:44:08 +0800] "GET /xingrg/kc/base/wldb_order_operate.html?command=get_materiel&rest_code=00151&base_code=0010610&code=00101011005 HTTP/1.1" 200 432
218.81.223.53 - - [31/Mar/2022:15:44:14 +0800] "GET /xingrg/all/function/internal_message.html?_=1648712671332&CODE_STATE=getMsg HTTP/1.1" 200 27
58.39.61.91 - - [31/Mar/2022:15:44:15 +0800] "POST /xingrg/kc/base/wldb_order_operate.html HTTP/1.1" 200 37
58.39.61.91 - - [31/Mar/2022:15:44:17 +0800] "POST /xingrg/kc/base/wldb_order_operate.html HTTP/1.1" 200 12
58.39.61.91 - - [31/Mar/2022:15:44:17 +0800] "POST /xingrg/kc/base/wldb_order_operate.html HTTP/1.1" 200 5539
58.39.61.91 - - [31/Mar/2022:15:44:22 +0800] "GET /xingrg/kc/base/wldb_order_info.html?code=422022033101256 HTTP/1.1" 200 26163
58.39.61.91 - - [31/Mar/2022:15:44:22 +0800] "GET /xingrg/words/20220331150227_words.js HTTP/1.1" 304 -
