116.233.76.43 - - [31/Mar/2022:12:11:49 +0800] "GET /xingrg/all/function/internal_message.html?_=1648699823242&CODE_STATE=getMsg HTTP/1.1" 302 -
114.88.156.203 - - [31/Mar/2022:12:11:51 +0800] "GET /xingrg/check_reg.html?_=1648699070969 HTTP/1.1" 200 22
114.88.156.203 - - [31/Mar/2022:12:11:51 +0800] "GET /xingrg/all/function/internal_message.html?_=1648699071023&CODE_STATE=getMsg HTTP/1.1" 200 27
218.81.223.53 - - [31/Mar/2022:12:11:52 +0800] "GET /xingrg/all/function/internal_message.html?_=1648699928219&CODE_STATE=getMsg HTTP/1.1" 200 27
218.81.223.53 - - [31/Mar/2022:12:12:07 +0800] "GET /xingrg/kc/base/wldb_order_operate.html?command=get_materiel&rest_code=00146&base_code=0010074&code=00101019187 HTTP/1.1" 200 464
116.228.172.94 - - [31/Mar/2022:12:12:07 +0800] "GET /xingrg/all/function/internal_message.html?_=1648699832674&CODE_STATE=getMsg HTTP/1.1" 200 27
218.81.223.53 - - [31/Mar/2022:12:12:11 +0800] "POST /xingrg/kc/base/wldb_order_operate.html HTTP/1.1" 200 1710
58.39.61.91 - - [31/Mar/2022:12:12:15 +0800] "GET /xingrg/all/function/internal_message.html?_=1648699934512&CODE_STATE=getMsg HTTP/1.1" 200 27
222.69.132.164 - - [31/Mar/2022:12:12:17 +0800] "GET /xingrg/all/function/internal_message.html?_=1648700044772&CODE_STATE=getMsg HTTP/1.1" 200 27
218.81.223.53 - - [31/Mar/2022:12:12:17 +0800] "GET /xingrg/kc/base/wldb_order_operate.html?command=get_materiel&rest_code=00146&base_code=0010074&code=00101019199 HTTP/1.1" 200 458
218.81.223.53 - - [31/Mar/2022:12:12:21 +0800] "GET /xingrg/check_reg.html?_=1648699957905 HTTP/1.1" 200 22
218.81.223.53 - - [31/Mar/2022:12:12:27 +0800] "GET /xingrg/kc/base/wldb_order_operate.html?command=get_materiel&rest_code=00146&base_code=0010074&code=00101019249 HTTP/1.1" 200 469
116.233.76.43 - - [31/Mar/2022:12:12:34 +0800] "GET /xingrg/all/function/internal_message.html?_=1648699953522&CODE_STATE=getMsg HTTP/1.1" 200 27
218.81.223.53 - - [31/Mar/2022:12:12:40 +0800] "GET /xingrg/kc/base/wldb_order_operate.html?command=get_materiel&rest_code=00146&base_code=0010074&code=00101019258 HTTP/1.1" 200 468
114.88.156.203 - - [31/Mar/2022:12:12:45 +0800] "POST /xingrg/services/DataTransmitService HTTP/1.1" 200 524
58.39.168.32 - - [31/Mar/2022:12:12:47 +0800] "GET /xingrg/all/function/internal_message.html?_=1648699965572&CODE_STATE=getMsg HTTP/1.1" 200 27
116.233.76.43 - - [31/Mar/2022:12:12:49 +0800] "GET /xingrg/all/function/internal_message.html?_=1648699883252&CODE_STATE=getMsg HTTP/1.1" 302 -
114.88.156.203 - - [31/Mar/2022:12:12:51 +0800] "GET /xingrg/all/function/internal_message.html?_=1648699131037&CODE_STATE=getMsg HTTP/1.1" 200 27
218.81.223.53 - - [31/Mar/2022:12:12:52 +0800] "GET /xingrg/all/function/internal_message.html?_=1648699988231&CODE_STATE=getMsg HTTP/1.1" 200 27
218.81.223.53 - - [31/Mar/2022:12:12:54 +0800] "GET /xingrg/kc/base/wldb_order_operate.html?command=get_materiel&rest_code=00146&base_code=0010074&code=00101019259 HTTP/1.1" 200 464
218.81.223.53 - - [31/Mar/2022:12:13:05 +0800] "GET /xingrg/kc/base/wldb_order_operate.html?command=get_materiel&rest_code=00146&base_code=0010074&code=00101019263 HTTP/1.1" 200 464
116.228.172.94 - - [31/Mar/2022:12:13:07 +0800] "GET /xingrg/all/function/internal_message.html?_=1648699892673&CODE_STATE=getMsg HTTP/1.1" 200 27
218.81.223.53 - - [31/Mar/2022:12:13:10 +0800] "POST /xingrg/kc/base/wldb_order_operate.html HTTP/1.1" 200 1710
58.39.61.91 - - [31/Mar/2022:12:13:15 +0800] "GET /xingrg/all/function/internal_message.html?_=1648699994514&CODE_STATE=getMsg HTTP/1.1" 200 27
222.69.132.164 - - [31/Mar/2022:12:13:17 +0800] "GET /xingrg/all/function/internal_message.html?_=1648700104755&CODE_STATE=getMsg HTTP/1.1" 200 27
218.81.223.53 - - [31/Mar/2022:12:13:20 +0800] "GET /xingrg/kc/base/wldb_order_operate.html?command=get_materiel&rest_code=00146&base_code=0010074&code=00101019271 HTTP/1.1" 200 459
218.81.223.53 - - [31/Mar/2022:12:13:30 +0800] "GET /xingrg/kc/base/wldb_order_operate.html?command=get_materiel&rest_code=00146&base_code=0010074&code=00101019313 HTTP/1.1" 200 442
116.233.76.43 - - [31/Mar/2022:12:13:34 +0800] "GET /xingrg/all/function/internal_message.html?_=1648700013523&CODE_STATE=getMsg HTTP/1.1" 200 27
218.81.223.53 - - [31/Mar/2022:12:13:43 +0800] "GET /xingrg/kc/base/wldb_order_operate.html?command=get_materiel&rest_code=00146&base_code=0010074&code=00101019368 HTTP/1.1" 200 466
58.39.168.32 - - [31/Mar/2022:12:13:47 +0800] "GET /xingrg/all/function/internal_message.html?_=1648700025572&CODE_STATE=getMsg HTTP/1.1" 200 27
116.233.76.43 - - [31/Mar/2022:12:13:48 +0800] "GET /xingrg/check_reg.html?_=1648699942142 HTTP/1.1" 302 -
116.233.76.43 - - [31/Mar/2022:12:13:49 +0800] "GET /xingrg/all/function/internal_message.html?_=1648699943266&CODE_STATE=getMsg HTTP/1.1" 302 -
218.81.223.53 - - [31/Mar/2022:12:13:52 +0800] "GET /xingrg/all/function/internal_message.html?_=1648700048245&CODE_STATE=getMsg HTTP/1.1" 200 27
218.81.223.53 - - [31/Mar/2022:12:14:05 +0800] "GET /xingrg/kc/base/wldb_order_operate.html?command=get_materiel&rest_code=00146&base_code=0010074&code=00101019371 HTTP/1.1" 200 475
116.228.172.94 - - [31/Mar/2022:12:14:07 +0800] "GET /xingrg/all/function/internal_message.html?_=1648699952666&CODE_STATE=getMsg HTTP/1.1" 200 27
58.39.61.91 - - [31/Mar/2022:12:14:15 +0800] "GET /xingrg/check_reg.html?_=1648700054517 HTTP/1.1" 200 22
58.39.61.91 - - [31/Mar/2022:12:14:15 +0800] "GET /xingrg/all/function/internal_message.html?_=1648700054521&CODE_STATE=getMsg HTTP/1.1" 200 27
222.69.132.164 - - [31/Mar/2022:12:14:17 +0800] "GET /xingrg/all/function/internal_message.html?_=1648700164740&CODE_STATE=getMsg HTTP/1.1" 200 27
218.81.223.53 - - [31/Mar/2022:12:14:18 +0800] "GET /xingrg/kc/base/wldb_order_operate.html?command=get_materiel&rest_code=00146&base_code=0010074&code=00101019375 HTTP/1.1" 200 464
218.81.223.53 - - [31/Mar/2022:12:14:21 +0800] "POST /xingrg/kc/base/wldb_order_operate.html HTTP/1.1" 200 1710
218.81.223.53 - - [31/Mar/2022:12:14:31 +0800] "GET /xingrg/kc/base/wldb_order_operate.html?command=get_materiel&rest_code=00146&base_code=0010074&code=00101019377 HTTP/1.1" 200 465
116.233.76.43 - - [31/Mar/2022:12:14:34 +0800] "GET /xingrg/all/function/internal_message.html?_=1648700073550&CODE_STATE=getMsg HTTP/1.1" 200 27
116.233.76.43 - - [31/Mar/2022:12:14:35 +0800] "GET /xingrg/check_reg.html?_=1648700073553 HTTP/1.1" 200 22
218.81.223.53 - - [31/Mar/2022:12:14:41 +0800] "GET /xingrg/kc/base/wldb_order_operate.html?command=get_materiel&rest_code=00146&base_code=0010074&code=00101019390 HTTP/1.1" 200 455
58.39.168.32 - - [31/Mar/2022:12:14:47 +0800] "GET /xingrg/all/function/internal_message.html?_=1648700085573&CODE_STATE=getMsg HTTP/1.1" 200 27
116.233.76.43 - - [31/Mar/2022:12:14:49 +0800] "GET /xingrg/all/function/internal_message.html?_=1648700003282&CODE_STATE=getMsg HTTP/1.1" 302 -
218.81.223.53 - - [31/Mar/2022:12:14:51 +0800] "GET /xingrg/kc/base/wldb_order_operate.html?command=get_materiel&rest_code=00146&base_code=0010074&code=00101019400 HTTP/1.1" 200 450
218.81.223.53 - - [31/Mar/2022:12:14:52 +0800] "GET /xingrg/all/function/internal_message.html?_=1648700108259&CODE_STATE=getMsg HTTP/1.1" 200 27
218.81.223.53 - - [31/Mar/2022:12:15:01 +0800] "GET /xingrg/kc/base/wldb_order_operate.html?command=get_materiel&rest_code=00146&base_code=0010074&code=00101019404 HTTP/1.1" 200 476
116.228.172.94 - - [31/Mar/2022:12:15:07 +0800] "GET /xingrg/all/function/internal_message.html?_=1648700012671&CODE_STATE=getMsg HTTP/1.1" 200 27
218.81.223.53 - - [31/Mar/2022:12:15:11 +0800] "GET /xingrg/kc/base/wldb_order_operate.html?command=get_materiel&rest_code=00146&base_code=0010074&code=00101019425 HTTP/1.1" 200 458
218.81.223.53 - - [31/Mar/2022:12:15:13 +0800] "POST /xingrg/kc/base/wldb_order_operate.html HTTP/1.1" 200 1710
58.39.61.91 - - [31/Mar/2022:12:15:15 +0800] "GET /xingrg/all/function/internal_message.html?_=1648700114521&CODE_STATE=getMsg HTTP/1.1" 200 27
222.69.132.164 - - [31/Mar/2022:12:15:17 +0800] "GET /xingrg/all/function/internal_message.html?_=1648700224725&CODE_STATE=getMsg HTTP/1.1" 200 27
218.81.223.53 - - [31/Mar/2022:12:15:19 +0800] "GET /xingrg/kc/base/wldb_order_operate.html?command=get_materiel&rest_code=00146&base_code=0010074&code=00101019438 HTTP/1.1" 200 444
222.69.132.164 - - [31/Mar/2022:12:15:19 +0800] "GET /xingrg/check_reg.html?_=1648700227299 HTTP/1.1" 200 22
116.233.76.43 - - [31/Mar/2022:12:15:34 +0800] "GET /xingrg/all/function/internal_message.html?_=1648700133552&CODE_STATE=getMsg HTTP/1.1" 200 27
218.81.223.53 - - [31/Mar/2022:12:15:37 +0800] "GET /xingrg/kc/base/wldb_order_operate.html?command=get_materiel&rest_code=00146&base_code=0010074&code=00101019449 HTTP/1.1" 200 447
58.39.168.32 - - [31/Mar/2022:12:15:47 +0800] "GET /xingrg/all/function/internal_message.html?_=1648700145574&CODE_STATE=getMsg HTTP/1.1" 200 27
116.233.76.43 - - [31/Mar/2022:12:15:49 +0800] "GET /xingrg/all/function/internal_message.html?_=1648700063293&CODE_STATE=getMsg HTTP/1.1" 302 -
218.81.223.53 - - [31/Mar/2022:12:15:52 +0800] "GET /xingrg/all/function/internal_message.html?_=1648700168273&CODE_STATE=getMsg HTTP/1.1" 200 27
218.81.223.53 - - [31/Mar/2022:12:15:56 +0800] "GET /xingrg/kc/base/wldb_order_operate.html?command=get_materiel&rest_code=00146&base_code=0010074&code=00101019549 HTTP/1.1" 200 431
116.228.172.94 - - [31/Mar/2022:12:16:07 +0800] "GET /xingrg/check_reg.html?_=1648700072670 HTTP/1.1" 200 22
116.228.172.94 - - [31/Mar/2022:12:16:07 +0800] "GET /xingrg/all/function/internal_message.html?_=1648700072673&CODE_STATE=getMsg HTTP/1.1" 200 27
218.81.223.53 - - [31/Mar/2022:12:16:08 +0800] "GET /xingrg/kc/base/wldb_order_operate.html?command=get_materiel&rest_code=00146&base_code=0010074&code=00101019553 HTTP/1.1" 200 451
58.39.61.91 - - [31/Mar/2022:12:16:15 +0800] "GET /xingrg/all/function/internal_message.html?_=1648700174519&CODE_STATE=getMsg HTTP/1.1" 200 27
222.69.132.164 - - [31/Mar/2022:12:16:17 +0800] "GET /xingrg/all/function/internal_message.html?_=1648700284712&CODE_STATE=getMsg HTTP/1.1" 200 27
218.81.223.53 - - [31/Mar/2022:12:16:22 +0800] "GET /xingrg/kc/base/wldb_order_operate.html?command=get_materiel&rest_code=00146&base_code=0010074&code=00101019559 HTTP/1.1" 200 464
218.81.223.53 - - [31/Mar/2022:12:16:27 +0800] "POST /xingrg/kc/base/wldb_order_operate.html HTTP/1.1" 200 1710
116.233.76.43 - - [31/Mar/2022:12:16:35 +0800] "GET /xingrg/all/function/internal_message.html?_=1648700193553&CODE_STATE=getMsg HTTP/1.1" 200 27
218.81.223.53 - - [31/Mar/2022:12:16:35 +0800] "GET /xingrg/kc/base/wldb_order_operate.html?command=get_materiel&rest_code=00146&base_code=0010074&code=00101019574 HTTP/1.1" 200 470
58.39.168.32 - - [31/Mar/2022:12:16:47 +0800] "GET /xingrg/check_reg.html?_=1648700205577 HTTP/1.1" 200 22
58.39.168.32 - - [31/Mar/2022:12:16:47 +0800] "GET /xingrg/all/function/internal_message.html?_=1648700205575&CODE_STATE=getMsg HTTP/1.1" 200 27
218.81.223.53 - - [31/Mar/2022:12:16:48 +0800] "GET /xingrg/kc/base/wldb_order_operate.html?command=get_materiel&rest_code=00146&base_code=0010074&code=00101019759 HTTP/1.1" 200 418
116.233.76.43 - - [31/Mar/2022:12:16:49 +0800] "GET /xingrg/all/function/internal_message.html?_=1648700123310&CODE_STATE=getMsg HTTP/1.1" 302 -
218.81.223.53 - - [31/Mar/2022:12:16:52 +0800] "GET /xingrg/all/function/internal_message.html?_=1648700228286&CODE_STATE=getMsg HTTP/1.1" 200 27
218.81.223.53 - - [31/Mar/2022:12:17:06 +0800] "GET /xingrg/kc/base/wldb_order_operate.html?command=get_materiel&rest_code=00146&base_code=0010074&code=00101019816 HTTP/1.1" 200 432
116.228.172.94 - - [31/Mar/2022:12:17:07 +0800] "GET /xingrg/all/function/internal_message.html?_=1648700132668&CODE_STATE=getMsg HTTP/1.1" 200 27
58.39.61.91 - - [31/Mar/2022:12:17:15 +0800] "GET /xingrg/all/function/internal_message.html?_=1648700234528&CODE_STATE=getMsg HTTP/1.1" 200 27
218.81.223.53 - - [31/Mar/2022:12:17:16 +0800] "GET /xingrg/kc/base/wldb_order_operate.html?command=get_materiel&rest_code=00146&base_code=0010074&code=00101020002 HTTP/1.1" 200 435
222.69.132.164 - - [31/Mar/2022:12:17:17 +0800] "GET /xingrg/all/function/internal_message.html?_=1648700344703&CODE_STATE=getMsg HTTP/1.1" 200 27
114.88.156.203 - - [31/Mar/2022:12:17:21 +0800] "GET /xingrg/kc/base/base_main.html HTTP/1.1" 302 -
114.88.156.203 - - [31/Mar/2022:12:17:21 +0800] "GET /xingrg/login.html HTTP/1.1" 200 7641
114.88.156.203 - - [31/Mar/2022:12:17:21 +0800] "GET /xingrg/login.html HTTP/1.1" 200 7641
114.88.156.203 - - [31/Mar/2022:12:17:21 +0800] "GET /favicon.ico HTTP/1.1" 404 -
218.81.223.53 - - [31/Mar/2022:12:17:21 +0800] "GET /xingrg/check_reg.html?_=1648700257910 HTTP/1.1" 200 22
114.88.156.203 - - [31/Mar/2022:12:17:22 +0800] "POST /xingrg/login.do HTTP/1.1" 302 -
114.88.156.203 - - [31/Mar/2022:12:17:22 +0800] "GET /xingrg/index.html?sysBaseUrl=http%3A%2F%2F180.169.147.146%3A18081%2Fxingrg%2F&costTime=40×tamp=1648700242554 HTTP/1.1" 200 17179
114.88.156.203 - - [31/Mar/2022:12:17:22 +0800] "POST /xingrg/all/common/load_tree.html?tree=area_rest_tree_json&manage=1 HTTP/1.1" 200 351
114.88.156.203 - - [31/Mar/2022:12:17:22 +0800] "GET /favicon.ico HTTP/1.1" 404 -
114.88.156.203 - - [31/Mar/2022:12:17:22 +0800] "POST /xingrg/load_menu.html HTTP/1.1" 200 5138
114.88.156.203 - - [31/Mar/2022:12:17:22 +0800] "GET /xingrg/all/function/internal_message.html?_=1648700004130&CODE_STATE=count HTTP/1.1" 200 11
114.88.156.203 - - [31/Mar/2022:12:17:22 +0800] "GET /xingrg/check_reg.html?_=1648700004130 HTTP/1.1" 200 22
114.88.156.203 - - [31/Mar/2022:12:17:24 +0800] "GET /xingrg/kc/base/base_main.html HTTP/1.1" 200 12142
114.88.156.203 - - [31/Mar/2022:12:17:26 +0800] "GET /xingrg/kc/base/wldb_order_list.html HTTP/1.1" 200 19066
218.81.223.53 - - [31/Mar/2022:12:17:26 +0800] "GET /xingrg/kc/base/wldb_order_operate.html?command=get_materiel&rest_code=00146&base_code=0010074&code=00101020012 HTTP/1.1" 200 432
114.88.156.203 - - [31/Mar/2022:12:17:26 +0800] "POST /xingrg/kc/base/wldb_list_operate.html HTTP/1.1" 200 928
114.88.156.203 - - [31/Mar/2022:12:17:28 +0800] "GET /xingrg/kc/base/wldb_order_add.html HTTP/1.1" 200 30280
114.88.156.203 - - [31/Mar/2022:12:17:28 +0800] "GET /xingrg/words/20220330143947_words.js HTTP/1.1" 200 889755
114.88.156.203 - - [31/Mar/2022:12:17:29 +0800] "POST /xingrg/kc/base/wldb_order_operate.html HTTP/1.1" 200 6806
114.88.156.203 - - [31/Mar/2022:12:17:29 +0800] "GET /xingrg/all/common/auto_word.html?type=base&rest_code=00141 HTTP/1.1" 200 1849
114.88.156.203 - - [31/Mar/2022:12:17:29 +0800] "GET /xingrg/all/common/auto_word.html?type=base&rest_code=00141 HTTP/1.1" 200 1849
114.88.156.203 - - [31/Mar/2022:12:17:29 +0800] "GET /xingrg/javascript/easyui/themes/default/validatebox.css HTTP/1.1" 404 1104
218.81.223.53 - - [31/Mar/2022:12:17:30 +0800] "POST /xingrg/kc/base/wldb_order_operate.html HTTP/1.1" 200 1710
114.88.156.203 - - [31/Mar/2022:12:17:33 +0800] "GET /xingrg/kc/base/base_main.html HTTP/1.1" 200 12142
114.88.156.203 - - [31/Mar/2022:12:17:34 +0800] "GET /xingrg/kc/base/check_order_list.html HTTP/1.1" 200 16185
114.88.156.203 - - [31/Mar/2022:12:17:34 +0800] "POST /xingrg/kc/base/check_list_operate.html HTTP/1.1" 200 1569
116.233.76.43 - - [31/Mar/2022:12:17:34 +0800] "GET /xingrg/all/function/internal_message.html?_=1648700253550&CODE_STATE=getMsg HTTP/1.1" 200 27
218.81.223.53 - - [31/Mar/2022:12:17:37 +0800] "GET /xingrg/kc/base/wldb_order_operate.html?command=get_materiel&rest_code=00146&base_code=0010074&code=00101020087 HTTP/1.1" 200 428
114.88.156.203 - - [31/Mar/2022:12:17:39 +0800] "GET /xingrg/kc/base/check_order_add.html HTTP/1.1" 200 26478
114.88.156.203 - - [31/Mar/2022:12:17:40 +0800] "GET /xingrg/dwr/interface/AjaxCheckService.js HTTP/1.1" 200 14003
114.88.156.203 - - [31/Mar/2022:12:17:40 +0800] "GET /xingrg/dwr/interface/AjaxComOrderService.js HTTP/1.1" 200 18264
114.88.156.203 - - [31/Mar/2022:12:17:40 +0800] "GET /xingrg/dwr/engine.js HTTP/1.1" 200 43631
114.88.156.203 - - [31/Mar/2022:12:17:40 +0800] "GET /xingrg/dwr/util.js HTTP/1.1" 304 -
58.39.168.32 - - [31/Mar/2022:12:17:47 +0800] "GET /xingrg/all/function/internal_message.html?_=1648700265577&CODE_STATE=getMsg HTTP/1.1" 200 27
116.233.76.43 - - [31/Mar/2022:12:17:49 +0800] "GET /xingrg/all/function/internal_message.html?_=1648700183321&CODE_STATE=getMsg HTTP/1.1" 302 -
218.81.223.53 - - [31/Mar/2022:12:17:52 +0800] "GET /xingrg/all/function/internal_message.html?_=1648700288299&CODE_STATE=getMsg HTTP/1.1" 200 27
114.88.156.203 - - [31/Mar/2022:12:17:52 +0800] "POST /xingrg/dwr/call/plaincall/AjaxCheckService.saveOrder.dwr HTTP/1.1" 200 78
114.88.156.203 - - [31/Mar/2022:12:17:53 +0800] "POST /xingrg/dwr/call/plaincall/AjaxCheckService.loadOrderItems.dwr HTTP/1.1" 200 367
218.81.223.53 - - [31/Mar/2022:12:17:54 +0800] "GET /xingrg/kc/base/wldb_order_operate.html?command=get_materiel&rest_code=00146&base_code=0010074&code=00101020104 HTTP/1.1" 200 430
114.88.156.203 - - [31/Mar/2022:12:18:00 +0800] "POST /xingrg/kc/report/common_data.html?type=materiel_category_tree HTTP/1.1" 200 3878
114.88.156.203 - - [31/Mar/2022:12:18:00 +0800] "GET /xingrg/javascript/jquery_easy_ui/themes/default/images/tree_checkbox_0.gif HTTP/1.1" 200 168
114.88.156.203 - - [31/Mar/2022:12:18:01 +0800] "GET /xingrg/javascript/jquery_easy_ui/themes/default/images/tree_checkbox_2.gif HTTP/1.1" 200 181
114.88.156.203 - - [31/Mar/2022:12:18:01 +0800] "GET /xingrg/javascript/jquery_easy_ui/themes/default/images/tree_checkbox_1.gif HTTP/1.1" 200 174
114.88.156.203 - - [31/Mar/2022:12:18:04 +0800] "POST /xingrg/dwr/call/plaincall/AjaxCheckService.importOrderItems.dwr HTTP/1.1" 200 78
114.88.156.203 - - [31/Mar/2022:12:18:04 +0800] "POST /xingrg/dwr/call/plaincall/AjaxCheckService.loadOrderItems.dwr HTTP/1.1" 200 51866
218.81.223.53 - - [31/Mar/2022:12:18:04 +0800] "GET /xingrg/kc/base/wldb_order_operate.html?command=get_materiel&rest_code=00146&base_code=0010074&code=00101020113 HTTP/1.1" 200 428
114.88.156.203 - - [31/Mar/2022:12:18:06 +0800] "GET /xingrg/kc/print/load_config.html?_=1648700047745&kc_code=check HTTP/1.1" 200 2411
114.88.156.203 - - [31/Mar/2022:12:18:06 +0800] "GET /xingrg/kc/print/load_data.html?_=1648700047807&order_code=452022033100293&kc_code=check&condition= HTTP/1.1" 200 13599
116.228.172.94 - - [31/Mar/2022:12:18:07 +0800] "GET /xingrg/all/function/internal_message.html?_=1648700192679&CODE_STATE=getMsg HTTP/1.1" 200 27
58.39.61.91 - - [31/Mar/2022:12:18:15 +0800] "GET /xingrg/all/function/internal_message.html?_=1648700294529&CODE_STATE=getMsg HTTP/1.1" 200 27
222.69.132.164 - - [31/Mar/2022:12:18:17 +0800] "GET /xingrg/all/function/internal_message.html?_=1648700404697&CODE_STATE=getMsg HTTP/1.1" 200 27
114.88.156.203 - - [31/Mar/2022:12:18:22 +0800] "GET /xingrg/all/function/internal_message.html?_=1648700064136&CODE_STATE=getMsg HTTP/1.1" 200 27
218.81.223.53 - - [31/Mar/2022:12:18:22 +0800] "GET /xingrg/kc/base/wldb_order_operate.html?command=get_materiel&rest_code=00146&base_code=0010074&code=00101020120 HTTP/1.1" 200 458
114.88.156.203 - - [31/Mar/2022:12:18:30 +0800] "GET /xingrg/kc/base/check_order_add.html HTTP/1.1" 200 26478
114.88.156.203 - - [31/Mar/2022:12:18:30 +0800] "GET /xingrg/dwr/interface/AjaxCheckService.js HTTP/1.1" 200 14003
114.88.156.203 - - [31/Mar/2022:12:18:30 +0800] "GET /xingrg/dwr/interface/AjaxComOrderService.js HTTP/1.1" 200 18264
114.88.156.203 - - [31/Mar/2022:12:18:30 +0800] "GET /xingrg/dwr/engine.js HTTP/1.1" 200 43631
116.233.76.43 - - [31/Mar/2022:12:18:34 +0800] "GET /xingrg/all/function/internal_message.html?_=1648700313550&CODE_STATE=getMsg HTTP/1.1" 200 27
218.81.223.53 - - [31/Mar/2022:12:18:35 +0800] "GET /xingrg/kc/base/wldb_order_operate.html?command=get_materiel&rest_code=00146&base_code=0010074&code=00101020291 HTTP/1.1" 200 443
218.81.223.53 - - [31/Mar/2022:12:18:39 +0800] "POST /xingrg/kc/base/wldb_order_operate.html HTTP/1.1" 200 1710
58.39.61.91 - - [31/Mar/2022:12:18:42 +0800] "GET /xingrg/kc/buy/cgsh_order_list.html HTTP/1.1" 200 49896
58.39.61.91 - - [31/Mar/2022:12:18:43 +0800] "POST /xingrg/kc/buy/cgsh_list_operate.html HTTP/1.1" 200 876
58.39.61.91 - - [31/Mar/2022:12:18:44 +0800] "GET /xingrg/kc/buy/cgsh_order_add.html HTTP/1.1" 200 65583
58.39.61.91 - - [31/Mar/2022:12:18:44 +0800] "GET /xingrg/words/20220330143947_words.js HTTP/1.1" 304 -
58.39.61.91 - - [31/Mar/2022:12:18:44 +0800] "POST /xingrg/kc/buy/cgsh_order_operate.html HTTP/1.1" 200 8245
58.39.61.91 - - [31/Mar/2022:12:18:44 +0800] "GET /xingrg/javascript/easyui/themes/default/validatebox.css HTTP/1.1" 404 1104
58.39.168.32 - - [31/Mar/2022:12:18:47 +0800] "GET /xingrg/all/function/internal_message.html?_=1648700325576&CODE_STATE=getMsg HTTP/1.1" 200 27
116.233.76.43 - - [31/Mar/2022:12:18:48 +0800] "GET /xingrg/check_reg.html?_=1648700242149 HTTP/1.1" 302 -
114.88.156.203 - - [31/Mar/2022:12:18:48 +0800] "POST /xingrg/dwr/call/plaincall/AjaxCheckService.saveOrder.dwr HTTP/1.1" 200 78
116.233.76.43 - - [31/Mar/2022:12:18:49 +0800] "GET /xingrg/all/function/internal_message.html?_=1648700243333&CODE_STATE=getMsg HTTP/1.1" 302 -
114.88.156.203 - - [31/Mar/2022:12:18:50 +0800] "POST /xingrg/dwr/call/plaincall/AjaxCheckService.loadOrderItems.dwr HTTP/1.1" 200 367
218.81.223.53 - - [31/Mar/2022:12:18:52 +0800] "GET /xingrg/all/function/internal_message.html?_=1648700348313&CODE_STATE=getMsg HTTP/1.1" 200 27
218.81.223.53 - - [31/Mar/2022:12:18:55 +0800] "GET /xingrg/kc/base/wldb_order_operate.html?command=get_materiel&rest_code=00146&base_code=0010074&code=00101020331 HTTP/1.1" 200 424
114.88.156.203 - - [31/Mar/2022:12:19:00 +0800] "POST /xingrg/kc/report/common_data.html?type=materiel_category_tree HTTP/1.1" 200 3878
58.39.61.91 - - [31/Mar/2022:12:19:00 +0800] "GET /xingrg/javascript/jquery_tools/images/prev.gif HTTP/1.1" 404 1086
58.39.61.91 - - [31/Mar/2022:12:19:00 +0800] "GET /xingrg/javascript/jquery_tools/images/next.gif HTTP/1.1" 404 1086
114.88.156.203 - - [31/Mar/2022:12:19:04 +0800] "POST /xingrg/dwr/call/plaincall/AjaxCheckService.importOrderItems.dwr HTTP/1.1" 200 78
114.88.156.203 - - [31/Mar/2022:12:19:05 +0800] "POST /xingrg/dwr/call/plaincall/AjaxCheckService.loadOrderItems.dwr HTTP/1.1" 200 38244
116.228.172.94 - - [31/Mar/2022:12:19:07 +0800] "GET /xingrg/all/function/internal_message.html?_=1648700252681&CODE_STATE=getMsg HTTP/1.1" 200 27
58.39.61.91 - - [31/Mar/2022:12:19:08 +0800] "GET /xingrg/kc/buy/cgsh_order_operate.html?command=get_materiel&rest_code=00150&code=00101008261&supplier_code=00100007&order_time=2022-03-30 HTTP/1.1" 200 408
218.81.223.53 - - [31/Mar/2022:12:19:14 +0800] "GET /xingrg/kc/base/wldb_order_operate.html?command=get_materiel&rest_code=00146&base_code=0010074&code=00101027001 HTTP/1.1" 200 470
58.39.61.91 - - [31/Mar/2022:12:19:15 +0800] "GET /xingrg/check_reg.html?_=1648700354525 HTTP/1.1" 200 22
58.39.61.91 - - [31/Mar/2022:12:19:15 +0800] "GET /xingrg/all/function/internal_message.html?_=1648700354526&CODE_STATE=getMsg HTTP/1.1" 200 27
222.69.132.164 - - [31/Mar/2022:12:19:17 +0800] "GET /xingrg/all/function/internal_message.html?_=1648700464679&CODE_STATE=getMsg HTTP/1.1" 200 27
114.88.156.203 - - [31/Mar/2022:12:19:22 +0800] "GET /xingrg/all/function/internal_message.html?_=1648700124161&CODE_STATE=getMsg HTTP/1.1" 200 27
58.39.61.91 - - [31/Mar/2022:12:19:23 +0800] "GET /xingrg/kc/buy/cgsh_order_operate.html?command=get_materiel&rest_code=00150&code=00101008350&supplier_code=00100007&order_time=2022-03-30 HTTP/1.1" 200 409
58.39.61.91 - - [31/Mar/2022:12:19:31 +0800] "GET /xingrg/kc/buy/cgsh_order_operate.html?command=get_materiel&rest_code=00150&code=00101008141&supplier_code=00100007&order_time=2022-03-30 HTTP/1.1" 200 412
116.233.76.43 - - [31/Mar/2022:12:19:34 +0800] "GET /xingrg/all/function/internal_message.html?_=1648700373549&CODE_STATE=getMsg HTTP/1.1" 200 27
116.233.76.43 - - [31/Mar/2022:12:19:34 +0800] "GET /xingrg/check_reg.html?_=1648700373550 HTTP/1.1" 200 22
218.81.223.53 - - [31/Mar/2022:12:19:46 +0800] "POST /xingrg/kc/base/wldb_order_operate.html HTTP/1.1" 200 37
58.39.168.32 - - [31/Mar/2022:12:19:47 +0800] "GET /xingrg/all/function/internal_message.html?_=1648700385576&CODE_STATE=getMsg HTTP/1.1" 200 27
218.81.223.53 - - [31/Mar/2022:12:19:48 +0800] "POST /xingrg/kc/base/wldb_order_operate.html HTTP/1.1" 200 12
218.81.223.53 - - [31/Mar/2022:12:19:48 +0800] "POST /xingrg/kc/base/wldb_order_operate.html HTTP/1.1" 200 55734
116.233.76.43 - - [31/Mar/2022:12:19:49 +0800] "GET /xingrg/all/function/internal_message.html?_=1648700303350&CODE_STATE=getMsg HTTP/1.1" 302 -
218.81.223.53 - - [31/Mar/2022:12:19:51 +0800] "GET /xingrg/kc/base/wldb_order_info.html?code=422022033101234 HTTP/1.1" 200 26159
218.81.223.53 - - [31/Mar/2022:12:19:51 +0800] "GET /xingrg/javascript/easyui/themes/default/validatebox.css HTTP/1.1" 404 1104
218.81.223.53 - - [31/Mar/2022:12:19:51 +0800] "POST /xingrg/kc/base/wldb_order_operate.html HTTP/1.1" 200 52899
218.81.223.53 - - [31/Mar/2022:12:19:52 +0800] "GET /xingrg/all/function/internal_message.html?_=1648700408420&CODE_STATE=getMsg HTTP/1.1" 200 27
116.228.172.94 - - [31/Mar/2022:12:20:07 +0800] "GET /xingrg/all/function/internal_message.html?_=1648700312677&CODE_STATE=getMsg HTTP/1.1" 200 27
180.157.251.97 - - [31/Mar/2022:12:20:14 +0800] "POST /xingrg/services/DataTransmitService HTTP/1.1" 200 524
222.69.132.164 - - [31/Mar/2022:12:20:17 +0800] "GET /xingrg/all/function/internal_message.html?_=1648700524654&CODE_STATE=getMsg HTTP/1.1" 200 27
222.69.132.164 - - [31/Mar/2022:12:20:19 +0800] "GET /xingrg/check_reg.html?_=1648700527304 HTTP/1.1" 200 22
114.88.156.203 - - [31/Mar/2022:12:20:22 +0800] "GET /xingrg/all/function/internal_message.html?_=1648700184138&CODE_STATE=getMsg HTTP/1.1" 200 27
114.88.156.203 - - [31/Mar/2022:12:20:33 +0800] "GET /xingrg/kc/print/load_config.html?_=1648700194629&kc_code=check HTTP/1.1" 200 2411
114.88.156.203 - - [31/Mar/2022:12:20:33 +0800] "GET /xingrg/kc/print/load_data.html?_=1648700194697&order_code=452022033100294&kc_code=check&condition= HTTP/1.1" 200 10041
116.233.76.43 - - [31/Mar/2022:12:20:34 +0800] "GET /xingrg/all/function/internal_message.html?_=1648700433548&CODE_STATE=getMsg HTTP/1.1" 200 27
218.81.223.53 - - [31/Mar/2022:12:20:37 +0800] "GET /xingrg/kc/base/wldb_order_add.html HTTP/1.1" 200 30280
114.88.156.203 - - [31/Mar/2022:12:20:38 +0800] "GET /xingrg/index.html?sysBaseUrl=http%3A%2F%2F180.169.147.146%3A18081%2Fxingrg%2F&costTime=32×tamp=1585222318302 HTTP/1.1" 200 17509
218.81.223.53 - - [31/Mar/2022:12:20:38 +0800] "POST /xingrg/kc/base/wldb_order_operate.html HTTP/1.1" 200 6806
114.88.156.203 - - [31/Mar/2022:12:20:38 +0800] "GET /xingrg/javascript/jquery_easy_ui/themes/default/easyui.css HTTP/1.1" 304 -
114.88.156.203 - - [31/Mar/2022:12:20:38 +0800] "GET /xingrg/css/form.css HTTP/1.1" 304 -
114.88.156.203 - - [31/Mar/2022:12:20:38 +0800] "GET /xingrg/javascript/jquery_easy_ui/themes/icon.css HTTP/1.1" 304 -
114.88.156.203 - - [31/Mar/2022:12:20:38 +0800] "GET /xingrg/javascript/jquery_easy_ui/jquery.easyui.min.js HTTP/1.1" 304 -
114.88.156.203 - - [31/Mar/2022:12:20:38 +0800] "GET /xingrg/javascript/jquery-1.4.2.min.js HTTP/1.1" 304 -
114.88.156.203 - - [31/Mar/2022:12:20:38 +0800] "GET /xingrg/javascript/jquery.utils.js HTTP/1.1" 304 -
114.88.156.203 - - [31/Mar/2022:12:20:38 +0800] "GET /xingrg/javascript/jquery.timers.js HTTP/1.1" 304 -
114.88.156.203 - - [31/Mar/2022:12:20:38 +0800] "GET /xingrg/javascript/jquery.form.js HTTP/1.1" 304 -
218.81.223.53 - - [31/Mar/2022:12:20:38 +0800] "GET /xingrg/javascript/easyui/themes/default/validatebox.css HTTP/1.1" 404 1104
114.88.156.203 - - [31/Mar/2022:12:20:38 +0800] "GET /xingrg/javascript/jquery_easy_ui/easyui-lang-zh_CN.js HTTP/1.1" 304 -
114.88.156.203 - - [31/Mar/2022:12:20:38 +0800] "GET /xingrg/images/blue/jxLogo.png HTTP/1.1" 304 -
114.88.156.203 - - [31/Mar/2022:12:20:38 +0800] "GET /xingrg/javascript/jquery_easy_ui/themes/icons/settle_new.png HTTP/1.1" 304 -
114.88.156.203 - - [31/Mar/2022:12:20:38 +0800] "GET /xingrg/images/blue/navBackgound.jpg HTTP/1.1" 304 -
114.88.156.203 - - [31/Mar/2022:12:20:38 +0800] "POST /xingrg/all/common/load_tree.html?tree=area_rest_tree_json&manage=1 HTTP/1.1" 200 3472
114.88.156.203 - - [31/Mar/2022:12:20:38 +0800] "GET /xingrg/images/blue/pingpu.png HTTP/1.1" 304 -
114.88.156.203 - - [31/Mar/2022:12:20:38 +0800] "GET /xingrg/javascript/jquery_easy_ui/themes/default/images/tabs_leftarrow.png HTTP/1.1" 304 -
114.88.156.203 - - [31/Mar/2022:12:20:38 +0800] "GET /xingrg/javascript/jquery_easy_ui/themes/default/images/tabs_rightarrow.png HTTP/1.1" 304 -
114.88.156.203 - - [31/Mar/2022:12:20:38 +0800] "GET /xingrg/javascript/jquery_easy_ui/themes/default/images/panel_tool_expand.gif HTTP/1.1" 304 -
114.88.156.203 - - [31/Mar/2022:12:20:38 +0800] "GET /xingrg/javascript/jquery_easy_ui/themes/default/images/panel_tool_collapse.gif HTTP/1.1" 304 -
114.88.156.203 - - [31/Mar/2022:12:20:39 +0800] "GET /xingrg/check_reg.html?_=1648699598896 HTTP/1.1" 200 22
114.88.156.203 - - [31/Mar/2022:12:20:39 +0800] "GET /xingrg/all/function/internal_message.html?_=1648699598887&CODE_STATE=count HTTP/1.1" 200 11
114.88.156.203 - - [31/Mar/2022:12:20:39 +0800] "GET /favicon.ico HTTP/1.1" 404 -
114.88.156.203 - - [31/Mar/2022:12:20:39 +0800] "POST /xingrg/load_menu.html HTTP/1.1" 200 9959
114.88.156.203 - - [31/Mar/2022:12:20:39 +0800] "GET /xingrg/javascript/jquery_easy_ui/themes/default/images/tree_arrows.gif HTTP/1.1" 304 -
114.88.156.203 - - [31/Mar/2022:12:20:39 +0800] "GET /xingrg/javascript/jquery_easy_ui/themes/default/images/tree_folder_open.gif HTTP/1.1" 304 -
114.88.156.203 - - [31/Mar/2022:12:20:39 +0800] "GET /xingrg/javascript/jquery_easy_ui/themes/icons/search_new.png HTTP/1.1" 304 -
114.88.156.203 - - [31/Mar/2022:12:20:39 +0800] "GET /xingrg/javascript/jquery_easy_ui/themes/icons/storage_new.png HTTP/1.1" 304 -
114.88.156.203 - - [31/Mar/2022:12:20:39 +0800] "GET /xingrg/javascript/jquery_easy_ui/themes/icons/checkout_new.png HTTP/1.1" 304 -
114.88.156.203 - - [31/Mar/2022:12:20:39 +0800] "GET /xingrg/javascript/jquery_easy_ui/themes/default/images/tree_folder.gif HTTP/1.1" 304 -
114.88.156.203 - - [31/Mar/2022:12:20:39 +0800] "GET /xingrg/javascript/jquery_easy_ui/themes/icons/forms_new.png HTTP/1.1" 304 -
114.88.156.203 - - [31/Mar/2022:12:20:39 +0800] "GET /xingrg/javascript/jquery_easy_ui/themes/icons/setting_new.png HTTP/1.1" 304 -
114.88.156.203 - - [31/Mar/2022:12:20:39 +0800] "GET /xingrg/javascript/jquery_easy_ui/themes/icons/systemset_new.png HTTP/1.1" 304 -
114.88.156.203 - - [31/Mar/2022:12:20:42 +0800] "GET /xingrg/kc/base/check_order_add.html HTTP/1.1" 200 26478
114.88.156.203 - - [31/Mar/2022:12:20:42 +0800] "GET /xingrg/dwr/interface/AjaxCheckService.js HTTP/1.1" 200 14003
114.88.156.203 - - [31/Mar/2022:12:20:42 +0800] "GET /xingrg/dwr/interface/AjaxComOrderService.js HTTP/1.1" 200 18264
114.88.156.203 - - [31/Mar/2022:12:20:42 +0800] "GET /xingrg/dwr/engine.js HTTP/1.1" 200 43631
114.88.156.203 - - [31/Mar/2022:12:20:42 +0800] "GET /xingrg/javascript/jquery_easy_ui/themes/default/images/tree_file.gif HTTP/1.1" 304 -
114.88.156.203 - - [31/Mar/2022:12:20:45 +0800] "GET /xingrg/javascript/jquery_easy_ui/themes/default/images/tabs_close.gif HTTP/1.1" 304 -
114.88.156.203 - - [31/Mar/2022:12:20:45 +0800] "GET /xingrg/kc/base/wldb_order_list.html HTTP/1.1" 200 19321
114.88.156.203 - - [31/Mar/2022:12:20:45 +0800] "GET /xingrg/css/base.css HTTP/1.1" 304 -
114.88.156.203 - - [31/Mar/2022:12:20:45 +0800] "GET /xingrg/css/site.css HTTP/1.1" 304 -
114.88.156.203 - - [31/Mar/2022:12:20:45 +0800] "GET /xingrg/javascript/jquery_tools/datebox.css HTTP/1.1" 304 -
114.88.156.203 - - [31/Mar/2022:12:20:45 +0800] "GET /xingrg/javascript/easyui/themes/default/easyui.css HTTP/1.1" 304 -
114.88.156.203 - - [31/Mar/2022:12:20:45 +0800] "GET /xingrg/javascript/jquery_tools/fix.css HTTP/1.1" 304 -
114.88.156.203 - - [31/Mar/2022:12:20:45 +0800] "GET /xingrg/javascript/jquery_tools/jquery.tools.min.js HTTP/1.1" 304 -
114.88.156.203 - - [31/Mar/2022:12:20:45 +0800] "GET /xingrg/javascript/jquery_tools/table.css HTTP/1.1" 304 -
114.88.156.203 - - [31/Mar/2022:12:20:45 +0800] "GET /xingrg/javascript/auto/jquery.autocomplete.css HTTP/1.1" 304 -
114.88.156.203 - - [31/Mar/2022:12:20:45 +0800] "GET /xingrg/javascript/easyui/themes/icon.css HTTP/1.1" 304 -
114.88.156.203 - - [31/Mar/2022:12:20:45 +0800] "GET /xingrg/javascript/jquery_tools/jquery.tools.table.js HTTP/1.1" 304 -
114.88.156.203 - - [31/Mar/2022:12:20:45 +0800] "GET /xingrg/javascript/jquery_tools/list_manager.js HTTP/1.1" 304 -
114.88.156.203 - - [31/Mar/2022:12:20:45 +0800] "GET /xingrg/javascript/auto/jquery.autocomplete.js HTTP/1.1" 304 -
114.88.156.203 - - [31/Mar/2022:12:20:45 +0800] "GET /xingrg/javascript/easyui/easyloader.js HTTP/1.1" 304 -
114.88.156.203 - - [31/Mar/2022:12:20:45 +0800] "GET /xingrg/javascript/jquery_tools/jquery.tools.extend.js HTTP/1.1" 304 -
114.88.156.203 - - [31/Mar/2022:12:20:45 +0800] "GET /xingrg/javascript/jquery.cookie.js HTTP/1.1" 304 -
114.88.156.203 - - [31/Mar/2022:12:20:45 +0800] "GET /xingrg/javascript/print/LodopFuncs.js HTTP/1.1" 304 -
114.88.156.203 - - [31/Mar/2022:12:20:45 +0800] "GET /xingrg/javascript/jquery_tools/jquery.tools.hotkey.js HTTP/1.1" 304 -
114.88.156.203 - - [31/Mar/2022:12:20:46 +0800] "GET /xingrg/javascript/easyui/themes/icons/edit_add_new.png HTTP/1.1" 304 -
114.88.156.203 - - [31/Mar/2022:12:20:46 +0800] "GET /xingrg/javascript/easyui/themes/icons/cance_new.png HTTP/1.1" 304 -
114.88.156.203 - - [31/Mar/2022:12:20:46 +0800] "GET /xingrg/javascript/easyui/themes/icons/check_new.png HTTP/1.1" 304 -
114.88.156.203 - - [31/Mar/2022:12:20:46 +0800] "GET /xingrg/javascript/easyui/themes/icons/field_new.png HTTP/1.1" 304 -
114.88.156.203 - - [31/Mar/2022:12:20:46 +0800] "GET /xingrg/javascript/easyui/themes/icons/uncheck_new.png HTTP/1.1" 304 -
114.88.156.203 - - [31/Mar/2022:12:20:46 +0800] "GET /xingrg/javascript/easyui/themes/icons/import_new.png HTTP/1.1" 304 -
114.88.156.203 - - [31/Mar/2022:12:20:46 +0800] "GET /xingrg/javascript/easyui/plugins/jquery.parser.js HTTP/1.1" 304 -
114.88.156.203 - - [31/Mar/2022:12:20:46 +0800] "GET /xingrg/images/control/ajaxLoader.gif HTTP/1.1" 304 -
114.88.156.203 - - [31/Mar/2022:12:20:46 +0800] "POST /xingrg/kc/base/wldb_list_operate.html HTTP/1.1" 200 928
58.39.168.32 - - [31/Mar/2022:12:20:47 +0800] "GET /xingrg/all/function/internal_message.html?_=1648700445576&CODE_STATE=getMsg HTTP/1.1" 200 27
114.88.156.203 - - [31/Mar/2022:12:20:49 +0800] "POST /xingrg/dwr/call/plaincall/AjaxCheckService.saveOrder.dwr HTTP/1.1" 200 78
116.233.76.43 - - [31/Mar/2022:12:20:49 +0800] "GET /xingrg/all/function/internal_message.html?_=1648700363361&CODE_STATE=getMsg HTTP/1.1" 302 -
114.88.156.203 - - [31/Mar/2022:12:20:50 +0800] "POST /xingrg/dwr/call/plaincall/AjaxCheckService.loadOrderItems.dwr HTTP/1.1" 200 367
218.81.223.53 - - [31/Mar/2022:12:20:52 +0800] "GET /xingrg/all/function/internal_message.html?_=1648700468434&CODE_STATE=getMsg HTTP/1.1" 200 27
114.88.156.203 - - [31/Mar/2022:12:20:52 +0800] "POST /xingrg/kc/report/common_data.html?type=materiel_category_tree HTTP/1.1" 200 3878
114.88.156.203 - - [31/Mar/2022:12:20:52 +0800] "GET /xingrg/javascript/easyui/themes/default/images/button_plain_hover.png HTTP/1.1" 200 144
114.88.156.203 - - [31/Mar/2022:12:20:52 +0800] "GET /xingrg/javascript/easyui/themes/default/images/button_plain_hover.png HTTP/1.1" 200 144
114.88.156.203 - - [31/Mar/2022:12:20:53 +0800] "GET /xingrg/kc/base/wldb_order_add.html HTTP/1.1" 200 30280
114.88.156.203 - - [31/Mar/2022:12:20:53 +0800] "GET /xingrg/javascript/pic_change.js HTTP/1.1" 304 -
114.88.156.203 - - [31/Mar/2022:12:20:53 +0800] "GET /xingrg/javascript/json2.js HTTP/1.1" 304 -
114.88.156.203 - - [31/Mar/2022:12:20:53 +0800] "GET /xingrg/javascript/jquery_tools/order_manager.js HTTP/1.1" 304 -
114.88.156.203 - - [31/Mar/2022:12:20:53 +0800] "GET /xingrg/javascript/print/kc_print.js HTTP/1.1" 304 -
114.88.156.203 - - [31/Mar/2022:12:20:53 +0800] "GET /xingrg/javascript/convert.js HTTP/1.1" 304 -
114.88.156.203 - - [31/Mar/2022:12:20:53 +0800] "GET /xingrg/words/20220330143947_words.js HTTP/1.1" 304 -
114.88.156.203 - - [31/Mar/2022:12:20:53 +0800] "GET /xingrg/javascript/easyui/themes/icons/template_new.png HTTP/1.1" 200 3956
114.88.156.203 - - [31/Mar/2022:12:20:53 +0800] "GET /xingrg/javascript/easyui/themes/icons/ok.png HTTP/1.1" 200 883
114.88.156.203 - - [31/Mar/2022:12:20:53 +0800] "GET /xingrg/javascript/easyui/themes/icons/print.png HTTP/1.1" 304 -
114.88.156.203 - - [31/Mar/2022:12:20:53 +0800] "GET /xingrg/javascript/easyui/themes/default/images/menu_downarrow.png HTTP/1.1" 304 -
114.88.156.203 - - [31/Mar/2022:12:20:53 +0800] "GET /xingrg/javascript/easyui/themes/icons/cancel.png HTTP/1.1" 304 -
114.88.156.203 - - [31/Mar/2022:12:20:53 +0800] "POST /xingrg/kc/base/wldb_order_operate.html HTTP/1.1" 200 6806
114.88.156.203 - - [31/Mar/2022:12:20:53 +0800] "GET /xingrg/javascript/easyui/themes/icons/edit_remove.png HTTP/1.1" 304 -
114.88.156.203 - - [31/Mar/2022:12:20:54 +0800] "GET /xingrg/all/common/auto_word.html?type=base&rest_code=00141 HTTP/1.1" 200 1849
114.88.156.203 - - [31/Mar/2022:12:20:54 +0800] "GET /xingrg/all/common/auto_word.html?type=base&rest_code=00141 HTTP/1.1" 200 1849
114.88.156.203 - - [31/Mar/2022:12:20:54 +0800] "GET /xingrg/javascript/easyui/themes/default/validatebox.css HTTP/1.1" 404 1104
114.88.156.203 - - [31/Mar/2022:12:20:54 +0800] "GET /xingrg/javascript/easyui/plugins/jquery.validatebox.js HTTP/1.1" 304 -
114.88.156.203 - - [31/Mar/2022:12:20:54 +0800] "GET /xingrg/javascript/easyui/plugins/jquery.numberbox.js HTTP/1.1" 304 -
114.88.156.203 - - [31/Mar/2022:12:20:54 +0800] "GET /xingrg/javascript/auto/indicator.gif HTTP/1.1" 404 1066
114.88.156.203 - - [31/Mar/2022:12:20:55 +0800] "POST /xingrg/dwr/call/plaincall/AjaxCheckService.importOrderItems.dwr HTTP/1.1" 200 78
114.88.156.203 - - [31/Mar/2022:12:20:56 +0800] "POST /xingrg/dwr/call/plaincall/AjaxCheckService.loadOrderItems.dwr HTTP/1.1" 200 61075
58.39.61.91 - - [31/Mar/2022:12:21:04 +0800] "POST /xingrg/kc/buy/cgsh_order_operate.html HTTP/1.1" 200 37
114.88.156.203 - - [31/Mar/2022:12:21:04 +0800] "GET /xingrg/javascript/jquery_tools/images/next.gif HTTP/1.1" 404 1086
114.88.156.203 - - [31/Mar/2022:12:21:04 +0800] "GET /xingrg/javascript/jquery_tools/images/prev.gif HTTP/1.1" 404 1086
58.39.61.91 - - [31/Mar/2022:12:21:05 +0800] "POST /xingrg/kc/buy/cgsh_order_operate.html HTTP/1.1" 200 200
116.228.172.94 - - [31/Mar/2022:12:21:07 +0800] "GET /xingrg/check_reg.html?_=1648700372671 HTTP/1.1" 200 22
116.228.172.94 - - [31/Mar/2022:12:21:07 +0800] "GET /xingrg/all/function/internal_message.html?_=1648700372674&CODE_STATE=getMsg HTTP/1.1" 200 27
114.88.156.203 - - [31/Mar/2022:12:21:12 +0800] "GET /xingrg/kc/base/wldb_order_operate.html?command=get_materiel&rest_code=00141&base_code=0010393&code=00101025022 HTTP/1.1" 200 484
218.81.223.53 - - [31/Mar/2022:12:21:15 +0800] "GET /xingrg/kc/base/wldb_order_operate.html?command=get_materiel&rest_code=00146&base_code=0010068&code=00101001052 HTTP/1.1" 200 429
58.39.61.91 - - [31/Mar/2022:12:21:15 +0800] "GET /xingrg/all/function/internal_message.html?_=1648700474548&CODE_STATE=getMsg HTTP/1.1" 200 27
58.39.61.91 - - [31/Mar/2022:12:21:16 +0800] "POST /xingrg/kc/buy/cgsh_order_operate.html HTTP/1.1" 200 37
222.69.132.164 - - [31/Mar/2022:12:21:17 +0800] "GET /xingrg/all/function/internal_message.html?_=1648700584646&CODE_STATE=getMsg HTTP/1.1" 200 27
58.39.61.91 - - [31/Mar/2022:12:21:18 +0800] "POST /xingrg/kc/buy/cgsh_order_operate.html HTTP/1.1" 200 200
114.88.156.203 - - [31/Mar/2022:12:21:22 +0800] "GET /xingrg/all/function/internal_message.html?_=1648700244156&CODE_STATE=getMsg HTTP/1.1" 200 27
114.88.156.203 - - [31/Mar/2022:12:21:24 +0800] "POST /xingrg/kc/base/wldb_order_operate.html HTTP/1.1" 200 37
114.88.156.203 - - [31/Mar/2022:12:21:26 +0800] "POST /xingrg/kc/base/wldb_order_operate.html HTTP/1.1" 200 12
114.88.156.203 - - [31/Mar/2022:12:21:26 +0800] "POST /xingrg/kc/base/wldb_order_operate.html HTTP/1.1" 200 2229
114.88.156.203 - - [31/Mar/2022:12:21:27 +0800] "GET /xingrg/kc/base/wldb_order_info.html?code=422022033101235 HTTP/1.1" 200 26413
58.39.61.91 - - [31/Mar/2022:12:21:27 +0800] "GET /xingrg/kc/buy/cgsh_order_list.html HTTP/1.1" 200 49896
114.88.156.203 - - [31/Mar/2022:12:21:27 +0800] "POST /xingrg/kc/base/wldb_order_operate.html HTTP/1.1" 200 523
114.88.156.203 - - [31/Mar/2022:12:21:28 +0800] "GET /xingrg/javascript/easyui/themes/default/validatebox.css HTTP/1.1" 404 1104
114.88.156.203 - - [31/Mar/2022:12:21:28 +0800] "GET /xingrg/javascript/jquery_easy_ui/themes/default/images/tabs_active.png HTTP/1.1" 304 -
58.39.61.91 - - [31/Mar/2022:12:21:29 +0800] "POST /xingrg/kc/buy/cgsh_list_operate.html HTTP/1.1" 200 1690
114.88.156.203 - - [31/Mar/2022:12:21:32 +0800] "GET /xingrg/index.html?sysBaseUrl=http%3A%2F%2F180.169.147.146%3A18081%2Fxingrg%2F&costTime=32×tamp=1585222318302 HTTP/1.1" 200 17509
114.88.156.203 - - [31/Mar/2022:12:21:32 +0800] "GET /xingrg/javascript/jquery_easy_ui/themes/default/easyui.css HTTP/1.1" 304 -
58.39.61.91 - - [31/Mar/2022:12:21:32 +0800] "POST /xingrg/kc/buy/cgsh_list_operate.html HTTP/1.1" 200 566
114.88.156.203 - - [31/Mar/2022:12:21:32 +0800] "GET /xingrg/javascript/jquery_easy_ui/themes/icon.css HTTP/1.1" 304 -
114.88.156.203 - - [31/Mar/2022:12:21:32 +0800] "GET /xingrg/css/form.css HTTP/1.1" 304 -
114.88.156.203 - - [31/Mar/2022:12:21:32 +0800] "GET /xingrg/javascript/jquery-1.4.2.min.js HTTP/1.1" 304 -
114.88.156.203 - - [31/Mar/2022:12:21:32 +0800] "GET /xingrg/javascript/jquery_easy_ui/jquery.easyui.min.js HTTP/1.1" 304 -
114.88.156.203 - - [31/Mar/2022:12:21:32 +0800] "GET /xingrg/javascript/jquery_easy_ui/easyui-lang-zh_CN.js HTTP/1.1" 304 -
114.88.156.203 - - [31/Mar/2022:12:21:32 +0800] "GET /xingrg/javascript/jquery.form.js HTTP/1.1" 304 -
114.88.156.203 - - [31/Mar/2022:12:21:32 +0800] "GET /xingrg/javascript/jquery.utils.js HTTP/1.1" 304 -
114.88.156.203 - - [31/Mar/2022:12:21:32 +0800] "GET /xingrg/index.html?sysBaseUrl=http%3A%2F%2F180.169.147.146%3A18081%2Fxingrg%2F&costTime=32×tamp=1585222318302 HTTP/1.1" 200 17509
114.88.156.203 - - [31/Mar/2022:12:21:32 +0800] "GET /xingrg/javascript/jquery_easy_ui/themes/default/easyui.css HTTP/1.1" 304 -
114.88.156.203 - - [31/Mar/2022:12:21:32 +0800] "GET /xingrg/javascript/jquery_easy_ui/themes/icon.css HTTP/1.1" 304 -
114.88.156.203 - - [31/Mar/2022:12:21:32 +0800] "GET /xingrg/css/form.css HTTP/1.1" 304 -
114.88.156.203 - - [31/Mar/2022:12:21:32 +0800] "GET /xingrg/javascript/jquery-1.4.2.min.js HTTP/1.1" 304 -
114.88.156.203 - - [31/Mar/2022:12:21:33 +0800] "GET /xingrg/javascript/jquery_easy_ui/jquery.easyui.min.js HTTP/1.1" 304 -
114.88.156.203 - - [31/Mar/2022:12:21:33 +0800] "GET /xingrg/javascript/jquery_easy_ui/easyui-lang-zh_CN.js HTTP/1.1" 304 -
114.88.156.203 - - [31/Mar/2022:12:21:33 +0800] "GET /xingrg/javascript/jquery.form.js HTTP/1.1" 304 -
114.88.156.203 - - [31/Mar/2022:12:21:33 +0800] "GET /xingrg/javascript/jquery.utils.js HTTP/1.1" 304 -
114.88.156.203 - - [31/Mar/2022:12:21:33 +0800] "GET /xingrg/javascript/jquery.timers.js HTTP/1.1" 304 -
114.88.156.203 - - [31/Mar/2022:12:21:33 +0800] "GET /xingrg/images/blue/navBackgound.jpg HTTP/1.1" 304 -
114.88.156.203 - - [31/Mar/2022:12:21:33 +0800] "GET /xingrg/images/blue/jxLogo.png HTTP/1.1" 304 -
114.88.156.203 - - [31/Mar/2022:12:21:33 +0800] "GET /xingrg/javascript/jquery_easy_ui/themes/icons/settle_new.png HTTP/1.1" 304 -
114.88.156.203 - - [31/Mar/2022:12:21:33 +0800] "GET /xingrg/images/blue/pingpu.png HTTP/1.1" 304 -
114.88.156.203 - - [31/Mar/2022:12:21:33 +0800] "POST /xingrg/all/common/load_tree.html?tree=area_rest_tree_json&manage=1 HTTP/1.1" 200 3472
114.88.156.203 - - [31/Mar/2022:12:21:33 +0800] "GET /xingrg/javascript/jquery_easy_ui/themes/default/images/tabs_leftarrow.png HTTP/1.1" 304 -
114.88.156.203 - - [31/Mar/2022:12:21:33 +0800] "GET /xingrg/javascript/jquery_easy_ui/themes/default/images/tabs_rightarrow.png HTTP/1.1" 304 -
114.88.156.203 - - [31/Mar/2022:12:21:33 +0800] "GET /xingrg/javascript/jquery_easy_ui/themes/default/images/panel_tool_expand.gif HTTP/1.1" 304 -
114.88.156.203 - - [31/Mar/2022:12:21:33 +0800] "GET /xingrg/javascript/jquery_easy_ui/themes/default/images/panel_tool_collapse.gif HTTP/1.1" 304 -
114.88.156.203 - - [31/Mar/2022:12:21:33 +0800] "GET /xingrg/all/function/internal_message.html?_=1648699653154&CODE_STATE=count HTTP/1.1" 200 11
114.88.156.203 - - [31/Mar/2022:12:21:33 +0800] "GET /xingrg/check_reg.html?_=1648699653157 HTTP/1.1" 200 22
114.88.156.203 - - [31/Mar/2022:12:21:33 +0800] "POST /xingrg/load_menu.html HTTP/1.1" 200 9959
114.88.156.203 - - [31/Mar/2022:12:21:33 +0800] "GET /xingrg/index.html?sysBaseUrl=http%3A%2F%2F180.169.147.146%3A18081%2Fxingrg%2F&costTime=32×tamp=1585222318302 HTTP/1.1" 200 17509
114.88.156.203 - - [31/Mar/2022:12:21:33 +0800] "GET /xingrg/javascript/jquery_easy_ui/themes/default/easyui.css HTTP/1.1" 304 -
114.88.156.203 - - [31/Mar/2022:12:21:33 +0800] "GET /xingrg/javascript/jquery_easy_ui/themes/icon.css HTTP/1.1" 304 -
114.88.156.203 - - [31/Mar/2022:12:21:33 +0800] "GET /xingrg/css/form.css HTTP/1.1" 304 -
114.88.156.203 - - [31/Mar/2022:12:21:33 +0800] "GET /xingrg/javascript/jquery-1.4.2.min.js HTTP/1.1" 304 -
114.88.156.203 - - [31/Mar/2022:12:21:33 +0800] "GET /xingrg/javascript/jquery_easy_ui/jquery.easyui.min.js HTTP/1.1" 304 -
114.88.156.203 - - [31/Mar/2022:12:21:33 +0800] "GET /xingrg/javascript/jquery_easy_ui/easyui-lang-zh_CN.js HTTP/1.1" 304 -
114.88.156.203 - - [31/Mar/2022:12:21:33 +0800] "GET /xingrg/javascript/jquery.form.js HTTP/1.1" 304 -
114.88.156.203 - - [31/Mar/2022:12:21:33 +0800] "GET /xingrg/javascript/jquery.utils.js HTTP/1.1" 304 -
114.88.156.203 - - [31/Mar/2022:12:21:33 +0800] "GET /xingrg/javascript/jquery.timers.js HTTP/1.1" 304 -
114.88.156.203 - - [31/Mar/2022:12:21:33 +0800] "GET /xingrg/images/blue/jxLogo.png HTTP/1.1" 304 -
114.88.156.203 - - [31/Mar/2022:12:21:33 +0800] "GET /xingrg/images/blue/navBackgound.jpg HTTP/1.1" 304 -
114.88.156.203 - - [31/Mar/2022:12:21:33 +0800] "GET /xingrg/javascript/jquery_easy_ui/themes/icons/settle_new.png HTTP/1.1" 304 -
114.88.156.203 - - [31/Mar/2022:12:21:33 +0800] "GET /xingrg/images/blue/pingpu.png HTTP/1.1" 304 -
114.88.156.203 - - [31/Mar/2022:12:21:33 +0800] "POST /xingrg/all/common/load_tree.html?tree=area_rest_tree_json&manage=1 HTTP/1.1" 200 3472
114.88.156.203 - - [31/Mar/2022:12:21:33 +0800] "GET /xingrg/javascript/jquery_easy_ui/themes/default/images/tabs_leftarrow.png HTTP/1.1" 304 -
114.88.156.203 - - [31/Mar/2022:12:21:33 +0800] "GET /xingrg/javascript/jquery_easy_ui/themes/default/images/tabs_rightarrow.png HTTP/1.1" 304 -
114.88.156.203 - - [31/Mar/2022:12:21:33 +0800] "GET /xingrg/javascript/jquery_easy_ui/themes/default/images/panel_tool_expand.gif HTTP/1.1" 304 -
114.88.156.203 - - [31/Mar/2022:12:21:33 +0800] "GET /xingrg/javascript/jquery_easy_ui/themes/default/images/panel_tool_collapse.gif HTTP/1.1" 304 -
114.88.156.203 - - [31/Mar/2022:12:21:33 +0800] "GET /xingrg/all/function/internal_message.html?_=1648699653845&CODE_STATE=count HTTP/1.1" 200 11
114.88.156.203 - - [31/Mar/2022:12:21:34 +0800] "POST /xingrg/load_menu.html HTTP/1.1" 200 9959
114.88.156.203 - - [31/Mar/2022:12:21:34 +0800] "GET /xingrg/check_reg.html?_=1648699653846 HTTP/1.1" 200 22
116.233.76.43 - - [31/Mar/2022:12:21:34 +0800] "GET /xingrg/all/function/internal_message.html?_=1648700493556&CODE_STATE=getMsg HTTP/1.1" 200 27
58.39.61.91 - - [31/Mar/2022:12:21:35 +0800] "POST /xingrg/kc/buy/cgsh_list_operate.html HTTP/1.1" 200 4
58.39.61.91 - - [31/Mar/2022:12:21:37 +0800] "POST /xingrg/kc/buy/cgsh_list_operate.html HTTP/1.1" 200 876
58.39.61.91 - - [31/Mar/2022:12:21:46 +0800] "POST /xingrg/all/user/operate.html HTTP/1.1" 200 36
58.39.61.91 - - [31/Mar/2022:12:21:46 +0800] "GET /xingrg/javascript/jquery_easy_ui/themes/default/easyui.css HTTP/1.1" 304 -
58.39.61.91 - - [31/Mar/2022:12:21:46 +0800] "GET /xingrg/index.html?sysBaseUrl=http%3A%2F%2F180.169.147.146%3A18081%2Fxingrg%2F&costTime=1151×tamp=1648620136076 HTTP/1.1" 200 17177
58.39.61.91 - - [31/Mar/2022:12:21:46 +0800] "GET /xingrg/javascript/jquery_easy_ui/themes/icon.css HTTP/1.1" 304 -
58.39.61.91 - - [31/Mar/2022:12:21:46 +0800] "GET /xingrg/css/form.css HTTP/1.1" 304 -
58.39.61.91 - - [31/Mar/2022:12:21:46 +0800] "GET /xingrg/javascript/jquery-1.4.2.min.js HTTP/1.1" 304 -
58.39.61.91 - - [31/Mar/2022:12:21:46 +0800] "GET /xingrg/javascript/jquery_easy_ui/jquery.easyui.min.js HTTP/1.1" 304 -
58.39.61.91 - - [31/Mar/2022:12:21:46 +0800] "GET /xingrg/javascript/jquery_easy_ui/easyui-lang-zh_CN.js HTTP/1.1" 304 -
58.39.61.91 - - [31/Mar/2022:12:21:46 +0800] "GET /xingrg/javascript/jquery.form.js HTTP/1.1" 304 -
58.39.61.91 - - [31/Mar/2022:12:21:46 +0800] "GET /xingrg/javascript/jquery.utils.js HTTP/1.1" 304 -
58.39.61.91 - - [31/Mar/2022:12:21:46 +0800] "GET /xingrg/javascript/jquery.timers.js HTTP/1.1" 304 -
58.39.61.91 - - [31/Mar/2022:12:21:46 +0800] "GET /xingrg/images/blue/jxLogo.png HTTP/1.1" 304 -
58.39.61.91 - - [31/Mar/2022:12:21:46 +0800] "GET /xingrg/javascript/jquery_easy_ui/themes/icons/settle_new.png HTTP/1.1" 304 -
58.39.61.91 - - [31/Mar/2022:12:21:46 +0800] "GET /xingrg/images/blue/navBackgound.jpg HTTP/1.1" 304 -
58.39.61.91 - - [31/Mar/2022:12:21:46 +0800] "POST /xingrg/all/common/load_tree.html?tree=area_rest_tree_json&manage=1 HTTP/1.1" 200 476
58.39.61.91 - - [31/Mar/2022:12:21:46 +0800] "GET /xingrg/all/function/internal_message.html?_=1648700505607&CODE_STATE=count HTTP/1.1" 200 11
58.39.61.91 - - [31/Mar/2022:12:21:46 +0800] "GET /xingrg/check_reg.html?_=1648700505609 HTTP/1.1" 200 22
58.39.61.91 - - [31/Mar/2022:12:21:46 +0800] "GET /xingrg/javascript/jquery_easy_ui/themes/default/images/tabs_rightarrow.png HTTP/1.1" 304 -
