116.230.110.173 - - [31/Mar/2022:13:54:13 +0800] "GET /xingrg/all/report/report_query.html?isQuery=1&fileName=kc/base/crk_detail_by_materiel.xml&queryString=&queryText=%25E3%2580%2590%25E4%25BB%2593%25E5%25BA%2593%25E5%2590%258D%25E7%25A7%25B0%253A%25E7%25A4%25BC%25E7%259B%2592%25E5%25BA%2593%25E3%2580%2591%25E3%2580%2590%25E4%25B8%259A%25E5%258A%25A1%25E7%25B1%25BB%25E5%259E%258B%25EF%25BC%259A%25E9%2597%25A8%25E5%25BA%2597%25E9%2580%2580%25E8%25B4%25A7%25E3%2580%2591%2520%253F%253F%253F%253F%253F2022-03-01%253F%253F2022-03-31%2520%253F%253F%253F%253F%253F%25D0%25BF%253F&tableQueryString=crk_table%2524sp1%2524order_day%2520between%252020220301%2520and%252020220331%2520and%2520(base_code%253D'0010770')%2520and%2520(src_order_type%2520in%2520(32))%2520and%2520(is_rk%2520in%2520(0))%2520and%2520(m.sort_code%253D'00101034') HTTP/1.1" 200 53811
116.230.110.173 - - [31/Mar/2022:13:54:13 +0800] "GET /xingrg/dwr/engine.js HTTP/1.1" 200 43631
116.230.110.173 - - [31/Mar/2022:13:54:13 +0800] "POST /xingrg/all/report/load_report_page.html HTTP/1.1" 200 19000
116.230.110.173 - - [31/Mar/2022:13:54:13 +0800] "GET /xingrg/servlets/image?cache=0.8096354866554211&image=px HTTP/1.1" 200 807
222.69.132.164 - - [31/Mar/2022:13:54:15 +0800] "GET /xingrg/all/function/internal_message.html?_=1648706163312&CODE_STATE=getMsg HTTP/1.1" 200 27
114.88.156.203 - - [31/Mar/2022:13:54:22 +0800] "GET /xingrg/all/function/internal_message.html?_=1648705823602&CODE_STATE=getMsg HTTP/1.1" 200 27
116.230.110.173 - - [31/Mar/2022:13:54:29 +0800] "GET /xingrg/all/report/report_query.html?isQuery=1&fileName=kc/base/crk_detail_by_small.xml&rh=99999&queryString=&queryText=%25E3%2580%2590%25E4%25BB%2593%25E5%25BA%2593%25E5%2590%258D%25E7%25A7%25B0%253A%25E7%25A4%25BC%25E7%259B%2592%25E5%25BA%2593%25E3%2580%2591%25E3%2580%2590%25E4%25B8%259A%25E5%258A%25A1%25E7%25B1%25BB%25E5%259E%258B%25EF%25BC%259A%25E5%2586%2585%25E9%2583%25A8%25E8%25B0%2583%25E5%2587%25BA%25E3%2580%2591%2520%253F%253F%253F%253F%253F2022-03-01%253F%253F2022-03-31%2520%253F%253F%253F%253F%253F%25D0%25BF%253F&tableQueryString=crk_table%2524sp1%2524order_day%2520between%252020220301%2520and%252020220331%2520and%2520(base_code%253D'0010770')%2520and%2520(src_order_type%2520in%2520(42))%2520and%2520(is_rk%2520in%2520(0)) HTTP/1.1" 200 53784
116.230.110.173 - - [31/Mar/2022:13:54:29 +0800] "GET /xingrg/dwr/engine.js HTTP/1.1" 200 43631
116.230.110.173 - - [31/Mar/2022:13:54:30 +0800] "POST /xingrg/all/report/load_report_page.html HTTP/1.1" 200 11747
116.230.110.173 - - [31/Mar/2022:13:54:30 +0800] "GET /xingrg/servlets/image?cache=0.3819609638725008&image=px HTTP/1.1" 200 807
116.230.110.173 - - [31/Mar/2022:13:54:31 +0800] "GET /xingrg/all/report/report_query.html?isQuery=1&fileName=kc/base/crk_detail_by_materiel.xml&queryString=&queryText=%25E3%2580%2590%25E4%25BB%2593%25E5%25BA%2593%25E5%2590%258D%25E7%25A7%25B0%253A%25E7%25A4%25BC%25E7%259B%2592%25E5%25BA%2593%25E3%2580%2591%25E3%2580%2590%25E4%25B8%259A%25E5%258A%25A1%25E7%25B1%25BB%25E5%259E%258B%25EF%25BC%259A%25E5%2586%2585%25E9%2583%25A8%25E8%25B0%2583%25E5%2587%25BA%25E3%2580%2591%2520%253F%253F%253F%253F%253F2022-03-01%253F%253F2022-03-31%2520%253F%253F%253F%253F%253F%25D0%25BF%253F&tableQueryString=crk_table%2524sp1%2524order_day%2520between%252020220301%2520and%252020220331%2520and%2520(base_code%253D'0010770')%2520and%2520(src_order_type%2520in%2520(42))%2520and%2520(is_rk%2520in%2520(0))%2520and%2520(m.sort_code%253D'00101034') HTTP/1.1" 200 53811
116.230.110.173 - - [31/Mar/2022:13:54:31 +0800] "GET /xingrg/dwr/engine.js HTTP/1.1" 200 43631
116.230.110.173 - - [31/Mar/2022:13:54:31 +0800] "POST /xingrg/all/report/load_report_page.html HTTP/1.1" 200 34332
116.230.110.173 - - [31/Mar/2022:13:54:31 +0800] "GET /xingrg/servlets/image?cache=0.6369944479558791&image=px HTTP/1.1" 200 807
116.233.76.43 - - [31/Mar/2022:13:54:34 +0800] "GET /xingrg/check_reg.html?_=1648706073822 HTTP/1.1" 200 22
116.233.76.43 - - [31/Mar/2022:13:54:35 +0800] "GET /xingrg/all/function/internal_message.html?_=1648706073824&CODE_STATE=getMsg HTTP/1.1" 200 27
116.230.110.173 - - [31/Mar/2022:13:54:43 +0800] "GET /xingrg/check_reg.html?_=1648706081367 HTTP/1.1" 200 22
116.230.110.173 - - [31/Mar/2022:13:54:43 +0800] "GET /xingrg/all/function/internal_message.html?_=1648706081369&CODE_STATE=getMsg HTTP/1.1" 200 27
58.39.168.32 - - [31/Mar/2022:13:54:47 +0800] "GET /xingrg/all/function/internal_message.html?_=1648706085632&CODE_STATE=getMsg HTTP/1.1" 200 27
58.39.168.32 - - [31/Mar/2022:13:54:54 +0800] "GET /xingrg/all/function/internal_message.html?_=1648706029580&CODE_STATE=getMsg HTTP/1.1" 200 27
218.81.223.53 - - [31/Mar/2022:13:55:04 +0800] "GET /xingrg/all/function/internal_message.html?_=1648706120727&CODE_STATE=getMsg HTTP/1.1" 200 27
116.228.172.94 - - [31/Mar/2022:13:55:07 +0800] "GET /xingrg/all/function/internal_message.html?_=1648706012673&CODE_STATE=getMsg HTTP/1.1" 200 27
222.69.132.164 - - [31/Mar/2022:13:55:15 +0800] "GET /xingrg/all/function/internal_message.html?_=1648706223289&CODE_STATE=getMsg HTTP/1.1" 200 27
222.69.132.164 - - [31/Mar/2022:13:55:16 +0800] "POST /xingrg/kc/buy/cgsh_order_operate.html HTTP/1.1" 200 37
222.69.132.164 - - [31/Mar/2022:13:55:19 +0800] "GET /xingrg/check_reg.html?_=1648706227238 HTTP/1.1" 200 22
222.69.132.164 - - [31/Mar/2022:13:55:20 +0800] "POST /xingrg/kc/buy/cgsh_order_operate.html HTTP/1.1" 200 12
222.69.132.164 - - [31/Mar/2022:13:55:21 +0800] "GET /xingrg/kc/buy/cgsh_order_info.html?code=212022033103959 HTTP/1.1" 200 59727
222.69.132.164 - - [31/Mar/2022:13:55:22 +0800] "GET /xingrg/javascript/easyui/themes/default/validatebox.css HTTP/1.1" 404 1104
114.88.156.203 - - [31/Mar/2022:13:55:22 +0800] "GET /xingrg/all/function/internal_message.html?_=1648705883576&CODE_STATE=getMsg HTTP/1.1" 200 27
222.69.132.164 - - [31/Mar/2022:13:55:22 +0800] "POST /xingrg/kc/buy/cgsh_order_operate.html HTTP/1.1" 200 20199
222.69.132.164 - - [31/Mar/2022:13:55:25 +0800] "GET /xingrg/kc/print/load_data.html?order_code=212022033103959&kc_code=cgsh&condition= HTTP/1.1" 200 8072
116.233.76.43 - - [31/Mar/2022:13:55:34 +0800] "GET /xingrg/all/function/internal_message.html?_=1648706133823&CODE_STATE=getMsg HTTP/1.1" 200 27
116.230.110.173 - - [31/Mar/2022:13:55:43 +0800] "GET /xingrg/all/function/internal_message.html?_=1648706141357&CODE_STATE=getMsg HTTP/1.1" 200 27
58.39.168.32 - - [31/Mar/2022:13:55:47 +0800] "GET /xingrg/all/function/internal_message.html?_=1648706145633&CODE_STATE=getMsg HTTP/1.1" 200 27
58.39.168.32 - - [31/Mar/2022:13:55:54 +0800] "GET /xingrg/check_reg.html?_=1648706089580 HTTP/1.1" 200 22
58.39.168.32 - - [31/Mar/2022:13:55:54 +0800] "GET /xingrg/all/function/internal_message.html?_=1648706089585&CODE_STATE=getMsg HTTP/1.1" 200 27
114.83.219.95 - - [31/Mar/2022:13:55:57 +0800] "POST /xingrg/services/DataTransmitService HTTP/1.1" 200 524
114.83.219.95 - - [31/Mar/2022:13:55:59 +0800] "POST /xingrg/services/DataTransmitService HTTP/1.1" 200 501
114.83.219.95 - - [31/Mar/2022:13:55:59 +0800] "POST /xingrg/services/DataTransmitService HTTP/1.1" 200 501
114.83.219.95 - - [31/Mar/2022:13:55:59 +0800] "POST /xingrg/services/DataTransmitService HTTP/1.1" 200 501
114.83.219.95 - - [31/Mar/2022:13:55:59 +0800] "POST /xingrg/services/DataTransmitService HTTP/1.1" 200 501
114.83.219.95 - - [31/Mar/2022:13:55:59 +0800] "POST /xingrg/services/DataTransmitService HTTP/1.1" 200 501
114.83.219.95 - - [31/Mar/2022:13:56:00 +0800] "POST /xingrg/services/DataTransmitService HTTP/1.1" 200 501
114.83.219.95 - - [31/Mar/2022:13:56:00 +0800] "POST /xingrg/services/DataTransmitService HTTP/1.1" 200 501
114.83.219.95 - - [31/Mar/2022:13:56:00 +0800] "POST /xingrg/services/DataTransmitService HTTP/1.1" 200 501
114.83.219.95 - - [31/Mar/2022:13:56:01 +0800] "POST /xingrg/services/DataTransmitService HTTP/1.1" 200 412
218.81.223.53 - - [31/Mar/2022:13:56:04 +0800] "GET /xingrg/all/function/internal_message.html?_=1648706180739&CODE_STATE=getMsg HTTP/1.1" 200 27
116.228.172.94 - - [31/Mar/2022:13:56:07 +0800] "GET /xingrg/check_reg.html?_=1648706072664 HTTP/1.1" 200 22
116.228.172.94 - - [31/Mar/2022:13:56:07 +0800] "GET /xingrg/all/function/internal_message.html?_=1648706072668&CODE_STATE=getMsg HTTP/1.1" 200 27
222.69.132.164 - - [31/Mar/2022:13:56:15 +0800] "GET /xingrg/all/function/internal_message.html?_=1648706283276&CODE_STATE=getMsg HTTP/1.1" 200 27
114.88.156.203 - - [31/Mar/2022:13:56:22 +0800] "GET /xingrg/all/function/internal_message.html?_=1648705943584&CODE_STATE=getMsg HTTP/1.1" 200 27
116.233.76.43 - - [31/Mar/2022:13:56:34 +0800] "GET /xingrg/all/function/internal_message.html?_=1648706193823&CODE_STATE=getMsg HTTP/1.1" 200 27
116.230.110.173 - - [31/Mar/2022:13:56:43 +0800] "GET /xingrg/all/function/internal_message.html?_=1648706201348&CODE_STATE=getMsg HTTP/1.1" 200 27
58.39.168.32 - - [31/Mar/2022:13:56:47 +0800] "GET /xingrg/check_reg.html?_=1648706205633 HTTP/1.1" 200 22
58.39.168.32 - - [31/Mar/2022:13:56:47 +0800] "GET /xingrg/all/function/internal_message.html?_=1648706205635&CODE_STATE=getMsg HTTP/1.1" 200 27
58.39.168.32 - - [31/Mar/2022:13:56:54 +0800] "GET /xingrg/all/function/internal_message.html?_=1648706149585&CODE_STATE=getMsg HTTP/1.1" 200 27
218.81.223.53 - - [31/Mar/2022:13:57:05 +0800] "GET /xingrg/all/function/internal_message.html?_=1648706241361&CODE_STATE=getMsg HTTP/1.1" 200 27
116.228.172.94 - - [31/Mar/2022:13:57:07 +0800] "GET /xingrg/all/function/internal_message.html?_=1648706132675&CODE_STATE=getMsg HTTP/1.1" 200 27
222.69.132.164 - - [31/Mar/2022:13:57:15 +0800] "GET /xingrg/all/function/internal_message.html?_=1648706343254&CODE_STATE=getMsg HTTP/1.1" 200 27
114.88.156.203 - - [31/Mar/2022:13:57:22 +0800] "GET /xingrg/all/function/internal_message.html?_=1648706003558&CODE_STATE=getMsg HTTP/1.1" 200 27
114.88.156.203 - - [31/Mar/2022:13:57:22 +0800] "GET /xingrg/check_reg.html?_=1648706004371 HTTP/1.1" 200 22
218.81.223.53 - - [31/Mar/2022:13:57:23 +0800] "GET /xingrg/check_reg.html?_=1648706259256 HTTP/1.1" 200 22
116.233.76.43 - - [31/Mar/2022:13:57:34 +0800] "GET /xingrg/all/function/internal_message.html?_=1648706253823&CODE_STATE=getMsg HTTP/1.1" 200 27
116.230.110.173 - - [31/Mar/2022:13:57:43 +0800] "GET /xingrg/all/function/internal_message.html?_=1648706261355&CODE_STATE=getMsg HTTP/1.1" 200 27
58.39.168.32 - - [31/Mar/2022:13:57:47 +0800] "GET /xingrg/all/function/internal_message.html?_=1648706265635&CODE_STATE=getMsg HTTP/1.1" 200 27
58.39.168.32 - - [31/Mar/2022:13:57:54 +0800] "GET /xingrg/all/function/internal_message.html?_=1648706209583&CODE_STATE=getMsg HTTP/1.1" 200 27
218.81.223.53 - - [31/Mar/2022:13:58:05 +0800] "GET /xingrg/all/function/internal_message.html?_=1648706301374&CODE_STATE=getMsg HTTP/1.1" 200 27
116.228.172.94 - - [31/Mar/2022:13:58:07 +0800] "GET /xingrg/all/function/internal_message.html?_=1648706192678&CODE_STATE=getMsg HTTP/1.1" 200 27
222.69.132.164 - - [31/Mar/2022:13:58:15 +0800] "GET /xingrg/all/function/internal_message.html?_=1648706403241&CODE_STATE=getMsg HTTP/1.1" 200 27
114.88.156.203 - - [31/Mar/2022:13:58:22 +0800] "GET /xingrg/all/function/internal_message.html?_=1648706063538&CODE_STATE=getMsg HTTP/1.1" 200 27
116.233.76.43 - - [31/Mar/2022:13:58:34 +0800] "GET /xingrg/all/function/internal_message.html?_=1648706313825&CODE_STATE=getMsg HTTP/1.1" 200 27
124.78.156.36 - - [31/Mar/2022:13:58:42 +0800] "POST /xingrg/services/DataTransmitService HTTP/1.1" 200 524
116.230.110.173 - - [31/Mar/2022:13:58:43 +0800] "GET /xingrg/all/function/internal_message.html?_=1648706321362&CODE_STATE=getMsg HTTP/1.1" 200 27
58.39.168.32 - - [31/Mar/2022:13:58:47 +0800] "GET /xingrg/all/function/internal_message.html?_=1648706325635&CODE_STATE=getMsg HTTP/1.1" 200 27
58.39.168.32 - - [31/Mar/2022:13:58:54 +0800] "GET /xingrg/all/function/internal_message.html?_=1648706269584&CODE_STATE=getMsg HTTP/1.1" 200 27
116.230.110.173 - - [31/Mar/2022:13:58:54 +0800] "GET /xingrg/dwr/engine.js HTTP/1.1" 200 43631
116.230.110.173 - - [31/Mar/2022:13:58:54 +0800] "POST /xingrg/dwr/call/plaincall/AjaxReportQueryService.getFixDate.dwr HTTP/1.1" 200 111
116.230.110.173 - - [31/Mar/2022:13:58:54 +0800] "POST /xingrg/all/common/load_tree.html?tree=area_station_tree_json&manage=1 HTTP/1.1" 200 3364
116.230.110.173 - - [31/Mar/2022:13:58:55 +0800] "GET /xingrg/dwr/engine.js HTTP/1.1" 200 43631
116.230.110.173 - - [31/Mar/2022:13:58:55 +0800] "POST /xingrg/dwr/call/plaincall/AjaxReportQueryService.getFixDate.dwr HTTP/1.1" 200 111
116.230.110.173 - - [31/Mar/2022:13:58:56 +0800] "POST /xingrg/all/common/load_tree.html?tree=area_station_tree_json&manage=1 HTTP/1.1" 200 3364
116.230.110.173 - - [31/Mar/2022:13:58:58 +0800] "POST /xingrg/dwr/call/plaincall/AjaxReportQueryService.getFixDate.dwr HTTP/1.1" 200 111
116.230.110.173 - - [31/Mar/2022:13:59:05 +0800] "POST /xingrg/dwr/call/plaincall/AjaxReportQueryService.refreshCache.dwr HTTP/1.1" 200 78
218.81.223.53 - - [31/Mar/2022:13:59:05 +0800] "GET /xingrg/all/function/internal_message.html?_=1648706361387&CODE_STATE=getMsg HTTP/1.1" 200 27
116.230.110.173 - - [31/Mar/2022:13:59:05 +0800] "POST /xingrg/all/report/load_report_page.html HTTP/1.1" 200 59010
116.230.110.173 - - [31/Mar/2022:13:59:05 +0800] "GET /xingrg/servlets/image?cache=0.3982741889097744&image=px HTTP/1.1" 200 807
116.228.172.94 - - [31/Mar/2022:13:59:07 +0800] "GET /xingrg/all/function/internal_message.html?_=1648706252674&CODE_STATE=getMsg HTTP/1.1" 200 27
116.230.110.173 - - [31/Mar/2022:13:59:07 +0800] "GET /xingrg/all/report/report_query.html?isQuery=1&fileName=dma/new_5.0/menu/menu_hz.xml&queryString=(a.sale_day%2520between%252020220301%2520and%252020220330)%2520and%2520(a.sid%2520in%2520(18))%2520and%2520(a.tj_code%253D7)&queryText=%25E3%2580%2590%25E8%2590%25A5%25E4%25B8%259A%25E6%2597%25A5%25E6%259C%259F%253A2022-03-01%2520%25E8%2587%25B3%25202022-03-30%25E3%2580%2591%2520%25E5%25B9%25B6%25E4%25B8%2594%2520%2520%25E3%2580%2590%25E9%2597%25A8%25E5%25BA%2597%25E5%2590%258D%25E7%25A7%25B0%2520%253D%2520%25E6%25A6%2595%25E6%25B8%25AF%25E5%2590%258D%25E8%25BD%25A9%25E8%25BF%259C%25E6%25B4%258B%25E5%25BA%2597%25E3%2580%2591%2520%25E5%25B9%25B6%25E4%25B8%2594%2520%25E3%2580%2590%25E7%25BB%259F%25E8%25AE%25A1%25E7%25B1%25BB%25E5%2588%25AB%2520%253D%2520%25E9%2585%2592%25E6%25B0%25B4%25E3%2580%2591 HTTP/1.1" 200 54115
116.230.110.173 - - [31/Mar/2022:13:59:07 +0800] "GET /xingrg/dwr/engine.js HTTP/1.1" 200 43631
116.230.110.173 - - [31/Mar/2022:13:59:07 +0800] "GET /favicon.ico HTTP/1.1" 404 -
116.230.110.173 - - [31/Mar/2022:13:59:08 +0800] "POST /xingrg/all/report/load_report_page.html HTTP/1.1" 200 161833
116.230.110.173 - - [31/Mar/2022:13:59:08 +0800] "GET /xingrg/servlets/image?cache=0.4686158890076493&image=px HTTP/1.1" 200 807
222.69.132.164 - - [31/Mar/2022:13:59:15 +0800] "GET /xingrg/all/function/internal_message.html?_=1648706463215&CODE_STATE=getMsg HTTP/1.1" 200 27
114.88.156.203 - - [31/Mar/2022:13:59:22 +0800] "GET /xingrg/all/function/internal_message.html?_=1648706123512&CODE_STATE=getMsg HTTP/1.1" 200 27
116.233.76.43 - - [31/Mar/2022:13:59:34 +0800] "GET /xingrg/check_reg.html?_=1648706373826 HTTP/1.1" 200 22
116.233.76.43 - - [31/Mar/2022:13:59:35 +0800] "GET /xingrg/all/function/internal_message.html?_=1648706373829&CODE_STATE=getMsg HTTP/1.1" 200 27
116.230.110.173 - - [31/Mar/2022:13:59:43 +0800] "GET /xingrg/all/function/internal_message.html?_=1648706381359&CODE_STATE=getMsg HTTP/1.1" 200 27
116.230.110.173 - - [31/Mar/2022:13:59:43 +0800] "GET /xingrg/check_reg.html?_=1648706381361 HTTP/1.1" 200 22
58.39.168.32 - - [31/Mar/2022:13:59:47 +0800] "GET /xingrg/all/function/internal_message.html?_=1648706385661&CODE_STATE=getMsg HTTP/1.1" 200 27
58.39.168.32 - - [31/Mar/2022:13:59:54 +0800] "GET /xingrg/all/function/internal_message.html?_=1648706329583&CODE_STATE=getMsg HTTP/1.1" 200 27
218.81.223.53 - - [31/Mar/2022:14:00:05 +0800] "GET /xingrg/all/function/internal_message.html?_=1648706422017&CODE_STATE=getMsg HTTP/1.1" 200 27
116.228.172.94 - - [31/Mar/2022:14:00:07 +0800] "GET /xingrg/all/function/internal_message.html?_=1648706312671&CODE_STATE=getMsg HTTP/1.1" 200 27
222.69.132.164 - - [31/Mar/2022:14:00:15 +0800] "GET /xingrg/all/function/internal_message.html?_=1648706523196&CODE_STATE=getMsg HTTP/1.1" 200 27
222.69.132.164 - - [31/Mar/2022:14:00:19 +0800] "GET /xingrg/check_reg.html?_=1648706527230 HTTP/1.1" 200 22
114.88.156.203 - - [31/Mar/2022:14:00:22 +0800] "GET /xingrg/all/function/internal_message.html?_=1648706183485&CODE_STATE=getMsg HTTP/1.1" 200 27
116.233.76.43 - - [31/Mar/2022:14:00:34 +0800] "GET /xingrg/all/function/internal_message.html?_=1648706433813&CODE_STATE=getMsg HTTP/1.1" 200 27
116.230.110.173 - - [31/Mar/2022:14:00:43 +0800] "GET /xingrg/all/function/internal_message.html?_=1648706441351&CODE_STATE=getMsg HTTP/1.1" 200 27
58.39.168.32 - - [31/Mar/2022:14:00:47 +0800] "GET /xingrg/all/function/internal_message.html?_=1648706445660&CODE_STATE=getMsg HTTP/1.1" 200 27
58.39.168.32 - - [31/Mar/2022:14:00:54 +0800] "GET /xingrg/check_reg.html?_=1648706389610 HTTP/1.1" 200 22
58.39.168.32 - - [31/Mar/2022:14:00:54 +0800] "GET /xingrg/all/function/internal_message.html?_=1648706389612&CODE_STATE=getMsg HTTP/1.1" 200 27
218.81.223.53 - - [31/Mar/2022:14:01:05 +0800] "GET /xingrg/all/function/internal_message.html?_=1648706482024&CODE_STATE=getMsg HTTP/1.1" 200 27
116.228.172.94 - - [31/Mar/2022:14:01:07 +0800] "GET /xingrg/check_reg.html?_=1648706372661 HTTP/1.1" 200 22
116.228.172.94 - - [31/Mar/2022:14:01:07 +0800] "GET /xingrg/all/function/internal_message.html?_=1648706372663&CODE_STATE=getMsg HTTP/1.1" 200 27
222.69.132.164 - - [31/Mar/2022:14:01:15 +0800] "GET /xingrg/all/function/internal_message.html?_=1648706583190&CODE_STATE=getMsg HTTP/1.1" 200 27
114.88.156.203 - - [31/Mar/2022:14:01:22 +0800] "GET /xingrg/all/function/internal_message.html?_=1648706243457&CODE_STATE=getMsg HTTP/1.1" 200 27
116.230.110.173 - - [31/Mar/2022:14:01:28 +0800] "GET /xingrg/dwr/engine.js HTTP/1.1" 200 43631
116.230.110.173 - - [31/Mar/2022:14:01:28 +0800] "GET /favicon.ico HTTP/1.1" 404 -
116.230.110.173 - - [31/Mar/2022:14:01:28 +0800] "POST /xingrg/all/report/load_report_page.html HTTP/1.1" 200 161802
116.230.110.173 - - [31/Mar/2022:14:01:28 +0800] "GET /xingrg/servlets/image?cache=0.828612873447287&image=px HTTP/1.1" 200 807
116.233.76.43 - - [31/Mar/2022:14:01:34 +0800] "GET /xingrg/all/function/internal_message.html?_=1648706493814&CODE_STATE=getMsg HTTP/1.1" 200 27
116.230.110.173 - - [31/Mar/2022:14:01:43 +0800] "GET /xingrg/all/function/internal_message.html?_=1648706501348&CODE_STATE=getMsg HTTP/1.1" 200 27
58.39.168.32 - - [31/Mar/2022:14:01:47 +0800] "GET /xingrg/check_reg.html?_=1648706505660 HTTP/1.1" 200 22
58.39.168.32 - - [31/Mar/2022:14:01:47 +0800] "GET /xingrg/all/function/internal_message.html?_=1648706505664&CODE_STATE=getMsg HTTP/1.1" 200 27
58.39.168.32 - - [31/Mar/2022:14:01:54 +0800] "GET /xingrg/all/function/internal_message.html?_=1648706449611&CODE_STATE=getMsg HTTP/1.1" 200 27
218.81.223.53 - - [31/Mar/2022:14:02:06 +0800] "GET /xingrg/all/function/internal_message.html?_=1648706542704&CODE_STATE=getMsg HTTP/1.1" 200 27
116.228.172.94 - - [31/Mar/2022:14:02:07 +0800] "GET /xingrg/all/function/internal_message.html?_=1648706432674&CODE_STATE=getMsg HTTP/1.1" 200 27
222.69.132.164 - - [31/Mar/2022:14:02:15 +0800] "GET /xingrg/all/function/internal_message.html?_=1648706643175&CODE_STATE=getMsg HTTP/1.1" 200 27
114.88.156.203 - - [31/Mar/2022:14:02:22 +0800] "GET /xingrg/all/function/internal_message.html?_=1648706303434&CODE_STATE=getMsg HTTP/1.1" 200 27
114.88.156.203 - - [31/Mar/2022:14:02:22 +0800] "GET /xingrg/check_reg.html?_=1648706304372 HTTP/1.1" 200 22
218.81.223.53 - - [31/Mar/2022:14:02:23 +0800] "GET /xingrg/check_reg.html?_=1648706559261 HTTP/1.1" 200 22
116.233.76.43 - - [31/Mar/2022:14:02:34 +0800] "GET /xingrg/all/function/internal_message.html?_=1648706553813&CODE_STATE=getMsg HTTP/1.1" 200 27
116.230.110.173 - - [31/Mar/2022:14:02:43 +0800] "GET /xingrg/all/function/internal_message.html?_=1648706561359&CODE_STATE=getMsg HTTP/1.1" 200 27
58.39.168.32 - - [31/Mar/2022:14:02:47 +0800] "GET /xingrg/all/function/internal_message.html?_=1648706565648&CODE_STATE=getMsg HTTP/1.1" 200 27
58.39.168.32 - - [31/Mar/2022:14:02:54 +0800] "GET /xingrg/all/function/internal_message.html?_=1648706509610&CODE_STATE=getMsg HTTP/1.1" 200 27
218.81.223.53 - - [31/Mar/2022:14:03:06 +0800] "GET /xingrg/all/function/internal_message.html?_=1648706602706&CODE_STATE=getMsg HTTP/1.1" 200 27
116.228.172.94 - - [31/Mar/2022:14:03:07 +0800] "GET /xingrg/all/function/internal_message.html?_=1648706492675&CODE_STATE=getMsg HTTP/1.1" 200 27
222.69.132.164 - - [31/Mar/2022:14:03:15 +0800] "GET /xingrg/all/function/internal_message.html?_=1648706703156&CODE_STATE=getMsg HTTP/1.1" 200 27
114.88.156.203 - - [31/Mar/2022:14:03:21 +0800] "GET /xingrg/all/function/internal_message.html?_=1648706363404&CODE_STATE=getMsg HTTP/1.1" 200 27
116.233.76.43 - - [31/Mar/2022:14:03:34 +0800] "GET /xingrg/all/function/internal_message.html?_=1648706613813&CODE_STATE=getMsg HTTP/1.1" 200 27
116.230.110.173 - - [31/Mar/2022:14:03:43 +0800] "GET /xingrg/all/function/internal_message.html?_=1648706621361&CODE_STATE=getMsg HTTP/1.1" 200 27
58.39.168.32 - - [31/Mar/2022:14:03:47 +0800] "GET /xingrg/all/function/internal_message.html?_=1648706625649&CODE_STATE=getMsg HTTP/1.1" 200 27
58.39.168.32 - - [31/Mar/2022:14:03:54 +0800] "GET /xingrg/all/function/internal_message.html?_=1648706569611&CODE_STATE=getMsg HTTP/1.1" 200 27
218.81.223.53 - - [31/Mar/2022:14:04:06 +0800] "GET /xingrg/all/function/internal_message.html?_=1648706662719&CODE_STATE=getMsg HTTP/1.1" 200 27
116.228.172.94 - - [31/Mar/2022:14:04:07 +0800] "GET /xingrg/all/function/internal_message.html?_=1648706552665&CODE_STATE=getMsg HTTP/1.1" 200 27
58.39.168.32 - - [31/Mar/2022:14:04:11 +0800] "GET /xingrg/kc/mdqp/pssh_order_list.html HTTP/1.1" 200 17821
58.39.168.32 - - [31/Mar/2022:14:04:11 +0800] "POST /xingrg/kc/mdqp/pssh_list_operate.html HTTP/1.1" 200 5407
58.39.168.32 - - [31/Mar/2022:14:04:14 +0800] "POST /xingrg/kc/mdqp/pssh_list_operate.html HTTP/1.1" 200 760
58.39.168.32 - - [31/Mar/2022:14:04:14 +0800] "GET /xingrg/kc/mdqp/pssh_order_info.html?code=312022031100193 HTTP/1.1" 200 14386
58.39.168.32 - - [31/Mar/2022:14:04:14 +0800] "GET /xingrg/javascript/jquery_tools/jquery-1.4.2.min.js HTTP/1.1" 404 1094
58.39.168.32 - - [31/Mar/2022:14:04:14 +0800] "GET /xingrg/words/20220330143947_words.js HTTP/1.1" 304 -
58.39.168.32 - - [31/Mar/2022:14:04:14 +0800] "GET /xingrg/javascript/easyui/themes/icons/back_new.png HTTP/1.1" 304 -
58.39.168.32 - - [31/Mar/2022:14:04:14 +0800] "POST /xingrg/kc/mdqp/pssh_order_operate.html HTTP/1.1" 200 4706
58.39.168.32 - - [31/Mar/2022:14:04:14 +0800] "GET /xingrg/javascript/easyui/themes/default/validatebox.css HTTP/1.1" 404 1104
222.69.132.164 - - [31/Mar/2022:14:04:15 +0800] "GET /xingrg/all/function/internal_message.html?_=1648706763138&CODE_STATE=getMsg HTTP/1.1" 200 27
58.39.168.32 - - [31/Mar/2022:14:04:21 +0800] "GET /xingrg/kc/mdqp/pssh_order_list.html HTTP/1.1" 200 17821
114.88.156.203 - - [31/Mar/2022:14:04:21 +0800] "GET /xingrg/all/function/internal_message.html?_=1648706423385&CODE_STATE=getMsg HTTP/1.1" 200 27
58.39.168.32 - - [31/Mar/2022:14:04:22 +0800] "POST /xingrg/kc/mdqp/pssh_list_operate.html HTTP/1.1" 200 5407
58.39.168.32 - - [31/Mar/2022:14:04:27 +0800] "POST /xingrg/kc/mdqp/pssh_list_operate.html HTTP/1.1" 200 255
116.233.76.43 - - [31/Mar/2022:14:04:34 +0800] "GET /xingrg/all/function/internal_message.html?_=1648706673841&CODE_STATE=getMsg HTTP/1.1" 200 27
116.233.76.43 - - [31/Mar/2022:14:04:35 +0800] "GET /xingrg/check_reg.html?_=1648706673843 HTTP/1.1" 200 22
116.230.110.173 - - [31/Mar/2022:14:04:43 +0800] "GET /xingrg/check_reg.html?_=1648706681350 HTTP/1.1" 200 22
116.230.110.173 - - [31/Mar/2022:14:04:43 +0800] "GET /xingrg/all/function/internal_message.html?_=1648706681352&CODE_STATE=getMsg HTTP/1.1" 200 27
58.39.168.32 - - [31/Mar/2022:14:04:47 +0800] "GET /xingrg/all/function/internal_message.html?_=1648706685663&CODE_STATE=getMsg HTTP/1.1" 200 27
58.39.168.32 - - [31/Mar/2022:14:04:54 +0800] "GET /xingrg/all/function/internal_message.html?_=1648706629612&CODE_STATE=getMsg HTTP/1.1" 200 27
218.81.223.53 - - [31/Mar/2022:14:05:07 +0800] "GET /xingrg/all/function/internal_message.html?_=1648706723371&CODE_STATE=getMsg HTTP/1.1" 200 27
116.228.172.94 - - [31/Mar/2022:14:05:07 +0800] "GET /xingrg/all/function/internal_message.html?_=1648706612672&CODE_STATE=getMsg HTTP/1.1" 200 27
222.69.132.164 - - [31/Mar/2022:14:05:15 +0800] "GET /xingrg/all/function/internal_message.html?_=1648706823127&CODE_STATE=getMsg HTTP/1.1" 200 27
222.69.132.164 - - [31/Mar/2022:14:05:19 +0800] "GET /xingrg/check_reg.html?_=1648706827214 HTTP/1.1" 200 22
114.88.156.203 - - [31/Mar/2022:14:05:21 +0800] "GET /xingrg/all/function/internal_message.html?_=1648706483354&CODE_STATE=getMsg HTTP/1.1" 200 27
116.233.76.43 - - [31/Mar/2022:14:05:34 +0800] "GET /xingrg/all/function/internal_message.html?_=1648706733842&CODE_STATE=getMsg HTTP/1.1" 200 27
114.88.156.203 - - [31/Mar/2022:14:05:43 +0800] "GET /xingrg/kc/base/wlsy_order_list.html?syType=0 HTTP/1.1" 200 17186
116.230.110.173 - - [31/Mar/2022:14:05:43 +0800] "GET /xingrg/all/function/internal_message.html?_=1648706741364&CODE_STATE=getMsg HTTP/1.1" 200 27
114.88.156.203 - - [31/Mar/2022:14:05:43 +0800] "GET /xingrg/javascript/easyui/themes/icons/uncheck_new.png HTTP/1.1" 200 3197
114.88.156.203 - - [31/Mar/2022:14:05:43 +0800] "POST /xingrg/kc/base/wlsy_list_operate.html?syType=0 HTTP/1.1" 200 862
114.88.156.203 - - [31/Mar/2022:14:05:45 +0800] "GET /xingrg/kc/base/wlsy_order_add.html?syType=0 HTTP/1.1" 200 28485
114.88.156.203 - - [31/Mar/2022:14:05:45 +0800] "POST /xingrg/kc/base/wlsy_order_operate.html HTTP/1.1" 200 6806
114.88.156.203 - - [31/Mar/2022:14:05:45 +0800] "GET /xingrg/javascript/easyui/themes/default/validatebox.css HTTP/1.1" 404 1104
58.39.168.32 - - [31/Mar/2022:14:05:47 +0800] "GET /xingrg/all/function/internal_message.html?_=1648706745663&CODE_STATE=getMsg HTTP/1.1" 200 27
58.39.168.32 - - [31/Mar/2022:14:05:54 +0800] "GET /xingrg/check_reg.html?_=1648706689611 HTTP/1.1" 200 22
58.39.168.32 - - [31/Mar/2022:14:05:54 +0800] "GET /xingrg/all/function/internal_message.html?_=1648706689615&CODE_STATE=getMsg HTTP/1.1" 200 27
218.81.223.53 - - [31/Mar/2022:14:06:07 +0800] "GET /xingrg/all/function/internal_message.html?_=1648706783386&CODE_STATE=getMsg HTTP/1.1" 200 27
116.228.172.94 - - [31/Mar/2022:14:06:07 +0800] "GET /xingrg/check_reg.html?_=1648706672674 HTTP/1.1" 200 22
116.228.172.94 - - [31/Mar/2022:14:06:07 +0800] "GET /xingrg/all/function/internal_message.html?_=1648706672677&CODE_STATE=getMsg HTTP/1.1" 200 27
114.88.156.203 - - [31/Mar/2022:14:06:10 +0800] "GET /xingrg/kc/base/wlsy_order_operate.html?command=get_materiel&rest_code=00141&base_code=0010834&code=00101009034 HTTP/1.1" 200 431
222.69.132.164 - - [31/Mar/2022:14:06:15 +0800] "GET /xingrg/all/function/internal_message.html?_=1648706883121&CODE_STATE=getMsg HTTP/1.1" 200 27
114.88.156.203 - - [31/Mar/2022:14:06:16 +0800] "GET /xingrg/kc/base/wlsy_order_operate.html?command=get_materiel&rest_code=00141&base_code=0010834&code=00101014075 HTTP/1.1" 200 449
114.88.156.203 - - [31/Mar/2022:14:06:21 +0800] "GET /xingrg/all/function/internal_message.html?_=1648706543345&CODE_STATE=getMsg HTTP/1.1" 200 27
114.88.156.203 - - [31/Mar/2022:14:06:22 +0800] "GET /xingrg/kc/base/wlsy_order_operate.html?command=get_materiel&rest_code=00141&base_code=0010834&code=00101014079 HTTP/1.1" 200 416
114.88.156.203 - - [31/Mar/2022:14:06:27 +0800] "POST /xingrg/kc/base/wlsy_order_operate.html HTTP/1.1" 200 37
114.88.156.203 - - [31/Mar/2022:14:06:27 +0800] "POST /xingrg/kc/base/wlsy_order_operate.html HTTP/1.1" 200 3083
114.88.156.203 - - [31/Mar/2022:14:06:29 +0800] "POST /xingrg/kc/base/wlsy_order_operate.html HTTP/1.1" 200 12
114.88.156.203 - - [31/Mar/2022:14:06:33 +0800] "POST /xingrg/kc/base/wlsy_list_operate.html?syType=0 HTTP/1.1" 200 862
116.233.76.43 - - [31/Mar/2022:14:06:34 +0800] "GET /xingrg/all/function/internal_message.html?_=1648706793842&CODE_STATE=getMsg HTTP/1.1" 200 27
114.88.156.203 - - [31/Mar/2022:14:06:42 +0800] "GET /xingrg/kc/base/wlsy_order_add.html?syType=0 HTTP/1.1" 200 28485
114.88.156.203 - - [31/Mar/2022:14:06:42 +0800] "GET /xingrg/javascript/easyui/themes/default/validatebox.css HTTP/1.1" 404 1104
114.88.156.203 - - [31/Mar/2022:14:06:42 +0800] "POST /xingrg/kc/base/wlsy_order_operate.html HTTP/1.1" 200 6806
58.39.168.32 - - [31/Mar/2022:14:06:47 +0800] "GET /xingrg/check_reg.html?_=1648706805663 HTTP/1.1" 200 22
58.39.168.32 - - [31/Mar/2022:14:06:47 +0800] "GET /xingrg/all/function/internal_message.html?_=1648706805666&CODE_STATE=getMsg HTTP/1.1" 200 27
58.39.168.32 - - [31/Mar/2022:14:06:54 +0800] "GET /xingrg/all/function/internal_message.html?_=1648706749615&CODE_STATE=getMsg HTTP/1.1" 200 27
58.39.61.91 - - [31/Mar/2022:14:06:56 +0800] "GET /favicon.ico HTTP/1.1" 404 -
58.39.61.91 - - [31/Mar/2022:14:06:59 +0800] "GET /xingrg/login.html HTTP/1.1" 200 7641
58.39.61.91 - - [31/Mar/2022:14:07:00 +0800] "GET /favicon.ico HTTP/1.1" 404 -
58.39.61.91 - - [31/Mar/2022:14:07:07 +0800] "POST /xingrg/login.do HTTP/1.1" 302 -
58.39.61.91 - - [31/Mar/2022:14:07:07 +0800] "GET /xingrg/index.html?sysBaseUrl=http%3A%2F%2F180.169.147.146%3A18081%2Fxingrg%2F&costTime=40×tamp=1648706827091 HTTP/1.1" 200 17177
58.39.61.91 - - [31/Mar/2022:14:07:07 +0800] "POST /xingrg/all/common/load_tree.html?tree=area_rest_tree_json&manage=1 HTTP/1.1" 200 476
116.228.172.94 - - [31/Mar/2022:14:07:07 +0800] "GET /xingrg/all/function/internal_message.html?_=1648706732676&CODE_STATE=getMsg HTTP/1.1" 200 27
58.39.61.91 - - [31/Mar/2022:14:07:07 +0800] "GET /favicon.ico HTTP/1.1" 404 -
58.39.61.91 - - [31/Mar/2022:14:07:07 +0800] "GET /xingrg/all/function/internal_message.html?_=1648706826170&CODE_STATE=count HTTP/1.1" 200 11
58.39.61.91 - - [31/Mar/2022:14:07:07 +0800] "POST /xingrg/load_menu.html HTTP/1.1" 200 5138
58.39.61.91 - - [31/Mar/2022:14:07:07 +0800] "GET /xingrg/check_reg.html?_=1648706826171 HTTP/1.1" 200 22
218.81.223.53 - - [31/Mar/2022:14:07:07 +0800] "GET /xingrg/all/function/internal_message.html?_=1648706844009&CODE_STATE=getMsg HTTP/1.1" 200 27
58.39.61.91 - - [31/Mar/2022:14:07:11 +0800] "GET /xingrg/kc/buy/cgsh_order_list.html HTTP/1.1" 200 49894
58.39.61.91 - - [31/Mar/2022:14:07:12 +0800] "POST /xingrg/kc/buy/cgsh_list_operate.html HTTP/1.1" 200 876
222.69.132.164 - - [31/Mar/2022:14:07:15 +0800] "GET /xingrg/all/function/internal_message.html?_=1648706943105&CODE_STATE=getMsg HTTP/1.1" 200 27
114.88.156.203 - - [31/Mar/2022:14:07:21 +0800] "GET /xingrg/all/function/internal_message.html?_=1648706603319&CODE_STATE=getMsg HTTP/1.1" 200 27
114.88.156.203 - - [31/Mar/2022:14:07:22 +0800] "GET /xingrg/check_reg.html?_=1648706604397 HTTP/1.1" 200 22
218.81.223.53 - - [31/Mar/2022:14:07:23 +0800] "GET /xingrg/check_reg.html?_=1648706859265 HTTP/1.1" 200 22
116.233.76.43 - - [31/Mar/2022:14:07:34 +0800] "GET /xingrg/all/function/internal_message.html?_=1648706853843&CODE_STATE=getMsg HTTP/1.1" 200 27
58.39.168.32 - - [31/Mar/2022:14:07:47 +0800] "GET /xingrg/all/function/internal_message.html?_=1648706865650&CODE_STATE=getMsg HTTP/1.1" 200 27
58.39.61.91 - - [31/Mar/2022:14:07:48 +0800] "GET /xingrg/kc/buy/cgsh_order_add.html HTTP/1.1" 200 65263
58.39.61.91 - - [31/Mar/2022:14:07:48 +0800] "POST /xingrg/kc/buy/cgsh_order_operate.html HTTP/1.1" 200 8245
58.39.61.91 - - [31/Mar/2022:14:07:48 +0800] "GET /xingrg/all/common/auto_word.html?type=employee&rest_code=00151 HTTP/1.1" 200 293
58.39.61.91 - - [31/Mar/2022:14:07:48 +0800] "GET /xingrg/all/common/auto_word.html?type=employee&rest_code=00151 HTTP/1.1" 200 293
58.39.61.91 - - [31/Mar/2022:14:07:48 +0800] "GET /xingrg/javascript/easyui/themes/default/validatebox.css HTTP/1.1" 404 1104
58.39.61.91 - - [31/Mar/2022:14:07:50 +0800] "GET /xingrg/javascript/auto/indicator.gif HTTP/1.1" 404 1066
58.39.168.32 - - [31/Mar/2022:14:07:54 +0800] "GET /xingrg/all/function/internal_message.html?_=1648706809616&CODE_STATE=getMsg HTTP/1.1" 200 27
114.88.156.203 - - [31/Mar/2022:14:07:57 +0800] "GET /xingrg/kc/base/wlsy_order_operate.html?command=get_materiel&rest_code=00141&base_code=0010387&code=00101008061 HTTP/1.1" 200 425
58.39.61.91 - - [31/Mar/2022:14:07:59 +0800] "GET /xingrg/kc/buy/cgsh_order_operate.html?command=get_materiel&rest_code=00151&code=00101006013&supplier_code=00100096&order_time=2022-03-31 HTTP/1.1" 200 411
114.88.156.203 - - [31/Mar/2022:14:08:02 +0800] "GET /xingrg/kc/base/wlsy_order_operate.html?command=get_materiel&rest_code=00141&base_code=0010387&code=00101008095 HTTP/1.1" 200 427
116.228.172.94 - - [31/Mar/2022:14:08:07 +0800] "GET /xingrg/all/function/internal_message.html?_=1648706792666&CODE_STATE=getMsg HTTP/1.1" 200 27
58.39.61.91 - - [31/Mar/2022:14:08:07 +0800] "GET /xingrg/all/function/internal_message.html?_=1648706886198&CODE_STATE=getMsg HTTP/1.1" 200 27
218.81.223.53 - - [31/Mar/2022:14:08:07 +0800] "GET /xingrg/all/function/internal_message.html?_=1648706904022&CODE_STATE=getMsg HTTP/1.1" 200 27
114.88.156.203 - - [31/Mar/2022:14:08:07 +0800] "GET /xingrg/kc/base/wlsy_order_operate.html?command=get_materiel&rest_code=00141&base_code=0010387&code=00101008112 HTTP/1.1" 200 429
114.88.156.203 - - [31/Mar/2022:14:08:13 +0800] "GET /xingrg/kc/base/wlsy_order_operate.html?command=get_materiel&rest_code=00141&base_code=0010387&code=00101008114 HTTP/1.1" 200 417
222.69.132.164 - - [31/Mar/2022:14:08:15 +0800] "GET /xingrg/all/function/internal_message.html?_=1648707003082&CODE_STATE=getMsg HTTP/1.1" 200 27
114.88.156.203 - - [31/Mar/2022:14:08:16 +0800] "GET /xingrg/kc/base/wlsy_order_operate.html?command=get_materiel&rest_code=00141&base_code=0010387&code=00101008236 HTTP/1.1" 200 419
114.88.156.203 - - [31/Mar/2022:14:08:21 +0800] "GET /xingrg/all/function/internal_message.html?_=1648706663317&CODE_STATE=getMsg HTTP/1.1" 200 27
114.88.156.203 - - [31/Mar/2022:14:08:24 +0800] "GET /xingrg/kc/base/wlsy_order_operate.html?command=get_materiel&rest_code=00141&base_code=0010387&code=00101008323 HTTP/1.1" 200 412
114.88.156.203 - - [31/Mar/2022:14:08:31 +0800] "GET /xingrg/kc/base/wlsy_order_operate.html?command=get_materiel&rest_code=00141&base_code=0010387&code=00101008324 HTTP/1.1" 200 415
222.69.132.164 - - [31/Mar/2022:14:08:34 +0800] "GET /xingrg/kc/base/check_order_list.html HTTP/1.1" 200 16185
222.69.132.164 - - [31/Mar/2022:14:08:34 +0800] "POST /xingrg/kc/base/check_list_operate.html HTTP/1.1" 200 1560
116.233.76.43 - - [31/Mar/2022:14:08:34 +0800] "GET /xingrg/all/function/internal_message.html?_=1648706913843&CODE_STATE=getMsg HTTP/1.1" 200 27
222.69.132.164 - - [31/Mar/2022:14:08:37 +0800] "GET /xingrg/kc/base/check_order_add.html HTTP/1.1" 200 25534
222.69.132.164 - - [31/Mar/2022:14:08:37 +0800] "GET /xingrg/dwr/interface/AjaxComOrderService.js HTTP/1.1" 200 18264
222.69.132.164 - - [31/Mar/2022:14:08:37 +0800] "GET /xingrg/dwr/interface/AjaxCheckService.js HTTP/1.1" 200 14003
222.69.132.164 - - [31/Mar/2022:14:08:37 +0800] "GET /xingrg/dwr/util.js HTTP/1.1" 304 -
222.69.132.164 - - [31/Mar/2022:14:08:37 +0800] "GET /xingrg/dwr/engine.js HTTP/1.1" 200 43631
114.88.156.203 - - [31/Mar/2022:14:08:39 +0800] "GET /xingrg/kc/base/wlsy_order_operate.html?command=get_materiel&rest_code=00141&base_code=0010387&code=00101008496 HTTP/1.1" 200 408
222.69.132.164 - - [31/Mar/2022:14:08:44 +0800] "POST /xingrg/dwr/call/plaincall/AjaxCheckService.saveOrder.dwr HTTP/1.1" 200 78
114.88.156.203 - - [31/Mar/2022:14:08:44 +0800] "GET /xingrg/kc/base/wlsy_order_operate.html?command=get_materiel&rest_code=00141&base_code=0010387&code=00101008568 HTTP/1.1" 200 401
222.69.132.164 - - [31/Mar/2022:14:08:46 +0800] "POST /xingrg/dwr/call/plaincall/AjaxCheckService.loadOrderItems.dwr HTTP/1.1" 200 367
58.39.168.32 - - [31/Mar/2022:14:08:47 +0800] "GET /xingrg/all/function/internal_message.html?_=1648706925650&CODE_STATE=getMsg HTTP/1.1" 200 27
114.88.156.203 - - [31/Mar/2022:14:08:51 +0800] "GET /xingrg/kc/base/wlsy_order_operate.html?command=get_materiel&rest_code=00141&base_code=0010387&code=00101008571 HTTP/1.1" 200 400
222.69.132.164 - - [31/Mar/2022:14:08:53 +0800] "POST /xingrg/kc/report/common_data.html?type=materiel_category_tree HTTP/1.1" 200 3878
222.69.132.164 - - [31/Mar/2022:14:08:53 +0800] "GET /xingrg/javascript/jquery_easy_ui/themes/default/images/tree_checkbox_0.gif HTTP/1.1" 200 168
58.39.168.32 - - [31/Mar/2022:14:08:54 +0800] "GET /xingrg/all/function/internal_message.html?_=1648706869616&CODE_STATE=getMsg HTTP/1.1" 200 27
58.39.61.91 - - [31/Mar/2022:14:08:54 +0800] "POST /xingrg/kc/buy/cgsh_order_operate.html HTTP/1.1" 200 37
222.69.132.164 - - [31/Mar/2022:14:08:55 +0800] "GET /xingrg/javascript/jquery_easy_ui/themes/default/images/tree_checkbox_1.gif HTTP/1.1" 200 174
222.69.132.164 - - [31/Mar/2022:14:08:55 +0800] "GET /xingrg/javascript/jquery_easy_ui/themes/default/images/tree_checkbox_2.gif HTTP/1.1" 200 181
114.88.156.203 - - [31/Mar/2022:14:08:55 +0800] "GET /xingrg/kc/base/wlsy_order_operate.html?command=get_materiel&rest_code=00141&base_code=0010387&code=00101009054 HTTP/1.1" 200 414
58.39.61.91 - - [31/Mar/2022:14:08:58 +0800] "POST /xingrg/kc/buy/cgsh_order_operate.html HTTP/1.1" 200 12
58.39.61.91 - - [31/Mar/2022:14:08:59 +0800] "GET /xingrg/kc/buy/cgsh_order_info.html?code=212022033103960 HTTP/1.1" 200 60162
58.39.61.91 - - [31/Mar/2022:14:08:59 +0800] "GET /xingrg/javascript/easyui/themes/default/validatebox.css HTTP/1.1" 404 1104
58.39.61.91 - - [31/Mar/2022:14:09:00 +0800] "POST /xingrg/kc/buy/cgsh_order_operate.html HTTP/1.1" 200 616
58.39.61.91 - - [31/Mar/2022:14:09:01 +0800] "GET /xingrg/kc/print/load_config.html?kc_code=cgsh HTTP/1.1" 200 1943
58.39.61.91 - - [31/Mar/2022:14:09:01 +0800] "GET /xingrg/kc/print/load_data.html?order_code=212022033103960&kc_code=cgsh&condition= HTTP/1.1" 200 690
114.88.156.203 - - [31/Mar/2022:14:09:01 +0800] "GET /xingrg/kc/base/wlsy_order_operate.html?command=get_materiel&rest_code=00141&base_code=0010387&code=00101010792 HTTP/1.1" 200 411
222.69.132.164 - - [31/Mar/2022:14:09:03 +0800] "POST /xingrg/dwr/call/plaincall/AjaxCheckService.importOrderItems.dwr HTTP/1.1" 200 78
222.69.132.164 - - [31/Mar/2022:14:09:06 +0800] "POST /xingrg/dwr/call/plaincall/AjaxCheckService.loadOrderItems.dwr HTTP/1.1" 200 83002
116.228.172.94 - - [31/Mar/2022:14:09:07 +0800] "GET /xingrg/all/function/internal_message.html?_=1648706852678&CODE_STATE=getMsg HTTP/1.1" 200 27
58.39.61.91 - - [31/Mar/2022:14:09:07 +0800] "GET /xingrg/all/function/internal_message.html?_=1648706946201&CODE_STATE=getMsg HTTP/1.1" 200 27
218.81.223.53 - - [31/Mar/2022:14:09:07 +0800] "GET /xingrg/all/function/internal_message.html?_=1648706964034&CODE_STATE=getMsg HTTP/1.1" 200 27
114.88.156.203 - - [31/Mar/2022:14:09:14 +0800] "GET /xingrg/kc/base/wlsy_order_operate.html?command=get_materiel&rest_code=00141&base_code=0010387&code=00101010820 HTTP/1.1" 200 425
222.69.132.164 - - [31/Mar/2022:14:09:15 +0800] "GET /xingrg/login.html HTTP/1.1" 200 7641
222.69.132.164 - - [31/Mar/2022:14:09:15 +0800] "GET /favicon.ico HTTP/1.1" 404 -
114.88.156.203 - - [31/Mar/2022:14:09:21 +0800] "GET /xingrg/all/function/internal_message.html?_=1648706723310&CODE_STATE=getMsg HTTP/1.1" 200 27
222.69.132.164 - - [31/Mar/2022:14:09:26 +0800] "POST /xingrg/login.do HTTP/1.1" 302 -
222.69.132.164 - - [31/Mar/2022:14:09:26 +0800] "GET /xingrg/index.html?sysBaseUrl=http%3A%2F%2F180.169.147.146%3A18081%2Fxingrg%2F&costTime=41×tamp=1648706966246 HTTP/1.1" 200 17179
222.69.132.164 - - [31/Mar/2022:14:09:26 +0800] "GET /favicon.ico HTTP/1.1" 404 -
222.69.132.164 - - [31/Mar/2022:14:09:26 +0800] "POST /xingrg/all/common/load_tree.html?tree=area_rest_tree_json&manage=1 HTTP/1.1" 200 351
222.69.132.164 - - [31/Mar/2022:14:09:26 +0800] "GET /xingrg/all/function/internal_message.html?_=1648707074221&CODE_STATE=count HTTP/1.1" 200 11
222.69.132.164 - - [31/Mar/2022:14:09:26 +0800] "POST /xingrg/load_menu.html HTTP/1.1" 200 5138
222.69.132.164 - - [31/Mar/2022:14:09:26 +0800] "GET /xingrg/check_reg.html?_=1648707074222 HTTP/1.1" 200 22
58.39.168.32 - - [31/Mar/2022:14:09:27 +0800] "POST /xingrg/services/DataTransmitService HTTP/1.1" 200 524
58.39.168.32 - - [31/Mar/2022:14:09:27 +0800] "POST /xingrg/services/DataTransmitService HTTP/1.1" 200 501
114.88.156.203 - - [31/Mar/2022:14:09:28 +0800] "GET /xingrg/kc/base/wlsy_order_operate.html?command=get_materiel&rest_code=00141&base_code=0010387&code=00101012026 HTTP/1.1" 200 411
222.69.132.164 - - [31/Mar/2022:14:09:31 +0800] "GET /xingrg/kc/base/check_order_list.html HTTP/1.1" 200 16185
222.69.132.164 - - [31/Mar/2022:14:09:31 +0800] "POST /xingrg/kc/base/check_list_operate.html HTTP/1.1" 200 1887
116.233.76.43 - - [31/Mar/2022:14:09:34 +0800] "GET /xingrg/check_reg.html?_=1648706973843 HTTP/1.1" 200 22
116.233.76.43 - - [31/Mar/2022:14:09:35 +0800] "GET /xingrg/all/function/internal_message.html?_=1648706973846&CODE_STATE=getMsg HTTP/1.1" 200 27
114.88.156.203 - - [31/Mar/2022:14:09:39 +0800] "GET /xingrg/kc/base/wlsy_order_operate.html?command=get_materiel&rest_code=00141&base_code=0010387&code=00101020144 HTTP/1.1" 200 446
222.69.132.164 - - [31/Mar/2022:14:09:39 +0800] "POST /xingrg/kc/base/check_list_operate.html HTTP/1.1" 200 4
222.69.132.164 - - [31/Mar/2022:14:09:40 +0800] "POST /xingrg/kc/base/check_list_operate.html HTTP/1.1" 200 781
222.69.132.164 - - [31/Mar/2022:14:09:42 +0800] "GET /xingrg/kc/base/check_order_add.html HTTP/1.1" 200 25534
222.69.132.164 - - [31/Mar/2022:14:09:42 +0800] "GET /xingrg/dwr/interface/AjaxComOrderService.js HTTP/1.1" 200 18264
222.69.132.164 - - [31/Mar/2022:14:09:42 +0800] "GET /xingrg/dwr/interface/AjaxCheckService.js HTTP/1.1" 200 14003
222.69.132.164 - - [31/Mar/2022:14:09:42 +0800] "GET /xingrg/dwr/engine.js HTTP/1.1" 200 43631
114.88.156.203 - - [31/Mar/2022:14:09:44 +0800] "GET /xingrg/kc/base/wlsy_order_operate.html?command=get_materiel&rest_code=00141&base_code=0010387&code=00101020152 HTTP/1.1" 200 418
58.39.168.32 - - [31/Mar/2022:14:09:47 +0800] "GET /xingrg/all/function/internal_message.html?_=1648706985651&CODE_STATE=getMsg HTTP/1.1" 200 27
222.69.132.164 - - [31/Mar/2022:14:09:47 +0800] "POST /xingrg/dwr/call/plaincall/AjaxCheckService.saveOrder.dwr HTTP/1.1" 200 78
222.69.132.164 - - [31/Mar/2022:14:09:49 +0800] "POST /xingrg/dwr/call/plaincall/AjaxCheckService.loadOrderItems.dwr HTTP/1.1" 200 367
222.69.132.164 - - [31/Mar/2022:14:09:52 +0800] "POST /xingrg/kc/report/common_data.html?type=materiel_category_tree HTTP/1.1" 200 3878
58.39.168.32 - - [31/Mar/2022:14:09:54 +0800] "GET /xingrg/all/function/internal_message.html?_=1648706929602&CODE_STATE=getMsg HTTP/1.1" 200 27
114.88.156.203 - - [31/Mar/2022:14:09:57 +0800] "POST /xingrg/kc/base/wlsy_order_operate.html HTTP/1.1" 200 37
114.88.156.203 - - [31/Mar/2022:14:09:58 +0800] "POST /xingrg/kc/base/wlsy_order_operate.html HTTP/1.1" 200 8874
114.88.156.203 - - [31/Mar/2022:14:09:59 +0800] "POST /xingrg/kc/base/wlsy_order_operate.html HTTP/1.1" 200 12
222.69.132.164 - - [31/Mar/2022:14:10:00 +0800] "POST /xingrg/dwr/call/plaincall/AjaxCheckService.importOrderItems.dwr HTTP/1.1" 200 78
222.69.132.164 - - [31/Mar/2022:14:10:02 +0800] "POST /xingrg/dwr/call/plaincall/AjaxCheckService.loadOrderItems.dwr HTTP/1.1" 200 83002
222.69.132.164 - - [31/Mar/2022:14:10:04 +0800] "GET /xingrg/kc/print/load_config.html?_=1648707111867&kc_code=check HTTP/1.1" 200 2411
114.88.156.203 - - [31/Mar/2022:14:10:04 +0800] "POST /xingrg/kc/base/wlsy_list_operate.html?syType=0 HTTP/1.1" 200 862
222.69.132.164 - - [31/Mar/2022:14:10:04 +0800] "GET /xingrg/kc/print/load_data.html?_=1648707111904&order_code=452022033100313&kc_code=check&condition= HTTP/1.1" 200 21197
116.228.172.94 - - [31/Mar/2022:14:10:07 +0800] "GET /xingrg/all/function/internal_message.html?_=1648706912670&CODE_STATE=getMsg HTTP/1.1" 200 27
58.39.61.91 - - [31/Mar/2022:14:10:07 +0800] "GET /xingrg/all/function/internal_message.html?_=1648707006214&CODE_STATE=getMsg HTTP/1.1" 200 27
218.81.223.53 - - [31/Mar/2022:14:10:08 +0800] "GET /xingrg/all/function/internal_message.html?_=1648707024681&CODE_STATE=getMsg HTTP/1.1" 200 27
114.88.156.203 - - [31/Mar/2022:14:10:11 +0800] "GET /xingrg/kc/base/wldb_order_list.html HTTP/1.1" 200 19066
114.88.156.203 - - [31/Mar/2022:14:10:11 +0800] "POST /xingrg/kc/base/wldb_list_operate.html HTTP/1.1" 200 928
114.88.156.203 - - [31/Mar/2022:14:10:12 +0800] "GET /xingrg/kc/base/wldb_order_add.html HTTP/1.1" 200 30280
114.88.156.203 - - [31/Mar/2022:14:10:13 +0800] "GET /xingrg/javascript/easyui/themes/default/validatebox.css HTTP/1.1" 404 1104
114.88.156.203 - - [31/Mar/2022:14:10:13 +0800] "POST /xingrg/kc/base/wldb_order_operate.html HTTP/1.1" 200 6806
114.88.156.203 - - [31/Mar/2022:14:10:21 +0800] "GET /xingrg/all/function/internal_message.html?_=1648706783254&CODE_STATE=getMsg HTTP/1.1" 200 27
222.69.132.164 - - [31/Mar/2022:14:10:26 +0800] "GET /xingrg/all/function/internal_message.html?_=1648707134231&CODE_STATE=getMsg HTTP/1.1" 200 27
116.233.76.43 - - [31/Mar/2022:14:10:34 +0800] "GET /xingrg/all/function/internal_message.html?_=1648707033845&CODE_STATE=getMsg HTTP/1.1" 200 27
58.39.168.32 - - [31/Mar/2022:14:10:47 +0800] "GET /xingrg/all/function/internal_message.html?_=1648707045651&CODE_STATE=getMsg HTTP/1.1" 200 27
58.39.168.32 - - [31/Mar/2022:14:10:54 +0800] "GET /xingrg/all/function/internal_message.html?_=1648706989616&CODE_STATE=getMsg HTTP/1.1" 200 27
58.39.168.32 - - [31/Mar/2022:14:10:54 +0800] "GET /xingrg/check_reg.html?_=1648706989619 HTTP/1.1" 200 22
116.228.172.94 - - [31/Mar/2022:14:11:07 +0800] "GET /xingrg/all/function/internal_message.html?_=1648706972668&CODE_STATE=getMsg HTTP/1.1" 200 27
116.228.172.94 - - [31/Mar/2022:14:11:07 +0800] "GET /xingrg/check_reg.html?_=1648706972671 HTTP/1.1" 200 22
58.39.61.91 - - [31/Mar/2022:14:11:07 +0800] "GET /xingrg/all/function/internal_message.html?_=1648707066208&CODE_STATE=getMsg HTTP/1.1" 200 27
218.81.223.53 - - [31/Mar/2022:14:11:08 +0800] "GET /xingrg/all/function/internal_message.html?_=1648707084685&CODE_STATE=getMsg HTTP/1.1" 200 27
114.88.156.203 - - [31/Mar/2022:14:11:15 +0800] "GET /xingrg/kc/base/wldb_order_operate.html?command=get_materiel&rest_code=00141&base_code=0010387&code=00101007074 HTTP/1.1" 200 437
114.88.156.203 - - [31/Mar/2022:14:11:20 +0800] "GET /xingrg/kc/base/wldb_order_operate.html?command=get_materiel&rest_code=00141&base_code=0010387&code=00101006249 HTTP/1.1" 200 425
114.88.156.203 - - [31/Mar/2022:14:11:21 +0800] "GET /xingrg/all/function/internal_message.html?_=1648706843236&CODE_STATE=getMsg HTTP/1.1" 200 27
114.88.156.203 - - [31/Mar/2022:14:11:23 +0800] "GET /xingrg/kc/base/wldb_order_operate.html?command=get_materiel&rest_code=00141&base_code=0010387&code=00101008223 HTTP/1.1" 200 433
222.69.132.164 - - [31/Mar/2022:14:11:26 +0800] "GET /xingrg/all/function/internal_message.html?_=1648707194240&CODE_STATE=getMsg HTTP/1.1" 200 27
114.88.156.203 - - [31/Mar/2022:14:11:27 +0800] "GET /xingrg/kc/base/wldb_order_operate.html?command=get_materiel&rest_code=00141&base_code=0010387&code=00101021031 HTTP/1.1" 200 416
114.88.156.203 - - [31/Mar/2022:14:11:31 +0800] "GET /xingrg/kc/base/wldb_order_operate.html?command=get_materiel&rest_code=00141&base_code=0010387&code=00101008353 HTTP/1.1" 200 429
116.233.76.43 - - [31/Mar/2022:14:11:35 +0800] "GET /xingrg/all/function/internal_message.html?_=1648707093845&CODE_STATE=getMsg HTTP/1.1" 200 27
114.88.156.203 - - [31/Mar/2022:14:11:43 +0800] "GET /xingrg/kc/base/wldb_order_operate.html?command=get_materiel&rest_code=00141&base_code=0010387&code=00101010569 HTTP/1.1" 200 416
114.88.156.203 - - [31/Mar/2022:14:11:47 +0800] "GET /xingrg/kc/base/wldb_order_operate.html?command=get_materiel&rest_code=00141&base_code=0010387&code=00101010691 HTTP/1.1" 200 416
58.39.168.32 - - [31/Mar/2022:14:11:47 +0800] "GET /xingrg/all/function/internal_message.html?_=1648707105651&CODE_STATE=getMsg HTTP/1.1" 200 27
58.39.168.32 - - [31/Mar/2022:14:11:47 +0800] "GET /xingrg/check_reg.html?_=1648707105654 HTTP/1.1" 200 22
114.88.156.203 - - [31/Mar/2022:14:11:54 +0800] "GET /xingrg/kc/base/wldb_order_operate.html?command=get_materiel&rest_code=00141&base_code=0010387&code=00101001010 HTTP/1.1" 200 430
58.39.168.32 - - [31/Mar/2022:14:11:54 +0800] "GET /xingrg/all/function/internal_message.html?_=1648707049604&CODE_STATE=getMsg HTTP/1.1" 200 27
58.39.61.91 - - [31/Mar/2022:14:11:58 +0800] "GET /xingrg/login.html HTTP/1.1" 200 7641
58.39.61.91 - - [31/Mar/2022:14:11:58 +0800] "GET /favicon.ico HTTP/1.1" 404 -
114.88.156.203 - - [31/Mar/2022:14:12:00 +0800] "GET /xingrg/kc/base/wldb_order_operate.html?command=get_materiel&rest_code=00141&base_code=0010387&code=00101006193 HTTP/1.1" 200 428
114.88.156.203 - - [31/Mar/2022:14:12:05 +0800] "POST /xingrg/kc/base/wldb_order_operate.html HTTP/1.1" 200 37
58.39.61.91 - - [31/Mar/2022:14:12:05 +0800] "POST /xingrg/login.do HTTP/1.1" 302 -
58.39.61.91 - - [31/Mar/2022:14:12:05 +0800] "GET /xingrg/index.html?sysBaseUrl=http%3A%2F%2F180.169.147.146%3A18081%2Fxingrg%2F&costTime=52×tamp=1648707125496 HTTP/1.1" 200 17177
58.39.61.91 - - [31/Mar/2022:14:12:05 +0800] "POST /xingrg/all/common/load_tree.html?tree=area_rest_tree_json&manage=1 HTTP/1.1" 200 476
58.39.61.91 - - [31/Mar/2022:14:12:05 +0800] "GET /favicon.ico HTTP/1.1" 404 -
58.39.61.91 - - [31/Mar/2022:14:12:05 +0800] "POST /xingrg/load_menu.html HTTP/1.1" 200 5138
58.39.61.91 - - [31/Mar/2022:14:12:05 +0800] "GET /xingrg/all/function/internal_message.html?_=1648707124462&CODE_STATE=count HTTP/1.1" 200 11
