116.233.76.43 - - [31/Mar/2022:12:48:35 +0800] "GET /xingrg/all/function/internal_message.html?_=1648702113639&CODE_STATE=getMsg HTTP/1.1" 200 27
58.39.61.91 - - [31/Mar/2022:12:48:46 +0800] "GET /xingrg/all/function/internal_message.html?_=1648702125691&CODE_STATE=getMsg HTTP/1.1" 200 27
58.39.168.32 - - [31/Mar/2022:12:48:47 +0800] "GET /xingrg/all/function/internal_message.html?_=1648702125605&CODE_STATE=getMsg HTTP/1.1" 200 27
218.81.223.53 - - [31/Mar/2022:12:48:59 +0800] "GET /xingrg/all/function/internal_message.html?_=1648702155304&CODE_STATE=getMsg HTTP/1.1" 200 27
58.40.7.146 - - [31/Mar/2022:12:49:00 +0800] "GET /xingrg/all/function/internal_message.html?_=1648702138161&CODE_STATE=getMsg HTTP/1.1" 200 27
116.228.172.94 - - [31/Mar/2022:12:49:07 +0800] "GET /xingrg/all/function/internal_message.html?_=1648702052664&CODE_STATE=getMsg HTTP/1.1" 200 27
222.69.132.164 - - [31/Mar/2022:12:49:16 +0800] "GET /xingrg/all/function/internal_message.html?_=1648702264227&CODE_STATE=getMsg HTTP/1.1" 200 27
114.88.156.203 - - [31/Mar/2022:12:49:22 +0800] "GET /xingrg/all/function/internal_message.html?_=1648701924200&CODE_STATE=getMsg HTTP/1.1" 200 27
180.162.6.254 - - [31/Mar/2022:12:49:23 +0800] "GET /favicon.ico HTTP/1.1" 404 -
116.233.76.43 - - [31/Mar/2022:12:49:34 +0800] "GET /xingrg/check_reg.html?_=1648702173625 HTTP/1.1" 200 22
116.233.76.43 - - [31/Mar/2022:12:49:35 +0800] "GET /xingrg/all/function/internal_message.html?_=1648702173627&CODE_STATE=getMsg HTTP/1.1" 200 27
58.39.61.91 - - [31/Mar/2022:12:49:46 +0800] "GET /xingrg/all/function/internal_message.html?_=1648702185691&CODE_STATE=getMsg HTTP/1.1" 200 27
58.39.168.32 - - [31/Mar/2022:12:49:47 +0800] "GET /xingrg/all/function/internal_message.html?_=1648702185606&CODE_STATE=getMsg HTTP/1.1" 200 27
218.81.223.53 - - [31/Mar/2022:12:49:59 +0800] "GET /xingrg/all/function/internal_message.html?_=1648702215317&CODE_STATE=getMsg HTTP/1.1" 200 27
58.40.7.146 - - [31/Mar/2022:12:49:59 +0800] "GET /xingrg/all/function/internal_message.html?_=1648702197346&CODE_STATE=getMsg HTTP/1.1" 200 27
116.228.172.94 - - [31/Mar/2022:12:50:07 +0800] "GET /xingrg/all/function/internal_message.html?_=1648702112678&CODE_STATE=getMsg HTTP/1.1" 200 27
222.69.132.164 - - [31/Mar/2022:12:50:16 +0800] "GET /xingrg/all/function/internal_message.html?_=1648702324209&CODE_STATE=getMsg HTTP/1.1" 200 27
222.69.132.164 - - [31/Mar/2022:12:50:19 +0800] "GET /xingrg/check_reg.html?_=1648702327301 HTTP/1.1" 200 22
114.88.156.203 - - [31/Mar/2022:12:50:22 +0800] "GET /xingrg/all/function/internal_message.html?_=1648701984206&CODE_STATE=getMsg HTTP/1.1" 200 27
116.233.76.43 - - [31/Mar/2022:12:50:34 +0800] "GET /xingrg/all/function/internal_message.html?_=1648702233626&CODE_STATE=getMsg HTTP/1.1" 200 27
58.39.61.91 - - [31/Mar/2022:12:50:46 +0800] "GET /xingrg/all/function/internal_message.html?_=1648702245699&CODE_STATE=getMsg HTTP/1.1" 200 27
58.39.168.32 - - [31/Mar/2022:12:50:47 +0800] "GET /xingrg/all/function/internal_message.html?_=1648702245607&CODE_STATE=getMsg HTTP/1.1" 200 27
58.40.7.146 - - [31/Mar/2022:12:50:59 +0800] "GET /xingrg/all/function/internal_message.html?_=1648702257323&CODE_STATE=getMsg HTTP/1.1" 200 27
218.81.223.53 - - [31/Mar/2022:12:50:59 +0800] "GET /xingrg/all/function/internal_message.html?_=1648702275333&CODE_STATE=getMsg HTTP/1.1" 200 27
116.228.172.94 - - [31/Mar/2022:12:51:07 +0800] "GET /xingrg/check_reg.html?_=1648702172678 HTTP/1.1" 200 22
116.228.172.94 - - [31/Mar/2022:12:51:07 +0800] "GET /xingrg/all/function/internal_message.html?_=1648702172681&CODE_STATE=getMsg HTTP/1.1" 200 27
222.69.132.164 - - [31/Mar/2022:12:51:16 +0800] "GET /xingrg/all/function/internal_message.html?_=1648702384202&CODE_STATE=getMsg HTTP/1.1" 200 27
114.88.156.203 - - [31/Mar/2022:12:51:22 +0800] "GET /xingrg/all/function/internal_message.html?_=1648702044201&CODE_STATE=getMsg HTTP/1.1" 200 27
116.233.76.43 - - [31/Mar/2022:12:51:34 +0800] "GET /xingrg/all/function/internal_message.html?_=1648702293625&CODE_STATE=getMsg HTTP/1.1" 200 27
58.39.61.91 - - [31/Mar/2022:12:51:46 +0800] "GET /xingrg/check_reg.html?_=1648702305702 HTTP/1.1" 200 22
58.39.61.91 - - [31/Mar/2022:12:51:47 +0800] "GET /xingrg/all/function/internal_message.html?_=1648702305705&CODE_STATE=getMsg HTTP/1.1" 200 27
58.39.168.32 - - [31/Mar/2022:12:51:47 +0800] "GET /xingrg/check_reg.html?_=1648702305607 HTTP/1.1" 200 22
58.39.168.32 - - [31/Mar/2022:12:51:47 +0800] "GET /xingrg/all/function/internal_message.html?_=1648702305609&CODE_STATE=getMsg HTTP/1.1" 200 27
218.81.223.53 - - [31/Mar/2022:12:51:59 +0800] "GET /xingrg/all/function/internal_message.html?_=1648702335751&CODE_STATE=getMsg HTTP/1.1" 200 27
58.40.7.146 - - [31/Mar/2022:12:51:59 +0800] "GET /xingrg/all/function/internal_message.html?_=1648702317333&CODE_STATE=getMsg HTTP/1.1" 200 27
58.40.7.146 - - [31/Mar/2022:12:52:01 +0800] "GET /xingrg/check_reg.html?_=1648702318936 HTTP/1.1" 200 22
116.228.172.94 - - [31/Mar/2022:12:52:07 +0800] "GET /xingrg/all/function/internal_message.html?_=1648702232683&CODE_STATE=getMsg HTTP/1.1" 200 27
222.69.132.164 - - [31/Mar/2022:12:52:16 +0800] "GET /xingrg/all/function/internal_message.html?_=1648702444185&CODE_STATE=getMsg HTTP/1.1" 200 27
218.81.223.53 - - [31/Mar/2022:12:52:21 +0800] "GET /xingrg/check_reg.html?_=1648702357949 HTTP/1.1" 200 22
114.88.156.203 - - [31/Mar/2022:12:52:22 +0800] "GET /xingrg/check_reg.html?_=1648702104197 HTTP/1.1" 200 22
114.88.156.203 - - [31/Mar/2022:12:52:22 +0800] "GET /xingrg/all/function/internal_message.html?_=1648702104198&CODE_STATE=getMsg HTTP/1.1" 200 27
116.233.76.43 - - [31/Mar/2022:12:52:34 +0800] "GET /xingrg/all/function/internal_message.html?_=1648702353625&CODE_STATE=getMsg HTTP/1.1" 200 27
58.39.61.91 - - [31/Mar/2022:12:52:46 +0800] "GET /xingrg/all/function/internal_message.html?_=1648702365694&CODE_STATE=getMsg HTTP/1.1" 200 27
58.39.168.32 - - [31/Mar/2022:12:52:47 +0800] "GET /xingrg/all/function/internal_message.html?_=1648702365609&CODE_STATE=getMsg HTTP/1.1" 200 27
218.81.223.53 - - [31/Mar/2022:12:52:59 +0800] "GET /xingrg/all/function/internal_message.html?_=1648702395765&CODE_STATE=getMsg HTTP/1.1" 200 27
58.40.7.146 - - [31/Mar/2022:12:52:59 +0800] "GET /xingrg/all/function/internal_message.html?_=1648702377352&CODE_STATE=getMsg HTTP/1.1" 200 27
116.228.172.94 - - [31/Mar/2022:12:53:07 +0800] "GET /xingrg/all/function/internal_message.html?_=1648702292680&CODE_STATE=getMsg HTTP/1.1" 200 27
222.69.132.164 - - [31/Mar/2022:12:53:16 +0800] "GET /xingrg/all/function/internal_message.html?_=1648702504165&CODE_STATE=getMsg HTTP/1.1" 200 27
114.88.156.203 - - [31/Mar/2022:12:53:22 +0800] "GET /xingrg/all/function/internal_message.html?_=1648702164209&CODE_STATE=getMsg HTTP/1.1" 200 27
116.233.76.43 - - [31/Mar/2022:12:53:34 +0800] "GET /xingrg/all/function/internal_message.html?_=1648702413639&CODE_STATE=getMsg HTTP/1.1" 200 27
58.39.61.91 - - [31/Mar/2022:12:53:47 +0800] "GET /xingrg/all/function/internal_message.html?_=1648702425699&CODE_STATE=getMsg HTTP/1.1" 200 27
58.39.168.32 - - [31/Mar/2022:12:53:47 +0800] "GET /xingrg/all/function/internal_message.html?_=1648702425610&CODE_STATE=getMsg HTTP/1.1" 200 27
58.40.7.146 - - [31/Mar/2022:12:53:59 +0800] "GET /xingrg/all/function/internal_message.html?_=1648702437317&CODE_STATE=getMsg HTTP/1.1" 200 27
218.81.223.53 - - [31/Mar/2022:12:53:59 +0800] "GET /xingrg/all/function/internal_message.html?_=1648702455778&CODE_STATE=getMsg HTTP/1.1" 200 27
116.228.172.94 - - [31/Mar/2022:12:54:07 +0800] "GET /xingrg/all/function/internal_message.html?_=1648702352686&CODE_STATE=getMsg HTTP/1.1" 200 27
222.69.132.164 - - [31/Mar/2022:12:54:16 +0800] "GET /xingrg/all/function/internal_message.html?_=1648702564147&CODE_STATE=getMsg HTTP/1.1" 200 27
114.88.156.203 - - [31/Mar/2022:12:54:22 +0800] "GET /xingrg/all/function/internal_message.html?_=1648702224230&CODE_STATE=getMsg HTTP/1.1" 200 27
116.233.76.43 - - [31/Mar/2022:12:54:34 +0800] "GET /xingrg/check_reg.html?_=1648702473663 HTTP/1.1" 200 22
116.233.76.43 - - [31/Mar/2022:12:54:35 +0800] "GET /xingrg/all/function/internal_message.html?_=1648702473663&CODE_STATE=getMsg HTTP/1.1" 200 27
58.39.61.91 - - [31/Mar/2022:12:54:46 +0800] "GET /xingrg/all/function/internal_message.html?_=1648702485703&CODE_STATE=getMsg HTTP/1.1" 200 27
58.39.168.32 - - [31/Mar/2022:12:54:47 +0800] "GET /xingrg/all/function/internal_message.html?_=1648702485609&CODE_STATE=getMsg HTTP/1.1" 200 27
222.69.132.164 - - [31/Mar/2022:12:54:54 +0800] "GET /xingrg/kc/buy/cgsh_order_list.html HTTP/1.1" 200 49896
222.69.132.164 - - [31/Mar/2022:12:54:55 +0800] "POST /xingrg/kc/buy/cgsh_list_operate.html HTTP/1.1" 200 876
222.69.132.164 - - [31/Mar/2022:12:54:56 +0800] "GET /xingrg/kc/buy/cgsh_order_add.html HTTP/1.1" 200 64828
222.69.132.164 - - [31/Mar/2022:12:54:56 +0800] "GET /xingrg/words/20220330143947_words.js HTTP/1.1" 304 -
222.69.132.164 - - [31/Mar/2022:12:54:56 +0800] "POST /xingrg/kc/buy/cgsh_order_operate.html HTTP/1.1" 200 8245
222.69.132.164 - - [31/Mar/2022:12:54:56 +0800] "GET /xingrg/javascript/easyui/themes/default/validatebox.css HTTP/1.1" 404 1104
58.40.7.146 - - [31/Mar/2022:12:54:59 +0800] "GET /xingrg/all/function/internal_message.html?_=1648702497380&CODE_STATE=getMsg HTTP/1.1" 200 27
218.81.223.53 - - [31/Mar/2022:12:55:00 +0800] "GET /xingrg/all/function/internal_message.html?_=1648702516249&CODE_STATE=getMsg HTTP/1.1" 200 27
116.228.172.94 - - [31/Mar/2022:12:55:07 +0800] "GET /xingrg/all/function/internal_message.html?_=1648702412664&CODE_STATE=getMsg HTTP/1.1" 200 27
222.69.132.164 - - [31/Mar/2022:12:55:16 +0800] "GET /xingrg/all/function/internal_message.html?_=1648702624134&CODE_STATE=getMsg HTTP/1.1" 200 27
222.69.132.164 - - [31/Mar/2022:12:55:19 +0800] "GET /xingrg/check_reg.html?_=1648702627301 HTTP/1.1" 200 22
222.69.132.164 - - [31/Mar/2022:12:55:22 +0800] "GET /xingrg/kc/buy/cgsh_order_operate.html?command=get_materiel&rest_code=00154&code=00101020338&supplier_code=00100151&order_time=2022-03-31 HTTP/1.1" 200 443
114.88.156.203 - - [31/Mar/2022:12:55:22 +0800] "GET /xingrg/all/function/internal_message.html?_=1648702284231&CODE_STATE=getMsg HTTP/1.1" 200 27
222.69.132.164 - - [31/Mar/2022:12:55:24 +0800] "POST /xingrg/all/common/load_select.html HTTP/1.1" 200 25
222.69.132.164 - - [31/Mar/2022:12:55:28 +0800] "GET /xingrg/kc/buy/cgsh_order_operate.html?command=get_materiel_price&rest_code=00154&code=00101020338&unit_code=00100041&supplier_code=00100151&order_time=2022-03-31 HTTP/1.1" 200 30
116.233.76.43 - - [31/Mar/2022:12:55:34 +0800] "GET /xingrg/all/function/internal_message.html?_=1648702533661&CODE_STATE=getMsg HTTP/1.1" 200 27
180.156.212.250 - - [31/Mar/2022:12:55:43 +0800] "POST /xingrg/services/DataTransmitService HTTP/1.1" 200 524
180.156.212.250 - - [31/Mar/2022:12:55:43 +0800] "POST /xingrg/services/DataTransmitService HTTP/1.1" 200 501
58.39.61.91 - - [31/Mar/2022:12:55:46 +0800] "GET /xingrg/all/function/internal_message.html?_=1648702545703&CODE_STATE=getMsg HTTP/1.1" 200 27
58.39.168.32 - - [31/Mar/2022:12:55:47 +0800] "GET /xingrg/all/function/internal_message.html?_=1648702545610&CODE_STATE=getMsg HTTP/1.1" 200 27
58.40.7.146 - - [31/Mar/2022:12:55:58 +0800] "POST /xingrg/kc/base/check_list_operate.html HTTP/1.1" 200 1905
58.40.7.146 - - [31/Mar/2022:12:55:59 +0800] "GET /xingrg/all/function/internal_message.html?_=1648702557288&CODE_STATE=getMsg HTTP/1.1" 200 27
218.81.223.53 - - [31/Mar/2022:12:56:00 +0800] "GET /xingrg/all/function/internal_message.html?_=1648702576257&CODE_STATE=getMsg HTTP/1.1" 200 27
58.40.7.146 - - [31/Mar/2022:12:56:00 +0800] "GET /xingrg/kc/base/check_order_add.html HTTP/1.1" 200 26107
58.40.7.146 - - [31/Mar/2022:12:56:01 +0800] "GET /xingrg/dwr/interface/AjaxComOrderService.js HTTP/1.1" 200 18264
58.40.7.146 - - [31/Mar/2022:12:56:01 +0800] "GET /xingrg/dwr/interface/AjaxCheckService.js HTTP/1.1" 200 14003
58.40.7.146 - - [31/Mar/2022:12:56:01 +0800] "GET /xingrg/dwr/engine.js HTTP/1.1" 200 43631
116.228.172.94 - - [31/Mar/2022:12:56:07 +0800] "GET /xingrg/all/function/internal_message.html?_=1648702472669&CODE_STATE=getMsg HTTP/1.1" 200 27
116.228.172.94 - - [31/Mar/2022:12:56:07 +0800] "GET /xingrg/check_reg.html?_=1648702472672 HTTP/1.1" 200 22
58.40.7.146 - - [31/Mar/2022:12:56:09 +0800] "POST /xingrg/dwr/call/plaincall/AjaxCheckService.saveOrder.dwr HTTP/1.1" 200 78
58.40.7.146 - - [31/Mar/2022:12:56:11 +0800] "POST /xingrg/dwr/call/plaincall/AjaxCheckService.loadOrderItems.dwr HTTP/1.1" 200 367
58.40.7.146 - - [31/Mar/2022:12:56:13 +0800] "POST /xingrg/kc/report/common_data.html?type=materiel_category_tree HTTP/1.1" 200 3878
222.69.132.164 - - [31/Mar/2022:12:56:16 +0800] "GET /xingrg/all/function/internal_message.html?_=1648702684118&CODE_STATE=getMsg HTTP/1.1" 200 27
58.40.7.146 - - [31/Mar/2022:12:56:18 +0800] "POST /xingrg/dwr/call/plaincall/AjaxCheckService.importOrderItems.dwr HTTP/1.1" 200 78
58.40.7.146 - - [31/Mar/2022:12:56:19 +0800] "POST /xingrg/dwr/call/plaincall/AjaxCheckService.loadOrderItems.dwr HTTP/1.1" 200 14241
58.40.7.146 - - [31/Mar/2022:12:56:22 +0800] "GET /xingrg/kc/print/load_config.html?_=1648702580339&kc_code=check HTTP/1.1" 200 2411
58.40.7.146 - - [31/Mar/2022:12:56:22 +0800] "GET /xingrg/kc/print/load_data.html?_=1648702580449&order_code=452022033100306&kc_code=check HTTP/1.1" 200 4015
114.88.156.203 - - [31/Mar/2022:12:56:22 +0800] "GET /xingrg/all/function/internal_message.html?_=1648702344230&CODE_STATE=getMsg HTTP/1.1" 200 27
222.69.132.164 - - [31/Mar/2022:12:56:30 +0800] "GET /xingrg/kc/buy/cgsh_order_operate.html?command=get_materiel&rest_code=00154&code=00101020340&supplier_code=00100151&order_time=2022-03-31 HTTP/1.1" 200 395
222.69.132.164 - - [31/Mar/2022:12:56:32 +0800] "POST /xingrg/all/common/load_select.html HTTP/1.1" 200 12
116.233.76.43 - - [31/Mar/2022:12:56:34 +0800] "GET /xingrg/all/function/internal_message.html?_=1648702593658&CODE_STATE=getMsg HTTP/1.1" 200 27
218.81.223.53 - - [31/Mar/2022:12:56:38 +0800] "GET /xingrg/kc/base/wldb_order_add.html HTTP/1.1" 200 30280
218.81.223.53 - - [31/Mar/2022:12:56:39 +0800] "POST /xingrg/kc/base/wldb_order_operate.html HTTP/1.1" 200 6806
218.81.223.53 - - [31/Mar/2022:12:56:39 +0800] "GET /xingrg/javascript/easyui/themes/default/validatebox.css HTTP/1.1" 404 1104
222.69.132.164 - - [31/Mar/2022:12:56:41 +0800] "GET /xingrg/kc/buy/cgsh_order_operate.html?command=get_materiel_price&rest_code=00154&code=00101020340&unit_code=00100004&supplier_code=00100151&order_time=2022-03-31 HTTP/1.1" 200 28
58.39.61.91 - - [31/Mar/2022:12:56:47 +0800] "GET /xingrg/all/function/internal_message.html?_=1648702605706&CODE_STATE=getMsg HTTP/1.1" 200 27
58.39.61.91 - - [31/Mar/2022:12:56:47 +0800] "GET /xingrg/check_reg.html?_=1648702605709 HTTP/1.1" 200 22
58.39.168.32 - - [31/Mar/2022:12:56:47 +0800] "GET /xingrg/check_reg.html?_=1648702605611 HTTP/1.1" 200 22
58.39.168.32 - - [31/Mar/2022:12:56:47 +0800] "GET /xingrg/all/function/internal_message.html?_=1648702605613&CODE_STATE=getMsg HTTP/1.1" 200 27
58.40.7.146 - - [31/Mar/2022:12:56:59 +0800] "GET /xingrg/all/function/internal_message.html?_=1648702617269&CODE_STATE=getMsg HTTP/1.1" 200 27
218.81.223.53 - - [31/Mar/2022:12:57:00 +0800] "GET /xingrg/all/function/internal_message.html?_=1648702636270&CODE_STATE=getMsg HTTP/1.1" 200 27
58.40.7.146 - - [31/Mar/2022:12:57:01 +0800] "GET /xingrg/check_reg.html?_=1648702618936 HTTP/1.1" 200 22
58.40.7.146 - - [31/Mar/2022:12:57:02 +0800] "POST /xingrg/kc/base/check_list_operate.html HTTP/1.1" 200 2238
116.228.172.94 - - [31/Mar/2022:12:57:07 +0800] "GET /xingrg/all/function/internal_message.html?_=1648702532673&CODE_STATE=getMsg HTTP/1.1" 200 27
222.69.132.164 - - [31/Mar/2022:12:57:16 +0800] "GET /xingrg/all/function/internal_message.html?_=1648702744104&CODE_STATE=getMsg HTTP/1.1" 200 27
218.81.223.53 - - [31/Mar/2022:12:57:21 +0800] "GET /xingrg/check_reg.html?_=1648702657957 HTTP/1.1" 200 22
114.88.156.203 - - [31/Mar/2022:12:57:22 +0800] "GET /xingrg/check_reg.html?_=1648702404229 HTTP/1.1" 200 22
114.88.156.203 - - [31/Mar/2022:12:57:22 +0800] "GET /xingrg/all/function/internal_message.html?_=1648702404230&CODE_STATE=getMsg HTTP/1.1" 200 27
116.233.76.43 - - [31/Mar/2022:12:57:34 +0800] "GET /xingrg/all/function/internal_message.html?_=1648702653656&CODE_STATE=getMsg HTTP/1.1" 200 27
58.39.61.91 - - [31/Mar/2022:12:57:47 +0800] "GET /xingrg/all/function/internal_message.html?_=1648702665718&CODE_STATE=getMsg HTTP/1.1" 200 27
58.39.168.32 - - [31/Mar/2022:12:57:47 +0800] "GET /xingrg/all/function/internal_message.html?_=1648702665600&CODE_STATE=getMsg HTTP/1.1" 200 27
218.81.223.53 - - [31/Mar/2022:12:57:55 +0800] "GET /xingrg/kc/base/wldb_order_operate.html?command=get_materiel&rest_code=00146&base_code=0010069&code=00101001109 HTTP/1.1" 200 435
58.40.7.146 - - [31/Mar/2022:12:57:59 +0800] "GET /xingrg/all/function/internal_message.html?_=1648702677335&CODE_STATE=getMsg HTTP/1.1" 200 27
218.81.223.53 - - [31/Mar/2022:12:58:00 +0800] "GET /xingrg/all/function/internal_message.html?_=1648702696285&CODE_STATE=getMsg HTTP/1.1" 200 27
116.228.172.94 - - [31/Mar/2022:12:58:07 +0800] "GET /xingrg/all/function/internal_message.html?_=1648702592663&CODE_STATE=getMsg HTTP/1.1" 200 27
218.81.223.53 - - [31/Mar/2022:12:58:11 +0800] "GET /xingrg/kc/base/wldb_order_operate.html?command=get_materiel&rest_code=00146&base_code=0010069&code=00101001274 HTTP/1.1" 200 416
222.69.132.164 - - [31/Mar/2022:12:58:16 +0800] "GET /xingrg/all/function/internal_message.html?_=1648702804091&CODE_STATE=getMsg HTTP/1.1" 200 27
114.88.156.203 - - [31/Mar/2022:12:58:22 +0800] "GET /xingrg/all/function/internal_message.html?_=1648702464229&CODE_STATE=getMsg HTTP/1.1" 200 27
218.81.223.53 - - [31/Mar/2022:12:58:29 +0800] "GET /xingrg/kc/base/wldb_order_operate.html?command=get_materiel&rest_code=00146&base_code=0010069&code=00101005001 HTTP/1.1" 200 442
116.233.76.43 - - [31/Mar/2022:12:58:34 +0800] "GET /xingrg/all/function/internal_message.html?_=1648702713656&CODE_STATE=getMsg HTTP/1.1" 200 27
58.39.61.91 - - [31/Mar/2022:12:58:46 +0800] "GET /xingrg/all/function/internal_message.html?_=1648702725705&CODE_STATE=getMsg HTTP/1.1" 200 27
58.39.168.32 - - [31/Mar/2022:12:58:47 +0800] "GET /xingrg/all/function/internal_message.html?_=1648702725599&CODE_STATE=getMsg HTTP/1.1" 200 27
218.81.223.53 - - [31/Mar/2022:12:58:58 +0800] "GET /xingrg/kc/base/wldb_order_operate.html?command=get_materiel&rest_code=00146&base_code=0010069&code=00101006014 HTTP/1.1" 200 444
58.40.7.146 - - [31/Mar/2022:12:58:59 +0800] "GET /xingrg/all/function/internal_message.html?_=1648702737259&CODE_STATE=getMsg HTTP/1.1" 200 27
218.81.223.53 - - [31/Mar/2022:12:59:00 +0800] "GET /xingrg/all/function/internal_message.html?_=1648702756298&CODE_STATE=getMsg HTTP/1.1" 200 27
58.40.7.146 - - [31/Mar/2022:12:59:01 +0800] "POST /xingrg/kc/base/check_list_operate.html HTTP/1.1" 200 2238
58.40.7.146 - - [31/Mar/2022:12:59:03 +0800] "POST /xingrg/kc/base/check_list_operate.html HTTP/1.1" 200 2238
58.40.7.146 - - [31/Mar/2022:12:59:04 +0800] "POST /xingrg/kc/base/check_list_operate.html HTTP/1.1" 200 2238
58.40.7.146 - - [31/Mar/2022:12:59:06 +0800] "GET /xingrg/kc/base/check_order_add.html HTTP/1.1" 200 26107
58.40.7.146 - - [31/Mar/2022:12:59:06 +0800] "GET /xingrg/dwr/interface/AjaxComOrderService.js HTTP/1.1" 200 18264
58.40.7.146 - - [31/Mar/2022:12:59:06 +0800] "GET /xingrg/dwr/interface/AjaxCheckService.js HTTP/1.1" 200 14003
58.40.7.146 - - [31/Mar/2022:12:59:07 +0800] "GET /xingrg/dwr/engine.js HTTP/1.1" 200 43631
116.228.172.94 - - [31/Mar/2022:12:59:07 +0800] "GET /xingrg/all/function/internal_message.html?_=1648702652681&CODE_STATE=getMsg HTTP/1.1" 200 27
222.69.132.164 - - [31/Mar/2022:12:59:16 +0800] "GET /xingrg/all/function/internal_message.html?_=1648702864076&CODE_STATE=getMsg HTTP/1.1" 200 27
58.40.7.146 - - [31/Mar/2022:12:59:18 +0800] "POST /xingrg/dwr/call/plaincall/AjaxCheckService.saveOrder.dwr HTTP/1.1" 200 78
58.40.7.146 - - [31/Mar/2022:12:59:19 +0800] "POST /xingrg/dwr/call/plaincall/AjaxCheckService.loadOrderItems.dwr HTTP/1.1" 200 367
58.40.7.146 - - [31/Mar/2022:12:59:22 +0800] "POST /xingrg/kc/report/common_data.html?type=materiel_category_tree HTTP/1.1" 200 3878
114.88.156.203 - - [31/Mar/2022:12:59:22 +0800] "GET /xingrg/all/function/internal_message.html?_=1648702524228&CODE_STATE=getMsg HTTP/1.1" 200 27
58.40.7.146 - - [31/Mar/2022:12:59:27 +0800] "POST /xingrg/dwr/call/plaincall/AjaxCheckService.importOrderItems.dwr HTTP/1.1" 200 78
58.40.7.146 - - [31/Mar/2022:12:59:28 +0800] "POST /xingrg/dwr/call/plaincall/AjaxCheckService.loadOrderItems.dwr HTTP/1.1" 200 72079
218.81.223.53 - - [31/Mar/2022:12:59:29 +0800] "GET /xingrg/kc/base/wldb_order_operate.html?command=get_materiel&rest_code=00146&base_code=0010069&code=00101006060 HTTP/1.1" 200 428
58.40.7.146 - - [31/Mar/2022:12:59:31 +0800] "GET /xingrg/kc/print/load_config.html?_=1648702769561&kc_code=check HTTP/1.1" 200 2411
58.40.7.146 - - [31/Mar/2022:12:59:32 +0800] "GET /xingrg/kc/print/load_data.html?_=1648702769876&order_code=452022033100307&kc_code=check HTTP/1.1" 200 19964
116.233.76.43 - - [31/Mar/2022:12:59:34 +0800] "GET /xingrg/all/function/internal_message.html?_=1648702773656&CODE_STATE=getMsg HTTP/1.1" 200 27
116.233.76.43 - - [31/Mar/2022:12:59:35 +0800] "GET /xingrg/check_reg.html?_=1648702773659 HTTP/1.1" 200 22
218.81.223.53 - - [31/Mar/2022:12:59:41 +0800] "GET /xingrg/kc/base/wldb_order_operate.html?command=get_materiel&rest_code=00146&base_code=0010069&code=00101006061 HTTP/1.1" 200 428
58.39.61.91 - - [31/Mar/2022:12:59:47 +0800] "GET /xingrg/all/function/internal_message.html?_=1648702785705&CODE_STATE=getMsg HTTP/1.1" 200 27
58.39.168.32 - - [31/Mar/2022:12:59:47 +0800] "GET /xingrg/all/function/internal_message.html?_=1648702785599&CODE_STATE=getMsg HTTP/1.1" 200 27
218.81.223.53 - - [31/Mar/2022:12:59:53 +0800] "GET /xingrg/kc/base/wldb_order_operate.html?command=get_materiel&rest_code=00146&base_code=0010069&code=00101006085 HTTP/1.1" 200 431
218.81.223.53 - - [31/Mar/2022:13:00:00 +0800] "GET /xingrg/all/function/internal_message.html?_=1648702816311&CODE_STATE=getMsg HTTP/1.1" 200 27
218.81.223.53 - - [31/Mar/2022:13:00:07 +0800] "GET /xingrg/kc/base/wldb_order_operate.html?command=get_materiel&rest_code=00146&base_code=0010069&code=00101006101 HTTP/1.1" 200 440
116.228.172.94 - - [31/Mar/2022:13:00:07 +0800] "GET /xingrg/all/function/internal_message.html?_=1648702712680&CODE_STATE=getMsg HTTP/1.1" 200 27
58.40.7.146 - - [31/Mar/2022:13:00:08 +0800] "GET /xingrg/all/function/internal_message.html?_=1648702805883&CODE_STATE=getMsg HTTP/1.1" 200 27
222.69.132.164 - - [31/Mar/2022:13:00:16 +0800] "GET /xingrg/all/function/internal_message.html?_=1648702924067&CODE_STATE=getMsg HTTP/1.1" 200 27
222.69.132.164 - - [31/Mar/2022:13:00:19 +0800] "GET /xingrg/check_reg.html?_=1648702927291 HTTP/1.1" 200 22
114.88.156.203 - - [31/Mar/2022:13:00:22 +0800] "GET /xingrg/all/function/internal_message.html?_=1648702584227&CODE_STATE=getMsg HTTP/1.1" 200 27
218.81.223.53 - - [31/Mar/2022:13:00:24 +0800] "GET /xingrg/kc/base/wldb_order_operate.html?command=get_materiel&rest_code=00146&base_code=0010069&code=00101006130 HTTP/1.1" 200 449
116.233.76.43 - - [31/Mar/2022:13:00:34 +0800] "GET /xingrg/all/function/internal_message.html?_=1648702833658&CODE_STATE=getMsg HTTP/1.1" 200 27
218.81.223.53 - - [31/Mar/2022:13:00:40 +0800] "GET /xingrg/kc/base/wldb_order_operate.html?command=get_materiel&rest_code=00146&base_code=0010069&code=00101006172 HTTP/1.1" 200 437
58.39.61.91 - - [31/Mar/2022:13:00:47 +0800] "GET /xingrg/all/function/internal_message.html?_=1648702845715&CODE_STATE=getMsg HTTP/1.1" 200 27
58.39.168.32 - - [31/Mar/2022:13:00:47 +0800] "GET /xingrg/all/function/internal_message.html?_=1648702845600&CODE_STATE=getMsg HTTP/1.1" 200 27
116.233.76.43 - - [31/Mar/2022:13:00:53 +0800] "POST /xingrg/services/DataTransmitService HTTP/1.1" 200 524
116.233.76.43 - - [31/Mar/2022:13:00:59 +0800] "POST /xingrg/services/DataTransmitService HTTP/1.1" 200 501
116.233.76.43 - - [31/Mar/2022:13:00:59 +0800] "POST /xingrg/services/DataTransmitService HTTP/1.1" 200 501
116.233.76.43 - - [31/Mar/2022:13:00:59 +0800] "POST /xingrg/services/DataTransmitService HTTP/1.1" 200 501
116.233.76.43 - - [31/Mar/2022:13:01:00 +0800] "POST /xingrg/services/DataTransmitService HTTP/1.1" 200 501
218.81.223.53 - - [31/Mar/2022:13:01:00 +0800] "GET /xingrg/all/function/internal_message.html?_=1648702876324&CODE_STATE=getMsg HTTP/1.1" 200 27
116.233.76.43 - - [31/Mar/2022:13:01:00 +0800] "POST /xingrg/services/DataTransmitService HTTP/1.1" 200 501
116.233.76.43 - - [31/Mar/2022:13:01:00 +0800] "POST /xingrg/services/DataTransmitService HTTP/1.1" 200 501
116.233.76.43 - - [31/Mar/2022:13:01:01 +0800] "POST /xingrg/services/DataTransmitService HTTP/1.1" 200 501
116.233.76.43 - - [31/Mar/2022:13:01:01 +0800] "POST /xingrg/services/DataTransmitService HTTP/1.1" 200 501
116.233.76.43 - - [31/Mar/2022:13:01:01 +0800] "POST /xingrg/services/DataTransmitService HTTP/1.1" 200 412
116.228.172.94 - - [31/Mar/2022:13:01:07 +0800] "GET /xingrg/check_reg.html?_=1648702772684 HTTP/1.1" 200 22
116.228.172.94 - - [31/Mar/2022:13:01:07 +0800] "GET /xingrg/all/function/internal_message.html?_=1648702772687&CODE_STATE=getMsg HTTP/1.1" 200 27
58.40.7.146 - - [31/Mar/2022:13:01:08 +0800] "GET /xingrg/all/function/internal_message.html?_=1648702865919&CODE_STATE=getMsg HTTP/1.1" 200 27
218.81.223.53 - - [31/Mar/2022:13:01:09 +0800] "GET /xingrg/kc/base/wldb_order_operate.html?command=get_materiel&rest_code=00146&base_code=0010069&code=00101006310 HTTP/1.1" 200 423
222.69.132.164 - - [31/Mar/2022:13:01:16 +0800] "GET /xingrg/all/function/internal_message.html?_=1648702984058&CODE_STATE=getMsg HTTP/1.1" 200 27
114.88.156.203 - - [31/Mar/2022:13:01:22 +0800] "GET /xingrg/all/function/internal_message.html?_=1648702644226&CODE_STATE=getMsg HTTP/1.1" 200 27
218.81.223.53 - - [31/Mar/2022:13:01:25 +0800] "GET /xingrg/kc/base/wldb_order_operate.html?command=get_materiel&rest_code=00146&base_code=0010069&code=00101006311 HTTP/1.1" 200 415
116.233.76.43 - - [31/Mar/2022:13:01:34 +0800] "GET /xingrg/all/function/internal_message.html?_=1648702893659&CODE_STATE=getMsg HTTP/1.1" 200 27
218.81.223.53 - - [31/Mar/2022:13:01:36 +0800] "GET /xingrg/kc/base/wldb_order_operate.html?command=get_materiel&rest_code=00146&base_code=0010069&code=00101007038 HTTP/1.1" 200 442
58.39.61.91 - - [31/Mar/2022:13:01:47 +0800] "GET /xingrg/all/function/internal_message.html?_=1648702905717&CODE_STATE=getMsg HTTP/1.1" 200 27
58.39.61.91 - - [31/Mar/2022:13:01:47 +0800] "GET /xingrg/check_reg.html?_=1648702905721 HTTP/1.1" 200 22
218.81.223.53 - - [31/Mar/2022:13:01:47 +0800] "GET /xingrg/kc/base/wldb_order_operate.html?command=get_materiel&rest_code=00146&base_code=0010069&code=00101019533 HTTP/1.1" 200 433
58.39.168.32 - - [31/Mar/2022:13:01:47 +0800] "GET /xingrg/all/function/internal_message.html?_=1648702905600&CODE_STATE=getMsg HTTP/1.1" 200 27
58.39.168.32 - - [31/Mar/2022:13:01:47 +0800] "GET /xingrg/check_reg.html?_=1648702905603 HTTP/1.1" 200 22
218.81.223.53 - - [31/Mar/2022:13:02:00 +0800] "GET /xingrg/all/function/internal_message.html?_=1648702936339&CODE_STATE=getMsg HTTP/1.1" 200 27
58.40.7.146 - - [31/Mar/2022:13:02:01 +0800] "GET /xingrg/check_reg.html?_=1648702918980 HTTP/1.1" 200 22
116.228.172.94 - - [31/Mar/2022:13:02:07 +0800] "GET /xingrg/all/function/internal_message.html?_=1648702832673&CODE_STATE=getMsg HTTP/1.1" 200 27
58.40.7.146 - - [31/Mar/2022:13:02:08 +0800] "GET /xingrg/all/function/internal_message.html?_=1648702925852&CODE_STATE=getMsg HTTP/1.1" 200 27
222.69.132.164 - - [31/Mar/2022:13:02:16 +0800] "GET /xingrg/all/function/internal_message.html?_=1648703044040&CODE_STATE=getMsg HTTP/1.1" 200 27
218.81.223.53 - - [31/Mar/2022:13:02:17 +0800] "GET /xingrg/kc/base/wldb_order_operate.html?command=get_materiel&rest_code=00146&base_code=0010069&code=00101010059 HTTP/1.1" 200 433
218.81.223.53 - - [31/Mar/2022:13:02:21 +0800] "GET /xingrg/check_reg.html?_=1648702957960 HTTP/1.1" 200 22
114.88.156.203 - - [31/Mar/2022:13:02:22 +0800] "GET /xingrg/all/function/internal_message.html?_=1648702704227&CODE_STATE=getMsg HTTP/1.1" 200 27
114.88.156.203 - - [31/Mar/2022:13:02:22 +0800] "GET /xingrg/check_reg.html?_=1648702704229 HTTP/1.1" 200 22
218.81.223.53 - - [31/Mar/2022:13:02:31 +0800] "GET /xingrg/kc/base/wldb_order_operate.html?command=get_materiel&rest_code=00146&base_code=0010069&code=00101010222 HTTP/1.1" 200 446
116.233.76.43 - - [31/Mar/2022:13:02:34 +0800] "GET /xingrg/all/function/internal_message.html?_=1648702953659&CODE_STATE=getMsg HTTP/1.1" 200 27
58.39.61.91 - - [31/Mar/2022:13:02:47 +0800] "GET /xingrg/all/function/internal_message.html?_=1648702965722&CODE_STATE=getMsg HTTP/1.1" 200 27
58.39.168.32 - - [31/Mar/2022:13:02:47 +0800] "GET /xingrg/all/function/internal_message.html?_=1648702965603&CODE_STATE=getMsg HTTP/1.1" 200 27
218.81.223.53 - - [31/Mar/2022:13:02:54 +0800] "GET /xingrg/kc/base/wldb_order_operate.html?command=get_materiel&rest_code=00146&base_code=0010069&code=00101010256 HTTP/1.1" 200 430
218.81.223.53 - - [31/Mar/2022:13:03:00 +0800] "GET /xingrg/all/function/internal_message.html?_=1648702996353&CODE_STATE=getMsg HTTP/1.1" 200 27
116.228.172.94 - - [31/Mar/2022:13:03:07 +0800] "GET /xingrg/all/function/internal_message.html?_=1648702892667&CODE_STATE=getMsg HTTP/1.1" 200 27
58.40.7.146 - - [31/Mar/2022:13:03:08 +0800] "GET /xingrg/all/function/internal_message.html?_=1648702985862&CODE_STATE=getMsg HTTP/1.1" 200 27
222.69.132.164 - - [31/Mar/2022:13:03:09 +0800] "GET /xingrg/kc/buy/cgsh_order_operate.html?command=get_materiel&rest_code=00154&code=00101041018&supplier_code=00100151&order_time=2022-03-31 HTTP/1.1" 200 444
222.69.132.164 - - [31/Mar/2022:13:03:16 +0800] "GET /xingrg/all/function/internal_message.html?_=1648703104021&CODE_STATE=getMsg HTTP/1.1" 200 27
114.88.156.203 - - [31/Mar/2022:13:03:22 +0800] "GET /xingrg/all/function/internal_message.html?_=1648702764220&CODE_STATE=getMsg HTTP/1.1" 200 27
218.81.223.53 - - [31/Mar/2022:13:03:24 +0800] "GET /xingrg/kc/base/wldb_order_operate.html?command=get_materiel&rest_code=00146&base_code=0010069&code=00101010274 HTTP/1.1" 200 455
58.40.7.146 - - [31/Mar/2022:13:03:27 +0800] "POST /xingrg/kc/base/check_list_operate.html HTTP/1.1" 200 2565
58.40.7.146 - - [31/Mar/2022:13:03:28 +0800] "GET /xingrg/kc/base/check_order_add.html HTTP/1.1" 200 26107
58.40.7.146 - - [31/Mar/2022:13:03:29 +0800] "GET /xingrg/dwr/interface/AjaxComOrderService.js HTTP/1.1" 200 18264
58.40.7.146 - - [31/Mar/2022:13:03:29 +0800] "GET /xingrg/dwr/interface/AjaxCheckService.js HTTP/1.1" 200 14003
58.40.7.146 - - [31/Mar/2022:13:03:29 +0800] "GET /xingrg/dwr/engine.js HTTP/1.1" 200 43631
218.81.223.53 - - [31/Mar/2022:13:03:33 +0800] "GET /xingrg/kc/base/wldb_order_operate.html?command=get_materiel&rest_code=00146&base_code=0010069&code=00101010319 HTTP/1.1" 200 432
116.233.76.43 - - [31/Mar/2022:13:03:34 +0800] "GET /xingrg/all/function/internal_message.html?_=1648703013657&CODE_STATE=getMsg HTTP/1.1" 200 27
218.81.223.53 - - [31/Mar/2022:13:03:37 +0800] "POST /xingrg/kc/base/wldb_order_operate.html HTTP/1.1" 200 1710
58.40.7.146 - - [31/Mar/2022:13:03:37 +0800] "POST /xingrg/dwr/call/plaincall/AjaxCheckService.saveOrder.dwr HTTP/1.1" 200 78
222.69.132.164 - - [31/Mar/2022:13:03:38 +0800] "GET /xingrg/kc/buy/cgsh_order_operate.html?command=get_materiel&rest_code=00154&code=00101041019&supplier_code=00100151&order_time=2022-03-31 HTTP/1.1" 200 443
58.40.7.146 - - [31/Mar/2022:13:03:38 +0800] "POST /xingrg/dwr/call/plaincall/AjaxCheckService.loadOrderItems.dwr HTTP/1.1" 200 367
58.40.7.146 - - [31/Mar/2022:13:03:41 +0800] "POST /xingrg/kc/report/common_data.html?type=materiel_category_tree HTTP/1.1" 200 3878
116.235.92.88 - - [31/Mar/2022:13:03:41 +0800] "POST /xingrg/services/DataTransmitService HTTP/1.1" 200 524
116.235.92.88 - - [31/Mar/2022:13:03:42 +0800] "POST /xingrg/services/DataTransmitService HTTP/1.1" 200 501
116.235.92.88 - - [31/Mar/2022:13:03:42 +0800] "POST /xingrg/services/DataTransmitService HTTP/1.1" 200 501
116.235.92.88 - - [31/Mar/2022:13:03:42 +0800] "POST /xingrg/services/DataTransmitService HTTP/1.1" 200 501
116.235.92.88 - - [31/Mar/2022:13:03:43 +0800] "POST /xingrg/services/DataTransmitService HTTP/1.1" 200 501
116.235.92.88 - - [31/Mar/2022:13:03:43 +0800] "POST /xingrg/services/DataTransmitService HTTP/1.1" 200 501
116.235.92.88 - - [31/Mar/2022:13:03:43 +0800] "POST /xingrg/services/DataTransmitService HTTP/1.1" 200 412
222.69.132.164 - - [31/Mar/2022:13:03:44 +0800] "POST /xingrg/all/common/load_select.html HTTP/1.1" 200 12
58.39.61.91 - - [31/Mar/2022:13:03:47 +0800] "GET /xingrg/all/function/internal_message.html?_=1648703025722&CODE_STATE=getMsg HTTP/1.1" 200 27
58.39.168.32 - - [31/Mar/2022:13:03:47 +0800] "GET /xingrg/all/function/internal_message.html?_=1648703025602&CODE_STATE=getMsg HTTP/1.1" 200 27
218.81.223.53 - - [31/Mar/2022:13:03:48 +0800] "GET /xingrg/kc/base/wldb_order_operate.html?command=get_materiel&rest_code=00146&base_code=0010069&code=00101010594 HTTP/1.1" 200 436
222.69.132.164 - - [31/Mar/2022:13:03:49 +0800] "GET /xingrg/kc/buy/cgsh_order_operate.html?command=get_materiel_price&rest_code=00154&code=00101041019&unit_code=00100058&supplier_code=00100151&order_time=2022-03-31 HTTP/1.1" 200 28
58.40.7.146 - - [31/Mar/2022:13:03:59 +0800] "POST /xingrg/dwr/call/plaincall/AjaxCheckService.importOrderItems.dwr HTTP/1.1" 200 78
218.81.223.53 - - [31/Mar/2022:13:04:00 +0800] "GET /xingrg/all/function/internal_message.html?_=1648703056366&CODE_STATE=getMsg HTTP/1.1" 200 27
116.228.172.94 - - [31/Mar/2022:13:04:07 +0800] "GET /xingrg/all/function/internal_message.html?_=1648702952685&CODE_STATE=getMsg HTTP/1.1" 200 27
218.81.223.53 - - [31/Mar/2022:13:04:11 +0800] "GET /xingrg/kc/base/wldb_order_operate.html?command=get_materiel&rest_code=00146&base_code=0010069&code=00101010737 HTTP/1.1" 200 439
222.69.132.164 - - [31/Mar/2022:13:04:16 +0800] "GET /xingrg/all/function/internal_message.html?_=1648703163996&CODE_STATE=getMsg HTTP/1.1" 200 27
114.88.156.203 - - [31/Mar/2022:13:04:22 +0800] "GET /xingrg/all/function/internal_message.html?_=1648702824223&CODE_STATE=getMsg HTTP/1.1" 200 27
218.81.223.53 - - [31/Mar/2022:13:04:23 +0800] "GET /xingrg/kc/base/wldb_order_operate.html?command=get_materiel&rest_code=00146&base_code=0010069&code=00101006001 HTTP/1.1" 200 448
58.40.7.146 - - [31/Mar/2022:13:04:32 +0800] "POST /xingrg/dwr/call/plaincall/AjaxCheckService.loadOrderItems.dwr HTTP/1.1" 200 35553
218.81.223.53 - - [31/Mar/2022:13:04:34 +0800] "GET /xingrg/kc/base/wldb_order_operate.html?command=get_materiel&rest_code=00146&base_code=0010069&code=00101013032 HTTP/1.1" 200 449
116.233.76.43 - - [31/Mar/2022:13:04:34 +0800] "GET /xingrg/all/function/internal_message.html?_=1648703073682&CODE_STATE=getMsg HTTP/1.1" 200 27
116.233.76.43 - - [31/Mar/2022:13:04:35 +0800] "GET /xingrg/check_reg.html?_=1648703073684 HTTP/1.1" 200 22
218.81.223.53 - - [31/Mar/2022:13:04:46 +0800] "GET /xingrg/kc/base/wldb_order_operate.html?command=get_materiel&rest_code=00146&base_code=0010069&code=00101013090 HTTP/1.1" 200 429
58.39.61.91 - - [31/Mar/2022:13:04:47 +0800] "GET /xingrg/all/function/internal_message.html?_=1648703085730&CODE_STATE=getMsg HTTP/1.1" 200 27
58.39.168.32 - - [31/Mar/2022:13:04:47 +0800] "GET /xingrg/all/function/internal_message.html?_=1648703085602&CODE_STATE=getMsg HTTP/1.1" 200 27
218.81.223.53 - - [31/Mar/2022:13:04:49 +0800] "POST /xingrg/kc/base/wldb_order_operate.html HTTP/1.1" 200 1710
58.40.7.146 - - [31/Mar/2022:13:04:51 +0800] "POST /xingrg/dwr/call/plaincall/AjaxCheckService.saveOrder.dwr HTTP/1.1" 200 78
58.40.7.146 - - [31/Mar/2022:13:04:52 +0800] "POST /xingrg/dwr/call/plaincall/AjaxCheckService.loadOrderItems.dwr HTTP/1.1" 200 35553
58.40.7.146 - - [31/Mar/2022:13:04:55 +0800] "GET /xingrg/kc/print/load_config.html?_=1648703092892&kc_code=check HTTP/1.1" 200 2411
58.40.7.146 - - [31/Mar/2022:13:04:55 +0800] "GET /xingrg/kc/print/load_data.html?_=1648703092979&order_code=452022033100308&kc_code=check HTTP/1.1" 200 10250
218.81.223.53 - - [31/Mar/2022:13:05:00 +0800] "GET /xingrg/all/function/internal_message.html?_=1648703116380&CODE_STATE=getMsg HTTP/1.1" 200 27
218.81.223.53 - - [31/Mar/2022:13:05:04 +0800] "GET /xingrg/kc/base/wldb_order_operate.html?command=get_materiel&rest_code=00146&base_code=0010069&code=00101016019 HTTP/1.1" 200 448
116.228.172.94 - - [31/Mar/2022:13:05:07 +0800] "GET /xingrg/all/function/internal_message.html?_=1648703012659&CODE_STATE=getMsg HTTP/1.1" 200 27
218.81.223.53 - - [31/Mar/2022:13:05:13 +0800] "GET /xingrg/kc/base/wldb_order_operate.html?command=get_materiel&rest_code=00146&base_code=0010069&code=00101016020 HTTP/1.1" 200 446
222.69.132.164 - - [31/Mar/2022:13:05:16 +0800] "GET /xingrg/all/function/internal_message.html?_=1648703223966&CODE_STATE=getMsg HTTP/1.1" 200 27
222.69.132.164 - - [31/Mar/2022:13:05:19 +0800] "GET /xingrg/check_reg.html?_=1648703227304 HTTP/1.1" 200 22
114.88.156.203 - - [31/Mar/2022:13:05:22 +0800] "GET /xingrg/all/function/internal_message.html?_=1648702884248&CODE_STATE=getMsg HTTP/1.1" 200 27
58.40.7.146 - - [31/Mar/2022:13:05:25 +0800] "GET /xingrg/all/function/internal_message.html?_=1648703122633&CODE_STATE=getMsg HTTP/1.1" 200 27
116.233.76.43 - - [31/Mar/2022:13:05:34 +0800] "GET /xingrg/all/function/internal_message.html?_=1648703133684&CODE_STATE=getMsg HTTP/1.1" 200 27
218.81.223.53 - - [31/Mar/2022:13:05:38 +0800] "GET /xingrg/kc/base/wldb_order_operate.html?command=get_materiel&rest_code=00146&base_code=0010069&code=00101016044 HTTP/1.1" 200 464
222.69.132.164 - - [31/Mar/2022:13:05:42 +0800] "POST /xingrg/kc/buy/cgsh_order_operate.html HTTP/1.1" 200 37
58.40.7.146 - - [31/Mar/2022:13:05:45 +0800] "GET /xingrg/kc/print/load_config.html?_=1648703143309&kc_code=check HTTP/1.1" 200 2411
58.40.7.146 - - [31/Mar/2022:13:05:45 +0800] "GET /xingrg/kc/print/load_data.html?_=1648703143392&order_code=452022033100308&kc_code=check HTTP/1.1" 200 10250
222.69.132.164 - - [31/Mar/2022:13:05:45 +0800] "POST /xingrg/kc/buy/cgsh_order_operate.html HTTP/1.1" 200 12
58.39.61.91 - - [31/Mar/2022:13:05:47 +0800] "GET /xingrg/all/function/internal_message.html?_=1648703145735&CODE_STATE=getMsg HTTP/1.1" 200 27
222.69.132.164 - - [31/Mar/2022:13:05:47 +0800] "GET /xingrg/kc/buy/cgsh_order_info.html?code=212022033103954 HTTP/1.1" 200 59727
222.69.132.164 - - [31/Mar/2022:13:05:47 +0800] "GET /xingrg/javascript/easyui/themes/default/validatebox.css HTTP/1.1" 404 1104
58.39.168.32 - - [31/Mar/2022:13:05:47 +0800] "GET /xingrg/all/function/internal_message.html?_=1648703145602&CODE_STATE=getMsg HTTP/1.1" 200 27
222.69.132.164 - - [31/Mar/2022:13:05:48 +0800] "POST /xingrg/kc/buy/cgsh_order_operate.html HTTP/1.1" 200 1871
218.81.223.53 - - [31/Mar/2022:13:05:48 +0800] "GET /xingrg/kc/base/wldb_order_operate.html?command=get_materiel&rest_code=00146&base_code=0010069&code=00101016082 HTTP/1.1" 200 427
222.69.132.164 - - [31/Mar/2022:13:05:49 +0800] "GET /xingrg/kc/print/load_data.html?order_code=212022033103954&kc_code=cgsh&condition= HTTP/1.1" 200 1218
218.81.223.53 - - [31/Mar/2022:13:06:00 +0800] "GET /xingrg/all/function/internal_message.html?_=1648703176393&CODE_STATE=getMsg HTTP/1.1" 200 27
218.81.223.53 - - [31/Mar/2022:13:06:03 +0800] "GET /xingrg/kc/base/wldb_order_operate.html?command=get_materiel&rest_code=00146&base_code=0010069&code=00101020073 HTTP/1.1" 200 435
116.228.172.94 - - [31/Mar/2022:13:06:07 +0800] "GET /xingrg/all/function/internal_message.html?_=1648703072673&CODE_STATE=getMsg HTTP/1.1" 200 27
116.228.172.94 - - [31/Mar/2022:13:06:07 +0800] "GET /xingrg/check_reg.html?_=1648703072677 HTTP/1.1" 200 22
218.81.223.53 - - [31/Mar/2022:13:06:07 +0800] "POST /xingrg/kc/base/wldb_order_operate.html HTTP/1.1" 200 1710
218.81.223.53 - - [31/Mar/2022:13:06:15 +0800] "GET /xingrg/kc/base/wldb_order_operate.html?command=get_materiel&rest_code=00146&base_code=0010069&code=00101020225 HTTP/1.1" 200 423
222.69.132.164 - - [31/Mar/2022:13:06:16 +0800] "GET /xingrg/all/function/internal_message.html?_=1648703283964&CODE_STATE=getMsg HTTP/1.1" 200 27
114.88.156.203 - - [31/Mar/2022:13:06:22 +0800] "GET /xingrg/all/function/internal_message.html?_=1648702944246&CODE_STATE=getMsg HTTP/1.1" 200 27
58.40.7.146 - - [31/Mar/2022:13:06:25 +0800] "GET /xingrg/all/function/internal_message.html?_=1648703182677&CODE_STATE=getMsg HTTP/1.1" 200 27
218.81.223.53 - - [31/Mar/2022:13:06:25 +0800] "GET /xingrg/kc/base/wldb_order_operate.html?command=get_materiel&rest_code=00146&base_code=0010069&code=00101010216 HTTP/1.1" 200 429
116.233.76.43 - - [31/Mar/2022:13:06:34 +0800] "GET /xingrg/all/function/internal_message.html?_=1648703193683&CODE_STATE=getMsg HTTP/1.1" 200 27
218.81.223.53 - - [31/Mar/2022:13:06:36 +0800] "GET /xingrg/kc/base/wldb_order_operate.html?command=get_materiel&rest_code=00146&base_code=0010069&code=00101021021 HTTP/1.1" 200 420
58.39.61.91 - - [31/Mar/2022:13:06:47 +0800] "GET /xingrg/check_reg.html?_=1648703205736 HTTP/1.1" 200 22
58.39.61.91 - - [31/Mar/2022:13:06:47 +0800] "GET /xingrg/all/function/internal_message.html?_=1648703205739&CODE_STATE=getMsg HTTP/1.1" 200 27
58.39.168.32 - - [31/Mar/2022:13:06:47 +0800] "GET /xingrg/all/function/internal_message.html?_=1648703205602&CODE_STATE=getMsg HTTP/1.1" 200 27
58.39.168.32 - - [31/Mar/2022:13:06:47 +0800] "GET /xingrg/check_reg.html?_=1648703205605 HTTP/1.1" 200 22
218.81.223.53 - - [31/Mar/2022:13:06:57 +0800] "POST /xingrg/kc/base/wldb_order_operate.html HTTP/1.1" 200 37
218.81.223.53 - - [31/Mar/2022:13:06:59 +0800] "POST /xingrg/kc/base/wldb_order_operate.html HTTP/1.1" 200 12
218.81.223.53 - - [31/Mar/2022:13:06:59 +0800] "POST /xingrg/kc/base/wldb_order_operate.html HTTP/1.1" 200 17038
218.81.223.53 - - [31/Mar/2022:13:07:00 +0800] "GET /xingrg/kc/base/wldb_order_info.html?code=422022033101239 HTTP/1.1" 200 26160
58.40.7.146 - - [31/Mar/2022:13:07:01 +0800] "GET /xingrg/check_reg.html?_=1648703218952 HTTP/1.1" 200 22
218.81.223.53 - - [31/Mar/2022:13:07:01 +0800] "GET /xingrg/all/function/internal_message.html?_=1648703237900&CODE_STATE=getMsg HTTP/1.1" 200 27
218.81.223.53 - - [31/Mar/2022:13:07:01 +0800] "GET /xingrg/javascript/easyui/themes/default/validatebox.css HTTP/1.1" 404 1104
218.81.223.53 - - [31/Mar/2022:13:07:01 +0800] "POST /xingrg/kc/base/wldb_order_operate.html HTTP/1.1" 200 14995
116.228.172.94 - - [31/Mar/2022:13:07:07 +0800] "GET /xingrg/all/function/internal_message.html?_=1648703132671&CODE_STATE=getMsg HTTP/1.1" 200 27
218.81.223.53 - - [31/Mar/2022:13:07:12 +0800] "GET /xingrg/kc/base/wldb_order_add.html HTTP/1.1" 200 30280
218.81.223.53 - - [31/Mar/2022:13:07:13 +0800] "POST /xingrg/kc/base/wldb_order_operate.html HTTP/1.1" 200 6806
218.81.223.53 - - [31/Mar/2022:13:07:13 +0800] "GET /xingrg/javascript/easyui/themes/default/validatebox.css HTTP/1.1" 404 1104
222.69.132.164 - - [31/Mar/2022:13:07:16 +0800] "GET /xingrg/all/function/internal_message.html?_=1648703343946&CODE_STATE=getMsg HTTP/1.1" 200 27
218.81.223.53 - - [31/Mar/2022:13:07:21 +0800] "GET /xingrg/check_reg.html?_=1648703257968 HTTP/1.1" 200 22
114.88.156.203 - - [31/Mar/2022:13:07:22 +0800] "GET /xingrg/all/function/internal_message.html?_=1648703004260&CODE_STATE=getMsg HTTP/1.1" 200 27
114.88.156.203 - - [31/Mar/2022:13:07:22 +0800] "GET /xingrg/check_reg.html?_=1648703004261 HTTP/1.1" 200 22
58.40.7.146 - - [31/Mar/2022:13:07:24 +0800] "GET /xingrg/all/function/internal_message.html?_=1648703242581&CODE_STATE=getMsg HTTP/1.1" 200 27
222.69.132.164 - - [31/Mar/2022:13:07:34 +0800] "GET /xingrg/kc/buy/cgsh_order_add.html HTTP/1.1" 200 64828
222.69.132.164 - - [31/Mar/2022:13:07:34 +0800] "POST /xingrg/kc/buy/cgsh_order_operate.html HTTP/1.1" 200 8245
222.69.132.164 - - [31/Mar/2022:13:07:34 +0800] "GET /xingrg/javascript/easyui/themes/default/validatebox.css HTTP/1.1" 404 1104
116.233.76.43 - - [31/Mar/2022:13:07:34 +0800] "GET /xingrg/all/function/internal_message.html?_=1648703253681&CODE_STATE=getMsg HTTP/1.1" 200 27
58.39.61.91 - - [31/Mar/2022:13:07:47 +0800] "GET /xingrg/all/function/internal_message.html?_=1648703265740&CODE_STATE=getMsg HTTP/1.1" 200 27
58.39.168.32 - - [31/Mar/2022:13:07:47 +0800] "GET /xingrg/all/function/internal_message.html?_=1648703265605&CODE_STATE=getMsg HTTP/1.1" 200 27
222.69.132.164 - - [31/Mar/2022:13:07:50 +0800] "GET /xingrg/kc/buy/cgsh_order_operate.html?command=get_materiel&rest_code=00154&code=00102002336&supplier_code=00100151&order_time=2022-03-31 HTTP/1.1" 200 409
218.81.223.53 - - [31/Mar/2022:13:07:50 +0800] "GET /xingrg/kc/base/wldb_order_operate.html?command=get_materiel&rest_code=00146&base_code=0010070&code=00101001142 HTTP/1.1" 200 434
218.81.223.53 - - [31/Mar/2022:13:08:00 +0800] "GET /xingrg/kc/base/wldb_order_operate.html?command=get_materiel&rest_code=00146&base_code=0010070&code=00101001160 HTTP/1.1" 200 430
218.81.223.53 - - [31/Mar/2022:13:08:01 +0800] "GET /xingrg/all/function/internal_message.html?_=1648703297903&CODE_STATE=getMsg HTTP/1.1" 200 27
58.40.7.146 - - [31/Mar/2022:13:08:06 +0800] "POST /xingrg/kc/base/check_list_operate.html HTTP/1.1" 200 2904
116.228.172.94 - - [31/Mar/2022:13:08:07 +0800] "GET /xingrg/all/function/internal_message.html?_=1648703192668&CODE_STATE=getMsg HTTP/1.1" 200 27
58.40.7.146 - - [31/Mar/2022:13:08:09 +0800] "GET /xingrg/kc/base/check_order_add.html HTTP/1.1" 200 26107
58.40.7.146 - - [31/Mar/2022:13:08:09 +0800] "GET /xingrg/dwr/interface/AjaxComOrderService.js HTTP/1.1" 200 18264
58.40.7.146 - - [31/Mar/2022:13:08:09 +0800] "GET /xingrg/dwr/interface/AjaxCheckService.js HTTP/1.1" 200 14003
58.40.7.146 - - [31/Mar/2022:13:08:09 +0800] "GET /xingrg/dwr/engine.js HTTP/1.1" 200 43631
218.81.223.53 - - [31/Mar/2022:13:08:10 +0800] "GET /xingrg/kc/base/wldb_order_operate.html?command=get_materiel&rest_code=00146&base_code=0010070&code=00101001213 HTTP/1.1" 200 441
58.40.7.146 - - [31/Mar/2022:13:08:14 +0800] "POST /xingrg/dwr/call/plaincall/AjaxCheckService.saveOrder.dwr HTTP/1.1" 200 78
58.40.7.146 - - [31/Mar/2022:13:08:16 +0800] "POST /xingrg/dwr/call/plaincall/AjaxCheckService.loadOrderItems.dwr HTTP/1.1" 200 367
222.69.132.164 - - [31/Mar/2022:13:08:16 +0800] "GET /xingrg/all/function/internal_message.html?_=1648703403918&CODE_STATE=getMsg HTTP/1.1" 200 27
114.88.156.203 - - [31/Mar/2022:13:08:22 +0800] "GET /xingrg/all/function/internal_message.html?_=1648703064259&CODE_STATE=getMsg HTTP/1.1" 200 27
58.40.7.146 - - [31/Mar/2022:13:08:24 +0800] "GET /xingrg/all/function/internal_message.html?_=1648703302567&CODE_STATE=getMsg HTTP/1.1" 200 27
58.40.7.146 - - [31/Mar/2022:13:08:28 +0800] "POST /xingrg/dwr/call/plaincall/AjaxCheckService.saveOrder.dwr HTTP/1.1" 200 78
218.81.223.53 - - [31/Mar/2022:13:08:28 +0800] "GET /xingrg/kc/base/wldb_order_operate.html?command=get_materiel&rest_code=00146&base_code=0010070&code=00101001271 HTTP/1.1" 200 414
58.40.7.146 - - [31/Mar/2022:13:08:29 +0800] "POST /xingrg/dwr/call/plaincall/AjaxCheckService.loadOrderItems.dwr HTTP/1.1" 200 367
58.40.7.146 - - [31/Mar/2022:13:08:31 +0800] "POST /xingrg/kc/report/common_data.html?type=materiel_category_tree HTTP/1.1" 200 3878
116.233.76.43 - - [31/Mar/2022:13:08:34 +0800] "GET /xingrg/all/function/internal_message.html?_=1648703313682&CODE_STATE=getMsg HTTP/1.1" 200 27
222.69.132.164 - - [31/Mar/2022:13:08:35 +0800] "GET /xingrg/kc/buy/cgsh_order_operate.html?command=get_materiel&rest_code=00154&code=00102002379&supplier_code=00100151&order_time=2022-03-31 HTTP/1.1" 200 412
218.81.223.53 - - [31/Mar/2022:13:08:38 +0800] "GET /xingrg/kc/base/wldb_order_operate.html?command=get_materiel&rest_code=00146&base_code=0010070&code=00101002027 HTTP/1.1" 200 435
58.40.7.146 - - [31/Mar/2022:13:08:46 +0800] "POST /xingrg/dwr/call/plaincall/AjaxCheckService.importOrderItems.dwr HTTP/1.1" 200 78
218.81.223.53 - - [31/Mar/2022:13:08:46 +0800] "GET /xingrg/kc/base/wldb_order_operate.html?command=get_materiel&rest_code=00146&base_code=0010070&code=00101003025 HTTP/1.1" 200 430
58.39.61.91 - - [31/Mar/2022:13:08:47 +0800] "GET /xingrg/all/function/internal_message.html?_=1648703325746&CODE_STATE=getMsg HTTP/1.1" 200 27
58.39.168.32 - - [31/Mar/2022:13:08:47 +0800] "GET /xingrg/all/function/internal_message.html?_=1648703325605&CODE_STATE=getMsg HTTP/1.1" 200 27
58.40.7.146 - - [31/Mar/2022:13:08:47 +0800] "POST /xingrg/dwr/call/plaincall/AjaxCheckService.loadOrderItems.dwr HTTP/1.1" 200 8501
58.40.7.146 - - [31/Mar/2022:13:08:50 +0800] "GET /xingrg/kc/print/load_config.html?_=1648703328534&kc_code=check HTTP/1.1" 200 2411
58.40.7.146 - - [31/Mar/2022:13:08:50 +0800] "GET /xingrg/kc/print/load_data.html?_=1648703328626&order_code=452022033100309&kc_code=check HTTP/1.1" 200 2582
218.81.223.53 - - [31/Mar/2022:13:09:01 +0800] "GET /xingrg/kc/base/wldb_order_operate.html?command=get_materiel&rest_code=00146&base_code=0010070&code=00101006002 HTTP/1.1" 200 439
218.81.223.53 - - [31/Mar/2022:13:09:01 +0800] "GET /xingrg/all/function/internal_message.html?_=1648703357915&CODE_STATE=getMsg HTTP/1.1" 200 27
116.228.172.94 - - [31/Mar/2022:13:09:07 +0800] "GET /xingrg/all/function/internal_message.html?_=1648703252681&CODE_STATE=getMsg HTTP/1.1" 200 27
222.69.132.164 - - [31/Mar/2022:13:09:16 +0800] "GET /xingrg/all/function/internal_message.html?_=1648703463908&CODE_STATE=getMsg HTTP/1.1" 200 27
222.69.132.164 - - [31/Mar/2022:13:09:19 +0800] "GET /xingrg/kc/buy/cgsh_order_operate.html?command=get_materiel&rest_code=00154&code=00102006553&supplier_code=00100151&order_time=2022-03-31 HTTP/1.1" 200 395
218.81.223.53 - - [31/Mar/2022:13:09:22 +0800] "GET /xingrg/kc/base/wldb_order_operate.html?command=get_materiel&rest_code=00146&base_code=0010070&code=00101006025 HTTP/1.1" 200 439
