116.228.172.94 - - [31/Mar/2022:12:33:07 +0800] "GET /xingrg/all/function/internal_message.html?_=1648701092679&CODE_STATE=getMsg HTTP/1.1" 200 27
114.88.156.203 - - [31/Mar/2022:12:33:14 +0800] "GET /xingrg/all/function/internal_message.html?_=1648700353898&CODE_STATE=getMsg HTTP/1.1" 200 27
222.69.132.164 - - [31/Mar/2022:12:33:16 +0800] "GET /xingrg/all/function/internal_message.html?_=1648701304477&CODE_STATE=getMsg HTTP/1.1" 200 27
114.88.156.203 - - [31/Mar/2022:12:33:22 +0800] "GET /xingrg/all/function/internal_message.html?_=1648700964179&CODE_STATE=getMsg HTTP/1.1" 200 27
116.233.76.43 - - [31/Mar/2022:12:33:34 +0800] "GET /xingrg/all/function/internal_message.html?_=1648701213569&CODE_STATE=getMsg HTTP/1.1" 200 27
58.39.61.91 - - [31/Mar/2022:12:33:46 +0800] "GET /xingrg/all/function/internal_message.html?_=1648701225638&CODE_STATE=getMsg HTTP/1.1" 200 27
58.39.168.32 - - [31/Mar/2022:12:33:47 +0800] "GET /xingrg/all/function/internal_message.html?_=1648701225585&CODE_STATE=getMsg HTTP/1.1" 200 27
116.233.76.43 - - [31/Mar/2022:12:33:48 +0800] "GET /xingrg/check_reg.html?_=1648701142190 HTTP/1.1" 302 -
116.233.76.43 - - [31/Mar/2022:12:33:49 +0800] "GET /xingrg/all/function/internal_message.html?_=1648701143538&CODE_STATE=getMsg HTTP/1.1" 302 -
218.81.223.53 - - [31/Mar/2022:12:33:52 +0800] "GET /xingrg/all/function/internal_message.html?_=1648701248626&CODE_STATE=getMsg HTTP/1.1" 200 27
116.228.172.94 - - [31/Mar/2022:12:34:07 +0800] "GET /xingrg/all/function/internal_message.html?_=1648701152676&CODE_STATE=getMsg HTTP/1.1" 200 27
218.81.223.53 - - [31/Mar/2022:12:34:07 +0800] "GET /xingrg/kc/base/wldb_order_operate.html?command=get_materiel&rest_code=00146&base_code=0010071&code=00101006164 HTTP/1.1" 200 435
114.88.156.203 - - [31/Mar/2022:12:34:14 +0800] "GET /xingrg/all/function/internal_message.html?_=1648700413911&CODE_STATE=getMsg HTTP/1.1" 200 27
222.69.132.164 - - [31/Mar/2022:12:34:16 +0800] "GET /xingrg/all/function/internal_message.html?_=1648701364460&CODE_STATE=getMsg HTTP/1.1" 200 27
218.81.223.53 - - [31/Mar/2022:12:34:17 +0800] "GET /xingrg/kc/base/wldb_order_operate.html?command=get_materiel&rest_code=00146&base_code=0010071&code=00101006249 HTTP/1.1" 200 425
114.88.156.203 - - [31/Mar/2022:12:34:22 +0800] "GET /xingrg/all/function/internal_message.html?_=1648701024172&CODE_STATE=getMsg HTTP/1.1" 200 27
218.81.223.53 - - [31/Mar/2022:12:34:29 +0800] "GET /xingrg/kc/base/wldb_order_operate.html?command=get_materiel&rest_code=00146&base_code=0010071&code=00101007102 HTTP/1.1" 200 430
116.233.76.43 - - [31/Mar/2022:12:34:34 +0800] "GET /xingrg/all/function/internal_message.html?_=1648701273599&CODE_STATE=getMsg HTTP/1.1" 200 27
116.233.76.43 - - [31/Mar/2022:12:34:35 +0800] "GET /xingrg/check_reg.html?_=1648701273601 HTTP/1.1" 200 22
218.81.223.53 - - [31/Mar/2022:12:34:39 +0800] "GET /xingrg/kc/base/wldb_order_operate.html?command=get_materiel&rest_code=00146&base_code=0010071&code=00101007110 HTTP/1.1" 200 431
58.39.61.91 - - [31/Mar/2022:12:34:46 +0800] "GET /xingrg/all/function/internal_message.html?_=1648701285639&CODE_STATE=getMsg HTTP/1.1" 200 27
218.81.223.53 - - [31/Mar/2022:12:34:47 +0800] "GET /xingrg/kc/base/wldb_order_operate.html?command=get_materiel&rest_code=00146&base_code=0010071&code=00101007111 HTTP/1.1" 200 437
58.39.168.32 - - [31/Mar/2022:12:34:47 +0800] "GET /xingrg/all/function/internal_message.html?_=1648701285585&CODE_STATE=getMsg HTTP/1.1" 200 27
116.233.76.43 - - [31/Mar/2022:12:34:49 +0800] "GET /xingrg/all/function/internal_message.html?_=1648701203553&CODE_STATE=getMsg HTTP/1.1" 302 -
218.81.223.53 - - [31/Mar/2022:12:34:52 +0800] "GET /xingrg/all/function/internal_message.html?_=1648701308639&CODE_STATE=getMsg HTTP/1.1" 200 27
116.228.172.94 - - [31/Mar/2022:12:35:07 +0800] "GET /xingrg/all/function/internal_message.html?_=1648701212684&CODE_STATE=getMsg HTTP/1.1" 200 27
114.88.156.203 - - [31/Mar/2022:12:35:14 +0800] "GET /xingrg/all/function/internal_message.html?_=1648700473926&CODE_STATE=getMsg HTTP/1.1" 200 27
222.69.132.164 - - [31/Mar/2022:12:35:16 +0800] "GET /xingrg/all/function/internal_message.html?_=1648701424441&CODE_STATE=getMsg HTTP/1.1" 200 27
222.69.132.164 - - [31/Mar/2022:12:35:19 +0800] "GET /xingrg/check_reg.html?_=1648701427298 HTTP/1.1" 200 22
114.88.156.203 - - [31/Mar/2022:12:35:22 +0800] "GET /xingrg/all/function/internal_message.html?_=1648701084168&CODE_STATE=getMsg HTTP/1.1" 200 27
218.81.223.53 - - [31/Mar/2022:12:35:29 +0800] "GET /xingrg/kc/base/wldb_order_operate.html?command=get_materiel&rest_code=00146&base_code=0010071&code=00101008057 HTTP/1.1" 200 428
116.233.76.43 - - [31/Mar/2022:12:35:34 +0800] "GET /xingrg/all/function/internal_message.html?_=1648701333601&CODE_STATE=getMsg HTTP/1.1" 200 27
218.81.223.53 - - [31/Mar/2022:12:35:41 +0800] "GET /xingrg/kc/base/wldb_order_operate.html?command=get_materiel&rest_code=00146&base_code=0010071&code=00101008496 HTTP/1.1" 200 411
58.39.61.91 - - [31/Mar/2022:12:35:46 +0800] "GET /xingrg/all/function/internal_message.html?_=1648701345641&CODE_STATE=getMsg HTTP/1.1" 200 27
58.39.168.32 - - [31/Mar/2022:12:35:47 +0800] "GET /xingrg/all/function/internal_message.html?_=1648701345584&CODE_STATE=getMsg HTTP/1.1" 200 27
116.233.76.43 - - [31/Mar/2022:12:35:49 +0800] "GET /xingrg/all/function/internal_message.html?_=1648701263565&CODE_STATE=getMsg HTTP/1.1" 302 -
218.81.223.53 - - [31/Mar/2022:12:35:52 +0800] "GET /xingrg/all/function/internal_message.html?_=1648701368660&CODE_STATE=getMsg HTTP/1.1" 200 27
218.81.223.53 - - [31/Mar/2022:12:35:54 +0800] "GET /xingrg/kc/base/wldb_order_operate.html?command=get_materiel&rest_code=00146&base_code=0010071&code=00101008555 HTTP/1.1" 200 433
218.81.223.53 - - [31/Mar/2022:12:36:05 +0800] "GET /xingrg/kc/base/wldb_order_operate.html?command=get_materiel&rest_code=00146&base_code=0010071&code=00101008654 HTTP/1.1" 200 437
116.228.172.94 - - [31/Mar/2022:12:36:07 +0800] "GET /xingrg/check_reg.html?_=1648701272657 HTTP/1.1" 200 22
116.228.172.94 - - [31/Mar/2022:12:36:07 +0800] "GET /xingrg/all/function/internal_message.html?_=1648701272664&CODE_STATE=getMsg HTTP/1.1" 200 27
114.88.156.203 - - [31/Mar/2022:12:36:14 +0800] "GET /xingrg/all/function/internal_message.html?_=1648700533938&CODE_STATE=getMsg HTTP/1.1" 200 27
218.81.223.53 - - [31/Mar/2022:12:36:15 +0800] "GET /xingrg/kc/base/wldb_order_operate.html?command=get_materiel&rest_code=00146&base_code=0010071&code=00101008656 HTTP/1.1" 200 420
222.69.132.164 - - [31/Mar/2022:12:36:16 +0800] "GET /xingrg/all/function/internal_message.html?_=1648701484431&CODE_STATE=getMsg HTTP/1.1" 200 27
114.88.156.203 - - [31/Mar/2022:12:36:22 +0800] "GET /xingrg/all/function/internal_message.html?_=1648701144179&CODE_STATE=getMsg HTTP/1.1" 200 27
218.81.223.53 - - [31/Mar/2022:12:36:23 +0800] "GET /xingrg/kc/base/wldb_order_operate.html?command=get_materiel&rest_code=00146&base_code=0010071&code=00101008657 HTTP/1.1" 200 419
218.81.223.53 - - [31/Mar/2022:12:36:33 +0800] "GET /xingrg/kc/base/wldb_order_operate.html?command=get_materiel&rest_code=00146&base_code=0010071&code=00101010522 HTTP/1.1" 200 429
116.233.76.43 - - [31/Mar/2022:12:36:34 +0800] "GET /xingrg/all/function/internal_message.html?_=1648701393601&CODE_STATE=getMsg HTTP/1.1" 200 27
218.81.223.53 - - [31/Mar/2022:12:36:41 +0800] "GET /xingrg/kc/base/wldb_order_operate.html?command=get_materiel&rest_code=00146&base_code=0010071&code=00101010548 HTTP/1.1" 200 425
58.39.61.91 - - [31/Mar/2022:12:36:46 +0800] "GET /xingrg/all/function/internal_message.html?_=1648701405650&CODE_STATE=getMsg HTTP/1.1" 200 27
58.39.61.91 - - [31/Mar/2022:12:36:46 +0800] "GET /xingrg/check_reg.html?_=1648701405656 HTTP/1.1" 200 22
58.39.168.32 - - [31/Mar/2022:12:36:47 +0800] "GET /xingrg/check_reg.html?_=1648701405610 HTTP/1.1" 200 22
58.39.168.32 - - [31/Mar/2022:12:36:47 +0800] "GET /xingrg/all/function/internal_message.html?_=1648701405612&CODE_STATE=getMsg HTTP/1.1" 200 27
116.233.76.43 - - [31/Mar/2022:12:36:49 +0800] "GET /xingrg/all/function/internal_message.html?_=1648701323583&CODE_STATE=getMsg HTTP/1.1" 302 -
218.81.223.53 - - [31/Mar/2022:12:36:52 +0800] "GET /xingrg/all/function/internal_message.html?_=1648701428666&CODE_STATE=getMsg HTTP/1.1" 200 27
218.81.223.53 - - [31/Mar/2022:12:36:55 +0800] "GET /xingrg/kc/base/wldb_order_operate.html?command=get_materiel&rest_code=00146&base_code=0010071&code=00101010569 HTTP/1.1" 200 417
218.81.223.53 - - [31/Mar/2022:12:37:04 +0800] "GET /xingrg/kc/base/wldb_order_operate.html?command=get_materiel&rest_code=00146&base_code=0010071&code=00101010691 HTTP/1.1" 200 416
116.228.172.94 - - [31/Mar/2022:12:37:07 +0800] "GET /xingrg/all/function/internal_message.html?_=1648701332680&CODE_STATE=getMsg HTTP/1.1" 200 27
218.81.223.53 - - [31/Mar/2022:12:37:13 +0800] "GET /xingrg/kc/base/wldb_order_operate.html?command=get_materiel&rest_code=00146&base_code=0010071&code=00101010785 HTTP/1.1" 200 466
114.88.156.203 - - [31/Mar/2022:12:37:13 +0800] "GET /xingrg/check_reg.html?_=1648700593781 HTTP/1.1" 200 22
114.88.156.203 - - [31/Mar/2022:12:37:14 +0800] "GET /xingrg/all/function/internal_message.html?_=1648700593952&CODE_STATE=getMsg HTTP/1.1" 200 27
222.69.132.164 - - [31/Mar/2022:12:37:16 +0800] "GET /xingrg/all/function/internal_message.html?_=1648701544421&CODE_STATE=getMsg HTTP/1.1" 200 27
218.81.223.53 - - [31/Mar/2022:12:37:17 +0800] "POST /xingrg/kc/base/wldb_order_operate.html HTTP/1.1" 200 1710
218.81.223.53 - - [31/Mar/2022:12:37:21 +0800] "GET /xingrg/check_reg.html?_=1648701457937 HTTP/1.1" 200 22
114.88.156.203 - - [31/Mar/2022:12:37:22 +0800] "GET /xingrg/check_reg.html?_=1648701204174 HTTP/1.1" 200 22
114.88.156.203 - - [31/Mar/2022:12:37:22 +0800] "GET /xingrg/all/function/internal_message.html?_=1648701204175&CODE_STATE=getMsg HTTP/1.1" 200 27
218.81.223.53 - - [31/Mar/2022:12:37:24 +0800] "GET /xingrg/kc/base/wldb_order_operate.html?command=get_materiel&rest_code=00146&base_code=0010071&code=00101010792 HTTP/1.1" 200 417
116.233.76.43 - - [31/Mar/2022:12:37:34 +0800] "GET /xingrg/all/function/internal_message.html?_=1648701453601&CODE_STATE=getMsg HTTP/1.1" 200 27
218.81.223.53 - - [31/Mar/2022:12:37:40 +0800] "GET /xingrg/kc/base/wldb_order_operate.html?command=get_materiel&rest_code=00146&base_code=0010071&code=00101010820 HTTP/1.1" 200 430
58.39.61.91 - - [31/Mar/2022:12:37:46 +0800] "GET /xingrg/all/function/internal_message.html?_=1648701465655&CODE_STATE=getMsg HTTP/1.1" 200 27
58.39.168.32 - - [31/Mar/2022:12:37:47 +0800] "GET /xingrg/all/function/internal_message.html?_=1648701465611&CODE_STATE=getMsg HTTP/1.1" 200 27
218.81.223.53 - - [31/Mar/2022:12:37:49 +0800] "GET /xingrg/kc/base/wldb_order_operate.html?command=get_materiel&rest_code=00146&base_code=0010071&code=00101012013 HTTP/1.1" 200 434
116.233.76.43 - - [31/Mar/2022:12:37:49 +0800] "GET /xingrg/all/function/internal_message.html?_=1648701383592&CODE_STATE=getMsg HTTP/1.1" 302 -
218.81.223.53 - - [31/Mar/2022:12:37:52 +0800] "GET /xingrg/all/function/internal_message.html?_=1648701488681&CODE_STATE=getMsg HTTP/1.1" 200 27
218.81.223.53 - - [31/Mar/2022:12:38:00 +0800] "GET /xingrg/kc/base/wldb_order_operate.html?command=get_materiel&rest_code=00146&base_code=0010071&code=00101012049 HTTP/1.1" 200 451
116.228.172.94 - - [31/Mar/2022:12:38:07 +0800] "GET /xingrg/all/function/internal_message.html?_=1648701392680&CODE_STATE=getMsg HTTP/1.1" 200 27
218.81.223.53 - - [31/Mar/2022:12:38:09 +0800] "GET /xingrg/kc/base/wldb_order_operate.html?command=get_materiel&rest_code=00146&base_code=0010071&code=00101012064 HTTP/1.1" 200 445
218.81.223.53 - - [31/Mar/2022:12:38:13 +0800] "POST /xingrg/kc/base/wldb_order_operate.html HTTP/1.1" 200 1710
222.69.132.164 - - [31/Mar/2022:12:38:16 +0800] "GET /xingrg/all/function/internal_message.html?_=1648701604404&CODE_STATE=getMsg HTTP/1.1" 200 27
218.81.223.53 - - [31/Mar/2022:12:38:19 +0800] "GET /xingrg/kc/base/wldb_order_operate.html?command=get_materiel&rest_code=00146&base_code=0010071&code=00101012086 HTTP/1.1" 200 425
114.88.156.203 - - [31/Mar/2022:12:38:22 +0800] "GET /xingrg/all/function/internal_message.html?_=1648701264175&CODE_STATE=getMsg HTTP/1.1" 200 27
218.81.223.53 - - [31/Mar/2022:12:38:28 +0800] "GET /xingrg/kc/base/wldb_order_operate.html?command=get_materiel&rest_code=00146&base_code=0010071&code=00101013011 HTTP/1.1" 200 451
116.233.76.43 - - [31/Mar/2022:12:38:34 +0800] "GET /xingrg/all/function/internal_message.html?_=1648701513602&CODE_STATE=getMsg HTTP/1.1" 200 27
58.39.61.91 - - [31/Mar/2022:12:38:46 +0800] "GET /xingrg/all/function/internal_message.html?_=1648701525655&CODE_STATE=getMsg HTTP/1.1" 200 27
58.39.168.32 - - [31/Mar/2022:12:38:47 +0800] "GET /xingrg/all/function/internal_message.html?_=1648701525598&CODE_STATE=getMsg HTTP/1.1" 200 27
116.233.76.43 - - [31/Mar/2022:12:38:48 +0800] "GET /xingrg/check_reg.html?_=1648701442210 HTTP/1.1" 302 -
116.233.76.43 - - [31/Mar/2022:12:38:49 +0800] "GET /xingrg/all/function/internal_message.html?_=1648701443605&CODE_STATE=getMsg HTTP/1.1" 302 -
218.81.223.53 - - [31/Mar/2022:12:38:52 +0800] "GET /xingrg/all/function/internal_message.html?_=1648701548694&CODE_STATE=getMsg HTTP/1.1" 200 27
218.81.223.53 - - [31/Mar/2022:12:38:54 +0800] "GET /xingrg/kc/base/wldb_order_operate.html?command=get_materiel&rest_code=00146&base_code=0010071&code=00101016060 HTTP/1.1" 200 466
218.81.223.53 - - [31/Mar/2022:12:39:03 +0800] "GET /xingrg/kc/base/wldb_order_operate.html?command=get_materiel&rest_code=00146&base_code=0010071&code=00101018006 HTTP/1.1" 200 444
116.228.172.94 - - [31/Mar/2022:12:39:07 +0800] "GET /xingrg/all/function/internal_message.html?_=1648701452677&CODE_STATE=getMsg HTTP/1.1" 200 27
218.81.223.53 - - [31/Mar/2022:12:39:12 +0800] "GET /xingrg/kc/base/wldb_order_operate.html?command=get_materiel&rest_code=00146&base_code=0010071&code=00101018012 HTTP/1.1" 200 463
218.81.223.53 - - [31/Mar/2022:12:39:16 +0800] "POST /xingrg/kc/base/wldb_order_operate.html HTTP/1.1" 200 1710
222.69.132.164 - - [31/Mar/2022:12:39:16 +0800] "GET /xingrg/all/function/internal_message.html?_=1648701664389&CODE_STATE=getMsg HTTP/1.1" 200 27
114.88.156.203 - - [31/Mar/2022:12:39:22 +0800] "GET /xingrg/all/function/internal_message.html?_=1648701324182&CODE_STATE=getMsg HTTP/1.1" 200 27
218.81.223.53 - - [31/Mar/2022:12:39:22 +0800] "GET /xingrg/kc/base/wldb_order_operate.html?command=get_materiel&rest_code=00146&base_code=0010071&code=00101019020 HTTP/1.1" 200 466
58.39.168.32 - - [31/Mar/2022:12:39:27 +0800] "POST /xingrg/services/DataTransmitService HTTP/1.1" 200 524
58.39.168.32 - - [31/Mar/2022:12:39:27 +0800] "POST /xingrg/services/DataTransmitService HTTP/1.1" 200 501
218.81.223.53 - - [31/Mar/2022:12:39:31 +0800] "GET /xingrg/kc/base/wldb_order_operate.html?command=get_materiel&rest_code=00146&base_code=0010071&code=00101019063 HTTP/1.1" 200 446
116.233.76.43 - - [31/Mar/2022:12:39:34 +0800] "GET /xingrg/check_reg.html?_=1648701573601 HTTP/1.1" 200 22
116.233.76.43 - - [31/Mar/2022:12:39:35 +0800] "GET /xingrg/all/function/internal_message.html?_=1648701573604&CODE_STATE=getMsg HTTP/1.1" 200 27
218.81.223.53 - - [31/Mar/2022:12:39:44 +0800] "GET /xingrg/kc/base/wldb_order_operate.html?command=get_materiel&rest_code=00146&base_code=0010071&code=00101020131 HTTP/1.1" 200 438
58.39.61.91 - - [31/Mar/2022:12:39:46 +0800] "GET /xingrg/all/function/internal_message.html?_=1648701585656&CODE_STATE=getMsg HTTP/1.1" 200 27
58.39.168.32 - - [31/Mar/2022:12:39:47 +0800] "GET /xingrg/all/function/internal_message.html?_=1648701585598&CODE_STATE=getMsg HTTP/1.1" 200 27
116.233.76.43 - - [31/Mar/2022:12:39:49 +0800] "GET /xingrg/all/function/internal_message.html?_=1648701503621&CODE_STATE=getMsg HTTP/1.1" 302 -
218.81.223.53 - - [31/Mar/2022:12:39:52 +0800] "GET /xingrg/all/function/internal_message.html?_=1648701608708&CODE_STATE=getMsg HTTP/1.1" 200 27
218.81.223.53 - - [31/Mar/2022:12:39:55 +0800] "GET /xingrg/kc/base/wldb_order_operate.html?command=get_materiel&rest_code=00146&base_code=0010071&code=00101020133 HTTP/1.1" 200 437
116.228.172.94 - - [31/Mar/2022:12:40:07 +0800] "GET /xingrg/all/function/internal_message.html?_=1648701512678&CODE_STATE=getMsg HTTP/1.1" 200 27
218.81.223.53 - - [31/Mar/2022:12:40:11 +0800] "GET /xingrg/kc/base/wldb_order_operate.html?command=get_materiel&rest_code=00146&base_code=0010071&code=00101021034 HTTP/1.1" 200 424
222.69.132.164 - - [31/Mar/2022:12:40:16 +0800] "GET /xingrg/all/function/internal_message.html?_=1648701724365&CODE_STATE=getMsg HTTP/1.1" 200 27
222.69.132.164 - - [31/Mar/2022:12:40:19 +0800] "GET /xingrg/check_reg.html?_=1648701727314 HTTP/1.1" 200 22
114.88.156.203 - - [31/Mar/2022:12:40:22 +0800] "GET /xingrg/all/function/internal_message.html?_=1648701384181&CODE_STATE=getMsg HTTP/1.1" 200 27
218.81.223.53 - - [31/Mar/2022:12:40:25 +0800] "POST /xingrg/kc/base/wldb_order_operate.html HTTP/1.1" 200 37
218.81.223.53 - - [31/Mar/2022:12:40:28 +0800] "POST /xingrg/kc/base/wldb_order_operate.html HTTP/1.1" 200 12
218.81.223.53 - - [31/Mar/2022:12:40:28 +0800] "POST /xingrg/kc/base/wldb_order_operate.html HTTP/1.1" 200 18049
218.81.223.53 - - [31/Mar/2022:12:40:32 +0800] "GET /xingrg/kc/base/wldb_order_info.html?code=422022033101237 HTTP/1.1" 200 26159
218.81.223.53 - - [31/Mar/2022:12:40:33 +0800] "GET /xingrg/javascript/easyui/themes/default/validatebox.css HTTP/1.1" 404 1104
218.81.223.53 - - [31/Mar/2022:12:40:33 +0800] "POST /xingrg/kc/base/wldb_order_operate.html HTTP/1.1" 200 15978
116.233.76.43 - - [31/Mar/2022:12:40:34 +0800] "GET /xingrg/all/function/internal_message.html?_=1648701633603&CODE_STATE=getMsg HTTP/1.1" 200 27
218.81.223.53 - - [31/Mar/2022:12:40:36 +0800] "GET /xingrg/kc/base/wldb_order_add.html HTTP/1.1" 200 30280
218.81.223.53 - - [31/Mar/2022:12:40:37 +0800] "POST /xingrg/kc/base/wldb_order_operate.html HTTP/1.1" 200 6806
218.81.223.53 - - [31/Mar/2022:12:40:37 +0800] "GET /xingrg/javascript/easyui/themes/default/validatebox.css HTTP/1.1" 404 1104
58.39.61.91 - - [31/Mar/2022:12:40:46 +0800] "GET /xingrg/all/function/internal_message.html?_=1648701645671&CODE_STATE=getMsg HTTP/1.1" 200 27
58.39.168.32 - - [31/Mar/2022:12:40:47 +0800] "GET /xingrg/all/function/internal_message.html?_=1648701645613&CODE_STATE=getMsg HTTP/1.1" 200 27
116.233.76.43 - - [31/Mar/2022:12:40:49 +0800] "GET /xingrg/all/function/internal_message.html?_=1648701563633&CODE_STATE=getMsg HTTP/1.1" 302 -
218.81.223.53 - - [31/Mar/2022:12:40:52 +0800] "GET /xingrg/all/function/internal_message.html?_=1648701668721&CODE_STATE=getMsg HTTP/1.1" 200 27
116.228.172.94 - - [31/Mar/2022:12:41:07 +0800] "GET /xingrg/check_reg.html?_=1648701572671 HTTP/1.1" 200 22
116.228.172.94 - - [31/Mar/2022:12:41:07 +0800] "GET /xingrg/all/function/internal_message.html?_=1648701572675&CODE_STATE=getMsg HTTP/1.1" 200 27
222.69.132.164 - - [31/Mar/2022:12:41:16 +0800] "GET /xingrg/all/function/internal_message.html?_=1648701784347&CODE_STATE=getMsg HTTP/1.1" 200 27
114.88.156.203 - - [31/Mar/2022:12:41:22 +0800] "GET /xingrg/all/function/internal_message.html?_=1648701444173&CODE_STATE=getMsg HTTP/1.1" 200 27
218.81.223.53 - - [31/Mar/2022:12:41:27 +0800] "GET /xingrg/kc/base/wldb_order_operate.html?command=get_materiel&rest_code=00146&base_code=0010072&code=00101006185 HTTP/1.1" 200 439
58.40.7.146 - - [31/Mar/2022:12:41:29 +0800] "GET /xingrg/index.html?sysBaseUrl=http%3A%2F%2F180.169.147.146%3A18081%2Fxingrg%2F&costTime=45×tamp=1597139721527 HTTP/1.1" 302 -
58.40.7.146 - - [31/Mar/2022:12:41:29 +0800] "GET /xingrg/login.html HTTP/1.1" 200 7641
58.40.7.146 - - [31/Mar/2022:12:41:30 +0800] "GET /xingrg/images/blue/jxLogo.png HTTP/1.1" 200 6156
58.40.7.146 - - [31/Mar/2022:12:41:31 +0800] "GET /xingrg/images/blue/login_bg.png HTTP/1.1" 200 22101
58.40.7.146 - - [31/Mar/2022:12:41:31 +0800] "GET /favicon.ico HTTP/1.1" 404 -
58.40.7.146 - - [31/Mar/2022:12:41:31 +0800] "GET /xingrg/images/blue/hj.png HTTP/1.1" 200 1014
58.40.7.146 - - [31/Mar/2022:12:41:31 +0800] "GET /xingrg/images/blue/srbg.png HTTP/1.1" 200 138
116.233.76.43 - - [31/Mar/2022:12:41:34 +0800] "GET /xingrg/all/function/internal_message.html?_=1648701693602&CODE_STATE=getMsg HTTP/1.1" 200 27
218.81.223.53 - - [31/Mar/2022:12:41:39 +0800] "GET /xingrg/kc/base/wldb_order_operate.html?command=get_materiel&rest_code=00146&base_code=0010072&code=00101006229 HTTP/1.1" 200 434
218.81.223.53 - - [31/Mar/2022:12:41:46 +0800] "GET /xingrg/kc/base/wldb_order_operate.html?command=get_materiel&rest_code=00146&base_code=0010072&code=00101007001 HTTP/1.1" 200 429
58.39.61.91 - - [31/Mar/2022:12:41:46 +0800] "GET /xingrg/check_reg.html?_=1648701705667 HTTP/1.1" 200 22
58.39.61.91 - - [31/Mar/2022:12:41:46 +0800] "GET /xingrg/all/function/internal_message.html?_=1648701705670&CODE_STATE=getMsg HTTP/1.1" 200 27
58.39.168.32 - - [31/Mar/2022:12:41:47 +0800] "GET /xingrg/check_reg.html?_=1648701705598 HTTP/1.1" 200 22
58.39.168.32 - - [31/Mar/2022:12:41:47 +0800] "GET /xingrg/all/function/internal_message.html?_=1648701705601&CODE_STATE=getMsg HTTP/1.1" 200 27
58.40.7.146 - - [31/Mar/2022:12:41:47 +0800] "GET /xingrg/index.html?sysBaseUrl=http%3A%2F%2F180.169.147.146%3A18081%2Fxingrg%2F&costTime=41×tamp=1619763327895 HTTP/1.1" 302 -
58.40.7.146 - - [31/Mar/2022:12:41:48 +0800] "GET /xingrg/login.html HTTP/1.1" 200 7641
58.40.7.146 - - [31/Mar/2022:12:41:48 +0800] "GET /favicon.ico HTTP/1.1" 404 -
116.233.76.43 - - [31/Mar/2022:12:41:49 +0800] "GET /xingrg/all/function/internal_message.html?_=1648701623648&CODE_STATE=getMsg HTTP/1.1" 302 -
58.40.7.146 - - [31/Mar/2022:12:41:50 +0800] "POST /xingrg/login.do HTTP/1.1" 302 -
58.40.7.146 - - [31/Mar/2022:12:41:50 +0800] "GET /xingrg/index.html?sysBaseUrl=http%3A%2F%2F180.169.147.146%3A18081%2Fxingrg%2F&costTime=41×tamp=1648701710561 HTTP/1.1" 200 17503
58.40.7.146 - - [31/Mar/2022:12:41:50 +0800] "GET /xingrg/javascript/jquery_easy_ui/themes/default/easyui.css HTTP/1.1" 200 26500
58.40.7.146 - - [31/Mar/2022:12:41:50 +0800] "GET /xingrg/css/form.css HTTP/1.1" 200 893
58.40.7.146 - - [31/Mar/2022:12:41:50 +0800] "GET /xingrg/javascript/jquery_easy_ui/easyui-lang-zh_CN.js HTTP/1.1" 200 1900
58.40.7.146 - - [31/Mar/2022:12:41:50 +0800] "GET /xingrg/javascript/jquery-1.4.2.min.js HTTP/1.1" 200 72205
58.40.7.146 - - [31/Mar/2022:12:41:50 +0800] "GET /xingrg/javascript/jquery_easy_ui/themes/icon.css HTTP/1.1" 200 3949
58.40.7.146 - - [31/Mar/2022:12:41:50 +0800] "GET /favicon.ico HTTP/1.1" 404 -
58.40.7.146 - - [31/Mar/2022:12:41:50 +0800] "GET /xingrg/javascript/jquery.form.js HTTP/1.1" 200 23110
58.40.7.146 - - [31/Mar/2022:12:41:50 +0800] "GET /xingrg/javascript/jquery.utils.js HTTP/1.1" 200 11805
58.40.7.146 - - [31/Mar/2022:12:41:50 +0800] "GET /xingrg/javascript/jquery.timers.js HTTP/1.1" 200 3532
58.40.7.146 - - [31/Mar/2022:12:41:50 +0800] "GET /xingrg/javascript/jquery_easy_ui/jquery.easyui.min.js HTTP/1.1" 200 213662
58.40.7.146 - - [31/Mar/2022:12:41:51 +0800] "GET /xingrg/javascript/jquery_easy_ui/themes/icons/settle_new.png HTTP/1.1" 200 826
58.40.7.146 - - [31/Mar/2022:12:41:51 +0800] "GET /xingrg/images/blue/navBackgound.jpg HTTP/1.1" 200 12378
58.40.7.146 - - [31/Mar/2022:12:41:51 +0800] "POST /xingrg/all/common/load_tree.html?tree=area_rest_tree_json&manage=1 HTTP/1.1" 200 597
58.40.7.146 - - [31/Mar/2022:12:41:51 +0800] "GET /xingrg/check_reg.html?_=1648701709171 HTTP/1.1" 200 22
58.40.7.146 - - [31/Mar/2022:12:41:51 +0800] "GET /xingrg/all/function/internal_message.html?_=1648701709170&CODE_STATE=count HTTP/1.1" 200 11
58.40.7.146 - - [31/Mar/2022:12:41:51 +0800] "GET /xingrg/images/blue/pingpu.png HTTP/1.1" 200 231
58.40.7.146 - - [31/Mar/2022:12:41:51 +0800] "GET /xingrg/javascript/jquery_easy_ui/themes/default/images/tabs_leftarrow.png HTTP/1.1" 200 389
58.40.7.146 - - [31/Mar/2022:12:41:51 +0800] "GET /xingrg/javascript/jquery_easy_ui/themes/default/images/panel_tool_expand.gif HTTP/1.1" 200 247
58.40.7.146 - - [31/Mar/2022:12:41:51 +0800] "GET /xingrg/javascript/jquery_easy_ui/themes/default/images/tabs_rightarrow.png HTTP/1.1" 200 395
58.40.7.146 - - [31/Mar/2022:12:41:51 +0800] "GET /xingrg/javascript/jquery_easy_ui/themes/default/images/panel_tool_collapse.gif HTTP/1.1" 200 246
58.40.7.146 - - [31/Mar/2022:12:41:51 +0800] "POST /xingrg/load_menu.html HTTP/1.1" 200 11564
58.40.7.146 - - [31/Mar/2022:12:41:51 +0800] "GET /xingrg/javascript/jquery_easy_ui/themes/default/images/tree_arrows.gif HTTP/1.1" 200 1043
58.40.7.146 - - [31/Mar/2022:12:41:51 +0800] "GET /xingrg/javascript/jquery_easy_ui/themes/icons/search_new.png HTTP/1.1" 200 586
58.40.7.146 - - [31/Mar/2022:12:41:51 +0800] "GET /xingrg/javascript/jquery_easy_ui/themes/default/images/tree_folder_open.gif HTTP/1.1" 200 956
58.40.7.146 - - [31/Mar/2022:12:41:51 +0800] "GET /xingrg/javascript/jquery_easy_ui/themes/icons/storage_new.png HTTP/1.1" 200 853
58.40.7.146 - - [31/Mar/2022:12:41:51 +0800] "GET /xingrg/javascript/jquery_easy_ui/themes/icons/checkout_new.png HTTP/1.1" 200 744
58.40.7.146 - - [31/Mar/2022:12:41:51 +0800] "GET /xingrg/javascript/jquery_easy_ui/themes/icons/setting_new.png HTTP/1.1" 200 450
58.40.7.146 - - [31/Mar/2022:12:41:51 +0800] "GET /xingrg/javascript/jquery_easy_ui/themes/icons/delivery_new.png HTTP/1.1" 200 700
58.40.7.146 - - [31/Mar/2022:12:41:51 +0800] "GET /xingrg/javascript/jquery_easy_ui/themes/icons/forms_new.png HTTP/1.1" 200 350
58.40.7.146 - - [31/Mar/2022:12:41:51 +0800] "GET /xingrg/javascript/jquery_easy_ui/themes/icons/systemset_new.png HTTP/1.1" 200 606
58.40.7.146 - - [31/Mar/2022:12:41:51 +0800] "GET /xingrg/javascript/jquery_easy_ui/themes/default/images/tree_folder.gif HTTP/1.1" 200 952
58.40.7.146 - - [31/Mar/2022:12:41:51 +0800] "GET /xingrg/javascript/jquery_easy_ui/themes/default/images/tree_file.gif HTTP/1.1" 200 118
218.81.223.53 - - [31/Mar/2022:12:41:52 +0800] "GET /xingrg/all/function/internal_message.html?_=1648701728735&CODE_STATE=getMsg HTTP/1.1" 200 27
58.40.7.146 - - [31/Mar/2022:12:41:53 +0800] "GET /xingrg/javascript/jquery_easy_ui/themes/default/images/tabs_close.gif HTTP/1.1" 200 829
58.40.7.146 - - [31/Mar/2022:12:41:53 +0800] "GET /xingrg/kc/report/report_main.html HTTP/1.1" 200 8599
58.40.7.146 - - [31/Mar/2022:12:41:53 +0800] "GET /xingrg/javascript/pic_change.js HTTP/1.1" 200 4739
58.40.7.146 - - [31/Mar/2022:12:41:53 +0800] "GET /xingrg/css/blue.css HTTP/1.1" 200 15949
58.40.7.146 - - [31/Mar/2022:12:41:53 +0800] "GET /xingrg/javascript/json2.js HTTP/1.1" 200 11259
58.40.7.146 - - [31/Mar/2022:12:41:53 +0800] "GET /xingrg/javascript/jquery_ui/themes/humanity/humanity.css HTTP/1.1" 200 27801
58.40.7.146 - - [31/Mar/2022:12:41:53 +0800] "GET /xingrg/javascript/myfunction.js HTTP/1.1" 200 24559
58.40.7.146 - - [31/Mar/2022:12:41:53 +0800] "GET /xingrg/javascript/jquery_easy_ui/themes/icons/back_new.png HTTP/1.1" 200 3414
218.81.223.53 - - [31/Mar/2022:12:41:58 +0800] "GET /xingrg/kc/base/wldb_order_operate.html?command=get_materiel&rest_code=00146&base_code=0010072&code=00101007102 HTTP/1.1" 200 430
58.40.7.146 - - [31/Mar/2022:12:41:58 +0800] "GET /xingrg/javascript/jquery_easy_ui/themes/icons/area.png HTTP/1.1" 200 262
58.40.7.146 - - [31/Mar/2022:12:41:58 +0800] "GET /xingrg/javascript/jquery_easy_ui/themes/icons/ok.png HTTP/1.1" 200 883
58.40.7.146 - - [31/Mar/2022:12:41:58 +0800] "GET /xingrg/javascript/jquery_easy_ui/themes/icons/manage.png HTTP/1.1" 200 696
58.40.7.146 - - [31/Mar/2022:12:41:58 +0800] "GET /xingrg/javascript/jquery_easy_ui/themes/default/images/panel_title.png HTTP/1.1" 200 266
58.40.7.146 - - [31/Mar/2022:12:41:58 +0800] "GET /xingrg/javascript/jquery_easy_ui/themes/default/images/button_span_bg.gif HTTP/1.1" 200 2061
58.40.7.146 - - [31/Mar/2022:12:41:58 +0800] "GET /xingrg/javascript/jquery_easy_ui/themes/default/images/button_a_bg.gif HTTP/1.1" 200 1194
58.40.7.146 - - [31/Mar/2022:12:41:58 +0800] "GET /xingrg/javascript/jquery_easy_ui/themes/icons/rest.png HTTP/1.1" 200 695
58.40.7.146 - - [31/Mar/2022:12:41:58 +0800] "GET /xingrg/javascript/jquery_easy_ui/themes/default/images/panel_tools.gif HTTP/1.1" 200 737
58.40.7.146 - - [31/Mar/2022:12:42:00 +0800] "GET /xingrg/images/control/ajaxLoader.gif HTTP/1.1" 200 4659
58.40.7.146 - - [31/Mar/2022:12:42:00 +0800] "POST /xingrg/all/user/operate.html HTTP/1.1" 200 36
58.40.7.146 - - [31/Mar/2022:12:42:00 +0800] "GET /xingrg/index.html?sysBaseUrl=http%3A%2F%2F180.169.147.146%3A18081%2Fxingrg%2F&costTime=41×tamp=1648701710561 HTTP/1.1" 200 17507
58.40.7.146 - - [31/Mar/2022:12:42:00 +0800] "GET /xingrg/javascript/jquery_easy_ui/themes/default/easyui.css HTTP/1.1" 304 -
58.40.7.146 - - [31/Mar/2022:12:42:00 +0800] "GET /xingrg/javascript/jquery_easy_ui/themes/icon.css HTTP/1.1" 304 -
58.40.7.146 - - [31/Mar/2022:12:42:00 +0800] "GET /xingrg/css/form.css HTTP/1.1" 304 -
58.40.7.146 - - [31/Mar/2022:12:42:00 +0800] "GET /xingrg/javascript/jquery-1.4.2.min.js HTTP/1.1" 304 -
58.40.7.146 - - [31/Mar/2022:12:42:00 +0800] "GET /xingrg/javascript/jquery_easy_ui/jquery.easyui.min.js HTTP/1.1" 304 -
58.40.7.146 - - [31/Mar/2022:12:42:00 +0800] "GET /xingrg/javascript/jquery_easy_ui/easyui-lang-zh_CN.js HTTP/1.1" 304 -
58.40.7.146 - - [31/Mar/2022:12:42:01 +0800] "GET /xingrg/javascript/jquery.form.js HTTP/1.1" 304 -
58.40.7.146 - - [31/Mar/2022:12:42:01 +0800] "GET /xingrg/javascript/jquery.utils.js HTTP/1.1" 304 -
58.40.7.146 - - [31/Mar/2022:12:42:01 +0800] "GET /xingrg/javascript/jquery.timers.js HTTP/1.1" 304 -
58.40.7.146 - - [31/Mar/2022:12:42:01 +0800] "GET /xingrg/images/blue/jxLogo.png HTTP/1.1" 304 -
58.40.7.146 - - [31/Mar/2022:12:42:01 +0800] "GET /xingrg/images/blue/navBackgound.jpg HTTP/1.1" 304 -
58.40.7.146 - - [31/Mar/2022:12:42:01 +0800] "GET /xingrg/javascript/jquery_easy_ui/themes/icons/settle_new.png HTTP/1.1" 304 -
58.40.7.146 - - [31/Mar/2022:12:42:01 +0800] "POST /xingrg/all/common/load_tree.html?tree=area_rest_tree_json&manage=1 HTTP/1.1" 200 597
58.40.7.146 - - [31/Mar/2022:12:42:01 +0800] "GET /xingrg/all/function/internal_message.html?_=1648701718914&CODE_STATE=count HTTP/1.1" 200 11
58.40.7.146 - - [31/Mar/2022:12:42:01 +0800] "GET /xingrg/check_reg.html?_=1648701718914 HTTP/1.1" 200 22
58.40.7.146 - - [31/Mar/2022:12:42:01 +0800] "POST /xingrg/load_menu.html HTTP/1.1" 200 9959
58.40.7.146 - - [31/Mar/2022:12:42:02 +0800] "GET /xingrg/kc/report/report_main.html HTTP/1.1" 200 7340
58.40.7.146 - - [31/Mar/2022:12:42:06 +0800] "GET /xingrg/kc/base/check_order_list.html HTTP/1.1" 200 16444
58.40.7.146 - - [31/Mar/2022:12:42:07 +0800] "GET /xingrg/css/base.css HTTP/1.1" 200 2811
58.40.7.146 - - [31/Mar/2022:12:42:07 +0800] "GET /xingrg/css/site.css HTTP/1.1" 200 7541
58.40.7.146 - - [31/Mar/2022:12:42:07 +0800] "GET /xingrg/javascript/jquery_tools/datebox.css HTTP/1.1" 200 2597
58.40.7.146 - - [31/Mar/2022:12:42:07 +0800] "GET /xingrg/javascript/easyui/themes/icon.css HTTP/1.1" 200 4483
58.40.7.146 - - [31/Mar/2022:12:42:07 +0800] "GET /xingrg/javascript/auto/jquery.autocomplete.css HTTP/1.1" 200 587
58.40.7.146 - - [31/Mar/2022:12:42:07 +0800] "GET /xingrg/javascript/jquery_tools/jquery.tools.min.js HTTP/1.1" 200 138801
58.40.7.146 - - [31/Mar/2022:12:42:07 +0800] "GET /xingrg/javascript/jquery_tools/table.css HTTP/1.1" 200 1032
58.40.7.146 - - [31/Mar/2022:12:42:07 +0800] "GET /xingrg/javascript/jquery_tools/fix.css HTTP/1.1" 200 1702
58.40.7.146 - - [31/Mar/2022:12:42:07 +0800] "GET /xingrg/javascript/jquery_tools/jquery.tools.extend.js HTTP/1.1" 200 15385
58.40.7.146 - - [31/Mar/2022:12:42:07 +0800] "GET /xingrg/javascript/easyui/themes/default/easyui.css HTTP/1.1" 200 30432
58.40.7.146 - - [31/Mar/2022:12:42:07 +0800] "GET /xingrg/javascript/jquery_tools/jquery.tools.hotkey.js HTTP/1.1" 200 3242
58.40.7.146 - - [31/Mar/2022:12:42:07 +0800] "GET /xingrg/javascript/easyui/easyloader.js HTTP/1.1" 200 5975
58.40.7.146 - - [31/Mar/2022:12:42:07 +0800] "GET /xingrg/javascript/jquery_tools/list_manager.js HTTP/1.1" 200 3652
58.40.7.146 - - [31/Mar/2022:12:42:07 +0800] "GET /xingrg/javascript/auto/jquery.autocomplete.js HTTP/1.1" 200 21624
58.40.7.146 - - [31/Mar/2022:12:42:07 +0800] "GET /xingrg/javascript/jquery_tools/jquery.tools.table.js HTTP/1.1" 200 6994
58.40.7.146 - - [31/Mar/2022:12:42:07 +0800] "GET /xingrg/javascript/jquery.cookie.js HTTP/1.1" 200 5513
58.40.7.146 - - [31/Mar/2022:12:42:07 +0800] "GET /xingrg/javascript/easyui/themes/icons/check_new.png HTTP/1.1" 200 3224
58.40.7.146 - - [31/Mar/2022:12:42:07 +0800] "GET /xingrg/javascript/easyui/themes/icons/edit_add_new.png HTTP/1.1" 200 2997
58.40.7.146 - - [31/Mar/2022:12:42:07 +0800] "GET /xingrg/javascript/easyui/themes/icons/cance_new.png HTTP/1.1" 200 3986
58.40.7.146 - - [31/Mar/2022:12:42:07 +0800] "GET /xingrg/javascript/easyui/themes/icons/uncheck_new.png HTTP/1.1" 200 3197
58.40.7.146 - - [31/Mar/2022:12:42:07 +0800] "GET /xingrg/javascript/easyui/themes/icons/field_new.png HTTP/1.1" 200 1097
58.40.7.146 - - [31/Mar/2022:12:42:07 +0800] "GET /xingrg/javascript/easyui/plugins/jquery.parser.js HTTP/1.1" 200 1142
58.40.7.146 - - [31/Mar/2022:12:42:07 +0800] "POST /xingrg/kc/base/check_list_operate.html HTTP/1.1" 200 781
116.228.172.94 - - [31/Mar/2022:12:42:07 +0800] "GET /xingrg/all/function/internal_message.html?_=1648701632676&CODE_STATE=getMsg HTTP/1.1" 200 27
58.40.7.146 - - [31/Mar/2022:12:42:12 +0800] "GET /xingrg/javascript/easyui/themes/default/images/button_plain_hover.png HTTP/1.1" 200 144
58.40.7.146 - - [31/Mar/2022:12:42:12 +0800] "GET /xingrg/kc/base/check_order_add.html HTTP/1.1" 200 26107
58.40.7.146 - - [31/Mar/2022:12:42:12 +0800] "GET /xingrg/css/table.css HTTP/1.1" 200 3684
58.40.7.146 - - [31/Mar/2022:12:42:12 +0800] "GET /xingrg/javascript/AjaxInfoList.js HTTP/1.1" 200 3774
58.40.7.146 - - [31/Mar/2022:12:42:12 +0800] "GET /xingrg/dwr/interface/AjaxCheckService.js HTTP/1.1" 200 14003
58.40.7.146 - - [31/Mar/2022:12:42:12 +0800] "GET /xingrg/dwr/interface/AjaxComOrderService.js HTTP/1.1" 200 18264
58.40.7.146 - - [31/Mar/2022:12:42:12 +0800] "GET /xingrg/dwr/util.js HTTP/1.1" 200 35990
58.40.7.146 - - [31/Mar/2022:12:42:12 +0800] "GET /xingrg/javascript/Calendar.js HTTP/1.1" 200 31561
58.40.7.146 - - [31/Mar/2022:12:42:12 +0800] "GET /xingrg/dwr/engine.js HTTP/1.1" 200 43631
58.40.7.146 - - [31/Mar/2022:12:42:12 +0800] "GET /xingrg/javascript/print/LodopFuncs.js HTTP/1.1" 200 5121
58.40.7.146 - - [31/Mar/2022:12:42:12 +0800] "GET /xingrg/javascript/convert.js HTTP/1.1" 200 1239
58.40.7.146 - - [31/Mar/2022:12:42:12 +0800] "GET /xingrg/javascript/print/kc_print.js HTTP/1.1" 200 11415
218.81.223.53 - - [31/Mar/2022:12:42:15 +0800] "GET /xingrg/kc/base/wldb_order_operate.html?command=get_materiel&rest_code=00146&base_code=0010072&code=00101007105 HTTP/1.1" 200 432
222.69.132.164 - - [31/Mar/2022:12:42:16 +0800] "GET /xingrg/all/function/internal_message.html?_=1648701844338&CODE_STATE=getMsg HTTP/1.1" 200 27
58.40.7.146 - - [31/Mar/2022:12:42:16 +0800] "GET /xingrg/javascript/jquery_easy_ui/themes/icons/print.png HTTP/1.1" 200 1057
58.40.7.146 - - [31/Mar/2022:12:42:16 +0800] "GET /xingrg/javascript/jquery_easy_ui/themes/icons/check_new.png HTTP/1.1" 200 3224
58.40.7.146 - - [31/Mar/2022:12:42:16 +0800] "GET /xingrg/javascript/jquery_easy_ui/themes/icons/cance_new.png HTTP/1.1" 200 3986
58.40.7.146 - - [31/Mar/2022:12:42:16 +0800] "GET /xingrg/javascript/jquery_easy_ui/themes/default/images/menu_downarrow.png HTTP/1.1" 200 173
218.81.223.53 - - [31/Mar/2022:12:42:21 +0800] "GET /xingrg/check_reg.html?_=1648701757938 HTTP/1.1" 200 22
114.88.156.203 - - [31/Mar/2022:12:42:22 +0800] "GET /xingrg/all/function/internal_message.html?_=1648701504176&CODE_STATE=getMsg HTTP/1.1" 200 27
114.88.156.203 - - [31/Mar/2022:12:42:22 +0800] "GET /xingrg/check_reg.html?_=1648701504178 HTTP/1.1" 200 22
222.69.132.164 - - [31/Mar/2022:12:42:23 +0800] "GET /xingrg/kc/base/wldb_order_operate.html?command=get_materiel&rest_code=00154&base_code=0010724&code=00101040046 HTTP/1.1" 200 430
222.69.132.164 - - [31/Mar/2022:12:42:25 +0800] "POST /xingrg/all/common/load_select.html HTTP/1.1" 200 12
218.81.223.53 - - [31/Mar/2022:12:42:27 +0800] "GET /xingrg/kc/base/wldb_order_operate.html?command=get_materiel&rest_code=00146&base_code=0010072&code=00101010315 HTTP/1.1" 200 448
116.233.76.43 - - [31/Mar/2022:12:42:34 +0800] "GET /xingrg/all/function/internal_message.html?_=1648701753601&CODE_STATE=getMsg HTTP/1.1" 200 27
218.81.223.53 - - [31/Mar/2022:12:42:41 +0800] "GET /xingrg/kc/base/wldb_order_operate.html?command=get_materiel&rest_code=00146&base_code=0010072&code=00101016029 HTTP/1.1" 200 462
58.39.61.91 - - [31/Mar/2022:12:42:46 +0800] "GET /xingrg/all/function/internal_message.html?_=1648701765663&CODE_STATE=getMsg HTTP/1.1" 200 27
58.39.168.32 - - [31/Mar/2022:12:42:47 +0800] "GET /xingrg/all/function/internal_message.html?_=1648701765600&CODE_STATE=getMsg HTTP/1.1" 200 27
218.81.223.53 - - [31/Mar/2022:12:42:52 +0800] "GET /xingrg/all/function/internal_message.html?_=1648701788748&CODE_STATE=getMsg HTTP/1.1" 200 27
218.81.223.53 - - [31/Mar/2022:12:42:54 +0800] "GET /xingrg/kc/base/wldb_order_operate.html?command=get_materiel&rest_code=00146&base_code=0010072&code=00101016094 HTTP/1.1" 200 469
58.40.7.146 - - [31/Mar/2022:12:42:58 +0800] "POST /xingrg/dwr/call/plaincall/AjaxCheckService.saveOrder.dwr HTTP/1.1" 200 78
58.40.7.146 - - [31/Mar/2022:12:42:59 +0800] "POST /xingrg/dwr/call/plaincall/AjaxCheckService.loadOrderItems.dwr HTTP/1.1" 200 367
58.40.7.146 - - [31/Mar/2022:12:43:01 +0800] "GET /xingrg/all/function/internal_message.html?_=1648701779065&CODE_STATE=getMsg HTTP/1.1" 200 27
218.81.223.53 - - [31/Mar/2022:12:43:06 +0800] "GET /xingrg/kc/base/wldb_order_operate.html?command=get_materiel&rest_code=00146&base_code=0010072&code=00101018008 HTTP/1.1" 200 435
116.228.172.94 - - [31/Mar/2022:12:43:07 +0800] "GET /xingrg/all/function/internal_message.html?_=1648701692670&CODE_STATE=getMsg HTTP/1.1" 200 27
222.69.132.164 - - [31/Mar/2022:12:43:16 +0800] "GET /xingrg/all/function/internal_message.html?_=1648701904324&CODE_STATE=getMsg HTTP/1.1" 200 27
218.81.223.53 - - [31/Mar/2022:12:43:16 +0800] "GET /xingrg/kc/base/wldb_order_operate.html?command=get_materiel&rest_code=00146&base_code=0010072&code=00101019222 HTTP/1.1" 200 450
114.88.156.203 - - [31/Mar/2022:12:43:22 +0800] "GET /xingrg/all/function/internal_message.html?_=1648701564207&CODE_STATE=getMsg HTTP/1.1" 200 27
58.40.7.146 - - [31/Mar/2022:12:43:24 +0800] "POST /xingrg/dwr/call/plaincall/AjaxCheckService.saveOrder.dwr HTTP/1.1" 200 78
58.40.7.146 - - [31/Mar/2022:12:43:25 +0800] "POST /xingrg/dwr/call/plaincall/AjaxCheckService.loadOrderItems.dwr HTTP/1.1" 200 367
218.81.223.53 - - [31/Mar/2022:12:43:25 +0800] "GET /xingrg/kc/base/wldb_order_operate.html?command=get_materiel&rest_code=00146&base_code=0010072&code=00101019377 HTTP/1.1" 200 465
58.40.7.146 - - [31/Mar/2022:12:43:26 +0800] "GET /xingrg/javascript/jquery_easy_ui/themes/icons/pencil.png HTTP/1.1" 200 713
58.40.7.146 - - [31/Mar/2022:12:43:28 +0800] "POST /xingrg/kc/report/common_data.html?type=materiel_category_tree HTTP/1.1" 200 3878
58.40.7.146 - - [31/Mar/2022:12:43:28 +0800] "GET /xingrg/javascript/jquery_easy_ui/themes/default/images/tree_checkbox_0.gif HTTP/1.1" 200 168
58.40.7.146 - - [31/Mar/2022:12:43:32 +0800] "GET /xingrg/javascript/jquery_easy_ui/themes/default/images/tree_checkbox_1.gif HTTP/1.1" 200 174
58.40.7.146 - - [31/Mar/2022:12:43:32 +0800] "GET /xingrg/javascript/jquery_easy_ui/themes/default/images/tree_checkbox_2.gif HTTP/1.1" 200 181
116.233.76.43 - - [31/Mar/2022:12:43:34 +0800] "GET /xingrg/all/function/internal_message.html?_=1648701813600&CODE_STATE=getMsg HTTP/1.1" 200 27
58.40.7.146 - - [31/Mar/2022:12:43:35 +0800] "POST /xingrg/dwr/call/plaincall/AjaxCheckService.importOrderItems.dwr HTTP/1.1" 200 78
58.40.7.146 - - [31/Mar/2022:12:43:36 +0800] "POST /xingrg/dwr/call/plaincall/AjaxCheckService.loadOrderItems.dwr HTTP/1.1" 200 225051
58.40.7.146 - - [31/Mar/2022:12:43:38 +0800] "GET /xingrg/javascript/jquery_easy_ui/themes/icons/no.png HTTP/1.1" 200 922
218.81.223.53 - - [31/Mar/2022:12:43:38 +0800] "GET /xingrg/kc/base/wldb_order_operate.html?command=get_materiel&rest_code=00146&base_code=0010072&code=00101019596 HTTP/1.1" 200 462
58.39.61.91 - - [31/Mar/2022:12:43:46 +0800] "GET /xingrg/all/function/internal_message.html?_=1648701825664&CODE_STATE=getMsg HTTP/1.1" 200 27
58.39.168.32 - - [31/Mar/2022:12:43:47 +0800] "GET /xingrg/all/function/internal_message.html?_=1648701825600&CODE_STATE=getMsg HTTP/1.1" 200 27
218.81.223.53 - - [31/Mar/2022:12:43:54 +0800] "POST /xingrg/kc/base/wldb_order_operate.html HTTP/1.1" 200 37
218.81.223.53 - - [31/Mar/2022:12:43:56 +0800] "POST /xingrg/kc/base/wldb_order_operate.html HTTP/1.1" 200 12
218.81.223.53 - - [31/Mar/2022:12:43:56 +0800] "POST /xingrg/kc/base/wldb_order_operate.html HTTP/1.1" 200 7528
218.81.223.53 - - [31/Mar/2022:12:43:57 +0800] "GET /xingrg/kc/base/wldb_order_info.html?code=422022033101238 HTTP/1.1" 200 26159
218.81.223.53 - - [31/Mar/2022:12:43:58 +0800] "GET /xingrg/javascript/easyui/themes/default/validatebox.css HTTP/1.1" 404 1104
218.81.223.53 - - [31/Mar/2022:12:43:58 +0800] "GET /xingrg/all/function/internal_message.html?_=1648701854815&CODE_STATE=getMsg HTTP/1.1" 200 27
218.81.223.53 - - [31/Mar/2022:12:43:58 +0800] "POST /xingrg/kc/base/wldb_order_operate.html HTTP/1.1" 200 5701
58.40.7.146 - - [31/Mar/2022:12:44:01 +0800] "GET /xingrg/all/function/internal_message.html?_=1648701838969&CODE_STATE=getMsg HTTP/1.1" 200 27
116.228.172.94 - - [31/Mar/2022:12:44:07 +0800] "GET /xingrg/all/function/internal_message.html?_=1648701752661&CODE_STATE=getMsg HTTP/1.1" 200 27
222.69.132.164 - - [31/Mar/2022:12:44:08 +0800] "GET /xingrg/kc/base/wldb_order_operate.html?command=get_materiel_price&rest_code=00154&base_code=0010724&code=00101040046&unit_code=00100190 HTTP/1.1" 200 36
222.69.132.164 - - [31/Mar/2022:12:44:16 +0800] "GET /xingrg/all/function/internal_message.html?_=1648701964311&CODE_STATE=getMsg HTTP/1.1" 200 27
114.88.156.203 - - [31/Mar/2022:12:44:22 +0800] "GET /xingrg/all/function/internal_message.html?_=1648701624200&CODE_STATE=getMsg HTTP/1.1" 200 27
124.79.78.102 - - [31/Mar/2022:12:44:32 +0800] "POST /xingrg/services/DataTransmitService HTTP/1.1" 200 524
116.233.76.43 - - [31/Mar/2022:12:44:34 +0800] "GET /xingrg/all/function/internal_message.html?_=1648701873627&CODE_STATE=getMsg HTTP/1.1" 200 27
116.233.76.43 - - [31/Mar/2022:12:44:34 +0800] "GET /xingrg/check_reg.html?_=1648701873627 HTTP/1.1" 200 22
58.40.7.146 - - [31/Mar/2022:12:44:41 +0800] "GET /xingrg/javascript/jquery_easy_ui/themes/default/images/button_plain_hover.png HTTP/1.1" 200 252
58.40.7.146 - - [31/Mar/2022:12:44:43 +0800] "GET /xingrg/kc/print/load_config.html?_=1648701881546&kc_code=check HTTP/1.1" 200 2411
58.40.7.146 - - [31/Mar/2022:12:44:44 +0800] "GET /xingrg/kc/print/load_data.html?_=1648701881688&order_code=452022033100304&kc_code=check HTTP/1.1" 200 58201
116.232.32.51 - - [31/Mar/2022:12:44:45 +0800] "POST /xingrg/services/DataTransmitService HTTP/1.1" 200 524
58.39.61.91 - - [31/Mar/2022:12:44:46 +0800] "GET /xingrg/all/function/internal_message.html?_=1648701885666&CODE_STATE=getMsg HTTP/1.1" 200 27
58.39.168.32 - - [31/Mar/2022:12:44:47 +0800] "GET /xingrg/all/function/internal_message.html?_=1648701885601&CODE_STATE=getMsg HTTP/1.1" 200 27
218.81.223.53 - - [31/Mar/2022:12:44:58 +0800] "GET /xingrg/all/function/internal_message.html?_=1648701914829&CODE_STATE=getMsg HTTP/1.1" 200 27
116.228.172.94 - - [31/Mar/2022:12:45:07 +0800] "GET /xingrg/all/function/internal_message.html?_=1648701812676&CODE_STATE=getMsg HTTP/1.1" 200 27
222.69.132.164 - - [31/Mar/2022:12:45:16 +0800] "GET /xingrg/all/function/internal_message.html?_=1648702024293&CODE_STATE=getMsg HTTP/1.1" 200 27
222.69.132.164 - - [31/Mar/2022:12:45:19 +0800] "GET /xingrg/check_reg.html?_=1648702027292 HTTP/1.1" 200 22
114.88.156.203 - - [31/Mar/2022:12:45:22 +0800] "GET /xingrg/all/function/internal_message.html?_=1648701684196&CODE_STATE=getMsg HTTP/1.1" 200 27
116.233.76.43 - - [31/Mar/2022:12:45:34 +0800] "GET /xingrg/all/function/internal_message.html?_=1648701933625&CODE_STATE=getMsg HTTP/1.1" 200 27
58.39.61.91 - - [31/Mar/2022:12:45:46 +0800] "GET /xingrg/all/function/internal_message.html?_=1648701945678&CODE_STATE=getMsg HTTP/1.1" 200 27
58.39.168.32 - - [31/Mar/2022:12:45:47 +0800] "GET /xingrg/all/function/internal_message.html?_=1648701945602&CODE_STATE=getMsg HTTP/1.1" 200 27
218.81.223.53 - - [31/Mar/2022:12:45:58 +0800] "GET /xingrg/all/function/internal_message.html?_=1648701974841&CODE_STATE=getMsg HTTP/1.1" 200 27
116.228.172.94 - - [31/Mar/2022:12:46:07 +0800] "GET /xingrg/check_reg.html?_=1648701872670 HTTP/1.1" 200 22
116.228.172.94 - - [31/Mar/2022:12:46:07 +0800] "GET /xingrg/all/function/internal_message.html?_=1648701872674&CODE_STATE=getMsg HTTP/1.1" 200 27
222.69.132.164 - - [31/Mar/2022:12:46:16 +0800] "GET /xingrg/all/function/internal_message.html?_=1648702084269&CODE_STATE=getMsg HTTP/1.1" 200 27
114.88.156.203 - - [31/Mar/2022:12:46:22 +0800] "GET /xingrg/all/function/internal_message.html?_=1648701744207&CODE_STATE=getMsg HTTP/1.1" 200 27
58.40.7.146 - - [31/Mar/2022:12:46:34 +0800] "GET /xingrg/all/function/internal_message.html?_=1648701991696&CODE_STATE=getMsg HTTP/1.1" 200 27
116.233.76.43 - - [31/Mar/2022:12:46:34 +0800] "GET /xingrg/all/function/internal_message.html?_=1648701993625&CODE_STATE=getMsg HTTP/1.1" 200 27
58.40.7.146 - - [31/Mar/2022:12:46:43 +0800] "GET /xingrg/javascript/jquery_easy_ui/themes/default/images/tabs_active.png HTTP/1.1" 200 2894
58.40.7.146 - - [31/Mar/2022:12:46:45 +0800] "POST /xingrg/kc/base/check_list_operate.html HTTP/1.1" 200 1572
58.39.61.91 - - [31/Mar/2022:12:46:46 +0800] "GET /xingrg/all/function/internal_message.html?_=1648702005685&CODE_STATE=getMsg HTTP/1.1" 200 27
58.39.61.91 - - [31/Mar/2022:12:46:47 +0800] "GET /xingrg/check_reg.html?_=1648702005689 HTTP/1.1" 200 22
58.39.168.32 - - [31/Mar/2022:12:46:47 +0800] "GET /xingrg/check_reg.html?_=1648702005602 HTTP/1.1" 200 22
58.39.168.32 - - [31/Mar/2022:12:46:47 +0800] "GET /xingrg/all/function/internal_message.html?_=1648702005605&CODE_STATE=getMsg HTTP/1.1" 200 27
58.40.7.146 - - [31/Mar/2022:12:46:48 +0800] "GET /xingrg/kc/base/check_order_add.html HTTP/1.1" 200 26107
58.40.7.146 - - [31/Mar/2022:12:46:48 +0800] "GET /xingrg/dwr/interface/AjaxComOrderService.js HTTP/1.1" 200 18264
58.40.7.146 - - [31/Mar/2022:12:46:48 +0800] "GET /xingrg/dwr/interface/AjaxCheckService.js HTTP/1.1" 200 14003
58.40.7.146 - - [31/Mar/2022:12:46:48 +0800] "GET /xingrg/dwr/engine.js HTTP/1.1" 200 43631
58.40.7.146 - - [31/Mar/2022:12:46:54 +0800] "POST /xingrg/dwr/call/plaincall/AjaxCheckService.saveOrder.dwr HTTP/1.1" 200 78
58.40.7.146 - - [31/Mar/2022:12:46:56 +0800] "POST /xingrg/dwr/call/plaincall/AjaxCheckService.loadOrderItems.dwr HTTP/1.1" 200 367
218.81.223.53 - - [31/Mar/2022:12:46:59 +0800] "GET /xingrg/all/function/internal_message.html?_=1648702035275&CODE_STATE=getMsg HTTP/1.1" 200 27
58.40.7.146 - - [31/Mar/2022:12:47:00 +0800] "POST /xingrg/dwr/call/plaincall/AjaxCheckService.saveOrder.dwr HTTP/1.1" 200 78
58.40.7.146 - - [31/Mar/2022:12:47:01 +0800] "POST /xingrg/dwr/call/plaincall/AjaxCheckService.loadOrderItems.dwr HTTP/1.1" 200 367
58.40.7.146 - - [31/Mar/2022:12:47:04 +0800] "POST /xingrg/kc/report/common_data.html?type=materiel_category_tree HTTP/1.1" 200 3878
116.228.172.94 - - [31/Mar/2022:12:47:07 +0800] "GET /xingrg/all/function/internal_message.html?_=1648701932670&CODE_STATE=getMsg HTTP/1.1" 200 27
58.40.7.146 - - [31/Mar/2022:12:47:09 +0800] "POST /xingrg/dwr/call/plaincall/AjaxCheckService.importOrderItems.dwr HTTP/1.1" 200 78
58.40.7.146 - - [31/Mar/2022:12:47:10 +0800] "POST /xingrg/dwr/call/plaincall/AjaxCheckService.loadOrderItems.dwr HTTP/1.1" 200 145372
58.40.7.146 - - [31/Mar/2022:12:47:14 +0800] "GET /xingrg/kc/print/load_config.html?_=1648702032155&kc_code=check HTTP/1.1" 200 2411
58.40.7.146 - - [31/Mar/2022:12:47:14 +0800] "GET /xingrg/kc/print/load_data.html?_=1648702032224&order_code=452022033100305&kc_code=check HTTP/1.1" 200 38491
222.69.132.164 - - [31/Mar/2022:12:47:16 +0800] "GET /xingrg/all/function/internal_message.html?_=1648702144262&CODE_STATE=getMsg HTTP/1.1" 200 27
218.81.223.53 - - [31/Mar/2022:12:47:21 +0800] "GET /xingrg/check_reg.html?_=1648702057943 HTTP/1.1" 200 22
114.88.156.203 - - [31/Mar/2022:12:47:22 +0800] "GET /xingrg/check_reg.html?_=1648701804196 HTTP/1.1" 200 22
114.88.156.203 - - [31/Mar/2022:12:47:22 +0800] "GET /xingrg/all/function/internal_message.html?_=1648701804197&CODE_STATE=getMsg HTTP/1.1" 200 27
116.233.76.43 - - [31/Mar/2022:12:47:34 +0800] "GET /xingrg/all/function/internal_message.html?_=1648702053625&CODE_STATE=getMsg HTTP/1.1" 200 27
58.39.61.91 - - [31/Mar/2022:12:47:46 +0800] "GET /xingrg/all/function/internal_message.html?_=1648702065688&CODE_STATE=getMsg HTTP/1.1" 200 27
58.39.168.32 - - [31/Mar/2022:12:47:47 +0800] "GET /xingrg/all/function/internal_message.html?_=1648702065604&CODE_STATE=getMsg HTTP/1.1" 200 27
58.40.7.146 - - [31/Mar/2022:12:47:58 +0800] "GET /xingrg/all/function/internal_message.html?_=1648702076598&CODE_STATE=getMsg HTTP/1.1" 200 27
218.81.223.53 - - [31/Mar/2022:12:47:59 +0800] "GET /xingrg/all/function/internal_message.html?_=1648702095291&CODE_STATE=getMsg HTTP/1.1" 200 27
58.39.61.91 - - [31/Mar/2022:12:48:05 +0800] "POST /xingrg/services/DataTransmitService HTTP/1.1" 200 524
116.228.172.94 - - [31/Mar/2022:12:48:07 +0800] "GET /xingrg/all/function/internal_message.html?_=1648701992674&CODE_STATE=getMsg HTTP/1.1" 200 27
222.69.132.164 - - [31/Mar/2022:12:48:16 +0800] "GET /xingrg/all/function/internal_message.html?_=1648702204244&CODE_STATE=getMsg HTTP/1.1" 200 27
114.88.156.203 - - [31/Mar/2022:12:48:22 +0800] "GET /xingrg/all/function/internal_message.html?_=1648701864206&CODE_STATE=getMsg HTTP/1.1" 200 27
